Your IP : 3.21.106.9


Current Path : /home/lentoinv/access-logs/
Upload File :
Current File : /home/lentoinv/access-logs/believersfamilyfoundation.lentoria.site

194.38.23.16 - - [11/Feb/2025:07:19:22 -0500] "GET /wp-content/themes/lightspeed/framework/_scripts/valums_uploader/php.php HTTP/1.1" 301 795 "-" "ALittle Client"
216.244.66.201 - - [11/Feb/2025:07:56:14 -0500] "GET /robots.txt HTTP/1.1" 301 795 "-" "Mozilla/5.0 (compatible; DotBot/1.2; +https://opensiteexplorer.org/dotbot; help@moz.com)"
180.110.203.108 - - [11/Feb/2025:08:19:28 -0500] "GET / HTTP/1.1" 301 795 "-" "Mozilla/5.0 (iPhone; CPU iPhone OS 13_2_3 like Mac OS X) AppleWebKit/605.1.15 (KHTML, like Gecko) Version/13.0.3 Mobile/15E148 Safari/604.1"
20.15.133.191 - - [11/Feb/2025:08:28:19 -0500] "GET /34186119994.htm HTTP/1.1" 301 795 "-" "Mozilla/5.0 AppleWebKit/537.36 (KHTML, like Gecko; compatible; bingbot/2.0; +http://www.bing.com/bingbot.htm) Chrome/116.0.1938.76 Safari/537.36"
216.244.66.201 - - [11/Feb/2025:08:42:06 -0500] "GET /robots.txt HTTP/1.1" 301 795 "-" "Mozilla/5.0 (compatible; DotBot/1.2; +https://opensiteexplorer.org/dotbot; help@moz.com)"
216.244.66.201 - - [11/Feb/2025:09:27:36 -0500] "GET /robots.txt HTTP/1.1" 301 795 "-" "Mozilla/5.0 (compatible; DotBot/1.2; +https://opensiteexplorer.org/dotbot; help@moz.com)"
39.45.87.178 - - [11/Feb/2025:09:31:22 -0500] "POST /css/form.php HTTP/1.1" 301 795 "http://believersfamilyfoundation.com" "Opera/9.80 (iOS; Opera Mini/7.0.73345/28.2555; U; ru) Presto/2.10.229 Version/11.62"
39.45.87.178 - - [11/Feb/2025:09:31:29 -0500] "POST /css/form.php HTTP/1.1" 301 795 "http://believersfamilyfoundation.com" "Mozilla/5.0 (Windows NT 10.0; WOW64) AppleWebKit/537.36 (KHTML, like Gecko) Chrome/64.0.3104.148 Safari/537.36"
105.76.92.89 - - [11/Feb/2025:09:31:54 -0500] "POST /css/form.php HTTP/1.1" 301 795 "http://believersfamilyfoundation.com" "Mozilla/5.0 (Windows NT 10.0; rv:58.0) Gecko/20100101 Firefox/58.0"
105.76.92.89 - - [11/Feb/2025:09:31:58 -0500] "POST /css/form.php HTTP/1.1" 301 795 "http://believersfamilyfoundation.com" "Mozilla/5.0 (Windows NT 6.1; Win64; x64) AppleWebKit/537.36 (KHTML, like Gecko) Chrome/63.0.2502.60 Safari/537.36"
156.222.7.146 - - [11/Feb/2025:09:34:56 -0500] "POST /css/form.php HTTP/1.1" 301 795 "http://believersfamilyfoundation.com" "Mozilla/5.0 (Windows NT 6.3; WOW64) AppleWebKit/537.36 (KHTML, like Gecko) Chrome/64.0.2378.94 Safari/537.36"
20.15.133.174 - - [11/Feb/2025:09:34:59 -0500] "GET /10258255333.htm HTTP/1.1" 301 795 "-" "Mozilla/5.0 AppleWebKit/537.36 (KHTML, like Gecko; compatible; bingbot/2.0; +http://www.bing.com/bingbot.htm) Chrome/116.0.1938.76 Safari/537.36"
156.222.7.146 - - [11/Feb/2025:09:35:00 -0500] "POST /css/form.php HTTP/1.1" 301 795 "http://believersfamilyfoundation.com" "Mozilla/5.0 (Windows NT 10.0) AppleWebKit/537.36 (KHTML, like Gecko) Chrome/68.0.3425.7 Safari/537.36"
201.186.230.89 - - [11/Feb/2025:09:42:06 -0500] "POST /css/form.php HTTP/1.1" 301 795 "http://believersfamilyfoundation.com" "Mozilla/5.0 (Windows NT 10.0; Win64; x64) AppleWebKit/537.36 (KHTML, like Gecko) Chrome/65.0.2687.99 Safari/537.36"
201.186.230.89 - - [11/Feb/2025:09:42:13 -0500] "POST /css/form.php HTTP/1.1" 301 795 "http://believersfamilyfoundation.com" "Mozilla/5.0 (Windows NT 10.0; Win64; x64; rv:60.0) Gecko/20100101 Firefox/60.0"
187.190.158.218 - - [11/Feb/2025:09:44:33 -0500] "POST /css/form.php HTTP/1.1" 301 795 "http://believersfamilyfoundation.com" "Mozilla/5.0 (compatible; MSIE 10.0; Windows NT 6.1; Win64; x64; Trident/6.0; .NET CLR 2.0.50727; .NET CLR 3.5.30729; .NET CLR 3.0.30729; Media Center PC 6.0; .NET4.0C; .NET4.0E)"
187.190.158.218 - - [11/Feb/2025:09:44:39 -0500] "POST /css/form.php HTTP/1.1" 301 795 "http://believersfamilyfoundation.com" "Mozilla/5.0 (Windows NT 10.0) AppleWebKit/537.36 (KHTML, like Gecko) Chrome/63.0.2526.35 Safari/537.36"
125.180.104.194 - - [11/Feb/2025:09:54:26 -0500] "POST /css/form.php HTTP/1.1" 301 795 "http://believersfamilyfoundation.com" "Mozilla/5.0 (Windows NT 6.3) AppleWebKit/537.36 (KHTML, like Gecko) Chrome/66.0.3067.66 Safari/537.36"
125.180.104.194 - - [11/Feb/2025:09:54:33 -0500] "POST /css/form.php HTTP/1.1" 301 795 "http://believersfamilyfoundation.com" "Mozilla/5.0 (Windows NT 10.0; WOW64) AppleWebKit/537.36 (KHTML, like Gecko) Chrome/63.0.2836.109 Safari/537.36"
212.104.231.199 - - [11/Feb/2025:09:55:38 -0500] "POST /css/form.php HTTP/1.1" 301 795 "http://believersfamilyfoundation.com" "Mozilla/5.0 (Windows NT 6.1; WOW64) AppleWebKit/537.36 (KHTML, like Gecko) Chrome/69.0.2733.139 Safari/537.36"
212.104.231.199 - - [11/Feb/2025:09:55:45 -0500] "POST /css/form.php HTTP/1.1" 301 795 "http://believersfamilyfoundation.com" "Mozilla/5.0 (Windows NT 6.3; Win64; x64) AppleWebKit/537.36 (KHTML, like Gecko) Chrome/64.0.2501.97 Safari/537.36"
216.244.66.201 - - [11/Feb/2025:10:12:28 -0500] "GET /robots.txt HTTP/1.1" 301 795 "-" "Mozilla/5.0 (compatible; DotBot/1.2; +https://opensiteexplorer.org/dotbot; help@moz.com)"
216.244.66.201 - - [11/Feb/2025:10:57:52 -0500] "GET /robots.txt HTTP/1.1" 301 795 "-" "Mozilla/5.0 (compatible; DotBot/1.2; +https://opensiteexplorer.org/dotbot; help@moz.com)"
20.15.133.174 - - [11/Feb/2025:11:05:20 -0500] "GET /20689146565.htm HTTP/1.1" 301 795 "-" "Mozilla/5.0 AppleWebKit/537.36 (KHTML, like Gecko; compatible; bingbot/2.0; +http://www.bing.com/bingbot.htm) Chrome/116.0.1938.76 Safari/537.36"
35.171.144.152 - - [11/Feb/2025:11:37:03 -0500] "GET / HTTP/1.1" 301 795 "-" "Mozilla/5.0 (Windows NT 10.0; Win64; x64) AppleWebKit/537.36 (KHTML, like Gecko) Chrome/100.0.4896.75 Safari/537.36"
216.244.66.201 - - [11/Feb/2025:11:42:57 -0500] "GET /robots.txt HTTP/1.1" 301 795 "-" "Mozilla/5.0 (compatible; DotBot/1.2; +https://opensiteexplorer.org/dotbot; help@moz.com)"
144.172.97.74 - - [11/Feb/2025:12:01:19 -0500] "GET /wp-admin/network/index.php HTTP/1.1" 301 795 "-" "Mozlila/5.0 (Linux; Android 7.0; SM-G892A Bulid/NRD90M; wv) AppleWebKit/537.36 (KHTML, like Gecko) Version/4.0 Chrome/60.0.3112.107 Moblie Safari/537.36"
144.172.97.74 - - [11/Feb/2025:12:01:38 -0500] "GET /wp-admin/js/index.php HTTP/1.1" 301 795 "-" "Mozlila/5.0 (Linux; Android 7.0; SM-G892A Bulid/NRD90M; wv) AppleWebKit/537.36 (KHTML, like Gecko) Version/4.0 Chrome/60.0.3112.107 Moblie Safari/537.36"
144.172.97.74 - - [11/Feb/2025:12:01:50 -0500] "GET /wp-admin/images/index.php HTTP/1.1" 301 795 "-" "Mozlila/5.0 (Linux; Android 7.0; SM-G892A Bulid/NRD90M; wv) AppleWebKit/537.36 (KHTML, like Gecko) Version/4.0 Chrome/60.0.3112.107 Moblie Safari/537.36"
144.172.97.74 - - [11/Feb/2025:12:02:01 -0500] "GET /wp-admin/css/index.php HTTP/1.1" 301 795 "-" "Mozlila/5.0 (Linux; Android 7.0; SM-G892A Bulid/NRD90M; wv) AppleWebKit/537.36 (KHTML, like Gecko) Version/4.0 Chrome/60.0.3112.107 Moblie Safari/537.36"
144.172.97.74 - - [11/Feb/2025:12:02:12 -0500] "GET /wp-includes/SimplePie/Content/Type/index.php HTTP/1.1" 301 795 "-" "Mozlila/5.0 (Linux; Android 7.0; SM-G892A Bulid/NRD90M; wv) AppleWebKit/537.36 (KHTML, like Gecko) Version/4.0 Chrome/60.0.3112.107 Moblie Safari/537.36"
144.172.97.74 - - [11/Feb/2025:12:02:22 -0500] "GET /wp-includes/Requests/Auth/index.php HTTP/1.1" 301 795 "-" "Mozlila/5.0 (Linux; Android 7.0; SM-G892A Bulid/NRD90M; wv) AppleWebKit/537.36 (KHTML, like Gecko) Version/4.0 Chrome/60.0.3112.107 Moblie Safari/537.36"
144.172.97.74 - - [11/Feb/2025:12:02:39 -0500] "GET /wp-admin/css/colors/index.php HTTP/1.1" 301 795 "-" "Mozlila/5.0 (Linux; Android 7.0; SM-G892A Bulid/NRD90M; wv) AppleWebKit/537.36 (KHTML, like Gecko) Version/4.0 Chrome/60.0.3112.107 Moblie Safari/537.36"
144.172.97.74 - - [11/Feb/2025:12:02:53 -0500] "GET /wp-content/languages/index.php HTTP/1.1" 301 795 "-" "Mozlila/5.0 (Linux; Android 7.0; SM-G892A Bulid/NRD90M; wv) AppleWebKit/537.36 (KHTML, like Gecko) Version/4.0 Chrome/60.0.3112.107 Moblie Safari/537.36"
144.172.97.74 - - [11/Feb/2025:12:03:10 -0500] "GET /wp-content/upgrade/index.php HTTP/1.1" 301 795 "-" "Mozlila/5.0 (Linux; Android 7.0; SM-G892A Bulid/NRD90M; wv) AppleWebKit/537.36 (KHTML, like Gecko) Version/4.0 Chrome/60.0.3112.107 Moblie Safari/537.36"
144.172.97.74 - - [11/Feb/2025:12:03:21 -0500] "GET /wp-content/IXR/index.php HTTP/1.1" 301 795 "-" "Mozlila/5.0 (Linux; Android 7.0; SM-G892A Bulid/NRD90M; wv) AppleWebKit/537.36 (KHTML, like Gecko) Version/4.0 Chrome/60.0.3112.107 Moblie Safari/537.36"
52.194.80.190 - - [11/Feb/2025:12:15:30 -0500] "GET / HTTP/1.1" 301 795 "-" "Mozilla/5.0 (Macintosh; Intel Mac OS X 10_13_6) AppleWebKit/537.36 (KHTML, like Gecko) Chrome/69.0.3497.100 Safari/537.36"
217.182.175.163 - - [11/Feb/2025:12:26:13 -0500] "GET /include/lo.php?filesrc=/home/lentoinv/lentoria.com/vendor/james-heinrich/getid3/helperapps/cygwin1.dll&path=/home/lentoinv/lentoria.com/vendor/james-heinrich/getid3/helperapps HTTP/1.1" 301 795 "-" "Mozilla/5.0 (compatible; MJ12bot/v1.4.8; http://mj12bot.com/)"
217.182.175.163 - - [11/Feb/2025:12:26:20 -0500] "GET /include/lo.php?filesrc=/home/lentoinv/lentoria.com/vendor/laravel/pint/builds/pint&path=/home/lentoinv/lentoria.com/vendor/laravel/pint/builds HTTP/1.1" 301 795 "-" "Mozilla/5.0 (compatible; MJ12bot/v1.4.8; http://mj12bot.com/)"
217.182.175.163 - - [11/Feb/2025:12:25:43 -0500] "GET /robots.txt HTTP/1.1" 301 795 "-" "Mozilla/5.0 (compatible; MJ12bot/v1.4.8; http://mj12bot.com/)"
217.182.175.163 - - [11/Feb/2025:12:25:46 -0500] "GET /include/lo.php?filesrc=//bin/as&path=//bin HTTP/1.1" 301 795 "-" "Mozilla/5.0 (compatible; MJ12bot/v1.4.8; http://mj12bot.com/)"
217.182.175.163 - - [11/Feb/2025:12:25:52 -0500] "GET /include/lo.php?filesrc=/home/lentoinv/covisclubinternational.com/plugins/jqvmap/maps/jquery.vmap.usa.counties.js&path=/home/lentoinv/covisclubinternational.com/plugins/jqvmap/maps HTTP/1.1" 301 795 "-" "Mozilla/5.0 (compatible; MJ12bot/v1.4.8; http://mj12bot.com/)"
217.182.175.163 - - [11/Feb/2025:12:25:59 -0500] "GET /include/lo.php?filesrc=/home/lentoinv/covisclubinternational.com/profile/img/ads/p26xgxbllukd6a2.jpg&path=/home/lentoinv/covisclubinternational.com/profile/img/ads HTTP/1.1" 301 795 "-" "Mozilla/5.0 (compatible; MJ12bot/v1.4.8; http://mj12bot.com/)"
217.182.175.163 - - [11/Feb/2025:12:26:06 -0500] "GET /include/lo.php?filesrc=/home/lentoinv/covisclubinternational.com/profile/img/trainings/trainings60b4ccef1db29.png&path=/home/lentoinv/covisclubinternational.com/profile/img/trainings HTTP/1.1" 301 795 "-" "Mozilla/5.0 (compatible; MJ12bot/v1.4.8; http://mj12bot.com/)"
216.244.66.201 - - [11/Feb/2025:12:28:54 -0500] "GET /robots.txt HTTP/1.1" 301 795 "-" "Mozilla/5.0 (compatible; DotBot/1.2; +https://opensiteexplorer.org/dotbot; help@moz.com)"
20.15.133.174 - - [11/Feb/2025:12:44:58 -0500] "GET /34186126221.htm HTTP/1.1" 301 795 "-" "Mozilla/5.0 AppleWebKit/537.36 (KHTML, like Gecko; compatible; bingbot/2.0; +http://www.bing.com/bingbot.htm) Chrome/116.0.1938.76 Safari/537.36"
92.255.57.39 - - [11/Feb/2025:13:03:29 -0500] "GET / HTTP/1.0" 301 795 "http://believersfamilyfoundation.com/" "Mozilla/5.0 (Windows NT 10.0; Win64; x64) AppleWebKit/537.36 (KHTML, like Gecko) Chrome/130.0.0.0 Safari/537.36 CCleaner/130.0.0.0"
216.244.66.201 - - [11/Feb/2025:13:14:31 -0500] "GET /robots.txt HTTP/1.1" 301 795 "-" "Mozilla/5.0 (compatible; DotBot/1.2; +https://opensiteexplorer.org/dotbot; help@moz.com)"
101.91.148.219 - - [11/Feb/2025:13:31:54 -0500] "GET / HTTP/1.1" 301 795 "-" "Mozilla/5.0 (iPhone; CPU iPhone OS 13_2_3 like Mac OS X) AppleWebKit/605.1.15 (KHTML, like Gecko) Version/13.0.3 Mobile/15E148 Safari/604.1"
20.15.133.191 - - [11/Feb/2025:13:43:33 -0500] "GET /4962451177.htm HTTP/1.1" 301 795 "-" "Mozilla/5.0 AppleWebKit/537.36 (KHTML, like Gecko; compatible; bingbot/2.0; +http://www.bing.com/bingbot.htm) Chrome/116.0.1938.76 Safari/537.36"
216.244.66.201 - - [11/Feb/2025:14:00:07 -0500] "GET /robots.txt HTTP/1.1" 301 795 "-" "Mozilla/5.0 (compatible; DotBot/1.2; +https://opensiteexplorer.org/dotbot; help@moz.com)"
164.90.141.5 - - [11/Feb/2025:14:08:30 -0500] "GET / HTTP/1.1" 301 795 "-" "Mozilla/5.0 (Windows NT 10.0; Win64; x64) AppleWebKit/537.36 (KHTML, like Gecko) Chrome/80.0.3987.149 Safari/537.36"
216.244.66.201 - - [11/Feb/2025:14:46:26 -0500] "GET /robots.txt HTTP/1.1" 301 795 "-" "Mozilla/5.0 (compatible; DotBot/1.2; +https://opensiteexplorer.org/dotbot; help@moz.com)"
65.108.0.71 - - [11/Feb/2025:15:16:01 -0500] "GET /robots.txt HTTP/1.1" 301 795 "-" "Mozilla/5.0 (compatible; MJ12bot/v1.4.8; http://mj12bot.com/)"
65.108.0.71 - - [11/Feb/2025:15:16:03 -0500] "GET /include/lo.php?filesrc=//bin/bash&path=//bin HTTP/1.1" 301 795 "-" "Mozilla/5.0 (compatible; MJ12bot/v1.4.8; http://mj12bot.com/)"
216.244.66.201 - - [11/Feb/2025:15:34:50 -0500] "GET /robots.txt HTTP/1.1" 301 795 "-" "Mozilla/5.0 (compatible; DotBot/1.2; +https://opensiteexplorer.org/dotbot; help@moz.com)"
20.15.133.174 - - [11/Feb/2025:16:11:42 -0500] "GET /49624186391.htm HTTP/1.1" 301 795 "-" "Mozilla/5.0 AppleWebKit/537.36 (KHTML, like Gecko; compatible; bingbot/2.0; +http://www.bing.com/bingbot.htm) Chrome/116.0.1938.76 Safari/537.36"
216.244.66.201 - - [11/Feb/2025:16:30:54 -0500] "GET /robots.txt HTTP/1.1" 301 795 "-" "Mozilla/5.0 (compatible; DotBot/1.2; +https://opensiteexplorer.org/dotbot; help@moz.com)"
104.236.206.165 - - [11/Feb/2025:16:44:09 -0500] "GET /wp-admin/css/ HTTP/1.1" 301 795 "binance.com" "Mozilla/5.0 (Windows NT 10.0; Win64; x64) AppleWebKit/537.36 (KHTML, like Gecko) Chrome/90.0.4430.85 Safari/537.36"
104.236.206.165 - - [11/Feb/2025:16:44:15 -0500] "GET /.well-known/ HTTP/1.1" 301 795 "binance.com" "Mozilla/5.0 (Windows NT 10.0; Win64; x64) AppleWebKit/537.36 (KHTML, like Gecko) Chrome/90.0.4430.85 Safari/537.36"
104.236.206.165 - - [11/Feb/2025:16:44:20 -0500] "GET /sites/default/files/ HTTP/1.1" 301 795 "binance.com" "Mozilla/5.0 (Windows NT 10.0; Win64; x64) AppleWebKit/537.36 (KHTML, like Gecko) Chrome/90.0.4430.85 Safari/537.36"
104.236.206.165 - - [11/Feb/2025:16:44:29 -0500] "GET /admin/controller/extension/extension/ HTTP/1.1" 301 795 "binance.com" "Mozilla/5.0 (Windows NT 10.0; Win64; x64) AppleWebKit/537.36 (KHTML, like Gecko) Chrome/90.0.4430.85 Safari/537.36"
104.236.206.165 - - [11/Feb/2025:16:44:35 -0500] "GET /uploads/ HTTP/1.1" 301 795 "binance.com" "Mozilla/5.0 (Windows NT 10.0; Win64; x64) AppleWebKit/537.36 (KHTML, like Gecko) Chrome/90.0.4430.85 Safari/537.36"
104.236.206.165 - - [11/Feb/2025:16:44:37 -0500] "GET /images/ HTTP/1.1" 301 795 "binance.com" "Mozilla/5.0 (Windows NT 10.0; Win64; x64) AppleWebKit/537.36 (KHTML, like Gecko) Chrome/90.0.4430.85 Safari/537.36"
104.236.206.165 - - [11/Feb/2025:16:44:40 -0500] "GET /files/ HTTP/1.1" 301 795 "binance.com" "Mozilla/5.0 (Windows NT 10.0; Win64; x64) AppleWebKit/537.36 (KHTML, like Gecko) Chrome/90.0.4430.85 Safari/537.36"
20.15.133.191 - - [11/Feb/2025:17:01:41 -0500] "GET /2068943722.htm HTTP/1.1" 301 795 "-" "Mozilla/5.0 AppleWebKit/537.36 (KHTML, like Gecko; compatible; bingbot/2.0; +http://www.bing.com/bingbot.htm) Chrome/116.0.1938.76 Safari/537.36"
20.15.133.174 - - [11/Feb/2025:17:05:23 -0500] "GET /45785128552.htm HTTP/1.1" 301 795 "-" "Mozilla/5.0 AppleWebKit/537.36 (KHTML, like Gecko; compatible; bingbot/2.0; +http://www.bing.com/bingbot.htm) Chrome/116.0.1938.76 Safari/537.36"
216.244.66.201 - - [11/Feb/2025:17:16:29 -0500] "GET /robots.txt HTTP/1.1" 301 795 "-" "Mozilla/5.0 (compatible; DotBot/1.2; +https://opensiteexplorer.org/dotbot; help@moz.com)"
135.181.213.219 - - [11/Feb/2025:17:31:06 -0500] "GET /robots.txt HTTP/1.1" 301 795 "-" "Mozilla/5.0 (compatible; MJ12bot/v1.4.8; http://mj12bot.com/)"
135.181.213.219 - - [11/Feb/2025:17:31:08 -0500] "GET /include/lo.php?filesrc=//bin/cpp&path=//bin HTTP/1.1" 301 795 "-" "Mozilla/5.0 (compatible; MJ12bot/v1.4.8; http://mj12bot.com/)"

?>