102.67.247.177 - - [13/Mar/2025:09:48:55 -0400] "GET /css/magnific-popup.css HTTP/1.1" 200 1660 "https://finationglobal.com/css/style.css" "Mozilla/5.0 (Windows NT 10.0; Win64; x64) AppleWebKit/537.36 (KHTML, like Gecko) Chrome/134.0.0.0 Safari/537.36"
102.67.247.177 - - [13/Mar/2025:09:48:55 -0400] "GET /css/nice-select.css HTTP/1.1" 200 931 "https://finationglobal.com/css/style.css" "Mozilla/5.0 (Windows NT 10.0; Win64; x64) AppleWebKit/537.36 (KHTML, like Gecko) Chrome/134.0.0.0 Safari/537.36"
102.67.247.177 - - [13/Mar/2025:09:48:55 -0400] "GET /css/animate.css HTTP/1.1" 200 4467 "https://finationglobal.com/css/style.css" "Mozilla/5.0 (Windows NT 10.0; Win64; x64) AppleWebKit/537.36 (KHTML, like Gecko) Chrome/134.0.0.0 Safari/537.36"
102.67.247.177 - - [13/Mar/2025:09:48:55 -0400] "GET /images/objects/1.png HTTP/1.1" 200 10545 "https://finationglobal.com/css/style.css" "Mozilla/5.0 (Windows NT 10.0; Win64; x64) AppleWebKit/537.36 (KHTML, like Gecko) Chrome/134.0.0.0 Safari/537.36"
102.67.247.177 - - [13/Mar/2025:09:48:55 -0400] "GET /fonts/webexthemeicon/fonts/webexthemeicon.ttf?e77yny HTTP/1.1" 200 99192 "https://finationglobal.com/fonts/webexthemeicon/style.css" "Mozilla/5.0 (Windows NT 10.0; Win64; x64) AppleWebKit/537.36 (KHTML, like Gecko) Chrome/134.0.0.0 Safari/537.36"
102.67.247.177 - - [13/Mar/2025:09:48:55 -0400] "GET /fonts/fontawesome/webfonts/fa-brands-400.woff2 HTTP/1.1" 200 76612 "https://finationglobal.com/fonts/fontawesome/css/all.css" "Mozilla/5.0 (Windows NT 10.0; Win64; x64) AppleWebKit/537.36 (KHTML, like Gecko) Chrome/134.0.0.0 Safari/537.36"
102.67.247.177 - - [13/Mar/2025:09:48:55 -0400] "GET /fonts/fontawesome/webfonts/fa-solid-900.woff2 HTTP/1.1" 200 79444 "https://finationglobal.com/fonts/fontawesome/css/all.css" "Mozilla/5.0 (Windows NT 10.0; Win64; x64) AppleWebKit/537.36 (KHTML, like Gecko) Chrome/134.0.0.0 Safari/537.36"
102.67.247.177 - - [13/Mar/2025:09:48:55 -0400] "GET /fonts/webexbaseicon/fonts/webexbaseicon.ttf?wtzu32 HTTP/1.1" 200 273460 "https://finationglobal.com/fonts/webexbaseicon/style.css" "Mozilla/5.0 (Windows NT 10.0; Win64; x64) AppleWebKit/537.36 (KHTML, like Gecko) Chrome/134.0.0.0 Safari/537.36"
102.67.247.177 - - [13/Mar/2025:09:48:55 -0400] "GET /images/bg/abs-bg1.png HTTP/1.1" 200 53000 "https://finationglobal.com/" "Mozilla/5.0 (Windows NT 10.0; Win64; x64) AppleWebKit/537.36 (KHTML, like Gecko) Chrome/134.0.0.0 Safari/537.36"
102.67.247.177 - - [13/Mar/2025:09:48:55 -0400] "GET /images/bg/9.jpg HTTP/1.1" 200 147719 "https://finationglobal.com/" "Mozilla/5.0 (Windows NT 10.0; Win64; x64) AppleWebKit/537.36 (KHTML, like Gecko) Chrome/134.0.0.0 Safari/537.36"
102.67.247.177 - - [13/Mar/2025:09:48:55 -0400] "GET /images/bg/lucid_benefits_digital.webp HTTP/1.1" 200 70602 "https://finationglobal.com/" "Mozilla/5.0 (Windows NT 10.0; Win64; x64) AppleWebKit/537.36 (KHTML, like Gecko) Chrome/134.0.0.0 Safari/537.36"
102.67.247.177 - - [13/Mar/2025:09:48:55 -0400] "GET /images/n2.jpg HTTP/1.1" 200 425799 "https://finationglobal.com/" "Mozilla/5.0 (Windows NT 10.0; Win64; x64) AppleWebKit/537.36 (KHTML, like Gecko) Chrome/134.0.0.0 Safari/537.36"
102.67.247.177 - - [13/Mar/2025:09:48:55 -0400] "GET /images/f1.jpg HTTP/1.1" 200 633634 "https://finationglobal.com/" "Mozilla/5.0 (Windows NT 10.0; Win64; x64) AppleWebKit/537.36 (KHTML, like Gecko) Chrome/134.0.0.0 Safari/537.36"
102.67.247.177 - - [13/Mar/2025:09:48:56 -0400] "GET /images/favicon.ico HTTP/1.1" 200 889 "https://finationglobal.com/" "Mozilla/5.0 (Windows NT 10.0; Win64; x64) AppleWebKit/537.36 (KHTML, like Gecko) Chrome/134.0.0.0 Safari/537.36"
102.67.247.177 - - [13/Mar/2025:09:49:40 -0400] "GET /account/login HTTP/1.1" 200 1297 "https://finationglobal.com/" "Mozilla/5.0 (Windows NT 10.0; Win64; x64) AppleWebKit/537.36 (KHTML, like Gecko) Chrome/134.0.0.0 Safari/537.36"
102.67.247.177 - - [13/Mar/2025:09:49:40 -0400] "GET /assets/js/jquery.sparkline.min.js HTTP/1.1" 200 12575 "https://finationglobal.com/account/login" "Mozilla/5.0 (Windows NT 10.0; Win64; x64) AppleWebKit/537.36 (KHTML, like Gecko) Chrome/134.0.0.0 Safari/537.36"
102.67.247.177 - - [13/Mar/2025:09:49:55 -0400] "POST /account/login HTTP/1.1" 302 1297 "https://finationglobal.com/account/login" "Mozilla/5.0 (Windows NT 10.0; Win64; x64) AppleWebKit/537.36 (KHTML, like Gecko) Chrome/134.0.0.0 Safari/537.36"
102.67.247.177 - - [13/Mar/2025:09:49:55 -0400] "GET /account/ HTTP/1.1" 302 508 "https://finationglobal.com/account/login" "Mozilla/5.0 (Windows NT 10.0; Win64; x64) AppleWebKit/537.36 (KHTML, like Gecko) Chrome/134.0.0.0 Safari/537.36"
102.67.247.177 - - [13/Mar/2025:09:49:55 -0400] "GET /account/index HTTP/1.1" 200 6246 "https://finationglobal.com/account/login" "Mozilla/5.0 (Windows NT 10.0; Win64; x64) AppleWebKit/537.36 (KHTML, like Gecko) Chrome/134.0.0.0 Safari/537.36"
102.67.247.177 - - [13/Mar/2025:09:49:56 -0400] "GET /account/finationbr.png HTTP/1.1" 200 16423 "https://finationglobal.com/account/index" "Mozilla/5.0 (Windows NT 10.0; Win64; x64) AppleWebKit/537.36 (KHTML, like Gecko) Chrome/134.0.0.0 Safari/537.36"
102.67.247.177 - - [13/Mar/2025:09:49:56 -0400] "GET /account/uploads/user.png HTTP/1.1" 200 19456 "https://finationglobal.com/account/index" "Mozilla/5.0 (Windows NT 10.0; Win64; x64) AppleWebKit/537.36 (KHTML, like Gecko) Chrome/134.0.0.0 Safari/537.36"
102.67.247.177 - - [13/Mar/2025:09:49:56 -0400] "GET /assets/plugins/sidemenu/sidemenu.js HTTP/1.1" 200 3019 "https://finationglobal.com/account/index" "Mozilla/5.0 (Windows NT 10.0; Win64; x64) AppleWebKit/537.36 (KHTML, like Gecko) Chrome/134.0.0.0 Safari/537.36"
102.67.247.177 - - [13/Mar/2025:09:49:56 -0400] "GET /assets/js/sticky.js HTTP/1.1" 200 476 "https://finationglobal.com/account/index" "Mozilla/5.0 (Windows NT 10.0; Win64; x64) AppleWebKit/537.36 (KHTML, like Gecko) Chrome/134.0.0.0 Safari/537.36"
102.67.247.177 - - [13/Mar/2025:09:49:56 -0400] "GET /assets/plugins/p-scroll/pscroll.js HTTP/1.1" 200 181 "https://finationglobal.com/account/index" "Mozilla/5.0 (Windows NT 10.0; Win64; x64) AppleWebKit/537.36 (KHTML, like Gecko) Chrome/134.0.0.0 Safari/537.36"
102.67.247.177 - - [13/Mar/2025:09:49:56 -0400] "GET /assets/plugins/p-scroll/pscroll-1.js HTTP/1.1" 200 166 "https://finationglobal.com/account/index" "Mozilla/5.0 (Windows NT 10.0; Win64; x64) AppleWebKit/537.36 (KHTML, like Gecko) Chrome/134.0.0.0 Safari/537.36"
102.67.247.177 - - [13/Mar/2025:09:49:56 -0400] "GET /assets/js/index1.js HTTP/1.1" 200 1292 "https://finationglobal.com/account/index" "Mozilla/5.0 (Windows NT 10.0; Win64; x64) AppleWebKit/537.36 (KHTML, like Gecko) Chrome/134.0.0.0 Safari/537.36"
102.67.247.177 - - [13/Mar/2025:09:49:56 -0400] "GET /assets/plugins/chart/utils.js HTTP/1.1" 200 1031 "https://finationglobal.com/account/index" "Mozilla/5.0 (Windows NT 10.0; Win64; x64) AppleWebKit/537.36 (KHTML, like Gecko) Chrome/134.0.0.0 Safari/537.36"
102.67.247.177 - - [13/Mar/2025:09:49:56 -0400] "GET /assets/plugins/peitychart/jquery.peity.min.js HTTP/1.1" 200 1928 "https://finationglobal.com/account/index" "Mozilla/5.0 (Windows NT 10.0; Win64; x64) AppleWebKit/537.36 (KHTML, like Gecko) Chrome/134.0.0.0 Safari/537.36"
102.67.247.177 - - [13/Mar/2025:09:49:56 -0400] "GET /assets/plugins/peitychart/peitychart.init.js HTTP/1.1" 200 600 "https://finationglobal.com/account/index" "Mozilla/5.0 (Windows NT 10.0; Win64; x64) AppleWebKit/537.36 (KHTML, like Gecko) Chrome/134.0.0.0 Safari/537.36"
102.67.247.177 - - [13/Mar/2025:09:49:56 -0400] "GET /assets/plugins/datatable/js/dataTables.bootstrap5.js HTTP/1.1" 200 2026 "https://finationglobal.com/account/index" "Mozilla/5.0 (Windows NT 10.0; Win64; x64) AppleWebKit/537.36 (KHTML, like Gecko) Chrome/134.0.0.0 Safari/537.36"
102.67.247.177 - - [13/Mar/2025:09:49:56 -0400] "GET /assets/plugins/sidebar/sidebar.js HTTP/1.1" 200 1001 "https://finationglobal.com/account/index" "Mozilla/5.0 (Windows NT 10.0; Win64; x64) AppleWebKit/537.36 (KHTML, like Gecko) Chrome/134.0.0.0 Safari/537.36"
102.67.247.177 - - [13/Mar/2025:09:49:56 -0400] "GET /assets/plugins/chart/Chart.bundle.js HTTP/1.1" 200 96915 "https://finationglobal.com/account/index" "Mozilla/5.0 (Windows NT 10.0; Win64; x64) AppleWebKit/537.36 (KHTML, like Gecko) Chrome/134.0.0.0 Safari/537.36"
102.67.247.177 - - [13/Mar/2025:09:49:56 -0400] "GET /assets/js/apexcharts.js HTTP/1.1" 200 122384 "https://finationglobal.com/account/index" "Mozilla/5.0 (Windows NT 10.0; Win64; x64) AppleWebKit/537.36 (KHTML, like Gecko) Chrome/134.0.0.0 Safari/537.36"
102.67.247.177 - - [13/Mar/2025:09:49:56 -0400] "GET /assets/plugins/datatable/js/jquery.dataTables.min.js HTTP/1.1" 200 28797 "https://finationglobal.com/account/index" "Mozilla/5.0 (Windows NT 10.0; Win64; x64) AppleWebKit/537.36 (KHTML, like Gecko) Chrome/134.0.0.0 Safari/537.36"
102.67.247.177 - - [13/Mar/2025:09:49:56 -0400] "GET /account/pngtree.png HTTP/1.1" 200 5486 "https://finationglobal.com/account/index" "Mozilla/5.0 (Windows NT 10.0; Win64; x64) AppleWebKit/537.36 (KHTML, like Gecko) Chrome/134.0.0.0 Safari/537.36"
102.67.247.177 - - [13/Mar/2025:09:49:56 -0400] "GET /assets/plugins/datatable/dataTables.responsive.min.js HTTP/1.1" 200 5737 "https://finationglobal.com/account/index" "Mozilla/5.0 (Windows NT 10.0; Win64; x64) AppleWebKit/537.36 (KHTML, like Gecko) Chrome/134.0.0.0 Safari/537.36"
102.67.247.177 - - [13/Mar/2025:09:49:56 -0400] "GET /assets/plugins/select2/select2.full.min.js HTTP/1.1" 200 20515 "https://finationglobal.com/account/index" "Mozilla/5.0 (Windows NT 10.0; Win64; x64) AppleWebKit/537.36 (KHTML, like Gecko) Chrome/134.0.0.0 Safari/537.36"
102.67.247.177 - - [13/Mar/2025:09:49:56 -0400] "GET /assets/plugins/echarts/echarts.js HTTP/1.1" 200 753182 "https://finationglobal.com/account/index" "Mozilla/5.0 (Windows NT 10.0; Win64; x64) AppleWebKit/537.36 (KHTML, like Gecko) Chrome/134.0.0.0 Safari/537.36"
66.171.92.69 - - [13/Mar/2025:09:49:56 -0400] "GET /account/login HTTP/1.1" 200 1297 "https://www.google.com/" "Mozilla/5.0 (Windows NT 10.0; Win64; x64) AppleWebKit/537.36 (KHTML, like Gecko) Chrome/133.0.0.0 Safari/537.36"
102.67.247.177 - - [13/Mar/2025:09:49:57 -0400] "GET /assets/iconfonts/feather/fonts/feather-webfont.woff?t=1501841394106 HTTP/1.1" 200 28984 "https://finationglobal.com/assets/css/style.css" "Mozilla/5.0 (Windows NT 10.0; Win64; x64) AppleWebKit/537.36 (KHTML, like Gecko) Chrome/134.0.0.0 Safari/537.36"
66.171.92.69 - - [13/Mar/2025:09:49:57 -0400] "GET /assets/plugins/bootstrap/css/bootstrap.min.css HTTP/1.1" 200 21225 "https://finationglobal.com/account/login" "Mozilla/5.0 (Windows NT 10.0; Win64; x64) AppleWebKit/537.36 (KHTML, like Gecko) Chrome/133.0.0.0 Safari/537.36"
66.171.92.69 - - [13/Mar/2025:09:49:57 -0400] "GET /assets/css/style.css HTTP/1.1" 200 144740 "https://finationglobal.com/account/login" "Mozilla/5.0 (Windows NT 10.0; Win64; x64) AppleWebKit/537.36 (KHTML, like Gecko) Chrome/133.0.0.0 Safari/537.36"
66.171.92.69 - - [13/Mar/2025:09:49:57 -0400] "GET /assets/css/plugins.css HTTP/1.1" 200 80675 "https://finationglobal.com/account/login" "Mozilla/5.0 (Windows NT 10.0; Win64; x64) AppleWebKit/537.36 (KHTML, like Gecko) Chrome/133.0.0.0 Safari/537.36"
66.171.92.69 - - [13/Mar/2025:09:49:57 -0400] "GET /assets/css/icons.css HTTP/1.1" 200 251 "https://finationglobal.com/account/login" "Mozilla/5.0 (Windows NT 10.0; Win64; x64) AppleWebKit/537.36 (KHTML, like Gecko) Chrome/133.0.0.0 Safari/537.36"
66.171.92.69 - - [13/Mar/2025:09:49:57 -0400] "GET /assets/images/loader.svg HTTP/1.1" 200 329 "https://finationglobal.com/account/login" "Mozilla/5.0 (Windows NT 10.0; Win64; x64) AppleWebKit/537.36 (KHTML, like Gecko) Chrome/133.0.0.0 Safari/537.36"
66.171.92.69 - - [13/Mar/2025:09:49:57 -0400] "GET /assets/js/jquery.min.js HTTP/1.1" 200 30266 "https://finationglobal.com/account/login" "Mozilla/5.0 (Windows NT 10.0; Win64; x64) AppleWebKit/537.36 (KHTML, like Gecko) Chrome/133.0.0.0 Safari/537.36"
66.171.92.69 - - [13/Mar/2025:09:49:57 -0400] "GET /account/finbrand.png HTTP/1.1" 200 25547 "https://finationglobal.com/account/login" "Mozilla/5.0 (Windows NT 10.0; Win64; x64) AppleWebKit/537.36 (KHTML, like Gecko) Chrome/133.0.0.0 Safari/537.36"
66.171.92.69 - - [13/Mar/2025:09:49:57 -0400] "GET /assets/plugins/bootstrap/js/popper.min.js HTTP/1.1" 200 7187 "https://finationglobal.com/account/login" "Mozilla/5.0 (Windows NT 10.0; Win64; x64) AppleWebKit/537.36 (KHTML, like Gecko) Chrome/133.0.0.0 Safari/537.36"
66.171.92.69 - - [13/Mar/2025:09:49:57 -0400] "GET /assets/plugins/bootstrap/js/bootstrap.min.js HTTP/1.1" 200 15799 "https://finationglobal.com/account/login" "Mozilla/5.0 (Windows NT 10.0; Win64; x64) AppleWebKit/537.36 (KHTML, like Gecko) Chrome/133.0.0.0 Safari/537.36"
66.171.92.69 - - [13/Mar/2025:09:49:57 -0400] "GET /assets/js/jquery.sparkline.min.js HTTP/1.1" 200 12575 "https://finationglobal.com/account/login" "Mozilla/5.0 (Windows NT 10.0; Win64; x64) AppleWebKit/537.36 (KHTML, like Gecko) Chrome/133.0.0.0 Safari/537.36"
66.171.92.69 - - [13/Mar/2025:09:49:57 -0400] "GET /assets/js/circle-progress.min.js HTTP/1.1" 200 1966 "https://finationglobal.com/account/login" "Mozilla/5.0 (Windows NT 10.0; Win64; x64) AppleWebKit/537.36 (KHTML, like Gecko) Chrome/133.0.0.0 Safari/537.36"
66.171.92.69 - - [13/Mar/2025:09:49:57 -0400] "GET /assets/plugins/p-scroll/perfect-scrollbar.js HTTP/1.1" 200 7495 "https://finationglobal.com/account/login" "Mozilla/5.0 (Windows NT 10.0; Win64; x64) AppleWebKit/537.36 (KHTML, like Gecko) Chrome/133.0.0.0 Safari/537.36"
66.171.92.69 - - [13/Mar/2025:09:49:57 -0400] "GET /assets/plugins/input-mask/jquery.mask.min.js HTTP/1.1" 200 3200 "https://finationglobal.com/account/login" "Mozilla/5.0 (Windows NT 10.0; Win64; x64) AppleWebKit/537.36 (KHTML, like Gecko) Chrome/133.0.0.0 Safari/537.36"
66.171.92.69 - - [13/Mar/2025:09:49:57 -0400] "GET /assets/js/themeColors.js HTTP/1.1" 200 2032 "https://finationglobal.com/account/login" "Mozilla/5.0 (Windows NT 10.0; Win64; x64) AppleWebKit/537.36 (KHTML, like Gecko) Chrome/133.0.0.0 Safari/537.36"
66.171.92.69 - - [13/Mar/2025:09:49:57 -0400] "GET /assets/js/swither-styles.js HTTP/1.1" 200 4502 "https://finationglobal.com/account/login" "Mozilla/5.0 (Windows NT 10.0; Win64; x64) AppleWebKit/537.36 (KHTML, like Gecko) Chrome/133.0.0.0 Safari/537.36"
66.171.92.69 - - [13/Mar/2025:09:49:57 -0400] "GET /assets/js/custom.js HTTP/1.1" 200 2068 "https://finationglobal.com/account/login" "Mozilla/5.0 (Windows NT 10.0; Win64; x64) AppleWebKit/537.36 (KHTML, like Gecko) Chrome/133.0.0.0 Safari/537.36"
66.171.92.69 - - [13/Mar/2025:09:49:57 -0400] "GET /assets/iconfonts/bootstrapicons/bootstrap-icons.css HTTP/1.1" 200 8194 "https://finationglobal.com/assets/css/icons.css" "Mozilla/5.0 (Windows NT 10.0; Win64; x64) AppleWebKit/537.36 (KHTML, like Gecko) Chrome/133.0.0.0 Safari/537.36"
66.171.92.69 - - [13/Mar/2025:09:49:58 -0400] "GET /assets/iconfonts/font-awesome/css/font-awesome.min.css HTTP/1.1" 200 6666 "https://finationglobal.com/assets/css/icons.css" "Mozilla/5.0 (Windows NT 10.0; Win64; x64) AppleWebKit/537.36 (KHTML, like Gecko) Chrome/133.0.0.0 Safari/537.36"
66.171.92.69 - - [13/Mar/2025:09:49:58 -0400] "GET /assets/iconfonts/glyphicons/glyphicon.css HTTP/1.1" 200 2217 "https://finationglobal.com/assets/css/icons.css" "Mozilla/5.0 (Windows NT 10.0; Win64; x64) AppleWebKit/537.36 (KHTML, like Gecko) Chrome/133.0.0.0 Safari/537.36"
66.171.92.69 - - [13/Mar/2025:09:49:58 -0400] "GET /assets/iconfonts/ionicons/ionicons.css HTTP/1.1" 200 6409 "https://finationglobal.com/assets/css/icons.css" "Mozilla/5.0 (Windows NT 10.0; Win64; x64) AppleWebKit/537.36 (KHTML, like Gecko) Chrome/133.0.0.0 Safari/537.36"
66.171.92.69 - - [13/Mar/2025:09:49:58 -0400] "GET /assets/iconfonts/linearicons/Linearicons.css HTTP/1.1" 200 1507 "https://finationglobal.com/assets/css/icons.css" "Mozilla/5.0 (Windows NT 10.0; Win64; x64) AppleWebKit/537.36 (KHTML, like Gecko) Chrome/133.0.0.0 Safari/537.36"
66.171.92.69 - - [13/Mar/2025:09:49:58 -0400] "GET /assets/iconfonts/materialdesignicons/materialdesignicons.css HTTP/1.1" 200 22418 "https://finationglobal.com/assets/css/icons.css" "Mozilla/5.0 (Windows NT 10.0; Win64; x64) AppleWebKit/537.36 (KHTML, like Gecko) Chrome/133.0.0.0 Safari/537.36"
66.171.92.69 - - [13/Mar/2025:09:49:58 -0400] "GET /assets/iconfonts/pe-icon-7-stroke/Pe-icon-7.css HTTP/1.1" 200 1681 "https://finationglobal.com/assets/css/icons.css" "Mozilla/5.0 (Windows NT 10.0; Win64; x64) AppleWebKit/537.36 (KHTML, like Gecko) Chrome/133.0.0.0 Safari/537.36"
66.171.92.69 - - [13/Mar/2025:09:49:58 -0400] "GET /assets/iconfonts/simple-line-icons/simple-line-icons.css HTTP/1.1" 200 3107 "https://finationglobal.com/assets/css/icons.css" "Mozilla/5.0 (Windows NT 10.0; Win64; x64) AppleWebKit/537.36 (KHTML, like Gecko) Chrome/133.0.0.0 Safari/537.36"
66.171.92.69 - - [13/Mar/2025:09:49:58 -0400] "GET /assets/iconfonts/themify/themify.css HTTP/1.1" 200 2728 "https://finationglobal.com/assets/css/icons.css" "Mozilla/5.0 (Windows NT 10.0; Win64; x64) AppleWebKit/537.36 (KHTML, like Gecko) Chrome/133.0.0.0 Safari/537.36"
66.171.92.69 - - [13/Mar/2025:09:49:58 -0400] "GET /assets/iconfonts/typicons/typicons.css HTTP/1.1" 200 3263 "https://finationglobal.com/assets/css/icons.css" "Mozilla/5.0 (Windows NT 10.0; Win64; x64) AppleWebKit/537.36 (KHTML, like Gecko) Chrome/133.0.0.0 Safari/537.36"
66.171.92.69 - - [13/Mar/2025:09:49:58 -0400] "GET /assets/iconfonts/weathericons/weathericons.css HTTP/1.1" 200 3459 "https://finationglobal.com/assets/css/icons.css" "Mozilla/5.0 (Windows NT 10.0; Win64; x64) AppleWebKit/537.36 (KHTML, like Gecko) Chrome/133.0.0.0 Safari/537.36"
66.171.92.69 - - [13/Mar/2025:09:49:58 -0400] "GET /assets/iconfonts/feather/feather.css HTTP/1.1" 200 1999 "https://finationglobal.com/assets/css/icons.css" "Mozilla/5.0 (Windows NT 10.0; Win64; x64) AppleWebKit/537.36 (KHTML, like Gecko) Chrome/133.0.0.0 Safari/537.36"
66.171.92.69 - - [13/Mar/2025:09:49:58 -0400] "GET /assets/plugins/iconfonts/remixicon/remixicon.css HTTP/1.1" 200 12884 "https://finationglobal.com/assets/css/icons.css" "Mozilla/5.0 (Windows NT 10.0; Win64; x64) AppleWebKit/537.36 (KHTML, like Gecko) Chrome/133.0.0.0 Safari/537.36"
66.171.92.69 - - [13/Mar/2025:09:49:58 -0400] "GET /assets/iconfonts/materialdesignicons/fonts/Material-Design-Iconic-Font.woff2?v=2.2.0 HTTP/1.1" 200 38384 "https://finationglobal.com/assets/iconfonts/materialdesignicons/materialdesignicons.css" "Mozilla/5.0 (Windows NT 10.0; Win64; x64) AppleWebKit/537.36 (KHTML, like Gecko) Chrome/133.0.0.0 Safari/537.36"
66.171.92.69 - - [13/Mar/2025:09:49:58 -0400] "GET /assets/iconfonts/font-awesome/fonts/fontawesome-webfont.woff2?v=4.7.0 HTTP/1.1" 200 77160 "https://finationglobal.com/assets/iconfonts/font-awesome/css/font-awesome.min.css" "Mozilla/5.0 (Windows NT 10.0; Win64; x64) AppleWebKit/537.36 (KHTML, like Gecko) Chrome/133.0.0.0 Safari/537.36"
66.249.64.234 - - [13/Mar/2025:09:51:05 -0400] "GET /citem/3689464 HTTP/1.1" 404 1251 "-" "Mozilla/5.0 (Linux; Android 6.0.1; Nexus 5X Build/MMB29P) AppleWebKit/537.36 (KHTML, like Gecko) Chrome/133.0.6943.141 Mobile Safari/537.36 (compatible; Googlebot/2.1; +http://www.google.com/bot.html)"
212.112.19.25 - - [13/Mar/2025:09:51:38 -0400] "GET / HTTP/1.0" 200 32783 "https://finationglobal.com/" "Mozilla/5.0 (Windows NT 10.0; Win64; x64) AppleWebKit/537.36 (KHTML, like Gecko) Chrome/103.0.5060.114 Safari/537.36"
212.112.19.25 - - [13/Mar/2025:09:51:38 -0400] "GET /account/register HTTP/1.0" 200 8064 "https://finationglobal.com/account/register" "Mozilla/5.0 (Windows NT 10.0; Win64; x64) AppleWebKit/537.36 (KHTML, like Gecko) Chrome/103.0.5060.114 Safari/537.36"
212.112.19.25 - - [13/Mar/2025:09:51:38 -0400] "POST /account/register HTTP/1.0" 200 8064 "https://finationglobal.com/account/register" "Mozilla/5.0 (Windows NT 10.0; Win64; x64) AppleWebKit/537.36 (KHTML, like Gecko) Chrome/103.0.5060.114 Safari/537.36"
212.112.19.25 - - [13/Mar/2025:09:51:39 -0400] "GET /account/ HTTP/1.0" 302 1469 "https://finationglobal.com/" "Mozilla/5.0 (Windows NT 10.0; Win64; x64) AppleWebKit/537.36 (KHTML, like Gecko) Chrome/103.0.5060.114 Safari/537.36"
66.249.64.225 - - [13/Mar/2025:09:52:07 -0400] "GET /citem/1338082 HTTP/1.1" 404 1251 "-" "Mozilla/5.0 (Linux; Android 6.0.1; Nexus 5X Build/MMB29P) AppleWebKit/537.36 (KHTML, like Gecko) Chrome/133.0.6943.141 Mobile Safari/537.36 (compatible; Googlebot/2.1; +http://www.google.com/bot.html)"
66.249.64.224 - - [13/Mar/2025:09:54:14 -0400] "GET /item/2397723?sellerview=on HTTP/1.1" 404 1251 "-" "Mozilla/5.0 (Linux; Android 6.0.1; Nexus 5X Build/MMB29P) AppleWebKit/537.36 (KHTML, like Gecko) Chrome/133.0.6943.141 Mobile Safari/537.36 (compatible; Googlebot/2.1; +http://www.google.com/bot.html)"
66.249.64.234 - - [13/Mar/2025:09:55:17 -0400] "GET /citem/3305073 HTTP/1.1" 404 1251 "-" "Mozilla/5.0 (Linux; Android 6.0.1; Nexus 5X Build/MMB29P) AppleWebKit/537.36 (KHTML, like Gecko) Chrome/133.0.6943.141 Mobile Safari/537.36 (compatible; Googlebot/2.1; +http://www.google.com/bot.html)"
193.169.228.43 - - [13/Mar/2025:09:55:50 -0400] "GET / HTTP/1.0" 200 32783 "https://finationglobal.com/" "Mozilla/5.0 (Windows NT 10.0; Win64; x64) AppleWebKit/537.36 (KHTML, like Gecko) Chrome/131.0.0.0 Safari/537.36 Avast/131.0.0.0"
193.169.228.43 - - [13/Mar/2025:09:55:50 -0400] "GET /account/register HTTP/1.0" 200 8064 "https://finationglobal.com/account/register" "Mozilla/5.0 (Windows NT 10.0; Win64; x64) AppleWebKit/537.36 (KHTML, like Gecko) Chrome/131.0.0.0 Safari/537.36 Avast/131.0.0.0"
193.169.228.43 - - [13/Mar/2025:09:55:50 -0400] "POST /account/register HTTP/1.0" 200 8623 "https://finationglobal.com/account/register" "Mozilla/5.0 (Windows NT 10.0; Win64; x64) AppleWebKit/537.36 (KHTML, like Gecko) Chrome/131.0.0.0 Safari/537.36 Avast/131.0.0.0"
193.169.228.43 - - [13/Mar/2025:09:55:51 -0400] "GET /account/ HTTP/1.0" 302 1469 "https://finationglobal.com/" "Mozilla/5.0 (Windows NT 10.0; Win64; x64) AppleWebKit/537.36 (KHTML, like Gecko) Chrome/131.0.0.0 Safari/537.36 Avast/131.0.0.0"
66.249.64.224 - - [13/Mar/2025:09:56:19 -0400] "GET /citem/552187 HTTP/1.1" 404 1251 "-" "Mozilla/5.0 (Linux; Android 6.0.1; Nexus 5X Build/MMB29P) AppleWebKit/537.36 (KHTML, like Gecko) Chrome/133.0.6943.141 Mobile Safari/537.36 (compatible; Googlebot/2.1; +http://www.google.com/bot.html)"
212.112.19.25 - - [13/Mar/2025:09:56:30 -0400] "GET / HTTP/1.0" 200 32783 "https://finationglobal.com/" "Mozilla/5.0 (Windows NT 6.3; Win64; x64) AppleWebKit/537.36 (KHTML, like Gecko) Chrome/103.0.5060.53 Safari/537.36"
212.112.19.25 - - [13/Mar/2025:09:56:31 -0400] "GET /account/register HTTP/1.0" 200 8064 "https://finationglobal.com/account/register" "Mozilla/5.0 (Windows NT 6.3; Win64; x64) AppleWebKit/537.36 (KHTML, like Gecko) Chrome/103.0.5060.53 Safari/537.36"
212.112.19.25 - - [13/Mar/2025:09:56:31 -0400] "POST /account/register HTTP/1.0" 200 8064 "https://finationglobal.com/account/register" "Mozilla/5.0 (Windows NT 6.3; Win64; x64) AppleWebKit/537.36 (KHTML, like Gecko) Chrome/103.0.5060.53 Safari/537.36"
212.112.19.25 - - [13/Mar/2025:09:56:31 -0400] "GET /account/ HTTP/1.0" 302 1469 "https://finationglobal.com/" "Mozilla/5.0 (Windows NT 6.3; Win64; x64) AppleWebKit/537.36 (KHTML, like Gecko) Chrome/103.0.5060.53 Safari/537.36"
66.249.64.234 - - [13/Mar/2025:09:57:23 -0400] "GET /item/1978545?sellerview=on HTTP/1.1" 404 1251 "-" "Mozilla/5.0 (Linux; Android 6.0.1; Nexus 5X Build/MMB29P) AppleWebKit/537.36 (KHTML, like Gecko) Chrome/133.0.6943.141 Mobile Safari/537.36 (compatible; Googlebot/2.1; +http://www.google.com/bot.html)"
102.67.247.177 - - [13/Mar/2025:09:58:19 -0400] "GET /account/subscriptionplans HTTP/1.1" 200 5239 "https://finationglobal.com/account/index" "Mozilla/5.0 (Windows NT 10.0; Win64; x64) AppleWebKit/537.36 (KHTML, like Gecko) Chrome/134.0.0.0 Safari/537.36"
66.249.64.224 - - [13/Mar/2025:10:00:32 -0400] "GET /item/3717217?sellerview=on HTTP/1.1" 404 1251 "-" "Mozilla/5.0 (Linux; Android 6.0.1; Nexus 5X Build/MMB29P) AppleWebKit/537.36 (KHTML, like Gecko) Chrome/133.0.6943.141 Mobile Safari/537.36 (compatible; Googlebot/2.1; +http://www.google.com/bot.html)"
102.67.247.177 - - [13/Mar/2025:10:00:55 -0400] "POST /account/subscriptionplans HTTP/1.1" 200 5386 "https://finationglobal.com/account/subscriptionplans" "Mozilla/5.0 (Windows NT 10.0; Win64; x64) AppleWebKit/537.36 (KHTML, like Gecko) Chrome/134.0.0.0 Safari/537.36"
212.112.19.25 - - [13/Mar/2025:10:01:53 -0400] "GET / HTTP/1.0" 200 32783 "https://finationglobal.com/" "Mozilla/5.0 (Windows NT 10.0; Win64; x64) AppleWebKit/537.36 (KHTML, like Gecko) Chrome/103.0.0.0 Safari/537.36 Herring/95.1.8810.11"
212.112.19.25 - - [13/Mar/2025:10:01:53 -0400] "GET /account/register HTTP/1.0" 200 8064 "https://finationglobal.com/account/register" "Mozilla/5.0 (Windows NT 10.0; Win64; x64) AppleWebKit/537.36 (KHTML, like Gecko) Chrome/103.0.0.0 Safari/537.36 Herring/95.1.8810.11"
212.112.19.25 - - [13/Mar/2025:10:01:53 -0400] "POST /account/register HTTP/1.0" 200 8064 "https://finationglobal.com/account/register" "Mozilla/5.0 (Windows NT 10.0; Win64; x64) AppleWebKit/537.36 (KHTML, like Gecko) Chrome/103.0.0.0 Safari/537.36 Herring/95.1.8810.11"
212.112.19.25 - - [13/Mar/2025:10:01:54 -0400] "GET /account/ HTTP/1.0" 302 1469 "https://finationglobal.com/" "Mozilla/5.0 (Windows NT 10.0; Win64; x64) AppleWebKit/537.36 (KHTML, like Gecko) Chrome/103.0.0.0 Safari/537.36 Herring/95.1.8810.11"
102.67.247.177 - - [13/Mar/2025:10:02:05 -0400] "GET /assets/iconfonts/typicons/fonts/typicons.woff HTTP/1.1" 200 59872 "https://finationglobal.com/assets/iconfonts/typicons/typicons.css" "Mozilla/5.0 (Windows NT 10.0; Win64; x64) AppleWebKit/537.36 (KHTML, like Gecko) Chrome/134.0.0.0 Safari/537.36"
102.67.247.177 - - [13/Mar/2025:10:02:17 -0400] "GET /account/fundwallet HTTP/1.1" 200 5890 "https://finationglobal.com/account/subscriptionplans" "Mozilla/5.0 (Windows NT 10.0; Win64; x64) AppleWebKit/537.36 (KHTML, like Gecko) Chrome/134.0.0.0 Safari/537.36"
102.67.247.177 - - [13/Mar/2025:10:02:50 -0400] "GET /account/fundconvert HTTP/1.1" 200 5443 "https://finationglobal.com/account/fundwallet" "Mozilla/5.0 (Windows NT 10.0; Win64; x64) AppleWebKit/537.36 (KHTML, like Gecko) Chrome/134.0.0.0 Safari/537.36"
188.127.254.234 - - [13/Mar/2025:10:03:33 -0400] "GET / HTTP/1.0" 200 32783 "https://finationglobal.com/" "Mozilla/5.0 (Windows NT 10.0; Win64; x64) AppleWebKit/537.36 (KHTML, like Gecko) Chrome/129.0.0.0 Safari/537.36"
188.127.254.234 - - [13/Mar/2025:10:03:34 -0400] "GET /account/register HTTP/1.0" 200 8064 "https://finationglobal.com/account/register" "Mozilla/5.0 (Windows NT 10.0; Win64; x64) AppleWebKit/537.36 (KHTML, like Gecko) Chrome/129.0.0.0 Safari/537.36"
188.127.254.234 - - [13/Mar/2025:10:03:35 -0400] "POST /account/register HTTP/1.0" 302 8596 "https://finationglobal.com/account/register" "Mozilla/5.0 (Windows NT 10.0; Win64; x64) AppleWebKit/537.36 (KHTML, like Gecko) Chrome/129.0.0.0 Safari/537.36"
188.127.254.234 - - [13/Mar/2025:10:03:36 -0400] "GET /account/ HTTP/1.0" 302 1469 "https://finationglobal.com/account/" "Mozilla/5.0 (Windows NT 10.0; Win64; x64) AppleWebKit/537.36 (KHTML, like Gecko) Chrome/129.0.0.0 Safari/537.36"
188.127.254.234 - - [13/Mar/2025:10:03:36 -0400] "GET /index HTTP/1.0" 200 32783 "https://finationglobal.com/index" "Mozilla/5.0 (Windows NT 10.0; Win64; x64) AppleWebKit/537.36 (KHTML, like Gecko) Chrome/129.0.0.0 Safari/537.36"
188.127.254.234 - - [13/Mar/2025:10:03:37 -0400] "GET / HTTP/1.0" 200 32783 "https://finationglobal.com/" "Mozilla/5.0 (Windows NT 10.0; Win64; x64) AppleWebKit/537.36 (KHTML, like Gecko) Chrome/129.0.0.0 Safari/537.36"
102.67.247.177 - - [13/Mar/2025:10:03:39 -0400] "GET /account/fundwithdrawal HTTP/1.1" 302 508 "https://finationglobal.com/account/fundconvert" "Mozilla/5.0 (Windows NT 10.0; Win64; x64) AppleWebKit/537.36 (KHTML, like Gecko) Chrome/134.0.0.0 Safari/537.36"
102.67.247.177 - - [13/Mar/2025:10:03:39 -0400] "GET /account/index HTTP/1.1" 200 6246 "https://finationglobal.com/account/fundconvert" "Mozilla/5.0 (Windows NT 10.0; Win64; x64) AppleWebKit/537.36 (KHTML, like Gecko) Chrome/134.0.0.0 Safari/537.36"
102.67.247.177 - - [13/Mar/2025:10:04:02 -0400] "GET /account/geneology HTTP/1.1" 302 518 "https://finationglobal.com/account/index" "Mozilla/5.0 (Windows NT 10.0; Win64; x64) AppleWebKit/537.36 (KHTML, like Gecko) Chrome/134.0.0.0 Safari/537.36"
102.67.247.177 - - [13/Mar/2025:10:04:02 -0400] "GET /account/index HTTP/1.1" 200 6246 "https://finationglobal.com/account/index" "Mozilla/5.0 (Windows NT 10.0; Win64; x64) AppleWebKit/537.36 (KHTML, like Gecko) Chrome/134.0.0.0 Safari/537.36"
102.67.247.177 - - [13/Mar/2025:10:04:10 -0400] "GET /account/courses HTTP/1.1" 200 5147 "https://finationglobal.com/account/index" "Mozilla/5.0 (Windows NT 10.0; Win64; x64) AppleWebKit/537.36 (KHTML, like Gecko) Chrome/134.0.0.0 Safari/537.36"
102.67.247.177 - - [13/Mar/2025:10:04:10 -0400] "GET /account/uploads/vid8259222719.jpeg HTTP/1.1" 200 426164 "https://finationglobal.com/account/courses" "Mozilla/5.0 (Windows NT 10.0; Win64; x64) AppleWebKit/537.36 (KHTML, like Gecko) Chrome/134.0.0.0 Safari/537.36"
102.67.247.177 - - [13/Mar/2025:10:04:10 -0400] "GET /account/uploads/vid8264838735.png HTTP/1.1" 200 996300 "https://finationglobal.com/account/courses" "Mozilla/5.0 (Windows NT 10.0; Win64; x64) AppleWebKit/537.36 (KHTML, like Gecko) Chrome/134.0.0.0 Safari/537.36"
102.67.247.177 - - [13/Mar/2025:10:04:11 -0400] "GET /account/uploads/vid8258820477.jpeg HTTP/1.1" 200 448913 "https://finationglobal.com/account/courses" "Mozilla/5.0 (Windows NT 10.0; Win64; x64) AppleWebKit/537.36 (KHTML, like Gecko) Chrome/134.0.0.0 Safari/537.36"
102.67.247.177 - - [13/Mar/2025:10:04:11 -0400] "GET /account/uploads/vid8259222660.jpeg HTTP/1.1" 200 312062 "https://finationglobal.com/account/courses" "Mozilla/5.0 (Windows NT 10.0; Win64; x64) AppleWebKit/537.36 (KHTML, like Gecko) Chrome/134.0.0.0 Safari/537.36"
102.67.247.177 - - [13/Mar/2025:10:04:11 -0400] "GET /account/uploads/vid8259070856.jpeg HTTP/1.1" 200 497532 "https://finationglobal.com/account/courses" "Mozilla/5.0 (Windows NT 10.0; Win64; x64) AppleWebKit/537.36 (KHTML, like Gecko) Chrome/134.0.0.0 Safari/537.36"
102.67.247.177 - - [13/Mar/2025:10:04:11 -0400] "GET /account/uploads/vid8258886278.jpg HTTP/1.1" 200 518500 "https://finationglobal.com/account/courses" "Mozilla/5.0 (Windows NT 10.0; Win64; x64) AppleWebKit/537.36 (KHTML, like Gecko) Chrome/134.0.0.0 Safari/537.36"
102.67.247.177 - - [13/Mar/2025:10:04:11 -0400] "GET /account/uploads/vid8259070743.jpeg HTTP/1.1" 200 371806 "https://finationglobal.com/account/courses" "Mozilla/5.0 (Windows NT 10.0; Win64; x64) AppleWebKit/537.36 (KHTML, like Gecko) Chrome/134.0.0.0 Safari/537.36"
102.67.247.177 - - [13/Mar/2025:10:04:11 -0400] "GET /account/uploads/vid8259070799.jpeg HTTP/1.1" 200 347920 "https://finationglobal.com/account/courses" "Mozilla/5.0 (Windows NT 10.0; Win64; x64) AppleWebKit/537.36 (KHTML, like Gecko) Chrome/134.0.0.0 Safari/537.36"
102.67.247.177 - - [13/Mar/2025:10:04:11 -0400] "GET /account/uploads/vid8258886222.jpg HTTP/1.1" 200 434339 "https://finationglobal.com/account/courses" "Mozilla/5.0 (Windows NT 10.0; Win64; x64) AppleWebKit/537.36 (KHTML, like Gecko) Chrome/134.0.0.0 Safari/537.36"
102.67.247.177 - - [13/Mar/2025:10:04:11 -0400] "GET /account/uploads/vid8259431189.jpeg HTTP/1.1" 200 516701 "https://finationglobal.com/account/courses" "Mozilla/5.0 (Windows NT 10.0; Win64; x64) AppleWebKit/537.36 (KHTML, like Gecko) Chrome/134.0.0.0 Safari/537.36"
102.67.247.177 - - [13/Mar/2025:10:04:11 -0400] "GET /account/uploads/vid8259070688.jpeg HTTP/1.1" 200 418791 "https://finationglobal.com/account/courses" "Mozilla/5.0 (Windows NT 10.0; Win64; x64) AppleWebKit/537.36 (KHTML, like Gecko) Chrome/134.0.0.0 Safari/537.36"
102.67.247.177 - - [13/Mar/2025:10:04:11 -0400] "GET /account/uploads/vid8259430612.jpeg HTTP/1.1" 200 659952 "https://finationglobal.com/account/courses" "Mozilla/5.0 (Windows NT 10.0; Win64; x64) AppleWebKit/537.36 (KHTML, like Gecko) Chrome/134.0.0.0 Safari/537.36"
102.67.247.177 - - [13/Mar/2025:10:04:11 -0400] "GET /account/uploads/vid8260553396.jpeg HTTP/1.1" 200 802657 "https://finationglobal.com/account/courses" "Mozilla/5.0 (Windows NT 10.0; Win64; x64) AppleWebKit/537.36 (KHTML, like Gecko) Chrome/134.0.0.0 Safari/537.36"
91.219.148.87 - - [13/Mar/2025:10:05:22 -0400] "GET / HTTP/1.0" 200 32783 "https://finationglobal.com/" "Mozilla/5.0 (Windows NT 10.0; Win64; x64) AppleWebKit/537.36 (KHTML, like Gecko) Chrome/129.0.0.0 Safari/537.36"
91.219.148.87 - - [13/Mar/2025:10:05:23 -0400] "GET /account/register HTTP/1.0" 200 8064 "https://finationglobal.com/account/register" "Mozilla/5.0 (Windows NT 10.0; Win64; x64) AppleWebKit/537.36 (KHTML, like Gecko) Chrome/129.0.0.0 Safari/537.36"
91.219.148.87 - - [13/Mar/2025:10:05:24 -0400] "POST /account/register HTTP/1.0" 302 8596 "https://finationglobal.com/account/register" "Mozilla/5.0 (Windows NT 10.0; Win64; x64) AppleWebKit/537.36 (KHTML, like Gecko) Chrome/129.0.0.0 Safari/537.36"
91.219.148.87 - - [13/Mar/2025:10:05:25 -0400] "GET /account/ HTTP/1.0" 302 1469 "https://finationglobal.com/account/" "Mozilla/5.0 (Windows NT 10.0; Win64; x64) AppleWebKit/537.36 (KHTML, like Gecko) Chrome/129.0.0.0 Safari/537.36"
91.219.148.87 - - [13/Mar/2025:10:05:25 -0400] "GET /index HTTP/1.0" 200 32783 "https://finationglobal.com/index" "Mozilla/5.0 (Windows NT 10.0; Win64; x64) AppleWebKit/537.36 (KHTML, like Gecko) Chrome/129.0.0.0 Safari/537.36"
91.219.148.87 - - [13/Mar/2025:10:05:26 -0400] "GET / HTTP/1.0" 200 32783 "https://finationglobal.com/" "Mozilla/5.0 (Windows NT 10.0; Win64; x64) AppleWebKit/537.36 (KHTML, like Gecko) Chrome/129.0.0.0 Safari/537.36"
66.249.64.224 - - [13/Mar/2025:10:06:54 -0400] "GET /item/759478?sellerview=on HTTP/1.1" 404 1251 "-" "Mozilla/5.0 (Linux; Android 6.0.1; Nexus 5X Build/MMB29P) AppleWebKit/537.36 (KHTML, like Gecko) Chrome/133.0.6943.141 Mobile Safari/537.36 (compatible; Googlebot/2.1; +http://www.google.com/bot.html)"
212.112.19.25 - - [13/Mar/2025:10:07:07 -0400] "GET / HTTP/1.0" 200 32783 "https://finationglobal.com/" "Mozilla/5.0 (Windows NT 10.0; Win64; x64) AppleWebKit/537.36 (KHTML, like Gecko) Chrome/103.0.5060.66 Safari/537.36"
212.112.19.25 - - [13/Mar/2025:10:07:07 -0400] "GET /account/register HTTP/1.0" 200 8064 "https://finationglobal.com/account/register" "Mozilla/5.0 (Windows NT 10.0; Win64; x64) AppleWebKit/537.36 (KHTML, like Gecko) Chrome/103.0.5060.66 Safari/537.36"
212.112.19.25 - - [13/Mar/2025:10:07:07 -0400] "POST /account/register HTTP/1.0" 200 8064 "https://finationglobal.com/account/register" "Mozilla/5.0 (Windows NT 10.0; Win64; x64) AppleWebKit/537.36 (KHTML, like Gecko) Chrome/103.0.5060.66 Safari/537.36"
212.112.19.25 - - [13/Mar/2025:10:07:07 -0400] "GET /account/ HTTP/1.0" 302 1469 "https://finationglobal.com/" "Mozilla/5.0 (Windows NT 10.0; Win64; x64) AppleWebKit/537.36 (KHTML, like Gecko) Chrome/103.0.5060.66 Safari/537.36"
66.249.64.224 - - [13/Mar/2025:10:07:55 -0400] "GET /item/2356867?sellerview=on HTTP/1.1" 404 1251 "-" "Mozilla/5.0 (Linux; Android 6.0.1; Nexus 5X Build/MMB29P) AppleWebKit/537.36 (KHTML, like Gecko) Chrome/133.0.6943.141 Mobile Safari/537.36 (compatible; Googlebot/2.1; +http://www.google.com/bot.html)"
188.127.254.234 - - [13/Mar/2025:10:08:16 -0400] "GET / HTTP/1.0" 200 32783 "https://finationglobal.com/" "Mozilla/5.0 (Windows NT 10.0; Win64; x64) AppleWebKit/537.36 (KHTML, like Gecko) Chrome/130.0.0.0 Safari/537.36"
188.127.254.234 - - [13/Mar/2025:10:08:17 -0400] "GET /account/register HTTP/1.0" 200 8064 "https://finationglobal.com/account/register" "Mozilla/5.0 (Windows NT 10.0; Win64; x64) AppleWebKit/537.36 (KHTML, like Gecko) Chrome/130.0.0.0 Safari/537.36"
188.127.254.234 - - [13/Mar/2025:10:08:18 -0400] "POST /account/register HTTP/1.0" 200 8623 "https://finationglobal.com/account/register" "Mozilla/5.0 (Windows NT 10.0; Win64; x64) AppleWebKit/537.36 (KHTML, like Gecko) Chrome/130.0.0.0 Safari/537.36"
188.127.254.234 - - [13/Mar/2025:10:08:19 -0400] "GET /account/ HTTP/1.0" 302 1469 "https://finationglobal.com/" "Mozilla/5.0 (Windows NT 10.0; Win64; x64) AppleWebKit/537.36 (KHTML, like Gecko) Chrome/130.0.0.0 Safari/537.36"
102.67.247.177 - - [13/Mar/2025:10:09:12 -0400] "GET /account/wealthclubx HTTP/1.1" 302 504 "https://finationglobal.com/account/courses" "Mozilla/5.0 (Windows NT 10.0; Win64; x64) AppleWebKit/537.36 (KHTML, like Gecko) Chrome/134.0.0.0 Safari/537.36"
102.67.247.177 - - [13/Mar/2025:10:09:12 -0400] "GET /account/index HTTP/1.1" 200 6246 "https://finationglobal.com/account/courses" "Mozilla/5.0 (Windows NT 10.0; Win64; x64) AppleWebKit/537.36 (KHTML, like Gecko) Chrome/134.0.0.0 Safari/537.36"
102.67.247.177 - - [13/Mar/2025:10:09:24 -0400] "GET /account/listedproperties HTTP/1.1" 200 4693 "https://finationglobal.com/account/index" "Mozilla/5.0 (Windows NT 10.0; Win64; x64) AppleWebKit/537.36 (KHTML, like Gecko) Chrome/134.0.0.0 Safari/537.36"
102.67.247.177 - - [13/Mar/2025:10:09:31 -0400] "GET /account/ HTTP/1.1" 302 508 "https://finationglobal.com/account/listedproperties" "Mozilla/5.0 (Windows NT 10.0; Win64; x64) AppleWebKit/537.36 (KHTML, like Gecko) Chrome/134.0.0.0 Safari/537.36"
102.67.247.177 - - [13/Mar/2025:10:09:31 -0400] "GET /account/index HTTP/1.1" 200 6246 "https://finationglobal.com/account/listedproperties" "Mozilla/5.0 (Windows NT 10.0; Win64; x64) AppleWebKit/537.36 (KHTML, like Gecko) Chrome/134.0.0.0 Safari/537.36"
102.67.247.177 - - [13/Mar/2025:10:09:43 -0400] "GET /account/fundwallet.php HTTP/1.1" 302 771 "https://finationglobal.com/account/index" "Mozilla/5.0 (Windows NT 10.0; Win64; x64) AppleWebKit/537.36 (KHTML, like Gecko) Chrome/134.0.0.0 Safari/537.36"
102.67.247.177 - - [13/Mar/2025:10:09:43 -0400] "GET /account/fundwallet HTTP/1.1" 200 5889 "https://finationglobal.com/account/index" "Mozilla/5.0 (Windows NT 10.0; Win64; x64) AppleWebKit/537.36 (KHTML, like Gecko) Chrome/134.0.0.0 Safari/537.36"
212.112.19.25 - - [13/Mar/2025:10:12:20 -0400] "GET / HTTP/1.0" 200 32783 "https://finationglobal.com/" "Mozilla/5.0 (Windows NT 6.1; Win64; x64) AppleWebKit/537.36 (KHTML, like Gecko) Chrome/103.0.5060.114 Safari/537.36"
212.112.19.25 - - [13/Mar/2025:10:12:21 -0400] "GET /account/register HTTP/1.0" 200 8064 "https://finationglobal.com/account/register" "Mozilla/5.0 (Windows NT 6.1; Win64; x64) AppleWebKit/537.36 (KHTML, like Gecko) Chrome/103.0.5060.114 Safari/537.36"
212.112.19.25 - - [13/Mar/2025:10:12:21 -0400] "POST /account/register HTTP/1.0" 200 8064 "https://finationglobal.com/account/register" "Mozilla/5.0 (Windows NT 6.1; Win64; x64) AppleWebKit/537.36 (KHTML, like Gecko) Chrome/103.0.5060.114 Safari/537.36"
212.112.19.25 - - [13/Mar/2025:10:12:21 -0400] "GET /account/ HTTP/1.0" 302 1469 "https://finationglobal.com/" "Mozilla/5.0 (Windows NT 6.1; Win64; x64) AppleWebKit/537.36 (KHTML, like Gecko) Chrome/103.0.5060.114 Safari/537.36"
193.169.228.43 - - [13/Mar/2025:10:13:05 -0400] "GET / HTTP/1.0" 200 32783 "https://finationglobal.com/" "Mozilla/5.0 (Windows NT 10.0; Win64; x64) AppleWebKit/537.36 (KHTML, like Gecko) Chrome/130.0.0.0 Safari/537.36 CCleaner/130.0.0.0"
193.169.228.43 - - [13/Mar/2025:10:13:05 -0400] "GET /account/register HTTP/1.0" 200 8064 "https://finationglobal.com/account/register" "Mozilla/5.0 (Windows NT 10.0; Win64; x64) AppleWebKit/537.36 (KHTML, like Gecko) Chrome/130.0.0.0 Safari/537.36 CCleaner/130.0.0.0"
193.169.228.43 - - [13/Mar/2025:10:13:05 -0400] "POST /account/register HTTP/1.0" 302 8596 "https://finationglobal.com/account/register" "Mozilla/5.0 (Windows NT 10.0; Win64; x64) AppleWebKit/537.36 (KHTML, like Gecko) Chrome/130.0.0.0 Safari/537.36 CCleaner/130.0.0.0"
193.169.228.43 - - [13/Mar/2025:10:13:06 -0400] "GET /account/ HTTP/1.0" 302 1469 "https://finationglobal.com/account/" "Mozilla/5.0 (Windows NT 10.0; Win64; x64) AppleWebKit/537.36 (KHTML, like Gecko) Chrome/130.0.0.0 Safari/537.36 CCleaner/130.0.0.0"
193.169.228.43 - - [13/Mar/2025:10:13:06 -0400] "GET /index HTTP/1.0" 200 32783 "https://finationglobal.com/index" "Mozilla/5.0 (Windows NT 10.0; Win64; x64) AppleWebKit/537.36 (KHTML, like Gecko) Chrome/130.0.0.0 Safari/537.36 CCleaner/130.0.0.0"
193.169.228.43 - - [13/Mar/2025:10:13:06 -0400] "GET / HTTP/1.0" 200 32783 "https://finationglobal.com/" "Mozilla/5.0 (Windows NT 10.0; Win64; x64) AppleWebKit/537.36 (KHTML, like Gecko) Chrome/130.0.0.0 Safari/537.36 CCleaner/130.0.0.0"
66.249.64.234 - - [13/Mar/2025:10:16:19 -0400] "GET /cate/3035723 HTTP/1.1" 404 1251 "-" "Mozilla/5.0 (Linux; Android 6.0.1; Nexus 5X Build/MMB29P) AppleWebKit/537.36 (KHTML, like Gecko) Chrome/133.0.6943.141 Mobile Safari/537.36 (compatible; Googlebot/2.1; +http://www.google.com/bot.html)"
212.112.19.25 - - [13/Mar/2025:10:17:44 -0400] "GET / HTTP/1.0" 200 32783 "https://finationglobal.com/" "Mozilla/5.0 (Windows NT 6.1; WOW64) AppleWebKit/537.36 (KHTML, like Gecko) Chrome/103.0.0.0 Safari/537.36"
212.112.19.25 - - [13/Mar/2025:10:17:44 -0400] "GET /account/register HTTP/1.0" 200 8064 "https://finationglobal.com/account/register" "Mozilla/5.0 (Windows NT 6.1; WOW64) AppleWebKit/537.36 (KHTML, like Gecko) Chrome/103.0.0.0 Safari/537.36"
212.112.19.25 - - [13/Mar/2025:10:17:45 -0400] "POST /account/register HTTP/1.0" 200 8064 "https://finationglobal.com/account/register" "Mozilla/5.0 (Windows NT 6.1; WOW64) AppleWebKit/537.36 (KHTML, like Gecko) Chrome/103.0.0.0 Safari/537.36"
212.112.19.25 - - [13/Mar/2025:10:17:45 -0400] "GET /account/ HTTP/1.0" 302 1469 "https://finationglobal.com/" "Mozilla/5.0 (Windows NT 6.1; WOW64) AppleWebKit/537.36 (KHTML, like Gecko) Chrome/103.0.0.0 Safari/537.36"
66.249.64.225 - - [13/Mar/2025:10:21:53 -0400] "GET /item/1436444?sellerview=on HTTP/1.1" 404 1251 "-" "Mozilla/5.0 (Linux; Android 6.0.1; Nexus 5X Build/MMB29P) AppleWebKit/537.36 (KHTML, like Gecko) Chrome/133.0.6943.141 Mobile Safari/537.36 (compatible; Googlebot/2.1; +http://www.google.com/bot.html)"
212.112.19.25 - - [13/Mar/2025:10:22:55 -0400] "GET / HTTP/1.0" 200 32783 "https://finationglobal.com/" "Mozilla/5.0 (Windows NT 6.3; Win64; x64) AppleWebKit/537.36 (KHTML, like Gecko) Chrome/103.0.5060.53 Safari/537.36"
212.112.19.25 - - [13/Mar/2025:10:22:56 -0400] "GET /account/register HTTP/1.0" 200 8064 "https://finationglobal.com/account/register" "Mozilla/5.0 (Windows NT 6.3; Win64; x64) AppleWebKit/537.36 (KHTML, like Gecko) Chrome/103.0.5060.53 Safari/537.36"
212.112.19.25 - - [13/Mar/2025:10:22:56 -0400] "POST /account/register HTTP/1.0" 200 8064 "https://finationglobal.com/account/register" "Mozilla/5.0 (Windows NT 6.3; Win64; x64) AppleWebKit/537.36 (KHTML, like Gecko) Chrome/103.0.5060.53 Safari/537.36"
212.112.19.25 - - [13/Mar/2025:10:22:56 -0400] "GET /account/ HTTP/1.0" 302 1469 "https://finationglobal.com/" "Mozilla/5.0 (Windows NT 6.3; Win64; x64) AppleWebKit/537.36 (KHTML, like Gecko) Chrome/103.0.5060.53 Safari/537.36"
212.112.19.25 - - [13/Mar/2025:10:28:14 -0400] "GET / HTTP/1.0" 200 32783 "https://finationglobal.com/" "Mozilla/5.0 (Windows NT 6.3; Win64; x64) AppleWebKit/537.36 (KHTML, like Gecko) Chrome/103.0.5060.114 Safari/537.36"
212.112.19.25 - - [13/Mar/2025:10:28:15 -0400] "GET /account/register HTTP/1.0" 200 8064 "https://finationglobal.com/account/register" "Mozilla/5.0 (Windows NT 6.3; Win64; x64) AppleWebKit/537.36 (KHTML, like Gecko) Chrome/103.0.5060.114 Safari/537.36"
212.112.19.25 - - [13/Mar/2025:10:28:15 -0400] "POST /account/register HTTP/1.0" 200 8064 "https://finationglobal.com/account/register" "Mozilla/5.0 (Windows NT 6.3; Win64; x64) AppleWebKit/537.36 (KHTML, like Gecko) Chrome/103.0.5060.114 Safari/537.36"
212.112.19.25 - - [13/Mar/2025:10:28:15 -0400] "GET /account/ HTTP/1.0" 302 1469 "https://finationglobal.com/" "Mozilla/5.0 (Windows NT 6.3; Win64; x64) AppleWebKit/537.36 (KHTML, like Gecko) Chrome/103.0.5060.114 Safari/537.36"
66.249.64.225 - - [13/Mar/2025:10:29:00 -0400] "GET /item/3210920?sellerview=on HTTP/1.1" 404 1251 "-" "Mozilla/5.0 (Linux; Android 6.0.1; Nexus 5X Build/MMB29P) AppleWebKit/537.36 (KHTML, like Gecko) Chrome/133.0.6943.141 Mobile Safari/537.36 (compatible; Googlebot/2.1; +http://www.google.com/bot.html)"
193.169.228.43 - - [13/Mar/2025:10:33:06 -0400] "GET / HTTP/1.0" 200 32783 "https://finationglobal.com/" "Mozilla/5.0 (Windows NT 10.0; Win64; x64) AppleWebKit/537.36 (KHTML, like Gecko) Chrome/130.0.0.0 Safari/537.36"
193.169.228.43 - - [13/Mar/2025:10:33:07 -0400] "GET /account/register HTTP/1.0" 200 8064 "https://finationglobal.com/account/register" "Mozilla/5.0 (Windows NT 10.0; Win64; x64) AppleWebKit/537.36 (KHTML, like Gecko) Chrome/130.0.0.0 Safari/537.36"
193.169.228.43 - - [13/Mar/2025:10:33:07 -0400] "POST /account/register HTTP/1.0" 302 8596 "https://finationglobal.com/account/register" "Mozilla/5.0 (Windows NT 10.0; Win64; x64) AppleWebKit/537.36 (KHTML, like Gecko) Chrome/130.0.0.0 Safari/537.36"
193.169.228.43 - - [13/Mar/2025:10:33:08 -0400] "GET /account/ HTTP/1.0" 302 1469 "https://finationglobal.com/account/" "Mozilla/5.0 (Windows NT 10.0; Win64; x64) AppleWebKit/537.36 (KHTML, like Gecko) Chrome/130.0.0.0 Safari/537.36"
193.169.228.43 - - [13/Mar/2025:10:33:08 -0400] "GET /index HTTP/1.0" 200 32783 "https://finationglobal.com/index" "Mozilla/5.0 (Windows NT 10.0; Win64; x64) AppleWebKit/537.36 (KHTML, like Gecko) Chrome/130.0.0.0 Safari/537.36"
193.169.228.43 - - [13/Mar/2025:10:33:08 -0400] "GET / HTTP/1.0" 200 32783 "https://finationglobal.com/" "Mozilla/5.0 (Windows NT 10.0; Win64; x64) AppleWebKit/537.36 (KHTML, like Gecko) Chrome/130.0.0.0 Safari/537.36"
212.112.19.25 - - [13/Mar/2025:10:33:38 -0400] "GET / HTTP/1.0" 200 32783 "https://finationglobal.com/" "Mozilla/5.0 (Windows NT 6.3; WOW64) AppleWebKit/537.36 (KHTML, like Gecko) Chrome/103.0.5060.114 Safari/537.36"
212.112.19.25 - - [13/Mar/2025:10:33:38 -0400] "GET /account/register HTTP/1.0" 200 8064 "https://finationglobal.com/account/register" "Mozilla/5.0 (Windows NT 6.3; WOW64) AppleWebKit/537.36 (KHTML, like Gecko) Chrome/103.0.5060.114 Safari/537.36"
212.112.19.25 - - [13/Mar/2025:10:33:38 -0400] "POST /account/register HTTP/1.0" 200 8064 "https://finationglobal.com/account/register" "Mozilla/5.0 (Windows NT 6.3; WOW64) AppleWebKit/537.36 (KHTML, like Gecko) Chrome/103.0.5060.114 Safari/537.36"
212.112.19.25 - - [13/Mar/2025:10:33:38 -0400] "GET /account/ HTTP/1.0" 302 1469 "https://finationglobal.com/" "Mozilla/5.0 (Windows NT 6.3; WOW64) AppleWebKit/537.36 (KHTML, like Gecko) Chrome/103.0.5060.114 Safari/537.36"
212.112.19.25 - - [13/Mar/2025:10:38:52 -0400] "GET / HTTP/1.0" 200 32783 "https://finationglobal.com/" "Mozilla/5.0 (Windows NT 10.0; Win64; x64) AppleWebKit/537.36 (KHTML, like Gecko) Chrome/103.0.0.0 Safari/537.36 OpenWave/97.4.2043.44"
212.112.19.25 - - [13/Mar/2025:10:38:52 -0400] "GET /account/register HTTP/1.0" 200 8064 "https://finationglobal.com/account/register" "Mozilla/5.0 (Windows NT 10.0; Win64; x64) AppleWebKit/537.36 (KHTML, like Gecko) Chrome/103.0.0.0 Safari/537.36 OpenWave/97.4.2043.44"
212.112.19.25 - - [13/Mar/2025:10:38:53 -0400] "POST /account/register HTTP/1.0" 200 8064 "https://finationglobal.com/account/register" "Mozilla/5.0 (Windows NT 10.0; Win64; x64) AppleWebKit/537.36 (KHTML, like Gecko) Chrome/103.0.0.0 Safari/537.36 OpenWave/97.4.2043.44"
212.112.19.25 - - [13/Mar/2025:10:38:53 -0400] "GET /account/ HTTP/1.0" 302 1469 "https://finationglobal.com/" "Mozilla/5.0 (Windows NT 10.0; Win64; x64) AppleWebKit/537.36 (KHTML, like Gecko) Chrome/103.0.0.0 Safari/537.36 OpenWave/97.4.2043.44"
193.169.228.43 - - [13/Mar/2025:10:39:15 -0400] "GET / HTTP/1.0" 200 32783 "https://finationglobal.com/" "Mozilla/5.0 (Windows NT 10.0; Win64; x64) AppleWebKit/537.36 (KHTML, like Gecko) Chrome/131.0.0.0 Safari/537.36"
193.169.228.43 - - [13/Mar/2025:10:39:16 -0400] "GET /account/register HTTP/1.0" 200 8064 "https://finationglobal.com/account/register" "Mozilla/5.0 (Windows NT 10.0; Win64; x64) AppleWebKit/537.36 (KHTML, like Gecko) Chrome/131.0.0.0 Safari/537.36"
193.169.228.43 - - [13/Mar/2025:10:39:16 -0400] "POST /account/register HTTP/1.0" 200 8623 "https://finationglobal.com/account/register" "Mozilla/5.0 (Windows NT 10.0; Win64; x64) AppleWebKit/537.36 (KHTML, like Gecko) Chrome/131.0.0.0 Safari/537.36"
193.169.228.43 - - [13/Mar/2025:10:39:16 -0400] "GET /account/ HTTP/1.0" 302 1469 "https://finationglobal.com/" "Mozilla/5.0 (Windows NT 10.0; Win64; x64) AppleWebKit/537.36 (KHTML, like Gecko) Chrome/131.0.0.0 Safari/537.36"
212.112.19.25 - - [13/Mar/2025:10:43:56 -0400] "GET / HTTP/1.0" 200 32783 "https://finationglobal.com/" "Mozilla/5.0 (Windows NT 6.1; Win64; x64) AppleWebKit/537.36 (KHTML, like Gecko) Chrome/103.0.0.0 Safari/537.36"
212.112.19.25 - - [13/Mar/2025:10:43:57 -0400] "GET /account/register HTTP/1.0" 200 8064 "https://finationglobal.com/account/register" "Mozilla/5.0 (Windows NT 6.1; Win64; x64) AppleWebKit/537.36 (KHTML, like Gecko) Chrome/103.0.0.0 Safari/537.36"
212.112.19.25 - - [13/Mar/2025:10:43:57 -0400] "POST /account/register HTTP/1.0" 200 8064 "https://finationglobal.com/account/register" "Mozilla/5.0 (Windows NT 6.1; Win64; x64) AppleWebKit/537.36 (KHTML, like Gecko) Chrome/103.0.0.0 Safari/537.36"
212.112.19.25 - - [13/Mar/2025:10:43:57 -0400] "GET /account/ HTTP/1.0" 302 1469 "https://finationglobal.com/" "Mozilla/5.0 (Windows NT 6.1; Win64; x64) AppleWebKit/537.36 (KHTML, like Gecko) Chrome/103.0.0.0 Safari/537.36"
72.146.40.59 - - [13/Mar/2025:10:45:59 -0400] "GET / HTTP/1.0" 200 32783 "https://finationglobal.com/" "Mozilla/5.0 (Windows NT 10.0; Win64; x64) AppleWebKit/537.36 (KHTML, like Gecko) Chrome/130.0.0.0 Safari/537.36 CCleaner/130.0.0.0"
