197.186.3.182 - - [19/Apr/2025:08:28:25 -0400] "GET /account/geneology HTTP/1.1" 200 4692 "https://finationglobal.com/account/" "Mozilla/5.0 (Linux; Android 10; K) AppleWebKit/537.36 (KHTML, like Gecko) Chrome/134.0.0.0 Mobile Safari/537.36"
197.186.3.182 - - [19/Apr/2025:08:28:26 -0400] "GET /account/treestyle.css HTTP/1.1" 200 576 "https://finationglobal.com/account/geneology" "Mozilla/5.0 (Linux; Android 10; K) AppleWebKit/537.36 (KHTML, like Gecko) Chrome/134.0.0.0 Mobile Safari/537.36"
197.186.3.182 - - [19/Apr/2025:08:28:26 -0400] "GET /account/uploads/u1.png HTTP/1.1" 200 2924 "https://finationglobal.com/account/geneology" "Mozilla/5.0 (Linux; Android 10; K) AppleWebKit/537.36 (KHTML, like Gecko) Chrome/134.0.0.0 Mobile Safari/537.36"
197.186.3.182 - - [19/Apr/2025:08:28:36 -0400] "POST /account/geneology HTTP/1.1" 200 4682 "https://finationglobal.com/account/geneology" "Mozilla/5.0 (Linux; Android 10; K) AppleWebKit/537.36 (KHTML, like Gecko) Chrome/134.0.0.0 Mobile Safari/537.36"
197.186.3.182 - - [19/Apr/2025:08:28:36 -0400] "GET /account/uploads/x.jpg HTTP/1.1" 200 2127 "https://finationglobal.com/account/geneology" "Mozilla/5.0 (Linux; Android 10; K) AppleWebKit/537.36 (KHTML, like Gecko) Chrome/134.0.0.0 Mobile Safari/537.36"
197.186.3.182 - - [19/Apr/2025:08:28:52 -0400] "GET /account/geneology?user=mwenda74 HTTP/1.1" 200 4666 "https://finationglobal.com/account/geneology" "Mozilla/5.0 (Linux; Android 10; K) AppleWebKit/537.36 (KHTML, like Gecko) Chrome/134.0.0.0 Mobile Safari/537.36"
197.186.3.182 - - [19/Apr/2025:08:28:53 -0400] "GET /account/treestyle.css HTTP/1.1" 200 576 "https://finationglobal.com/account/geneology?user=mwenda74" "Mozilla/5.0 (Linux; Android 10; K) AppleWebKit/537.36 (KHTML, like Gecko) Chrome/134.0.0.0 Mobile Safari/537.36"
197.186.3.182 - - [19/Apr/2025:08:28:53 -0400] "GET /assets/plugins/bootstrap/css/bootstrap.min.css HTTP/1.1" 200 21225 "https://finationglobal.com/account/geneology?user=mwenda74" "Mozilla/5.0 (Linux; Android 10; K) AppleWebKit/537.36 (KHTML, like Gecko) Chrome/134.0.0.0 Mobile Safari/537.36"
197.186.3.182 - - [19/Apr/2025:08:28:53 -0400] "GET /assets/css/style.css HTTP/1.1" 200 144740 "https://finationglobal.com/account/geneology?user=mwenda74" "Mozilla/5.0 (Linux; Android 10; K) AppleWebKit/537.36 (KHTML, like Gecko) Chrome/134.0.0.0 Mobile Safari/537.36"
197.186.3.182 - - [19/Apr/2025:08:28:53 -0400] "GET /assets/css/icons.css HTTP/1.1" 200 251 "https://finationglobal.com/account/geneology?user=mwenda74" "Mozilla/5.0 (Linux; Android 10; K) AppleWebKit/537.36 (KHTML, like Gecko) Chrome/134.0.0.0 Mobile Safari/537.36"
197.186.3.182 - - [19/Apr/2025:08:29:00 -0400] "POST /account/geneology?user=mwenda74 HTTP/1.1" 200 4696 "https://finationglobal.com/account/geneology?user=mwenda74" "Mozilla/5.0 (Linux; Android 10; K) AppleWebKit/537.36 (KHTML, like Gecko) Chrome/134.0.0.0 Mobile Safari/537.36"
197.186.3.182 - - [19/Apr/2025:08:29:00 -0400] "GET /account/uploads/u1.png HTTP/1.1" 200 2924 "https://finationglobal.com/account/geneology?user=mwenda74" "Mozilla/5.0 (Linux; Android 10; K) AppleWebKit/537.36 (KHTML, like Gecko) Chrome/134.0.0.0 Mobile Safari/537.36"
197.250.134.140 - - [19/Apr/2025:08:29:01 -0400] "GET /r/edwin63 HTTP/1.1" 301 795 "-" "WhatsApp/2.23.20.0"
197.250.134.140 - - [19/Apr/2025:08:29:01 -0400] "GET /account/register?ref=edwin63 HTTP/1.1" 200 2223 "-" "WhatsApp/2.23.20.0"
197.250.134.140 - - [19/Apr/2025:08:29:02 -0400] "GET /favicon.ico HTTP/1.1" 404 1251 "-" "WhatsApp/2.23.20.0"
197.250.134.140 - - [19/Apr/2025:08:29:06 -0400] "GET /r HTTP/1.1" 404 1251 "-" "WhatsApp/2.23.20.0"
197.250.134.140 - - [19/Apr/2025:08:29:07 -0400] "GET /r/za HTTP/1.1" 301 795 "-" "WhatsApp/2.23.20.0"
197.250.134.140 - - [19/Apr/2025:08:29:07 -0400] "GET /account/register?ref=za HTTP/1.1" 200 2218 "-" "WhatsApp/2.23.20.0"
197.250.134.140 - - [19/Apr/2025:08:29:08 -0400] "GET /favicon.ico HTTP/1.1" 404 1251 "-" "WhatsApp/2.23.20.0"
197.250.134.140 - - [19/Apr/2025:08:29:10 -0400] "GET /r/zapoka HTTP/1.1" 301 795 "-" "WhatsApp/2.23.20.0"
197.250.134.140 - - [19/Apr/2025:08:29:10 -0400] "GET /account/register?ref=zapoka HTTP/1.1" 200 2221 "-" "WhatsApp/2.23.20.0"
197.250.134.140 - - [19/Apr/2025:08:29:10 -0400] "GET /favicon.ico HTTP/1.1" 404 1251 "-" "WhatsApp/2.23.20.0"
197.250.134.140 - - [19/Apr/2025:08:29:13 -0400] "GET /r/zapoka HTTP/1.1" 301 795 "-" "Mozilla/5.0 (Linux; Android 10; K) AppleWebKit/537.36 (KHTML, like Gecko) Chrome/134.0.0.0 Mobile Safari/537.36"
197.250.134.140 - - [19/Apr/2025:08:29:13 -0400] "GET /account/register?ref=zapoka HTTP/1.1" 200 1860 "-" "Mozilla/5.0 (Linux; Android 10; K) AppleWebKit/537.36 (KHTML, like Gecko) Chrome/134.0.0.0 Mobile Safari/537.36"
197.250.134.140 - - [19/Apr/2025:08:29:14 -0400] "GET /account/control.php?confirm=zapoka HTTP/1.1" 302 771 "https://finationglobal.com/account/register?ref=zapoka" "Mozilla/5.0 (Linux; Android 10; K) AppleWebKit/537.36 (KHTML, like Gecko) Chrome/134.0.0.0 Mobile Safari/537.36"
197.250.134.140 - - [19/Apr/2025:08:29:14 -0400] "GET /account/control?confirm=zapoka HTTP/1.1" 200 30 "https://finationglobal.com/account/register?ref=zapoka" "Mozilla/5.0 (Linux; Android 10; K) AppleWebKit/537.36 (KHTML, like Gecko) Chrome/134.0.0.0 Mobile Safari/537.36"
20.171.207.108 - - [19/Apr/2025:08:29:31 -0400] "GET /assets/css/plugins.css HTTP/1.1" 200 80675 "-" "Mozilla/5.0 AppleWebKit/537.36 (KHTML, like Gecko; compatible; GPTBot/1.2; +https://openai.com/gptbot)"
197.250.204.71 - - [19/Apr/2025:08:29:32 -0400] "GET /account/fundtransfer HTTP/1.1" 200 5865 "https://finationglobal.com/account/geneology?user=binak02" "Mozilla/5.0 (Linux; Android 10; K) AppleWebKit/537.36 (KHTML, like Gecko) Chrome/133.0.0.0 Mobile Safari/537.36"
197.250.204.71 - - [19/Apr/2025:08:29:51 -0400] "GET /account/control.php?verify=Swai HTTP/1.1" 302 771 "https://finationglobal.com/account/fundtransfer" "Mozilla/5.0 (Linux; Android 10; K) AppleWebKit/537.36 (KHTML, like Gecko) Chrome/133.0.0.0 Mobile Safari/537.36"
197.250.204.71 - - [19/Apr/2025:08:29:52 -0400] "GET /account/control?verify=Swai HTTP/1.1" 200 166 "https://finationglobal.com/account/fundtransfer" "Mozilla/5.0 (Linux; Android 10; K) AppleWebKit/537.36 (KHTML, like Gecko) Chrome/133.0.0.0 Mobile Safari/537.36"
197.250.204.71 - - [19/Apr/2025:08:29:57 -0400] "GET /account/control.php?sendcode=Swai&amt=5 HTTP/1.1" 302 771 "https://finationglobal.com/account/fundtransfer" "Mozilla/5.0 (Linux; Android 10; K) AppleWebKit/537.36 (KHTML, like Gecko) Chrome/133.0.0.0 Mobile Safari/537.36"
197.250.204.71 - - [19/Apr/2025:08:29:57 -0400] "GET /account/control?sendcode=Swai&amt=5 HTTP/1.1" 200 182 "https://finationglobal.com/account/fundtransfer" "Mozilla/5.0 (Linux; Android 10; K) AppleWebKit/537.36 (KHTML, like Gecko) Chrome/133.0.0.0 Mobile Safari/537.36"
20.171.207.108 - - [19/Apr/2025:08:30:24 -0400] "GET /account/finationv.png HTTP/1.1" 200 16104 "-" "Mozilla/5.0 AppleWebKit/537.36 (KHTML, like Gecko; compatible; GPTBot/1.2; +https://openai.com/gptbot)"
197.250.204.71 - - [19/Apr/2025:08:30:38 -0400] "POST /account/fundtransfer HTTP/1.1" 200 6021 "https://finationglobal.com/account/fundtransfer" "Mozilla/5.0 (Linux; Android 10; K) AppleWebKit/537.36 (KHTML, like Gecko) Chrome/133.0.0.0 Mobile Safari/537.36"
41.222.180.253 - - [19/Apr/2025:08:30:48 -0400] "GET /account/index HTTP/1.1" 200 6560 "https://finationglobal.com/account/register?ref=mkwe01" "Mozilla/5.0 (Linux; Android 10; K) AppleWebKit/537.36 (KHTML, like Gecko) Chrome/135.0.0.0 Mobile Safari/537.36"
41.222.180.253 - - [19/Apr/2025:08:30:59 -0400] "POST /account/index HTTP/1.1" 200 6863 "https://finationglobal.com/account/index" "Mozilla/5.0 (Linux; Android 10; K) AppleWebKit/537.36 (KHTML, like Gecko) Chrome/135.0.0.0 Mobile Safari/537.36"
41.222.180.253 - - [19/Apr/2025:08:31:01 -0400] "GET /account/uploads/u1.png HTTP/1.1" 200 2924 "https://finationglobal.com/account/index" "Mozilla/5.0 (Linux; Android 10; K) AppleWebKit/537.36 (KHTML, like Gecko) Chrome/135.0.0.0 Mobile Safari/537.36"
41.222.180.253 - - [19/Apr/2025:08:31:41 -0400] "GET /r/swai HTTP/1.1" 301 795 "-" "WhatsApp/2.23.20.0"
41.222.180.253 - - [19/Apr/2025:08:31:41 -0400] "GET /account/register?ref=swai HTTP/1.1" 200 2221 "-" "WhatsApp/2.23.20.0"
41.222.180.253 - - [19/Apr/2025:08:31:42 -0400] "GET /favicon.ico HTTP/1.1" 404 1251 "-" "WhatsApp/2.23.20.0"
20.171.207.108 - - [19/Apr/2025:08:31:44 -0400] "GET /assets/css/icons.css HTTP/1.1" 200 251 "-" "Mozilla/5.0 AppleWebKit/537.36 (KHTML, like Gecko; compatible; GPTBot/1.2; +https://openai.com/gptbot)"
20.171.207.108 - - [19/Apr/2025:08:32:36 -0400] "GET /assets/css/style.css HTTP/1.1" 200 144740 "-" "Mozilla/5.0 AppleWebKit/537.36 (KHTML, like Gecko; compatible; GPTBot/1.2; +https://openai.com/gptbot)"
20.171.207.108 - - [19/Apr/2025:08:34:21 -0400] "GET /fonts/fontawesome/webfonts/fa-regular-400.svg HTTP/1.1" 200 35147 "-" "Mozilla/5.0 AppleWebKit/537.36 (KHTML, like Gecko; compatible; GPTBot/1.2; +https://openai.com/gptbot)"
20.171.207.108 - - [19/Apr/2025:08:35:46 -0400] "GET /css/bootstrap.min.css HTTP/1.1" 200 20356 "-" "Mozilla/5.0 AppleWebKit/537.36 (KHTML, like Gecko; compatible; GPTBot/1.2; +https://openai.com/gptbot)"
197.186.3.182 - - [19/Apr/2025:08:36:31 -0400] "GET /r/Josephmalago91 HTTP/1.1" 301 795 "-" "Mozilla/5.0 (Linux; Android 10; K) AppleWebKit/537.36 (KHTML, like Gecko) Chrome/134.0.0.0 Mobile Safari/537.36"
197.186.3.182 - - [19/Apr/2025:08:36:32 -0400] "GET /account/register?ref=Josephmalago91 HTTP/1.1" 200 1866 "-" "Mozilla/5.0 (Linux; Android 10; K) AppleWebKit/537.36 (KHTML, like Gecko) Chrome/134.0.0.0 Mobile Safari/537.36"
197.186.3.182 - - [19/Apr/2025:08:36:32 -0400] "GET /assets/plugins/bootstrap/css/bootstrap.min.css HTTP/1.1" 200 21225 "https://finationglobal.com/account/register?ref=Josephmalago91" "Mozilla/5.0 (Linux; Android 10; K) AppleWebKit/537.36 (KHTML, like Gecko) Chrome/134.0.0.0 Mobile Safari/537.36"
197.186.3.182 - - [19/Apr/2025:08:36:32 -0400] "GET /assets/css/style.css HTTP/1.1" 200 144740 "https://finationglobal.com/account/register?ref=Josephmalago91" "Mozilla/5.0 (Linux; Android 10; K) AppleWebKit/537.36 (KHTML, like Gecko) Chrome/134.0.0.0 Mobile Safari/537.36"
197.186.3.182 - - [19/Apr/2025:08:36:32 -0400] "GET /assets/css/icons.css HTTP/1.1" 200 251 "https://finationglobal.com/account/register?ref=Josephmalago91" "Mozilla/5.0 (Linux; Android 10; K) AppleWebKit/537.36 (KHTML, like Gecko) Chrome/134.0.0.0 Mobile Safari/537.36"
197.186.3.182 - - [19/Apr/2025:08:36:32 -0400] "GET /assets/css/plugins.css HTTP/1.1" 200 80675 "https://finationglobal.com/account/register?ref=Josephmalago91" "Mozilla/5.0 (Linux; Android 10; K) AppleWebKit/537.36 (KHTML, like Gecko) Chrome/134.0.0.0 Mobile Safari/537.36"
197.186.3.182 - - [19/Apr/2025:08:36:32 -0400] "GET /assets/js/jquery.min.js HTTP/1.1" 200 33270 "https://finationglobal.com/account/register?ref=Josephmalago91" "Mozilla/5.0 (Linux; Android 10; K) AppleWebKit/537.36 (KHTML, like Gecko) Chrome/134.0.0.0 Mobile Safari/537.36"
197.186.3.182 - - [19/Apr/2025:08:36:34 -0400] "GET /assets/images/loader.svg HTTP/1.1" 200 329 "https://finationglobal.com/account/register?ref=Josephmalago91" "Mozilla/5.0 (Linux; Android 10; K) AppleWebKit/537.36 (KHTML, like Gecko) Chrome/134.0.0.0 Mobile Safari/537.36"
197.186.3.182 - - [19/Apr/2025:08:36:34 -0400] "GET /account/finbrand.png HTTP/1.1" 200 25547 "https://finationglobal.com/account/register?ref=Josephmalago91" "Mozilla/5.0 (Linux; Android 10; K) AppleWebKit/537.36 (KHTML, like Gecko) Chrome/134.0.0.0 Mobile Safari/537.36"
197.186.3.182 - - [19/Apr/2025:08:36:34 -0400] "GET /assets/plugins/bootstrap/js/popper.min.js HTTP/1.1" 200 10266 "https://finationglobal.com/account/register?ref=Josephmalago91" "Mozilla/5.0 (Linux; Android 10; K) AppleWebKit/537.36 (KHTML, like Gecko) Chrome/134.0.0.0 Mobile Safari/537.36"
197.186.3.182 - - [19/Apr/2025:08:36:34 -0400] "GET /assets/plugins/bootstrap/js/bootstrap.min.js HTTP/1.1" 200 18884 "https://finationglobal.com/account/register?ref=Josephmalago91" "Mozilla/5.0 (Linux; Android 10; K) AppleWebKit/537.36 (KHTML, like Gecko) Chrome/134.0.0.0 Mobile Safari/537.36"
197.186.3.182 - - [19/Apr/2025:08:36:34 -0400] "GET /assets/js/circle-progress.min.js HTTP/1.1" 200 4965 "https://finationglobal.com/account/register?ref=Josephmalago91" "Mozilla/5.0 (Linux; Android 10; K) AppleWebKit/537.36 (KHTML, like Gecko) Chrome/134.0.0.0 Mobile Safari/537.36"
197.186.3.182 - - [19/Apr/2025:08:36:35 -0400] "GET /assets/plugins/p-scroll/perfect-scrollbar.js HTTP/1.1" 200 10585 "https://finationglobal.com/account/register?ref=Josephmalago91" "Mozilla/5.0 (Linux; Android 10; K) AppleWebKit/537.36 (KHTML, like Gecko) Chrome/134.0.0.0 Mobile Safari/537.36"
197.186.3.182 - - [19/Apr/2025:08:36:35 -0400] "GET /assets/js/swither-styles.js HTTP/1.1" 200 7609 "https://finationglobal.com/account/register?ref=Josephmalago91" "Mozilla/5.0 (Linux; Android 10; K) AppleWebKit/537.36 (KHTML, like Gecko) Chrome/134.0.0.0 Mobile Safari/537.36"
197.186.3.182 - - [19/Apr/2025:08:36:35 -0400] "GET /assets/js/custom.js HTTP/1.1" 200 5093 "https://finationglobal.com/account/register?ref=Josephmalago91" "Mozilla/5.0 (Linux; Android 10; K) AppleWebKit/537.36 (KHTML, like Gecko) Chrome/134.0.0.0 Mobile Safari/537.36"
197.186.3.182 - - [19/Apr/2025:08:36:35 -0400] "GET /assets/plugins/input-mask/jquery.mask.min.js HTTP/1.1" 200 6191 "https://finationglobal.com/account/register?ref=Josephmalago91" "Mozilla/5.0 (Linux; Android 10; K) AppleWebKit/537.36 (KHTML, like Gecko) Chrome/134.0.0.0 Mobile Safari/537.36"
197.186.3.182 - - [19/Apr/2025:08:36:35 -0400] "GET /assets/js/themeColors.js HTTP/1.1" 200 5058 "https://finationglobal.com/account/register?ref=Josephmalago91" "Mozilla/5.0 (Linux; Android 10; K) AppleWebKit/537.36 (KHTML, like Gecko) Chrome/134.0.0.0 Mobile Safari/537.36"
197.186.3.182 - - [19/Apr/2025:08:36:35 -0400] "GET /assets/iconfonts/bootstrapicons/bootstrap-icons.css HTTP/1.1" 200 8194 "https://finationglobal.com/assets/css/icons.css" "Mozilla/5.0 (Linux; Android 10; K) AppleWebKit/537.36 (KHTML, like Gecko) Chrome/134.0.0.0 Mobile Safari/537.36"
197.186.3.182 - - [19/Apr/2025:08:36:35 -0400] "GET /assets/iconfonts/font-awesome/css/font-awesome.min.css HTTP/1.1" 200 6666 "https://finationglobal.com/assets/css/icons.css" "Mozilla/5.0 (Linux; Android 10; K) AppleWebKit/537.36 (KHTML, like Gecko) Chrome/134.0.0.0 Mobile Safari/537.36"
197.186.3.182 - - [19/Apr/2025:08:36:35 -0400] "GET /assets/iconfonts/glyphicons/glyphicon.css HTTP/1.1" 200 2217 "https://finationglobal.com/assets/css/icons.css" "Mozilla/5.0 (Linux; Android 10; K) AppleWebKit/537.36 (KHTML, like Gecko) Chrome/134.0.0.0 Mobile Safari/537.36"
197.186.3.182 - - [19/Apr/2025:08:36:35 -0400] "GET /assets/iconfonts/ionicons/ionicons.css HTTP/1.1" 200 6409 "https://finationglobal.com/assets/css/icons.css" "Mozilla/5.0 (Linux; Android 10; K) AppleWebKit/537.36 (KHTML, like Gecko) Chrome/134.0.0.0 Mobile Safari/537.36"
197.186.3.182 - - [19/Apr/2025:08:36:35 -0400] "GET /assets/iconfonts/linearicons/Linearicons.css HTTP/1.1" 200 1507 "https://finationglobal.com/assets/css/icons.css" "Mozilla/5.0 (Linux; Android 10; K) AppleWebKit/537.36 (KHTML, like Gecko) Chrome/134.0.0.0 Mobile Safari/537.36"
197.186.3.182 - - [19/Apr/2025:08:36:35 -0400] "GET /assets/iconfonts/pe-icon-7-stroke/Pe-icon-7.css HTTP/1.1" 200 1681 "https://finationglobal.com/assets/css/icons.css" "Mozilla/5.0 (Linux; Android 10; K) AppleWebKit/537.36 (KHTML, like Gecko) Chrome/134.0.0.0 Mobile Safari/537.36"
197.186.3.182 - - [19/Apr/2025:08:36:35 -0400] "GET /assets/iconfonts/simple-line-icons/simple-line-icons.css HTTP/1.1" 200 3107 "https://finationglobal.com/assets/css/icons.css" "Mozilla/5.0 (Linux; Android 10; K) AppleWebKit/537.36 (KHTML, like Gecko) Chrome/134.0.0.0 Mobile Safari/537.36"
197.186.3.182 - - [19/Apr/2025:08:36:35 -0400] "GET /assets/iconfonts/materialdesignicons/materialdesignicons.css HTTP/1.1" 200 22418 "https://finationglobal.com/assets/css/icons.css" "Mozilla/5.0 (Linux; Android 10; K) AppleWebKit/537.36 (KHTML, like Gecko) Chrome/134.0.0.0 Mobile Safari/537.36"
197.186.3.182 - - [19/Apr/2025:08:36:36 -0400] "GET /assets/iconfonts/themify/themify.css HTTP/1.1" 200 2728 "https://finationglobal.com/assets/css/icons.css" "Mozilla/5.0 (Linux; Android 10; K) AppleWebKit/537.36 (KHTML, like Gecko) Chrome/134.0.0.0 Mobile Safari/537.36"
197.186.3.182 - - [19/Apr/2025:08:36:36 -0400] "GET /assets/iconfonts/typicons/typicons.css HTTP/1.1" 200 3263 "https://finationglobal.com/assets/css/icons.css" "Mozilla/5.0 (Linux; Android 10; K) AppleWebKit/537.36 (KHTML, like Gecko) Chrome/134.0.0.0 Mobile Safari/537.36"
197.186.3.182 - - [19/Apr/2025:08:36:36 -0400] "GET /assets/iconfonts/weathericons/weathericons.css HTTP/1.1" 200 3459 "https://finationglobal.com/assets/css/icons.css" "Mozilla/5.0 (Linux; Android 10; K) AppleWebKit/537.36 (KHTML, like Gecko) Chrome/134.0.0.0 Mobile Safari/537.36"
197.186.3.182 - - [19/Apr/2025:08:36:36 -0400] "GET /assets/iconfonts/feather/feather.css HTTP/1.1" 200 1999 "https://finationglobal.com/assets/css/icons.css" "Mozilla/5.0 (Linux; Android 10; K) AppleWebKit/537.36 (KHTML, like Gecko) Chrome/134.0.0.0 Mobile Safari/537.36"
197.186.3.182 - - [19/Apr/2025:08:36:36 -0400] "GET /assets/plugins/iconfonts/remixicon/remixicon.css HTTP/1.1" 200 12884 "https://finationglobal.com/assets/css/icons.css" "Mozilla/5.0 (Linux; Android 10; K) AppleWebKit/537.36 (KHTML, like Gecko) Chrome/134.0.0.0 Mobile Safari/537.36"
197.186.3.182 - - [19/Apr/2025:08:36:37 -0400] "GET /assets/iconfonts/materialdesignicons/fonts/materialdesignicons-webfont.woff2?v=2.0.46 HTTP/1.1" 200 109248 "https://finationglobal.com/assets/iconfonts/materialdesignicons/materialdesignicons.css" "Mozilla/5.0 (Linux; Android 10; K) AppleWebKit/537.36 (KHTML, like Gecko) Chrome/134.0.0.0 Mobile Safari/537.36"
197.186.3.182 - - [19/Apr/2025:08:36:37 -0400] "GET /assets/iconfonts/font-awesome/fonts/fontawesome-webfont.woff2?v=4.7.0 HTTP/1.1" 200 77160 "https://finationglobal.com/assets/iconfonts/font-awesome/css/font-awesome.min.css" "Mozilla/5.0 (Linux; Android 10; K) AppleWebKit/537.36 (KHTML, like Gecko) Chrome/134.0.0.0 Mobile Safari/537.36"
197.186.3.182 - - [19/Apr/2025:08:36:37 -0400] "GET /assets/iconfonts/materialdesignicons/fonts/Material-Design-Iconic-Font.woff2?v=2.2.0 HTTP/1.1" 200 38384 "https://finationglobal.com/assets/iconfonts/materialdesignicons/materialdesignicons.css" "Mozilla/5.0 (Linux; Android 10; K) AppleWebKit/537.36 (KHTML, like Gecko) Chrome/134.0.0.0 Mobile Safari/537.36"
197.186.3.182 - - [19/Apr/2025:08:36:37 -0400] "GET /account/control.php?confirm=Josephmalago91 HTTP/1.1" 302 771 "https://finationglobal.com/account/register?ref=Josephmalago91" "Mozilla/5.0 (Linux; Android 10; K) AppleWebKit/537.36 (KHTML, like Gecko) Chrome/134.0.0.0 Mobile Safari/537.36"
197.186.3.182 - - [19/Apr/2025:08:36:38 -0400] "GET /account/control?confirm=Josephmalago91 HTTP/1.1" 200 31 "https://finationglobal.com/account/register?ref=Josephmalago91" "Mozilla/5.0 (Linux; Android 10; K) AppleWebKit/537.36 (KHTML, like Gecko) Chrome/134.0.0.0 Mobile Safari/537.36"
197.186.3.182 - - [19/Apr/2025:08:36:42 -0400] "GET /account/login HTTP/1.1" 200 1297 "https://finationglobal.com/account/register?ref=Josephmalago91" "Mozilla/5.0 (Linux; Android 10; K) AppleWebKit/537.36 (KHTML, like Gecko) Chrome/134.0.0.0 Mobile Safari/537.36"
197.186.3.182 - - [19/Apr/2025:08:36:42 -0400] "GET /assets/js/jquery.sparkline.min.js HTTP/1.1" 200 15624 "https://finationglobal.com/account/login" "Mozilla/5.0 (Linux; Android 10; K) AppleWebKit/537.36 (KHTML, like Gecko) Chrome/134.0.0.0 Mobile Safari/537.36"
197.186.3.182 - - [19/Apr/2025:08:36:55 -0400] "POST /account/login HTTP/1.1" 302 1297 "https://finationglobal.com/account/login" "Mozilla/5.0 (Linux; Android 10; K) AppleWebKit/537.36 (KHTML, like Gecko) Chrome/134.0.0.0 Mobile Safari/537.36"
197.186.3.182 - - [19/Apr/2025:08:36:56 -0400] "GET /account/ HTTP/1.1" 200 6926 "https://finationglobal.com/account/login" "Mozilla/5.0 (Linux; Android 10; K) AppleWebKit/537.36 (KHTML, like Gecko) Chrome/134.0.0.0 Mobile Safari/537.36"
197.186.3.182 - - [19/Apr/2025:08:36:57 -0400] "GET /account/finationbr.png HTTP/1.1" 200 16423 "https://finationglobal.com/account/" "Mozilla/5.0 (Linux; Android 10; K) AppleWebKit/537.36 (KHTML, like Gecko) Chrome/134.0.0.0 Mobile Safari/537.36"
197.186.3.182 - - [19/Apr/2025:08:36:57 -0400] "GET /account/uploads/user.png HTTP/1.1" 200 19456 "https://finationglobal.com/account/" "Mozilla/5.0 (Linux; Android 10; K) AppleWebKit/537.36 (KHTML, like Gecko) Chrome/134.0.0.0 Mobile Safari/537.36"
197.186.3.182 - - [19/Apr/2025:08:36:57 -0400] "GET /assets/plugins/chart/Chart.bundle.js HTTP/1.1" 200 100033 "https://finationglobal.com/account/" "Mozilla/5.0 (Linux; Android 10; K) AppleWebKit/537.36 (KHTML, like Gecko) Chrome/134.0.0.0 Mobile Safari/537.36"
197.186.3.182 - - [19/Apr/2025:08:36:57 -0400] "GET /account/uploads/31z4n63t8i1e.jpg HTTP/1.1" 200 404074 "https://finationglobal.com/account/" "Mozilla/5.0 (Linux; Android 10; K) AppleWebKit/537.36 (KHTML, like Gecko) Chrome/134.0.0.0 Mobile Safari/537.36"
197.186.3.182 - - [19/Apr/2025:08:36:57 -0400] "GET /account/uploads/gc2faa3dhxyi.jpg HTTP/1.1" 200 415134 "https://finationglobal.com/account/" "Mozilla/5.0 (Linux; Android 10; K) AppleWebKit/537.36 (KHTML, like Gecko) Chrome/134.0.0.0 Mobile Safari/537.36"
197.186.3.182 - - [19/Apr/2025:08:36:57 -0400] "GET /assets/plugins/chart/utils.js HTTP/1.1" 200 3983 "https://finationglobal.com/account/" "Mozilla/5.0 (Linux; Android 10; K) AppleWebKit/537.36 (KHTML, like Gecko) Chrome/134.0.0.0 Mobile Safari/537.36"
197.186.3.182 - - [19/Apr/2025:08:36:57 -0400] "GET /assets/plugins/peitychart/jquery.peity.min.js HTTP/1.1" 200 4883 "https://finationglobal.com/account/" "Mozilla/5.0 (Linux; Android 10; K) AppleWebKit/537.36 (KHTML, like Gecko) Chrome/134.0.0.0 Mobile Safari/537.36"
197.186.3.182 - - [19/Apr/2025:08:36:58 -0400] "GET /assets/plugins/peitychart/peitychart.init.js HTTP/1.1" 200 3563 "https://finationglobal.com/account/" "Mozilla/5.0 (Linux; Android 10; K) AppleWebKit/537.36 (KHTML, like Gecko) Chrome/134.0.0.0 Mobile Safari/537.36"
197.186.3.182 - - [19/Apr/2025:08:36:58 -0400] "GET /assets/plugins/select2/select2.full.min.js HTTP/1.1" 200 23523 "https://finationglobal.com/account/" "Mozilla/5.0 (Linux; Android 10; K) AppleWebKit/537.36 (KHTML, like Gecko) Chrome/134.0.0.0 Mobile Safari/537.36"
197.186.3.182 - - [19/Apr/2025:08:36:58 -0400] "GET /assets/plugins/datatable/js/dataTables.bootstrap5.js HTTP/1.1" 200 5023 "https://finationglobal.com/account/" "Mozilla/5.0 (Linux; Android 10; K) AppleWebKit/537.36 (KHTML, like Gecko) Chrome/134.0.0.0 Mobile Safari/537.36"
197.186.3.182 - - [19/Apr/2025:08:36:58 -0400] "GET /assets/plugins/datatable/js/jquery.dataTables.min.js HTTP/1.1" 200 31890 "https://finationglobal.com/account/" "Mozilla/5.0 (Linux; Android 10; K) AppleWebKit/537.36 (KHTML, like Gecko) Chrome/134.0.0.0 Mobile Safari/537.36"
197.186.3.182 - - [19/Apr/2025:08:36:58 -0400] "GET /account/pngtree.png HTTP/1.1" 200 5486 "https://finationglobal.com/account/" "Mozilla/5.0 (Linux; Android 10; K) AppleWebKit/537.36 (KHTML, like Gecko) Chrome/134.0.0.0 Mobile Safari/537.36"
197.186.3.182 - - [19/Apr/2025:08:36:59 -0400] "GET /assets/plugins/datatable/dataTables.responsive.min.js HTTP/1.1" 200 8732 "https://finationglobal.com/account/" "Mozilla/5.0 (Linux; Android 10; K) AppleWebKit/537.36 (KHTML, like Gecko) Chrome/134.0.0.0 Mobile Safari/537.36"
197.186.3.182 - - [19/Apr/2025:08:36:59 -0400] "GET /assets/plugins/sidemenu/sidemenu.js HTTP/1.1" 200 6080 "https://finationglobal.com/account/" "Mozilla/5.0 (Linux; Android 10; K) AppleWebKit/537.36 (KHTML, like Gecko) Chrome/134.0.0.0 Mobile Safari/537.36"
197.186.3.182 - - [19/Apr/2025:08:36:59 -0400] "GET /assets/plugins/echarts/echarts.js HTTP/1.1" 200 756408 "https://finationglobal.com/account/" "Mozilla/5.0 (Linux; Android 10; K) AppleWebKit/537.36 (KHTML, like Gecko) Chrome/134.0.0.0 Mobile Safari/537.36"
197.186.3.182 - - [19/Apr/2025:08:36:59 -0400] "GET /assets/js/sticky.js HTTP/1.1" 200 3447 "https://finationglobal.com/account/" "Mozilla/5.0 (Linux; Android 10; K) AppleWebKit/537.36 (KHTML, like Gecko) Chrome/134.0.0.0 Mobile Safari/537.36"
197.186.3.182 - - [19/Apr/2025:08:37:00 -0400] "GET /assets/plugins/sidebar/sidebar.js HTTP/1.1" 200 3987 "https://finationglobal.com/account/" "Mozilla/5.0 (Linux; Android 10; K) AppleWebKit/537.36 (KHTML, like Gecko) Chrome/134.0.0.0 Mobile Safari/537.36"
197.186.3.182 - - [19/Apr/2025:08:37:00 -0400] "GET /assets/plugins/p-scroll/pscroll.js HTTP/1.1" 200 3063 "https://finationglobal.com/account/" "Mozilla/5.0 (Linux; Android 10; K) AppleWebKit/537.36 (KHTML, like Gecko) Chrome/134.0.0.0 Mobile Safari/537.36"
197.186.3.182 - - [19/Apr/2025:08:37:01 -0400] "GET /assets/js/apexcharts.js HTTP/1.1" 200 125432 "https://finationglobal.com/account/" "Mozilla/5.0 (Linux; Android 10; K) AppleWebKit/537.36 (KHTML, like Gecko) Chrome/134.0.0.0 Mobile Safari/537.36"
197.186.3.182 - - [19/Apr/2025:08:37:01 -0400] "GET /assets/js/index1.js HTTP/1.1" 200 4284 "https://finationglobal.com/account/" "Mozilla/5.0 (Linux; Android 10; K) AppleWebKit/537.36 (KHTML, like Gecko) Chrome/134.0.0.0 Mobile Safari/537.36"
197.186.3.182 - - [19/Apr/2025:08:37:01 -0400] "GET /assets/plugins/p-scroll/pscroll-1.js HTTP/1.1" 200 3050 "https://finationglobal.com/account/" "Mozilla/5.0 (Linux; Android 10; K) AppleWebKit/537.36 (KHTML, like Gecko) Chrome/134.0.0.0 Mobile Safari/537.36"
197.186.3.182 - - [19/Apr/2025:08:37:01 -0400] "GET /account/uploads/u2.png HTTP/1.1" 200 3003 "https://finationglobal.com/account/" "Mozilla/5.0 (Linux; Android 10; K) AppleWebKit/537.36 (KHTML, like Gecko) Chrome/134.0.0.0 Mobile Safari/537.36"
197.186.3.182 - - [19/Apr/2025:08:37:01 -0400] "GET /assets/iconfonts/feather/fonts/feather-webfont.woff?t=1501841394106 HTTP/1.1" 200 28984 "https://finationglobal.com/assets/css/style.css" "Mozilla/5.0 (Linux; Android 10; K) AppleWebKit/537.36 (KHTML, like Gecko) Chrome/134.0.0.0 Mobile Safari/537.36"
197.186.3.182 - - [19/Apr/2025:08:37:02 -0400] "GET /account/fundwallet.php HTTP/1.1" 302 771 "https://finationglobal.com/account/" "Mozilla/5.0 (Linux; Android 10; K) AppleWebKit/537.36 (KHTML, like Gecko) Chrome/134.0.0.0 Mobile Safari/537.36"
197.186.3.182 - - [19/Apr/2025:08:37:03 -0400] "GET /account/fundwallet HTTP/1.1" 200 5892 "https://finationglobal.com/account/" "Mozilla/5.0 (Linux; Android 10; K) AppleWebKit/537.36 (KHTML, like Gecko) Chrome/134.0.0.0 Mobile Safari/537.36"
197.186.3.182 - - [19/Apr/2025:08:37:03 -0400] "GET /assets/plugins/bootstrap/css/bootstrap.min.css HTTP/1.1" 200 21225 "https://finationglobal.com/account/fundwallet" "Mozilla/5.0 (Linux; Android 10; K) AppleWebKit/537.36 (KHTML, like Gecko) Chrome/134.0.0.0 Mobile Safari/537.36"
197.186.3.182 - - [19/Apr/2025:08:37:03 -0400] "GET /assets/css/style.css HTTP/1.1" 200 144740 "https://finationglobal.com/account/fundwallet" "Mozilla/5.0 (Linux; Android 10; K) AppleWebKit/537.36 (KHTML, like Gecko) Chrome/134.0.0.0 Mobile Safari/537.36"
197.186.3.182 - - [19/Apr/2025:08:37:03 -0400] "GET /assets/css/plugins.css HTTP/1.1" 200 80675 "https://finationglobal.com/account/fundwallet" "Mozilla/5.0 (Linux; Android 10; K) AppleWebKit/537.36 (KHTML, like Gecko) Chrome/134.0.0.0 Mobile Safari/537.36"
197.186.3.182 - - [19/Apr/2025:08:37:03 -0400] "GET /assets/css/icons.css HTTP/1.1" 200 251 "https://finationglobal.com/account/fundwallet" "Mozilla/5.0 (Linux; Android 10; K) AppleWebKit/537.36 (KHTML, like Gecko) Chrome/134.0.0.0 Mobile Safari/537.36"
41.222.180.253 - - [19/Apr/2025:08:37:03 -0400] "GET /account/index?logout=true HTTP/1.1" 302 6715 "https://finationglobal.com/account/index" "Mozilla/5.0 (Linux; Android 10; K) AppleWebKit/537.36 (KHTML, like Gecko) Chrome/135.0.0.0 Mobile Safari/537.36"
41.222.180.253 - - [19/Apr/2025:08:37:04 -0400] "GET /account/login.php HTTP/1.1" 302 771 "https://finationglobal.com/account/index" "Mozilla/5.0 (Linux; Android 10; K) AppleWebKit/537.36 (KHTML, like Gecko) Chrome/135.0.0.0 Mobile Safari/537.36"
41.222.180.253 - - [19/Apr/2025:08:37:04 -0400] "GET /account/login HTTP/1.1" 200 1297 "https://finationglobal.com/account/index" "Mozilla/5.0 (Linux; Android 10; K) AppleWebKit/537.36 (KHTML, like Gecko) Chrome/135.0.0.0 Mobile Safari/537.36"
197.186.3.182 - - [19/Apr/2025:08:37:05 -0400] "GET /assets/iconfonts/typicons/fonts/typicons.woff HTTP/1.1" 200 59872 "https://finationglobal.com/assets/iconfonts/typicons/typicons.css" "Mozilla/5.0 (Linux; Android 10; K) AppleWebKit/537.36 (KHTML, like Gecko) Chrome/134.0.0.0 Mobile Safari/537.36"
197.186.3.182 - - [19/Apr/2025:08:37:17 -0400] "GET /account/geneology HTTP/1.1" 200 4694 "https://finationglobal.com/account/" "Mozilla/5.0 (Linux; Android 10; K) AppleWebKit/537.36 (KHTML, like Gecko) Chrome/134.0.0.0 Mobile Safari/537.36"
197.186.3.182 - - [19/Apr/2025:08:37:18 -0400] "GET /account/treestyle.css HTTP/1.1" 200 576 "https://finationglobal.com/account/geneology" "Mozilla/5.0 (Linux; Android 10; K) AppleWebKit/537.36 (KHTML, like Gecko) Chrome/134.0.0.0 Mobile Safari/537.36"
197.186.3.182 - - [19/Apr/2025:08:37:18 -0400] "GET /account/uploads/u1.png HTTP/1.1" 200 2924 "https://finationglobal.com/account/geneology" "Mozilla/5.0 (Linux; Android 10; K) AppleWebKit/537.36 (KHTML, like Gecko) Chrome/134.0.0.0 Mobile Safari/537.36"
20.171.207.108 - - [19/Apr/2025:08:37:18 -0400] "GET /css/magnific-popup.css HTTP/1.1" 200 1660 "-" "Mozilla/5.0 AppleWebKit/537.36 (KHTML, like Gecko; compatible; GPTBot/1.2; +https://openai.com/gptbot)"
41.222.180.253 - - [19/Apr/2025:08:37:25 -0400] "GET /account/login HTTP/1.1" 200 1297 "https://finationglobal.com/account/index" "Mozilla/5.0 (Linux; Android 10; K) AppleWebKit/537.36 (KHTML, like Gecko) Chrome/135.0.0.0 Mobile Safari/537.36"
197.186.3.182 - - [19/Apr/2025:08:37:37 -0400] "POST /account/login HTTP/1.1" 302 1297 "https://finationglobal.com/account/login" "Mozilla/5.0 (Linux; Android 10; K) AppleWebKit/537.36 (KHTML, like Gecko) Chrome/134.0.0.0 Mobile Safari/537.36"
197.186.3.182 - - [19/Apr/2025:08:37:37 -0400] "GET /account/ HTTP/1.1" 200 6926 "https://finationglobal.com/account/login" "Mozilla/5.0 (Linux; Android 10; K) AppleWebKit/537.36 (KHTML, like Gecko) Chrome/134.0.0.0 Mobile Safari/537.36"
197.186.3.182 - - [19/Apr/2025:08:37:57 -0400] "POST /account/login HTTP/1.1" 302 1297 "https://finationglobal.com/account/login" "Mozilla/5.0 (Linux; Android 10; K) AppleWebKit/537.36 (KHTML, like Gecko) Chrome/134.0.0.0 Mobile Safari/537.36"
197.186.3.182 - - [19/Apr/2025:08:37:57 -0400] "GET /account/ HTTP/1.1" 200 6926 "https://finationglobal.com/account/login" "Mozilla/5.0 (Linux; Android 10; K) AppleWebKit/537.36 (KHTML, like Gecko) Chrome/134.0.0.0 Mobile Safari/537.36"
41.222.180.253 - - [19/Apr/2025:08:37:59 -0400] "POST /account/login HTTP/1.1" 302 1297 "https://finationglobal.com/account/login" "Mozilla/5.0 (Linux; Android 10; K) AppleWebKit/537.36 (KHTML, like Gecko) Chrome/135.0.0.0 Mobile Safari/537.36"
41.222.180.253 - - [19/Apr/2025:08:38:00 -0400] "GET /account/ HTTP/1.1" 200 6715 "https://finationglobal.com/account/login" "Mozilla/5.0 (Linux; Android 10; K) AppleWebKit/537.36 (KHTML, like Gecko) Chrome/135.0.0.0 Mobile Safari/537.36"
197.186.3.182 - - [19/Apr/2025:08:38:03 -0400] "GET /account/geneology HTTP/1.1" 200 4692 "https://finationglobal.com/account/" "Mozilla/5.0 (Linux; Android 10; K) AppleWebKit/537.36 (KHTML, like Gecko) Chrome/134.0.0.0 Mobile Safari/537.36"
197.186.3.182 - - [19/Apr/2025:08:38:03 -0400] "GET /account/treestyle.css HTTP/1.1" 200 576 "https://finationglobal.com/account/geneology" "Mozilla/5.0 (Linux; Android 10; K) AppleWebKit/537.36 (KHTML, like Gecko) Chrome/134.0.0.0 Mobile Safari/537.36"
197.186.3.182 - - [19/Apr/2025:08:38:03 -0400] "GET /assets/plugins/bootstrap/css/bootstrap.min.css HTTP/1.1" 200 21225 "https://finationglobal.com/account/geneology" "Mozilla/5.0 (Linux; Android 10; K) AppleWebKit/537.36 (KHTML, like Gecko) Chrome/134.0.0.0 Mobile Safari/537.36"
197.186.3.182 - - [19/Apr/2025:08:38:04 -0400] "GET /assets/css/style.css HTTP/1.1" 200 144740 "https://finationglobal.com/account/geneology" "Mozilla/5.0 (Linux; Android 10; K) AppleWebKit/537.36 (KHTML, like Gecko) Chrome/134.0.0.0 Mobile Safari/537.36"
197.186.3.182 - - [19/Apr/2025:08:38:04 -0400] "GET /assets/css/icons.css HTTP/1.1" 200 251 "https://finationglobal.com/account/geneology" "Mozilla/5.0 (Linux; Android 10; K) AppleWebKit/537.36 (KHTML, like Gecko) Chrome/134.0.0.0 Mobile Safari/537.36"
41.222.180.253 - - [19/Apr/2025:08:38:04 -0400] "GET /account/ HTTP/1.1" 200 6715 "https://finationglobal.com/account/login" "Mozilla/5.0 (Linux; Android 10; K) AppleWebKit/537.36 (KHTML, like Gecko) Chrome/135.0.0.0 Mobile Safari/537.36"
197.186.3.182 - - [19/Apr/2025:08:38:07 -0400] "POST /account/geneology HTTP/1.1" 200 4682 "https://finationglobal.com/account/geneology" "Mozilla/5.0 (Linux; Android 10; K) AppleWebKit/537.36 (KHTML, like Gecko) Chrome/134.0.0.0 Mobile Safari/537.36"
197.186.3.182 - - [19/Apr/2025:08:38:08 -0400] "GET /account/uploads/x.jpg HTTP/1.1" 200 2127 "https://finationglobal.com/account/geneology" "Mozilla/5.0 (Linux; Android 10; K) AppleWebKit/537.36 (KHTML, like Gecko) Chrome/134.0.0.0 Mobile Safari/537.36"
197.186.3.182 - - [19/Apr/2025:08:38:10 -0400] "POST /account/geneology HTTP/1.1" 200 4692 "https://finationglobal.com/account/geneology" "Mozilla/5.0 (Linux; Android 10; K) AppleWebKit/537.36 (KHTML, like Gecko) Chrome/134.0.0.0 Mobile Safari/537.36"
20.171.207.108 - - [19/Apr/2025:08:38:31 -0400] "GET /images/objects/brush-obj1.png HTTP/1.1" 404 1251 "-" "Mozilla/5.0 AppleWebKit/537.36 (KHTML, like Gecko; compatible; GPTBot/1.2; +https://openai.com/gptbot)"
197.186.3.182 - - [19/Apr/2025:08:38:45 -0400] "GET /account/geneology HTTP/1.1" 200 4692 "https://finationglobal.com/account/" "Mozilla/5.0 (Linux; Android 10; K) AppleWebKit/537.36 (KHTML, like Gecko) Chrome/134.0.0.0 Mobile Safari/537.36"
20.171.207.108 - - [19/Apr/2025:08:39:37 -0400] "GET /css/owl.carousel.min.css HTTP/1.1" 200 917 "-" "Mozilla/5.0 AppleWebKit/537.36 (KHTML, like Gecko; compatible; GPTBot/1.2; +https://openai.com/gptbot)"
20.171.207.108 - - [19/Apr/2025:08:40:38 -0400] "GET /assets/images/loader.svg HTTP/1.1" 200 329 "-" "Mozilla/5.0 AppleWebKit/537.36 (KHTML, like Gecko; compatible; GPTBot/1.2; +https://openai.com/gptbot)"
51.81.46.212 - - [19/Apr/2025:08:41:35 -0400] "GET / HTTP/1.1" 200 38507 "-" "-"
20.171.207.108 - - [19/Apr/2025:08:41:49 -0400] "GET /images/bg/banner1.jpg HTTP/1.1" 404 1251 "-" "Mozilla/5.0 AppleWebKit/537.36 (KHTML, like Gecko; compatible; GPTBot/1.2; +https://openai.com/gptbot)"
20.171.207.108 - - [19/Apr/2025:08:43:14 -0400] "GET /assets/plugins/gallery/fonts/lg.ttf?n1z373 HTTP/1.1" 200 3880 "-" "Mozilla/5.0 AppleWebKit/537.36 (KHTML, like Gecko; compatible; GPTBot/1.2; +https://openai.com/gptbot)"
197.186.3.182 - - [19/Apr/2025:08:43:29 -0400] "GET /account/register?ref=Mtweve HTTP/1.1" 200 1859 "-" "Mozilla/5.0 (Linux; Android 10; K) AppleWebKit/537.36 (KHTML, like Gecko) Chrome/134.0.0.0 Mobile Safari/537.36"
197.186.3.182 - - [19/Apr/2025:08:43:29 -0400] "GET /account/register?ref=Mtweve HTTP/1.1" 200 1859 "-" "Mozilla/5.0 (Linux; Android 10; K) AppleWebKit/537.36 (KHTML, like Gecko) Chrome/134.0.0.0 Mobile Safari/537.36"
197.186.3.182 - - [19/Apr/2025:08:43:33 -0400] "GET /account/control.php?confirm=Mtweve HTTP/1.1" 302 771 "https://finationglobal.com/account/register?ref=Mtweve" "Mozilla/5.0 (Linux; Android 10; K) AppleWebKit/537.36 (KHTML, like Gecko) Chrome/134.0.0.0 Mobile Safari/537.36"
197.186.3.182 - - [19/Apr/2025:08:43:33 -0400] "GET /account/control?confirm=Mtweve HTTP/1.1" 200 41 "https://finationglobal.com/account/register?ref=Mtweve" "Mozilla/5.0 (Linux; Android 10; K) AppleWebKit/537.36 (KHTML, like Gecko) Chrome/134.0.0.0 Mobile Safari/537.36"
197.186.3.182 - - [19/Apr/2025:08:44:12 -0400] "GET /account/login HTTP/1.1" 200 1297 "https://finationglobal.com/account/register?ref=Mtweve" "Mozilla/5.0 (Linux; Android 10; K) AppleWebKit/537.36 (KHTML, like Gecko) Chrome/134.0.0.0 Mobile Safari/537.36"
197.186.3.182 - - [19/Apr/2025:08:44:43 -0400] "POST /account/login HTTP/1.1" 302 1297 "https://finationglobal.com/account/login" "Mozilla/5.0 (Linux; Android 10; K) AppleWebKit/537.36 (KHTML, like Gecko) Chrome/134.0.0.0 Mobile Safari/537.36"
197.186.3.182 - - [19/Apr/2025:08:44:43 -0400] "GET /account/ HTTP/1.1" 200 6743 "https://finationglobal.com/account/login" "Mozilla/5.0 (Linux; Android 10; K) AppleWebKit/537.36 (KHTML, like Gecko) Chrome/134.0.0.0 Mobile Safari/537.36"
197.186.3.182 - - [19/Apr/2025:08:44:50 -0400] "GET /account/ HTTP/1.1" 200 6743 "https://finationglobal.com/account/login" "Mozilla/5.0 (Linux; Android 10; K) AppleWebKit/537.36 (KHTML, like Gecko) Chrome/134.0.0.0 Mobile Safari/537.36"
20.171.207.108 - - [19/Apr/2025:08:45:00 -0400] "GET /assets/plugins/jQuerytransfer/icon_font/font/iconfont.eot?t=1519785387995 HTTP/1.1" 200 11040 "-" "Mozilla/5.0 AppleWebKit/537.36 (KHTML, like Gecko; compatible; GPTBot/1.2; +https://openai.com/gptbot)"
197.186.3.182 - - [19/Apr/2025:08:45:04 -0400] "GET /account/geneology HTTP/1.1" 200 4755 "https://finationglobal.com/account/" "Mozilla/5.0 (Linux; Android 10; K) AppleWebKit/537.36 (KHTML, like Gecko) Chrome/134.0.0.0 Mobile Safari/537.36"
20.171.207.108 - - [19/Apr/2025:08:46:45 -0400] "GET /assets/plugins/iconfonts/remixicon/remixicon.css HTTP/1.1" 200 12884 "-" "Mozilla/5.0 AppleWebKit/537.36 (KHTML, like Gecko; compatible; GPTBot/1.2; +https://openai.com/gptbot)"
20.171.207.108 - - [19/Apr/2025:08:47:48 -0400] "GET /assets/iconfonts/glyphicons/fonts/glyphicons-halflings-regular.eot HTTP/1.1" 200 20127 "-" "Mozilla/5.0 AppleWebKit/537.36 (KHTML, like Gecko; compatible; GPTBot/1.2; +https://openai.com/gptbot)"
197.186.3.182 - - [19/Apr/2025:08:48:14 -0400] "GET /account/ HTTP/1.1" 200 6743 "https://finationglobal.com/account/login" "Mozilla/5.0 (Linux; Android 10; K) AppleWebKit/537.36 (KHTML, like Gecko) Chrome/134.0.0.0 Mobile Safari/537.36"
197.186.3.182 - - [19/Apr/2025:08:48:16 -0400] "GET /account/login HTTP/1.1" 200 1297 "https://finationglobal.com/account/register?ref=Mtweve" "Mozilla/5.0 (Linux; Android 10; K) AppleWebKit/537.36 (KHTML, like Gecko) Chrome/134.0.0.0 Mobile Safari/537.36"
197.186.3.182 - - [19/Apr/2025:08:48:17 -0400] "GET /account/register?ref=Mtweve HTTP/1.1" 200 1859 "-" "Mozilla/5.0 (Linux; Android 10; K) AppleWebKit/537.36 (KHTML, like Gecko) Chrome/134.0.0.0 Mobile Safari/537.36"
197.186.3.182 - - [19/Apr/2025:08:48:20 -0400] "GET /account/control.php?confirm=Mtweve HTTP/1.1" 302 771 "https://finationglobal.com/account/register?ref=Mtweve" "Mozilla/5.0 (Linux; Android 10; K) AppleWebKit/537.36 (KHTML, like Gecko) Chrome/134.0.0.0 Mobile Safari/537.36"
197.186.3.182 - - [19/Apr/2025:08:48:20 -0400] "GET /account/control?confirm=Mtweve HTTP/1.1" 200 41 "https://finationglobal.com/account/register?ref=Mtweve" "Mozilla/5.0 (Linux; Android 10; K) AppleWebKit/537.36 (KHTML, like Gecko) Chrome/134.0.0.0 Mobile Safari/537.36"
20.171.207.108 - - [19/Apr/2025:08:49:10 -0400] "GET /assets/iconfonts/glyphicons/fonts/glyphicons-halflings-regular.ttf HTTP/1.1" 200 45404 "-" "Mozilla/5.0 AppleWebKit/537.36 (KHTML, like Gecko; compatible; GPTBot/1.2; +https://openai.com/gptbot)"
197.186.3.182 - - [19/Apr/2025:08:49:22 -0400] "GET /r/Mtweve HTTP/1.1" 301 795 "-" "WhatsApp/2.23.20.0"
197.186.3.182 - - [19/Apr/2025:08:49:22 -0400] "GET /account/register?ref=Mtweve HTTP/1.1" 200 2220 "-" "WhatsApp/2.23.20.0"
197.186.3.182 - - [19/Apr/2025:08:49:23 -0400] "GET /favicon.ico HTTP/1.1" 404 1251 "-" "WhatsApp/2.23.20.0"
197.186.3.182 - - [19/Apr/2025:08:49:25 -0400] "GET /r HTTP/1.1" 404 1251 "-" "WhatsApp/2.23.20.0"
197.186.3.182 - - [19/Apr/2025:08:49:27 -0400] "GET /r/g HTTP/1.1" 301 795 "-" "WhatsApp/2.23.20.0"
197.186.3.182 - - [19/Apr/2025:08:49:27 -0400] "GET /account/register?ref=g HTTP/1.1" 200 2217 "-" "WhatsApp/2.23.20.0"
197.186.3.182 - - [19/Apr/2025:08:49:28 -0400] "GET /favicon.ico HTTP/1.1" 404 1251 "-" "WhatsApp/2.23.20.0"
197.186.3.182 - - [19/Apr/2025:08:49:29 -0400] "GET /r/gida HTTP/1.1" 301 795 "-" "WhatsApp/2.23.20.0"
197.186.3.182 - - [19/Apr/2025:08:49:29 -0400] "GET /account/register?ref=gida HTTP/1.1" 200 2219 "-" "WhatsApp/2.23.20.0"
197.186.3.182 - - [19/Apr/2025:08:49:29 -0400] "GET /favicon.ico HTTP/1.1" 404 1251 "-" "WhatsApp/2.23.20.0"
197.186.3.182 - - [19/Apr/2025:08:49:30 -0400] "GET /r/gidah HTTP/1.1" 301 795 "-" "WhatsApp/2.23.20.0"
197.186.3.182 - - [19/Apr/2025:08:49:30 -0400] "GET /account/register?ref=gidah HTTP/1.1" 200 2220 "-" "WhatsApp/2.23.20.0"
197.186.3.182 - - [19/Apr/2025:08:49:31 -0400] "GET /favicon.ico HTTP/1.1" 404 1251 "-" "WhatsApp/2.23.20.0"
197.186.3.182 - - [19/Apr/2025:08:49:33 -0400] "GET /r/gidahonda HTTP/1.1" 301 795 "-" "WhatsApp/2.23.20.0"
197.186.3.182 - - [19/Apr/2025:08:49:34 -0400] "GET /account/register?ref=gidahonda HTTP/1.1" 200 2223 "-" "WhatsApp/2.23.20.0"
197.186.3.182 - - [19/Apr/2025:08:49:34 -0400] "GET /favicon.ico HTTP/1.1" 404 1251 "-" "WhatsApp/2.23.20.0"
197.186.3.182 - - [19/Apr/2025:08:49:58 -0400] "GET /account/register?ref=Mtweve HTTP/1.1" 200 1859 "-" "Mozilla/5.0 (Linux; Android 10; K) AppleWebKit/537.36 (KHTML, like Gecko) Chrome/134.0.0.0 Mobile Safari/537.36"
197.186.3.182 - - [19/Apr/2025:08:50:00 -0400] "GET /account/control.php?confirm=Mtweve HTTP/1.1" 302 771 "https://finationglobal.com/account/register?ref=Mtweve" "Mozilla/5.0 (Linux; Android 10; K) AppleWebKit/537.36 (KHTML, like Gecko) Chrome/134.0.0.0 Mobile Safari/537.36"
197.186.3.182 - - [19/Apr/2025:08:50:00 -0400] "GET /account/control?confirm=Mtweve HTTP/1.1" 200 41 "https://finationglobal.com/account/register?ref=Mtweve" "Mozilla/5.0 (Linux; Android 10; K) AppleWebKit/537.36 (KHTML, like Gecko) Chrome/134.0.0.0 Mobile Safari/537.36"
197.186.3.182 - - [19/Apr/2025:08:50:03 -0400] "GET /account/login HTTP/1.1" 200 1297 "https://finationglobal.com/account/register?ref=Mtweve" "Mozilla/5.0 (Linux; Android 10; K) AppleWebKit/537.36 (KHTML, like Gecko) Chrome/134.0.0.0 Mobile Safari/537.36"
154.74.190.25 - - [19/Apr/2025:08:50:22 -0400] "POST /account/index HTTP/1.1" 302 508 "https://finationglobal.com/account/index" "Mozilla/5.0 (Linux; Android 10; K) AppleWebKit/537.36 (KHTML, like Gecko) Chrome/132.0.0.0 Mobile Safari/537.36"
154.74.190.25 - - [19/Apr/2025:08:50:22 -0400] "POST /account/index HTTP/1.1" 302 508 "https://finationglobal.com/account/index" "Mozilla/5.0 (Linux; Android 10; K) AppleWebKit/537.36 (KHTML, like Gecko) Chrome/132.0.0.0 Mobile Safari/537.36"
154.74.190.25 - - [19/Apr/2025:08:50:23 -0400] "GET /account/login.php HTTP/1.1" 302 771 "https://finationglobal.com/account/index" "Mozilla/5.0 (Linux; Android 10; K) AppleWebKit/537.36 (KHTML, like Gecko) Chrome/132.0.0.0 Mobile Safari/537.36"
154.74.190.25 - - [19/Apr/2025:08:50:23 -0400] "GET /account/login HTTP/1.1" 200 1297 "https://finationglobal.com/account/index" "Mozilla/5.0 (Linux; Android 10; K) AppleWebKit/537.36 (KHTML, like Gecko) Chrome/132.0.0.0 Mobile Safari/537.36"
20.171.207.108 - - [19/Apr/2025:08:50:28 -0400] "GET /assets/images/payments/bitpay.svg HTTP/1.1" 200 3435 "-" "Mozilla/5.0 AppleWebKit/537.36 (KHTML, like Gecko; compatible; GPTBot/1.2; +https://openai.com/gptbot)"
154.74.190.25 - - [19/Apr/2025:08:50:38 -0400] "GET /account/register?ref=zapoka HTTP/1.1" 200 1860 "-" "Mozilla/5.0 (Linux; Android 10; K) AppleWebKit/537.36 (KHTML, like Gecko) Chrome/132.0.0.0 Mobile Safari/537.36"
154.74.190.25 - - [19/Apr/2025:08:50:40 -0400] "GET /account/control.php?confirm=zapoka HTTP/1.1" 302 771 "https://finationglobal.com/account/register?ref=zapoka" "Mozilla/5.0 (Linux; Android 10; K) AppleWebKit/537.36 (KHTML, like Gecko) Chrome/132.0.0.0 Mobile Safari/537.36"
197.186.3.182 - - [19/Apr/2025:08:50:46 -0400] "GET /account/register?ref=Mtweve HTTP/1.1" 200 1859 "-" "Mozilla/5.0 (Linux; Android 10; K) AppleWebKit/537.36 (KHTML, like Gecko) Chrome/134.0.0.0 Mobile Safari/537.36"
197.186.3.182 - - [19/Apr/2025:08:50:47 -0400] "GET /account/control.php?confirm=Mtweve HTTP/1.1" 302 771 "https://finationglobal.com/account/register?ref=Mtweve" "Mozilla/5.0 (Linux; Android 10; K) AppleWebKit/537.36 (KHTML, like Gecko) Chrome/134.0.0.0 Mobile Safari/537.36"
197.186.3.182 - - [19/Apr/2025:08:50:47 -0400] "GET /account/control?confirm=Mtweve HTTP/1.1" 200 41 "https://finationglobal.com/account/register?ref=Mtweve" "Mozilla/5.0 (Linux; Android 10; K) AppleWebKit/537.36 (KHTML, like Gecko) Chrome/134.0.0.0 Mobile Safari/537.36"
197.186.3.182 - - [19/Apr/2025:08:50:49 -0400] "GET /account/login HTTP/1.1" 200 1297 "https://finationglobal.com/account/register?ref=Mtweve" "Mozilla/5.0 (Linux; Android 10; K) AppleWebKit/537.36 (KHTML, like Gecko) Chrome/134.0.0.0 Mobile Safari/537.36"
20.171.207.108 - - [19/Apr/2025:08:51:17 -0400] "GET /assets/images/payments/square.svg HTTP/1.1" 200 2125 "-" "Mozilla/5.0 AppleWebKit/537.36 (KHTML, like Gecko; compatible; GPTBot/1.2; +https://openai.com/gptbot)"
197.186.3.182 - - [19/Apr/2025:08:51:18 -0400] "POST /account/login HTTP/1.1" 200 1507 "https://finationglobal.com/account/login" "Mozilla/5.0 (Linux; Android 10; K) AppleWebKit/537.36 (KHTML, like Gecko) Chrome/134.0.0.0 Mobile Safari/537.36"
197.186.3.182 - - [19/Apr/2025:08:51:34 -0400] "POST /account/login HTTP/1.1" 302 1297 "https://finationglobal.com/account/login" "Mozilla/5.0 (Linux; Android 10; K) AppleWebKit/537.36 (KHTML, like Gecko) Chrome/134.0.0.0 Mobile Safari/537.36"
197.186.3.182 - - [19/Apr/2025:08:51:35 -0400] "GET /account/ HTTP/1.1" 200 6743 "https://finationglobal.com/account/login" "Mozilla/5.0 (Linux; Android 10; K) AppleWebKit/537.36 (KHTML, like Gecko) Chrome/134.0.0.0 Mobile Safari/537.36"
197.186.3.182 - - [19/Apr/2025:08:51:58 -0400] "GET /account/geneology HTTP/1.1" 200 4757 "https://finationglobal.com/account/" "Mozilla/5.0 (Linux; Android 10; K) AppleWebKit/537.36 (KHTML, like Gecko) Chrome/134.0.0.0 Mobile Safari/537.36"
197.186.3.182 - - [19/Apr/2025:08:52:16 -0400] "GET /account/login HTTP/1.1" 200 1297 "https://finationglobal.com/account/register?ref=Mtweve" "Mozilla/5.0 (Linux; Android 10; K) AppleWebKit/537.36 (KHTML, like Gecko) Chrome/134.0.0.0 Mobile Safari/537.36"
197.186.3.182 - - [19/Apr/2025:08:52:19 -0400] "GET /account/register?ref=Mtweve HTTP/1.1" 200 1859 "-" "Mozilla/5.0 (Linux; Android 10; K) AppleWebKit/537.36 (KHTML, like Gecko) Chrome/134.0.0.0 Mobile Safari/537.36"
197.186.3.182 - - [19/Apr/2025:08:52:20 -0400] "GET /account/control.php?confirm=Mtweve HTTP/1.1" 302 771 "https://finationglobal.com/account/register?ref=Mtweve" "Mozilla/5.0 (Linux; Android 10; K) AppleWebKit/537.36 (KHTML, like Gecko) Chrome/134.0.0.0 Mobile Safari/537.36"
197.186.3.182 - - [19/Apr/2025:08:52:20 -0400] "GET /account/control?confirm=Mtweve HTTP/1.1" 200 41 "https://finationglobal.com/account/register?ref=Mtweve" "Mozilla/5.0 (Linux; Android 10; K) AppleWebKit/537.36 (KHTML, like Gecko) Chrome/134.0.0.0 Mobile Safari/537.36"
20.171.207.108 - - [19/Apr/2025:08:52:26 -0400] "GET /assets/images/payments/ripple.svg HTTP/1.1" 200 3068 "-" "Mozilla/5.0 AppleWebKit/537.36 (KHTML, like Gecko; compatible; GPTBot/1.2; +https://openai.com/gptbot)"
197.186.3.182 - - [19/Apr/2025:08:52:43 -0400] "GET /r/M HTTP/1.1" 301 795 "-" "WhatsApp/2.23.20.0"
197.186.3.182 - - [19/Apr/2025:08:52:43 -0400] "GET /account/register?ref=M HTTP/1.1" 200 2217 "-" "WhatsApp/2.23.20.0"
197.186.3.182 - - [19/Apr/2025:08:52:44 -0400] "GET /favicon.ico HTTP/1.1" 404 1251 "-" "WhatsApp/2.23.20.0"
197.186.3.182 - - [19/Apr/2025:08:52:45 -0400] "GET /r/gi HTTP/1.1" 301 795 "-" "WhatsApp/2.23.20.0"
197.186.3.182 - - [19/Apr/2025:08:52:46 -0400] "GET /account/register?ref=gi HTTP/1.1" 200 2218 "-" "WhatsApp/2.23.20.0"
197.186.3.182 - - [19/Apr/2025:08:52:46 -0400] "GET /favicon.ico HTTP/1.1" 404 1251 "-" "WhatsApp/2.23.20.0"
197.186.3.182 - - [19/Apr/2025:08:52:46 -0400] "GET /r/gid HTTP/1.1" 301 795 "-" "WhatsApp/2.23.20.0"
197.186.3.182 - - [19/Apr/2025:08:52:47 -0400] "GET /account/register?ref=gid HTTP/1.1" 200 2218 "-" "WhatsApp/2.23.20.0"
197.186.3.182 - - [19/Apr/2025:08:52:47 -0400] "GET /favicon.ico HTTP/1.1" 404 1251 "-" "WhatsApp/2.23.20.0"
197.186.3.182 - - [19/Apr/2025:08:52:49 -0400] "GET /r/gidaho HTTP/1.1" 301 795 "-" "WhatsApp/2.23.20.0"
197.186.3.182 - - [19/Apr/2025:08:52:50 -0400] "GET /account/register?ref=gidaho HTTP/1.1" 200 2221 "-" "WhatsApp/2.23.20.0"
197.186.3.182 - - [19/Apr/2025:08:52:50 -0400] "GET /favicon.ico HTTP/1.1" 404 1251 "-" "WhatsApp/2.23.20.0"
197.186.3.182 - - [19/Apr/2025:08:52:51 -0400] "GET /r/gidahond HTTP/1.1" 301 795 "-" "WhatsApp/2.23.20.0"
197.186.3.182 - - [19/Apr/2025:08:52:51 -0400] "GET /account/register?ref=gidahond HTTP/1.1" 200 2222 "-" "WhatsApp/2.23.20.0"
197.186.3.182 - - [19/Apr/2025:08:52:52 -0400] "GET /favicon.ico HTTP/1.1" 404 1251 "-" "WhatsApp/2.23.20.0"
197.186.3.182 - - [19/Apr/2025:08:53:09 -0400] "GET /account/register?ref=Mtweve HTTP/1.1" 200 1859 "-" "Mozilla/5.0 (Linux; Android 10; K) AppleWebKit/537.36 (KHTML, like Gecko) Chrome/134.0.0.0 Mobile Safari/537.36"
197.186.3.182 - - [19/Apr/2025:08:53:10 -0400] "GET /account/control.php?confirm=Mtweve HTTP/1.1" 302 771 "https://finationglobal.com/account/register?ref=Mtweve" "Mozilla/5.0 (Linux; Android 10; K) AppleWebKit/537.36 (KHTML, like Gecko) Chrome/134.0.0.0 Mobile Safari/537.36"
197.186.3.182 - - [19/Apr/2025:08:53:11 -0400] "GET /account/control?confirm=Mtweve HTTP/1.1" 200 41 "https://finationglobal.com/account/register?ref=Mtweve" "Mozilla/5.0 (Linux; Android 10; K) AppleWebKit/537.36 (KHTML, like Gecko) Chrome/134.0.0.0 Mobile Safari/537.36"
