197.186.3.182 - - [19/Apr/2025:08:53:30 -0400] "GET /account/register?ref=Mtweve HTTP/1.1" 200 1859 "-" "Mozilla/5.0 (Linux; Android 10; K) AppleWebKit/537.36 (KHTML, like Gecko) Chrome/134.0.0.0 Mobile Safari/537.36"
197.186.3.182 - - [19/Apr/2025:08:53:31 -0400] "GET /account/control.php?confirm=Mtweve HTTP/1.1" 302 771 "https://finationglobal.com/account/register?ref=Mtweve" "Mozilla/5.0 (Linux; Android 10; K) AppleWebKit/537.36 (KHTML, like Gecko) Chrome/134.0.0.0 Mobile Safari/537.36"
197.186.3.182 - - [19/Apr/2025:08:53:31 -0400] "GET /account/control?confirm=Mtweve HTTP/1.1" 200 41 "https://finationglobal.com/account/register?ref=Mtweve" "Mozilla/5.0 (Linux; Android 10; K) AppleWebKit/537.36 (KHTML, like Gecko) Chrome/134.0.0.0 Mobile Safari/537.36"
197.186.3.182 - - [19/Apr/2025:08:53:33 -0400] "GET /account/login HTTP/1.1" 200 1297 "https://finationglobal.com/account/register?ref=Mtweve" "Mozilla/5.0 (Linux; Android 10; K) AppleWebKit/537.36 (KHTML, like Gecko) Chrome/134.0.0.0 Mobile Safari/537.36"
20.171.207.108 - - [19/Apr/2025:08:53:35 -0400] "GET /assets/images/payments/stripe.svg HTTP/1.1" 200 1963 "-" "Mozilla/5.0 AppleWebKit/537.36 (KHTML, like Gecko; compatible; GPTBot/1.2; +https://openai.com/gptbot)"
197.186.3.182 - - [19/Apr/2025:08:53:49 -0400] "POST /account/login HTTP/1.1" 302 1297 "https://finationglobal.com/account/login" "Mozilla/5.0 (Linux; Android 10; K) AppleWebKit/537.36 (KHTML, like Gecko) Chrome/134.0.0.0 Mobile Safari/537.36"
197.186.3.182 - - [19/Apr/2025:08:53:49 -0400] "GET /account/ HTTP/1.1" 200 6743 "https://finationglobal.com/account/login" "Mozilla/5.0 (Linux; Android 10; K) AppleWebKit/537.36 (KHTML, like Gecko) Chrome/134.0.0.0 Mobile Safari/537.36"
197.186.3.182 - - [19/Apr/2025:08:53:55 -0400] "GET /account/ HTTP/1.1" 200 6743 "https://finationglobal.com/account/login" "Mozilla/5.0 (Linux; Android 10; K) AppleWebKit/537.36 (KHTML, like Gecko) Chrome/134.0.0.0 Mobile Safari/537.36"
197.186.3.182 - - [19/Apr/2025:08:54:04 -0400] "GET /account/geneology HTTP/1.1" 200 4755 "https://finationglobal.com/account/" "Mozilla/5.0 (Linux; Android 10; K) AppleWebKit/537.36 (KHTML, like Gecko) Chrome/134.0.0.0 Mobile Safari/537.36"
20.171.207.108 - - [19/Apr/2025:08:55:05 -0400] "GET /assets/images/payments/payone.svg HTTP/1.1" 200 1313 "-" "Mozilla/5.0 AppleWebKit/537.36 (KHTML, like Gecko; compatible; GPTBot/1.2; +https://openai.com/gptbot)"
197.186.3.182 - - [19/Apr/2025:08:55:24 -0400] "GET /account/register?ref=Mtweve HTTP/1.1" 200 1859 "-" "Mozilla/5.0 (Linux; Android 10; K) AppleWebKit/537.36 (KHTML, like Gecko) Chrome/134.0.0.0 Mobile Safari/537.36"
197.186.3.182 - - [19/Apr/2025:08:55:26 -0400] "GET /account/control.php?confirm=Mtweve HTTP/1.1" 302 771 "https://finationglobal.com/account/register?ref=Mtweve" "Mozilla/5.0 (Linux; Android 10; K) AppleWebKit/537.36 (KHTML, like Gecko) Chrome/134.0.0.0 Mobile Safari/537.36"
197.186.3.182 - - [19/Apr/2025:08:55:27 -0400] "GET /account/control?confirm=Mtweve HTTP/1.1" 200 41 "https://finationglobal.com/account/register?ref=Mtweve" "Mozilla/5.0 (Linux; Android 10; K) AppleWebKit/537.36 (KHTML, like Gecko) Chrome/134.0.0.0 Mobile Safari/537.36"
20.171.207.108 - - [19/Apr/2025:08:56:32 -0400] "GET /assets/images/payments/alipay.svg HTTP/1.1" 200 2129 "-" "Mozilla/5.0 AppleWebKit/537.36 (KHTML, like Gecko; compatible; GPTBot/1.2; +https://openai.com/gptbot)"
20.171.207.108 - - [19/Apr/2025:08:57:35 -0400] "GET /assets/images/payments/monero.svg HTTP/1.1" 200 1782 "-" "Mozilla/5.0 AppleWebKit/537.36 (KHTML, like Gecko; compatible; GPTBot/1.2; +https://openai.com/gptbot)"
111.225.149.105 - - [19/Apr/2025:08:57:46 -0400] "GET /robots.txt HTTP/1.1" 404 1251 "-" "Mozilla/5.0 (Linux; Android 5.0) AppleWebKit/537.36 (KHTML, like Gecko) Mobile Safari/537.36 (compatible; Bytespider; https://zhanzhang.toutiao.com/)"
41.222.180.253 - - [19/Apr/2025:08:57:56 -0400] "GET /r/swai HTTP/1.1" 301 795 "-" "Mozilla/5.0 (Linux; Android 10; K) AppleWebKit/537.36 (KHTML, like Gecko) Chrome/135.0.0.0 Mobile Safari/537.36"
41.222.180.253 - - [19/Apr/2025:08:57:56 -0400] "GET /account/register?ref=swai HTTP/1.1" 200 1849 "-" "Mozilla/5.0 (Linux; Android 10; K) AppleWebKit/537.36 (KHTML, like Gecko) Chrome/135.0.0.0 Mobile Safari/537.36"
41.222.180.253 - - [19/Apr/2025:08:57:56 -0400] "GET /account/control.php?confirm=swai HTTP/1.1" 302 771 "https://finationglobal.com/account/register?ref=swai" "Mozilla/5.0 (Linux; Android 10; K) AppleWebKit/537.36 (KHTML, like Gecko) Chrome/135.0.0.0 Mobile Safari/537.36"
41.222.180.253 - - [19/Apr/2025:08:57:57 -0400] "GET /account/control?confirm=swai HTTP/1.1" 200 32 "https://finationglobal.com/account/register?ref=swai" "Mozilla/5.0 (Linux; Android 10; K) AppleWebKit/537.36 (KHTML, like Gecko) Chrome/135.0.0.0 Mobile Safari/537.36"
20.171.207.108 - - [19/Apr/2025:08:58:26 -0400] "GET /assets/images/payments/switch.svg HTTP/1.1" 200 1868 "-" "Mozilla/5.0 AppleWebKit/537.36 (KHTML, like Gecko; compatible; GPTBot/1.2; +https://openai.com/gptbot)"
20.171.207.108 - - [19/Apr/2025:08:59:29 -0400] "GET /assets/images/payments/klarna.svg HTTP/1.1" 200 3336 "-" "Mozilla/5.0 AppleWebKit/537.36 (KHTML, like Gecko; compatible; GPTBot/1.2; +https://openai.com/gptbot)"
41.222.180.253 - - [19/Apr/2025:08:59:29 -0400] "POST /account/register?ref=swai HTTP/1.1" 302 2042 "https://finationglobal.com/account/register?ref=swai" "Mozilla/5.0 (Linux; Android 10; K) AppleWebKit/537.36 (KHTML, like Gecko) Chrome/135.0.0.0 Mobile Safari/537.36"
41.222.180.253 - - [19/Apr/2025:08:59:29 -0400] "GET /account/ HTTP/1.1" 302 508 "https://finationglobal.com/account/register?ref=swai" "Mozilla/5.0 (Linux; Android 10; K) AppleWebKit/537.36 (KHTML, like Gecko) Chrome/135.0.0.0 Mobile Safari/537.36"
41.222.180.253 - - [19/Apr/2025:08:59:30 -0400] "GET /account/index HTTP/1.1" 200 6433 "https://finationglobal.com/account/register?ref=swai" "Mozilla/5.0 (Linux; Android 10; K) AppleWebKit/537.36 (KHTML, like Gecko) Chrome/135.0.0.0 Mobile Safari/537.36"
20.171.207.108 - - [19/Apr/2025:09:00:19 -0400] "GET /assets/images/payments/amazon.svg HTTP/1.1" 200 3337 "-" "Mozilla/5.0 AppleWebKit/537.36 (KHTML, like Gecko; compatible; GPTBot/1.2; +https://openai.com/gptbot)"
20.171.207.108 - - [19/Apr/2025:09:01:24 -0400] "GET /assets/images/payments/americanexpress.svg HTTP/1.1" 200 3777 "-" "Mozilla/5.0 AppleWebKit/537.36 (KHTML, like Gecko; compatible; GPTBot/1.2; +https://openai.com/gptbot)"
20.171.207.108 - - [19/Apr/2025:09:03:02 -0400] "GET /assets/images/flags/de.svg HTTP/1.1" 200 209 "-" "Mozilla/5.0 AppleWebKit/537.36 (KHTML, like Gecko; compatible; GPTBot/1.2; +https://openai.com/gptbot)"
20.171.207.108 - - [19/Apr/2025:09:03:49 -0400] "GET /assets/iconfonts/glyphicons/glyphicon.css HTTP/1.1" 200 2217 "-" "Mozilla/5.0 AppleWebKit/537.36 (KHTML, like Gecko; compatible; GPTBot/1.2; +https://openai.com/gptbot)"
20.171.207.108 - - [19/Apr/2025:09:05:14 -0400] "GET /assets/images/browsers/camino.svg HTTP/1.1" 200 8215 "-" "Mozilla/5.0 AppleWebKit/537.36 (KHTML, like Gecko; compatible; GPTBot/1.2; +https://openai.com/gptbot)"
20.171.207.108 - - [19/Apr/2025:09:06:35 -0400] "GET /assets/images/flags/mh.svg HTTP/1.1" 200 547 "-" "Mozilla/5.0 AppleWebKit/537.36 (KHTML, like Gecko; compatible; GPTBot/1.2; +https://openai.com/gptbot)"
20.171.207.108 - - [19/Apr/2025:09:08:35 -0400] "GET /assets/images/flags/tz.svg HTTP/1.1" 200 313 "-" "Mozilla/5.0 AppleWebKit/537.36 (KHTML, like Gecko; compatible; GPTBot/1.2; +https://openai.com/gptbot)"
20.171.207.108 - - [19/Apr/2025:09:09:57 -0400] "GET /assets/images/flags/dj.svg HTTP/1.1" 200 329 "-" "Mozilla/5.0 AppleWebKit/537.36 (KHTML, like Gecko; compatible; GPTBot/1.2; +https://openai.com/gptbot)"
41.222.180.253 - - [19/Apr/2025:09:10:06 -0400] "GET /account/register?ref=swai HTTP/1.1" 200 1849 "-" "Mozilla/5.0 (Linux; Android 10; K) AppleWebKit/537.36 (KHTML, like Gecko) Chrome/135.0.0.0 Mobile Safari/537.36"
41.222.180.253 - - [19/Apr/2025:09:10:07 -0400] "GET /account/control.php?confirm=swai HTTP/1.1" 302 771 "https://finationglobal.com/account/register?ref=swai" "Mozilla/5.0 (Linux; Android 10; K) AppleWebKit/537.36 (KHTML, like Gecko) Chrome/135.0.0.0 Mobile Safari/537.36"
41.222.180.253 - - [19/Apr/2025:09:10:07 -0400] "GET /account/control?confirm=swai HTTP/1.1" 200 32 "https://finationglobal.com/account/register?ref=swai" "Mozilla/5.0 (Linux; Android 10; K) AppleWebKit/537.36 (KHTML, like Gecko) Chrome/135.0.0.0 Mobile Safari/537.36"
66.249.66.66 - - [19/Apr/2025:09:11:42 -0400] "GET /?shopdetail/29706071 HTTP/1.1" 200 6422 "-" "Mozilla/5.0 (Linux; Android 6.0.1; Nexus 5X Build/MMB29P) AppleWebKit/537.36 (KHTML, like Gecko) Chrome/135.0.7049.95 Mobile Safari/537.36 (compatible; GoogleOther)"
20.171.207.108 - - [19/Apr/2025:09:11:44 -0400] "GET /assets/images/flags/no.svg HTTP/1.1" 200 157 "-" "Mozilla/5.0 AppleWebKit/537.36 (KHTML, like Gecko; compatible; GPTBot/1.2; +https://openai.com/gptbot)"
20.171.207.108 - - [19/Apr/2025:09:12:59 -0400] "GET /assets/images/flags/me.svg HTTP/1.1" 200 40715 "-" "Mozilla/5.0 AppleWebKit/537.36 (KHTML, like Gecko; compatible; GPTBot/1.2; +https://openai.com/gptbot)"
20.171.207.108 - - [19/Apr/2025:09:14:48 -0400] "GET /assets/images/flags/um.svg HTTP/1.1" 200 808 "-" "Mozilla/5.0 AppleWebKit/537.36 (KHTML, like Gecko; compatible; GPTBot/1.2; +https://openai.com/gptbot)"
41.222.180.253 - - [19/Apr/2025:09:15:52 -0400] "GET /account/register?ref=swai HTTP/1.1" 200 1849 "-" "Mozilla/5.0 (Linux; Android 10; K) AppleWebKit/537.36 (KHTML, like Gecko) Chrome/135.0.0.0 Mobile Safari/537.36"
41.222.180.253 - - [19/Apr/2025:09:15:53 -0400] "GET /account/control.php?confirm=swai HTTP/1.1" 302 771 "https://finationglobal.com/account/register?ref=swai" "Mozilla/5.0 (Linux; Android 10; K) AppleWebKit/537.36 (KHTML, like Gecko) Chrome/135.0.0.0 Mobile Safari/537.36"
41.222.180.253 - - [19/Apr/2025:09:15:53 -0400] "GET /account/control?confirm=swai HTTP/1.1" 200 32 "https://finationglobal.com/account/register?ref=swai" "Mozilla/5.0 (Linux; Android 10; K) AppleWebKit/537.36 (KHTML, like Gecko) Chrome/135.0.0.0 Mobile Safari/537.36"
20.171.207.108 - - [19/Apr/2025:09:16:17 -0400] "GET /assets/images/flags/sg.svg HTTP/1.1" 200 481 "-" "Mozilla/5.0 AppleWebKit/537.36 (KHTML, like Gecko; compatible; GPTBot/1.2; +https://openai.com/gptbot)"
20.171.207.108 - - [19/Apr/2025:09:17:23 -0400] "GET /assets/images/flags/bz.svg HTTP/1.1" 200 29219 "-" "Mozilla/5.0 AppleWebKit/537.36 (KHTML, like Gecko; compatible; GPTBot/1.2; +https://openai.com/gptbot)"
41.222.180.253 - - [19/Apr/2025:09:18:54 -0400] "POST /account/register?ref=swai HTTP/1.1" 302 2042 "https://finationglobal.com/account/register?ref=swai" "Mozilla/5.0 (Linux; Android 10; K) AppleWebKit/537.36 (KHTML, like Gecko) Chrome/135.0.0.0 Mobile Safari/537.36"
41.222.180.253 - - [19/Apr/2025:09:18:55 -0400] "GET /account/ HTTP/1.1" 302 508 "https://finationglobal.com/account/register?ref=swai" "Mozilla/5.0 (Linux; Android 10; K) AppleWebKit/537.36 (KHTML, like Gecko) Chrome/135.0.0.0 Mobile Safari/537.36"
41.222.180.253 - - [19/Apr/2025:09:18:55 -0400] "GET /account/index HTTP/1.1" 200 6388 "https://finationglobal.com/account/register?ref=swai" "Mozilla/5.0 (Linux; Android 10; K) AppleWebKit/537.36 (KHTML, like Gecko) Chrome/135.0.0.0 Mobile Safari/537.36"
20.171.207.108 - - [19/Apr/2025:09:19:27 -0400] "GET /assets/images/flags/gs.svg HTTP/1.1" 200 15635 "-" "Mozilla/5.0 AppleWebKit/537.36 (KHTML, like Gecko; compatible; GPTBot/1.2; +https://openai.com/gptbot)"
20.171.207.108 - - [19/Apr/2025:09:20:54 -0400] "GET /assets/images/flags/ee.svg HTTP/1.1" 200 183 "-" "Mozilla/5.0 AppleWebKit/537.36 (KHTML, like Gecko; compatible; GPTBot/1.2; +https://openai.com/gptbot)"
20.171.207.108 - - [19/Apr/2025:09:22:44 -0400] "GET /assets/images/flags/mv.svg HTTP/1.1" 200 278 "-" "Mozilla/5.0 AppleWebKit/537.36 (KHTML, like Gecko; compatible; GPTBot/1.2; +https://openai.com/gptbot)"
20.171.207.108 - - [19/Apr/2025:09:23:58 -0400] "GET /assets/images/flags/kp.svg HTTP/1.1" 200 453 "-" "Mozilla/5.0 AppleWebKit/537.36 (KHTML, like Gecko; compatible; GPTBot/1.2; +https://openai.com/gptbot)"
20.171.207.108 - - [19/Apr/2025:09:24:59 -0400] "GET /assets/images/flags/tc.svg HTTP/1.1" 200 4428 "-" "Mozilla/5.0 AppleWebKit/537.36 (KHTML, like Gecko; compatible; GPTBot/1.2; +https://openai.com/gptbot)"
20.171.207.108 - - [19/Apr/2025:09:26:52 -0400] "GET /assets/images/flags/us.svg HTTP/1.1" 200 564 "-" "Mozilla/5.0 AppleWebKit/537.36 (KHTML, like Gecko; compatible; GPTBot/1.2; +https://openai.com/gptbot)"
197.250.204.71 - - [19/Apr/2025:09:27:11 -0400] "GET /account/fundtransfer HTTP/1.1" 200 0 "https://finationglobal.com/account/fundtransfer" "Mozilla/5.0 (Linux; Android 10; K) AppleWebKit/537.36 (KHTML, like Gecko) Chrome/133.0.0.0 Mobile Safari/537.36"
197.250.204.71 - - [19/Apr/2025:09:27:11 -0400] "GET /account/fundtransfer HTTP/1.1" 302 508 "https://finationglobal.com/account/geneology?user=binak02" "Mozilla/5.0 (Linux; Android 10; K) AppleWebKit/537.36 (KHTML, like Gecko) Chrome/133.0.0.0 Mobile Safari/537.36"
197.250.204.71 - - [19/Apr/2025:09:27:12 -0400] "GET /account/login.php HTTP/1.1" 302 771 "https://finationglobal.com/account/geneology?user=binak02" "Mozilla/5.0 (Linux; Android 10; K) AppleWebKit/537.36 (KHTML, like Gecko) Chrome/133.0.0.0 Mobile Safari/537.36"
197.250.204.71 - - [19/Apr/2025:09:27:12 -0400] "GET /account/login HTTP/1.1" 200 1297 "https://finationglobal.com/account/geneology?user=binak02" "Mozilla/5.0 (Linux; Android 10; K) AppleWebKit/537.36 (KHTML, like Gecko) Chrome/133.0.0.0 Mobile Safari/537.36"
197.250.204.71 - - [19/Apr/2025:09:27:12 -0400] "GET /account/geneology?user=binak02 HTTP/1.1" 302 518 "https://finationglobal.com/account/geneology?user=blessedman01" "Mozilla/5.0 (Linux; Android 10; K) AppleWebKit/537.36 (KHTML, like Gecko) Chrome/133.0.0.0 Mobile Safari/537.36"
197.250.204.71 - - [19/Apr/2025:09:27:13 -0400] "GET /account/login.php HTTP/1.1" 302 771 "https://finationglobal.com/account/geneology?user=blessedman01" "Mozilla/5.0 (Linux; Android 10; K) AppleWebKit/537.36 (KHTML, like Gecko) Chrome/133.0.0.0 Mobile Safari/537.36"
197.250.204.71 - - [19/Apr/2025:09:27:13 -0400] "GET /account/login HTTP/1.1" 200 1297 "https://finationglobal.com/account/geneology?user=blessedman01" "Mozilla/5.0 (Linux; Android 10; K) AppleWebKit/537.36 (KHTML, like Gecko) Chrome/133.0.0.0 Mobile Safari/537.36"
197.250.204.71 - - [19/Apr/2025:09:27:29 -0400] "POST /account/login HTTP/1.1" 302 1297 "https://finationglobal.com/account/login" "Mozilla/5.0 (Linux; Android 10; K) AppleWebKit/537.36 (KHTML, like Gecko) Chrome/133.0.0.0 Mobile Safari/537.36"
197.250.204.71 - - [19/Apr/2025:09:27:29 -0400] "GET /account/ HTTP/1.1" 200 8225 "https://finationglobal.com/account/login" "Mozilla/5.0 (Linux; Android 10; K) AppleWebKit/537.36 (KHTML, like Gecko) Chrome/133.0.0.0 Mobile Safari/537.36"
197.250.204.71 - - [19/Apr/2025:09:27:34 -0400] "GET /account/ HTTP/1.1" 200 8225 "https://finationglobal.com/account/login" "Mozilla/5.0 (Linux; Android 10; K) AppleWebKit/537.36 (KHTML, like Gecko) Chrome/133.0.0.0 Mobile Safari/537.36"
197.250.204.71 - - [19/Apr/2025:09:27:37 -0400] "GET /account/ HTTP/1.1" 200 8225 "https://finationglobal.com/account/login" "Mozilla/5.0 (Linux; Android 10; K) AppleWebKit/537.36 (KHTML, like Gecko) Chrome/133.0.0.0 Mobile Safari/537.36"
197.250.204.71 - - [19/Apr/2025:09:27:40 -0400] "GET /account/ HTTP/1.1" 200 8225 "https://finationglobal.com/account/login" "Mozilla/5.0 (Linux; Android 10; K) AppleWebKit/537.36 (KHTML, like Gecko) Chrome/133.0.0.0 Mobile Safari/537.36"
197.250.204.71 - - [19/Apr/2025:09:27:43 -0400] "GET /account/ HTTP/1.1" 200 8225 "https://finationglobal.com/account/login" "Mozilla/5.0 (Linux; Android 10; K) AppleWebKit/537.36 (KHTML, like Gecko) Chrome/133.0.0.0 Mobile Safari/537.36"
197.250.204.71 - - [19/Apr/2025:09:27:46 -0400] "GET /account/ HTTP/1.1" 200 8225 "https://finationglobal.com/account/login" "Mozilla/5.0 (Linux; Android 10; K) AppleWebKit/537.36 (KHTML, like Gecko) Chrome/133.0.0.0 Mobile Safari/537.36"
197.250.204.71 - - [19/Apr/2025:09:27:49 -0400] "GET /account/ HTTP/1.1" 200 8225 "https://finationglobal.com/account/login" "Mozilla/5.0 (Linux; Android 10; K) AppleWebKit/537.36 (KHTML, like Gecko) Chrome/133.0.0.0 Mobile Safari/537.36"
197.250.204.71 - - [19/Apr/2025:09:28:11 -0400] "GET /account/ HTTP/1.1" 200 8225 "https://finationglobal.com/account/login" "Mozilla/5.0 (Linux; Android 10; K) AppleWebKit/537.36 (KHTML, like Gecko) Chrome/133.0.0.0 Mobile Safari/537.36"
197.250.204.71 - - [19/Apr/2025:09:28:18 -0400] "GET /account/ HTTP/1.1" 200 8225 "https://finationglobal.com/account/login" "Mozilla/5.0 (Linux; Android 10; K) AppleWebKit/537.36 (KHTML, like Gecko) Chrome/133.0.0.0 Mobile Safari/537.36"
197.250.204.71 - - [19/Apr/2025:09:28:26 -0400] "GET /account/ HTTP/1.1" 200 8225 "https://finationglobal.com/account/login" "Mozilla/5.0 (Linux; Android 10; K) AppleWebKit/537.36 (KHTML, like Gecko) Chrome/133.0.0.0 Mobile Safari/537.36"
197.250.204.71 - - [19/Apr/2025:09:28:29 -0400] "GET /account/ HTTP/1.1" 200 8225 "https://finationglobal.com/account/login" "Mozilla/5.0 (Linux; Android 10; K) AppleWebKit/537.36 (KHTML, like Gecko) Chrome/133.0.0.0 Mobile Safari/537.36"
20.171.207.108 - - [19/Apr/2025:09:28:44 -0400] "GET /assets/images/flags/sj.svg HTTP/1.1" 200 157 "-" "Mozilla/5.0 AppleWebKit/537.36 (KHTML, like Gecko; compatible; GPTBot/1.2; +https://openai.com/gptbot)"
197.250.204.71 - - [19/Apr/2025:09:29:31 -0400] "GET /account/ HTTP/1.1" 200 8225 "https://finationglobal.com/account/login" "Mozilla/5.0 (Linux; Android 10; K) AppleWebKit/537.36 (KHTML, like Gecko) Chrome/133.0.0.0 Mobile Safari/537.36"
197.250.204.71 - - [19/Apr/2025:09:29:35 -0400] "GET /account/ HTTP/1.1" 200 8225 "https://finationglobal.com/account/login" "Mozilla/5.0 (Linux; Android 10; K) AppleWebKit/537.36 (KHTML, like Gecko) Chrome/133.0.0.0 Mobile Safari/537.36"
197.250.204.71 - - [19/Apr/2025:09:29:42 -0400] "GET /account/ HTTP/1.1" 200 8225 "https://finationglobal.com/account/login" "Mozilla/5.0 (Linux; Android 10; K) AppleWebKit/537.36 (KHTML, like Gecko) Chrome/133.0.0.0 Mobile Safari/537.36"
20.171.207.108 - - [19/Apr/2025:09:30:40 -0400] "GET /assets/images/flags/ky.svg HTTP/1.1" 200 12362 "-" "Mozilla/5.0 AppleWebKit/537.36 (KHTML, like Gecko; compatible; GPTBot/1.2; +https://openai.com/gptbot)"
102.89.84.127 - - [19/Apr/2025:09:31:02 -0400] "GET /account/fundtransfer HTTP/1.1" 302 508 "https://finationglobal.com/account/fundtransfer" "Mozilla/5.0 (Linux; Android 10; K) AppleWebKit/537.36 (KHTML, like Gecko) Chrome/135.0.0.0 Mobile Safari/537.36"
102.89.84.127 - - [19/Apr/2025:09:31:02 -0400] "GET /account/login.php HTTP/1.1" 302 771 "https://finationglobal.com/account/fundtransfer" "Mozilla/5.0 (Linux; Android 10; K) AppleWebKit/537.36 (KHTML, like Gecko) Chrome/135.0.0.0 Mobile Safari/537.36"
102.89.84.127 - - [19/Apr/2025:09:31:02 -0400] "GET /account/login HTTP/1.1" 200 1297 "https://finationglobal.com/account/fundtransfer" "Mozilla/5.0 (Linux; Android 10; K) AppleWebKit/537.36 (KHTML, like Gecko) Chrome/135.0.0.0 Mobile Safari/537.36"
102.89.84.127 - - [19/Apr/2025:09:31:24 -0400] "POST /account/login HTTP/1.1" 302 1297 "https://finationglobal.com/account/login" "Mozilla/5.0 (Linux; Android 10; K) AppleWebKit/537.36 (KHTML, like Gecko) Chrome/135.0.0.0 Mobile Safari/537.36"
102.89.84.127 - - [19/Apr/2025:09:31:24 -0400] "GET /account/ HTTP/1.1" 200 8448 "https://finationglobal.com/account/login" "Mozilla/5.0 (Linux; Android 10; K) AppleWebKit/537.36 (KHTML, like Gecko) Chrome/135.0.0.0 Mobile Safari/537.36"
197.250.204.71 - - [19/Apr/2025:09:31:27 -0400] "GET /account/ HTTP/1.1" 200 8225 "https://finationglobal.com/account/login" "Mozilla/5.0 (Linux; Android 10; K) AppleWebKit/537.36 (KHTML, like Gecko) Chrome/133.0.0.0 Mobile Safari/537.36"
102.89.84.127 - - [19/Apr/2025:09:31:32 -0400] "GET /account/fundtransfer HTTP/1.1" 200 5460 "https://finationglobal.com/account/" "Mozilla/5.0 (Linux; Android 10; K) AppleWebKit/537.36 (KHTML, like Gecko) Chrome/135.0.0.0 Mobile Safari/537.36"
197.250.204.71 - - [19/Apr/2025:09:31:31 -0400] "GET /account/ HTTP/1.1" 200 8225 "https://finationglobal.com/account/login" "Mozilla/5.0 (Linux; Android 10; K) AppleWebKit/537.36 (KHTML, like Gecko) Chrome/133.0.0.0 Mobile Safari/537.36"
102.89.84.127 - - [19/Apr/2025:09:31:38 -0400] "GET /account/control.php?verify=Blessedman23 HTTP/1.1" 302 771 "https://finationglobal.com/account/fundtransfer" "Mozilla/5.0 (Linux; Android 10; K) AppleWebKit/537.36 (KHTML, like Gecko) Chrome/135.0.0.0 Mobile Safari/537.36"
197.250.204.71 - - [19/Apr/2025:09:31:38 -0400] "GET /account/ HTTP/1.1" 200 8225 "https://finationglobal.com/account/login" "Mozilla/5.0 (Linux; Android 10; K) AppleWebKit/537.36 (KHTML, like Gecko) Chrome/133.0.0.0 Mobile Safari/537.36"
102.89.84.127 - - [19/Apr/2025:09:31:39 -0400] "GET /account/control?verify=Blessedman23 HTTP/1.1" 200 179 "https://finationglobal.com/account/fundtransfer" "Mozilla/5.0 (Linux; Android 10; K) AppleWebKit/537.36 (KHTML, like Gecko) Chrome/135.0.0.0 Mobile Safari/537.36"
102.89.84.127 - - [19/Apr/2025:09:31:42 -0400] "GET /account/control.php?sendcode=Blessedman23&amt=10 HTTP/1.1" 302 771 "https://finationglobal.com/account/fundtransfer" "Mozilla/5.0 (Linux; Android 10; K) AppleWebKit/537.36 (KHTML, like Gecko) Chrome/135.0.0.0 Mobile Safari/537.36"
102.89.84.127 - - [19/Apr/2025:09:31:42 -0400] "GET /account/control?sendcode=Blessedman23&amt=10 HTTP/1.1" 200 196 "https://finationglobal.com/account/fundtransfer" "Mozilla/5.0 (Linux; Android 10; K) AppleWebKit/537.36 (KHTML, like Gecko) Chrome/135.0.0.0 Mobile Safari/537.36"
20.171.207.108 - - [19/Apr/2025:09:31:50 -0400] "GET /assets/images/flags/ls.svg HTTP/1.1" 200 800 "-" "Mozilla/5.0 AppleWebKit/537.36 (KHTML, like Gecko; compatible; GPTBot/1.2; +https://openai.com/gptbot)"
102.89.84.127 - - [19/Apr/2025:09:32:01 -0400] "POST /account/fundtransfer HTTP/1.1" 200 5620 "https://finationglobal.com/account/fundtransfer" "Mozilla/5.0 (Linux; Android 10; K) AppleWebKit/537.36 (KHTML, like Gecko) Chrome/135.0.0.0 Mobile Safari/537.36"
197.250.204.71 - - [19/Apr/2025:09:32:20 -0400] "GET /account/ HTTP/1.1" 200 8220 "https://finationglobal.com/account/login" "Mozilla/5.0 (Linux; Android 10; K) AppleWebKit/537.36 (KHTML, like Gecko) Chrome/133.0.0.0 Mobile Safari/537.36"
41.222.180.253 - - [19/Apr/2025:09:32:40 -0400] "GET /account/index HTTP/1.1" 200 6390 "https://finationglobal.com/account/register?ref=swai" "Mozilla/5.0 (Linux; Android 10; K) AppleWebKit/537.36 (KHTML, like Gecko) Chrome/135.0.0.0 Mobile Safari/537.36"
41.222.180.253 - - [19/Apr/2025:09:32:52 -0400] "GET /account/myprofile HTTP/1.1" 200 5314 "https://finationglobal.com/account/index" "Mozilla/5.0 (Linux; Android 10; K) AppleWebKit/537.36 (KHTML, like Gecko) Chrome/135.0.0.0 Mobile Safari/537.36"
41.222.180.253 - - [19/Apr/2025:09:32:53 -0400] "GET /assets/js/select2.js HTTP/1.1" 200 3063 "https://finationglobal.com/account/myprofile" "Mozilla/5.0 (Linux; Android 10; K) AppleWebKit/537.36 (KHTML, like Gecko) Chrome/135.0.0.0 Mobile Safari/537.36"
41.222.180.253 - - [19/Apr/2025:09:33:01 -0400] "GET /account/ HTTP/1.1" 302 508 "https://finationglobal.com/account/myprofile" "Mozilla/5.0 (Linux; Android 10; K) AppleWebKit/537.36 (KHTML, like Gecko) Chrome/135.0.0.0 Mobile Safari/537.36"
41.222.180.253 - - [19/Apr/2025:09:33:01 -0400] "GET /account/index HTTP/1.1" 200 6388 "https://finationglobal.com/account/myprofile" "Mozilla/5.0 (Linux; Android 10; K) AppleWebKit/537.36 (KHTML, like Gecko) Chrome/135.0.0.0 Mobile Safari/537.36"
20.171.207.108 - - [19/Apr/2025:09:33:06 -0400] "GET /assets/images/flags/am.svg HTTP/1.1" 200 215 "-" "Mozilla/5.0 AppleWebKit/537.36 (KHTML, like Gecko; compatible; GPTBot/1.2; +https://openai.com/gptbot)"
197.250.204.71 - - [19/Apr/2025:09:33:25 -0400] "GET /account/fundtransfer HTTP/1.1" 200 5879 "https://finationglobal.com/account/" "Mozilla/5.0 (Linux; Android 10; K) AppleWebKit/537.36 (KHTML, like Gecko) Chrome/133.0.0.0 Mobile Safari/537.36"
197.250.204.71 - - [19/Apr/2025:09:33:39 -0400] "GET /account/control.php?verify=Maremu52 HTTP/1.1" 302 771 "https://finationglobal.com/account/fundtransfer" "Mozilla/5.0 (Linux; Android 10; K) AppleWebKit/537.36 (KHTML, like Gecko) Chrome/133.0.0.0 Mobile Safari/537.36"
197.250.204.71 - - [19/Apr/2025:09:33:39 -0400] "GET /account/control?verify=Maremu52 HTTP/1.1" 200 172 "https://finationglobal.com/account/fundtransfer" "Mozilla/5.0 (Linux; Android 10; K) AppleWebKit/537.36 (KHTML, like Gecko) Chrome/133.0.0.0 Mobile Safari/537.36"
197.250.204.71 - - [19/Apr/2025:09:33:45 -0400] "GET /account/control.php?sendcode=Maremu52&amt=5 HTTP/1.1" 302 771 "https://finationglobal.com/account/fundtransfer" "Mozilla/5.0 (Linux; Android 10; K) AppleWebKit/537.36 (KHTML, like Gecko) Chrome/133.0.0.0 Mobile Safari/537.36"
197.250.204.71 - - [19/Apr/2025:09:33:45 -0400] "GET /account/control?sendcode=Maremu52&amt=5 HTTP/1.1" 200 188 "https://finationglobal.com/account/fundtransfer" "Mozilla/5.0 (Linux; Android 10; K) AppleWebKit/537.36 (KHTML, like Gecko) Chrome/133.0.0.0 Mobile Safari/537.36"
47.128.22.235 - - [19/Apr/2025:09:34:11 -0400] "GET /robots.txt HTTP/1.1" 404 1251 "-" "Mozilla/5.0 (Linux; Android 5.0) AppleWebKit/537.36 (KHTML, like Gecko) Mobile Safari/537.36 (compatible; Bytespider; spider-feedback@bytedance.com)"
197.250.204.71 - - [19/Apr/2025:09:34:13 -0400] "POST /account/fundtransfer HTTP/1.1" 200 6047 "https://finationglobal.com/account/fundtransfer" "Mozilla/5.0 (Linux; Android 10; K) AppleWebKit/537.36 (KHTML, like Gecko) Chrome/133.0.0.0 Mobile Safari/537.36"
41.222.180.253 - - [19/Apr/2025:09:34:20 -0400] "GET /account/index HTTP/1.1" 200 6554 "https://finationglobal.com/account/myprofile" "Mozilla/5.0 (Linux; Android 10; K) AppleWebKit/537.36 (KHTML, like Gecko) Chrome/135.0.0.0 Mobile Safari/537.36"
41.222.180.253 - - [19/Apr/2025:09:34:29 -0400] "POST /account/index HTTP/1.1" 200 6858 "https://finationglobal.com/account/index" "Mozilla/5.0 (Linux; Android 10; K) AppleWebKit/537.36 (KHTML, like Gecko) Chrome/135.0.0.0 Mobile Safari/537.36"
20.171.207.108 - - [19/Apr/2025:09:34:30 -0400] "GET /assets/images/flags/hr.svg HTTP/1.1" 200 31996 "-" "Mozilla/5.0 AppleWebKit/537.36 (KHTML, like Gecko; compatible; GPTBot/1.2; +https://openai.com/gptbot)"
197.250.204.71 - - [19/Apr/2025:09:34:49 -0400] "GET /account/ HTTP/1.1" 200 8212 "https://finationglobal.com/account/fundtransfer" "Mozilla/5.0 (Linux; Android 10; K) AppleWebKit/537.36 (KHTML, like Gecko) Chrome/133.0.0.0 Mobile Safari/537.36"
41.222.180.253 - - [19/Apr/2025:09:34:58 -0400] "GET /account/register?ref=swai HTTP/1.1" 200 1849 "-" "Mozilla/5.0 (Linux; Android 10; K) AppleWebKit/537.36 (KHTML, like Gecko) Chrome/135.0.0.0 Mobile Safari/537.36"
41.222.180.253 - - [19/Apr/2025:09:34:58 -0400] "GET /account/control.php?confirm=swai HTTP/1.1" 302 771 "https://finationglobal.com/account/register?ref=swai" "Mozilla/5.0 (Linux; Android 10; K) AppleWebKit/537.36 (KHTML, like Gecko) Chrome/135.0.0.0 Mobile Safari/537.36"
41.222.180.253 - - [19/Apr/2025:09:34:58 -0400] "GET /account/control?confirm=swai HTTP/1.1" 200 32 "https://finationglobal.com/account/register?ref=swai" "Mozilla/5.0 (Linux; Android 10; K) AppleWebKit/537.36 (KHTML, like Gecko) Chrome/135.0.0.0 Mobile Safari/537.36"
41.222.180.253 - - [19/Apr/2025:09:35:11 -0400] "GET /account/login HTTP/1.1" 200 1297 "-" "Mozilla/5.0 (Linux; Android 10; K) AppleWebKit/537.36 (KHTML, like Gecko) Chrome/135.0.0.0 Mobile Safari/537.36"
20.171.207.108 - - [19/Apr/2025:09:35:45 -0400] "GET /assets/images/flags/bd.svg HTTP/1.1" 200 185 "-" "Mozilla/5.0 AppleWebKit/537.36 (KHTML, like Gecko; compatible; GPTBot/1.2; +https://openai.com/gptbot)"
41.222.180.253 - - [19/Apr/2025:09:36:02 -0400] "POST /account/login HTTP/1.1" 200 1510 "https://finationglobal.com/account/login" "Mozilla/5.0 (Linux; Android 10; K) AppleWebKit/537.36 (KHTML, like Gecko) Chrome/135.0.0.0 Mobile Safari/537.36"
41.222.180.253 - - [19/Apr/2025:09:36:39 -0400] "POST /account/login HTTP/1.1" 200 1510 "https://finationglobal.com/account/login" "Mozilla/5.0 (Linux; Android 10; K) AppleWebKit/537.36 (KHTML, like Gecko) Chrome/135.0.0.0 Mobile Safari/537.36"
20.171.207.108 - - [19/Apr/2025:09:37:08 -0400] "GET /assets/images/flags/lu.svg HTTP/1.1" 200 220 "-" "Mozilla/5.0 AppleWebKit/537.36 (KHTML, like Gecko; compatible; GPTBot/1.2; +https://openai.com/gptbot)"
41.222.180.253 - - [19/Apr/2025:09:37:27 -0400] "POST /account/login HTTP/1.1" 302 1297 "https://finationglobal.com/account/login" "Mozilla/5.0 (Linux; Android 10; K) AppleWebKit/537.36 (KHTML, like Gecko) Chrome/135.0.0.0 Mobile Safari/537.36"
41.222.180.253 - - [19/Apr/2025:09:37:27 -0400] "GET /account/ HTTP/1.1" 302 508 "https://finationglobal.com/account/login" "Mozilla/5.0 (Linux; Android 10; K) AppleWebKit/537.36 (KHTML, like Gecko) Chrome/135.0.0.0 Mobile Safari/537.36"
41.222.180.253 - - [19/Apr/2025:09:37:28 -0400] "GET /account/index HTTP/1.1" 200 6433 "https://finationglobal.com/account/login" "Mozilla/5.0 (Linux; Android 10; K) AppleWebKit/537.36 (KHTML, like Gecko) Chrome/135.0.0.0 Mobile Safari/537.36"
41.222.180.253 - - [19/Apr/2025:09:37:29 -0400] "POST /account/login HTTP/1.1" 302 1297 "https://finationglobal.com/account/login" "Mozilla/5.0 (Linux; Android 10; K) AppleWebKit/537.36 (KHTML, like Gecko) Chrome/135.0.0.0 Mobile Safari/537.36"
41.222.180.253 - - [19/Apr/2025:09:37:29 -0400] "GET /account/ HTTP/1.1" 302 508 "https://finationglobal.com/account/login" "Mozilla/5.0 (Linux; Android 10; K) AppleWebKit/537.36 (KHTML, like Gecko) Chrome/135.0.0.0 Mobile Safari/537.36"
41.222.180.253 - - [19/Apr/2025:09:37:29 -0400] "GET /account/index HTTP/1.1" 200 6433 "https://finationglobal.com/account/login" "Mozilla/5.0 (Linux; Android 10; K) AppleWebKit/537.36 (KHTML, like Gecko) Chrome/135.0.0.0 Mobile Safari/537.36"
197.250.204.71 - - [19/Apr/2025:09:37:55 -0400] "GET /account/fundtransfer HTTP/1.1" 200 5882 "https://finationglobal.com/account/" "Mozilla/5.0 (Linux; Android 10; K) AppleWebKit/537.36 (KHTML, like Gecko) Chrome/133.0.0.0 Mobile Safari/537.36"
105.119.2.213 - - [19/Apr/2025:09:38:04 -0400] "GET / HTTP/1.1" 200 6422 "-" "Mozilla/5.0 (Linux; Android 10; K) AppleWebKit/537.36 (KHTML, like Gecko) Chrome/131.0.0.0 Mobile Safari/537.36"
105.119.2.213 - - [19/Apr/2025:09:38:09 -0400] "GET / HTTP/1.1" 200 6422 "-" "Mozilla/5.0 (Linux; Android 10; K) AppleWebKit/537.36 (KHTML, like Gecko) Chrome/131.0.0.0 Mobile Safari/537.36"
105.119.2.213 - - [19/Apr/2025:09:38:10 -0400] "GET /images/bg/9.jpg HTTP/1.1" 200 147719 "https://finationglobal.com/" "Mozilla/5.0 (Linux; Android 10; K) AppleWebKit/537.36 (KHTML, like Gecko) Chrome/131.0.0.0 Mobile Safari/537.36"
197.250.204.71 - - [19/Apr/2025:09:38:14 -0400] "GET /account/control.php?verify=Mateti90 HTTP/1.1" 302 771 "https://finationglobal.com/account/fundtransfer" "Mozilla/5.0 (Linux; Android 10; K) AppleWebKit/537.36 (KHTML, like Gecko) Chrome/133.0.0.0 Mobile Safari/537.36"
197.250.204.71 - - [19/Apr/2025:09:38:14 -0400] "GET /account/control?verify=Mateti90 HTTP/1.1" 200 169 "https://finationglobal.com/account/fundtransfer" "Mozilla/5.0 (Linux; Android 10; K) AppleWebKit/537.36 (KHTML, like Gecko) Chrome/133.0.0.0 Mobile Safari/537.36"
47.128.99.191 - - [19/Apr/2025:09:38:15 -0400] "GET /robots.txt HTTP/1.1" 404 1251 "-" "Mozilla/5.0 (Linux; Android 5.0) AppleWebKit/537.36 (KHTML, like Gecko) Mobile Safari/537.36 (compatible; Bytespider; spider-feedback@bytedance.com)"
105.119.2.213 - - [19/Apr/2025:09:38:16 -0400] "GET /account/login HTTP/1.1" 200 1297 "https://finationglobal.com/" "Mozilla/5.0 (Linux; Android 10; K) AppleWebKit/537.36 (KHTML, like Gecko) Chrome/131.0.0.0 Mobile Safari/537.36"
105.119.2.213 - - [19/Apr/2025:09:38:17 -0400] "GET /assets/css/style.css HTTP/1.1" 304 0 "https://finationglobal.com/account/login" "Mozilla/5.0 (Linux; Android 10; K) AppleWebKit/537.36 (KHTML, like Gecko) Chrome/131.0.0.0 Mobile Safari/537.36"
105.119.2.213 - - [19/Apr/2025:09:38:17 -0400] "GET /assets/plugins/bootstrap/css/bootstrap.min.css HTTP/1.1" 304 0 "https://finationglobal.com/account/login" "Mozilla/5.0 (Linux; Android 10; K) AppleWebKit/537.36 (KHTML, like Gecko) Chrome/131.0.0.0 Mobile Safari/537.36"
105.119.2.213 - - [19/Apr/2025:09:38:17 -0400] "GET /assets/css/plugins.css HTTP/1.1" 304 0 "https://finationglobal.com/account/login" "Mozilla/5.0 (Linux; Android 10; K) AppleWebKit/537.36 (KHTML, like Gecko) Chrome/131.0.0.0 Mobile Safari/537.36"
105.119.2.213 - - [19/Apr/2025:09:38:17 -0400] "GET /assets/css/icons.css HTTP/1.1" 304 0 "https://finationglobal.com/account/login" "Mozilla/5.0 (Linux; Android 10; K) AppleWebKit/537.36 (KHTML, like Gecko) Chrome/131.0.0.0 Mobile Safari/537.36"
105.119.2.213 - - [19/Apr/2025:09:38:18 -0400] "GET /assets/iconfonts/bootstrapicons/bootstrap-icons.css HTTP/1.1" 304 0 "https://finationglobal.com/assets/css/icons.css" "Mozilla/5.0 (Linux; Android 10; K) AppleWebKit/537.36 (KHTML, like Gecko) Chrome/131.0.0.0 Mobile Safari/537.36"
105.119.2.213 - - [19/Apr/2025:09:38:18 -0400] "GET /assets/iconfonts/font-awesome/css/font-awesome.min.css HTTP/1.1" 304 0 "https://finationglobal.com/assets/css/icons.css" "Mozilla/5.0 (Linux; Android 10; K) AppleWebKit/537.36 (KHTML, like Gecko) Chrome/131.0.0.0 Mobile Safari/537.36"
105.119.2.213 - - [19/Apr/2025:09:38:18 -0400] "GET /assets/iconfonts/glyphicons/glyphicon.css HTTP/1.1" 304 0 "https://finationglobal.com/assets/css/icons.css" "Mozilla/5.0 (Linux; Android 10; K) AppleWebKit/537.36 (KHTML, like Gecko) Chrome/131.0.0.0 Mobile Safari/537.36"
105.119.2.213 - - [19/Apr/2025:09:38:18 -0400] "GET /assets/iconfonts/ionicons/ionicons.css HTTP/1.1" 304 0 "https://finationglobal.com/assets/css/icons.css" "Mozilla/5.0 (Linux; Android 10; K) AppleWebKit/537.36 (KHTML, like Gecko) Chrome/131.0.0.0 Mobile Safari/537.36"
105.119.2.213 - - [19/Apr/2025:09:38:18 -0400] "GET /assets/iconfonts/materialdesignicons/materialdesignicons.css HTTP/1.1" 304 0 "https://finationglobal.com/assets/css/icons.css" "Mozilla/5.0 (Linux; Android 10; K) AppleWebKit/537.36 (KHTML, like Gecko) Chrome/131.0.0.0 Mobile Safari/537.36"
105.119.2.213 - - [19/Apr/2025:09:38:18 -0400] "GET /assets/iconfonts/linearicons/Linearicons.css HTTP/1.1" 304 0 "https://finationglobal.com/assets/css/icons.css" "Mozilla/5.0 (Linux; Android 10; K) AppleWebKit/537.36 (KHTML, like Gecko) Chrome/131.0.0.0 Mobile Safari/537.36"
105.119.2.213 - - [19/Apr/2025:09:38:18 -0400] "GET /assets/iconfonts/pe-icon-7-stroke/Pe-icon-7.css HTTP/1.1" 304 0 "https://finationglobal.com/assets/css/icons.css" "Mozilla/5.0 (Linux; Android 10; K) AppleWebKit/537.36 (KHTML, like Gecko) Chrome/131.0.0.0 Mobile Safari/537.36"
20.171.207.108 - - [19/Apr/2025:09:38:18 -0400] "GET /assets/images/flags/rw.svg HTTP/1.1" 200 377 "-" "Mozilla/5.0 AppleWebKit/537.36 (KHTML, like Gecko; compatible; GPTBot/1.2; +https://openai.com/gptbot)"
105.119.2.213 - - [19/Apr/2025:09:38:18 -0400] "GET /assets/iconfonts/simple-line-icons/simple-line-icons.css HTTP/1.1" 304 0 "https://finationglobal.com/assets/css/icons.css" "Mozilla/5.0 (Linux; Android 10; K) AppleWebKit/537.36 (KHTML, like Gecko) Chrome/131.0.0.0 Mobile Safari/537.36"
105.119.2.213 - - [19/Apr/2025:09:38:18 -0400] "GET /assets/iconfonts/themify/themify.css HTTP/1.1" 304 0 "https://finationglobal.com/assets/css/icons.css" "Mozilla/5.0 (Linux; Android 10; K) AppleWebKit/537.36 (KHTML, like Gecko) Chrome/131.0.0.0 Mobile Safari/537.36"
105.119.2.213 - - [19/Apr/2025:09:38:18 -0400] "GET /assets/iconfonts/weathericons/weathericons.css HTTP/1.1" 304 0 "https://finationglobal.com/assets/css/icons.css" "Mozilla/5.0 (Linux; Android 10; K) AppleWebKit/537.36 (KHTML, like Gecko) Chrome/131.0.0.0 Mobile Safari/537.36"
105.119.2.213 - - [19/Apr/2025:09:38:18 -0400] "GET /assets/iconfonts/feather/feather.css HTTP/1.1" 304 0 "https://finationglobal.com/assets/css/icons.css" "Mozilla/5.0 (Linux; Android 10; K) AppleWebKit/537.36 (KHTML, like Gecko) Chrome/131.0.0.0 Mobile Safari/537.36"
105.119.2.213 - - [19/Apr/2025:09:38:18 -0400] "GET /assets/iconfonts/typicons/typicons.css HTTP/1.1" 304 0 "https://finationglobal.com/assets/css/icons.css" "Mozilla/5.0 (Linux; Android 10; K) AppleWebKit/537.36 (KHTML, like Gecko) Chrome/131.0.0.0 Mobile Safari/537.36"
105.119.2.213 - - [19/Apr/2025:09:38:18 -0400] "GET /assets/plugins/iconfonts/remixicon/remixicon.css HTTP/1.1" 304 0 "https://finationglobal.com/assets/css/icons.css" "Mozilla/5.0 (Linux; Android 10; K) AppleWebKit/537.36 (KHTML, like Gecko) Chrome/131.0.0.0 Mobile Safari/537.36"
105.119.2.213 - - [19/Apr/2025:09:38:18 -0400] "GET /assets/iconfonts/materialdesignicons/fonts/Material-Design-Iconic-Font.woff2?v=2.2.0 HTTP/1.1" 304 0 "https://finationglobal.com/assets/iconfonts/materialdesignicons/materialdesignicons.css" "Mozilla/5.0 (Linux; Android 10; K) AppleWebKit/537.36 (KHTML, like Gecko) Chrome/131.0.0.0 Mobile Safari/537.36"
105.119.2.213 - - [19/Apr/2025:09:38:18 -0400] "GET /assets/iconfonts/font-awesome/fonts/fontawesome-webfont.woff2?v=4.7.0 HTTP/1.1" 304 0 "https://finationglobal.com/assets/iconfonts/font-awesome/css/font-awesome.min.css" "Mozilla/5.0 (Linux; Android 10; K) AppleWebKit/537.36 (KHTML, like Gecko) Chrome/131.0.0.0 Mobile Safari/537.36"
105.119.2.213 - - [19/Apr/2025:09:38:19 -0400] "GET /assets/images/brand/favicon.ico HTTP/1.1" 304 0 "https://finationglobal.com/account/login" "Mozilla/5.0 (Linux; Android 10; K) AppleWebKit/537.36 (KHTML, like Gecko) Chrome/131.0.0.0 Mobile Safari/537.36"
197.250.204.71 - - [19/Apr/2025:09:38:19 -0400] "GET /account/control.php?sendcode=Mateti90&amt=5 HTTP/1.1" 302 771 "https://finationglobal.com/account/fundtransfer" "Mozilla/5.0 (Linux; Android 10; K) AppleWebKit/537.36 (KHTML, like Gecko) Chrome/133.0.0.0 Mobile Safari/537.36"
197.250.204.71 - - [19/Apr/2025:09:38:19 -0400] "GET /account/control?sendcode=Mateti90&amt=5 HTTP/1.1" 200 186 "https://finationglobal.com/account/fundtransfer" "Mozilla/5.0 (Linux; Android 10; K) AppleWebKit/537.36 (KHTML, like Gecko) Chrome/133.0.0.0 Mobile Safari/537.36"
105.119.2.213 - - [19/Apr/2025:09:38:21 -0400] "POST /account/login HTTP/1.1" 302 1297 "https://finationglobal.com/account/login" "Mozilla/5.0 (Linux; Android 10; K) AppleWebKit/537.36 (KHTML, like Gecko) Chrome/131.0.0.0 Mobile Safari/537.36"
105.119.2.213 - - [19/Apr/2025:09:38:23 -0400] "GET /account/ HTTP/1.1" 200 0 "https://finationglobal.com/account/login" "Mozilla/5.0 (Linux; Android 10; K) AppleWebKit/537.36 (KHTML, like Gecko) Chrome/131.0.0.0 Mobile Safari/537.36"
41.222.180.253 - - [19/Apr/2025:09:38:23 -0400] "GET /account/index HTTP/1.1" 200 6433 "https://finationglobal.com/account/login" "Mozilla/5.0 (Linux; Android 10; K) AppleWebKit/537.36 (KHTML, like Gecko) Chrome/135.0.0.0 Mobile Safari/537.36"
105.119.2.213 - - [19/Apr/2025:09:38:23 -0400] "POST /account/login HTTP/1.1" 302 1297 "https://finationglobal.com/account/login" "Mozilla/5.0 (Linux; Android 10; K) AppleWebKit/537.36 (KHTML, like Gecko) Chrome/131.0.0.0 Mobile Safari/537.36"
197.250.204.71 - - [19/Apr/2025:09:38:36 -0400] "POST /account/fundtransfer HTTP/1.1" 200 6034 "https://finationglobal.com/account/fundtransfer" "Mozilla/5.0 (Linux; Android 10; K) AppleWebKit/537.36 (KHTML, like Gecko) Chrome/133.0.0.0 Mobile Safari/537.36"
41.222.180.253 - - [19/Apr/2025:09:38:43 -0400] "GET /account/index HTTP/1.1" 200 6594 "https://finationglobal.com/account/login" "Mozilla/5.0 (Linux; Android 10; K) AppleWebKit/537.36 (KHTML, like Gecko) Chrome/135.0.0.0 Mobile Safari/537.36"
105.119.2.213 - - [19/Apr/2025:09:38:47 -0400] "POST /account/login HTTP/1.1" 302 1297 "https://finationglobal.com/account/login" "Mozilla/5.0 (Linux; Android 10; K) AppleWebKit/537.36 (KHTML, like Gecko) Chrome/131.0.0.0 Mobile Safari/537.36"
105.119.2.213 - - [19/Apr/2025:09:38:47 -0400] "GET /account/ HTTP/1.1" 200 6918 "https://finationglobal.com/account/login" "Mozilla/5.0 (Linux; Android 10; K) AppleWebKit/537.36 (KHTML, like Gecko) Chrome/131.0.0.0 Mobile Safari/537.36"
105.119.2.213 - - [19/Apr/2025:09:38:49 -0400] "GET /account/finationbr.png HTTP/1.1" 304 0 "https://finationglobal.com/account/" "Mozilla/5.0 (Linux; Android 10; K) AppleWebKit/537.36 (KHTML, like Gecko) Chrome/131.0.0.0 Mobile Safari/537.36"
105.119.2.213 - - [19/Apr/2025:09:38:49 -0400] "GET /account/uploads/user.png HTTP/1.1" 304 0 "https://finationglobal.com/account/" "Mozilla/5.0 (Linux; Android 10; K) AppleWebKit/537.36 (KHTML, like Gecko) Chrome/131.0.0.0 Mobile Safari/537.36"
105.119.2.213 - - [19/Apr/2025:09:38:49 -0400] "GET /account/uploads/31z4n63t8i1e.jpg HTTP/1.1" 200 404074 "https://finationglobal.com/account/" "Mozilla/5.0 (Linux; Android 10; K) AppleWebKit/537.36 (KHTML, like Gecko) Chrome/131.0.0.0 Mobile Safari/537.36"
105.119.2.213 - - [19/Apr/2025:09:38:49 -0400] "GET /account/uploads/gc2faa3dhxyi.jpg HTTP/1.1" 200 415134 "https://finationglobal.com/account/" "Mozilla/5.0 (Linux; Android 10; K) AppleWebKit/537.36 (KHTML, like Gecko) Chrome/131.0.0.0 Mobile Safari/537.36"
41.222.180.253 - - [19/Apr/2025:09:38:49 -0400] "POST /account/index HTTP/1.1" 200 6883 "https://finationglobal.com/account/index" "Mozilla/5.0 (Linux; Android 10; K) AppleWebKit/537.36 (KHTML, like Gecko) Chrome/135.0.0.0 Mobile Safari/537.36"
105.119.2.213 - - [19/Apr/2025:09:38:51 -0400] "GET /account/uploads/u1.png HTTP/1.1" 304 0 "https://finationglobal.com/account/" "Mozilla/5.0 (Linux; Android 10; K) AppleWebKit/537.36 (KHTML, like Gecko) Chrome/131.0.0.0 Mobile Safari/537.36"
105.119.2.213 - - [19/Apr/2025:09:38:51 -0400] "GET /account/pngtree.png HTTP/1.1" 304 0 "https://finationglobal.com/account/" "Mozilla/5.0 (Linux; Android 10; K) AppleWebKit/537.36 (KHTML, like Gecko) Chrome/131.0.0.0 Mobile Safari/537.36"
197.250.204.71 - - [19/Apr/2025:09:39:00 -0400] "GET /account/geneology HTTP/1.1" 200 5005 "https://finationglobal.com/account/fundtransfer" "Mozilla/5.0 (Linux; Android 10; K) AppleWebKit/537.36 (KHTML, like Gecko) Chrome/133.0.0.0 Mobile Safari/537.36"
41.222.180.253 - - [19/Apr/2025:09:39:06 -0400] "GET /account/index?logout=true HTTP/1.1" 302 6741 "https://finationglobal.com/account/index" "Mozilla/5.0 (Linux; Android 10; K) AppleWebKit/537.36 (KHTML, like Gecko) Chrome/135.0.0.0 Mobile Safari/537.36"
41.222.180.253 - - [19/Apr/2025:09:39:07 -0400] "GET /account/login.php HTTP/1.1" 302 771 "https://finationglobal.com/account/index" "Mozilla/5.0 (Linux; Android 10; K) AppleWebKit/537.36 (KHTML, like Gecko) Chrome/135.0.0.0 Mobile Safari/537.36"
41.222.180.253 - - [19/Apr/2025:09:39:07 -0400] "GET /account/login HTTP/1.1" 200 1297 "https://finationglobal.com/account/index" "Mozilla/5.0 (Linux; Android 10; K) AppleWebKit/537.36 (KHTML, like Gecko) Chrome/135.0.0.0 Mobile Safari/537.36"
197.250.204.71 - - [19/Apr/2025:09:39:24 -0400] "GET /account/ HTTP/1.1" 200 8206 "https://finationglobal.com/account/geneology" "Mozilla/5.0 (Linux; Android 10; K) AppleWebKit/537.36 (KHTML, like Gecko) Chrome/133.0.0.0 Mobile Safari/537.36"
105.119.2.213 - - [19/Apr/2025:09:39:26 -0400] "GET /assets/iconfonts/feather/fonts/feather-webfont.woff?t=1501841394106 HTTP/1.1" 304 0 "https://finationglobal.com/assets/css/style.css" "Mozilla/5.0 (Linux; Android 10; K) AppleWebKit/537.36 (KHTML, like Gecko) Chrome/131.0.0.0 Mobile Safari/537.36"
105.119.2.213 - - [19/Apr/2025:09:39:26 -0400] "GET /assets/iconfonts/materialdesignicons/fonts/materialdesignicons-webfont.woff2?v=2.0.46 HTTP/1.1" 304 0 "https://finationglobal.com/assets/iconfonts/materialdesignicons/materialdesignicons.css" "Mozilla/5.0 (Linux; Android 10; K) AppleWebKit/537.36 (KHTML, like Gecko) Chrome/131.0.0.0 Mobile Safari/537.36"
105.119.2.213 - - [19/Apr/2025:09:39:26 -0400] "GET /account/ HTTP/1.1" 200 6918 "-" "Mozilla/5.0 (Linux; Android 10; K) AppleWebKit/537.36 (KHTML, like Gecko) Chrome/131.0.0.0 Mobile Safari/537.36"
105.119.2.213 - - [19/Apr/2025:09:39:27 -0400] "GET /account/uploads/31z4n63t8i1e.jpg HTTP/1.1" 206 1 "https://finationglobal.com/account/" "Mozilla/5.0 (Linux; Android 10; K) AppleWebKit/537.36 (KHTML, like Gecko) Chrome/131.0.0.0 Mobile Safari/537.36"
105.119.2.213 - - [19/Apr/2025:09:39:27 -0400] "GET /account/uploads/gc2faa3dhxyi.jpg HTTP/1.1" 206 1 "https://finationglobal.com/account/" "Mozilla/5.0 (Linux; Android 10; K) AppleWebKit/537.36 (KHTML, like Gecko) Chrome/131.0.0.0 Mobile Safari/537.36"
105.119.2.213 - - [19/Apr/2025:09:39:28 -0400] "GET /account/uploads/gc2faa3dhxyi.jpg HTTP/1.1" 206 398750 "https://finationglobal.com/account/" "Mozilla/5.0 (Linux; Android 10; K) AppleWebKit/537.36 (KHTML, like Gecko) Chrome/131.0.0.0 Mobile Safari/537.36"
105.119.2.213 - - [19/Apr/2025:09:39:28 -0400] "GET /account/uploads/31z4n63t8i1e.jpg HTTP/1.1" 206 207833 "https://finationglobal.com/account/" "Mozilla/5.0 (Linux; Android 10; K) AppleWebKit/537.36 (KHTML, like Gecko) Chrome/131.0.0.0 Mobile Safari/537.36"
41.222.180.253 - - [19/Apr/2025:09:39:30 -0400] "POST /account/login HTTP/1.1" 302 1297 "https://finationglobal.com/account/login" "Mozilla/5.0 (Linux; Android 10; K) AppleWebKit/537.36 (KHTML, like Gecko) Chrome/135.0.0.0 Mobile Safari/537.36"
41.222.180.253 - - [19/Apr/2025:09:39:30 -0400] "GET /account/ HTTP/1.1" 200 6792 "https://finationglobal.com/account/login" "Mozilla/5.0 (Linux; Android 10; K) AppleWebKit/537.36 (KHTML, like Gecko) Chrome/135.0.0.0 Mobile Safari/537.36"
41.222.180.253 - - [19/Apr/2025:09:39:41 -0400] "GET /assets/iconfonts/typicons/fonts/typicons.woff HTTP/1.1" 200 59872 "https://finationglobal.com/assets/iconfonts/typicons/typicons.css" "Mozilla/5.0 (Linux; Android 10; K) AppleWebKit/537.36 (KHTML, like Gecko) Chrome/135.0.0.0 Mobile Safari/537.36"
41.222.180.253 - - [19/Apr/2025:09:39:42 -0400] "GET /account/geneology HTTP/1.1" 200 4867 "https://finationglobal.com/account/" "Mozilla/5.0 (Linux; Android 10; K) AppleWebKit/537.36 (KHTML, like Gecko) Chrome/135.0.0.0 Mobile Safari/537.36"
41.222.180.253 - - [19/Apr/2025:09:39:43 -0400] "GET /account/treestyle.css HTTP/1.1" 200 576 "https://finationglobal.com/account/geneology" "Mozilla/5.0 (Linux; Android 10; K) AppleWebKit/537.36 (KHTML, like Gecko) Chrome/135.0.0.0 Mobile Safari/537.36"
41.222.180.253 - - [19/Apr/2025:09:39:43 -0400] "GET /account/uploads/x.jpg HTTP/1.1" 200 2127 "https://finationglobal.com/account/geneology" "Mozilla/5.0 (Linux; Android 10; K) AppleWebKit/537.36 (KHTML, like Gecko) Chrome/135.0.0.0 Mobile Safari/537.36"
41.222.180.253 - - [19/Apr/2025:09:39:43 -0400] "GET /account/uploads/u0.png HTTP/1.1" 200 2127 "https://finationglobal.com/account/geneology" "Mozilla/5.0 (Linux; Android 10; K) AppleWebKit/537.36 (KHTML, like Gecko) Chrome/135.0.0.0 Mobile Safari/537.36"
20.171.207.108 - - [19/Apr/2025:09:39:54 -0400] "GET /assets/images/flags/pe.svg HTTP/1.1" 200 243 "-" "Mozilla/5.0 AppleWebKit/537.36 (KHTML, like Gecko; compatible; GPTBot/1.2; +https://openai.com/gptbot)"
105.119.2.213 - - [19/Apr/2025:09:39:54 -0400] "GET /account/fundconvert HTTP/1.1" 200 5529 "https://finationglobal.com/account/" "Mozilla/5.0 (Linux; Android 10; K) AppleWebKit/537.36 (KHTML, like Gecko) Chrome/131.0.0.0 Mobile Safari/537.36"
105.119.2.213 - - [19/Apr/2025:09:40:02 -0400] "GET /account/fundconvert HTTP/1.1" 200 5529 "https://finationglobal.com/account/" "Mozilla/5.0 (Linux; Android 10; K) AppleWebKit/537.36 (KHTML, like Gecko) Chrome/131.0.0.0 Mobile Safari/537.36"
105.119.2.213 - - [19/Apr/2025:09:40:03 -0400] "GET /account/fundconvert HTTP/1.1" 200 5529 "https://finationglobal.com/account/" "Mozilla/5.0 (Linux; Android 10; K) AppleWebKit/537.36 (KHTML, like Gecko) Chrome/131.0.0.0 Mobile Safari/537.36"
105.119.2.213 - - [19/Apr/2025:09:40:11 -0400] "GET /account/fundconvert HTTP/1.1" 200 0 "https://finationglobal.com/account/" "Mozilla/5.0 (Linux; Android 10; K) AppleWebKit/537.36 (KHTML, like Gecko) Chrome/131.0.0.0 Mobile Safari/537.36"
105.119.2.213 - - [19/Apr/2025:09:40:11 -0400] "GET /account/fundconvert HTTP/1.1" 200 5529 "https://finationglobal.com/account/" "Mozilla/5.0 (Linux; Android 10; K) AppleWebKit/537.36 (KHTML, like Gecko) Chrome/131.0.0.0 Mobile Safari/537.36"
105.119.2.213 - - [19/Apr/2025:09:40:22 -0400] "GET /account/fundconvert HTTP/1.1" 200 5529 "https://finationglobal.com/account/" "Mozilla/5.0 (Linux; Android 10; K) AppleWebKit/537.36 (KHTML, like Gecko) Chrome/131.0.0.0 Mobile Safari/537.36"
105.119.2.213 - - [19/Apr/2025:09:40:32 -0400] "POST /account/fundconvert HTTP/1.1" 500 504 "https://finationglobal.com/account/fundconvert" "Mozilla/5.0 (Linux; Android 10; K) AppleWebKit/537.36 (KHTML, like Gecko) Chrome/131.0.0.0 Mobile Safari/537.36"
20.171.207.108 - - [19/Apr/2025:09:40:59 -0400] "GET /assets/images/flags/hn.svg HTTP/1.1" 200 305 "-" "Mozilla/5.0 AppleWebKit/537.36 (KHTML, like Gecko; compatible; GPTBot/1.2; +https://openai.com/gptbot)"
105.119.2.213 - - [19/Apr/2025:09:41:49 -0400] "POST /account/fundconvert HTTP/1.1" 500 504 "https://finationglobal.com/account/fundconvert" "Mozilla/5.0 (Linux; Android 10; K) AppleWebKit/537.36 (KHTML, like Gecko) Chrome/131.0.0.0 Mobile Safari/537.36"
20.171.207.108 - - [19/Apr/2025:09:42:09 -0400] "GET /assets/images/flags/gb.svg HTTP/1.1" 200 435 "-" "Mozilla/5.0 AppleWebKit/537.36 (KHTML, like Gecko; compatible; GPTBot/1.2; +https://openai.com/gptbot)"
47.128.18.252 - - [19/Apr/2025:09:42:11 -0400] "GET /robots.txt HTTP/1.1" 404 1251 "-" "Mozilla/5.0 (Linux; Android 5.0) AppleWebKit/537.36 (KHTML, like Gecko) Mobile Safari/537.36 (compatible; Bytespider; spider-feedback@bytedance.com)"
20.171.207.108 - - [19/Apr/2025:09:43:21 -0400] "GET /assets/images/flags/ga.svg HTTP/1.1" 200 262 "-" "Mozilla/5.0 AppleWebKit/537.36 (KHTML, like Gecko; compatible; GPTBot/1.2; +https://openai.com/gptbot)"
