40.77.167.77 - - [19/Apr/2025:09:07:41 -0400] "GET /?d=104502423260&filter=e80e68&share_to_url=product-page.php%3Fid%3D3540928%26name%3Dmp+tracks+bollywood HTTP/1.1" 200 23652 "-" "Mozilla/5.0 AppleWebKit/537.36 (KHTML, like Gecko; compatible; bingbot/2.0; +http://www.bing.com/bingbot.htm) Chrome/116.0.1938.76 Safari/537.36"
52.167.144.161 - - [19/Apr/2025:09:07:46 -0400] "GET /?d=92571678260&filter=0e419f&share_to_url=detail.php%3Fid%3D3136401%26name%3Damd+i2c+controller HTTP/1.1" 200 23989 "-" "Mozilla/5.0 AppleWebKit/537.36 (KHTML, like Gecko; compatible; bingbot/2.0; +http://www.bing.com/bingbot.htm) Chrome/116.0.1938.76 Safari/537.36"
66.249.66.10 - - [19/Apr/2025:09:07:52 -0400] "GET /?d=101962850260&filter=f527a5&share_to_url=shopdetail.php%3Fid%3D3456452%26name%3Dsocks+champion+premium HTTP/1.1" 200 22927 "-" "Mozilla/5.0 (Linux; Android 6.0.1; Nexus 5X Build/MMB29P) AppleWebKit/537.36 (KHTML, like Gecko) Chrome/135.0.7049.95 Mobile Safari/537.36 (compatible; GoogleOther)"
40.77.167.79 - - [19/Apr/2025:09:08:48 -0400] "GET /?d=88327185260&filter=ef2428&share_to_url=product-page.php%3Fid%3D2993452%26name%3Despum%C3%A1gica+manada+encantada HTTP/1.1" 200 23059 "-" "Mozilla/5.0 AppleWebKit/537.36 (KHTML, like Gecko; compatible; bingbot/2.0; +http://www.bing.com/bingbot.htm) Chrome/116.0.1938.76 Safari/537.36"
40.77.167.77 - - [19/Apr/2025:09:09:41 -0400] "GET /?d=105219428260&filter=bc40a5&share_to_url=pin.php%3Fid%3D3564738%26name%3Dikea+trones+vielseitige+l%C3%B6sungen HTTP/1.1" 200 23216 "-" "Mozilla/5.0 AppleWebKit/537.36 (KHTML, like Gecko; compatible; bingbot/2.0; +http://www.bing.com/bingbot.htm) Chrome/116.0.1938.76 Safari/537.36"
40.77.167.77 - - [19/Apr/2025:09:09:42 -0400] "GET /?d=97087456260&filter=00f09d&share_to_url=shopdetail.php%3Fid%3D3289472%26name%3Dsuzuki+vitara+2016+used HTTP/1.1" 200 23004 "-" "Mozilla/5.0 AppleWebKit/537.36 (KHTML, like Gecko; compatible; bingbot/2.0; +http://www.bing.com/bingbot.htm) Chrome/116.0.1938.76 Safari/537.36"
66.249.66.13 - - [19/Apr/2025:09:10:02 -0400] "GET /?d=105534249260&filter=527c62&share_to_url=article.php%3Fid%3D3575114%26name%3Dmom+039+s+tea+time HTTP/1.1" 200 24722 "-" "Mozilla/5.0 (Linux; Android 6.0.1; Nexus 5X Build/MMB29P) AppleWebKit/537.36 (KHTML, like Gecko) Chrome/135.0.7049.95 Mobile Safari/537.36 (compatible; Googlebot/2.1; +http://www.google.com/bot.html)"
162.19.145.60 - - [19/Apr/2025:09:11:14 -0400] "GET /?d=66157822260&filter=16dc78&share_to_url=product-page.php%3Fid%3D2243020%26name%3Dby+the+sea+shore HTTP/1.1" 302 0 "-" "Go-http-client/1.1"
162.19.145.60 - - [19/Apr/2025:09:11:15 -0400] "GET /loginn.php HTTP/1.1" 200 970 "https://www.churchmr.com/?d=66157822260&filter=16dc78&share_to_url=product-page.php%3Fid%3D2243020%26name%3Dby+the+sea+shore" "Go-http-client/1.1"
162.19.145.60 - - [19/Apr/2025:09:11:15 -0400] "GET /?d=66157822260&d=%27&filter=16dc78&share_to_url=product-page.php%3Fid%3D2243020%26name%3Dby+the+sea+shore HTTP/1.1" 302 0 "-" "Go-http-client/1.1"
162.19.145.60 - - [19/Apr/2025:09:11:16 -0400] "GET /loginn.php HTTP/1.1" 200 970 "https://www.churchmr.com/?d=66157822260&d=%27&filter=16dc78&share_to_url=product-page.php%3Fid%3D2243020%26name%3Dby+the+sea+shore" "Go-http-client/1.1"
162.19.145.60 - - [19/Apr/2025:09:11:16 -0400] "GET /?d=66157822260&filter=16dc78&filter=%27&share_to_url=product-page.php%3Fid%3D2243020%26name%3Dby+the+sea+shore HTTP/1.1" 302 0 "-" "Go-http-client/1.1"
162.19.145.60 - - [19/Apr/2025:09:11:17 -0400] "GET /loginn.php HTTP/1.1" 200 970 "https://www.churchmr.com/?d=66157822260&filter=16dc78&filter=%27&share_to_url=product-page.php%3Fid%3D2243020%26name%3Dby+the+sea+shore" "Go-http-client/1.1"
162.19.145.60 - - [19/Apr/2025:09:11:17 -0400] "GET /?d=66157822260&filter=16dc78&share_to_url=product-page.php%3Fid%3D2243020%26name%3Dby+the+sea+shore&share_to_url=%27 HTTP/1.1" 302 0 "-" "Go-http-client/1.1"
162.19.145.60 - - [19/Apr/2025:09:11:18 -0400] "GET /loginn.php HTTP/1.1" 200 970 "https://www.churchmr.com/?d=66157822260&filter=16dc78&share_to_url=product-page.php%3Fid%3D2243020%26name%3Dby+the+sea+shore&share_to_url=%27" "Go-http-client/1.1"
162.19.145.60 - - [19/Apr/2025:09:11:18 -0400] "GET /?d=%27&filter=%27&share_to_url=%27 HTTP/1.1" 302 0 "-" "Go-http-client/1.1"
162.19.145.60 - - [19/Apr/2025:09:11:19 -0400] "GET /loginn.php HTTP/1.1" 200 970 "https://www.churchmr.com/?d=%27&filter=%27&share_to_url=%27" "Go-http-client/1.1"
162.19.145.60 - - [19/Apr/2025:09:11:19 -0400] "GET /?d=66157822260%27&filter=16dc78&share_to_url=product-page.php%3Fid%3D2243020%26name%3Dby+the+sea+shore HTTP/1.1" 302 0 "-" "Go-http-client/1.1"
162.19.145.60 - - [19/Apr/2025:09:11:20 -0400] "GET /loginn.php HTTP/1.1" 200 970 "https://www.churchmr.com/?d=66157822260%27&filter=16dc78&share_to_url=product-page.php%3Fid%3D2243020%26name%3Dby+the+sea+shore" "Go-http-client/1.1"
162.19.145.60 - - [19/Apr/2025:09:11:20 -0400] "GET /?d=66157822260&filter=16dc78%27&share_to_url=product-page.php%3Fid%3D2243020%26name%3Dby+the+sea+shore HTTP/1.1" 302 0 "-" "Go-http-client/1.1"
162.19.145.60 - - [19/Apr/2025:09:11:21 -0400] "GET /loginn.php HTTP/1.1" 200 970 "https://www.churchmr.com/?d=66157822260&filter=16dc78%27&share_to_url=product-page.php%3Fid%3D2243020%26name%3Dby+the+sea+shore" "Go-http-client/1.1"
162.19.145.60 - - [19/Apr/2025:09:11:21 -0400] "GET /?d=66157822260&filter=16dc78&share_to_url=product-page.php%3Fid%3D2243020%26name%3Dby+the+sea+shore%27 HTTP/1.1" 302 0 "-" "Go-http-client/1.1"
162.19.145.60 - - [19/Apr/2025:09:11:22 -0400] "GET /loginn.php HTTP/1.1" 200 970 "https://www.churchmr.com/?d=66157822260&filter=16dc78&share_to_url=product-page.php%3Fid%3D2243020%26name%3Dby+the+sea+shore%27" "Go-http-client/1.1"
66.249.66.10 - - [19/Apr/2025:09:12:44 -0400] "GET /?d=93932769260&filter=370962&share_to_url=shop.php%3Fid%3D3182779%26name%3Dgilet+outlet+fluo+cycliste HTTP/1.1" 200 22936 "-" "Mozilla/5.0 (Linux; Android 6.0.1; Nexus 5X Build/MMB29P) AppleWebKit/537.36 (KHTML, like Gecko) Chrome/135.0.7049.95 Mobile Safari/537.36 (compatible; Googlebot/2.1; +http://www.google.com/bot.html)"
66.249.66.10 - - [19/Apr/2025:09:13:03 -0400] "GET /?d=105480658260&filter=a4a914&share_to_url=shop.php%3Fid%3D3573343%26name%3Dmacho+men+s+sporto HTTP/1.1" 200 22995 "-" "Mozilla/5.0 (Linux; Android 6.0.1; Nexus 5X Build/MMB29P) AppleWebKit/537.36 (KHTML, like Gecko) Chrome/135.0.7049.95 Mobile Safari/537.36 (compatible; Googlebot/2.1; +http://www.google.com/bot.html)"
52.167.144.199 - - [19/Apr/2025:09:13:05 -0400] "GET /?d=100267693260&filter=b3603f&share_to_url=ideas.php%3Fid%3D3398412%26name%3Dhern%C3%AD+ssd+disk+d30 HTTP/1.1" 200 22721 "-" "Mozilla/5.0 AppleWebKit/537.36 (KHTML, like Gecko; compatible; bingbot/2.0; +http://www.bing.com/bingbot.htm) Chrome/116.0.1938.76 Safari/537.36"
40.77.167.77 - - [19/Apr/2025:09:13:09 -0400] "GET /?d=109363235260&filter=7b931f&share_to_url=ideas.php%3Fid%3D3702192%26name%3Dpo%C3%AAl%C3%A9e+de+pommes+de HTTP/1.1" 200 22798 "-" "Mozilla/5.0 AppleWebKit/537.36 (KHTML, like Gecko; compatible; bingbot/2.0; +http://www.bing.com/bingbot.htm) Chrome/116.0.1938.76 Safari/537.36"
52.167.144.163 - - [19/Apr/2025:09:13:22 -0400] "GET /?d=95943788260&filter=d07a8e&share_to_url=item.php%3Fid%3D3250681%26name%3Dfilm+sooc+nikon+f90x HTTP/1.1" 200 23209 "-" "Mozilla/5.0 AppleWebKit/537.36 (KHTML, like Gecko; compatible; bingbot/2.0; +http://www.bing.com/bingbot.htm) Chrome/116.0.1938.76 Safari/537.36"
52.167.144.163 - - [19/Apr/2025:09:13:22 -0400] "GET /?d=95046743260&filter=cab71d&share_to_url=discover.php%3Fid%3D3220241%26name%3Dbrg250t6n+bradford+white HTTP/1.1" 200 22817 "-" "Mozilla/5.0 AppleWebKit/537.36 (KHTML, like Gecko; compatible; bingbot/2.0; +http://www.bing.com/bingbot.htm) Chrome/116.0.1938.76 Safari/537.36"
52.167.144.163 - - [19/Apr/2025:09:13:24 -0400] "GET /?d=93451837260&filter=e80e68&share_to_url=discover.php%3Fid%3D3166061%26name%3Dsharda+sinha+superhit+bhojpuri HTTP/1.1" 200 23884 "-" "Mozilla/5.0 AppleWebKit/537.36 (KHTML, like Gecko; compatible; bingbot/2.0; +http://www.bing.com/bingbot.htm) Chrome/116.0.1938.76 Safari/537.36"
102.89.69.107 - - [19/Apr/2025:09:14:33 -0400] "GET /retreat/register.php HTTP/1.1" 302 0 "-" "Mozilla/5.0 (Linux; Android 10; K) AppleWebKit/537.36 (KHTML, like Gecko) Chrome/123.0.6312.118 Mobile Safari/537.36 XiaoMi/MiuiBrowser/14.32.0-gn"
102.89.69.107 - - [19/Apr/2025:09:14:34 -0400] "GET /retreat/login.php HTTP/1.1" 200 1139 "-" "Mozilla/5.0 (Linux; Android 10; K) AppleWebKit/537.36 (KHTML, like Gecko) Chrome/123.0.6312.118 Mobile Safari/537.36 XiaoMi/MiuiBrowser/14.32.0-gn"
102.89.69.107 - - [19/Apr/2025:09:14:34 -0400] "GET /plugins/iCheck/square/blue.css HTTP/1.1" 200 371 "https://churchmr.com/retreat/login.php" "Mozilla/5.0 (Linux; Android 10; K) AppleWebKit/537.36 (KHTML, like Gecko) Chrome/123.0.6312.118 Mobile Safari/537.36 XiaoMi/MiuiBrowser/14.32.0-gn"
102.89.69.107 - - [19/Apr/2025:09:14:37 -0400] "GET /favicon.ico HTTP/1.1" 404 1251 "https://churchmr.com/retreat/login.php" "Mozilla/5.0 (Linux; Android 10; K) AppleWebKit/537.36 (KHTML, like Gecko) Chrome/123.0.6312.118 Mobile Safari/537.36 XiaoMi/MiuiBrowser/14.32.0-gn"
66.249.66.10 - - [19/Apr/2025:09:14:52 -0400] "GET /?d=96181395260&filter=56d765&share_to_url=shop.php%3Fid%3D3258667%26name%3Dseiko+diver+skx+007+de HTTP/1.1" 200 22846 "-" "Mozilla/5.0 (Linux; Android 6.0.1; Nexus 5X Build/MMB29P) AppleWebKit/537.36 (KHTML, like Gecko) Chrome/135.0.7049.95 Mobile Safari/537.36 (compatible; Googlebot/2.1; +http://www.google.com/bot.html)"
52.167.144.163 - - [19/Apr/2025:09:15:02 -0400] "GET /?d=103335404260&filter=b2e434&share_to_url=shopdetail.php%3Fid%3D3501764%26name%3Dreach+runner+purchase+pro HTTP/1.1" 200 23688 "-" "Mozilla/5.0 AppleWebKit/537.36 (KHTML, like Gecko; compatible; bingbot/2.0; +http://www.bing.com/bingbot.htm) Chrome/116.0.1938.76 Safari/537.36"
66.249.66.10 - - [19/Apr/2025:09:16:04 -0400] "GET /?d=107669872260&filter=649884&share_to_url=article.php%3Fid%3D3645878%26name%3Dthe+best+semi+obscure+username+i+039+ve HTTP/1.1" 200 24564 "-" "Mozilla/5.0 (Linux; Android 6.0.1; Nexus 5X Build/MMB29P) AppleWebKit/537.36 (KHTML, like Gecko) Chrome/135.0.7049.95 Mobile Safari/537.36 (compatible; Googlebot/2.1; +http://www.google.com/bot.html)"
40.77.167.77 - - [19/Apr/2025:09:16:39 -0400] "GET /?d=91599988260&filter=6c3290&share_to_url=detail.php%3Fid%3D3104049%26name%3Dfashion+guru HTTP/1.1" 200 24507 "-" "Mozilla/5.0 AppleWebKit/537.36 (KHTML, like Gecko; compatible; bingbot/2.0; +http://www.bing.com/bingbot.htm) Chrome/116.0.1938.76 Safari/537.36"
66.249.66.10 - - [19/Apr/2025:09:16:59 -0400] "GET /?d=112071574260&filter=032fe0&share_to_url=detail.php%3Fid%3D3796185%26name%3Dpolar+skate+co+face HTTP/1.1" 200 23248 "-" "Mozilla/5.0 (Linux; Android 6.0.1; Nexus 5X Build/MMB29P) AppleWebKit/537.36 (KHTML, like Gecko) Chrome/135.0.7049.95 Mobile Safari/537.36 (compatible; Googlebot/2.1; +http://www.google.com/bot.html)"
52.167.144.199 - - [19/Apr/2025:09:17:45 -0400] "GET /?d=92571678260&filter=0e419f&share_to_url=detail.php%3Fid%3D3136401%26name%3Damd+i2c+controller HTTP/1.1" 200 23809 "-" "Mozilla/5.0 AppleWebKit/537.36 (KHTML, like Gecko; compatible; bingbot/2.0; +http://www.bing.com/bingbot.htm) Chrome/116.0.1938.76 Safari/537.36"
52.167.144.199 - - [19/Apr/2025:09:17:47 -0400] "GET /?d=112377740260&filter=1226ef&share_to_url=item.php%3Fid%3D3806425%26name%3Dcarhartt+slim+fit+size HTTP/1.1" 200 23702 "-" "Mozilla/5.0 AppleWebKit/537.36 (KHTML, like Gecko; compatible; bingbot/2.0; +http://www.bing.com/bingbot.htm) Chrome/116.0.1938.76 Safari/537.36"
40.77.167.77 - - [19/Apr/2025:09:17:50 -0400] "GET /?d=109363235260&filter=7b931f&share_to_url=ideas.php%3Fid%3D3702192%26name%3Dpo%C3%AAl%C3%A9e+de+pommes+de HTTP/1.1" 200 22647 "-" "Mozilla/5.0 AppleWebKit/537.36 (KHTML, like Gecko; compatible; bingbot/2.0; +http://www.bing.com/bingbot.htm) Chrome/116.0.1938.76 Safari/537.36"
52.167.144.199 - - [19/Apr/2025:09:18:45 -0400] "GET /?d=92571678260&filter=0e419f&share_to_url=detail.php%3Fid%3D3136401%26name%3Damd+i2c+controller HTTP/1.1" 200 24043 "-" "Mozilla/5.0 AppleWebKit/537.36 (KHTML, like Gecko; compatible; bingbot/2.0; +http://www.bing.com/bingbot.htm) Chrome/116.0.1938.76 Safari/537.36"
40.77.167.77 - - [19/Apr/2025:09:18:50 -0400] "GET /?d=115794514260&filter=debef5&share_to_url=ideas.php%3Fid%3D3921204%26name%3Dingrosso+calzature+veba HTTP/1.1" 200 22059 "-" "Mozilla/5.0 AppleWebKit/537.36 (KHTML, like Gecko; compatible; bingbot/2.0; +http://www.bing.com/bingbot.htm) Chrome/116.0.1938.76 Safari/537.36"
40.77.167.67 - - [19/Apr/2025:09:19:36 -0400] "GET /?d=90195239260&filter=fd5cf7&share_to_url=shopdetail.php%3Fid%3D3056528%26name%3Dsivasdescalzo+on+x+nike HTTP/1.1" 200 22192 "-" "Mozilla/5.0 AppleWebKit/537.36 (KHTML, like Gecko; compatible; bingbot/2.0; +http://www.bing.com/bingbot.htm) Chrome/116.0.1938.76 Safari/537.36"
54.36.148.134 - - [19/Apr/2025:09:19:37 -0400] "GET /?d=47783896260&filter=923d03&share_to_url=detail.php%3Fid%3D1623453%26name%3Dpaytm+new+add+store HTTP/1.1" 302 0 "-" "Mozilla/5.0 (compatible; AhrefsBot/7.0; +http://ahrefs.com/robot/)"
102.89.69.107 - - [19/Apr/2025:09:19:49 -0400] "GET /retreat/login.php HTTP/1.1" 200 1139 "-" "Mozilla/5.0 (Linux; Android 10; K) AppleWebKit/537.36 (KHTML, like Gecko) Chrome/123.0.6312.118 Mobile Safari/537.36 XiaoMi/MiuiBrowser/14.32.0-gn"
102.89.69.107 - - [19/Apr/2025:09:19:50 -0400] "GET /favicon.ico HTTP/1.1" 404 1251 "https://churchmr.com/retreat/login.php" "Mozilla/5.0 (Linux; Android 10; K) AppleWebKit/537.36 (KHTML, like Gecko) Chrome/123.0.6312.118 Mobile Safari/537.36 XiaoMi/MiuiBrowser/14.32.0-gn"
40.77.167.77 - - [19/Apr/2025:09:19:59 -0400] "GET /?d=105220034260&filter=15d3b1&share_to_url=detail.php%3Fid%3D3564765%26name%3Dblack+decker HTTP/1.1" 200 23136 "-" "Mozilla/5.0 AppleWebKit/537.36 (KHTML, like Gecko; compatible; bingbot/2.0; +http://www.bing.com/bingbot.htm) Chrome/116.0.1938.76 Safari/537.36"
40.77.167.67 - - [19/Apr/2025:09:22:26 -0400] "GET /?d=115087301260&filter=942b8a&share_to_url=item.php%3Fid%3D3897241%26name%3Dreview+another+one+baby HTTP/1.1" 200 22918 "-" "Mozilla/5.0 AppleWebKit/537.36 (KHTML, like Gecko; compatible; bingbot/2.0; +http://www.bing.com/bingbot.htm) Chrome/116.0.1938.76 Safari/537.36"
40.77.167.67 - - [19/Apr/2025:09:22:27 -0400] "GET /?d=105200182260&filter=a0cecc&share_to_url=model.php%3Fid%3D3563967%26name%3Dtawang+dining+chair HTTP/1.1" 200 23444 "-" "Mozilla/5.0 AppleWebKit/537.36 (KHTML, like Gecko; compatible; bingbot/2.0; +http://www.bing.com/bingbot.htm) Chrome/116.0.1938.76 Safari/537.36"
52.167.144.209 - - [19/Apr/2025:09:23:29 -0400] "GET /?d=109363235260&filter=7b931f&share_to_url=ideas.php%3Fid%3D3702192%26name%3Dpo%C3%AAl%C3%A9e+de+pommes+de HTTP/1.1" 200 22735 "-" "Mozilla/5.0 AppleWebKit/537.36 (KHTML, like Gecko; compatible; bingbot/2.0; +http://www.bing.com/bingbot.htm) Chrome/116.0.1938.76 Safari/537.36"
66.249.66.15 - - [19/Apr/2025:09:23:57 -0400] "GET /?d=89621713260&filter=43f41d&share_to_url=item.php%3Fid%3D3037633%26name%3Dclassic+metallic+short HTTP/1.1" 200 23847 "-" "Mozilla/5.0 (Linux; Android 6.0.1; Nexus 5X Build/MMB29P) AppleWebKit/537.36 (KHTML, like Gecko) Chrome/135.0.7049.95 Mobile Safari/537.36 (compatible; GoogleOther)"
52.167.144.174 - - [19/Apr/2025:09:24:03 -0400] "GET /?d=88641682260&filter=1f5f6f&share_to_url=pin.php%3Fid%3D3004218%26name%3Daluminum+alloy+frames+quiring HTTP/1.1" 200 23448 "-" "Mozilla/5.0 AppleWebKit/537.36 (KHTML, like Gecko; compatible; bingbot/2.0; +http://www.bing.com/bingbot.htm) Chrome/116.0.1938.76 Safari/537.36"
52.167.144.209 - - [19/Apr/2025:09:24:39 -0400] "GET /?d=96642797260&filter=672e0b&share_to_url=ideas.php%3Fid%3D3274524%26name%3Dj+ai+ta+taille HTTP/1.1" 200 23729 "-" "Mozilla/5.0 AppleWebKit/537.36 (KHTML, like Gecko; compatible; bingbot/2.0; +http://www.bing.com/bingbot.htm) Chrome/116.0.1938.76 Safari/537.36"
40.77.167.67 - - [19/Apr/2025:09:24:46 -0400] "GET /?d=92571678260&filter=0e419f&share_to_url=detail.php%3Fid%3D3136401%26name%3Damd+i2c+controller HTTP/1.1" 200 23944 "-" "Mozilla/5.0 AppleWebKit/537.36 (KHTML, like Gecko; compatible; bingbot/2.0; +http://www.bing.com/bingbot.htm) Chrome/116.0.1938.76 Safari/537.36"
52.167.144.209 - - [19/Apr/2025:09:25:49 -0400] "GET /?d=111122425260&filter=fd45ef&share_to_url=pin.php%3Fid%3D3762882%26name%3Dmy+first+magformers+30 HTTP/1.1" 200 22757 "-" "Mozilla/5.0 AppleWebKit/537.36 (KHTML, like Gecko; compatible; bingbot/2.0; +http://www.bing.com/bingbot.htm) Chrome/116.0.1938.76 Safari/537.36"
20.42.10.183 - - [19/Apr/2025:09:26:16 -0400] "GET /robots.txt HTTP/1.1" 200 65 "-" "Mozilla/5.0 (Macintosh; Intel Mac OS X 10_15_7) AppleWebKit/537.36 (KHTML, like Gecko) Chrome/131.0.0.0 Safari/537.36; compatible; OAI-SearchBot/1.0; +https://openai.com/searchbot"
162.19.145.60 - - [19/Apr/2025:09:26:34 -0400] "GET /?d=101484568260&filter=e69463&share_to_url=detail.php%3Fid%3D3440397%26name%3Dwhat+is+a+strava+activity HTTP/1.1" 302 0 "-" "Go-http-client/1.1"
162.19.145.60 - - [19/Apr/2025:09:26:35 -0400] "GET /loginn.php HTTP/1.1" 200 970 "https://churchmr.com/?d=101484568260&filter=e69463&share_to_url=detail.php%3Fid%3D3440397%26name%3Dwhat+is+a+strava+activity" "Go-http-client/1.1"
162.19.145.60 - - [19/Apr/2025:09:26:35 -0400] "GET /?d=101484568260&d=%27&filter=e69463&share_to_url=detail.php%3Fid%3D3440397%26name%3Dwhat+is+a+strava+activity HTTP/1.1" 302 0 "-" "Go-http-client/1.1"
162.19.145.60 - - [19/Apr/2025:09:26:36 -0400] "GET /loginn.php HTTP/1.1" 200 970 "https://churchmr.com/?d=101484568260&d=%27&filter=e69463&share_to_url=detail.php%3Fid%3D3440397%26name%3Dwhat+is+a+strava+activity" "Go-http-client/1.1"
162.19.145.60 - - [19/Apr/2025:09:26:36 -0400] "GET /?d=101484568260&filter=e69463&filter=%27&share_to_url=detail.php%3Fid%3D3440397%26name%3Dwhat+is+a+strava+activity HTTP/1.1" 302 0 "-" "Go-http-client/1.1"
162.19.145.60 - - [19/Apr/2025:09:26:37 -0400] "GET /loginn.php HTTP/1.1" 200 970 "https://churchmr.com/?d=101484568260&filter=e69463&filter=%27&share_to_url=detail.php%3Fid%3D3440397%26name%3Dwhat+is+a+strava+activity" "Go-http-client/1.1"
162.19.145.60 - - [19/Apr/2025:09:26:37 -0400] "GET /?d=101484568260&filter=e69463&share_to_url=detail.php%3Fid%3D3440397%26name%3Dwhat+is+a+strava+activity&share_to_url=%27 HTTP/1.1" 302 0 "-" "Go-http-client/1.1"
162.19.145.60 - - [19/Apr/2025:09:26:38 -0400] "GET /loginn.php HTTP/1.1" 200 970 "https://churchmr.com/?d=101484568260&filter=e69463&share_to_url=detail.php%3Fid%3D3440397%26name%3Dwhat+is+a+strava+activity&share_to_url=%27" "Go-http-client/1.1"
162.19.145.60 - - [19/Apr/2025:09:26:38 -0400] "GET /?d=%27&filter=%27&share_to_url=%27 HTTP/1.1" 302 0 "-" "Go-http-client/1.1"
162.19.145.60 - - [19/Apr/2025:09:26:39 -0400] "GET /loginn.php HTTP/1.1" 200 970 "https://churchmr.com/?d=%27&filter=%27&share_to_url=%27" "Go-http-client/1.1"
162.19.145.60 - - [19/Apr/2025:09:26:39 -0400] "GET /?d=101484568260%27&filter=e69463&share_to_url=detail.php%3Fid%3D3440397%26name%3Dwhat+is+a+strava+activity HTTP/1.1" 302 0 "-" "Go-http-client/1.1"
162.19.145.60 - - [19/Apr/2025:09:26:40 -0400] "GET /loginn.php HTTP/1.1" 200 970 "https://churchmr.com/?d=101484568260%27&filter=e69463&share_to_url=detail.php%3Fid%3D3440397%26name%3Dwhat+is+a+strava+activity" "Go-http-client/1.1"
162.19.145.60 - - [19/Apr/2025:09:26:40 -0400] "GET /?d=101484568260&filter=e69463%27&share_to_url=detail.php%3Fid%3D3440397%26name%3Dwhat+is+a+strava+activity HTTP/1.1" 302 0 "-" "Go-http-client/1.1"
162.19.145.60 - - [19/Apr/2025:09:26:41 -0400] "GET /loginn.php HTTP/1.1" 200 970 "https://churchmr.com/?d=101484568260&filter=e69463%27&share_to_url=detail.php%3Fid%3D3440397%26name%3Dwhat+is+a+strava+activity" "Go-http-client/1.1"
162.19.145.60 - - [19/Apr/2025:09:26:41 -0400] "GET /?d=101484568260&filter=e69463&share_to_url=detail.php%3Fid%3D3440397%26name%3Dwhat+is+a+strava+activity%27 HTTP/1.1" 302 0 "-" "Go-http-client/1.1"
162.19.145.60 - - [19/Apr/2025:09:26:42 -0400] "GET /loginn.php HTTP/1.1" 200 970 "https://churchmr.com/?d=101484568260&filter=e69463&share_to_url=detail.php%3Fid%3D3440397%26name%3Dwhat+is+a+strava+activity%27" "Go-http-client/1.1"
66.249.66.11 - - [19/Apr/2025:09:27:14 -0400] "GET /?d=7142112260&filter=132c35&share_to_url=discover.php%3Fid%3D244661%26name%3Dpick+and+place+robots+never HTTP/1.1" 200 24554 "-" "Mozilla/5.0 (Linux; Android 6.0.1; Nexus 5X Build/MMB29P) AppleWebKit/537.36 (KHTML, like Gecko) Chrome/135.0.7049.95 Mobile Safari/537.36 (compatible; GoogleOther)"
52.167.144.209 - - [19/Apr/2025:09:27:42 -0400] "GET /?d=54051744260&filter=bc741f&share_to_url=article.php%3Fid%3D1836086%26name%3Dhugo+boss+nr HTTP/1.1" 200 21795 "-" "Mozilla/5.0 AppleWebKit/537.36 (KHTML, like Gecko; compatible; bingbot/2.0; +http://www.bing.com/bingbot.htm) Chrome/116.0.1938.76 Safari/537.36"
52.167.144.209 - - [19/Apr/2025:09:28:40 -0400] "GET /?d=109363235260&filter=7b931f&share_to_url=ideas.php%3Fid%3D3702192%26name%3Dpo%C3%AAl%C3%A9e+de+pommes+de HTTP/1.1" 200 22636 "-" "Mozilla/5.0 AppleWebKit/537.36 (KHTML, like Gecko; compatible; bingbot/2.0; +http://www.bing.com/bingbot.htm) Chrome/116.0.1938.76 Safari/537.36"
52.167.144.174 - - [19/Apr/2025:09:28:44 -0400] "GET /?d=93903609260&filter=d44514&share_to_url=product-page.php%3Fid%3D3181828%26name%3Dparf%C3%BCm%C3%B6k HTTP/1.1" 200 22346 "-" "Mozilla/5.0 AppleWebKit/537.36 (KHTML, like Gecko; compatible; bingbot/2.0; +http://www.bing.com/bingbot.htm) Chrome/116.0.1938.76 Safari/537.36"
52.167.144.209 - - [19/Apr/2025:09:28:59 -0400] "GET /?d=92781388260&filter=b45565&share_to_url=pin.php%3Fid%3D3143514%26name%3Dstudio+f+gu%C3%8Da+de HTTP/1.1" 200 24145 "-" "Mozilla/5.0 AppleWebKit/537.36 (KHTML, like Gecko; compatible; bingbot/2.0; +http://www.bing.com/bingbot.htm) Chrome/116.0.1938.76 Safari/537.36"
40.77.167.67 - - [19/Apr/2025:09:29:26 -0400] "GET /?d=92571678260&filter=0e419f&share_to_url=detail.php%3Fid%3D3136401%26name%3Damd+i2c+controller HTTP/1.1" 200 23930 "-" "Mozilla/5.0 AppleWebKit/537.36 (KHTML, like Gecko; compatible; bingbot/2.0; +http://www.bing.com/bingbot.htm) Chrome/116.0.1938.76 Safari/537.36"
54.36.148.163 - - [19/Apr/2025:09:30:00 -0400] "GET /?d=48930279260&filter=3d8fd3&share_to_url=model.php%3Fid%3D1663623%26name%3Ddigital+walker+heavy+on HTTP/1.1" 302 0 "-" "Mozilla/5.0 (compatible; AhrefsBot/7.0; +http://ahrefs.com/robot/)"
52.167.144.209 - - [19/Apr/2025:09:30:10 -0400] "GET /?d=109683437260&filter=ec7398&share_to_url=product.php%3Fid%3D3712402%26name%3D2009+lg+jet HTTP/1.1" 200 24613 "-" "Mozilla/5.0 AppleWebKit/537.36 (KHTML, like Gecko; compatible; bingbot/2.0; +http://www.bing.com/bingbot.htm) Chrome/116.0.1938.76 Safari/537.36"
52.167.144.174 - - [19/Apr/2025:09:30:33 -0400] "GET /?d=94642579260&filter=ea09de&share_to_url=article.php%3Fid%3D3206810%26name%3Ddesde+la+toda HTTP/1.1" 200 23969 "-" "Mozilla/5.0 AppleWebKit/537.36 (KHTML, like Gecko; compatible; bingbot/2.0; +http://www.bing.com/bingbot.htm) Chrome/116.0.1938.76 Safari/537.36"
52.167.144.174 - - [19/Apr/2025:09:30:34 -0400] "GET /?d=79053835260&filter=7030ec&share_to_url=ideas.php%3Fid%3D2677728%26name%3Dborsa+zara+in HTTP/1.1" 200 23004 "-" "Mozilla/5.0 AppleWebKit/537.36 (KHTML, like Gecko; compatible; bingbot/2.0; +http://www.bing.com/bingbot.htm) Chrome/116.0.1938.76 Safari/537.36"
52.167.144.190 - - [19/Apr/2025:09:30:38 -0400] "GET /?d=79465832260&filter=dc973f&share_to_url=item.php%3Fid%3D2691517%26name%3Dqualcast+gss380+hand HTTP/1.1" 200 23146 "-" "Mozilla/5.0 AppleWebKit/537.36 (KHTML, like Gecko; compatible; bingbot/2.0; +http://www.bing.com/bingbot.htm) Chrome/116.0.1938.76 Safari/537.36"
52.167.144.190 - - [19/Apr/2025:09:30:50 -0400] "GET /?d=94767784260&filter=21a75f&share_to_url=product.php%3Fid%3D3211090%26name%3Dmulberry+black+leather+patent HTTP/1.1" 200 22701 "-" "Mozilla/5.0 AppleWebKit/537.36 (KHTML, like Gecko; compatible; bingbot/2.0; +http://www.bing.com/bingbot.htm) Chrome/116.0.1938.76 Safari/537.36"
52.167.144.174 - - [19/Apr/2025:09:31:43 -0400] "GET /?d=63249437260&filter=d1cff9&share_to_url=goods.php%3Fid%3D2144675%26name%3Dbisgaard+barefoot+hale+l HTTP/1.1" 200 22827 "-" "Mozilla/5.0 AppleWebKit/537.36 (KHTML, like Gecko; compatible; bingbot/2.0; +http://www.bing.com/bingbot.htm) Chrome/116.0.1938.76 Safari/537.36"
52.167.144.190 - - [19/Apr/2025:09:31:48 -0400] "GET /?d=105697682260&filter=00f09d&share_to_url=detail.php%3Fid%3D3580425%26name%3Dadattatore+pinza+freno+per HTTP/1.1" 200 23792 "-" "Mozilla/5.0 AppleWebKit/537.36 (KHTML, like Gecko; compatible; bingbot/2.0; +http://www.bing.com/bingbot.htm) Chrome/116.0.1938.76 Safari/537.36"
52.167.144.190 - - [19/Apr/2025:09:31:49 -0400] "GET /?d=116428555260&filter=c79531&share_to_url=article.php%3Fid%3D3942698%26name%3Dbarbie+2024+as+rapunzel HTTP/1.1" 200 22816 "-" "Mozilla/5.0 AppleWebKit/537.36 (KHTML, like Gecko; compatible; bingbot/2.0; +http://www.bing.com/bingbot.htm) Chrome/116.0.1938.76 Safari/537.36"
52.167.144.209 - - [19/Apr/2025:09:32:00 -0400] "GET /?d=103200515260&filter=0c0b6e&share_to_url=item.php%3Fid%3D3497209%26name%3Dpack+perchas+bebes HTTP/1.1" 200 22779 "-" "Mozilla/5.0 AppleWebKit/537.36 (KHTML, like Gecko; compatible; bingbot/2.0; +http://www.bing.com/bingbot.htm) Chrome/116.0.1938.76 Safari/537.36"
172.213.11.149 - - [19/Apr/2025:09:32:07 -0400] "GET /?d=112965730260&filter=fec9b7&share_to_url=ideas.php?id%3D3825708%26name%3Dpatrizia+pepe+fly+pendant+necklace HTTP/1.1" 302 0 "-" "Mozilla/5.0 AppleWebKit/537.36 (KHTML, like Gecko); compatible; ChatGPT-User/1.0; +https://openai.com/bot"
172.213.11.153 - - [19/Apr/2025:09:32:07 -0400] "GET / HTTP/1.1" 302 0 "-" "Mozilla/5.0 AppleWebKit/537.36 (KHTML, like Gecko); compatible; ChatGPT-User/1.0; +https://openai.com/bot"
172.213.11.153 - - [19/Apr/2025:09:32:08 -0400] "GET /loginn.php HTTP/1.1" 200 832 "-" "Mozilla/5.0 AppleWebKit/537.36 (KHTML, like Gecko); compatible; ChatGPT-User/1.0; +https://openai.com/bot"
172.213.11.149 - - [19/Apr/2025:09:32:08 -0400] "GET /loginn.php HTTP/1.1" 200 832 "-" "Mozilla/5.0 AppleWebKit/537.36 (KHTML, like Gecko); compatible; ChatGPT-User/1.0; +https://openai.com/bot"
52.167.144.174 - - [19/Apr/2025:09:32:34 -0400] "GET /?d=110267748260&filter=00f09d&share_to_url=shop.php%3Fid%3D3732235%26name%3Dregistrazione+del+cambio HTTP/1.1" 200 24776 "-" "Mozilla/5.0 AppleWebKit/537.36 (KHTML, like Gecko; compatible; bingbot/2.0; +http://www.bing.com/bingbot.htm) Chrome/116.0.1938.76 Safari/537.36"
52.167.144.174 - - [19/Apr/2025:09:33:14 -0400] "GET /?d=107935811260&filter=dd4e5e&share_to_url=discover.php%3Fid%3D3654617%26name%3Dfair+isle+boiled HTTP/1.1" 200 22670 "-" "Mozilla/5.0 AppleWebKit/537.36 (KHTML, like Gecko; compatible; bingbot/2.0; +http://www.bing.com/bingbot.htm) Chrome/116.0.1938.76 Safari/537.36"
52.167.144.22 - - [19/Apr/2025:09:34:00 -0400] "GET /?d=109363235260&filter=7b931f&share_to_url=ideas.php%3Fid%3D3702192%26name%3Dpo%C3%AAl%C3%A9e+de+pommes+de HTTP/1.1" 200 22723 "-" "Mozilla/5.0 AppleWebKit/537.36 (KHTML, like Gecko; compatible; bingbot/2.0; +http://www.bing.com/bingbot.htm) Chrome/116.0.1938.76 Safari/537.36"
52.167.144.191 - - [19/Apr/2025:09:34:44 -0400] "GET /?d=89497826260&filter=a98900&share_to_url=detail.php%3Fid%3D3033525%26name%3Dcaricabatterie+samsung+originale HTTP/1.1" 200 23418 "-" "Mozilla/5.0 AppleWebKit/537.36 (KHTML, like Gecko; compatible; bingbot/2.0; +http://www.bing.com/bingbot.htm) Chrome/116.0.1938.76 Safari/537.36"
52.167.144.191 - - [19/Apr/2025:09:35:05 -0400] "GET /?d=106985766260&filter=b190c6&share_to_url=model.php%3Fid%3D3623331%26name%3Dbright+intense+pepe HTTP/1.1" 200 22902 "-" "Mozilla/5.0 AppleWebKit/537.36 (KHTML, like Gecko; compatible; bingbot/2.0; +http://www.bing.com/bingbot.htm) Chrome/116.0.1938.76 Safari/537.36"
52.167.144.191 - - [19/Apr/2025:09:35:06 -0400] "GET /?d=92742323260&filter=2aa707&share_to_url=detail.php%3Fid%3D3142209%26name%3Dcar+audio+tunes+n+tint HTTP/1.1" 200 24031 "-" "Mozilla/5.0 AppleWebKit/537.36 (KHTML, like Gecko; compatible; bingbot/2.0; +http://www.bing.com/bingbot.htm) Chrome/116.0.1938.76 Safari/537.36"
52.167.144.22 - - [19/Apr/2025:09:35:14 -0400] "GET /?d=116216716260&filter=a8fffa&share_to_url=model.php%3Fid%3D3935787%26name%3Dmotoculteur+%C3%A0+essence HTTP/1.1" 200 23507 "-" "Mozilla/5.0 AppleWebKit/537.36 (KHTML, like Gecko; compatible; bingbot/2.0; +http://www.bing.com/bingbot.htm) Chrome/116.0.1938.76 Safari/537.36"
52.167.144.190 - - [19/Apr/2025:09:35:19 -0400] "GET /?d=92571678260&filter=0e419f&share_to_url=detail.php%3Fid%3D3136401%26name%3Damd+i2c+controller HTTP/1.1" 200 23891 "-" "Mozilla/5.0 AppleWebKit/537.36 (KHTML, like Gecko; compatible; bingbot/2.0; +http://www.bing.com/bingbot.htm) Chrome/116.0.1938.76 Safari/537.36"
52.167.144.190 - - [19/Apr/2025:09:36:28 -0400] "GET /?d=102191774260&filter=9e9754&share_to_url=discover.php%3Fid%3D3463925%26name%3Duser+manuals+sunbeam+gr8450 HTTP/1.1" 200 23455 "-" "Mozilla/5.0 AppleWebKit/537.36 (KHTML, like Gecko; compatible; bingbot/2.0; +http://www.bing.com/bingbot.htm) Chrome/116.0.1938.76 Safari/537.36"
52.167.144.190 - - [19/Apr/2025:09:37:38 -0400] "GET /?d=114296774260&filter=efc4ff&share_to_url=pin.php%3Fid%3D3870318%26name%3Dl%C3%A9ku%C3%A9+creative+pastry+collection HTTP/1.1" 200 23383 "-" "Mozilla/5.0 AppleWebKit/537.36 (KHTML, like Gecko; compatible; bingbot/2.0; +http://www.bing.com/bingbot.htm) Chrome/116.0.1938.76 Safari/537.36"
52.167.144.191 - - [19/Apr/2025:09:37:45 -0400] "GET /?d=113693083260&filter=dace4d&share_to_url=item.php%3Fid%3D3850117%26name%3Dmartens+softy HTTP/1.1" 200 22297 "-" "Mozilla/5.0 AppleWebKit/537.36 (KHTML, like Gecko; compatible; bingbot/2.0; +http://www.bing.com/bingbot.htm) Chrome/116.0.1938.76 Safari/537.36"
52.167.144.191 - - [19/Apr/2025:09:39:04 -0400] "GET /?d=89360371260&filter=ec7398&share_to_url=shop.php%3Fid%3D3029071%26name%3Dmisty+mate+mistpro+personal HTTP/1.1" 200 22731 "-" "Mozilla/5.0 AppleWebKit/537.36 (KHTML, like Gecko; compatible; bingbot/2.0; +http://www.bing.com/bingbot.htm) Chrome/116.0.1938.76 Safari/537.36"
52.167.144.190 - - [19/Apr/2025:09:39:08 -0400] "GET /?d=106999342260&filter=e0b725&share_to_url=detail.php%3Fid%3D3623769%26name%3Dmagnum+bottes+de HTTP/1.1" 200 22935 "-" "Mozilla/5.0 AppleWebKit/537.36 (KHTML, like Gecko; compatible; bingbot/2.0; +http://www.bing.com/bingbot.htm) Chrome/116.0.1938.76 Safari/537.36"
52.167.144.22 - - [19/Apr/2025:09:39:41 -0400] "GET /?d=112811899260&filter=750d75&share_to_url=item.php%3Fid%3D3820801%26name%3Dkaus+pria+kaus+vasco HTTP/1.1" 200 23697 "-" "Mozilla/5.0 AppleWebKit/537.36 (KHTML, like Gecko; compatible; bingbot/2.0; +http://www.bing.com/bingbot.htm) Chrome/116.0.1938.76 Safari/537.36"
54.36.148.88 - - [19/Apr/2025:09:40:18 -0400] "GET /?d=53505048260&filter=17e790&share_to_url=ideas.php%3Fid%3D1817976%26name%3Dcincinnati+bengals+nike+2023+long HTTP/1.1" 302 0 "-" "Mozilla/5.0 (compatible; AhrefsBot/7.0; +http://ahrefs.com/robot/)"
52.167.144.22 - - [19/Apr/2025:09:41:01 -0400] "GET /?d=109363235260&filter=7b931f&share_to_url=ideas.php%3Fid%3D3702192%26name%3Dpo%C3%AAl%C3%A9e+de+pommes+de HTTP/1.1" 200 22705 "-" "Mozilla/5.0 AppleWebKit/537.36 (KHTML, like Gecko; compatible; bingbot/2.0; +http://www.bing.com/bingbot.htm) Chrome/116.0.1938.76 Safari/537.36"
52.167.144.22 - - [19/Apr/2025:09:41:10 -0400] "GET /?d=103055537260&filter=cdc800&share_to_url=product.php%3Fid%3D3492370%26name%3Dcomeshopwithme+target+targetfinds+dachshunds HTTP/1.1" 200 24310 "-" "Mozilla/5.0 AppleWebKit/537.36 (KHTML, like Gecko; compatible; bingbot/2.0; +http://www.bing.com/bingbot.htm) Chrome/116.0.1938.76 Safari/537.36"
66.249.66.9 - - [19/Apr/2025:09:41:16 -0400] "GET /?d=114397625260&filter=d6a214&share_to_url=discover.php%3Fid%3D3873713%26name%3Dstainless+steel+love+rings HTTP/1.1" 200 23295 "-" "Mozilla/5.0 (Linux; Android 6.0.1; Nexus 5X Build/MMB29P) AppleWebKit/537.36 (KHTML, like Gecko) Chrome/135.0.7049.95 Mobile Safari/537.36 (compatible; GoogleOther)"
52.167.144.185 - - [19/Apr/2025:09:41:37 -0400] "GET /?d=92571678260&filter=0e419f&share_to_url=detail.php%3Fid%3D3136401%26name%3Damd+i2c+controller HTTP/1.1" 200 23937 "-" "Mozilla/5.0 AppleWebKit/537.36 (KHTML, like Gecko; compatible; bingbot/2.0; +http://www.bing.com/bingbot.htm) Chrome/116.0.1938.76 Safari/537.36"
52.167.144.191 - - [19/Apr/2025:09:43:05 -0400] "GET /?d=117690011260&filter=9f40ab&share_to_url=model.php%3Fid%3D3985791%26name%3Dchlo%C3%A9+paddingto+handtasche HTTP/1.1" 200 22577 "-" "Mozilla/5.0 AppleWebKit/537.36 (KHTML, like Gecko; compatible; bingbot/2.0; +http://www.bing.com/bingbot.htm) Chrome/116.0.1938.76 Safari/537.36"
52.167.144.191 - - [19/Apr/2025:09:43:26 -0400] "GET /?d=96690888260&filter=56e2eb&share_to_url=item.php%3Fid%3D3276241%26name%3Dachat+plush+wolf+white HTTP/1.1" 200 23069 "-" "Mozilla/5.0 AppleWebKit/537.36 (KHTML, like Gecko; compatible; bingbot/2.0; +http://www.bing.com/bingbot.htm) Chrome/116.0.1938.76 Safari/537.36"
49.51.73.183 - - [19/Apr/2025:09:43:29 -0400] "GET / HTTP/1.1" 302 0 "http://www.churchmr.com" "Mozilla/5.0 (iPhone; CPU iPhone OS 13_2_3 like Mac OS X) AppleWebKit/605.1.15 (KHTML, like Gecko) Version/13.0.3 Mobile/15E148 Safari/604.1"
49.51.73.183 - - [19/Apr/2025:09:43:32 -0400] "GET /loginn.php HTTP/1.1" 200 970 "https://www.churchmr.com/" "Mozilla/5.0 (iPhone; CPU iPhone OS 13_2_3 like Mac OS X) AppleWebKit/605.1.15 (KHTML, like Gecko) Version/13.0.3 Mobile/15E148 Safari/604.1"
72.14.201.65 - - [19/Apr/2025:09:43:37 -0400] "GET /?d=102660730260&filter=7bb540&share_to_url=article.php%3Fid%3D3479618%26name%3Dcustom+cerchio+per+ruota HTTP/1.1" 200 134 "https://www.google.com/" "Mozilla/5.0 (Windows NT 10.0; Win64; x64) AppleWebKit/537.36 (KHTML, like Gecko) Chrome/135.0.0.0 Safari/537.36"
142.250.32.9 - - [19/Apr/2025:09:43:37 -0400] "GET /.well-known/traffic-advice HTTP/1.1" 302 0 "-" "Chrome Privacy Preserving Prefetch Proxy"
51.8.102.236 - - [19/Apr/2025:09:44:48 -0400] "GET /?d=112965730260&filter=fec9b7&share_to_url=ideas.php%3Fid%3D3825708%26name%3Dpatrizia+pepe+fly+pendant+necklace HTTP/1.1" 302 0 "-" "Mozilla/5.0 (Macintosh; Intel Mac OS X 10_15_7) AppleWebKit/537.36 (KHTML, like Gecko) Chrome/131.0.0.0 Safari/537.36; compatible; OAI-SearchBot/1.0; +https://openai.com/searchbot"
51.8.102.236 - - [19/Apr/2025:09:44:48 -0400] "GET /loginn.php HTTP/1.1" 200 832 "-" "Mozilla/5.0 (Macintosh; Intel Mac OS X 10_15_7) AppleWebKit/537.36 (KHTML, like Gecko) Chrome/131.0.0.0 Safari/537.36; compatible; OAI-SearchBot/1.0; +https://openai.com/searchbot"
66.249.66.11 - - [19/Apr/2025:09:44:51 -0400] "GET /?d=94223273260&filter=dc973f&share_to_url=ideas.php%3Fid%3D3192948%26name%3Dsmall+cordless+drills+offer HTTP/1.1" 200 24494 "-" "Mozilla/5.0 (Linux; Android 6.0.1; Nexus 5X Build/MMB29P) AppleWebKit/537.36 (KHTML, like Gecko) Chrome/135.0.7049.95 Mobile Safari/537.36 (compatible; Googlebot/2.1; +http://www.google.com/bot.html)"
66.249.66.9 - - [19/Apr/2025:09:44:56 -0400] "GET /?/css_2afddd5a36ce27199bca6b34e2ff151c/boost-pfs-instant-search HTTP/1.1" 200 6116 "https://churchmr.com/?d=94223273260&filter=dc973f&share_to_url=ideas.php%3Fid%3D3192948%26name%3Dsmall+cordless+drills+offer" "Mozilla/5.0 (Linux; Android 6.0.1; Nexus 5X Build/MMB29P) AppleWebKit/537.36 (KHTML, like Gecko) Chrome/134.0.6998.165 Mobile Safari/537.36 (compatible; Googlebot/2.1; +http://www.google.com/bot.html)"
52.167.144.189 - - [19/Apr/2025:09:45:31 -0400] "GET /?d=87297880260&filter=3e65b5&share_to_url=discover.php%3Fid%3D2958425%26name%3Dakemi+akemi+microfil+pillow HTTP/1.1" 200 23092 "-" "Mozilla/5.0 AppleWebKit/537.36 (KHTML, like Gecko; compatible; bingbot/2.0; +http://www.bing.com/bingbot.htm) Chrome/116.0.1938.76 Safari/537.36"
40.77.167.64 - - [19/Apr/2025:09:45:45 -0400] "GET /?d=103477163260&filter=d07a8e&share_to_url=product.php%3Fid%3D3506326%26name%3Dmini+live+streaming+dash HTTP/1.1" 200 24056 "-" "Mozilla/5.0 AppleWebKit/537.36 (KHTML, like Gecko; compatible; bingbot/2.0; +http://www.bing.com/bingbot.htm) Chrome/116.0.1938.76 Safari/537.36"
52.167.144.189 - - [19/Apr/2025:09:46:03 -0400] "GET /?d=92086065260&filter=060bbe&share_to_url=item.php%3Fid%3D3119533%26name%3Dlowell+dress+shirt HTTP/1.1" 200 22796 "-" "Mozilla/5.0 AppleWebKit/537.36 (KHTML, like Gecko; compatible; bingbot/2.0; +http://www.bing.com/bingbot.htm) Chrome/116.0.1938.76 Safari/537.36"
52.167.144.189 - - [19/Apr/2025:09:46:21 -0400] "GET /?d=109363235260&filter=7b931f&share_to_url=ideas.php%3Fid%3D3702192%26name%3Dpo%C3%AAl%C3%A9e+de+pommes+de HTTP/1.1" 200 22768 "-" "Mozilla/5.0 AppleWebKit/537.36 (KHTML, like Gecko; compatible; bingbot/2.0; +http://www.bing.com/bingbot.htm) Chrome/116.0.1938.76 Safari/537.36"
40.77.167.64 - - [19/Apr/2025:09:46:45 -0400] "GET /?d=99741825260&filter=7ac9b8&share_to_url=pin.php%3Fid%3D3380478%26name%3Drider+male+scarpe HTTP/1.1" 200 22755 "-" "Mozilla/5.0 AppleWebKit/537.36 (KHTML, like Gecko; compatible; bingbot/2.0; +http://www.bing.com/bingbot.htm) Chrome/116.0.1938.76 Safari/537.36"
40.77.167.64 - - [19/Apr/2025:09:47:06 -0400] "GET /?d=101024742260&filter=0ab89c&share_to_url=item.php%3Fid%3D3424453%26name%3Dwachstuch+flamingo+%C3%96sterreich HTTP/1.1" 200 24120 "-" "Mozilla/5.0 AppleWebKit/537.36 (KHTML, like Gecko; compatible; bingbot/2.0; +http://www.bing.com/bingbot.htm) Chrome/116.0.1938.76 Safari/537.36"
40.77.167.64 - - [19/Apr/2025:09:47:06 -0400] "GET /?d=13240781260&filter=cd6685&share_to_url=product-page.php%3Fid%3D451624%26name%3Dtc0803+sale HTTP/1.1" 200 22280 "-" "Mozilla/5.0 AppleWebKit/537.36 (KHTML, like Gecko; compatible; bingbot/2.0; +http://www.bing.com/bingbot.htm) Chrome/116.0.1938.76 Safari/537.36"
52.167.144.185 - - [19/Apr/2025:09:47:10 -0400] "GET /?d=92571678260&filter=0e419f&share_to_url=detail.php%3Fid%3D3136401%26name%3Damd+i2c+controller HTTP/1.1" 200 23952 "-" "Mozilla/5.0 AppleWebKit/537.36 (KHTML, like Gecko; compatible; bingbot/2.0; +http://www.bing.com/bingbot.htm) Chrome/116.0.1938.76 Safari/537.36"
40.77.167.64 - - [19/Apr/2025:09:47:26 -0400] "GET /?d=104740240260&filter=a8fc1c&share_to_url=shop.php%3Fid%3D3549079%26name%3Dall+sizes+uwabaki+slippers HTTP/1.1" 200 23443 "-" "Mozilla/5.0 AppleWebKit/537.36 (KHTML, like Gecko; compatible; bingbot/2.0; +http://www.bing.com/bingbot.htm) Chrome/116.0.1938.76 Safari/537.36"
52.167.144.185 - - [19/Apr/2025:09:47:48 -0400] "GET /?d=98269590260&filter=64a9bc&share_to_url=discover.php%3Fid%3D3330029%26name%3Dgrenadine+chamb%C3%A9ry+id%C3%A9al+pour HTTP/1.1" 200 24432 "-" "Mozilla/5.0 AppleWebKit/537.36 (KHTML, like Gecko; compatible; bingbot/2.0; +http://www.bing.com/bingbot.htm) Chrome/116.0.1938.76 Safari/537.36"
66.249.66.11 - - [19/Apr/2025:09:47:50 -0400] "GET /?d=92333598260&filter=203425&share_to_url=product-page.php%3Fid%3D3128008%26name%3Dnew+cross+country HTTP/1.1" 200 23241 "-" "Mozilla/5.0 (Linux; Android 6.0.1; Nexus 5X Build/MMB29P) AppleWebKit/537.36 (KHTML, like Gecko) Chrome/135.0.7049.95 Mobile Safari/537.36 (compatible; Googlebot/2.1; +http://www.google.com/bot.html)"
40.77.167.64 - - [19/Apr/2025:09:47:55 -0400] "GET /?d=104353799260&filter=dc973f&share_to_url=article.php%3Fid%3D3535718%26name%3Dswisher+t14560+rotary+mowers HTTP/1.1" 200 23465 "-" "Mozilla/5.0 AppleWebKit/537.36 (KHTML, like Gecko; compatible; bingbot/2.0; +http://www.bing.com/bingbot.htm) Chrome/116.0.1938.76 Safari/537.36"
40.77.167.64 - - [19/Apr/2025:09:47:56 -0400] "GET /?d=60344948260&filter=b00345&share_to_url=pin.php%3Fid%3D2047770%26name%3Do+glow+up+absurdo HTTP/1.1" 200 23397 "-" "Mozilla/5.0 AppleWebKit/537.36 (KHTML, like Gecko; compatible; bingbot/2.0; +http://www.bing.com/bingbot.htm) Chrome/116.0.1938.76 Safari/537.36"
52.167.144.189 - - [19/Apr/2025:09:48:02 -0400] "GET /?d=97670832260&filter=c4aab1&share_to_url=goods.php%3Fid%3D3310199%26name%3Dsac+vanessa+2025+bruno HTTP/1.1" 200 22296 "-" "Mozilla/5.0 AppleWebKit/537.36 (KHTML, like Gecko; compatible; bingbot/2.0; +http://www.bing.com/bingbot.htm) Chrome/116.0.1938.76 Safari/537.36"
40.77.167.64 - - [19/Apr/2025:09:48:26 -0400] "GET /?d=103265215260&filter=9b3982&share_to_url=product-page.php%3Fid%3D3499528%26name%3Dvintage+folding HTTP/1.1" 200 23546 "-" "Mozilla/5.0 AppleWebKit/537.36 (KHTML, like Gecko; compatible; bingbot/2.0; +http://www.bing.com/bingbot.htm) Chrome/116.0.1938.76 Safari/537.36"
52.167.144.189 - - [19/Apr/2025:09:48:41 -0400] "GET /?d=113305545260&filter=003cf2&share_to_url=discover.php%3Fid%3D3837617%26name%3Droyal+canin+delivery HTTP/1.1" 200 22530 "-" "Mozilla/5.0 AppleWebKit/537.36 (KHTML, like Gecko; compatible; bingbot/2.0; +http://www.bing.com/bingbot.htm) Chrome/116.0.1938.76 Safari/537.36"
52.167.144.185 - - [19/Apr/2025:09:49:18 -0400] "GET /?d=116270069260&filter=7b931f&share_to_url=item.php%3Fid%3D3937681%26name%3Daccueil+accueil HTTP/1.1" 200 23549 "-" "Mozilla/5.0 AppleWebKit/537.36 (KHTML, like Gecko; compatible; bingbot/2.0; +http://www.bing.com/bingbot.htm) Chrome/116.0.1938.76 Safari/537.36"
66.249.66.11 - - [19/Apr/2025:09:49:38 -0400] "GET /?d=93185653260&filter=bc40a5&share_to_url=discover.php%3Fid%3D3157277%26name%3Dthule+wingbar+edge+9582+roof HTTP/1.1" 200 22903 "-" "Mozilla/5.0 (Linux; Android 6.0.1; Nexus 5X Build/MMB29P) AppleWebKit/537.36 (KHTML, like Gecko) Chrome/135.0.7049.95 Mobile Safari/537.36 (compatible; Googlebot/2.1; +http://www.google.com/bot.html)"
52.167.144.185 - - [19/Apr/2025:09:49:58 -0400] "GET /?d=99308150260&filter=a93973&share_to_url=discover.php%3Fid%3D3365753%26name%3Dvila+parka+f%C3%BCr+damen HTTP/1.1" 200 24216 "-" "Mozilla/5.0 AppleWebKit/537.36 (KHTML, like Gecko; compatible; bingbot/2.0; +http://www.bing.com/bingbot.htm) Chrome/116.0.1938.76 Safari/537.36"
52.167.144.185 - - [19/Apr/2025:09:49:59 -0400] "GET /?d=115813251260&filter=debef5&share_to_url=shopdetail.php%3Fid%3D3921848%26name%3Da+quanto+pare+questa HTTP/1.1" 200 23061 "-" "Mozilla/5.0 AppleWebKit/537.36 (KHTML, like Gecko; compatible; bingbot/2.0; +http://www.bing.com/bingbot.htm) Chrome/116.0.1938.76 Safari/537.36"
52.167.144.189 - - [19/Apr/2025:09:51:02 -0400] "GET /?d=109363235260&filter=7b931f&share_to_url=ideas.php%3Fid%3D3702192%26name%3Dpo%C3%AAl%C3%A9e+de+pommes+de HTTP/1.1" 200 22708 "-" "Mozilla/5.0 AppleWebKit/537.36 (KHTML, like Gecko; compatible; bingbot/2.0; +http://www.bing.com/bingbot.htm) Chrome/116.0.1938.76 Safari/537.36"
54.36.148.9 - - [19/Apr/2025:09:51:13 -0400] "GET /?d=64971264260&filter=749976&share_to_url=model.php%3Fid%3D2203227%26name%3Dvans+classics+2014+holiday+old HTTP/1.1" 302 0 "-" "Mozilla/5.0 (compatible; AhrefsBot/7.0; +http://ahrefs.com/robot/)"
66.249.66.10 - - [19/Apr/2025:09:52:02 -0400] "GET /?d=93440576260&filter=83f648&share_to_url=pin.php%3Fid%3D3165678%26name%3Dlentes+oakley+para+b%C3%A9isbol HTTP/1.1" 200 22719 "-" "Mozilla/5.0 (Linux; Android 6.0.1; Nexus 5X Build/MMB29P) AppleWebKit/537.36 (KHTML, like Gecko) Chrome/135.0.7049.95 Mobile Safari/537.36 (compatible; Googlebot/2.1; +http://www.google.com/bot.html)"
52.167.144.21 - - [19/Apr/2025:09:52:09 -0400] "GET /?d=92571678260&filter=0e419f&share_to_url=detail.php%3Fid%3D3136401%26name%3Damd+i2c+controller HTTP/1.1" 200 23948 "-" "Mozilla/5.0 AppleWebKit/537.36 (KHTML, like Gecko; compatible; bingbot/2.0; +http://www.bing.com/bingbot.htm) Chrome/116.0.1938.76 Safari/537.36"
40.77.167.64 - - [19/Apr/2025:09:52:16 -0400] "GET /?d=103765714260&filter=c5d56d&share_to_url=detail.php%3Fid%3D3515781%26name%3Dtraeger+grillinpuhdistusaine+traeger+grills HTTP/1.1" 200 21516 "-" "Mozilla/5.0 AppleWebKit/537.36 (KHTML, like Gecko; compatible; bingbot/2.0; +http://www.bing.com/bingbot.htm) Chrome/116.0.1938.76 Safari/537.36"
40.77.167.64 - - [19/Apr/2025:09:53:16 -0400] "GET /?d=99551526260&filter=e86b2c&share_to_url=item.php%3Fid%3D3374017%26name%3Dbuy+wolsey+red+and HTTP/1.1" 200 23292 "-" "Mozilla/5.0 AppleWebKit/537.36 (KHTML, like Gecko; compatible; bingbot/2.0; +http://www.bing.com/bingbot.htm) Chrome/116.0.1938.76 Safari/537.36"
52.167.144.21 - - [19/Apr/2025:09:53:28 -0400] "GET /?d=115735344260&filter=e86b2c&share_to_url=item.php%3Fid%3D3919261%26name%3Ddiy+cut+out+sweatshirt HTTP/1.1" 200 23641 "-" "Mozilla/5.0 AppleWebKit/537.36 (KHTML, like Gecko; compatible; bingbot/2.0; +http://www.bing.com/bingbot.htm) Chrome/116.0.1938.76 Safari/537.36"
66.249.66.15 - - [19/Apr/2025:09:54:12 -0400] "GET /?d=112137755260&filter=69d8f0&share_to_url=model.php%3Fid%3D3798639%26name%3Docchialeria+store+artigiana HTTP/1.1" 200 23042 "-" "Mozilla/5.0 (Linux; Android 6.0.1; Nexus 5X Build/MMB29P) AppleWebKit/537.36 (KHTML, like Gecko) Chrome/135.0.7049.95 Mobile Safari/537.36 (compatible; Googlebot/2.1; +http://www.google.com/bot.html)"
40.77.167.64 - - [19/Apr/2025:09:54:36 -0400] "GET /?d=105437970260&filter=c551fd&share_to_url=ideas.php%3Fid%3D3571872%26name%3Dgrifo+monomando+ba%C3%B1o+ducha HTTP/1.1" 200 23021 "-" "Mozilla/5.0 AppleWebKit/537.36 (KHTML, like Gecko; compatible; bingbot/2.0; +http://www.bing.com/bingbot.htm) Chrome/116.0.1938.76 Safari/537.36"
52.159.227.38 - - [19/Apr/2025:09:54:46 -0400] "GET /?d=111264909260&filter=a2fb29&share_to_url=article.php?id%3D3768014%26name%3Dfor+asus+zenbook+14x HTTP/1.1" 302 0 "-" "Mozilla/5.0 AppleWebKit/537.36 (KHTML, like Gecko); compatible; ChatGPT-User/1.0; +https://openai.com/bot"
52.159.227.38 - - [19/Apr/2025:09:54:47 -0400] "GET /loginn.php HTTP/1.1" 200 832 "-" "Mozilla/5.0 AppleWebKit/537.36 (KHTML, like Gecko); compatible; ChatGPT-User/1.0; +https://openai.com/bot"
52.159.227.38 - - [19/Apr/2025:09:54:51 -0400] "GET / HTTP/1.1" 302 0 "-" "Mozilla/5.0 AppleWebKit/537.36 (KHTML, like Gecko); compatible; ChatGPT-User/1.0; +https://openai.com/bot"
40.77.167.64 - - [19/Apr/2025:09:54:56 -0400] "GET /?d=23867420260&filter=9f40ab&share_to_url=product.php%3Fid%3D809326%26name%3Dguess+henkeltasche+diana+echtleder HTTP/1.1" 200 22580 "-" "Mozilla/5.0 AppleWebKit/537.36 (KHTML, like Gecko; compatible; bingbot/2.0; +http://www.bing.com/bingbot.htm) Chrome/116.0.1938.76 Safari/537.36"
40.77.167.64 - - [19/Apr/2025:09:54:57 -0400] "GET /?d=96422923260&filter=eee8f3&share_to_url=detail.php%3Fid%3D3266901%26name%3Dthe+last+naruto HTTP/1.1" 200 23317 "-" "Mozilla/5.0 AppleWebKit/537.36 (KHTML, like Gecko; compatible; bingbot/2.0; +http://www.bing.com/bingbot.htm) Chrome/116.0.1938.76 Safari/537.36"
40.77.167.64 - - [19/Apr/2025:09:54:57 -0400] "GET /?d=99990397260&filter=8dea3f&share_to_url=ideas.php%3Fid%3D3388860%26name%3Destrena+un+samsung+galaxy HTTP/1.1" 200 21850 "-" "Mozilla/5.0 AppleWebKit/537.36 (KHTML, like Gecko; compatible; bingbot/2.0; +http://www.bing.com/bingbot.htm) Chrome/116.0.1938.76 Safari/537.36"
52.167.144.21 - - [19/Apr/2025:09:55:13 -0400] "GET /?d=14159514260&filter=dd005b&share_to_url=product-page.php%3Fid%3D482644%26name%3Dwomens+yellow+summer+skirts HTTP/1.1" 200 23963 "-" "Mozilla/5.0 AppleWebKit/537.36 (KHTML, like Gecko; compatible; bingbot/2.0; +http://www.bing.com/bingbot.htm) Chrome/116.0.1938.76 Safari/537.36"
40.77.167.7 - - [19/Apr/2025:09:56:12 -0400] "GET /?d=94683930260&filter=93ffb4&share_to_url=product-page.php%3Fid%3D3208192%26name%3Dink+on+leather HTTP/1.1" 200 24330 "-" "Mozilla/5.0 AppleWebKit/537.36 (KHTML, like Gecko; compatible; bingbot/2.0; +http://www.bing.com/bingbot.htm) Chrome/116.0.1938.76 Safari/537.36"
40.77.167.7 - - [19/Apr/2025:09:57:43 -0400] "GET /?d=109363235260&filter=7b931f&share_to_url=ideas.php%3Fid%3D3702192%26name%3Dpo%C3%AAl%C3%A9e+de+pommes+de HTTP/1.1" 200 22734 "-" "Mozilla/5.0 AppleWebKit/537.36 (KHTML, like Gecko; compatible; bingbot/2.0; +http://www.bing.com/bingbot.htm) Chrome/116.0.1938.76 Safari/537.36"
40.77.167.7 - - [19/Apr/2025:09:58:33 -0400] "GET /?d=107319055260&filter=96059a&share_to_url=discover.php%3Fid%3D3634169%26name%3Dminimal+iron+ring+simple HTTP/1.1" 200 23808 "-" "Mozilla/5.0 AppleWebKit/537.36 (KHTML, like Gecko; compatible; bingbot/2.0; +http://www.bing.com/bingbot.htm) Chrome/116.0.1938.76 Safari/537.36"
52.167.144.21 - - [19/Apr/2025:09:58:49 -0400] "GET /?d=92571678260&filter=0e419f&share_to_url=detail.php%3Fid%3D3136401%26name%3Damd+i2c+controller HTTP/1.1" 200 23893 "-" "Mozilla/5.0 AppleWebKit/537.36 (KHTML, like Gecko; compatible; bingbot/2.0; +http://www.bing.com/bingbot.htm) Chrome/116.0.1938.76 Safari/537.36"
52.167.144.21 - - [19/Apr/2025:09:58:51 -0400] "GET /?d=106082380260&filter=eab85f&share_to_url=shop.php%3Fid%3D3593215%26name%3Dsand%C3%A1lia+anabela+em HTTP/1.1" 200 23094 "-" "Mozilla/5.0 AppleWebKit/537.36 (KHTML, like Gecko; compatible; bingbot/2.0; +http://www.bing.com/bingbot.htm) Chrome/116.0.1938.76 Safari/537.36"
45.82.97.228 - - [19/Apr/2025:09:59:18 -0400] "GET /?d=106611539260&filter=b4f984&share_to_url=detail.php%3Fid%3D3610797%26name%3Dwhite+lace+skirt HTTP/1.1" 302 0 "-" "Mozilla/5.0 (Windows NT 10.0; Win64; x64) AppleWebKit/537.36 (KHTML, like Gecko) Chrome/135.0.0.0 Safari/537.36 Edg/135.0.0.0"
45.82.97.228 - - [19/Apr/2025:09:59:19 -0400] "GET /loginn.php HTTP/1.1" 200 832 "-" "Mozilla/5.0 (Windows NT 10.0; Win64; x64) AppleWebKit/537.36 (KHTML, like Gecko) Chrome/135.0.0.0 Safari/537.36 Edg/135.0.0.0"
3.250.222.201 - - [19/Apr/2025:09:59:19 -0400] "HEAD /?d=106611539260&filter=b4f984&share_to_url=detail.php%3Fid%3D3610797%26name%3Dwhite+lace+skirt HTTP/1.1" 302 0 "-" "python-requests/2.31.0"
37.120.156.41 - - [19/Apr/2025:09:59:38 -0400] "POST /dist/engine HTTP/1.1" 302 0 "https://churchmr.com" "Mozilla/5.0 (Windows NT 10.0; Win64; x64) AppleWebKit/537.36 (KHTML, like Gecko) Chrome/64.0.2334.73 Safari/537.36"
37.120.156.41 - - [19/Apr/2025:09:59:39 -0400] "GET /dist/loginn.php HTTP/1.1" 302 0 "https://churchmr.com" "Mozilla/5.0 (Windows NT 10.0; Win64; x64) AppleWebKit/537.36 (KHTML, like Gecko) Chrome/64.0.2334.73 Safari/537.36"
