66.249.66.86 - - [19/Apr/2025:08:47:33 -0400] "GET /cate/176796 HTTP/1.1" 404 1251 "-" "Mozilla/5.0 (Linux; Android 6.0.1; Nexus 5X Build/MMB29P) AppleWebKit/537.36 (KHTML, like Gecko) Chrome/135.0.7049.95 Mobile Safari/537.36 (compatible; Googlebot/2.1; +http://www.google.com/bot.html)"
185.191.171.15 - - [19/Apr/2025:08:47:40 -0400] "GET /11071164055.htm HTTP/1.1" 404 1251 "-" "Mozilla/5.0 (compatible; SemrushBot/7~bl; +http://www.semrush.com/bot.html)"
85.208.96.203 - - [19/Apr/2025:08:47:41 -0400] "GET /20689234017.htm HTTP/1.1" 404 1251 "-" "Mozilla/5.0 (compatible; SemrushBot/7~bl; +http://www.semrush.com/bot.html)"
114.119.167.51 - - [19/Apr/2025:08:47:42 -0400] "GET /include/lo.php?path=//var/softaculous/sitepad/editor/site-inc/js/crop HTTP/1.1" 200 1108 "https://www.believersfamilyfoundation.com/include/lo.php?path=//var/softaculous/sitepad/editor/site-inc/js/crop" "Mozilla/5.0 (Linux; Android 7.0;) AppleWebKit/537.36 (KHTML, like Gecko) Mobile Safari/537.36 (compatible; PetalBot;+https://webmaster.petalsearch.com/site/petalbot)"
185.191.171.14 - - [19/Apr/2025:08:48:15 -0400] "GET /20689224245.htm HTTP/1.1" 404 1251 "-" "Mozilla/5.0 (compatible; SemrushBot/7~bl; +http://www.semrush.com/bot.html)"
85.208.96.193 - - [19/Apr/2025:08:48:19 -0400] "GET /20689140140.htm HTTP/1.1" 404 1251 "-" "Mozilla/5.0 (compatible; SemrushBot/7~bl; +http://www.semrush.com/bot.html)"
185.191.171.18 - - [19/Apr/2025:08:48:41 -0400] "GET /20689251342.htm HTTP/1.1" 404 1251 "-" "Mozilla/5.0 (compatible; SemrushBot/7~bl; +http://www.semrush.com/bot.html)"
85.208.96.210 - - [19/Apr/2025:08:48:57 -0400] "GET /20689189864.htm HTTP/1.1" 404 1251 "-" "Mozilla/5.0 (compatible; SemrushBot/7~bl; +http://www.semrush.com/bot.html)"
85.208.96.196 - - [19/Apr/2025:08:48:58 -0400] "GET /2068919453.htm HTTP/1.1" 404 1251 "-" "Mozilla/5.0 (compatible; SemrushBot/7~bl; +http://www.semrush.com/bot.html)"
114.119.167.51 - - [19/Apr/2025:08:49:05 -0400] "GET /include/lo.php?path=//var/softaculous/sitepad/editor/site-inc/js/codemirror HTTP/1.1" 200 1259 "https://www.believersfamilyfoundation.com/include/lo.php?path=//var/softaculous/sitepad/editor/site-inc/js" "Mozilla/5.0 (Linux; Android 7.0;) AppleWebKit/537.36 (KHTML, like Gecko) Mobile Safari/537.36 (compatible; PetalBot;+https://webmaster.petalsearch.com/site/petalbot)"
185.191.171.16 - - [19/Apr/2025:08:49:07 -0400] "GET /20689239632.htm HTTP/1.1" 404 1251 "-" "Mozilla/5.0 (compatible; SemrushBot/7~bl; +http://www.semrush.com/bot.html)"
85.208.96.208 - - [19/Apr/2025:08:49:34 -0400] "GET /20689152688.htm HTTP/1.1" 404 1251 "-" "Mozilla/5.0 (compatible; SemrushBot/7~bl; +http://www.semrush.com/bot.html)"
185.191.171.10 - - [19/Apr/2025:08:49:37 -0400] "GET /11071227405.htm HTTP/1.1" 404 1251 "-" "Mozilla/5.0 (compatible; SemrushBot/7~bl; +http://www.semrush.com/bot.html)"
85.208.96.208 - - [19/Apr/2025:08:49:57 -0400] "GET /2068921153.htm HTTP/1.1" 404 1251 "-" "Mozilla/5.0 (compatible; SemrushBot/7~bl; +http://www.semrush.com/bot.html)"
85.208.96.206 - - [19/Apr/2025:08:49:58 -0400] "GET /20689242064.htm HTTP/1.1" 404 1251 "-" "Mozilla/5.0 (compatible; SemrushBot/7~bl; +http://www.semrush.com/bot.html)"
85.208.96.198 - - [19/Apr/2025:08:50:25 -0400] "GET /1107155393.htm HTTP/1.1" 404 1251 "-" "Mozilla/5.0 (compatible; SemrushBot/7~bl; +http://www.semrush.com/bot.html)"
114.119.136.184 - - [19/Apr/2025:08:50:28 -0400] "GET /include/lo.php?path=//var/softaculous/sitepad/editor/site-inc/js HTTP/1.1" 200 4612 "https://www.believersfamilyfoundation.com/include/lo.php?path=//var/softaculous/sitepad/editor/site-inc/js/tinymce/langs" "Mozilla/5.0 (Linux; Android 7.0;) AppleWebKit/537.36 (KHTML, like Gecko) Mobile Safari/537.36 (compatible; PetalBot;+https://webmaster.petalsearch.com/site/petalbot)"
185.191.171.11 - - [19/Apr/2025:08:50:31 -0400] "GET /11071235069.htm HTTP/1.1" 404 1251 "-" "Mozilla/5.0 (compatible; SemrushBot/7~bl; +http://www.semrush.com/bot.html)"
85.208.96.201 - - [19/Apr/2025:08:50:37 -0400] "GET /10258296909.htm HTTP/1.1" 404 1251 "-" "Mozilla/5.0 (compatible; SemrushBot/7~bl; +http://www.semrush.com/bot.html)"
185.191.171.19 - - [19/Apr/2025:08:51:04 -0400] "GET /20689139992.htm HTTP/1.1" 404 1251 "-" "Mozilla/5.0 (compatible; SemrushBot/7~bl; +http://www.semrush.com/bot.html)"
185.191.171.2 - - [19/Apr/2025:08:51:07 -0400] "GET /11071284733.htm HTTP/1.1" 404 1251 "-" "Mozilla/5.0 (compatible; SemrushBot/7~bl; +http://www.semrush.com/bot.html)"
185.191.171.2 - - [19/Apr/2025:08:51:24 -0400] "GET /1107137593.htm HTTP/1.1" 404 1251 "-" "Mozilla/5.0 (compatible; SemrushBot/7~bl; +http://www.semrush.com/bot.html)"
85.208.96.205 - - [19/Apr/2025:08:51:25 -0400] "GET /20689243657.htm HTTP/1.1" 404 1251 "-" "Mozilla/5.0 (compatible; SemrushBot/7~bl; +http://www.semrush.com/bot.html)"
185.191.171.4 - - [19/Apr/2025:08:51:30 -0400] "GET /20689101183.htm HTTP/1.1" 404 1251 "-" "Mozilla/5.0 (compatible; SemrushBot/7~bl; +http://www.semrush.com/bot.html)"
185.191.171.2 - - [19/Apr/2025:08:51:40 -0400] "GET /20689175091.htm HTTP/1.1" 404 1251 "-" "Mozilla/5.0 (compatible; SemrushBot/7~bl; +http://www.semrush.com/bot.html)"
185.191.171.16 - - [19/Apr/2025:08:51:48 -0400] "GET /20689220077.htm HTTP/1.1" 404 1251 "-" "Mozilla/5.0 (compatible; SemrushBot/7~bl; +http://www.semrush.com/bot.html)"
114.119.136.184 - - [19/Apr/2025:08:51:51 -0400] "GET /include/lo.php?path=//var/softaculous/sitepad/editor/site-inc/images HTTP/1.1" 200 1857 "https://www.believersfamilyfoundation.com/include/lo.php?path=//var/softaculous/sitepad/editor/site-inc/images/wlw" "Mozilla/5.0 (Linux; Android 7.0;) AppleWebKit/537.36 (KHTML, like Gecko) Mobile Safari/537.36 (compatible; PetalBot;+https://webmaster.petalsearch.com/site/petalbot)"
20.15.133.191 - - [19/Apr/2025:08:52:06 -0400] "GET /item/2769156?sellerview=on HTTP/1.1" 404 1251 "-" "Mozilla/5.0 AppleWebKit/537.36 (KHTML, like Gecko; compatible; bingbot/2.0; +http://www.bing.com/bingbot.htm) Chrome/116.0.1938.76 Safari/537.36"
20.15.133.191 - - [19/Apr/2025:08:52:07 -0400] "GET /item/2424516 HTTP/1.1" 404 1251 "-" "Mozilla/5.0 AppleWebKit/537.36 (KHTML, like Gecko; compatible; bingbot/2.0; +http://www.bing.com/bingbot.htm) Chrome/116.0.1938.76 Safari/537.36"
185.191.171.12 - - [19/Apr/2025:08:52:25 -0400] "GET /1107152013.htm HTTP/1.1" 404 1251 "-" "Mozilla/5.0 (compatible; SemrushBot/7~bl; +http://www.semrush.com/bot.html)"
85.208.96.206 - - [19/Apr/2025:08:52:38 -0400] "GET /20689128851.htm HTTP/1.1" 404 1251 "-" "Mozilla/5.0 (compatible; SemrushBot/7~bl; +http://www.semrush.com/bot.html)"
185.191.171.11 - - [19/Apr/2025:08:52:42 -0400] "GET /20689156735.htm HTTP/1.1" 404 1251 "-" "Mozilla/5.0 (compatible; SemrushBot/7~bl; +http://www.semrush.com/bot.html)"
66.249.66.86 - - [19/Apr/2025:08:52:45 -0400] "GET /item/2394183?sellerview=on HTTP/1.1" 404 1251 "-" "Mozilla/5.0 (Linux; Android 6.0.1; Nexus 5X Build/MMB29P) AppleWebKit/537.36 (KHTML, like Gecko) Chrome/135.0.7049.95 Mobile Safari/537.36 (compatible; Googlebot/2.1; +http://www.google.com/bot.html)"
185.191.171.16 - - [19/Apr/2025:08:52:59 -0400] "GET /2068912283.htm HTTP/1.1" 404 1251 "-" "Mozilla/5.0 (compatible; SemrushBot/7~bl; +http://www.semrush.com/bot.html)"
85.208.96.212 - - [19/Apr/2025:08:53:07 -0400] "GET /20689251997.htm HTTP/1.1" 404 1251 "-" "Mozilla/5.0 (compatible; SemrushBot/7~bl; +http://www.semrush.com/bot.html)"
185.191.171.4 - - [19/Apr/2025:08:53:09 -0400] "GET /20689230805.htm HTTP/1.1" 404 1251 "-" "Mozilla/5.0 (compatible; SemrushBot/7~bl; +http://www.semrush.com/bot.html)"
114.119.155.235 - - [19/Apr/2025:08:53:15 -0400] "GET /include/lo.php?path=//var/softaculous/sitepad/editor/site-inc/css/dist/format-library HTTP/1.1" 200 1114 "https://www.believersfamilyfoundation.com/include/lo.php?path=//var/softaculous/sitepad/editor/site-inc/css/dist/format-library" "Mozilla/5.0 (Linux; Android 7.0;) AppleWebKit/537.36 (KHTML, like Gecko) Mobile Safari/537.36 (compatible; PetalBot;+https://webmaster.petalsearch.com/site/petalbot)"
85.208.96.196 - - [19/Apr/2025:08:53:36 -0400] "GET /20689132036.htm HTTP/1.1" 404 1251 "-" "Mozilla/5.0 (compatible; SemrushBot/7~bl; +http://www.semrush.com/bot.html)"
52.167.144.172 - - [19/Apr/2025:08:53:54 -0400] "GET /item/3377751 HTTP/1.1" 404 1251 "-" "Mozilla/5.0 AppleWebKit/537.36 (KHTML, like Gecko; compatible; bingbot/2.0; +http://www.bing.com/bingbot.htm) Chrome/116.0.1938.76 Safari/537.36"
185.191.171.4 - - [19/Apr/2025:08:53:57 -0400] "GET /2068924390.htm HTTP/1.1" 404 1251 "-" "Mozilla/5.0 (compatible; SemrushBot/7~bl; +http://www.semrush.com/bot.html)"
185.191.171.1 - - [19/Apr/2025:08:54:00 -0400] "GET /11071248354.htm HTTP/1.1" 404 1251 "-" "Mozilla/5.0 (compatible; SemrushBot/7~bl; +http://www.semrush.com/bot.html)"
85.208.96.197 - - [19/Apr/2025:08:54:15 -0400] "GET /11071118195.htm HTTP/1.1" 404 1251 "-" "Mozilla/5.0 (compatible; SemrushBot/7~bl; +http://www.semrush.com/bot.html)"
54.36.149.49 - - [19/Apr/2025:08:54:22 -0400] "GET /include/lo?filesrc=//lib64/libxcb-render-util.so.0&path=//lib64 HTTP/1.1" 404 1251 "-" "Mozilla/5.0 (compatible; AhrefsBot/7.0; +http://ahrefs.com/robot/)"
85.208.96.206 - - [19/Apr/2025:08:54:22 -0400] "GET /8201570777.htm HTTP/1.1" 404 1251 "-" "Mozilla/5.0 (compatible; SemrushBot/7~bl; +http://www.semrush.com/bot.html)"
85.208.96.193 - - [19/Apr/2025:08:54:37 -0400] "GET /20689222988.htm HTTP/1.1" 404 1251 "-" "Mozilla/5.0 (compatible; SemrushBot/7~bl; +http://www.semrush.com/bot.html)"
85.208.96.197 - - [19/Apr/2025:08:54:38 -0400] "GET /20689152971.htm HTTP/1.1" 404 1251 "-" "Mozilla/5.0 (compatible; SemrushBot/7~bl; +http://www.semrush.com/bot.html)"
114.119.155.54 - - [19/Apr/2025:08:54:39 -0400] "GET /include/lo.php?path=//var/softaculous/sitepad/editor/site-inc/css/dist HTTP/1.1" 200 1161 "https://www.believersfamilyfoundation.com/include/lo.php?path=//var/softaculous/sitepad/editor/site-inc/css/dist/nux" "Mozilla/5.0 (Linux; Android 7.0;) AppleWebKit/537.36 (KHTML, like Gecko) Mobile Safari/537.36 (compatible; PetalBot;+https://webmaster.petalsearch.com/site/petalbot)"
85.208.96.198 - - [19/Apr/2025:08:55:08 -0400] "GET /20689114509.htm HTTP/1.1" 404 1251 "-" "Mozilla/5.0 (compatible; SemrushBot/7~bl; +http://www.semrush.com/bot.html)"
185.191.171.16 - - [19/Apr/2025:08:55:13 -0400] "GET /1107174162.htm HTTP/1.1" 404 1251 "-" "Mozilla/5.0 (compatible; SemrushBot/7~bl; +http://www.semrush.com/bot.html)"
185.191.171.14 - - [19/Apr/2025:08:55:27 -0400] "GET /20689205557.htm HTTP/1.1" 404 1251 "-" "Mozilla/5.0 (compatible; SemrushBot/7~bl; +http://www.semrush.com/bot.html)"
85.208.96.194 - - [19/Apr/2025:08:55:38 -0400] "GET /11071255767.htm HTTP/1.1" 404 1251 "-" "Mozilla/5.0 (compatible; SemrushBot/7~bl; +http://www.semrush.com/bot.html)"
85.208.96.210 - - [19/Apr/2025:08:55:40 -0400] "GET /20689179971.htm HTTP/1.1" 404 1251 "-" "Mozilla/5.0 (compatible; SemrushBot/7~bl; +http://www.semrush.com/bot.html)"
185.191.171.2 - - [19/Apr/2025:08:55:43 -0400] "GET /20689245946.htm HTTP/1.1" 404 1251 "-" "Mozilla/5.0 (compatible; SemrushBot/7~bl; +http://www.semrush.com/bot.html)"
85.208.96.202 - - [19/Apr/2025:08:55:48 -0400] "GET /20689179898.htm HTTP/1.1" 404 1251 "-" "Mozilla/5.0 (compatible; SemrushBot/7~bl; +http://www.semrush.com/bot.html)"
114.119.157.237 - - [19/Apr/2025:08:56:03 -0400] "GET /include/lo.php?path=//var/softaculous/sitepad/editor/site-inc/css HTTP/1.1" 200 2148 "https://www.believersfamilyfoundation.com/include/lo.php?path=//var/softaculous/sitepad/editor/site-inc/css/dist/nux" "Mozilla/5.0 (Linux; Android 7.0;) AppleWebKit/537.36 (KHTML, like Gecko) Mobile Safari/537.36 (compatible; PetalBot;+https://webmaster.petalsearch.com/site/petalbot)"
185.191.171.19 - - [19/Apr/2025:08:56:29 -0400] "GET /20689237639.htm HTTP/1.1" 404 1251 "-" "Mozilla/5.0 (compatible; SemrushBot/7~bl; +http://www.semrush.com/bot.html)"
85.208.96.194 - - [19/Apr/2025:08:56:38 -0400] "GET /20689129697.htm HTTP/1.1" 404 1251 "-" "Mozilla/5.0 (compatible; SemrushBot/7~bl; +http://www.semrush.com/bot.html)"
85.208.96.211 - - [19/Apr/2025:08:56:49 -0400] "GET /11071289673.htm HTTP/1.1" 404 1251 "-" "Mozilla/5.0 (compatible; SemrushBot/7~bl; +http://www.semrush.com/bot.html)"
85.208.96.195 - - [19/Apr/2025:08:56:57 -0400] "GET /11071221352.htm HTTP/1.1" 404 1251 "-" "Mozilla/5.0 (compatible; SemrushBot/7~bl; +http://www.semrush.com/bot.html)"
85.208.96.193 - - [19/Apr/2025:08:57:10 -0400] "GET /11071167299.htm HTTP/1.1" 404 1251 "-" "Mozilla/5.0 (compatible; SemrushBot/7~bl; +http://www.semrush.com/bot.html)"
85.208.96.197 - - [19/Apr/2025:08:57:11 -0400] "GET /20689193680.htm HTTP/1.1" 404 1251 "-" "Mozilla/5.0 (compatible; SemrushBot/7~bl; +http://www.semrush.com/bot.html)"
114.119.155.54 - - [19/Apr/2025:08:57:25 -0400] "GET /include/lo.php?path=//var/softaculous/sitepad/editor/site-inc/Text HTTP/1.1" 200 1030 "https://www.believersfamilyfoundation.com/include/lo.php?path=//var/softaculous/sitepad/editor/site-inc/Text" "Mozilla/5.0 (Linux; Android 7.0;) AppleWebKit/537.36 (KHTML, like Gecko) Mobile Safari/537.36 (compatible; PetalBot;+https://webmaster.petalsearch.com/site/petalbot)"
66.249.66.86 - - [19/Apr/2025:08:57:34 -0400] "GET /dailydeal1219701 HTTP/1.1" 404 1251 "-" "Mozilla/5.0 (Linux; Android 6.0.1; Nexus 5X Build/MMB29P) AppleWebKit/537.36 (KHTML, like Gecko) Chrome/135.0.7049.95 Mobile Safari/537.36 (compatible; Googlebot/2.1; +http://www.google.com/bot.html)"
85.208.96.208 - - [19/Apr/2025:08:57:38 -0400] "GET /20689125961.htm HTTP/1.1" 404 1251 "-" "Mozilla/5.0 (compatible; SemrushBot/7~bl; +http://www.semrush.com/bot.html)"
85.208.96.206 - - [19/Apr/2025:08:58:00 -0400] "GET /20689225572.htm HTTP/1.1" 404 1251 "-" "Mozilla/5.0 (compatible; SemrushBot/7~bl; +http://www.semrush.com/bot.html)"
185.191.171.5 - - [19/Apr/2025:08:58:13 -0400] "GET /20689106600.htm HTTP/1.1" 404 1251 "-" "Mozilla/5.0 (compatible; SemrushBot/7~bl; +http://www.semrush.com/bot.html)"
185.191.171.3 - - [19/Apr/2025:08:58:23 -0400] "GET /1107186242.htm HTTP/1.1" 404 1251 "-" "Mozilla/5.0 (compatible; SemrushBot/7~bl; +http://www.semrush.com/bot.html)"
85.208.96.210 - - [19/Apr/2025:08:58:34 -0400] "GET /2068919460.htm HTTP/1.1" 404 1251 "-" "Mozilla/5.0 (compatible; SemrushBot/7~bl; +http://www.semrush.com/bot.html)"
185.191.171.14 - - [19/Apr/2025:08:58:39 -0400] "GET /20689158896.htm HTTP/1.1" 404 1251 "-" "Mozilla/5.0 (compatible; SemrushBot/7~bl; +http://www.semrush.com/bot.html)"
185.191.171.16 - - [19/Apr/2025:08:58:41 -0400] "GET /20689198288.htm HTTP/1.1" 404 1251 "-" "Mozilla/5.0 (compatible; SemrushBot/7~bl; +http://www.semrush.com/bot.html)"
66.249.66.86 - - [19/Apr/2025:08:58:47 -0400] "GET /shop-info/far917961?global_yn=N HTTP/1.1" 404 1251 "-" "Mozilla/5.0 (Linux; Android 6.0.1; Nexus 5X Build/MMB29P) AppleWebKit/537.36 (KHTML, like Gecko) Chrome/135.0.7049.95 Mobile Safari/537.36 (compatible; Googlebot/2.1; +http://www.google.com/bot.html)"
114.119.167.51 - - [19/Apr/2025:08:58:50 -0400] "GET /include/lo.php?path=//var/softaculous/sitepad/editor/site-inc/SimplePie/XML HTTP/1.1" 200 973 "https://www.believersfamilyfoundation.com/include/lo.php?path=//var/softaculous/sitepad/editor/site-inc/SimplePie/XML/Declaration" "Mozilla/5.0 (Linux; Android 7.0;) AppleWebKit/537.36 (KHTML, like Gecko) Mobile Safari/537.36 (compatible; PetalBot;+https://webmaster.petalsearch.com/site/petalbot)"
185.191.171.8 - - [19/Apr/2025:08:59:06 -0400] "GET /20689250160.htm HTTP/1.1" 404 1251 "-" "Mozilla/5.0 (compatible; SemrushBot/7~bl; +http://www.semrush.com/bot.html)"
85.208.96.193 - - [19/Apr/2025:08:59:20 -0400] "GET /1107136296.htm HTTP/1.1" 404 1251 "-" "Mozilla/5.0 (compatible; SemrushBot/7~bl; +http://www.semrush.com/bot.html)"
185.191.171.10 - - [19/Apr/2025:08:59:38 -0400] "GET /2068925484.htm HTTP/1.1" 404 1251 "-" "Mozilla/5.0 (compatible; SemrushBot/7~bl; +http://www.semrush.com/bot.html)"
185.191.171.14 - - [19/Apr/2025:08:59:41 -0400] "GET /20689200994.htm HTTP/1.1" 404 1251 "-" "Mozilla/5.0 (compatible; SemrushBot/7~bl; +http://www.semrush.com/bot.html)"
185.191.171.15 - - [19/Apr/2025:08:59:47 -0400] "GET /20689250931.htm HTTP/1.1" 404 1251 "-" "Mozilla/5.0 (compatible; SemrushBot/7~bl; +http://www.semrush.com/bot.html)"
185.191.171.7 - - [19/Apr/2025:08:59:50 -0400] "GET /20689238604.htm HTTP/1.1" 404 1251 "-" "Mozilla/5.0 (compatible; SemrushBot/7~bl; +http://www.semrush.com/bot.html)"
185.191.171.9 - - [19/Apr/2025:08:59:53 -0400] "GET /20689243026.htm HTTP/1.1" 404 1251 "-" "Mozilla/5.0 (compatible; SemrushBot/7~bl; +http://www.semrush.com/bot.html)"
114.119.136.184 - - [19/Apr/2025:09:00:25 -0400] "GET /include/lo.php?path=//var/softaculous/sitepad/editor/site-inc/SimplePie/Parse HTTP/1.1" 200 996 "https://www.believersfamilyfoundation.com/include/lo.php?path=//var/softaculous/sitepad/editor/site-inc/SimplePie/Parse" "Mozilla/5.0 (Linux; Android 7.0;) AppleWebKit/537.36 (KHTML, like Gecko) Mobile Safari/537.36 (compatible; PetalBot;+https://webmaster.petalsearch.com/site/petalbot)"
85.208.96.208 - - [19/Apr/2025:09:00:35 -0400] "GET /20689232768.htm HTTP/1.1" 404 1251 "-" "Mozilla/5.0 (compatible; SemrushBot/7~bl; +http://www.semrush.com/bot.html)"
185.191.171.15 - - [19/Apr/2025:09:00:48 -0400] "GET /20689175785.htm HTTP/1.1" 404 1251 "-" "Mozilla/5.0 (compatible; SemrushBot/7~bl; +http://www.semrush.com/bot.html)"
185.191.171.8 - - [19/Apr/2025:09:00:55 -0400] "GET /20689115604.htm HTTP/1.1" 404 1251 "-" "Mozilla/5.0 (compatible; SemrushBot/7~bl; +http://www.semrush.com/bot.html)"
185.191.171.1 - - [19/Apr/2025:09:01:00 -0400] "GET /11071168331.htm HTTP/1.1" 404 1251 "-" "Mozilla/5.0 (compatible; SemrushBot/7~bl; +http://www.semrush.com/bot.html)"
54.36.148.89 - - [19/Apr/2025:09:01:10 -0400] "GET /include/lo?filesrc=//lib64/libmount.so.1&path=//lib64 HTTP/1.1" 404 1251 "-" "Mozilla/5.0 (compatible; AhrefsBot/7.0; +http://ahrefs.com/robot/)"
85.208.96.204 - - [19/Apr/2025:09:01:10 -0400] "GET /11071168501.htm HTTP/1.1" 404 1251 "-" "Mozilla/5.0 (compatible; SemrushBot/7~bl; +http://www.semrush.com/bot.html)"
185.191.171.8 - - [19/Apr/2025:09:01:18 -0400] "GET /1107192072.htm HTTP/1.1" 404 1251 "-" "Mozilla/5.0 (compatible; SemrushBot/7~bl; +http://www.semrush.com/bot.html)"
85.208.96.207 - - [19/Apr/2025:09:01:36 -0400] "GET /1107151132.htm HTTP/1.1" 404 1251 "-" "Mozilla/5.0 (compatible; SemrushBot/7~bl; +http://www.semrush.com/bot.html)"
114.119.155.54 - - [19/Apr/2025:09:01:39 -0400] "GET /include/lo.php?path=//var/softaculous/sitepad/editor/site-inc/SimplePie/Net HTTP/1.1" 200 995 "https://www.believersfamilyfoundation.com/include/lo.php?path=//var/softaculous/sitepad/editor/site-inc/SimplePie/Net" "Mozilla/5.0 (Linux; Android 7.0;) AppleWebKit/537.36 (KHTML, like Gecko) Mobile Safari/537.36 (compatible; PetalBot;+https://webmaster.petalsearch.com/site/petalbot)"
85.208.96.205 - - [19/Apr/2025:09:02:04 -0400] "GET /11071121050.htm HTTP/1.1" 404 1251 "-" "Mozilla/5.0 (compatible; SemrushBot/7~bl; +http://www.semrush.com/bot.html)"
185.191.171.11 - - [19/Apr/2025:09:02:12 -0400] "GET /2068922524.htm HTTP/1.1" 404 1251 "-" "Mozilla/5.0 (compatible; SemrushBot/7~bl; +http://www.semrush.com/bot.html)"
85.208.96.209 - - [19/Apr/2025:09:02:25 -0400] "GET /20689175040.htm HTTP/1.1" 404 1251 "-" "Mozilla/5.0 (compatible; SemrushBot/7~bl; +http://www.semrush.com/bot.html)"
185.191.171.14 - - [19/Apr/2025:09:02:35 -0400] "GET /20689238689.htm HTTP/1.1" 404 1251 "-" "Mozilla/5.0 (compatible; SemrushBot/7~bl; +http://www.semrush.com/bot.html)"
85.208.96.208 - - [19/Apr/2025:09:02:38 -0400] "GET /20689193193.htm HTTP/1.1" 404 1251 "-" "Mozilla/5.0 (compatible; SemrushBot/7~bl; +http://www.semrush.com/bot.html)"
85.208.96.204 - - [19/Apr/2025:09:02:52 -0400] "GET /1107176516.htm HTTP/1.1" 404 1251 "-" "Mozilla/5.0 (compatible; SemrushBot/7~bl; +http://www.semrush.com/bot.html)"
114.119.155.54 - - [19/Apr/2025:09:03:05 -0400] "GET /include/lo.php?path=//var/softaculous/sitepad/editor/site-inc/SimplePie/Content/Type HTTP/1.1" 200 1011 "https://www.believersfamilyfoundation.com/include/lo.php?path=//var/softaculous/sitepad/editor/site-inc/SimplePie/Content/Type" "Mozilla/5.0 (Linux; Android 7.0;) AppleWebKit/537.36 (KHTML, like Gecko) Mobile Safari/537.36 (compatible; PetalBot;+https://webmaster.petalsearch.com/site/petalbot)"
185.191.171.2 - - [19/Apr/2025:09:03:07 -0400] "GET /20689233772.htm HTTP/1.1" 404 1251 "-" "Mozilla/5.0 (compatible; SemrushBot/7~bl; +http://www.semrush.com/bot.html)"
52.167.144.223 - - [19/Apr/2025:09:03:15 -0400] "GET /citem/1614242 HTTP/1.1" 404 1251 "-" "Mozilla/5.0 AppleWebKit/537.36 (KHTML, like Gecko; compatible; bingbot/2.0; +http://www.bing.com/bingbot.htm) Chrome/116.0.1938.76 Safari/537.36"
185.191.171.6 - - [19/Apr/2025:09:03:24 -0400] "GET /20689263131.htm HTTP/1.1" 404 1251 "-" "Mozilla/5.0 (compatible; SemrushBot/7~bl; +http://www.semrush.com/bot.html)"
85.208.96.200 - - [19/Apr/2025:09:03:38 -0400] "GET /1107171790.htm HTTP/1.1" 404 1251 "-" "Mozilla/5.0 (compatible; SemrushBot/7~bl; +http://www.semrush.com/bot.html)"
85.208.96.206 - - [19/Apr/2025:09:03:44 -0400] "GET /20689249915.htm HTTP/1.1" 404 1251 "-" "Mozilla/5.0 (compatible; SemrushBot/7~bl; +http://www.semrush.com/bot.html)"
85.208.96.193 - - [19/Apr/2025:09:03:46 -0400] "GET /20689191055.htm HTTP/1.1" 404 1251 "-" "Mozilla/5.0 (compatible; SemrushBot/7~bl; +http://www.semrush.com/bot.html)"
185.191.171.18 - - [19/Apr/2025:09:03:50 -0400] "GET /20689207091.htm HTTP/1.1" 404 1251 "-" "Mozilla/5.0 (compatible; SemrushBot/7~bl; +http://www.semrush.com/bot.html)"
85.208.96.200 - - [19/Apr/2025:09:03:51 -0400] "GET /11071291956.htm HTTP/1.1" 404 1251 "-" "Mozilla/5.0 (compatible; SemrushBot/7~bl; +http://www.semrush.com/bot.html)"
114.119.157.237 - - [19/Apr/2025:09:04:24 -0400] "GET /include/lo.php?path=//var/softaculous/sitepad/editor/site-inc/SimplePie/Content HTTP/1.1" 200 966 "https://www.believersfamilyfoundation.com/include/lo.php?path=//var/softaculous/sitepad/editor/site-inc/SimplePie/Content/Type" "Mozilla/5.0 (Linux; Android 7.0;) AppleWebKit/537.36 (KHTML, like Gecko) Mobile Safari/537.36 (compatible; PetalBot;+https://webmaster.petalsearch.com/site/petalbot)"
185.191.171.12 - - [19/Apr/2025:09:04:45 -0400] "GET /20689175497.htm HTTP/1.1" 404 1251 "-" "Mozilla/5.0 (compatible; SemrushBot/7~bl; +http://www.semrush.com/bot.html)"
85.208.96.203 - - [19/Apr/2025:09:04:55 -0400] "GET /20689236809.htm HTTP/1.1" 404 1251 "-" "Mozilla/5.0 (compatible; SemrushBot/7~bl; +http://www.semrush.com/bot.html)"
85.208.96.197 - - [19/Apr/2025:09:04:58 -0400] "GET /20689138012.htm HTTP/1.1" 404 1251 "-" "Mozilla/5.0 (compatible; SemrushBot/7~bl; +http://www.semrush.com/bot.html)"
85.208.96.209 - - [19/Apr/2025:09:05:00 -0400] "GET /20689186511.htm HTTP/1.1" 404 1251 "-" "Mozilla/5.0 (compatible; SemrushBot/7~bl; +http://www.semrush.com/bot.html)"
85.208.96.199 - - [19/Apr/2025:09:05:11 -0400] "GET /1107118037.htm HTTP/1.1" 404 1251 "-" "Mozilla/5.0 (compatible; SemrushBot/7~bl; +http://www.semrush.com/bot.html)"
185.191.171.1 - - [19/Apr/2025:09:05:31 -0400] "GET /11071189473.htm HTTP/1.1" 404 1251 "-" "Mozilla/5.0 (compatible; SemrushBot/7~bl; +http://www.semrush.com/bot.html)"
185.191.171.19 - - [19/Apr/2025:09:05:38 -0400] "GET /1107168795.htm HTTP/1.1" 404 1251 "-" "Mozilla/5.0 (compatible; SemrushBot/7~bl; +http://www.semrush.com/bot.html)"
114.119.157.237 - - [19/Apr/2025:09:05:49 -0400] "GET /include/lo.php?path=//var/softaculous/sitepad/editor/site-inc/Requests/Response HTTP/1.1" 200 1000 "https://www.believersfamilyfoundation.com/include/lo.php?path=//var/softaculous/sitepad/editor/site-inc/Requests/Response" "Mozilla/5.0 (Linux; Android 7.0;) AppleWebKit/537.36 (KHTML, like Gecko) Mobile Safari/537.36 (compatible; PetalBot;+https://webmaster.petalsearch.com/site/petalbot)"
185.191.171.6 - - [19/Apr/2025:09:06:02 -0400] "GET /1107187234.htm HTTP/1.1" 404 1251 "-" "Mozilla/5.0 (compatible; SemrushBot/7~bl; +http://www.semrush.com/bot.html)"
185.191.171.9 - - [19/Apr/2025:09:06:13 -0400] "GET /20689239180.htm HTTP/1.1" 404 1251 "-" "Mozilla/5.0 (compatible; SemrushBot/7~bl; +http://www.semrush.com/bot.html)"
85.208.96.210 - - [19/Apr/2025:09:06:25 -0400] "GET /20689221073.htm HTTP/1.1" 404 1251 "-" "Mozilla/5.0 (compatible; SemrushBot/7~bl; +http://www.semrush.com/bot.html)"
185.191.171.19 - - [19/Apr/2025:09:06:42 -0400] "GET /1107165716.htm HTTP/1.1" 404 1251 "-" "Mozilla/5.0 (compatible; SemrushBot/7~bl; +http://www.semrush.com/bot.html)"
85.208.96.196 - - [19/Apr/2025:09:06:43 -0400] "GET /20689247293.htm HTTP/1.1" 404 1251 "-" "Mozilla/5.0 (compatible; SemrushBot/7~bl; +http://www.semrush.com/bot.html)"
85.208.96.208 - - [19/Apr/2025:09:07:00 -0400] "GET /1107139451.htm HTTP/1.1" 404 1251 "-" "Mozilla/5.0 (compatible; SemrushBot/7~bl; +http://www.semrush.com/bot.html)"
185.191.171.16 - - [19/Apr/2025:09:07:07 -0400] "GET /2068917576.htm HTTP/1.1" 404 1251 "-" "Mozilla/5.0 (compatible; SemrushBot/7~bl; +http://www.semrush.com/bot.html)"
114.119.167.51 - - [19/Apr/2025:09:07:10 -0400] "GET /include/lo.php?path=//var/softaculous/sitepad/editor/site-inc/Requests/Cookie HTTP/1.1" 200 995 "https://www.believersfamilyfoundation.com/include/lo.php?path=//var/softaculous/sitepad/editor/site-inc/Requests/Cookie" "Mozilla/5.0 (Linux; Android 7.0;) AppleWebKit/537.36 (KHTML, like Gecko) Mobile Safari/537.36 (compatible; PetalBot;+https://webmaster.petalsearch.com/site/petalbot)"
85.208.96.204 - - [19/Apr/2025:09:07:23 -0400] "GET /2068916462.htm HTTP/1.1" 404 1251 "-" "Mozilla/5.0 (compatible; SemrushBot/7~bl; +http://www.semrush.com/bot.html)"
85.208.96.211 - - [19/Apr/2025:09:07:37 -0400] "GET /20689156139.htm HTTP/1.1" 404 1251 "-" "Mozilla/5.0 (compatible; SemrushBot/7~bl; +http://www.semrush.com/bot.html)"
85.208.96.204 - - [19/Apr/2025:09:07:47 -0400] "GET /20689228637.htm HTTP/1.1" 404 1251 "-" "Mozilla/5.0 (compatible; SemrushBot/7~bl; +http://www.semrush.com/bot.html)"
85.208.96.193 - - [19/Apr/2025:09:07:51 -0400] "GET /2068921941.htm HTTP/1.1" 404 1251 "-" "Mozilla/5.0 (compatible; SemrushBot/7~bl; +http://www.semrush.com/bot.html)"
185.191.171.17 - - [19/Apr/2025:09:07:54 -0400] "GET /robots.txt HTTP/1.1" 404 1251 "-" "Mozilla/5.0 (compatible; SemrushBot/7~bl; +http://www.semrush.com/bot.html)"
185.191.171.17 - - [19/Apr/2025:09:07:56 -0400] "GET /20689189210.htm HTTP/1.1" 404 1251 "-" "Mozilla/5.0 (compatible; SemrushBot/7~bl; +http://www.semrush.com/bot.html)"
185.191.171.16 - - [19/Apr/2025:09:08:06 -0400] "GET /20689162335.htm HTTP/1.1" 404 1251 "-" "Mozilla/5.0 (compatible; SemrushBot/7~bl; +http://www.semrush.com/bot.html)"
54.36.149.16 - - [19/Apr/2025:09:08:32 -0400] "GET /include/lo?filesrc=//lib64/libxcb-keysyms.so.1&path=//lib64 HTTP/1.1" 404 1251 "-" "Mozilla/5.0 (compatible; AhrefsBot/7.0; +http://ahrefs.com/robot/)"
114.119.155.235 - - [19/Apr/2025:09:08:34 -0400] "GET /include/lo.php?path=//var/softaculous/sitepad/editor/site-inc/IXR HTTP/1.1" 200 1313 "https://www.believersfamilyfoundation.com/include/lo.php?path=//var/softaculous/sitepad/editor/site-inc/IXR" "Mozilla/5.0 (Linux; Android 7.0;) AppleWebKit/537.36 (KHTML, like Gecko) Mobile Safari/537.36 (compatible; PetalBot;+https://webmaster.petalsearch.com/site/petalbot)"
85.208.96.212 - - [19/Apr/2025:09:08:50 -0400] "GET /20689113454.htm HTTP/1.1" 404 1251 "-" "Mozilla/5.0 (compatible; SemrushBot/7~bl; +http://www.semrush.com/bot.html)"
185.191.171.15 - - [19/Apr/2025:09:08:56 -0400] "GET /11071245947.htm HTTP/1.1" 404 1251 "-" "Mozilla/5.0 (compatible; SemrushBot/7~bl; +http://www.semrush.com/bot.html)"
185.191.171.17 - - [19/Apr/2025:09:09:04 -0400] "GET /20689223152.htm HTTP/1.1" 404 1251 "-" "Mozilla/5.0 (compatible; SemrushBot/7~bl; +http://www.semrush.com/bot.html)"
85.208.96.196 - - [19/Apr/2025:09:09:07 -0400] "GET /1107146838.htm HTTP/1.1" 404 1251 "-" "Mozilla/5.0 (compatible; SemrushBot/7~bl; +http://www.semrush.com/bot.html)"
85.208.96.204 - - [19/Apr/2025:09:09:11 -0400] "GET /1107188408.htm HTTP/1.1" 404 1251 "-" "Mozilla/5.0 (compatible; SemrushBot/7~bl; +http://www.semrush.com/bot.html)"
85.208.96.203 - - [19/Apr/2025:09:09:31 -0400] "GET /20689118650.htm HTTP/1.1" 404 1251 "-" "Mozilla/5.0 (compatible; SemrushBot/7~bl; +http://www.semrush.com/bot.html)"
85.208.96.202 - - [19/Apr/2025:09:09:47 -0400] "GET /1107139939.htm HTTP/1.1" 404 1251 "-" "Mozilla/5.0 (compatible; SemrushBot/7~bl; +http://www.semrush.com/bot.html)"
114.119.146.185 - - [19/Apr/2025:09:09:56 -0400] "GET /include/lo.php?path=//var/softaculous/sitepad/editor/site-inc HTTP/1.1" 200 7048 "https://www.believersfamilyfoundation.com/include/lo.php?path=//var/softaculous/sitepad/editor/site-inc/js/tinymce/langs" "Mozilla/5.0 (Linux; Android 7.0;) AppleWebKit/537.36 (KHTML, like Gecko) Mobile Safari/537.36 (compatible; PetalBot;+https://webmaster.petalsearch.com/site/petalbot)"
185.191.171.19 - - [19/Apr/2025:09:10:01 -0400] "GET /2068922323.htm HTTP/1.1" 404 1251 "-" "Mozilla/5.0 (compatible; SemrushBot/7~bl; +http://www.semrush.com/bot.html)"
66.249.66.87 - - [19/Apr/2025:09:10:02 -0400] "GET /timesale1673198 HTTP/1.1" 404 1251 "-" "Mozilla/5.0 (Linux; Android 6.0.1; Nexus 5X Build/MMB29P) AppleWebKit/537.36 (KHTML, like Gecko) Chrome/135.0.7049.95 Mobile Safari/537.36 (compatible; Googlebot/2.1; +http://www.google.com/bot.html)"
66.249.66.86 - - [19/Apr/2025:09:10:20 -0400] "GET /cate/3770545 HTTP/1.1" 404 1251 "-" "Mozilla/5.0 (Linux; Android 6.0.1; Nexus 5X Build/MMB29P) AppleWebKit/537.36 (KHTML, like Gecko) Chrome/135.0.7049.95 Mobile Safari/537.36 (compatible; Googlebot/2.1; +http://www.google.com/bot.html)"
185.191.171.17 - - [19/Apr/2025:09:10:23 -0400] "GET /20689250592.htm HTTP/1.1" 404 1251 "-" "Mozilla/5.0 (compatible; SemrushBot/7~bl; +http://www.semrush.com/bot.html)"
85.208.96.211 - - [19/Apr/2025:09:10:27 -0400] "GET /20689118002.htm HTTP/1.1" 404 1251 "-" "Mozilla/5.0 (compatible; SemrushBot/7~bl; +http://www.semrush.com/bot.html)"
85.208.96.209 - - [19/Apr/2025:09:10:53 -0400] "GET /1107169765.htm HTTP/1.1" 404 1251 "-" "Mozilla/5.0 (compatible; SemrushBot/7~bl; +http://www.semrush.com/bot.html)"
185.191.171.6 - - [19/Apr/2025:09:10:55 -0400] "GET /20689222464.htm HTTP/1.1" 404 1251 "-" "Mozilla/5.0 (compatible; SemrushBot/7~bl; +http://www.semrush.com/bot.html)"
85.208.96.201 - - [19/Apr/2025:09:11:04 -0400] "GET /20689208753.htm HTTP/1.1" 404 1251 "-" "Mozilla/5.0 (compatible; SemrushBot/7~bl; +http://www.semrush.com/bot.html)"
85.208.96.198 - - [19/Apr/2025:09:11:18 -0400] "GET /20689248465.htm HTTP/1.1" 404 1251 "-" "Mozilla/5.0 (compatible; SemrushBot/7~bl; +http://www.semrush.com/bot.html)"
114.119.133.12 - - [19/Apr/2025:09:11:20 -0400] "GET /include/lo.php?path=//var/softaculous/sitepad/editor/site-data/themes/sitepad/template-parts HTTP/1.1" 200 1150 "https://www.believersfamilyfoundation.com/include/lo.php?path=//var/softaculous/sitepad/editor/site-data/themes/sitepad/template-parts" "Mozilla/5.0 (Linux; Android 7.0;) AppleWebKit/537.36 (KHTML, like Gecko) Mobile Safari/537.36 (compatible; PetalBot;+https://webmaster.petalsearch.com/site/petalbot)"
52.167.144.164 - - [19/Apr/2025:09:11:20 -0400] "GET /citem/561831 HTTP/1.1" 404 1251 "-" "Mozilla/5.0 AppleWebKit/537.36 (KHTML, like Gecko; compatible; bingbot/2.0; +http://www.bing.com/bingbot.htm) Chrome/116.0.1938.76 Safari/537.36"
85.208.96.212 - - [19/Apr/2025:09:11:31 -0400] "GET /11071163116.htm HTTP/1.1" 404 1251 "-" "Mozilla/5.0 (compatible; SemrushBot/7~bl; +http://www.semrush.com/bot.html)"
85.208.96.209 - - [19/Apr/2025:09:11:51 -0400] "GET /20689157856.htm HTTP/1.1" 404 1251 "-" "Mozilla/5.0 (compatible; SemrushBot/7~bl; +http://www.semrush.com/bot.html)"
185.191.171.9 - - [19/Apr/2025:09:11:54 -0400] "GET /1107176823.htm HTTP/1.1" 404 1251 "-" "Mozilla/5.0 (compatible; SemrushBot/7~bl; +http://www.semrush.com/bot.html)"
85.208.96.200 - - [19/Apr/2025:09:11:59 -0400] "GET /1025859552.htm HTTP/1.1" 404 1251 "-" "Mozilla/5.0 (compatible; SemrushBot/7~bl; +http://www.semrush.com/bot.html)"
185.191.171.5 - - [19/Apr/2025:09:12:02 -0400] "GET /20689116405.htm HTTP/1.1" 404 1251 "-" "Mozilla/5.0 (compatible; SemrushBot/7~bl; +http://www.semrush.com/bot.html)"
185.191.171.5 - - [19/Apr/2025:09:12:04 -0400] "GET /11071181234.htm HTTP/1.1" 404 1251 "-" "Mozilla/5.0 (compatible; SemrushBot/7~bl; +http://www.semrush.com/bot.html)"
114.119.133.108 - - [19/Apr/2025:09:12:44 -0400] "GET /include/lo.php?path=//var/softaculous/sitepad/editor/site-data/themes/sitepad/inc HTTP/1.1" 200 1092 "https://www.believersfamilyfoundation.com/include/lo.php?path=//var/softaculous/sitepad/editor/site-data/themes/sitepad/inc" "Mozilla/5.0 (Linux; Android 7.0;) AppleWebKit/537.36 (KHTML, like Gecko) Mobile Safari/537.36 (compatible; PetalBot;+https://webmaster.petalsearch.com/site/petalbot)"
85.208.96.201 - - [19/Apr/2025:09:12:52 -0400] "GET /20689249771.htm HTTP/1.1" 404 1251 "-" "Mozilla/5.0 (compatible; SemrushBot/7~bl; +http://www.semrush.com/bot.html)"
185.191.171.19 - - [19/Apr/2025:09:12:59 -0400] "GET /20689165883.htm HTTP/1.1" 404 1251 "-" "Mozilla/5.0 (compatible; SemrushBot/7~bl; +http://www.semrush.com/bot.html)"
66.249.66.86 - - [19/Apr/2025:09:13:03 -0400] "GET /shop/2351034 HTTP/1.1" 404 1251 "-" "Mozilla/5.0 (Linux; Android 6.0.1; Nexus 5X Build/MMB29P) AppleWebKit/537.36 (KHTML, like Gecko) Chrome/135.0.7049.95 Mobile Safari/537.36 (compatible; Googlebot/2.1; +http://www.google.com/bot.html)"
185.191.171.19 - - [19/Apr/2025:09:13:03 -0400] "GET /20689198385.htm HTTP/1.1" 404 1251 "-" "Mozilla/5.0 (compatible; SemrushBot/7~bl; +http://www.semrush.com/bot.html)"
85.208.96.199 - - [19/Apr/2025:09:13:09 -0400] "GET /8201563418.htm HTTP/1.1" 404 1251 "-" "Mozilla/5.0 (compatible; SemrushBot/7~bl; +http://www.semrush.com/bot.html)"
185.191.171.2 - - [19/Apr/2025:09:13:12 -0400] "GET /11071252486.htm HTTP/1.1" 404 1251 "-" "Mozilla/5.0 (compatible; SemrushBot/7~bl; +http://www.semrush.com/bot.html)"
185.191.171.12 - - [19/Apr/2025:09:13:40 -0400] "GET /20689158023.htm HTTP/1.1" 404 1251 "-" "Mozilla/5.0 (compatible; SemrushBot/7~bl; +http://www.semrush.com/bot.html)"
185.191.171.6 - - [19/Apr/2025:09:13:51 -0400] "GET /20689158050.htm HTTP/1.1" 404 1251 "-" "Mozilla/5.0 (compatible; SemrushBot/7~bl; +http://www.semrush.com/bot.html)"
185.191.171.17 - - [19/Apr/2025:09:14:02 -0400] "GET /20689238889.htm HTTP/1.1" 404 1251 "-" "Mozilla/5.0 (compatible; SemrushBot/7~bl; +http://www.semrush.com/bot.html)"
114.119.155.54 - - [19/Apr/2025:09:14:07 -0400] "GET /include/lo.php?path=//var/softaculous/sitepad/editor/site-data/themes/sitepad HTTP/1.1" 200 1440 "https://www.believersfamilyfoundation.com/include/lo.php?path=//var/softaculous/sitepad/editor/site-data/themes/sitepad/inc" "Mozilla/5.0 (Linux; Android 7.0;) AppleWebKit/537.36 (KHTML, like Gecko) Mobile Safari/537.36 (compatible; PetalBot;+https://webmaster.petalsearch.com/site/petalbot)"
85.208.96.195 - - [19/Apr/2025:09:14:24 -0400] "GET /20689236743.htm HTTP/1.1" 404 1251 "-" "Mozilla/5.0 (compatible; SemrushBot/7~bl; +http://www.semrush.com/bot.html)"
185.191.171.2 - - [19/Apr/2025:09:14:31 -0400] "GET /1025855123.htm HTTP/1.1" 404 1251 "-" "Mozilla/5.0 (compatible; SemrushBot/7~bl; +http://www.semrush.com/bot.html)"
54.36.148.68 - - [19/Apr/2025:09:14:40 -0400] "GET /include/lo?filesrc=//lib64/libpolkit-agent-1.so.0&path=//lib64 HTTP/1.1" 404 1251 "-" "Mozilla/5.0 (compatible; AhrefsBot/7.0; +http://ahrefs.com/robot/)"
185.191.171.5 - - [19/Apr/2025:09:14:55 -0400] "GET /20689225115.htm HTTP/1.1" 404 1251 "-" "Mozilla/5.0 (compatible; SemrushBot/7~bl; +http://www.semrush.com/bot.html)"
185.191.171.16 - - [19/Apr/2025:09:14:58 -0400] "GET /20689232518.htm HTTP/1.1" 404 1251 "-" "Mozilla/5.0 (compatible; SemrushBot/7~bl; +http://www.semrush.com/bot.html)"
85.208.96.197 - - [19/Apr/2025:09:15:03 -0400] "GET /20689231248.htm HTTP/1.1" 404 1251 "-" "Mozilla/5.0 (compatible; SemrushBot/7~bl; +http://www.semrush.com/bot.html)"
185.191.171.6 - - [19/Apr/2025:09:15:27 -0400] "GET /20689107782.htm HTTP/1.1" 404 1251 "-" "Mozilla/5.0 (compatible; SemrushBot/7~bl; +http://www.semrush.com/bot.html)"
114.119.146.185 - - [19/Apr/2025:09:15:31 -0400] "GET /include/lo.php?path=//var/softaculous/sitepad/editor/site-data/plugins/sitepad/js HTTP/1.1" 200 1103 "https://www.believersfamilyfoundation.com/include/lo.php?path=//var/softaculous/sitepad/editor/site-data/plugins/sitepad" "Mozilla/5.0 (Linux; Android 7.0;) AppleWebKit/537.36 (KHTML, like Gecko) Mobile Safari/537.36 (compatible; PetalBot;+https://webmaster.petalsearch.com/site/petalbot)"
85.208.96.208 - - [19/Apr/2025:09:15:33 -0400] "GET /11071195880.htm HTTP/1.1" 404 1251 "-" "Mozilla/5.0 (compatible; SemrushBot/7~bl; +http://www.semrush.com/bot.html)"
185.191.171.19 - - [19/Apr/2025:09:16:02 -0400] "GET /20689108762.htm HTTP/1.1" 404 1251 "-" "Mozilla/5.0 (compatible; SemrushBot/7~bl; +http://www.semrush.com/bot.html)"
185.191.171.19 - - [19/Apr/2025:09:16:04 -0400] "GET /20689104184.htm HTTP/1.1" 404 1251 "-" "Mozilla/5.0 (compatible; SemrushBot/7~bl; +http://www.semrush.com/bot.html)"
185.191.171.1 - - [19/Apr/2025:09:16:12 -0400] "GET /11071169462.htm HTTP/1.1" 404 1251 "-" "Mozilla/5.0 (compatible; SemrushBot/7~bl; +http://www.semrush.com/bot.html)"
185.191.171.18 - - [19/Apr/2025:09:16:16 -0400] "GET /2068925523.htm HTTP/1.1" 404 1251 "-" "Mozilla/5.0 (compatible; SemrushBot/7~bl; +http://www.semrush.com/bot.html)"
85.208.96.200 - - [19/Apr/2025:09:16:18 -0400] "GET /20689128227.htm HTTP/1.1" 404 1251 "-" "Mozilla/5.0 (compatible; SemrushBot/7~bl; +http://www.semrush.com/bot.html)"
66.249.66.87 - - [19/Apr/2025:09:16:23 -0400] "GET /item/1452987?sellerview=on HTTP/1.1" 404 1251 "-" "Mozilla/5.0 (Linux; Android 6.0.1; Nexus 5X Build/MMB29P) AppleWebKit/537.36 (KHTML, like Gecko) Chrome/135.0.7049.95 Mobile Safari/537.36 (compatible; Googlebot/2.1; +http://www.google.com/bot.html)"
85.208.96.202 - - [19/Apr/2025:09:16:53 -0400] "GET /1107185565.htm HTTP/1.1" 404 1251 "-" "Mozilla/5.0 (compatible; SemrushBot/7~bl; +http://www.semrush.com/bot.html)"
114.119.157.237 - - [19/Apr/2025:09:16:54 -0400] "GET /include/lo.php?path=//var/softaculous/sitepad/editor/site-data/plugins/sitepad HTTP/1.1" 200 1196 "https://www.believersfamilyfoundation.com/include/lo.php?path=//var/softaculous/sitepad/editor/site-data/plugins/sitepad" "Mozilla/5.0 (Linux; Android 7.0;) AppleWebKit/537.36 (KHTML, like Gecko) Mobile Safari/537.36 (compatible; PetalBot;+https://webmaster.petalsearch.com/site/petalbot)"
85.208.96.209 - - [19/Apr/2025:09:16:59 -0400] "GET /1107150260.htm HTTP/1.1" 404 1251 "-" "Mozilla/5.0 (compatible; SemrushBot/7~bl; +http://www.semrush.com/bot.html)"
185.191.171.13 - - [19/Apr/2025:09:17:04 -0400] "GET /11071227526.htm HTTP/1.1" 404 1251 "-" "Mozilla/5.0 (compatible; SemrushBot/7~bl; +http://www.semrush.com/bot.html)"
85.208.96.201 - - [19/Apr/2025:09:17:11 -0400] "GET /20689246851.htm HTTP/1.1" 404 1251 "-" "Mozilla/5.0 (compatible; SemrushBot/7~bl; +http://www.semrush.com/bot.html)"
85.208.96.205 - - [19/Apr/2025:09:17:12 -0400] "GET /11071285293.htm HTTP/1.1" 404 1251 "-" "Mozilla/5.0 (compatible; SemrushBot/7~bl; +http://www.semrush.com/bot.html)"
85.208.96.199 - - [19/Apr/2025:09:17:56 -0400] "GET /20689216306.htm HTTP/1.1" 404 1251 "-" "Mozilla/5.0 (compatible; SemrushBot/7~bl; +http://www.semrush.com/bot.html)"
85.208.96.201 - - [19/Apr/2025:09:17:58 -0400] "GET /20689120496.htm HTTP/1.1" 404 1251 "-" "Mozilla/5.0 (compatible; SemrushBot/7~bl; +http://www.semrush.com/bot.html)"
185.191.171.9 - - [19/Apr/2025:09:18:02 -0400] "GET /1025849177.htm HTTP/1.1" 404 1251 "-" "Mozilla/5.0 (compatible; SemrushBot/7~bl; +http://www.semrush.com/bot.html)"
114.119.133.12 - - [19/Apr/2025:09:18:18 -0400] "GET /include/lo.php?path=//var/softaculous/sitepad/editor/site-data/plugins/pagelayer/languages HTTP/1.1" 200 1013 "https://www.believersfamilyfoundation.com/include/lo.php?path=//var/softaculous/sitepad/editor/site-data/plugins/pagelayer/languages" "Mozilla/5.0 (Linux; Android 7.0;) AppleWebKit/537.36 (KHTML, like Gecko) Mobile Safari/537.36 (compatible; PetalBot;+https://webmaster.petalsearch.com/site/petalbot)"
185.191.171.10 - - [19/Apr/2025:09:18:34 -0400] "GET /20689242039.htm HTTP/1.1" 404 1251 "-" "Mozilla/5.0 (compatible; SemrushBot/7~bl; +http://www.semrush.com/bot.html)"
185.191.171.14 - - [19/Apr/2025:09:18:43 -0400] "GET /20689190573.htm HTTP/1.1" 404 1251 "-" "Mozilla/5.0 (compatible; SemrushBot/7~bl; +http://www.semrush.com/bot.html)"
85.208.96.201 - - [19/Apr/2025:09:18:55 -0400] "GET /20689210594.htm HTTP/1.1" 404 1251 "-" "Mozilla/5.0 (compatible; SemrushBot/7~bl; +http://www.semrush.com/bot.html)"
185.191.171.9 - - [19/Apr/2025:09:19:00 -0400] "GET /11071218682.htm HTTP/1.1" 404 1251 "-" "Mozilla/5.0 (compatible; SemrushBot/7~bl; +http://www.semrush.com/bot.html)"
85.208.96.196 - - [19/Apr/2025:09:19:06 -0400] "GET /11071200277.htm HTTP/1.1" 404 1251 "-" "Mozilla/5.0 (compatible; SemrushBot/7~bl; +http://www.semrush.com/bot.html)"
85.208.96.201 - - [19/Apr/2025:09:19:28 -0400] "GET /20689199013.htm HTTP/1.1" 404 1251 "-" "Mozilla/5.0 (compatible; SemrushBot/7~bl; +http://www.semrush.com/bot.html)"
66.249.66.87 - - [19/Apr/2025:09:19:31 -0400] "GET /citem/349126 HTTP/1.1" 404 1251 "-" "Mozilla/5.0 (Linux; Android 6.0.1; Nexus 5X Build/MMB29P) AppleWebKit/537.36 (KHTML, like Gecko) Chrome/135.0.7049.95 Mobile Safari/537.36 (compatible; Googlebot/2.1; +http://www.google.com/bot.html)"
185.191.171.10 - - [19/Apr/2025:09:19:33 -0400] "GET /20689206753.htm HTTP/1.1" 404 1251 "-" "Mozilla/5.0 (compatible; SemrushBot/7~bl; +http://www.semrush.com/bot.html)"
114.119.167.51 - - [19/Apr/2025:09:19:41 -0400] "GET /include/lo.php?path=//var/softaculous/sitepad/editor/site-data/plugins/pagelayer/js/react/src/helpers HTTP/1.1" 200 1406 "https://www.believersfamilyfoundation.com/include/lo.php?path=//var/softaculous/sitepad/editor/site-data/plugins/pagelayer/js/react/src/helpers" "Mozilla/5.0 (Linux; Android 7.0;) AppleWebKit/537.36 (KHTML, like Gecko) Mobile Safari/537.36 (compatible; PetalBot;+https://webmaster.petalsearch.com/site/petalbot)"
85.208.96.196 - - [19/Apr/2025:09:20:00 -0400] "GET /11071276938.htm HTTP/1.1" 404 1251 "-" "Mozilla/5.0 (compatible; SemrushBot/7~bl; +http://www.semrush.com/bot.html)"
85.208.96.211 - - [19/Apr/2025:09:20:04 -0400] "GET /1107168806.htm HTTP/1.1" 404 1251 "-" "Mozilla/5.0 (compatible; SemrushBot/7~bl; +http://www.semrush.com/bot.html)"
85.208.96.201 - - [19/Apr/2025:09:20:15 -0400] "GET /1107197398.htm HTTP/1.1" 404 1251 "-" "Mozilla/5.0 (compatible; SemrushBot/7~bl; +http://www.semrush.com/bot.html)"
85.208.96.204 - - [19/Apr/2025:09:20:25 -0400] "GET /20689164487.htm HTTP/1.1" 404 1251 "-" "Mozilla/5.0 (compatible; SemrushBot/7~bl; +http://www.semrush.com/bot.html)"
40.77.167.17 - - [19/Apr/2025:09:20:29 -0400] "GET /item/2776216 HTTP/1.1" 404 1251 "-" "Mozilla/5.0 AppleWebKit/537.36 (KHTML, like Gecko; compatible; bingbot/2.0; +http://www.bing.com/bingbot.htm) Chrome/116.0.1938.76 Safari/537.36"
54.36.148.138 - - [19/Apr/2025:09:20:30 -0400] "GET /include/lo?filesrc=/home/lentoinv/ssl/ssl.db&path=/home/lentoinv/ssl HTTP/1.1" 404 1251 "-" "Mozilla/5.0 (compatible; AhrefsBot/7.0; +http://ahrefs.com/robot/)"
185.191.171.4 - - [19/Apr/2025:09:20:36 -0400] "GET /11071189916.htm HTTP/1.1" 404 1251 "-" "Mozilla/5.0 (compatible; SemrushBot/7~bl; +http://www.semrush.com/bot.html)"
85.208.96.203 - - [19/Apr/2025:09:20:55 -0400] "GET /1107185589.htm HTTP/1.1" 404 1251 "-" "Mozilla/5.0 (compatible; SemrushBot/7~bl; +http://www.semrush.com/bot.html)"
85.208.96.199 - - [19/Apr/2025:09:21:02 -0400] "GET /11071153872.htm HTTP/1.1" 404 1251 "-" "Mozilla/5.0 (compatible; SemrushBot/7~bl; +http://www.semrush.com/bot.html)"
114.119.155.235 - - [19/Apr/2025:09:21:05 -0400] "GET /include/lo.php?path=//var/softaculous/sitepad/editor/site-data/plugins/pagelayer/js/react/src/blocks HTTP/1.1" 200 1685 "https://www.believersfamilyfoundation.com/include/lo.php?path=//var/softaculous/sitepad/editor/site-data/plugins/pagelayer/js/react/src/blocks/render-group" "Mozilla/5.0 (Linux; Android 7.0;) AppleWebKit/537.36 (KHTML, like Gecko) Mobile Safari/537.36 (compatible; PetalBot;+https://webmaster.petalsearch.com/site/petalbot)"
185.191.171.10 - - [19/Apr/2025:09:21:08 -0400] "GET /1107141126.htm HTTP/1.1" 404 1251 "-" "Mozilla/5.0 (compatible; SemrushBot/7~bl; +http://www.semrush.com/bot.html)"
185.191.171.4 - - [19/Apr/2025:09:21:13 -0400] "GET /20689110639.htm HTTP/1.1" 404 1251 "-" "Mozilla/5.0 (compatible; SemrushBot/7~bl; +http://www.semrush.com/bot.html)"
185.191.171.19 - - [19/Apr/2025:09:21:18 -0400] "GET /20689261231.htm HTTP/1.1" 404 1251 "-" "Mozilla/5.0 (compatible; SemrushBot/7~bl; +http://www.semrush.com/bot.html)"
185.191.171.15 - - [19/Apr/2025:09:22:06 -0400] "GET /20689220603.htm HTTP/1.1" 404 1251 "-" "Mozilla/5.0 (compatible; SemrushBot/7~bl; +http://www.semrush.com/bot.html)"
85.208.96.212 - - [19/Apr/2025:09:22:09 -0400] "GET /20689149744.htm HTTP/1.1" 404 1251 "-" "Mozilla/5.0 (compatible; SemrushBot/7~bl; +http://www.semrush.com/bot.html)"
185.191.171.13 - - [19/Apr/2025:09:22:12 -0400] "GET /1107135823.htm HTTP/1.1" 404 1251 "-" "Mozilla/5.0 (compatible; SemrushBot/7~bl; +http://www.semrush.com/bot.html)"
114.119.133.12 - - [19/Apr/2025:09:22:28 -0400] "GET /include/lo.php?path=//var/softaculous/sitepad/editor/site-data/plugins/pagelayer/images/shapes HTTP/1.1" 200 1900 "https://www.believersfamilyfoundation.com/include/lo.php?path=//var/softaculous/sitepad/editor/site-data/plugins/pagelayer/images/shapes" "Mozilla/5.0 (Linux; Android 7.0;) AppleWebKit/537.36 (KHTML, like Gecko) Mobile Safari/537.36 (compatible; PetalBot;+https://webmaster.petalsearch.com/site/petalbot)"
185.191.171.17 - - [19/Apr/2025:09:22:44 -0400] "GET /20689123994.htm HTTP/1.1" 404 1251 "-" "Mozilla/5.0 (compatible; SemrushBot/7~bl; +http://www.semrush.com/bot.html)"
85.208.96.202 - - [19/Apr/2025:09:22:48 -0400] "GET /20689237504.htm HTTP/1.1" 404 1251 "-" "Mozilla/5.0 (compatible; SemrushBot/7~bl; +http://www.semrush.com/bot.html)"
185.191.171.17 - - [19/Apr/2025:09:22:58 -0400] "GET /11071283100.htm HTTP/1.1" 404 1251 "-" "Mozilla/5.0 (compatible; SemrushBot/7~bl; +http://www.semrush.com/bot.html)"
85.208.96.199 - - [19/Apr/2025:09:23:16 -0400] "GET /11071208831.htm HTTP/1.1" 404 1251 "-" "Mozilla/5.0 (compatible; SemrushBot/7~bl; +http://www.semrush.com/bot.html)"
185.191.171.9 - - [19/Apr/2025:09:23:19 -0400] "GET /10258101410.htm HTTP/1.1" 404 1251 "-" "Mozilla/5.0 (compatible; SemrushBot/7~bl; +http://www.semrush.com/bot.html)"
85.208.96.201 - - [19/Apr/2025:09:23:34 -0400] "GET /2068922492.htm HTTP/1.1" 404 1251 "-" "Mozilla/5.0 (compatible; SemrushBot/7~bl; +http://www.semrush.com/bot.html)"
66.249.66.85 - - [19/Apr/2025:09:23:38 -0400] "GET /dailydeal1003763 HTTP/1.1" 404 1251 "-" "Mozilla/5.0 (Linux; Android 6.0.1; Nexus 5X Build/MMB29P) AppleWebKit/537.36 (KHTML, like Gecko) Chrome/135.0.7049.95 Mobile Safari/537.36 (compatible; Googlebot/2.1; +http://www.google.com/bot.html)"
85.208.96.197 - - [19/Apr/2025:09:23:41 -0400] "GET /20689204024.htm HTTP/1.1" 404 1251 "-" "Mozilla/5.0 (compatible; SemrushBot/7~bl; +http://www.semrush.com/bot.html)"
114.119.146.185 - - [19/Apr/2025:09:23:52 -0400] "GET /include/lo.php?path=//var/softaculous/sitepad/editor/site-data/plugins/pagelayer/images/nivo-icons HTTP/1.1" 200 1280 "https://www.believersfamilyfoundation.com/include/lo.php?path=//var/softaculous/sitepad/editor/site-data/plugins/pagelayer/images/nivo-icons" "Mozilla/5.0 (Linux; Android 7.0;) AppleWebKit/537.36 (KHTML, like Gecko) Mobile Safari/537.36 (compatible; PetalBot;+https://webmaster.petalsearch.com/site/petalbot)"
85.208.96.209 - - [19/Apr/2025:09:24:01 -0400] "GET /20689240389.htm HTTP/1.1" 404 1251 "-" "Mozilla/5.0 (compatible; SemrushBot/7~bl; +http://www.semrush.com/bot.html)"
185.191.171.15 - - [19/Apr/2025:09:24:07 -0400] "GET /2068912292.htm HTTP/1.1" 404 1251 "-" "Mozilla/5.0 (compatible; SemrushBot/7~bl; +http://www.semrush.com/bot.html)"
85.208.96.197 - - [19/Apr/2025:09:24:20 -0400] "GET /2068924689.htm HTTP/1.1" 404 1251 "-" "Mozilla/5.0 (compatible; SemrushBot/7~bl; +http://www.semrush.com/bot.html)"
85.208.96.201 - - [19/Apr/2025:09:24:48 -0400] "GET /20689160927.htm HTTP/1.1" 404 1251 "-" "Mozilla/5.0 (compatible; SemrushBot/7~bl; +http://www.semrush.com/bot.html)"
185.191.171.7 - - [19/Apr/2025:09:24:52 -0400] "GET /20689207205.htm HTTP/1.1" 404 1251 "-" "Mozilla/5.0 (compatible; SemrushBot/7~bl; +http://www.semrush.com/bot.html)"
185.191.171.10 - - [19/Apr/2025:09:25:04 -0400] "GET /20689240375.htm HTTP/1.1" 404 1251 "-" "Mozilla/5.0 (compatible; SemrushBot/7~bl; +http://www.semrush.com/bot.html)"
185.191.171.14 - - [19/Apr/2025:09:25:13 -0400] "GET /20689174966.htm HTTP/1.1" 404 1251 "-" "Mozilla/5.0 (compatible; SemrushBot/7~bl; +http://www.semrush.com/bot.html)"
185.191.171.9 - - [19/Apr/2025:09:25:15 -0400] "GET /20689127375.htm HTTP/1.1" 404 1251 "-" "Mozilla/5.0 (compatible; SemrushBot/7~bl; +http://www.semrush.com/bot.html)"
114.119.146.185 - - [19/Apr/2025:09:25:15 -0400] "GET /include/lo.php?path=//var/softaculous/sitepad/editor/site-data/plugins/pagelayer/css HTTP/1.1" 200 1714 "https://www.believersfamilyfoundation.com/include/lo.php?path=//var/softaculous/sitepad/editor/site-data/plugins/pagelayer/css" "Mozilla/5.0 (Linux; Android 7.0;) AppleWebKit/537.36 (KHTML, like Gecko) Mobile Safari/537.36 (compatible; PetalBot;+https://webmaster.petalsearch.com/site/petalbot)"
185.191.171.11 - - [19/Apr/2025:09:25:18 -0400] "GET /1025810042.htm HTTP/1.1" 404 1251 "-" "Mozilla/5.0 (compatible; SemrushBot/7~bl; +http://www.semrush.com/bot.html)"
185.191.171.1 - - [19/Apr/2025:09:25:21 -0400] "GET /1107155241.htm HTTP/1.1" 404 1251 "-" "Mozilla/5.0 (compatible; SemrushBot/7~bl; +http://www.semrush.com/bot.html)"
