40.77.167.17 - - [30/Jul/2025:09:36:37 -0400] "GET /?d=21127197260&filter=6f993e&share_to_url=goods.php%3Fid%3D717179%26name%3Dktm+rc250+dan+duke HTTP/1.1" 200 24098 "-" "Mozilla/5.0 AppleWebKit/537.36 (KHTML, like Gecko; compatible; bingbot/2.0; +http://www.bing.com/bingbot.htm) Chrome/116.0.1938.76 Safari/537.36"
152.42.214.97 - - [30/Jul/2025:09:36:40 -0400] "GET /upload/server/php/ HTTP/1.1" 404 1251 "http://www.churchmr.com/upload/server/php/" "Go-http-client/1.1"
152.42.214.97 - - [30/Jul/2025:09:36:41 -0400] "GET /admin/server/php/ HTTP/1.1" 404 1251 "http://www.churchmr.com/admin/server/php/" "Go-http-client/1.1"
152.42.214.97 - - [30/Jul/2025:09:36:41 -0400] "GET /fileupload/server/php/ HTTP/1.1" 404 1251 "http://www.churchmr.com/fileupload/server/php/" "Go-http-client/1.1"
152.42.214.97 - - [30/Jul/2025:09:36:42 -0400] "GET /server/php/ HTTP/1.1" 404 1251 "http://www.churchmr.com/server/php/" "Go-http-client/1.1"
38.10.253.9 - - [30/Jul/2025:09:36:42 -0400] "POST /cludes/options HTTP/1.1" 200 44 "https://churchmr.com" "Mozilla/5.0 (Windows NT 6.1; Win64; x64) AppleWebKit/537.36 (KHTML, like Gecko) Chrome/63.0.2113.6 Safari/537.36"
152.42.214.97 - - [30/Jul/2025:09:36:42 -0400] "GET /admin/tools/assets/jquery-file-upload/server/php/ HTTP/1.1" 404 1251 "http://www.churchmr.com/admin/tools/assets/jquery-file-upload/server/php/" "Go-http-client/1.1"
190.14.143.197 - - [30/Jul/2025:09:36:43 -0400] "POST /cludes/options HTTP/1.1" 200 44 "https://churchmr.com" "Opera/9.80 (Windows NT 10.0; WOW64); U) Presto/2.12.388 Version/12.14"
152.42.214.97 - - [30/Jul/2025:09:36:43 -0400] "GET /assets/jquery-file-upload/server/php/ HTTP/1.1" 404 1251 "http://www.churchmr.com/assets/jquery-file-upload/server/php/" "Go-http-client/1.1"
152.42.214.97 - - [30/Jul/2025:09:36:43 -0400] "GET /assets/global/plugins/jquery-file-upload/server/php/ HTTP/1.1" 404 1251 "http://www.churchmr.com/assets/global/plugins/jquery-file-upload/server/php/" "Go-http-client/1.1"
152.42.214.97 - - [30/Jul/2025:09:36:44 -0400] "GET /admin/assets/jquery-file-upload/server/php/ HTTP/1.1" 404 1251 "http://www.churchmr.com/admin/assets/jquery-file-upload/server/php/" "Go-http-client/1.1"
152.42.214.97 - - [30/Jul/2025:09:36:44 -0400] "GET /assets/upload/server/php/ HTTP/1.1" 404 1251 "http://www.churchmr.com/assets/upload/server/php/" "Go-http-client/1.1"
152.42.214.97 - - [30/Jul/2025:09:36:45 -0400] "GET /assets/plugins/jquery-file-upload/server/php/ HTTP/1.1" 404 1251 "http://www.churchmr.com/assets/plugins/jquery-file-upload/server/php/" "Go-http-client/1.1"
152.42.214.97 - - [30/Jul/2025:09:36:45 -0400] "GET /assets/data/jquery-file-upload/server/php/ HTTP/1.1" 404 1251 "http://www.churchmr.com/assets/data/jquery-file-upload/server/php/" "Go-http-client/1.1"
152.42.214.97 - - [30/Jul/2025:09:36:46 -0400] "GET /assets/admin/data/jquery-file-upload/server/php/ HTTP/1.1" 404 1251 "http://www.churchmr.com/assets/admin/data/jquery-file-upload/server/php/" "Go-http-client/1.1"
152.42.214.97 - - [30/Jul/2025:09:36:46 -0400] "GET /admin/ckeditor/kcfinder/browse.php HTTP/1.1" 302 771 "http://www.churchmr.com/admin/ckeditor/kcfinder/browse.php" "Go-http-client/1.1"
152.42.214.97 - - [30/Jul/2025:09:36:47 -0400] "GET /admin/ckeditor/kcfinder/browse HTTP/1.1" 404 1251 "https://www.churchmr.com/admin/ckeditor/kcfinder/browse.php" "Go-http-client/1.1"
40.77.167.51 - - [30/Jul/2025:09:36:46 -0400] "GET /?d=21323391260&filter=55b63a&share_to_url=pin.php%3Fid%3D723906%26name%3Dthe+united+states+earns HTTP/1.1" 200 23990 "-" "Mozilla/5.0 AppleWebKit/537.36 (KHTML, like Gecko; compatible; bingbot/2.0; +http://www.bing.com/bingbot.htm) Chrome/116.0.1938.76 Safari/537.36"
152.42.214.97 - - [30/Jul/2025:09:36:47 -0400] "GET /ckeditor/kcfinder/browse.php HTTP/1.1" 302 771 "http://www.churchmr.com/ckeditor/kcfinder/browse.php" "Go-http-client/1.1"
40.77.167.51 - - [30/Jul/2025:09:36:47 -0400] "GET /?d=88117489260&filter=a98900&share_to_url=product-page.php%3Fid%3D2985976%26name%3Dmaca+60+capsule HTTP/1.1" 200 22072 "-" "Mozilla/5.0 AppleWebKit/537.36 (KHTML, like Gecko; compatible; bingbot/2.0; +http://www.bing.com/bingbot.htm) Chrome/116.0.1938.76 Safari/537.36"
152.42.214.97 - - [30/Jul/2025:09:36:47 -0400] "GET /ckeditor/kcfinder/browse HTTP/1.1" 404 1251 "https://www.churchmr.com/ckeditor/kcfinder/browse.php" "Go-http-client/1.1"
66.249.64.132 - - [30/Jul/2025:09:36:47 -0400] "GET /?d=89199783260&filter=572624&share_to_url=shopdetail.php%3Fid%3D3023588%26name%3Dnapapijri+giacca+shelter+verde HTTP/1.1" 200 23674 "-" "Mozilla/5.0 (Linux; Android 6.0.1; Nexus 5X Build/MMB29P) AppleWebKit/537.36 (KHTML, like Gecko) Chrome/138.0.7204.157 Mobile Safari/537.36 (compatible; Googlebot/2.1; +http://www.google.com/bot.html)"
152.42.214.97 - - [30/Jul/2025:09:36:48 -0400] "GET /asset/kcfinder/browse.php HTTP/1.1" 302 771 "http://www.churchmr.com/asset/kcfinder/browse.php" "Go-http-client/1.1"
152.42.214.97 - - [30/Jul/2025:09:36:48 -0400] "GET /asset/kcfinder/browse HTTP/1.1" 404 1251 "https://www.churchmr.com/asset/kcfinder/browse.php" "Go-http-client/1.1"
152.42.214.97 - - [30/Jul/2025:09:36:49 -0400] "GET /asset/plugins/kcfinder/browse.php HTTP/1.1" 302 771 "http://www.churchmr.com/asset/plugins/kcfinder/browse.php" "Go-http-client/1.1"
152.42.214.97 - - [30/Jul/2025:09:36:49 -0400] "GET /asset/plugins/kcfinder/browse HTTP/1.1" 404 1251 "https://www.churchmr.com/asset/plugins/kcfinder/browse.php" "Go-http-client/1.1"
152.42.214.97 - - [30/Jul/2025:09:36:49 -0400] "GET /assets/kcfinder/browse.php HTTP/1.1" 302 771 "http://www.churchmr.com/assets/kcfinder/browse.php" "Go-http-client/1.1"
152.42.214.97 - - [30/Jul/2025:09:36:50 -0400] "GET /assets/kcfinder/browse HTTP/1.1" 404 1251 "https://www.churchmr.com/assets/kcfinder/browse.php" "Go-http-client/1.1"
152.42.214.97 - - [30/Jul/2025:09:36:50 -0400] "GET /assets/plugins/kcfinder/browse.php HTTP/1.1" 302 771 "http://www.churchmr.com/assets/plugins/kcfinder/browse.php" "Go-http-client/1.1"
152.42.214.97 - - [30/Jul/2025:09:36:50 -0400] "GET /assets/plugins/kcfinder/browse HTTP/1.1" 404 1251 "https://www.churchmr.com/assets/plugins/kcfinder/browse.php" "Go-http-client/1.1"
152.42.214.97 - - [30/Jul/2025:09:36:51 -0400] "GET /kcfinder/browse.php HTTP/1.1" 302 771 "http://www.churchmr.com/kcfinder/browse.php" "Go-http-client/1.1"
152.42.214.97 - - [30/Jul/2025:09:36:51 -0400] "GET /kcfinder/browse HTTP/1.1" 404 1251 "https://www.churchmr.com/kcfinder/browse.php" "Go-http-client/1.1"
152.42.214.97 - - [30/Jul/2025:09:36:52 -0400] "GET /plugins/kcfinder/browse.php HTTP/1.1" 302 771 "http://www.churchmr.com/plugins/kcfinder/browse.php" "Go-http-client/1.1"
152.42.214.97 - - [30/Jul/2025:09:36:52 -0400] "GET /plugins/kcfinder/browse HTTP/1.1" 404 1251 "https://www.churchmr.com/plugins/kcfinder/browse.php" "Go-http-client/1.1"
152.42.214.97 - - [30/Jul/2025:09:36:52 -0400] "GET /plugins/filemanager/dialog.php HTTP/1.1" 302 771 "http://www.churchmr.com/plugins/filemanager/dialog.php" "Go-http-client/1.1"
152.42.214.97 - - [30/Jul/2025:09:36:53 -0400] "GET /plugins/filemanager/dialog HTTP/1.1" 404 1251 "https://www.churchmr.com/plugins/filemanager/dialog.php" "Go-http-client/1.1"
152.42.214.97 - - [30/Jul/2025:09:36:53 -0400] "GET /assets/filemanager/dialog.php HTTP/1.1" 302 771 "http://www.churchmr.com/assets/filemanager/dialog.php" "Go-http-client/1.1"
152.42.214.97 - - [30/Jul/2025:09:36:53 -0400] "GET /assets/filemanager/dialog HTTP/1.1" 404 1251 "https://www.churchmr.com/assets/filemanager/dialog.php" "Go-http-client/1.1"
152.42.214.97 - - [30/Jul/2025:09:36:54 -0400] "GET /tinymce/filemanager/dialog.php HTTP/1.1" 302 771 "http://www.churchmr.com/tinymce/filemanager/dialog.php" "Go-http-client/1.1"
152.42.214.97 - - [30/Jul/2025:09:36:54 -0400] "GET /tinymce/filemanager/dialog HTTP/1.1" 404 1251 "https://www.churchmr.com/tinymce/filemanager/dialog.php" "Go-http-client/1.1"
152.42.214.97 - - [30/Jul/2025:09:36:55 -0400] "GET /admin/filemanager/dialog.php HTTP/1.1" 302 771 "http://www.churchmr.com/admin/filemanager/dialog.php" "Go-http-client/1.1"
152.42.214.97 - - [30/Jul/2025:09:36:55 -0400] "GET /admin/filemanager/dialog HTTP/1.1" 404 1251 "https://www.churchmr.com/admin/filemanager/dialog.php" "Go-http-client/1.1"
152.42.214.97 - - [30/Jul/2025:09:36:55 -0400] "GET /editor/plugins/filemanager/dialog.php HTTP/1.1" 302 771 "http://www.churchmr.com/editor/plugins/filemanager/dialog.php" "Go-http-client/1.1"
40.77.167.17 - - [30/Jul/2025:09:36:55 -0400] "GET /?d=115781671260&filter=18c872&share_to_url=model.php%3Fid%3D3920775%26name%3Dgro%C3%9Fnotgeld+inflation HTTP/1.1" 200 22796 "-" "Mozilla/5.0 AppleWebKit/537.36 (KHTML, like Gecko; compatible; bingbot/2.0; +http://www.bing.com/bingbot.htm) Chrome/116.0.1938.76 Safari/537.36"
152.42.214.97 - - [30/Jul/2025:09:36:56 -0400] "GET /editor/plugins/filemanager/dialog HTTP/1.1" 404 1251 "https://www.churchmr.com/editor/plugins/filemanager/dialog.php" "Go-http-client/1.1"
152.42.214.97 - - [30/Jul/2025:09:36:56 -0400] "GET /vendor/filemanager/dialog.php HTTP/1.1" 302 771 "http://www.churchmr.com/vendor/filemanager/dialog.php" "Go-http-client/1.1"
152.42.214.97 - - [30/Jul/2025:09:36:56 -0400] "GET /vendor/filemanager/dialog HTTP/1.1" 404 1251 "https://www.churchmr.com/vendor/filemanager/dialog.php" "Go-http-client/1.1"
152.42.214.97 - - [30/Jul/2025:09:36:57 -0400] "GET /webroot/filemanager/dialog.php HTTP/1.1" 302 771 "http://www.churchmr.com/webroot/filemanager/dialog.php" "Go-http-client/1.1"
152.42.214.97 - - [30/Jul/2025:09:36:57 -0400] "GET /webroot/filemanager/dialog HTTP/1.1" 404 1251 "https://www.churchmr.com/webroot/filemanager/dialog.php" "Go-http-client/1.1"
152.42.214.97 - - [30/Jul/2025:09:36:58 -0400] "GET /filemanager/dialog.php HTTP/1.1" 302 771 "http://www.churchmr.com/filemanager/dialog.php" "Go-http-client/1.1"
152.42.214.97 - - [30/Jul/2025:09:36:58 -0400] "GET /filemanager/dialog HTTP/1.1" 404 1251 "https://www.churchmr.com/filemanager/dialog.php" "Go-http-client/1.1"
152.42.214.97 - - [30/Jul/2025:09:36:58 -0400] "GET /assets/admin/js/filemanager/dialog.php HTTP/1.1" 302 771 "http://www.churchmr.com/assets/admin/js/filemanager/dialog.php" "Go-http-client/1.1"
152.42.214.97 - - [30/Jul/2025:09:36:59 -0400] "GET /assets/admin/js/filemanager/dialog HTTP/1.1" 404 1251 "https://www.churchmr.com/assets/admin/js/filemanager/dialog.php" "Go-http-client/1.1"
152.42.214.97 - - [30/Jul/2025:09:36:59 -0400] "GET /tinymce/js/tinymce/plugins/filemanager/dialog.php HTTP/1.1" 302 771 "http://www.churchmr.com/tinymce/js/tinymce/plugins/filemanager/dialog.php" "Go-http-client/1.1"
152.42.214.97 - - [30/Jul/2025:09:36:59 -0400] "GET /tinymce/js/tinymce/plugins/filemanager/dialog HTTP/1.1" 404 1251 "https://www.churchmr.com/tinymce/js/tinymce/plugins/filemanager/dialog.php" "Go-http-client/1.1"
152.42.214.97 - - [30/Jul/2025:09:37:00 -0400] "GET /admin/assets/filemanager/dialog.php HTTP/1.1" 302 771 "http://www.churchmr.com/admin/assets/filemanager/dialog.php" "Go-http-client/1.1"
152.42.214.97 - - [30/Jul/2025:09:37:00 -0400] "GET /admin/assets/filemanager/dialog HTTP/1.1" 404 1251 "https://www.churchmr.com/admin/assets/filemanager/dialog.php" "Go-http-client/1.1"
152.42.214.97 - - [30/Jul/2025:09:37:01 -0400] "GET /vendor/filemanger/dialog.php HTTP/1.1" 302 771 "http://www.churchmr.com/vendor/filemanger/dialog.php" "Go-http-client/1.1"
152.42.214.97 - - [30/Jul/2025:09:37:01 -0400] "GET /vendor/filemanger/dialog HTTP/1.1" 404 1251 "https://www.churchmr.com/vendor/filemanger/dialog.php" "Go-http-client/1.1"
152.42.214.97 - - [30/Jul/2025:09:37:01 -0400] "GET /panel/filemanager/dialog.php HTTP/1.1" 302 771 "http://www.churchmr.com/panel/filemanager/dialog.php" "Go-http-client/1.1"
152.42.214.97 - - [30/Jul/2025:09:37:02 -0400] "GET /panel/filemanager/dialog HTTP/1.1" 404 1251 "https://www.churchmr.com/panel/filemanager/dialog.php" "Go-http-client/1.1"
152.42.214.97 - - [30/Jul/2025:09:37:02 -0400] "GET /admin/filemanager/dialog.php HTTP/1.1" 302 771 "http://www.churchmr.com/admin/filemanager/dialog.php" "Go-http-client/1.1"
152.42.214.97 - - [30/Jul/2025:09:37:02 -0400] "GET /admin/filemanager/dialog HTTP/1.1" 404 1251 "https://www.churchmr.com/admin/filemanager/dialog.php" "Go-http-client/1.1"
152.42.214.97 - - [30/Jul/2025:09:37:03 -0400] "GET /sftp-config.json HTTP/1.1" 404 1251 "http://www.churchmr.com/sftp-config.json" "Go-http-client/1.1"
152.42.214.97 - - [30/Jul/2025:09:37:03 -0400] "GET /.vscode/sftp.json HTTP/1.1" 404 1251 "http://www.churchmr.com/.vscode/sftp.json" "Go-http-client/1.1"
152.42.214.97 - - [30/Jul/2025:09:37:04 -0400] "GET /vendor/phpunit/phpunit/src/Util/PHP/eval-stdin.php HTTP/1.1" 302 771 "http://www.churchmr.com/vendor/phpunit/phpunit/src/Util/PHP/eval-stdin.php" "Mozilla/5.0 (Windows NT 10.0; Win64; x64) AppleWebKit/537.36 (KHTML, like Gecko) Chrome/58.0.3029.110 Safari/537.3"
152.42.214.97 - - [30/Jul/2025:09:37:04 -0400] "GET /vendor/phpunit/phpunit/src/Util/PHP/eval-stdin HTTP/1.1" 404 1251 "https://www.churchmr.com/vendor/phpunit/phpunit/src/Util/PHP/eval-stdin.php" "Mozilla/5.0 (Windows NT 10.0; Win64; x64) AppleWebKit/537.36 (KHTML, like Gecko) Chrome/58.0.3029.110 Safari/537.3"
152.42.214.97 - - [30/Jul/2025:09:37:04 -0400] "GET /vendor/phpunits/phpunit/src/Util/PHP/eval-stdin.php HTTP/1.1" 302 771 "http://www.churchmr.com/vendor/phpunits/phpunit/src/Util/PHP/eval-stdin.php" "Mozilla/5.0 (Windows NT 10.0; Win64; x64) AppleWebKit/537.36 (KHTML, like Gecko) Chrome/58.0.3029.110 Safari/537.3"
152.42.214.97 - - [30/Jul/2025:09:37:05 -0400] "GET /vendor/phpunits/phpunit/src/Util/PHP/eval-stdin HTTP/1.1" 404 1251 "https://www.churchmr.com/vendor/phpunits/phpunit/src/Util/PHP/eval-stdin.php" "Mozilla/5.0 (Windows NT 10.0; Win64; x64) AppleWebKit/537.36 (KHTML, like Gecko) Chrome/58.0.3029.110 Safari/537.3"
152.42.214.97 - - [30/Jul/2025:09:37:05 -0400] "GET /assets/vendor/phpunit/phpunit/src/Util/PHP/eval-stdin.php HTTP/1.1" 302 771 "http://www.churchmr.com/assets/vendor/phpunit/phpunit/src/Util/PHP/eval-stdin.php" "Mozilla/5.0 (Windows NT 10.0; Win64; x64) AppleWebKit/537.36 (KHTML, like Gecko) Chrome/58.0.3029.110 Safari/537.3"
152.42.214.97 - - [30/Jul/2025:09:37:05 -0400] "GET /assets/vendor/phpunit/phpunit/src/Util/PHP/eval-stdin HTTP/1.1" 404 1251 "https://www.churchmr.com/assets/vendor/phpunit/phpunit/src/Util/PHP/eval-stdin.php" "Mozilla/5.0 (Windows NT 10.0; Win64; x64) AppleWebKit/537.36 (KHTML, like Gecko) Chrome/58.0.3029.110 Safari/537.3"
152.42.214.97 - - [30/Jul/2025:09:37:06 -0400] "GET /admin/vendor/phpunit/phpunit/src/Util/PHP/eval-stdin.php HTTP/1.1" 302 771 "http://www.churchmr.com/admin/vendor/phpunit/phpunit/src/Util/PHP/eval-stdin.php" "Mozilla/5.0 (Windows NT 10.0; Win64; x64) AppleWebKit/537.36 (KHTML, like Gecko) Chrome/58.0.3029.110 Safari/537.3"
152.42.214.97 - - [30/Jul/2025:09:37:06 -0400] "GET /admin/vendor/phpunit/phpunit/src/Util/PHP/eval-stdin HTTP/1.1" 404 1251 "https://www.churchmr.com/admin/vendor/phpunit/phpunit/src/Util/PHP/eval-stdin.php" "Mozilla/5.0 (Windows NT 10.0; Win64; x64) AppleWebKit/537.36 (KHTML, like Gecko) Chrome/58.0.3029.110 Safari/537.3"
152.42.214.97 - - [30/Jul/2025:09:37:07 -0400] "GET /lib/vendor/phpunit/phpunit/src/Util/PHP/eval-stdin.php HTTP/1.1" 302 771 "http://www.churchmr.com/lib/vendor/phpunit/phpunit/src/Util/PHP/eval-stdin.php" "Mozilla/5.0 (Windows NT 10.0; Win64; x64) AppleWebKit/537.36 (KHTML, like Gecko) Chrome/58.0.3029.110 Safari/537.3"
152.42.214.97 - - [30/Jul/2025:09:37:07 -0400] "GET /lib/vendor/phpunit/phpunit/src/Util/PHP/eval-stdin HTTP/1.1" 404 1251 "https://www.churchmr.com/lib/vendor/phpunit/phpunit/src/Util/PHP/eval-stdin.php" "Mozilla/5.0 (Windows NT 10.0; Win64; x64) AppleWebKit/537.36 (KHTML, like Gecko) Chrome/58.0.3029.110 Safari/537.3"
152.42.214.97 - - [30/Jul/2025:09:37:07 -0400] "GET /_vendor/phpunit/phpunit/src/Util/PHP/eval-stdin.php HTTP/1.1" 302 771 "http://www.churchmr.com/_vendor/phpunit/phpunit/src/Util/PHP/eval-stdin.php" "Mozilla/5.0 (Windows NT 10.0; Win64; x64) AppleWebKit/537.36 (KHTML, like Gecko) Chrome/58.0.3029.110 Safari/537.3"
117.222.72.170 - - [30/Jul/2025:09:37:07 -0400] "POST /cludes/options HTTP/1.1" 200 44 "https://churchmr.com" "Mozilla/5.0 (Windows NT 10.0; WOW64) AppleWebKit/537.36 (KHTML, like Gecko) Chrome/63.0.3394.55 Safari/537.36"
152.42.214.97 - - [30/Jul/2025:09:37:08 -0400] "GET /_vendor/phpunit/phpunit/src/Util/PHP/eval-stdin HTTP/1.1" 404 1251 "https://www.churchmr.com/_vendor/phpunit/phpunit/src/Util/PHP/eval-stdin.php" "Mozilla/5.0 (Windows NT 10.0; Win64; x64) AppleWebKit/537.36 (KHTML, like Gecko) Chrome/58.0.3029.110 Safari/537.3"
152.42.214.97 - - [30/Jul/2025:09:37:08 -0400] "GET /adminstrator/vendor/phpunit/phpunit/src/Util/PHP/eval-stdin.php HTTP/1.1" 302 771 "http://www.churchmr.com/adminstrator/vendor/phpunit/phpunit/src/Util/PHP/eval-stdin.php" "Mozilla/5.0 (Windows NT 10.0; Win64; x64) AppleWebKit/537.36 (KHTML, like Gecko) Chrome/58.0.3029.110 Safari/537.3"
152.42.214.97 - - [30/Jul/2025:09:37:08 -0400] "GET /adminstrator/vendor/phpunit/phpunit/src/Util/PHP/eval-stdin HTTP/1.1" 404 1251 "https://www.churchmr.com/adminstrator/vendor/phpunit/phpunit/src/Util/PHP/eval-stdin.php" "Mozilla/5.0 (Windows NT 10.0; Win64; x64) AppleWebKit/537.36 (KHTML, like Gecko) Chrome/58.0.3029.110 Safari/537.3"
152.42.214.97 - - [30/Jul/2025:09:37:09 -0400] "GET /plugins/vendor/phpunit/phpunit/src/Util/PHP/eval-stdin.php HTTP/1.1" 302 771 "http://www.churchmr.com/plugins/vendor/phpunit/phpunit/src/Util/PHP/eval-stdin.php" "Mozilla/5.0 (Windows NT 10.0; Win64; x64) AppleWebKit/537.36 (KHTML, like Gecko) Chrome/58.0.3029.110 Safari/537.3"
152.42.214.97 - - [30/Jul/2025:09:37:09 -0400] "GET /plugins/vendor/phpunit/phpunit/src/Util/PHP/eval-stdin HTTP/1.1" 404 1251 "https://www.churchmr.com/plugins/vendor/phpunit/phpunit/src/Util/PHP/eval-stdin.php" "Mozilla/5.0 (Windows NT 10.0; Win64; x64) AppleWebKit/537.36 (KHTML, like Gecko) Chrome/58.0.3029.110 Safari/537.3"
152.42.214.97 - - [30/Jul/2025:09:37:10 -0400] "GET /zend/vendor/phpunit/phpunit/src/Util/PHP/eval-stdin.php HTTP/1.1" 302 771 "http://www.churchmr.com/zend/vendor/phpunit/phpunit/src/Util/PHP/eval-stdin.php" "Mozilla/5.0 (Windows NT 10.0; Win64; x64) AppleWebKit/537.36 (KHTML, like Gecko) Chrome/58.0.3029.110 Safari/537.3"
152.42.214.97 - - [30/Jul/2025:09:37:10 -0400] "GET /zend/vendor/phpunit/phpunit/src/Util/PHP/eval-stdin HTTP/1.1" 404 1251 "https://www.churchmr.com/zend/vendor/phpunit/phpunit/src/Util/PHP/eval-stdin.php" "Mozilla/5.0 (Windows NT 10.0; Win64; x64) AppleWebKit/537.36 (KHTML, like Gecko) Chrome/58.0.3029.110 Safari/537.3"
152.42.214.97 - - [30/Jul/2025:09:37:10 -0400] "GET /laravel71/vendor/phpunit/phpunit/src/Util/PHP/eval-stdin.php HTTP/1.1" 302 771 "http://www.churchmr.com/laravel71/vendor/phpunit/phpunit/src/Util/PHP/eval-stdin.php" "Mozilla/5.0 (Windows NT 10.0; Win64; x64) AppleWebKit/537.36 (KHTML, like Gecko) Chrome/58.0.3029.110 Safari/537.3"
152.42.214.97 - - [30/Jul/2025:09:37:11 -0400] "GET /laravel71/vendor/phpunit/phpunit/src/Util/PHP/eval-stdin HTTP/1.1" 404 1251 "https://www.churchmr.com/laravel71/vendor/phpunit/phpunit/src/Util/PHP/eval-stdin.php" "Mozilla/5.0 (Windows NT 10.0; Win64; x64) AppleWebKit/537.36 (KHTML, like Gecko) Chrome/58.0.3029.110 Safari/537.3"
152.42.214.97 - - [30/Jul/2025:09:37:11 -0400] "GET /laravel52/vendor/phpunit/phpunit/src/Util/PHP/eval-stdin.php HTTP/1.1" 302 771 "http://www.churchmr.com/laravel52/vendor/phpunit/phpunit/src/Util/PHP/eval-stdin.php" "Mozilla/5.0 (Windows NT 10.0; Win64; x64) AppleWebKit/537.36 (KHTML, like Gecko) Chrome/58.0.3029.110 Safari/537.3"
40.77.167.23 - - [30/Jul/2025:09:37:11 -0400] "GET /?d=91212166260&filter=dc973f&share_to_url=ideas.php%3Fid%3D3091188%26name%3Dbuy+bosch+18v+professional+cordless HTTP/1.1" 200 22936 "-" "Mozilla/5.0 AppleWebKit/537.36 (KHTML, like Gecko; compatible; bingbot/2.0; +http://www.bing.com/bingbot.htm) Chrome/116.0.1938.76 Safari/537.36"
152.42.214.97 - - [30/Jul/2025:09:37:11 -0400] "GET /laravel52/vendor/phpunit/phpunit/src/Util/PHP/eval-stdin HTTP/1.1" 404 1251 "https://www.churchmr.com/laravel52/vendor/phpunit/phpunit/src/Util/PHP/eval-stdin.php" "Mozilla/5.0 (Windows NT 10.0; Win64; x64) AppleWebKit/537.36 (KHTML, like Gecko) Chrome/58.0.3029.110 Safari/537.3"
171.224.170.190 - - [30/Jul/2025:09:37:11 -0400] "POST /cludes/options HTTP/1.1" 200 44 "https://churchmr.com" "Mozilla/5.0 (Windows NT 10.0) AppleWebKit/537.36 (KHTML, like Gecko) Chrome/67.0.2556.101 Safari/537.36"
152.42.214.97 - - [30/Jul/2025:09:37:12 -0400] "GET /laravel/vendor/phpunit/phpunit/src/Util/PHP/eval-stdin.php HTTP/1.1" 302 771 "http://www.churchmr.com/laravel/vendor/phpunit/phpunit/src/Util/PHP/eval-stdin.php" "Mozilla/5.0 (Windows NT 10.0; Win64; x64) AppleWebKit/537.36 (KHTML, like Gecko) Chrome/58.0.3029.110 Safari/537.3"
152.42.214.97 - - [30/Jul/2025:09:37:12 -0400] "GET /laravel/vendor/phpunit/phpunit/src/Util/PHP/eval-stdin HTTP/1.1" 404 1251 "https://www.churchmr.com/laravel/vendor/phpunit/phpunit/src/Util/PHP/eval-stdin.php" "Mozilla/5.0 (Windows NT 10.0; Win64; x64) AppleWebKit/537.36 (KHTML, like Gecko) Chrome/58.0.3029.110 Safari/537.3"
45.7.26.186 - - [30/Jul/2025:09:37:12 -0400] "POST /cludes/options HTTP/1.1" 200 44 "https://churchmr.com" "Mozilla/5.0 (Windows NT 10.0) AppleWebKit/537.36 (KHTML, like Gecko) Chrome/67.0.2387.24 Safari/537.36"
152.42.214.97 - - [30/Jul/2025:09:37:13 -0400] "GET /app/laravel/vendor/phpunit/phpunit/src/Util/PHP/eval-stdin.php HTTP/1.1" 302 771 "http://www.churchmr.com/app/laravel/vendor/phpunit/phpunit/src/Util/PHP/eval-stdin.php" "Mozilla/5.0 (Windows NT 10.0; Win64; x64) AppleWebKit/537.36 (KHTML, like Gecko) Chrome/58.0.3029.110 Safari/537.3"
152.42.214.97 - - [30/Jul/2025:09:37:13 -0400] "GET /app/laravel/vendor/phpunit/phpunit/src/Util/PHP/eval-stdin HTTP/1.1" 404 1251 "https://www.churchmr.com/app/laravel/vendor/phpunit/phpunit/src/Util/PHP/eval-stdin.php" "Mozilla/5.0 (Windows NT 10.0; Win64; x64) AppleWebKit/537.36 (KHTML, like Gecko) Chrome/58.0.3029.110 Safari/537.3"
152.42.214.97 - - [30/Jul/2025:09:37:13 -0400] "GET /yii/vendor/phpunit/phpunit/src/Util/PHP/eval-stdin.php HTTP/1.1" 302 771 "http://www.churchmr.com/yii/vendor/phpunit/phpunit/src/Util/PHP/eval-stdin.php" "Mozilla/5.0 (Windows NT 10.0; Win64; x64) AppleWebKit/537.36 (KHTML, like Gecko) Chrome/58.0.3029.110 Safari/537.3"
152.42.214.97 - - [30/Jul/2025:09:37:13 -0400] "GET /yii/vendor/phpunit/phpunit/src/Util/PHP/eval-stdin HTTP/1.1" 404 1251 "https://www.churchmr.com/yii/vendor/phpunit/phpunit/src/Util/PHP/eval-stdin.php" "Mozilla/5.0 (Windows NT 10.0; Win64; x64) AppleWebKit/537.36 (KHTML, like Gecko) Chrome/58.0.3029.110 Safari/537.3"
40.77.167.75 - - [30/Jul/2025:09:37:17 -0400] "GET /?d=87038090260&filter=7f045f&share_to_url=item.php%3Fid%3D2949385%26name%3Drolex+submariner+date+126619lb+0003 HTTP/1.1" 200 22644 "-" "Mozilla/5.0 AppleWebKit/537.36 (KHTML, like Gecko; compatible; bingbot/2.0; +http://www.bing.com/bingbot.htm) Chrome/116.0.1938.76 Safari/537.36"
40.77.167.51 - - [30/Jul/2025:09:37:17 -0400] "GET /?d=68105416260&filter=30b959&share_to_url=discover.php%3Fid%3D2308577%26name%3Dkowa+bd+waterproof+10x25 HTTP/1.1" 200 22710 "-" "Mozilla/5.0 AppleWebKit/537.36 (KHTML, like Gecko; compatible; bingbot/2.0; +http://www.bing.com/bingbot.htm) Chrome/116.0.1938.76 Safari/537.36"
40.77.167.17 - - [30/Jul/2025:09:37:25 -0400] "GET /?d=25537775260&filter=00cbe3&share_to_url=pin.php%3Fid%3D865482%26name%3Dpurani+jewellery+2024 HTTP/1.1" 200 22763 "-" "Mozilla/5.0 AppleWebKit/537.36 (KHTML, like Gecko; compatible; bingbot/2.0; +http://www.bing.com/bingbot.htm) Chrome/116.0.1938.76 Safari/537.36"
40.77.167.17 - - [30/Jul/2025:09:37:25 -0400] "GET /?d=83849500260&filter=6565c7&share_to_url=shop.php%3Fid%3D2840287%26name%3Dinstalar+amplificador+sales+wifi HTTP/1.1" 200 22421 "-" "Mozilla/5.0 AppleWebKit/537.36 (KHTML, like Gecko; compatible; bingbot/2.0; +http://www.bing.com/bingbot.htm) Chrome/116.0.1938.76 Safari/537.36"
200.114.215.72 - - [30/Jul/2025:09:37:26 -0400] "POST /cludes/options HTTP/1.1" 200 44 "https://churchmr.com" "Mozilla/5.0 (Windows NT 6.1) AppleWebKit/537.36 (KHTML, like Gecko) Chrome/64.0.3231.61 Safari/537.36"
40.77.167.17 - - [30/Jul/2025:09:37:26 -0400] "GET /?d=109049362260&filter=daf99f&share_to_url=discover.php%3Fid%3D3691853%26name%3Dfrye+piece+soft+plush HTTP/1.1" 200 23631 "-" "Mozilla/5.0 AppleWebKit/537.36 (KHTML, like Gecko; compatible; bingbot/2.0; +http://www.bing.com/bingbot.htm) Chrome/116.0.1938.76 Safari/537.36"
190.5.41.105 - - [30/Jul/2025:09:37:26 -0400] "POST /cludes/options HTTP/1.1" 200 44 "https://churchmr.com" "Mozilla/5.0 (Windows NT 10.0; Win64; x64) AppleWebKit/537.36 (KHTML, like Gecko) Chrome/62.0.3323.5 Safari/537.36"
40.77.167.23 - - [30/Jul/2025:09:37:30 -0400] "GET /?d=43120256260&filter=aca5ca&share_to_url=pin.php%3Fid%3D1463706%26name%3Dubiquiti+unifi+1080p HTTP/1.1" 200 22770 "-" "Mozilla/5.0 AppleWebKit/537.36 (KHTML, like Gecko; compatible; bingbot/2.0; +http://www.bing.com/bingbot.htm) Chrome/116.0.1938.76 Safari/537.36"
187.187.229.28 - - [30/Jul/2025:09:37:41 -0400] "POST /cludes/options HTTP/1.1" 200 44 "https://churchmr.com" "Mozilla/5.0 (Windows NT 10.0; Win64; x64) AppleWebKit/537.36 (KHTML, like Gecko) Chrome/65.0.2960.15 Safari/537.36"
197.232.160.31 - - [30/Jul/2025:09:37:43 -0400] "POST /cludes/options HTTP/1.1" 200 44 "https://churchmr.com" "Mozilla/5.0 (Windows NT 10.0; WOW64) AppleWebKit/537.36 (KHTML, like Gecko) Chrome/62.0.3536.32 Safari/537.36"
40.77.167.17 - - [30/Jul/2025:09:37:45 -0400] "GET /?d=17638198260&filter=397f34&share_to_url=model.php%3Fid%3D600159%26name%3Dvintage+minerva+rattrapante+analog HTTP/1.1" 200 23400 "-" "Mozilla/5.0 AppleWebKit/537.36 (KHTML, like Gecko; compatible; bingbot/2.0; +http://www.bing.com/bingbot.htm) Chrome/116.0.1938.76 Safari/537.36"
102.177.166.125 - - [30/Jul/2025:09:37:49 -0400] "POST /cludes/options HTTP/1.1" 200 44 "https://churchmr.com" "Opera/9.80 (Windows NT 6.1); U) Presto/2.12.388 Version/12.14"
3.111.197.193 - - [30/Jul/2025:09:37:52 -0400] "POST /cludes/options HTTP/1.1" 200 44 "https://churchmr.com" "Mozilla/5.0 (Windows NT 6.1) AppleWebKit/537.36 (KHTML, like Gecko) Chrome/62.0.2298.29 Safari/537.36"
40.77.167.254 - - [30/Jul/2025:09:37:54 -0400] "GET /?d=87744528260&filter=83edca&share_to_url=item.php%3Fid%3D2973529%26name%3Dthe+judicial+function+fundamental HTTP/1.1" 200 23724 "-" "Mozilla/5.0 AppleWebKit/537.36 (KHTML, like Gecko; compatible; bingbot/2.0; +http://www.bing.com/bingbot.htm) Chrome/116.0.1938.76 Safari/537.36"
40.77.167.254 - - [30/Jul/2025:09:37:55 -0400] "GET /?d=109096708260&filter=e8168d&share_to_url=ideas.php?id=3693300&name=friendship%20in%20lord%20of%20the HTTP/1.1" 200 24171 "-" "Mozilla/5.0 AppleWebKit/537.36 (KHTML, like Gecko; compatible; bingbot/2.0; +http://www.bing.com/bingbot.htm) Chrome/116.0.1938.76 Safari/537.36"
138.97.187.253 - - [30/Jul/2025:09:37:58 -0400] "POST /cludes/options HTTP/1.1" 200 44 "https://churchmr.com" "Mozilla/5.0 (Windows NT 10.0; Win64; x64) AppleWebKit/537.36 (KHTML, like Gecko) Chrome/63.0.2341.101 Safari/537.36"
177.192.192.94 - - [30/Jul/2025:09:38:00 -0400] "POST /cludes/options HTTP/1.1" 200 44 "https://churchmr.com" "Mozilla/5.0 (Windows NT 6.1) AppleWebKit/537.36 (KHTML, like Gecko) Chrome/64.0.2118.54 Safari/537.36"
190.57.132.30 - - [30/Jul/2025:09:38:18 -0400] "POST /cludes/options HTTP/1.1" 200 44 "https://churchmr.com" "Mozilla/5.0 (Windows NT 10.0; Win64; x64) AppleWebKit/537.36 (KHTML, like Gecko) Chrome/69.0.2634.86 Safari/537.36"
103.255.147.58 - - [30/Jul/2025:09:38:18 -0400] "POST /cludes/options HTTP/1.1" 200 44 "https://churchmr.com" "Mozilla/5.0 (Windows NT 6.3) AppleWebKit/537.36 (KHTML, like Gecko) Chrome/66.0.2188.163 Safari/537.36"
36.79.144.144 - - [30/Jul/2025:09:38:24 -0400] "POST /cludes/options HTTP/1.1" 200 44 "https://churchmr.com" "Mozilla/5.0 (Windows NT 10.0) AppleWebKit/537.36 (KHTML, like Gecko) Chrome/69.0.2975.67 Safari/537.36"
40.77.167.28 - - [30/Jul/2025:09:38:25 -0400] "GET /?d=27712021260&filter=30b959&share_to_url=pin.php%3Fid%3D940422%26name%3Dminox+fernglas+bv+10x42+br HTTP/1.1" 200 22544 "-" "Mozilla/5.0 AppleWebKit/537.36 (KHTML, like Gecko; compatible; bingbot/2.0; +http://www.bing.com/bingbot.htm) Chrome/116.0.1938.76 Safari/537.36"
40.77.167.28 - - [30/Jul/2025:09:38:25 -0400] "GET /?d=108633383260&filter=5bdc14&share_to_url=ideas.php%3Fid%3D3678192%26name%3Dmuddy+defenders+soho+nyc HTTP/1.1" 200 22602 "-" "Mozilla/5.0 AppleWebKit/537.36 (KHTML, like Gecko; compatible; bingbot/2.0; +http://www.bing.com/bingbot.htm) Chrome/116.0.1938.76 Safari/537.36"
40.77.167.75 - - [30/Jul/2025:09:38:26 -0400] "GET /?d=98927277260&filter=3e79ef&share_to_url=goods.php?id=3352427&name=o%20venture%20confetti HTTP/1.1" 200 22978 "-" "Mozilla/5.0 AppleWebKit/537.36 (KHTML, like Gecko; compatible; bingbot/2.0; +http://www.bing.com/bingbot.htm) Chrome/116.0.1938.76 Safari/537.36"
40.77.167.51 - - [30/Jul/2025:09:38:29 -0400] "GET /?d=85980402260&filter=ada5f8&share_to_url=product-page.php%3Fid%3D2912788%26name%3D4moms+rockaroo+with HTTP/1.1" 200 23560 "-" "Mozilla/5.0 AppleWebKit/537.36 (KHTML, like Gecko; compatible; bingbot/2.0; +http://www.bing.com/bingbot.htm) Chrome/116.0.1938.76 Safari/537.36"
40.77.167.23 - - [30/Jul/2025:09:38:30 -0400] "GET /?d=117249846260&filter=400a61&share_to_url=item.php?id=3971029&name=pistone%20polini%20130%20primavera HTTP/1.1" 200 24576 "-" "Mozilla/5.0 AppleWebKit/537.36 (KHTML, like Gecko; compatible; bingbot/2.0; +http://www.bing.com/bingbot.htm) Chrome/116.0.1938.76 Safari/537.36"
181.217.163.126 - - [30/Jul/2025:09:38:32 -0400] "POST /cludes/options HTTP/1.1" 200 44 "https://churchmr.com" "Mozilla/5.0 (Windows NT 10.0; Win64; x64) AppleWebKit/537.36 (KHTML, like Gecko) Chrome/64.0.2497.49 Safari/537.36"
41.184.53.25 - - [30/Jul/2025:09:38:34 -0400] "POST /cludes/options HTTP/1.1" 200 44 "https://churchmr.com" "Mozilla/5.0 (Windows NT 6.1; WOW64) AppleWebKit/537.36 (KHTML, like Gecko) Chrome/63.0.2305.145 Safari/537.36"
201.50.147.45 - - [30/Jul/2025:09:38:45 -0400] "POST /cludes/options HTTP/1.1" 200 44 "https://churchmr.com" "Mozilla/5.0 (Windows NT 10.0; WOW64) AppleWebKit/537.36 (KHTML, like Gecko) Chrome/62.0.3452.47 Safari/537.36"
40.77.167.75 - - [30/Jul/2025:09:38:47 -0400] "GET /?d=99699294260&filter=3c4ce6&share_to_url=pin.php?id=3378990&name=july%2015th%20thurs%20part HTTP/1.1" 200 24593 "-" "Mozilla/5.0 AppleWebKit/537.36 (KHTML, like Gecko; compatible; bingbot/2.0; +http://www.bing.com/bingbot.htm) Chrome/116.0.1938.76 Safari/537.36"
41.249.176.160 - - [30/Jul/2025:09:38:57 -0400] "POST /cludes/options HTTP/1.1" 200 44 "https://churchmr.com" "Opera/9.80 (Windows NT 6.1; WOW64); U) Presto/2.10.289 Version/12.02"
143.44.185.206 - - [30/Jul/2025:09:38:59 -0400] "POST /cludes/options HTTP/1.1" 200 44 "https://churchmr.com" "Mozilla/5.0 (Windows NT 6.1; WOW64) AppleWebKit/537.36 (KHTML, like Gecko) Chrome/62.0.2879.137 Safari/537.36"
41.232.101.131 - - [30/Jul/2025:09:39:08 -0400] "POST /cludes/options HTTP/1.1" 200 44 "https://churchmr.com" "Mozilla/5.0 (Windows NT 10.0; Win64; x64) AppleWebKit/537.36 (KHTML, like Gecko) Chrome/68.0.2855.134 Safari/537.36"
110.235.182.184 - - [30/Jul/2025:09:39:17 -0400] "POST /cludes/options HTTP/1.1" 200 44 "https://churchmr.com" "Mozilla/5.0 (Windows NT 6.3) AppleWebKit/537.36 (KHTML, like Gecko) Chrome/66.0.3403.8 Safari/537.36"
154.241.144.195 - - [30/Jul/2025:09:39:19 -0400] "POST /cludes/options HTTP/1.1" 200 44 "https://churchmr.com" "Mozilla/5.0 (Windows NT 6.1; Win64; x64; rv:51.0) Gecko/20100101 Firefox/51.0"
34.98.143.196 - - [30/Jul/2025:09:39:22 -0400] "HEAD / HTTP/1.1" 302 0 "http://churchmr.com" "Mozilla/5.0 (Windows NT 10.0; Win64; x64) AppleWebKit/537.36 (KHTML, like Gecko) Chrome/112.0.0.0 Safari/537.36 AppEngine-Google; (+http://code.google.com/appengine; appid: s~virustotalcloud)"
34.86.212.119 - - [30/Jul/2025:09:39:22 -0400] "GET / HTTP/1.1" 302 0 "-" "Mozilla/5.0 (Macintosh; Intel Mac OS X 13_3_1) AppleWebKit/537.36 (KHTML, like Gecko) Chrome/112.0.0.0 Safari/537.36"
34.86.212.119 - - [30/Jul/2025:09:39:23 -0400] "GET /loginn.php HTTP/1.1" 302 771 "-" "Mozilla/5.0 (Macintosh; Intel Mac OS X 13_3_1) AppleWebKit/537.36 (KHTML, like Gecko) Chrome/112.0.0.0 Safari/537.36"
34.98.143.197 - - [30/Jul/2025:09:39:23 -0400] "HEAD /loginn.php HTTP/1.1" 302 0 "http://churchmr.com" "Mozilla/5.0 (Windows NT 10.0; Win64; x64) AppleWebKit/537.36 (KHTML, like Gecko) Chrome/112.0.0.0 Safari/537.36 AppEngine-Google; (+http://code.google.com/appengine; appid: s~virustotalcloud)"
34.86.212.119 - - [30/Jul/2025:09:39:23 -0400] "GET /loginn HTTP/1.1" 200 832 "-" "Mozilla/5.0 (Macintosh; Intel Mac OS X 13_3_1) AppleWebKit/537.36 (KHTML, like Gecko) Chrome/112.0.0.0 Safari/537.36"
34.98.143.197 - - [30/Jul/2025:09:39:23 -0400] "HEAD /loginn HTTP/1.1" 200 0 "http://churchmr.com" "Mozilla/5.0 (Windows NT 10.0; Win64; x64) AppleWebKit/537.36 (KHTML, like Gecko) Chrome/112.0.0.0 Safari/537.36 AppEngine-Google; (+http://code.google.com/appengine; appid: s~virustotalcloud)"
34.86.212.119 - - [30/Jul/2025:09:39:23 -0400] "GET /bootstrap/css/bootstrap.min.css HTTP/1.1" 200 18419 "https://churchmr.com/loginn" "Mozilla/5.0 (Macintosh; Intel Mac OS X 13_3_1) AppleWebKit/537.36 (KHTML, like Gecko) Chrome/112.0.0.0 Safari/537.36"
34.86.212.119 - - [30/Jul/2025:09:39:23 -0400] "GET /user/upload/user.jpg HTTP/1.1" 200 9265 "https://churchmr.com/loginn" "Mozilla/5.0 (Macintosh; Intel Mac OS X 13_3_1) AppleWebKit/537.36 (KHTML, like Gecko) Chrome/112.0.0.0 Safari/537.36"
34.86.212.119 - - [30/Jul/2025:09:39:23 -0400] "GET /dist/css/AdminLTE.min.css HTTP/1.1" 200 13899 "https://churchmr.com/loginn" "Mozilla/5.0 (Macintosh; Intel Mac OS X 13_3_1) AppleWebKit/537.36 (KHTML, like Gecko) Chrome/112.0.0.0 Safari/537.36"
34.86.212.119 - - [30/Jul/2025:09:39:23 -0400] "GET /plugins/jQuery/jQuery-2.1.4.min.js HTTP/1.1" 200 30452 "https://churchmr.com/loginn" "Mozilla/5.0 (Macintosh; Intel Mac OS X 13_3_1) AppleWebKit/537.36 (KHTML, like Gecko) Chrome/112.0.0.0 Safari/537.36"
34.86.212.119 - - [30/Jul/2025:09:39:23 -0400] "GET /bootstrap/js/bootstrap.min.js HTTP/1.1" 200 10885 "https://churchmr.com/loginn" "Mozilla/5.0 (Macintosh; Intel Mac OS X 13_3_1) AppleWebKit/537.36 (KHTML, like Gecko) Chrome/112.0.0.0 Safari/537.36"
34.98.143.195 - - [30/Jul/2025:09:39:23 -0400] "GET /loginn HTTP/1.1" 200 832 "http://churchmr.com" "Mozilla/5.0 (Windows NT 10.0; Win64; x64) AppleWebKit/537.36 (KHTML, like Gecko) Chrome/112.0.0.0 Safari/537.36 AppEngine-Google; (+http://code.google.com/appengine; appid: s~virustotalcloud)"
34.86.212.119 - - [30/Jul/2025:09:39:24 -0400] "GET /bootstrap/fonts/glyphicons-halflings-regular.woff2 HTTP/1.1" 200 18028 "https://churchmr.com/bootstrap/css/bootstrap.min.css" "Mozilla/5.0 (Macintosh; Intel Mac OS X 13_3_1) AppleWebKit/537.36 (KHTML, like Gecko) Chrome/112.0.0.0 Safari/537.36"
34.86.212.119 - - [30/Jul/2025:09:39:24 -0400] "GET /favicon.ico HTTP/1.1" 404 1251 "https://churchmr.com/loginn" "Mozilla/5.0 (Macintosh; Intel Mac OS X 13_3_1) AppleWebKit/537.36 (KHTML, like Gecko) Chrome/112.0.0.0 Safari/537.36"
54.173.220.90 - - [30/Jul/2025:09:39:23 -0400] "GET / HTTP/1.1" 302 0 "-" "Mozilla/5.0 (Windows NT 10.0; Win64; x64) AppleWebKit/537.36 (KHTML, like Gecko) Chrome/114.0.0.0 Safari/537.36 Edg/114.0.1823.51"
54.173.220.90 - - [30/Jul/2025:09:39:24 -0400] "GET /loginn.php HTTP/1.1" 302 771 "-" "Mozilla/5.0 (Windows NT 10.0; Win64; x64) AppleWebKit/537.36 (KHTML, like Gecko) Chrome/114.0.0.0 Safari/537.36 Edg/114.0.1823.51"
18.117.127.233 - - [30/Jul/2025:09:39:23 -0400] "GET / HTTP/1.1" 302 0 "-" "Mozilla/5.0 (Windows NT 10.0; Win64; x64) AppleWebKit/537.36 (KHTML, like Gecko) Chrome/114.0.0.0 Safari/537.36 Edg/114.0.1823.51"
54.173.220.90 - - [30/Jul/2025:09:39:24 -0400] "GET /loginn HTTP/1.1" 200 970 "-" "Mozilla/5.0 (Windows NT 10.0; Win64; x64) AppleWebKit/537.36 (KHTML, like Gecko) Chrome/114.0.0.0 Safari/537.36 Edg/114.0.1823.51"
18.117.127.233 - - [30/Jul/2025:09:39:24 -0400] "GET /loginn.php HTTP/1.1" 302 771 "-" "Mozilla/5.0 (Windows NT 10.0; Win64; x64) AppleWebKit/537.36 (KHTML, like Gecko) Chrome/114.0.0.0 Safari/537.36 Edg/114.0.1823.51"
18.117.127.233 - - [30/Jul/2025:09:39:24 -0400] "GET /loginn HTTP/1.1" 200 970 "-" "Mozilla/5.0 (Windows NT 10.0; Win64; x64) AppleWebKit/537.36 (KHTML, like Gecko) Chrome/114.0.0.0 Safari/537.36 Edg/114.0.1823.51"
3.19.229.49 - - [30/Jul/2025:09:39:23 -0400] "GET / HTTP/1.1" 302 0 "-" "Mozilla/5.0 (Windows NT 10.0; Win64; x64) AppleWebKit/537.36 (KHTML, like Gecko) Chrome/114.0.0.0 Safari/537.36 Edg/114.0.1823.51"
3.19.229.49 - - [30/Jul/2025:09:39:24 -0400] "GET /loginn.php HTTP/1.1" 302 771 "-" "Mozilla/5.0 (Windows NT 10.0; Win64; x64) AppleWebKit/537.36 (KHTML, like Gecko) Chrome/114.0.0.0 Safari/537.36 Edg/114.0.1823.51"
3.19.229.49 - - [30/Jul/2025:09:39:24 -0400] "GET /loginn HTTP/1.1" 200 970 "-" "Mozilla/5.0 (Windows NT 10.0; Win64; x64) AppleWebKit/537.36 (KHTML, like Gecko) Chrome/114.0.0.0 Safari/537.36 Edg/114.0.1823.51"
40.77.167.28 - - [30/Jul/2025:09:39:24 -0400] "GET /?d=41007245260&filter=a199d5&share_to_url=pin.php%3Fid%3D1392390%26name%3Dshoulder+bag+marc HTTP/1.1" 200 23054 "-" "Mozilla/5.0 AppleWebKit/537.36 (KHTML, like Gecko; compatible; bingbot/2.0; +http://www.bing.com/bingbot.htm) Chrome/116.0.1938.76 Safari/537.36"
40.77.167.28 - - [30/Jul/2025:09:39:25 -0400] "GET /?d=99271739260&filter=90aab7&share_to_url=item.php%3Fid%3D3364441%26name%3Disara+2025+wrap+conversion HTTP/1.1" 200 22607 "-" "Mozilla/5.0 AppleWebKit/537.36 (KHTML, like Gecko; compatible; bingbot/2.0; +http://www.bing.com/bingbot.htm) Chrome/116.0.1938.76 Safari/537.36"
154.241.144.195 - - [30/Jul/2025:09:39:26 -0400] "POST /cludes/options HTTP/1.1" 200 44 "https://churchmr.com" "Mozilla/5.0 (Windows NT 6.3; Win64; x64) AppleWebKit/537.36 (KHTML, like Gecko) Chrome/69.0.2791.31 Safari/537.36"
40.77.167.28 - - [30/Jul/2025:09:39:26 -0400] "GET /?d=95277168260&filter=1b6d6c&share_to_url=ideas.php%3Fid%3D3227712%26name%3Dhermes+bouncing+casual HTTP/1.1" 200 23306 "-" "Mozilla/5.0 AppleWebKit/537.36 (KHTML, like Gecko; compatible; bingbot/2.0; +http://www.bing.com/bingbot.htm) Chrome/116.0.1938.76 Safari/537.36"
40.77.167.28 - - [30/Jul/2025:09:39:27 -0400] "GET /?d=87729862260&filter=5fc7a9&share_to_url=shop.php%3Fid%3D2972995%26name%3Dmanfrotto+210b HTTP/1.1" 200 23024 "-" "Mozilla/5.0 AppleWebKit/537.36 (KHTML, like Gecko; compatible; bingbot/2.0; +http://www.bing.com/bingbot.htm) Chrome/116.0.1938.76 Safari/537.36"
40.77.167.51 - - [30/Jul/2025:09:39:29 -0400] "GET /?d=77881633260&filter=cdc800&share_to_url=product-page.php%3Fid%3D2638492%26name%3Dpurdue+boilermakers+champioin+grey+banded HTTP/1.1" 200 24239 "-" "Mozilla/5.0 AppleWebKit/537.36 (KHTML, like Gecko; compatible; bingbot/2.0; +http://www.bing.com/bingbot.htm) Chrome/116.0.1938.76 Safari/537.36"
40.77.167.51 - - [30/Jul/2025:09:39:29 -0400] "GET /?d=35688985260&filter=6f993e&share_to_url=product-page.php%3Fid%3D1212376%26name%3Dloess+hills+enduro HTTP/1.1" 200 24246 "-" "Mozilla/5.0 AppleWebKit/537.36 (KHTML, like Gecko; compatible; bingbot/2.0; +http://www.bing.com/bingbot.htm) Chrome/116.0.1938.76 Safari/537.36"
40.77.167.51 - - [30/Jul/2025:09:39:30 -0400] "GET /?d=105269237260&filter=ab67d8&share_to_url=shopdetail.php%3Fid%3D3566384%26name%3Dbuy+stretch+waterproof+chair HTTP/1.1" 200 24056 "-" "Mozilla/5.0 AppleWebKit/537.36 (KHTML, like Gecko; compatible; bingbot/2.0; +http://www.bing.com/bingbot.htm) Chrome/116.0.1938.76 Safari/537.36"
40.77.167.51 - - [30/Jul/2025:09:39:31 -0400] "GET /?d=25595792260&filter=2aa707&share_to_url=discover.php%3Fid%3D867557%26name%3Dready+box+atom+15 HTTP/1.1" 200 24028 "-" "Mozilla/5.0 AppleWebKit/537.36 (KHTML, like Gecko; compatible; bingbot/2.0; +http://www.bing.com/bingbot.htm) Chrome/116.0.1938.76 Safari/537.36"
34.98.143.196 - - [30/Jul/2025:09:39:32 -0400] "HEAD / HTTP/1.1" 200 0 "http://churchmr.com" "Mozilla/5.0 (Android 13; Mobile; rv:109.0) Gecko/112.0 Firefox/112.0 AppEngine-Google; (+http://code.google.com/appengine; appid: s~virustotalcloud)"
201.7.165.27 - - [30/Jul/2025:09:39:32 -0400] "POST /cludes/options HTTP/1.1" 200 44 "https://churchmr.com" "Mozilla/5.0 (Windows NT 6.1; Win64; x64) AppleWebKit/537.36 (KHTML, like Gecko) Chrome/63.0.3118.102 Safari/537.36"
34.98.143.195 - - [30/Jul/2025:09:39:33 -0400] "GET / HTTP/1.1" 200 23995 "http://churchmr.com" "Mozilla/5.0 (Android 13; Mobile; rv:109.0) Gecko/112.0 Firefox/112.0 AppEngine-Google; (+http://code.google.com/appengine; appid: s~virustotalcloud)"
40.77.167.23 - - [30/Jul/2025:09:39:34 -0400] "GET /?d=43613754260&filter=953c46&share_to_url=discover.php%3Fid%3D1479953%26name%3Dschematic+boardview HTTP/1.1" 200 24233 "-" "Mozilla/5.0 AppleWebKit/537.36 (KHTML, like Gecko; compatible; bingbot/2.0; +http://www.bing.com/bingbot.htm) Chrome/116.0.1938.76 Safari/537.36"
40.77.167.23 - - [30/Jul/2025:09:39:34 -0400] "GET /?d=22170094260&filter=677cca&share_to_url=model.php%3Fid%3D751755%26name%3Deverest+unisex+36+inch HTTP/1.1" 200 23566 "-" "Mozilla/5.0 AppleWebKit/537.36 (KHTML, like Gecko; compatible; bingbot/2.0; +http://www.bing.com/bingbot.htm) Chrome/116.0.1938.76 Safari/537.36"
40.77.167.62 - - [30/Jul/2025:09:39:35 -0400] "GET /?d=96353530260&filter=b3b2d4&share_to_url=article.php?id=3264494&name=triciclo%20de%20on%20sale%20minnie HTTP/1.1" 200 23740 "-" "Mozilla/5.0 AppleWebKit/537.36 (KHTML, like Gecko; compatible; bingbot/2.0; +http://www.bing.com/bingbot.htm) Chrome/116.0.1938.76 Safari/537.36"
98.97.163.147 - - [30/Jul/2025:09:39:36 -0400] "POST /cludes/options HTTP/1.1" 200 44 "https://churchmr.com" "Mozilla/5.0 (Windows NT 6.1; WOW64; rv:51.0) Gecko/20100101 Firefox/51.0"
40.77.167.51 - - [30/Jul/2025:09:39:38 -0400] "GET /?d=62596356260&filter=ada5f8&share_to_url=model.php%3Fid%3D2122443%26name%3Dseat+with+pillows HTTP/1.1" 200 24262 "-" "Mozilla/5.0 AppleWebKit/537.36 (KHTML, like Gecko; compatible; bingbot/2.0; +http://www.bing.com/bingbot.htm) Chrome/116.0.1938.76 Safari/537.36"
81.10.33.17 - - [30/Jul/2025:09:39:39 -0400] "POST /cludes/options HTTP/1.1" 200 44 "https://churchmr.com" "Mozilla/5.0 (Windows NT 10.0; WOW64) AppleWebKit/537.36 (KHTML, like Gecko) Chrome/66.0.2515.130 Safari/537.36"
40.77.167.75 - - [30/Jul/2025:09:39:39 -0400] "GET /?d=113334526260&filter=be1eff&share_to_url=article.php?id=3838634&name=lola%20bag%20black HTTP/1.1" 200 23300 "-" "Mozilla/5.0 AppleWebKit/537.36 (KHTML, like Gecko; compatible; bingbot/2.0; +http://www.bing.com/bingbot.htm) Chrome/116.0.1938.76 Safari/537.36"
40.77.167.62 - - [30/Jul/2025:09:39:44 -0400] "GET /?d=117878188260&filter=16dc78&share_to_url=article.php?id=3992234&name=harmonize%20fall%20in HTTP/1.1" 200 23827 "-" "Mozilla/5.0 AppleWebKit/537.36 (KHTML, like Gecko; compatible; bingbot/2.0; +http://www.bing.com/bingbot.htm) Chrome/116.0.1938.76 Safari/537.36"
40.77.167.51 - - [30/Jul/2025:09:39:46 -0400] "GET /?d=83471711260&filter=f52d8d&share_to_url=pin.php%3Fid%3D2827638%26name%3Dc%C3%B3mo+conectar+mi+m%C3%B3vil HTTP/1.1" 200 23005 "-" "Mozilla/5.0 AppleWebKit/537.36 (KHTML, like Gecko; compatible; bingbot/2.0; +http://www.bing.com/bingbot.htm) Chrome/116.0.1938.76 Safari/537.36"
40.77.167.51 - - [30/Jul/2025:09:39:47 -0400] "GET /?d=113225681260&filter=a8fffa&share_to_url=product.php%3Fid%3D3834658%26name%3Dceinture+aldo+noir+agn%C3%A8s HTTP/1.1" 200 22835 "-" "Mozilla/5.0 AppleWebKit/537.36 (KHTML, like Gecko; compatible; bingbot/2.0; +http://www.bing.com/bingbot.htm) Chrome/116.0.1938.76 Safari/537.36"
189.161.174.130 - - [30/Jul/2025:09:39:47 -0400] "POST /cludes/options HTTP/1.1" 200 44 "https://churchmr.com" "Mozilla/5.0 (Windows NT 6.1) AppleWebKit/537.36 (KHTML, like Gecko) Chrome/66.0.2913.80 Safari/537.36"
40.77.167.51 - - [30/Jul/2025:09:39:47 -0400] "GET /?d=105071603260&filter=b0f8bb&share_to_url=pin.php%3Fid%3D3559734%26name%3Ddragon+scale+cuff+bracelet HTTP/1.1" 200 23724 "-" "Mozilla/5.0 AppleWebKit/537.36 (KHTML, like Gecko; compatible; bingbot/2.0; +http://www.bing.com/bingbot.htm) Chrome/116.0.1938.76 Safari/537.36"
40.77.167.23 - - [30/Jul/2025:09:39:50 -0400] "GET /?d=109950841260&filter=63784b&share_to_url=product-page.php?id=3721312&name=tefal%20tg8008%20family%20grill HTTP/1.1" 200 22118 "-" "Mozilla/5.0 AppleWebKit/537.36 (KHTML, like Gecko; compatible; bingbot/2.0; +http://www.bing.com/bingbot.htm) Chrome/116.0.1938.76 Safari/537.36"
39.45.58.221 - - [30/Jul/2025:09:39:55 -0400] "POST /cludes/options HTTP/1.1" 200 44 "https://churchmr.com" "Mozilla/5.0 (Windows NT 10.0; Win64; x64) AppleWebKit/537.36 (KHTML, like Gecko) Chrome/65.0.2399.112 Safari/537.36"
40.77.167.62 - - [30/Jul/2025:09:39:56 -0400] "GET /?d=102297203260&filter=28d59e&share_to_url=discover.php%3Fid%3D3467705%26name%3Dshop+by+look+beach HTTP/1.1" 200 23374 "-" "Mozilla/5.0 AppleWebKit/537.36 (KHTML, like Gecko; compatible; bingbot/2.0; +http://www.bing.com/bingbot.htm) Chrome/116.0.1938.76 Safari/537.36"
110.235.233.218 - - [30/Jul/2025:09:40:05 -0400] "POST /cludes/options HTTP/1.1" 200 44 "https://churchmr.com" "Opera/9.80 (Android; Opera Mini/7.5.54678/28.2555; U; ru) Presto/2.10.289 Version/12.02"
40.77.167.51 - - [30/Jul/2025:09:40:06 -0400] "GET /?d=114424903260&filter=aa04d1&share_to_url=model.php%3Fid%3D3874611%26name%3Dhow+to+buy+crypto HTTP/1.1" 200 23849 "-" "Mozilla/5.0 AppleWebKit/537.36 (KHTML, like Gecko; compatible; bingbot/2.0; +http://www.bing.com/bingbot.htm) Chrome/116.0.1938.76 Safari/537.36"
40.77.167.51 - - [30/Jul/2025:09:40:07 -0400] "GET /?d=109338006260&filter=8aa5a3&share_to_url=ideas.php%3Fid%3D3701292%26name%3Dnever+tell+me HTTP/1.1" 200 23038 "-" "Mozilla/5.0 AppleWebKit/537.36 (KHTML, like Gecko; compatible; bingbot/2.0; +http://www.bing.com/bingbot.htm) Chrome/116.0.1938.76 Safari/537.36"
103.211.12.206 - - [30/Jul/2025:09:40:08 -0400] "POST /cludes/options HTTP/1.1" 200 44 "https://churchmr.com" "Mozilla/5.0 (Windows NT 10.0; WOW64; rv:58.0) Gecko/20100101 Firefox/58.0"
49.151.188.153 - - [30/Jul/2025:09:40:09 -0400] "POST /cludes/options HTTP/1.1" 200 44 "https://churchmr.com" "Mozilla/5.0 (Windows NT 6.3; WOW64; rv:46.0) Gecko/20100101 Firefox/46.0"
94.205.145.13 - - [30/Jul/2025:09:40:10 -0400] "POST /cludes/options HTTP/1.1" 200 44 "https://churchmr.com" "Mozilla/5.0 (Windows NT 6.1) AppleWebKit/537.36 (KHTML, like Gecko) Chrome/64.0.2376.107 Safari/537.36"
40.77.167.23 - - [30/Jul/2025:09:40:10 -0400] "GET /?d=73666122260&filter=cdc800&share_to_url=shopdetail.php%3Fid%3D2497184%26name%3Ddisney+womens+alice HTTP/1.1" 200 23503 "-" "Mozilla/5.0 AppleWebKit/537.36 (KHTML, like Gecko; compatible; bingbot/2.0; +http://www.bing.com/bingbot.htm) Chrome/116.0.1938.76 Safari/537.36"
40.77.167.23 - - [30/Jul/2025:09:40:11 -0400] "GET /?d=97462616260&filter=2de970&share_to_url=detail.php%3Fid%3D3302793%26name%3Dwhat+i+wished+minecraft HTTP/1.1" 200 22947 "-" "Mozilla/5.0 AppleWebKit/537.36 (KHTML, like Gecko; compatible; bingbot/2.0; +http://www.bing.com/bingbot.htm) Chrome/116.0.1938.76 Safari/537.36"
40.77.167.62 - - [30/Jul/2025:09:40:15 -0400] "GET /loginn?d=92396958260&filter=71e57e&share_to_url=item.php%3Fid%3D3130093%26name%3Dchinese+handhelds+are+a+nightmare HTTP/1.1" 200 832 "-" "Mozilla/5.0 AppleWebKit/537.36 (KHTML, like Gecko; compatible; bingbot/2.0; +http://www.bing.com/bingbot.htm) Chrome/116.0.1938.76 Safari/537.36"
103.137.24.141 - - [30/Jul/2025:09:40:16 -0400] "POST /cludes/options HTTP/1.1" 200 44 "https://churchmr.com" "Mozilla/5.0 (Windows NT 6.2; rv:46.0) Gecko/20100101 Firefox/46.0"
40.77.167.28 - - [30/Jul/2025:09:40:16 -0400] "GET /?d=32756425260&filter=14708a&share_to_url=detail.php%3Fid%3D1113861%26name%3Dgiant+stp2+2025 HTTP/1.1" 200 23510 "-" "Mozilla/5.0 AppleWebKit/537.36 (KHTML, like Gecko; compatible; bingbot/2.0; +http://www.bing.com/bingbot.htm) Chrome/116.0.1938.76 Safari/537.36"
125.164.21.104 - - [30/Jul/2025:09:40:18 -0400] "POST /cludes/options HTTP/1.1" 200 44 "https://churchmr.com" "Opera/9.80 (Windows NT 6.3; WOW64); U) Presto/2.12.388 Version/12.14"
92.142.29.145 - - [30/Jul/2025:09:40:18 -0400] "POST /cludes/options HTTP/1.1" 200 44 "https://churchmr.com" "Mozilla/5.0 (Windows NT 6.3) AppleWebKit/537.36 (KHTML, like Gecko) Chrome/69.0.2833.166 Safari/537.36"
40.77.167.51 - - [30/Jul/2025:09:40:27 -0400] "GET /?d=85976513260&filter=ada5f8&share_to_url=item.php%3Fid%3D2912665%26name%3Dhip+abduction+cushion+rolyan HTTP/1.1" 200 23953 "-" "Mozilla/5.0 AppleWebKit/537.36 (KHTML, like Gecko; compatible; bingbot/2.0; +http://www.bing.com/bingbot.htm) Chrome/116.0.1938.76 Safari/537.36"
197.54.147.129 - - [30/Jul/2025:09:40:29 -0400] "POST /cludes/options HTTP/1.1" 200 44 "https://churchmr.com" "Mozilla/5.0 (Windows NT 10.0; Win64; x64) AppleWebKit/537.36 (KHTML, like Gecko) Chrome/69.0.2254.90 Safari/537.36"
105.161.161.164 - - [30/Jul/2025:09:40:32 -0400] "POST /cludes/options HTTP/1.1" 200 44 "https://churchmr.com" "Mozilla/5.0 (Windows NT 10.0; WOW64) AppleWebKit/537.36 (KHTML, like Gecko) Chrome/65.0.2131.123 Safari/537.36"
152.58.24.168 - - [30/Jul/2025:09:40:44 -0400] "POST /cludes/options HTTP/1.1" 200 44 "https://churchmr.com" "Mozilla/5.0 (Windows NT 6.1; WOW64; rv:51.0) Gecko/20100101 Firefox/51.0"
189.203.106.68 - - [30/Jul/2025:09:40:45 -0400] "POST /cludes/options HTTP/1.1" 200 44 "https://churchmr.com" "Mozilla/5.0 (Windows NT 6.1) AppleWebKit/537.36 (KHTML, like Gecko) Chrome/66.0.2256.76 Safari/537.36"
40.77.167.23 - - [30/Jul/2025:09:40:50 -0400] "GET /?d=109464782260&filter=45d858&share_to_url=discover.php?id=3705185&name=rx%20580%20vs%20gtx%201050 HTTP/1.1" 200 22186 "-" "Mozilla/5.0 AppleWebKit/537.36 (KHTML, like Gecko; compatible; bingbot/2.0; +http://www.bing.com/bingbot.htm) Chrome/116.0.1938.76 Safari/537.36"
