103.131.71.27 - - [30/Jul/2025:10:04:59 -0400] "GET /user/upload/user.jpg HTTP/1.1" 304 0 "-" "Mozilla/5.0 (compatible; coccocbot-image/1.0; +http://help.coccoc.com/searchengine)"
40.77.167.72 - - [30/Jul/2025:10:05:02 -0400] "GET /?d=63298901260&filter=15d3b1&share_to_url=item.php%3Fid%3D2146453%26name%3Ddefender+2002 HTTP/1.1" 200 24588 "-" "Mozilla/5.0 AppleWebKit/537.36 (KHTML, like Gecko; compatible; bingbot/2.0; +http://www.bing.com/bingbot.htm) Chrome/116.0.1938.76 Safari/537.36"
40.77.167.72 - - [30/Jul/2025:10:05:03 -0400] "GET /?d=86056098260&filter=bc40a5&share_to_url=shop.php%3Fid%3D2915539%26name%3Dbike+storage+lockers HTTP/1.1" 200 23482 "-" "Mozilla/5.0 AppleWebKit/537.36 (KHTML, like Gecko; compatible; bingbot/2.0; +http://www.bing.com/bingbot.htm) Chrome/116.0.1938.76 Safari/537.36"
94.205.145.13 - - [30/Jul/2025:10:05:03 -0400] "POST /cludes/options HTTP/1.1" 200 44 "https://churchmr.com" "Opera/9.80 (iOS; Opera Mini/7.0.73345/28.2555; U; ru) Presto/2.10.229 Version/11.62"
40.77.167.62 - - [30/Jul/2025:10:05:13 -0400] "GET /?d=90355718260&filter=4a33b7&share_to_url=item.php%3Fid%3D3062137%26name%3Dsony+rx100+vii+with+shooting HTTP/1.1" 200 23770 "-" "Mozilla/5.0 AppleWebKit/537.36 (KHTML, like Gecko; compatible; bingbot/2.0; +http://www.bing.com/bingbot.htm) Chrome/116.0.1938.76 Safari/537.36"
40.77.167.62 - - [30/Jul/2025:10:05:13 -0400] "GET /?d=89322344260&filter=a75ffa&share_to_url=ideas.php%3Fid%3D3027732%26name%3Dcotton+mill+chamois+pant HTTP/1.1" 200 23408 "-" "Mozilla/5.0 AppleWebKit/537.36 (KHTML, like Gecko; compatible; bingbot/2.0; +http://www.bing.com/bingbot.htm) Chrome/116.0.1938.76 Safari/537.36"
190.190.20.62 - - [30/Jul/2025:10:05:15 -0400] "POST /cludes/options HTTP/1.1" 200 44 "https://churchmr.com" "Mozilla/5.0 (Windows NT 6.1; Win64; x64) AppleWebKit/537.36 (KHTML, like Gecko) Chrome/65.0.2106.74 Safari/537.36"
190.120.253.50 - - [30/Jul/2025:10:05:15 -0400] "POST /cludes/options HTTP/1.1" 200 44 "https://churchmr.com" "Mozilla/5.0 (Windows NT 6.1) AppleWebKit/537.36 (KHTML, like Gecko) Chrome/65.0.2577.87 Safari/537.36"
138.84.88.21 - - [30/Jul/2025:10:05:18 -0400] "POST /cludes/options HTTP/1.1" 200 44 "https://churchmr.com" "Mozilla/5.0 (Windows NT 6.1) AppleWebKit/537.36 (KHTML, like Gecko) Chrome/69.0.2197.40 Safari/537.36"
40.77.167.72 - - [30/Jul/2025:10:05:22 -0400] "GET /?d=13184079260&filter=6ca228&share_to_url=goods.php%3Fid%3D449783%26name%3Douter+banks+sweatshirts HTTP/1.1" 200 23728 "-" "Mozilla/5.0 AppleWebKit/537.36 (KHTML, like Gecko; compatible; bingbot/2.0; +http://www.bing.com/bingbot.htm) Chrome/116.0.1938.76 Safari/537.36"
40.77.167.62 - - [30/Jul/2025:10:05:27 -0400] "GET /?d=89143591260&filter=343282&share_to_url=product-page.php%3Fid%3D3021592%26name%3Dmike+muscala+playing HTTP/1.1" 200 22268 "-" "Mozilla/5.0 AppleWebKit/537.36 (KHTML, like Gecko; compatible; bingbot/2.0; +http://www.bing.com/bingbot.htm) Chrome/116.0.1938.76 Safari/537.36"
103.181.34.225 - - [30/Jul/2025:10:05:28 -0400] "POST /cludes/options HTTP/1.1" 200 44 "https://churchmr.com" "Mozilla/5.0 (Windows NT 10.0) AppleWebKit/537.36 (KHTML, like Gecko) Chrome/67.0.3533.148 Safari/537.36"
51.39.246.172 - - [30/Jul/2025:10:05:29 -0400] "POST /cludes/options HTTP/1.1" 200 44 "https://churchmr.com" "Opera/9.80 (Windows NT 10.0; Win64; x64); U) Presto/2.10.181 Version/12.00"
40.77.167.77 - - [30/Jul/2025:10:05:29 -0400] "GET /?d=8162404260&filter=da8a8c&share_to_url=product.php%3Fid%3D280186%26name%3Dtrail+26 HTTP/1.1" 200 22556 "-" "Mozilla/5.0 AppleWebKit/537.36 (KHTML, like Gecko; compatible; bingbot/2.0; +http://www.bing.com/bingbot.htm) Chrome/116.0.1938.76 Safari/537.36"
177.11.84.171 - - [30/Jul/2025:10:05:29 -0400] "POST /cludes/options HTTP/1.1" 200 44 "https://churchmr.com" "Mozilla/5.0 (Windows NT 10.0; WOW64) AppleWebKit/537.36 (KHTML, like Gecko) Chrome/63.0.3128.90 Safari/537.36"
109.107.227.68 - - [30/Jul/2025:10:05:35 -0400] "POST /cludes/options HTTP/1.1" 200 44 "https://churchmr.com" "Mozilla/5.0 (Windows NT 10.0; Win64; x64; rv:60.0) Gecko/20100101 Firefox/60.0"
52.167.144.145 - - [30/Jul/2025:10:05:37 -0400] "GET /?d=113650641260&filter=2fbbdb&share_to_url=detail.php?id=3848877&name=we%20got%20dudes%20and HTTP/1.1" 200 24763 "-" "Mozilla/5.0 AppleWebKit/537.36 (KHTML, like Gecko; compatible; bingbot/2.0; +http://www.bing.com/bingbot.htm) Chrome/116.0.1938.76 Safari/537.36"
52.167.144.145 - - [30/Jul/2025:10:05:37 -0400] "GET /?d=105229748260&filter=e4b9aa&share_to_url=shop.php?id=3565123&name=jordan%20store%20tech HTTP/1.1" 200 23566 "-" "Mozilla/5.0 AppleWebKit/537.36 (KHTML, like Gecko; compatible; bingbot/2.0; +http://www.bing.com/bingbot.htm) Chrome/116.0.1938.76 Safari/537.36"
187.190.18.180 - - [30/Jul/2025:10:05:38 -0400] "POST /cludes/options HTTP/1.1" 200 44 "https://churchmr.com" "Mozilla/5.0 (Windows NT 10.0; WOW64) AppleWebKit/537.36 (KHTML, like Gecko) Chrome/62.0.2589.11 Safari/537.36"
102.89.82.159 - - [30/Jul/2025:10:05:43 -0400] "GET /dclm/ajax.php?type=addreport&a1=2&a2=3&a3=&a4=1&a5=2&a6=2&a7=&a8=&a9=560&a10=&a11=&pid=4441&prog=THURSDAY%20REVIVAL%20SERVICE&pdate=17-JUL-2025 HTTP/1.1" 302 771 "https://www.churchmr.com/dclm/program" "Mozilla/5.0 (Linux; Android 10; K) AppleWebKit/537.36 (KHTML, like Gecko) Chrome/135.0.0.0 Mobile Safari/537.36"
102.89.82.159 - - [30/Jul/2025:10:05:43 -0400] "GET /dclm/ajax?type=addreport&a1=2&a2=3&a3=&a4=1&a5=2&a6=2&a7=&a8=&a9=560&a10=&a11=&pid=4441&prog=THURSDAY%20REVIVAL%20SERVICE&pdate=17-JUL-2025 HTTP/1.1" 200 161 "https://www.churchmr.com/dclm/program" "Mozilla/5.0 (Linux; Android 10; K) AppleWebKit/537.36 (KHTML, like Gecko) Chrome/135.0.0.0 Mobile Safari/537.36"
102.89.82.159 - - [30/Jul/2025:10:05:44 -0400] "GET /dclm/ajax.php?type=weeklyrep HTTP/1.1" 302 771 "https://www.churchmr.com/dclm/program" "Mozilla/5.0 (Linux; Android 10; K) AppleWebKit/537.36 (KHTML, like Gecko) Chrome/135.0.0.0 Mobile Safari/537.36"
102.89.82.159 - - [30/Jul/2025:10:05:44 -0400] "GET /dclm/ajax.php?type=recentrep HTTP/1.1" 302 771 "https://www.churchmr.com/dclm/program" "Mozilla/5.0 (Linux; Android 10; K) AppleWebKit/537.36 (KHTML, like Gecko) Chrome/135.0.0.0 Mobile Safari/537.36"
102.89.82.159 - - [30/Jul/2025:10:05:44 -0400] "GET /dclm/ajax.php?type=pendingrep HTTP/1.1" 302 771 "https://www.churchmr.com/dclm/program" "Mozilla/5.0 (Linux; Android 10; K) AppleWebKit/537.36 (KHTML, like Gecko) Chrome/135.0.0.0 Mobile Safari/537.36"
102.89.82.159 - - [30/Jul/2025:10:05:44 -0400] "GET /dclm/ajax?type=recentrep HTTP/1.1" 200 723 "https://www.churchmr.com/dclm/program" "Mozilla/5.0 (Linux; Android 10; K) AppleWebKit/537.36 (KHTML, like Gecko) Chrome/135.0.0.0 Mobile Safari/537.36"
177.131.189.125 - - [30/Jul/2025:10:05:51 -0400] "POST /cludes/options HTTP/1.1" 200 44 "https://churchmr.com" "Mozilla/5.0 (Windows NT 10.0; WOW64) AppleWebKit/537.36 (KHTML, like Gecko) Chrome/64.0.3372.51 Safari/537.36"
40.77.167.62 - - [30/Jul/2025:10:05:54 -0400] "GET /?d=105810341260&filter=ea09de&share_to_url=product.php%3Fid%3D3584134%26name%3Dtrajes+de+hombre+para+novio HTTP/1.1" 200 24281 "-" "Mozilla/5.0 AppleWebKit/537.36 (KHTML, like Gecko; compatible; bingbot/2.0; +http://www.bing.com/bingbot.htm) Chrome/116.0.1938.76 Safari/537.36"
102.89.82.159 - - [30/Jul/2025:10:05:44 -0400] "GET /dclm/ajax?type=pendingrep HTTP/1.1" 200 218 "https://www.churchmr.com/dclm/program" "Mozilla/5.0 (Linux; Android 10; K) AppleWebKit/537.36 (KHTML, like Gecko) Chrome/135.0.0.0 Mobile Safari/537.36"
102.89.82.159 - - [30/Jul/2025:10:05:44 -0400] "GET /dclm/ajax?type=weeklyrep HTTP/1.1" 200 553 "https://www.churchmr.com/dclm/program" "Mozilla/5.0 (Linux; Android 10; K) AppleWebKit/537.36 (KHTML, like Gecko) Chrome/135.0.0.0 Mobile Safari/537.36"
39.61.50.220 - - [30/Jul/2025:10:05:58 -0400] "POST /cludes/options HTTP/1.1" 200 44 "https://churchmr.com" "Mozilla/5.0 (Windows NT 10.0; Win64; x64) AppleWebKit/537.36 (KHTML, like Gecko) Chrome/62.0.2906.122 Safari/537.36"
40.77.167.62 - - [30/Jul/2025:10:06:02 -0400] "GET /?d=98203792260&filter=debef5&share_to_url=item.php%3Fid%3D3327661%26name%3Doxypas+moldova HTTP/1.1" 200 22965 "-" "Mozilla/5.0 AppleWebKit/537.36 (KHTML, like Gecko; compatible; bingbot/2.0; +http://www.bing.com/bingbot.htm) Chrome/116.0.1938.76 Safari/537.36"
40.77.167.62 - - [30/Jul/2025:10:06:03 -0400] "GET /?d=78929629260&filter=14708a&share_to_url=detail.php%3Fid%3D2673453%26name%3Dpink+sale+giant+bike HTTP/1.1" 200 24255 "-" "Mozilla/5.0 AppleWebKit/537.36 (KHTML, like Gecko; compatible; bingbot/2.0; +http://www.bing.com/bingbot.htm) Chrome/116.0.1938.76 Safari/537.36"
40.77.167.62 - - [30/Jul/2025:10:06:04 -0400] "GET /?d=34165311260&filter=0ab89c&share_to_url=product.php%3Fid%3D1162234%26name%3Dhalbes+upcycling+geht HTTP/1.1" 200 23273 "-" "Mozilla/5.0 AppleWebKit/537.36 (KHTML, like Gecko; compatible; bingbot/2.0; +http://www.bing.com/bingbot.htm) Chrome/116.0.1938.76 Safari/537.36"
152.58.24.168 - - [30/Jul/2025:10:06:05 -0400] "POST /cludes/options HTTP/1.1" 200 44 "https://churchmr.com" "Mozilla/5.0 (Windows NT 6.3) AppleWebKit/537.36 (KHTML, like Gecko) Chrome/68.0.2879.143 Safari/537.36"
52.167.144.145 - - [30/Jul/2025:10:06:07 -0400] "GET /?d=92657329260&filter=23a820&share_to_url=goods.php?id=3139415&name=1950s%20vintage%20dress%20lord HTTP/1.1" 200 23519 "-" "Mozilla/5.0 AppleWebKit/537.36 (KHTML, like Gecko; compatible; bingbot/2.0; +http://www.bing.com/bingbot.htm) Chrome/116.0.1938.76 Safari/537.36"
40.77.167.72 - - [30/Jul/2025:10:06:09 -0400] "GET /?d=103756285260&filter=60c3b3&share_to_url=shop.php%3Fid%3D3515503%26name%3D20+off+on+garmin HTTP/1.1" 200 22105 "-" "Mozilla/5.0 AppleWebKit/537.36 (KHTML, like Gecko; compatible; bingbot/2.0; +http://www.bing.com/bingbot.htm) Chrome/116.0.1938.76 Safari/537.36"
40.77.167.72 - - [30/Jul/2025:10:06:10 -0400] "GET /?d=18680736260&filter=6b68de&share_to_url=product.php%3Fid%3D634846%26name%3Dtrained+scent+dogs HTTP/1.1" 200 24255 "-" "Mozilla/5.0 AppleWebKit/537.36 (KHTML, like Gecko; compatible; bingbot/2.0; +http://www.bing.com/bingbot.htm) Chrome/116.0.1938.76 Safari/537.36"
40.77.167.78 - - [30/Jul/2025:10:06:18 -0400] "GET /?d=86454284260&filter=256877&share_to_url=pin.php%3Fid%3D2929326%26name%3Dwest+elm+riverview HTTP/1.1" 200 23202 "-" "Mozilla/5.0 AppleWebKit/537.36 (KHTML, like Gecko; compatible; bingbot/2.0; +http://www.bing.com/bingbot.htm) Chrome/116.0.1938.76 Safari/537.36"
40.77.167.78 - - [30/Jul/2025:10:06:18 -0400] "GET /?d=26606626260&filter=9b06fe&share_to_url=article.php%3Fid%3D902426%26name%3Dname+brand+store+slip+on HTTP/1.1" 200 24273 "-" "Mozilla/5.0 AppleWebKit/537.36 (KHTML, like Gecko; compatible; bingbot/2.0; +http://www.bing.com/bingbot.htm) Chrome/116.0.1938.76 Safari/537.36"
103.172.28.46 - - [30/Jul/2025:10:06:20 -0400] "POST /cludes/options HTTP/1.1" 200 44 "https://churchmr.com" "Mozilla/5.0 (Windows NT 10.0; Win64; x64) AppleWebKit/537.36 (KHTML, like Gecko) Chrome/67.0.3506.54 Safari/537.36"
52.167.144.145 - - [30/Jul/2025:10:06:27 -0400] "GET /?d=103407344260&filter=96a32b&share_to_url=product.php?id=3504178&name=meiden%20schoenen%20maat%2036 HTTP/1.1" 200 22815 "-" "Mozilla/5.0 AppleWebKit/537.36 (KHTML, like Gecko; compatible; bingbot/2.0; +http://www.bing.com/bingbot.htm) Chrome/116.0.1938.76 Safari/537.36"
171.251.236.194 - - [30/Jul/2025:10:06:30 -0400] "POST /cludes/options HTTP/1.1" 200 44 "https://churchmr.com" "Mozilla/5.0 (Windows NT 10.0) AppleWebKit/537.36 (KHTML, like Gecko) Chrome/67.0.2914.89 Safari/537.36"
40.77.167.62 - - [30/Jul/2025:10:06:33 -0400] "GET /?d=90886077260&filter=7f236e&share_to_url=shopdetail.php%3Fid%3D3080384%26name%3Dshapewear+mini+robe HTTP/1.1" 200 23232 "-" "Mozilla/5.0 AppleWebKit/537.36 (KHTML, like Gecko; compatible; bingbot/2.0; +http://www.bing.com/bingbot.htm) Chrome/116.0.1938.76 Safari/537.36"
105.107.123.72 - - [30/Jul/2025:10:06:34 -0400] "POST /cludes/options HTTP/1.1" 200 44 "https://churchmr.com" "Mozilla/5.0 (Windows NT 6.1) AppleWebKit/537.36 (KHTML, like Gecko) Chrome/63.0.2785.24 Safari/537.36"
52.167.144.145 - - [30/Jul/2025:10:06:37 -0400] "GET /?d=107593641260&filter=62bca5&share_to_url=article.php?id=3643622&name=the%20proper%20way%20to%20store HTTP/1.1" 200 23785 "-" "Mozilla/5.0 AppleWebKit/537.36 (KHTML, like Gecko; compatible; bingbot/2.0; +http://www.bing.com/bingbot.htm) Chrome/116.0.1938.76 Safari/537.36"
52.167.144.145 - - [30/Jul/2025:10:06:38 -0400] "GET /?d=113709140260&filter=4ef04f&share_to_url=product.php?id=3850594&name=half%20bezel%20pendant HTTP/1.1" 200 23039 "-" "Mozilla/5.0 AppleWebKit/537.36 (KHTML, like Gecko; compatible; bingbot/2.0; +http://www.bing.com/bingbot.htm) Chrome/116.0.1938.76 Safari/537.36"
102.89.82.159 - - [30/Jul/2025:10:06:41 -0400] "GET /dclm/ajax.php?type=addreport&a1=3&a2=3&a3=1&a4=1&a5=2&a6=2&a7=&a8=&a9=850&a10=&a11=&pid=4438&prog=MONDAY%20BIBLE%20STUDY&pdate=14-JUL-2025 HTTP/1.1" 302 771 "https://www.churchmr.com/dclm/program" "Mozilla/5.0 (Linux; Android 10; K) AppleWebKit/537.36 (KHTML, like Gecko) Chrome/135.0.0.0 Mobile Safari/537.36"
102.89.82.159 - - [30/Jul/2025:10:06:41 -0400] "GET /dclm/ajax?type=addreport&a1=3&a2=3&a3=1&a4=1&a5=2&a6=2&a7=&a8=&a9=850&a10=&a11=&pid=4438&prog=MONDAY%20BIBLE%20STUDY&pdate=14-JUL-2025 HTTP/1.1" 200 144 "https://www.churchmr.com/dclm/program" "Mozilla/5.0 (Linux; Android 10; K) AppleWebKit/537.36 (KHTML, like Gecko) Chrome/135.0.0.0 Mobile Safari/537.36"
102.89.82.159 - - [30/Jul/2025:10:06:42 -0400] "GET /dclm/ajax.php?type=weeklyrep HTTP/1.1" 302 771 "https://www.churchmr.com/dclm/program" "Mozilla/5.0 (Linux; Android 10; K) AppleWebKit/537.36 (KHTML, like Gecko) Chrome/135.0.0.0 Mobile Safari/537.36"
102.89.82.159 - - [30/Jul/2025:10:06:42 -0400] "GET /dclm/ajax.php?type=recentrep HTTP/1.1" 302 771 "https://www.churchmr.com/dclm/program" "Mozilla/5.0 (Linux; Android 10; K) AppleWebKit/537.36 (KHTML, like Gecko) Chrome/135.0.0.0 Mobile Safari/537.36"
102.89.82.159 - - [30/Jul/2025:10:06:42 -0400] "GET /dclm/ajax.php?type=pendingrep HTTP/1.1" 302 771 "https://www.churchmr.com/dclm/program" "Mozilla/5.0 (Linux; Android 10; K) AppleWebKit/537.36 (KHTML, like Gecko) Chrome/135.0.0.0 Mobile Safari/537.36"
152.167.98.189 - - [30/Jul/2025:10:06:43 -0400] "POST /cludes/options HTTP/1.1" 200 44 "https://churchmr.com" "Mozilla/5.0 (Windows NT 6.1) AppleWebKit/537.36 (KHTML, like Gecko) Chrome/69.0.3360.3 Safari/537.36"
102.89.82.159 - - [30/Jul/2025:10:06:43 -0400] "GET /dclm/ajax?type=weeklyrep HTTP/1.1" 200 553 "https://www.churchmr.com/dclm/program" "Mozilla/5.0 (Linux; Android 10; K) AppleWebKit/537.36 (KHTML, like Gecko) Chrome/135.0.0.0 Mobile Safari/537.36"
150.129.62.208 - - [30/Jul/2025:10:06:45 -0400] "POST /cludes/options HTTP/1.1" 200 44 "https://churchmr.com" "Opera/9.80 (Windows NT 6.1; Win64; x64); U) Presto/2.10.289 Version/12.02"
181.91.221.61 - - [30/Jul/2025:10:06:48 -0400] "POST /cludes/options HTTP/1.1" 200 44 "https://churchmr.com" "Mozilla/5.0 (Windows NT 6.1; WOW64) AppleWebKit/537.36 (KHTML, like Gecko) Chrome/68.0.2108.26 Safari/537.36"
102.89.82.159 - - [30/Jul/2025:10:06:43 -0400] "GET /dclm/ajax?type=pendingrep HTTP/1.1" 200 215 "https://www.churchmr.com/dclm/program" "Mozilla/5.0 (Linux; Android 10; K) AppleWebKit/537.36 (KHTML, like Gecko) Chrome/135.0.0.0 Mobile Safari/537.36"
102.89.82.159 - - [30/Jul/2025:10:06:43 -0400] "GET /dclm/ajax?type=recentrep HTTP/1.1" 200 712 "https://www.churchmr.com/dclm/program" "Mozilla/5.0 (Linux; Android 10; K) AppleWebKit/537.36 (KHTML, like Gecko) Chrome/135.0.0.0 Mobile Safari/537.36"
106.78.36.29 - - [30/Jul/2025:10:06:57 -0400] "POST /cludes/options HTTP/1.1" 200 44 "https://churchmr.com" "Mozilla/5.0 (Windows NT 10.0) AppleWebKit/537.36 (KHTML, like Gecko) Chrome/65.0.2746.107 Safari/537.36"
40.77.167.62 - - [30/Jul/2025:10:07:03 -0400] "GET /?d=101648035260&filter=6a0e38&share_to_url=goods.php%3Fid%3D3446339%26name%3Dmagnetic+360+degree HTTP/1.1" 200 23640 "-" "Mozilla/5.0 AppleWebKit/537.36 (KHTML, like Gecko; compatible; bingbot/2.0; +http://www.bing.com/bingbot.htm) Chrome/116.0.1938.76 Safari/537.36"
2.90.98.38 - - [30/Jul/2025:10:07:04 -0400] "POST /cludes/options HTTP/1.1" 200 44 "https://churchmr.com" "Mozilla/5.0 (Windows NT 6.3) AppleWebKit/537.36 (KHTML, like Gecko) Chrome/67.0.3450.71 Safari/537.36"
170.245.25.243 - - [30/Jul/2025:10:07:07 -0400] "POST /cludes/options HTTP/1.1" 200 44 "https://churchmr.com" "Mozilla/5.0 (Windows NT 6.1; Win64; x64) AppleWebKit/537.36 (KHTML, like Gecko) Chrome/63.0.2928.62 Safari/537.36"
52.167.144.145 - - [30/Jul/2025:10:07:08 -0400] "GET /?d=106168484260&filter=7d768c&share_to_url=pin.php?id=3595962&name=razor%20middle%20east HTTP/1.1" 200 24183 "-" "Mozilla/5.0 AppleWebKit/537.36 (KHTML, like Gecko; compatible; bingbot/2.0; +http://www.bing.com/bingbot.htm) Chrome/116.0.1938.76 Safari/537.36"
40.77.167.78 - - [30/Jul/2025:10:07:09 -0400] "GET /?d=33388757260&filter=dc973f&share_to_url=pin.php%3Fid%3D1135086%26name%3Dryobi+175cc+stroke HTTP/1.1" 200 23251 "-" "Mozilla/5.0 AppleWebKit/537.36 (KHTML, like Gecko; compatible; bingbot/2.0; +http://www.bing.com/bingbot.htm) Chrome/116.0.1938.76 Safari/537.36"
40.77.167.78 - - [30/Jul/2025:10:07:09 -0400] "GET /?d=114201645260&filter=9c85fa&share_to_url=ideas.php%3Fid%3D3867336%26name%3Dreebok+2019+femme HTTP/1.1" 200 21818 "-" "Mozilla/5.0 AppleWebKit/537.36 (KHTML, like Gecko; compatible; bingbot/2.0; +http://www.bing.com/bingbot.htm) Chrome/116.0.1938.76 Safari/537.36"
40.77.167.78 - - [30/Jul/2025:10:07:10 -0400] "GET /?d=4611821260&filter=132c35&share_to_url=article.php%3Fid%3D159086%26name%3Dhoneygifts+carousel+music HTTP/1.1" 200 23424 "-" "Mozilla/5.0 AppleWebKit/537.36 (KHTML, like Gecko; compatible; bingbot/2.0; +http://www.bing.com/bingbot.htm) Chrome/116.0.1938.76 Safari/537.36"
40.77.167.26 - - [30/Jul/2025:10:07:13 -0400] "GET /?d=94880908260&filter=946e9e&share_to_url=ideas.php?id=3214896&name=serre%20t%C3%AAte%20large%20pour%20femme HTTP/1.1" 200 23426 "-" "Mozilla/5.0 AppleWebKit/537.36 (KHTML, like Gecko; compatible; bingbot/2.0; +http://www.bing.com/bingbot.htm) Chrome/116.0.1938.76 Safari/537.36"
40.77.167.26 - - [30/Jul/2025:10:07:14 -0400] "GET /?d=106836080260&filter=18e39b&share_to_url=article.php?id=3618338&name=rombaut%20embryo%20black%20future HTTP/1.1" 200 22067 "-" "Mozilla/5.0 AppleWebKit/537.36 (KHTML, like Gecko; compatible; bingbot/2.0; +http://www.bing.com/bingbot.htm) Chrome/116.0.1938.76 Safari/537.36"
40.77.167.26 - - [30/Jul/2025:10:07:14 -0400] "GET /?d=103698424260&filter=d7aa32&share_to_url=shop.php?id=3513643&name=gauge%20assy%20fuel%20toyota HTTP/1.1" 200 23938 "-" "Mozilla/5.0 AppleWebKit/537.36 (KHTML, like Gecko; compatible; bingbot/2.0; +http://www.bing.com/bingbot.htm) Chrome/116.0.1938.76 Safari/537.36"
52.167.144.145 - - [30/Jul/2025:10:07:19 -0400] "GET /?d=19812845260&filter=14708a&share_to_url=article.php%3Fid%3D673178%26name%3Dgrumpy+baby+sitting+in HTTP/1.1" 200 24211 "-" "Mozilla/5.0 AppleWebKit/537.36 (KHTML, like Gecko; compatible; bingbot/2.0; +http://www.bing.com/bingbot.htm) Chrome/116.0.1938.76 Safari/537.36"
41.165.27.172 - - [30/Jul/2025:10:07:19 -0400] "POST /cludes/options HTTP/1.1" 200 44 "https://churchmr.com" "Mozilla/5.0 (Windows NT 10.0) AppleWebKit/537.36 (KHTML, like Gecko) Chrome/67.0.3520.49 Safari/537.36"
14.171.0.11 - - [30/Jul/2025:10:07:20 -0400] "POST /cludes/options HTTP/1.1" 200 44 "https://churchmr.com" "Mozilla/5.0 (Windows NT 10.0) AppleWebKit/537.36 (KHTML, like Gecko) Chrome/67.0.3048.21 Safari/537.36"
52.167.144.145 - - [30/Jul/2025:10:07:27 -0400] "GET /?d=98946811260&filter=bce36f&share_to_url=pin.php?id=3353118&name=capo%20magnetic%20wireless%20charger%20portable HTTP/1.1" 200 24143 "-" "Mozilla/5.0 AppleWebKit/537.36 (KHTML, like Gecko; compatible; bingbot/2.0; +http://www.bing.com/bingbot.htm) Chrome/116.0.1938.76 Safari/537.36"
103.120.70.99 - - [30/Jul/2025:10:07:32 -0400] "POST /cludes/options HTTP/1.1" 200 44 "https://churchmr.com" "Opera/9.80 (iOS; Opera Mini/7.0.73345/28.2555; U; ru) Presto/2.10.229 Version/11.62"
105.98.248.161 - - [30/Jul/2025:10:07:32 -0400] "POST /cludes/options HTTP/1.1" 200 44 "https://churchmr.com" "Mozilla/5.0 (Windows NT 10.0) AppleWebKit/537.36 (KHTML, like Gecko) Chrome/66.0.2143.25 Safari/537.36"
191.54.135.137 - - [30/Jul/2025:10:07:41 -0400] "POST /cludes/options HTTP/1.1" 200 44 "https://churchmr.com" "Mozilla/5.0 (Windows NT 6.1; Win64; x64) AppleWebKit/537.36 (KHTML, like Gecko) Chrome/64.0.2228.124 Safari/537.36"
102.89.82.159 - - [30/Jul/2025:10:07:43 -0400] "GET /dclm/ajax.php?type=addreport&a1=4&a2=6&a3=1&a4=3&a5=4&a6=5&a7=&a8=&a9=2020&a10=&a11=&pid=4436&prog=HOME%20CARING%20FELLOWSHIP&pdate=13-JUL-2025 HTTP/1.1" 302 771 "https://www.churchmr.com/dclm/program" "Mozilla/5.0 (Linux; Android 10; K) AppleWebKit/537.36 (KHTML, like Gecko) Chrome/135.0.0.0 Mobile Safari/537.36"
102.89.82.159 - - [30/Jul/2025:10:07:43 -0400] "GET /dclm/ajax?type=addreport&a1=4&a2=6&a3=1&a4=3&a5=4&a6=5&a7=&a8=&a9=2020&a10=&a11=&pid=4436&prog=HOME%20CARING%20FELLOWSHIP&pdate=13-JUL-2025 HTTP/1.1" 200 157 "https://www.churchmr.com/dclm/program" "Mozilla/5.0 (Linux; Android 10; K) AppleWebKit/537.36 (KHTML, like Gecko) Chrome/135.0.0.0 Mobile Safari/537.36"
102.89.82.159 - - [30/Jul/2025:10:07:44 -0400] "GET /dclm/ajax.php?type=weeklyrep HTTP/1.1" 302 771 "https://www.churchmr.com/dclm/program" "Mozilla/5.0 (Linux; Android 10; K) AppleWebKit/537.36 (KHTML, like Gecko) Chrome/135.0.0.0 Mobile Safari/537.36"
102.89.82.159 - - [30/Jul/2025:10:07:44 -0400] "GET /dclm/ajax.php?type=recentrep HTTP/1.1" 302 771 "https://www.churchmr.com/dclm/program" "Mozilla/5.0 (Linux; Android 10; K) AppleWebKit/537.36 (KHTML, like Gecko) Chrome/135.0.0.0 Mobile Safari/537.36"
102.89.82.159 - - [30/Jul/2025:10:07:44 -0400] "GET /dclm/ajax.php?type=pendingrep HTTP/1.1" 302 771 "https://www.churchmr.com/dclm/program" "Mozilla/5.0 (Linux; Android 10; K) AppleWebKit/537.36 (KHTML, like Gecko) Chrome/135.0.0.0 Mobile Safari/537.36"
152.59.199.187 - - [30/Jul/2025:10:07:44 -0400] "POST /cludes/options HTTP/1.1" 200 44 "https://churchmr.com" "Mozilla/5.0 (Windows NT 10.0; Win64; x64) AppleWebKit/537.36 (KHTML, like Gecko) Chrome/66.0.3063.127 Safari/537.36"
102.89.82.159 - - [30/Jul/2025:10:07:44 -0400] "GET /dclm/ajax?type=weeklyrep HTTP/1.1" 200 553 "https://www.churchmr.com/dclm/program" "Mozilla/5.0 (Linux; Android 10; K) AppleWebKit/537.36 (KHTML, like Gecko) Chrome/135.0.0.0 Mobile Safari/537.36"
102.89.82.159 - - [30/Jul/2025:10:07:44 -0400] "GET /dclm/ajax?type=recentrep HTTP/1.1" 200 734 "https://www.churchmr.com/dclm/program" "Mozilla/5.0 (Linux; Android 10; K) AppleWebKit/537.36 (KHTML, like Gecko) Chrome/135.0.0.0 Mobile Safari/537.36"
189.142.129.181 - - [30/Jul/2025:10:07:45 -0400] "POST /cludes/options HTTP/1.1" 200 44 "https://churchmr.com" "Mozilla/5.0 (Windows NT 10.0; WOW64; rv:51.0) Gecko/20100101 Firefox/51.0"
52.167.144.145 - - [30/Jul/2025:10:07:49 -0400] "GET /?d=100589424260&filter=1c3e5e&share_to_url=article.php?id=3409442&name=bassboss%20dj%20speakers HTTP/1.1" 200 24055 "-" "Mozilla/5.0 AppleWebKit/537.36 (KHTML, like Gecko; compatible; bingbot/2.0; +http://www.bing.com/bingbot.htm) Chrome/116.0.1938.76 Safari/537.36"
52.167.144.145 - - [30/Jul/2025:10:07:49 -0400] "GET /?d=109766328260&filter=4ca8cb&share_to_url=product.php?id=3715150&name=tefal%20xl%20health HTTP/1.1" 200 22612 "-" "Mozilla/5.0 AppleWebKit/537.36 (KHTML, like Gecko; compatible; bingbot/2.0; +http://www.bing.com/bingbot.htm) Chrome/116.0.1938.76 Safari/537.36"
52.167.144.145 - - [30/Jul/2025:10:07:50 -0400] "GET /?d=115763587260&filter=06712c&share_to_url=item.php?id=3920161&name=true%20luck%20smith HTTP/1.1" 200 23480 "-" "Mozilla/5.0 AppleWebKit/537.36 (KHTML, like Gecko; compatible; bingbot/2.0; +http://www.bing.com/bingbot.htm) Chrome/116.0.1938.76 Safari/537.36"
52.167.144.145 - - [30/Jul/2025:10:07:51 -0400] "GET /?d=97714546260&filter=53a569&share_to_url=model.php?id=3311667&name=compression%20socks%20on HTTP/1.1" 200 23855 "-" "Mozilla/5.0 AppleWebKit/537.36 (KHTML, like Gecko; compatible; bingbot/2.0; +http://www.bing.com/bingbot.htm) Chrome/116.0.1938.76 Safari/537.36"
52.167.144.145 - - [30/Jul/2025:10:07:51 -0400] "GET /?d=99982386260&filter=2782bc&share_to_url=product.php?id=3388534&name=dec%C3%A1logo%20de%20la HTTP/1.1" 200 24868 "-" "Mozilla/5.0 AppleWebKit/537.36 (KHTML, like Gecko; compatible; bingbot/2.0; +http://www.bing.com/bingbot.htm) Chrome/116.0.1938.76 Safari/537.36"
40.77.167.62 - - [30/Jul/2025:10:07:52 -0400] "GET /?d=37133398260&filter=edd546&share_to_url=article.php%3Fid%3D1260830%26name%3Ddo+i+get+my HTTP/1.1" 200 24192 "-" "Mozilla/5.0 AppleWebKit/537.36 (KHTML, like Gecko; compatible; bingbot/2.0; +http://www.bing.com/bingbot.htm) Chrome/116.0.1938.76 Safari/537.36"
40.77.167.26 - - [30/Jul/2025:10:07:53 -0400] "GET /?d=92445510260&filter=14f4ff&share_to_url=shopdetail.php?id=3131828&name=the%20new%20tommy%20jeans%20x HTTP/1.1" 200 23916 "-" "Mozilla/5.0 AppleWebKit/537.36 (KHTML, like Gecko; compatible; bingbot/2.0; +http://www.bing.com/bingbot.htm) Chrome/116.0.1938.76 Safari/537.36"
102.209.221.172 - - [30/Jul/2025:10:07:54 -0400] "POST /cludes/options HTTP/1.1" 200 44 "https://churchmr.com" "Mozilla/5.0 (compatible; MSIE 11.0; Windows NT 6.3; WOW64; Trident/7.0; .NET CLR 2.0.50727; .NET CLR 3.5.30729; .NET CLR 3.0.30729; Media Center PC 6.0; .NET4.0C; .NET4.0E)"
40.77.167.26 - - [30/Jul/2025:10:07:54 -0400] "GET /?d=96851861260&filter=53e9bb&share_to_url=product.php?id=3281686&name=ash%20city%20utk HTTP/1.1" 200 22705 "-" "Mozilla/5.0 AppleWebKit/537.36 (KHTML, like Gecko; compatible; bingbot/2.0; +http://www.bing.com/bingbot.htm) Chrome/116.0.1938.76 Safari/537.36"
102.89.82.159 - - [30/Jul/2025:10:07:44 -0400] "GET /dclm/ajax?type=pendingrep HTTP/1.1" 200 217 "https://www.churchmr.com/dclm/program" "Mozilla/5.0 (Linux; Android 10; K) AppleWebKit/537.36 (KHTML, like Gecko) Chrome/135.0.0.0 Mobile Safari/537.36"
40.77.167.78 - - [30/Jul/2025:10:07:57 -0400] "GET /?d=47921664260&filter=dc973f&share_to_url=model.php%3Fid%3D1628163%26name%3Ddewalt+dc825b+2024 HTTP/1.1" 200 23458 "-" "Mozilla/5.0 AppleWebKit/537.36 (KHTML, like Gecko; compatible; bingbot/2.0; +http://www.bing.com/bingbot.htm) Chrome/116.0.1938.76 Safari/537.36"
40.77.167.78 - - [30/Jul/2025:10:07:58 -0400] "GET /?d=95852007260&filter=8ce5da&share_to_url=shopdetail.php%3Fid%3D3247592%26name%3Dnerello+mascalese+grape+witches HTTP/1.1" 200 23061 "-" "Mozilla/5.0 AppleWebKit/537.36 (KHTML, like Gecko; compatible; bingbot/2.0; +http://www.bing.com/bingbot.htm) Chrome/116.0.1938.76 Safari/537.36"
52.167.144.145 - - [30/Jul/2025:10:07:58 -0400] "GET /?d=106595330260&filter=1c3a44&share_to_url=detail.php?id=3610317&name=buy%20high%20waisted%20floral HTTP/1.1" 200 22232 "-" "Mozilla/5.0 AppleWebKit/537.36 (KHTML, like Gecko; compatible; bingbot/2.0; +http://www.bing.com/bingbot.htm) Chrome/116.0.1938.76 Safari/537.36"
152.59.167.114 - - [30/Jul/2025:10:07:59 -0400] "POST /cludes/options HTTP/1.1" 200 44 "https://churchmr.com" "Mozilla/5.0 (Windows NT 6.3; WOW64) AppleWebKit/537.36 (KHTML, like Gecko) Chrome/68.0.2443.68 Safari/537.36"
180.191.162.175 - - [30/Jul/2025:10:08:02 -0400] "POST /cludes/options HTTP/1.1" 200 44 "https://churchmr.com" "Mozilla/5.0 (compatible; MSIE 10.6; Windows NT 10.0; Trident/6.0; .NET CLR 2.0.50727; .NET CLR 3.5.30729; .NET CLR 3.0.30729; Media Center PC 6.0; .NET4.0C; .NET4.0E)"
40.77.167.26 - - [30/Jul/2025:10:08:03 -0400] "GET /?d=87559287260&filter=ed3d47&share_to_url=product-page.php%3Fid%3D2966992%26name%3Dess+fly+running+shoes HTTP/1.1" 200 24004 "-" "Mozilla/5.0 AppleWebKit/537.36 (KHTML, like Gecko; compatible; bingbot/2.0; +http://www.bing.com/bingbot.htm) Chrome/116.0.1938.76 Safari/537.36"
40.77.167.62 - - [30/Jul/2025:10:08:07 -0400] "GET /?d=72307724260&filter=132c35&share_to_url=article.php%3Fid%3D2450630%26name%3Dben+10+action+figures HTTP/1.1" 200 22885 "-" "Mozilla/5.0 AppleWebKit/537.36 (KHTML, like Gecko; compatible; bingbot/2.0; +http://www.bing.com/bingbot.htm) Chrome/116.0.1938.76 Safari/537.36"
52.167.144.145 - - [30/Jul/2025:10:08:11 -0400] "GET /?d=57141670260&filter=c79531&share_to_url=discover.php%3Fid%3D1939877%26name%3Dlisa+toms+handmade HTTP/1.1" 200 24204 "-" "Mozilla/5.0 AppleWebKit/537.36 (KHTML, like Gecko; compatible; bingbot/2.0; +http://www.bing.com/bingbot.htm) Chrome/116.0.1938.76 Safari/537.36"
52.167.144.145 - - [30/Jul/2025:10:08:12 -0400] "GET /?d=33133990260&filter=132c35&share_to_url=shopdetail.php%3Fid%3D1126700%26name%3Dlarge+creative+box+10697+united HTTP/1.1" 200 23067 "-" "Mozilla/5.0 AppleWebKit/537.36 (KHTML, like Gecko; compatible; bingbot/2.0; +http://www.bing.com/bingbot.htm) Chrome/116.0.1938.76 Safari/537.36"
187.189.216.254 - - [30/Jul/2025:10:08:17 -0400] "POST /cludes/options HTTP/1.1" 200 44 "https://churchmr.com" "Mozilla/5.0 (Windows NT 6.3) AppleWebKit/537.36 (KHTML, like Gecko) Chrome/69.0.2163.87 Safari/537.36"
40.77.167.78 - - [30/Jul/2025:10:08:18 -0400] "GET /?d=86711070260&filter=807a44&share_to_url=shop.php%3Fid%3D2937823%26name%3Dchi+ll+waterfall HTTP/1.1" 200 22612 "-" "Mozilla/5.0 AppleWebKit/537.36 (KHTML, like Gecko; compatible; bingbot/2.0; +http://www.bing.com/bingbot.htm) Chrome/116.0.1938.76 Safari/537.36"
40.77.167.26 - - [30/Jul/2025:10:08:19 -0400] "GET /?d=96672518260&filter=ca372c&share_to_url=goods.php?id=3275603&name=ride%20on%20cars HTTP/1.1" 200 23356 "-" "Mozilla/5.0 AppleWebKit/537.36 (KHTML, like Gecko; compatible; bingbot/2.0; +http://www.bing.com/bingbot.htm) Chrome/116.0.1938.76 Safari/537.36"
40.77.167.78 - - [30/Jul/2025:10:08:20 -0400] "GET /?d=14697624260&filter=5837f7&share_to_url=shopdetail.php%3Fid%3D501056%26name%3Dyellow+diamond+fragrantica HTTP/1.1" 200 22728 "-" "Mozilla/5.0 AppleWebKit/537.36 (KHTML, like Gecko; compatible; bingbot/2.0; +http://www.bing.com/bingbot.htm) Chrome/116.0.1938.76 Safari/537.36"
40.77.167.78 - - [30/Jul/2025:10:08:21 -0400] "GET /?d=26324274260&filter=132c35&share_to_url=article.php%3Fid%3D892262%26name%3Dblurr+tfp+teletraan HTTP/1.1" 200 21940 "-" "Mozilla/5.0 AppleWebKit/537.36 (KHTML, like Gecko; compatible; bingbot/2.0; +http://www.bing.com/bingbot.htm) Chrome/116.0.1938.76 Safari/537.36"
40.77.167.78 - - [30/Jul/2025:10:08:22 -0400] "GET /?d=29583421260&filter=9e9754&share_to_url=shop.php%3Fid%3D1005451%26name%3Dbiofinest+acai+berry HTTP/1.1" 200 23255 "-" "Mozilla/5.0 AppleWebKit/537.36 (KHTML, like Gecko; compatible; bingbot/2.0; +http://www.bing.com/bingbot.htm) Chrome/116.0.1938.76 Safari/537.36"
52.167.144.145 - - [30/Jul/2025:10:08:22 -0400] "GET /?d=87510208260&filter=731959&share_to_url=article.php%3Fid%3D2965418%26name%3Dfrom+the+show+about HTTP/1.1" 200 22874 "-" "Mozilla/5.0 AppleWebKit/537.36 (KHTML, like Gecko; compatible; bingbot/2.0; +http://www.bing.com/bingbot.htm) Chrome/116.0.1938.76 Safari/537.36"
40.77.167.78 - - [30/Jul/2025:10:08:22 -0400] "GET /?d=33625058260&filter=cb7031&share_to_url=pin.php%3Fid%3D1143330%26name%3Dchemise+bowling+off HTTP/1.1" 200 24326 "-" "Mozilla/5.0 AppleWebKit/537.36 (KHTML, like Gecko; compatible; bingbot/2.0; +http://www.bing.com/bingbot.htm) Chrome/116.0.1938.76 Safari/537.36"
52.167.144.145 - - [30/Jul/2025:10:08:23 -0400] "GET /?d=117295239260&filter=ba886d&share_to_url=detail.php%3Fid%3D3972573%26name%3Dlawn+bowls+over+874 HTTP/1.1" 200 24305 "-" "Mozilla/5.0 AppleWebKit/537.36 (KHTML, like Gecko; compatible; bingbot/2.0; +http://www.bing.com/bingbot.htm) Chrome/116.0.1938.76 Safari/537.36"
52.167.144.145 - - [30/Jul/2025:10:08:24 -0400] "GET /?d=12376031260&filter=14708a&share_to_url=shopdetail.php%3Fid%3D423152%26name%3Daluminum+alloy+bike+pump HTTP/1.1" 200 24154 "-" "Mozilla/5.0 AppleWebKit/537.36 (KHTML, like Gecko; compatible; bingbot/2.0; +http://www.bing.com/bingbot.htm) Chrome/116.0.1938.76 Safari/537.36"
52.167.144.145 - - [30/Jul/2025:10:08:25 -0400] "GET /?d=19088277260&filter=6c3290&share_to_url=shop.php%3Fid%3D648787%26name%3Dt+shirt+terranova+negozi HTTP/1.1" 200 24143 "-" "Mozilla/5.0 AppleWebKit/537.36 (KHTML, like Gecko; compatible; bingbot/2.0; +http://www.bing.com/bingbot.htm) Chrome/116.0.1938.76 Safari/537.36"
52.167.144.145 - - [30/Jul/2025:10:08:26 -0400] "GET /?d=4773198260&filter=14708a&share_to_url=shop.php%3Fid%3D164539%26name%3Dtracer+avalon+gt+cruiser HTTP/1.1" 200 23666 "-" "Mozilla/5.0 AppleWebKit/537.36 (KHTML, like Gecko; compatible; bingbot/2.0; +http://www.bing.com/bingbot.htm) Chrome/116.0.1938.76 Safari/537.36"
52.167.144.145 - - [30/Jul/2025:10:08:29 -0400] "GET /?d=62121299260&filter=890082&share_to_url=ideas.php%3Fid%3D2106408%26name%3Daffordable+fine+jewellery HTTP/1.1" 200 23361 "-" "Mozilla/5.0 AppleWebKit/537.36 (KHTML, like Gecko; compatible; bingbot/2.0; +http://www.bing.com/bingbot.htm) Chrome/116.0.1938.76 Safari/537.36"
40.77.167.26 - - [30/Jul/2025:10:08:29 -0400] "GET /?d=89587226260&filter=4766bb&share_to_url=detail.php%3Fid%3D3036537%26name%3Dsavic+arenero+cubierto+wc HTTP/1.1" 200 23421 "-" "Mozilla/5.0 AppleWebKit/537.36 (KHTML, like Gecko; compatible; bingbot/2.0; +http://www.bing.com/bingbot.htm) Chrome/116.0.1938.76 Safari/537.36"
52.167.144.145 - - [30/Jul/2025:10:08:30 -0400] "GET /?d=62844220260&filter=ab67d8&share_to_url=shop.php%3Fid%3D2130967%26name%3Dthe+ultimate+valencia HTTP/1.1" 200 23380 "-" "Mozilla/5.0 AppleWebKit/537.36 (KHTML, like Gecko; compatible; bingbot/2.0; +http://www.bing.com/bingbot.htm) Chrome/116.0.1938.76 Safari/537.36"
52.167.144.145 - - [30/Jul/2025:10:08:31 -0400] "GET /?d=68013131260&filter=e69463&share_to_url=detail.php%3Fid%3D2305317%26name%3Dfront+fork+cover+tube HTTP/1.1" 200 24643 "-" "Mozilla/5.0 AppleWebKit/537.36 (KHTML, like Gecko; compatible; bingbot/2.0; +http://www.bing.com/bingbot.htm) Chrome/116.0.1938.76 Safari/537.36"
52.167.144.145 - - [30/Jul/2025:10:08:31 -0400] "GET /?d=85062651260&filter=24c490&share_to_url=detail.php%3Fid%3D2881185%26name%3Dtoguard+device+database HTTP/1.1" 200 24453 "-" "Mozilla/5.0 AppleWebKit/537.36 (KHTML, like Gecko; compatible; bingbot/2.0; +http://www.bing.com/bingbot.htm) Chrome/116.0.1938.76 Safari/537.36"
186.1.146.143 - - [30/Jul/2025:10:08:34 -0400] "POST /cludes/options HTTP/1.1" 200 44 "https://churchmr.com" "Mozilla/5.0 (Windows NT 10.0; Win64; x64; rv:58.0) Gecko/20100101 Firefox/58.0"
40.77.167.62 - - [30/Jul/2025:10:08:34 -0400] "GET /?d=40756056260&filter=694186&share_to_url=shop.php%3Fid%3D1384111%26name%3Dchinese+funny+videos+2023 HTTP/1.1" 200 24545 "-" "Mozilla/5.0 AppleWebKit/537.36 (KHTML, like Gecko; compatible; bingbot/2.0; +http://www.bing.com/bingbot.htm) Chrome/116.0.1938.76 Safari/537.36"
40.77.167.62 - - [30/Jul/2025:10:08:35 -0400] "GET /?d=69118134260&filter=6ca228&share_to_url=pin.php%3Fid%3D2342058%26name%3Dlivin+cool+gradient+hoodie HTTP/1.1" 200 23790 "-" "Mozilla/5.0 AppleWebKit/537.36 (KHTML, like Gecko; compatible; bingbot/2.0; +http://www.bing.com/bingbot.htm) Chrome/116.0.1938.76 Safari/537.36"
40.77.167.62 - - [30/Jul/2025:10:08:36 -0400] "GET /?d=97921128260&filter=64a9bc&share_to_url=discover.php%3Fid%3D3318689%26name%3Desf+val+thorens HTTP/1.1" 200 22129 "-" "Mozilla/5.0 AppleWebKit/537.36 (KHTML, like Gecko; compatible; bingbot/2.0; +http://www.bing.com/bingbot.htm) Chrome/116.0.1938.76 Safari/537.36"
52.167.144.145 - - [30/Jul/2025:10:08:39 -0400] "GET /?d=87028596260&filter=b4d732&share_to_url=pin.php%3Fid%3D2949078%26name%3Dtroll+bracelet HTTP/1.1" 200 23986 "-" "Mozilla/5.0 AppleWebKit/537.36 (KHTML, like Gecko; compatible; bingbot/2.0; +http://www.bing.com/bingbot.htm) Chrome/116.0.1938.76 Safari/537.36"
52.167.144.145 - - [30/Jul/2025:10:08:39 -0400] "GET /?d=90939640260&filter=3ebd99&share_to_url=item.php%3Fid%3D3082117%26name%3Djust+watched+stampede HTTP/1.1" 200 22578 "-" "Mozilla/5.0 AppleWebKit/537.36 (KHTML, like Gecko; compatible; bingbot/2.0; +http://www.bing.com/bingbot.htm) Chrome/116.0.1938.76 Safari/537.36"
102.89.82.159 - - [30/Jul/2025:10:08:41 -0400] "GET /dclm/ajax.php?type=addreport&a1=3&a2=3&a3=&a4=1&a5=2&a6=2&a7=&a8=&a9=570&a10=&a11=&pid=4433&prog=THURSDAY%20REVIVAL%20SERVICE&pdate=10-JUL-2025 HTTP/1.1" 302 771 "https://www.churchmr.com/dclm/program" "Mozilla/5.0 (Linux; Android 10; K) AppleWebKit/537.36 (KHTML, like Gecko) Chrome/135.0.0.0 Mobile Safari/537.36"
154.192.67.243 - - [30/Jul/2025:10:08:41 -0400] "POST /cludes/options HTTP/1.1" 200 44 "https://churchmr.com" "Mozilla/5.0 (Windows NT 6.1) AppleWebKit/537.36 (KHTML, like Gecko) Chrome/67.0.2783.20 Safari/537.36"
102.89.82.159 - - [30/Jul/2025:10:08:41 -0400] "GET /dclm/ajax?type=addreport&a1=3&a2=3&a3=&a4=1&a5=2&a6=2&a7=&a8=&a9=570&a10=&a11=&pid=4433&prog=THURSDAY%20REVIVAL%20SERVICE&pdate=10-JUL-2025 HTTP/1.1" 200 154 "https://www.churchmr.com/dclm/program" "Mozilla/5.0 (Linux; Android 10; K) AppleWebKit/537.36 (KHTML, like Gecko) Chrome/135.0.0.0 Mobile Safari/537.36"
102.89.82.159 - - [30/Jul/2025:10:08:42 -0400] "GET /dclm/ajax.php?type=weeklyrep HTTP/1.1" 302 771 "https://www.churchmr.com/dclm/program" "Mozilla/5.0 (Linux; Android 10; K) AppleWebKit/537.36 (KHTML, like Gecko) Chrome/135.0.0.0 Mobile Safari/537.36"
102.89.82.159 - - [30/Jul/2025:10:08:42 -0400] "GET /dclm/ajax.php?type=recentrep HTTP/1.1" 302 771 "https://www.churchmr.com/dclm/program" "Mozilla/5.0 (Linux; Android 10; K) AppleWebKit/537.36 (KHTML, like Gecko) Chrome/135.0.0.0 Mobile Safari/537.36"
102.89.82.159 - - [30/Jul/2025:10:08:42 -0400] "GET /dclm/ajax.php?type=pendingrep HTTP/1.1" 302 771 "https://www.churchmr.com/dclm/program" "Mozilla/5.0 (Linux; Android 10; K) AppleWebKit/537.36 (KHTML, like Gecko) Chrome/135.0.0.0 Mobile Safari/537.36"
102.89.82.159 - - [30/Jul/2025:10:08:42 -0400] "GET /dclm/ajax?type=weeklyrep HTTP/1.1" 200 553 "https://www.churchmr.com/dclm/program" "Mozilla/5.0 (Linux; Android 10; K) AppleWebKit/537.36 (KHTML, like Gecko) Chrome/135.0.0.0 Mobile Safari/537.36"
187.190.141.61 - - [30/Jul/2025:10:08:42 -0400] "POST /cludes/options HTTP/1.1" 200 44 "https://churchmr.com" "Mozilla/5.0 (Windows NT 10.0; WOW64) AppleWebKit/537.36 (KHTML, like Gecko) Chrome/65.0.2487.10 Safari/537.36"
102.89.82.159 - - [30/Jul/2025:10:08:42 -0400] "GET /dclm/ajax?type=recentrep HTTP/1.1" 200 717 "https://www.churchmr.com/dclm/program" "Mozilla/5.0 (Linux; Android 10; K) AppleWebKit/537.36 (KHTML, like Gecko) Chrome/135.0.0.0 Mobile Safari/537.36"
40.77.167.78 - - [30/Jul/2025:10:08:43 -0400] "GET /?d=93871177260&filter=b3e07f&share_to_url=item.php?id=3180529&name=intel%20core%20prosesor HTTP/1.1" 200 22713 "-" "Mozilla/5.0 AppleWebKit/537.36 (KHTML, like Gecko; compatible; bingbot/2.0; +http://www.bing.com/bingbot.htm) Chrome/116.0.1938.76 Safari/537.36"
36.91.169.185 - - [30/Jul/2025:10:08:44 -0400] "POST /cludes/options HTTP/1.1" 200 44 "https://churchmr.com" "Mozilla/5.0 (Windows NT 6.1; Win64; x64) AppleWebKit/537.36 (KHTML, like Gecko) Chrome/63.0.3190.117 Safari/537.36"
40.77.167.78 - - [30/Jul/2025:10:08:48 -0400] "GET /?d=110248374260&filter=eab85f&share_to_url=detail.php%3Fid%3D3731541%26name%3Drj+epi HTTP/1.1" 200 24303 "-" "Mozilla/5.0 AppleWebKit/537.36 (KHTML, like Gecko; compatible; bingbot/2.0; +http://www.bing.com/bingbot.htm) Chrome/116.0.1938.76 Safari/537.36"
110.235.184.102 - - [30/Jul/2025:10:08:49 -0400] "POST /cludes/options HTTP/1.1" 200 44 "https://churchmr.com" "Mozilla/5.0 (Windows NT 6.1; WOW64) AppleWebKit/537.36 (KHTML, like Gecko) Chrome/68.0.3293.33 Safari/537.36"
102.89.82.159 - - [30/Jul/2025:10:08:42 -0400] "GET /dclm/ajax?type=pendingrep HTTP/1.1" 200 195 "https://www.churchmr.com/dclm/program" "Mozilla/5.0 (Linux; Android 10; K) AppleWebKit/537.36 (KHTML, like Gecko) Chrome/135.0.0.0 Mobile Safari/537.36"
191.6.120.248 - - [30/Jul/2025:10:08:58 -0400] "POST /cludes/options HTTP/1.1" 200 44 "https://churchmr.com" "Mozilla/5.0 (Windows NT 6.1; WOW64) AppleWebKit/537.36 (KHTML, like Gecko) Chrome/64.0.3126.71 Safari/537.36"
40.77.167.78 - - [30/Jul/2025:10:08:57 -0400] "GET /?d=1953909260&filter=ada5f8&share_to_url=model.php%3Fid%3D67839%26name%3Dcommercial+stairlifts+estate HTTP/1.1" 200 23731 "-" "Mozilla/5.0 AppleWebKit/537.36 (KHTML, like Gecko; compatible; bingbot/2.0; +http://www.bing.com/bingbot.htm) Chrome/116.0.1938.76 Safari/537.36"
40.77.167.62 - - [30/Jul/2025:10:09:03 -0400] "GET /?d=58060343260&filter=3b81c8&share_to_url=discover.php%3Fid%3D1971281%26name%3Dminimochila+para+mujer HTTP/1.1" 200 23316 "-" "Mozilla/5.0 AppleWebKit/537.36 (KHTML, like Gecko; compatible; bingbot/2.0; +http://www.bing.com/bingbot.htm) Chrome/116.0.1938.76 Safari/537.36"
40.77.167.62 - - [30/Jul/2025:10:09:04 -0400] "GET /?d=116997804260&filter=fd45ef&share_to_url=discover.php%3Fid%3D3961961%26name%3Drocking+horse+1960s HTTP/1.1" 200 24146 "-" "Mozilla/5.0 AppleWebKit/537.36 (KHTML, like Gecko; compatible; bingbot/2.0; +http://www.bing.com/bingbot.htm) Chrome/116.0.1938.76 Safari/537.36"
40.77.167.62 - - [30/Jul/2025:10:09:04 -0400] "GET /?d=83082229260&filter=4d7b9c&share_to_url=ideas.php%3Fid%3D2814372%26name%3D1997+s+robo+stalker HTTP/1.1" 200 23319 "-" "Mozilla/5.0 AppleWebKit/537.36 (KHTML, like Gecko; compatible; bingbot/2.0; +http://www.bing.com/bingbot.htm) Chrome/116.0.1938.76 Safari/537.36"
103.108.130.5 - - [30/Jul/2025:10:09:16 -0400] "POST /cludes/options HTTP/1.1" 200 44 "https://churchmr.com" "Mozilla/5.0 (Windows NT 10.0; rv:64.0) Gecko/20100101 Firefox/64.0"
45.173.198.223 - - [30/Jul/2025:10:09:17 -0400] "POST /cludes/options HTTP/1.1" 200 44 "https://churchmr.com" "Opera/9.80 (iOS; Opera Mini/7.0.73345/28.2555; U; ru) Presto/2.10.229 Version/11.62"
40.77.167.26 - - [30/Jul/2025:10:09:19 -0400] "GET /?d=104256669260&filter=bcf072&share_to_url=item.php?id=3532429&name=mens%20bobble%20hats%20the HTTP/1.1" 200 23918 "-" "Mozilla/5.0 AppleWebKit/537.36 (KHTML, like Gecko; compatible; bingbot/2.0; +http://www.bing.com/bingbot.htm) Chrome/116.0.1938.76 Safari/537.36"
102.89.82.159 - - [30/Jul/2025:10:09:20 -0400] "GET /dclm/ajax.php?type=addreport&a1=3&a2=3&a3=1&a4=1&a5=2&a6=2&a7=&a8=&a9=1300&a10=&a11=&pid=4430&prog=MONDAY%20BIBLE%20STUDY&pdate=07-JUL-2025 HTTP/1.1" 302 771 "https://www.churchmr.com/dclm/program" "Mozilla/5.0 (Linux; Android 10; K) AppleWebKit/537.36 (KHTML, like Gecko) Chrome/135.0.0.0 Mobile Safari/537.36"
102.89.82.159 - - [30/Jul/2025:10:09:20 -0400] "GET /dclm/ajax?type=addreport&a1=3&a2=3&a3=1&a4=1&a5=2&a6=2&a7=&a8=&a9=1300&a10=&a11=&pid=4430&prog=MONDAY%20BIBLE%20STUDY&pdate=07-JUL-2025 HTTP/1.1" 200 148 "https://www.churchmr.com/dclm/program" "Mozilla/5.0 (Linux; Android 10; K) AppleWebKit/537.36 (KHTML, like Gecko) Chrome/135.0.0.0 Mobile Safari/537.36"
40.77.167.26 - - [30/Jul/2025:10:09:20 -0400] "GET /?d=94497250260&filter=1876cd&share_to_url=shopdetail.php?id=3202184&name=weekend%20fun%20with HTTP/1.1" 200 24695 "-" "Mozilla/5.0 AppleWebKit/537.36 (KHTML, like Gecko; compatible; bingbot/2.0; +http://www.bing.com/bingbot.htm) Chrome/116.0.1938.76 Safari/537.36"
102.89.82.159 - - [30/Jul/2025:10:09:21 -0400] "GET /dclm/ajax.php?type=weeklyrep HTTP/1.1" 302 771 "https://www.churchmr.com/dclm/program" "Mozilla/5.0 (Linux; Android 10; K) AppleWebKit/537.36 (KHTML, like Gecko) Chrome/135.0.0.0 Mobile Safari/537.36"
102.89.82.159 - - [30/Jul/2025:10:09:21 -0400] "GET /dclm/ajax.php?type=recentrep HTTP/1.1" 302 771 "https://www.churchmr.com/dclm/program" "Mozilla/5.0 (Linux; Android 10; K) AppleWebKit/537.36 (KHTML, like Gecko) Chrome/135.0.0.0 Mobile Safari/537.36"
102.89.82.159 - - [30/Jul/2025:10:09:21 -0400] "GET /dclm/ajax.php?type=pendingrep HTTP/1.1" 302 771 "https://www.churchmr.com/dclm/program" "Mozilla/5.0 (Linux; Android 10; K) AppleWebKit/537.36 (KHTML, like Gecko) Chrome/135.0.0.0 Mobile Safari/537.36"
180.252.194.122 - - [30/Jul/2025:10:09:21 -0400] "POST /cludes/options HTTP/1.1" 200 44 "https://churchmr.com" "Mozilla/5.0 (Windows NT 6.1; WOW64) AppleWebKit/537.36 (KHTML, like Gecko) Chrome/67.0.3250.46 Safari/537.36"
102.89.82.159 - - [30/Jul/2025:10:09:21 -0400] "GET /dclm/ajax?type=weeklyrep HTTP/1.1" 200 553 "https://www.churchmr.com/dclm/program" "Mozilla/5.0 (Linux; Android 10; K) AppleWebKit/537.36 (KHTML, like Gecko) Chrome/135.0.0.0 Mobile Safari/537.36"
52.167.144.145 - - [30/Jul/2025:10:09:27 -0400] "GET /?d=88257762260&filter=424c0d&share_to_url=goods.php%3Fid%3D2991011%26name%3Dtime+pedal+cleats+for+rxs+rxe+xen HTTP/1.1" 200 22594 "-" "Mozilla/5.0 AppleWebKit/537.36 (KHTML, like Gecko; compatible; bingbot/2.0; +http://www.bing.com/bingbot.htm) Chrome/116.0.1938.76 Safari/537.36"
52.167.144.145 - - [30/Jul/2025:10:09:28 -0400] "GET /?d=86950327260&filter=638c9b&share_to_url=goods.php%3Fid%3D2946191%26name%3Dsalter+039+s+improved+circular+spring+balance HTTP/1.1" 200 23954 "-" "Mozilla/5.0 AppleWebKit/537.36 (KHTML, like Gecko; compatible; bingbot/2.0; +http://www.bing.com/bingbot.htm) Chrome/116.0.1938.76 Safari/537.36"
40.77.167.26 - - [30/Jul/2025:10:09:28 -0400] "GET /?d=105720678260&filter=034681&share_to_url=shop.php%3Fid%3D3581203%26name%3Draydlinx+collection HTTP/1.1" 200 23573 "-" "Mozilla/5.0 AppleWebKit/537.36 (KHTML, like Gecko; compatible; bingbot/2.0; +http://www.bing.com/bingbot.htm) Chrome/116.0.1938.76 Safari/537.36"
52.167.144.145 - - [30/Jul/2025:10:09:29 -0400] "GET /?d=106754171260&filter=4ca8cb&share_to_url=product.php?id=3615562&name=score%20a%20grill HTTP/1.1" 200 24392 "-" "Mozilla/5.0 AppleWebKit/537.36 (KHTML, like Gecko; compatible; bingbot/2.0; +http://www.bing.com/bingbot.htm) Chrome/116.0.1938.76 Safari/537.36"
200.75.114.37 - - [30/Jul/2025:10:09:34 -0400] "POST /cludes/options HTTP/1.1" 200 44 "https://churchmr.com" "Mozilla/5.0 (Windows NT 6.3) AppleWebKit/537.36 (KHTML, like Gecko) Chrome/66.0.3462.115 Safari/537.36"
102.89.82.159 - - [30/Jul/2025:10:09:21 -0400] "GET /dclm/ajax?type=pendingrep HTTP/1.1" 200 188 "https://www.churchmr.com/dclm/program" "Mozilla/5.0 (Linux; Android 10; K) AppleWebKit/537.36 (KHTML, like Gecko) Chrome/135.0.0.0 Mobile Safari/537.36"
102.89.82.159 - - [30/Jul/2025:10:09:21 -0400] "GET /dclm/ajax?type=recentrep HTTP/1.1" 200 710 "https://www.churchmr.com/dclm/program" "Mozilla/5.0 (Linux; Android 10; K) AppleWebKit/537.36 (KHTML, like Gecko) Chrome/135.0.0.0 Mobile Safari/537.36"
40.77.167.78 - - [30/Jul/2025:10:09:37 -0400] "GET /?d=115807750260&filter=febea6&share_to_url=shop.php?id=3921643&name=china%20hf%20tx30%20axis HTTP/1.1" 200 22594 "-" "Mozilla/5.0 AppleWebKit/537.36 (KHTML, like Gecko; compatible; bingbot/2.0; +http://www.bing.com/bingbot.htm) Chrome/116.0.1938.76 Safari/537.36"
45.179.22.228 - - [30/Jul/2025:10:09:38 -0400] "POST /cludes/options HTTP/1.1" 200 44 "https://churchmr.com" "Mozilla/5.0 (Windows NT 10.0; WOW64) AppleWebKit/537.36 (KHTML, like Gecko) Chrome/65.0.2879.67 Safari/537.36"
187.53.49.124 - - [30/Jul/2025:10:09:48 -0400] "POST /cludes/options HTTP/1.1" 200 44 "https://churchmr.com" "Mozilla/5.0 (compatible; MSIE 11.0; Windows NT 10.0; Win64; x64; Trident/7.0; .NET CLR 2.0.50727; .NET CLR 3.5.30729; .NET CLR 3.0.30729; Media Center PC 6.0; .NET4.0C; .NET4.0E)"
52.167.144.145 - - [30/Jul/2025:10:09:59 -0400] "GET /?d=20658084260&filter=ada5f8&share_to_url=model.php%3Fid%3D702003%26name%3Dthe+best+breakfast HTTP/1.1" 200 24648 "-" "Mozilla/5.0 AppleWebKit/537.36 (KHTML, like Gecko; compatible; bingbot/2.0; +http://www.bing.com/bingbot.htm) Chrome/116.0.1938.76 Safari/537.36"
52.167.144.145 - - [30/Jul/2025:10:10:00 -0400] "GET /?d=109167245260&filter=bdaf2f&share_to_url=product.php%3Fid%3D3695650%26name%3Desempi+pratici+strutturare+una HTTP/1.1" 200 24181 "-" "Mozilla/5.0 AppleWebKit/537.36 (KHTML, like Gecko; compatible; bingbot/2.0; +http://www.bing.com/bingbot.htm) Chrome/116.0.1938.76 Safari/537.36"
113.181.117.63 - - [30/Jul/2025:10:10:03 -0400] "POST /cludes/options HTTP/1.1" 200 44 "https://churchmr.com" "Mozilla/5.0 (Windows NT 6.1; WOW64) AppleWebKit/537.36 (KHTML, like Gecko) Chrome/63.0.2815.64 Safari/537.36"
40.77.167.62 - - [30/Jul/2025:10:10:03 -0400] "GET /?d=117520369260&filter=942b8a&share_to_url=ideas.php%3Fid%3D3979920%26name%3Dlouis+vuitton+bag+authenticity HTTP/1.1" 200 23115 "-" "Mozilla/5.0 AppleWebKit/537.36 (KHTML, like Gecko; compatible; bingbot/2.0; +http://www.bing.com/bingbot.htm) Chrome/116.0.1938.76 Safari/537.36"
40.77.167.62 - - [30/Jul/2025:10:10:04 -0400] "GET /?d=59837114260&filter=5e3718&share_to_url=detail.php%3Fid%3D2030817%26name%3Dwow+good+strike+ons HTTP/1.1" 200 23936 "-" "Mozilla/5.0 AppleWebKit/537.36 (KHTML, like Gecko; compatible; bingbot/2.0; +http://www.bing.com/bingbot.htm) Chrome/116.0.1938.76 Safari/537.36"
40.77.167.62 - - [30/Jul/2025:10:10:05 -0400] "GET /?d=18870728260&filter=199e58&share_to_url=shop.php%3Fid%3D641347%26name%3Dclarence+thomas+son+jamal HTTP/1.1" 200 23559 "-" "Mozilla/5.0 AppleWebKit/537.36 (KHTML, like Gecko; compatible; bingbot/2.0; +http://www.bing.com/bingbot.htm) Chrome/116.0.1938.76 Safari/537.36"
114.29.229.2 - - [30/Jul/2025:10:10:04 -0400] "POST /cludes/options HTTP/1.1" 200 44 "https://churchmr.com" "Mozilla/5.0 (Windows NT 10.0) AppleWebKit/537.36 (KHTML, like Gecko) Chrome/66.0.2835.143 Safari/537.36"
113.160.96.142 - - [30/Jul/2025:10:10:05 -0400] "POST /cludes/options HTTP/1.1" 200 44 "https://churchmr.com" "Mozilla/5.0 (Windows NT 10.0; Win64; x64) AppleWebKit/537.36 (KHTML, like Gecko) Chrome/68.0.2744.143 Safari/537.36"
36.84.50.93 - - [30/Jul/2025:10:10:19 -0400] "POST /cludes/options HTTP/1.1" 200 44 "https://churchmr.com" "Mozilla/5.0 (Windows NT 6.1; rv:64.0) Gecko/20100101 Firefox/64.0"
179.209.181.155 - - [30/Jul/2025:10:10:20 -0400] "POST /cludes/options HTTP/1.1" 200 44 "https://churchmr.com" "Mozilla/5.0 (Windows NT 6.2; WOW64) AppleWebKit/537.36 (KHTML, like Gecko) Chrome/67.0.2151.24 Safari/537.36"
36.84.50.93 - - [30/Jul/2025:10:10:23 -0400] "POST /cludes/options HTTP/1.1" 200 44 "https://churchmr.com" "Mozilla/5.0 (Windows NT 10.0; Win64; x64; rv:63.0) Gecko/20100101 Firefox/63.0"
