40.77.167.23 - - [30/Jul/2025:09:40:52 -0400] "GET /?d=88795348260&filter=6e89d3&share_to_url=product.php%3Fid%3D3009322%26name%3Dshower+chair+leckey HTTP/1.1" 200 24013 "-" "Mozilla/5.0 AppleWebKit/537.36 (KHTML, like Gecko; compatible; bingbot/2.0; +http://www.bing.com/bingbot.htm) Chrome/116.0.1938.76 Safari/537.36"
181.115.172.62 - - [30/Jul/2025:09:40:58 -0400] "POST /cludes/options HTTP/1.1" 200 44 "https://churchmr.com" "Mozilla/5.0 (Windows NT 6.1; WOW64) AppleWebKit/537.36 (KHTML, like Gecko) Chrome/67.0.2214.36 Safari/537.36"
186.96.68.209 - - [30/Jul/2025:09:41:02 -0400] "POST /cludes/options HTTP/1.1" 200 44 "https://churchmr.com" "Mozilla/5.0 (Windows NT 6.1) AppleWebKit/537.36 (KHTML, like Gecko) Chrome/63.0.2966.29 Safari/537.36"
5.246.117.61 - - [30/Jul/2025:09:41:04 -0400] "POST /cludes/options HTTP/1.1" 200 44 "https://churchmr.com" "Mozilla/5.0 (Windows NT 6.3; Win64; x64) AppleWebKit/537.36 (KHTML, like Gecko) Chrome/69.0.3048.86 Safari/537.36"
40.77.167.62 - - [30/Jul/2025:09:41:05 -0400] "GET /?d=110671999260&filter=3d0a7d&share_to_url=model.php%3Fid%3D3746847%26name%3Dupdate+ajax+25+26+home HTTP/1.1" 200 24470 "-" "Mozilla/5.0 AppleWebKit/537.36 (KHTML, like Gecko; compatible; bingbot/2.0; +http://www.bing.com/bingbot.htm) Chrome/116.0.1938.76 Safari/537.36"
40.77.167.28 - - [30/Jul/2025:09:41:06 -0400] "GET /?d=87505272260&filter=731959&share_to_url=ideas.php%3Fid%3D2965224%26name%3Dfossil+men+s+carraway HTTP/1.1" 200 22509 "-" "Mozilla/5.0 AppleWebKit/537.36 (KHTML, like Gecko; compatible; bingbot/2.0; +http://www.bing.com/bingbot.htm) Chrome/116.0.1938.76 Safari/537.36"
40.77.167.28 - - [30/Jul/2025:09:41:07 -0400] "GET /?d=63108360260&filter=78ff4e&share_to_url=model.php%3Fid%3D2139951%26name%3Dtahari+asl+tahari HTTP/1.1" 200 23888 "-" "Mozilla/5.0 AppleWebKit/537.36 (KHTML, like Gecko; compatible; bingbot/2.0; +http://www.bing.com/bingbot.htm) Chrome/116.0.1938.76 Safari/537.36"
40.77.167.28 - - [30/Jul/2025:09:41:09 -0400] "GET /?d=62202153260&filter=b240e2&share_to_url=shopdetail.php%3Fid%3D2109164%26name%3Dwhy+superman+64+is+called HTTP/1.1" 200 22711 "-" "Mozilla/5.0 AppleWebKit/537.36 (KHTML, like Gecko; compatible; bingbot/2.0; +http://www.bing.com/bingbot.htm) Chrome/116.0.1938.76 Safari/537.36"
40.77.167.75 - - [30/Jul/2025:09:41:09 -0400] "GET /?d=113354292260&filter=38a14a&share_to_url=ideas.php?id=3839244&name=justin%20celtic HTTP/1.1" 200 22908 "-" "Mozilla/5.0 AppleWebKit/537.36 (KHTML, like Gecko; compatible; bingbot/2.0; +http://www.bing.com/bingbot.htm) Chrome/116.0.1938.76 Safari/537.36"
183.82.235.208 - - [30/Jul/2025:09:41:10 -0400] "POST /cludes/options HTTP/1.1" 200 44 "https://churchmr.com" "Mozilla/5.0 (Windows NT 10.0; WOW64; rv:63.0) Gecko/20100101 Firefox/63.0"
40.77.167.28 - - [30/Jul/2025:09:41:10 -0400] "GET /?d=56448632260&filter=14708a&share_to_url=product-page.php%3Fid%3D1916848%26name%3Dbike+travel+vs HTTP/1.1" 200 23809 "-" "Mozilla/5.0 AppleWebKit/537.36 (KHTML, like Gecko; compatible; bingbot/2.0; +http://www.bing.com/bingbot.htm) Chrome/116.0.1938.76 Safari/537.36"
52.167.144.194 - - [30/Jul/2025:09:41:10 -0400] "GET /?d=40111360260&filter=f61719&share_to_url=pin.php%3Fid%3D1361622%26name%3Dgraco+gmax+7900+gas HTTP/1.1" 200 23698 "-" "Mozilla/5.0 AppleWebKit/537.36 (KHTML, like Gecko; compatible; bingbot/2.0; +http://www.bing.com/bingbot.htm) Chrome/116.0.1938.76 Safari/537.36"
52.167.144.194 - - [30/Jul/2025:09:41:11 -0400] "GET /?d=17026388260&filter=3d3b19&share_to_url=model.php%3Fid%3D580635%26name%3Dcustom+made+costume HTTP/1.1" 200 23901 "-" "Mozilla/5.0 AppleWebKit/537.36 (KHTML, like Gecko; compatible; bingbot/2.0; +http://www.bing.com/bingbot.htm) Chrome/116.0.1938.76 Safari/537.36"
52.167.144.194 - - [30/Jul/2025:09:41:12 -0400] "GET /?d=96182887260&filter=cb3ca5&share_to_url=ideas.php%3Fid%3D3258720%26name%3Dblow+dry+services+near HTTP/1.1" 200 23306 "-" "Mozilla/5.0 AppleWebKit/537.36 (KHTML, like Gecko; compatible; bingbot/2.0; +http://www.bing.com/bingbot.htm) Chrome/116.0.1938.76 Safari/537.36"
40.77.167.23 - - [30/Jul/2025:09:41:14 -0400] "GET /?d=116283728260&filter=0647a3&share_to_url=product.php?id=3938122&name=compra%20the%20vampire HTTP/1.1" 200 22822 "-" "Mozilla/5.0 AppleWebKit/537.36 (KHTML, like Gecko; compatible; bingbot/2.0; +http://www.bing.com/bingbot.htm) Chrome/116.0.1938.76 Safari/537.36"
40.77.167.28 - - [30/Jul/2025:09:41:15 -0400] "GET /?d=21327872260&filter=cb7031&share_to_url=article.php%3Fid%3D724058%26name%3Dmaillot+light+bleu HTTP/1.1" 200 24570 "-" "Mozilla/5.0 AppleWebKit/537.36 (KHTML, like Gecko; compatible; bingbot/2.0; +http://www.bing.com/bingbot.htm) Chrome/116.0.1938.76 Safari/537.36"
201.88.164.52 - - [30/Jul/2025:09:41:15 -0400] "POST /cludes/options HTTP/1.1" 200 44 "https://churchmr.com" "Mozilla/5.0 (Windows NT 6.1) AppleWebKit/537.36 (KHTML, like Gecko) Chrome/64.0.3217.46 Safari/537.36"
41.157.180.120 - - [30/Jul/2025:09:41:16 -0400] "POST /cludes/options HTTP/1.1" 200 44 "https://churchmr.com" "Mozilla/5.0 (compatible; MSIE 10.6; Windows NT 10.0; WOW64; Trident/6.0; .NET CLR 2.0.50727; .NET CLR 3.5.30729; .NET CLR 3.0.30729; Media Center PC 6.0; .NET4.0C; .NET4.0E)"
40.77.167.51 - - [30/Jul/2025:09:41:19 -0400] "GET /?d=110479522260&filter=90e35c&share_to_url=item.php%3Fid%3D3740053%26name%3Dgoliat+per%C3%BA+ya+lleg%C3%93 HTTP/1.1" 200 23265 "-" "Mozilla/5.0 AppleWebKit/537.36 (KHTML, like Gecko; compatible; bingbot/2.0; +http://www.bing.com/bingbot.htm) Chrome/116.0.1938.76 Safari/537.36"
103.232.219.37 - - [30/Jul/2025:09:41:20 -0400] "POST /cludes/options HTTP/1.1" 200 44 "https://churchmr.com" "Mozilla/5.0 (Windows NT 6.3; Win64; x64; rv:64.0) Gecko/20100101 Firefox/64.0"
40.77.167.51 - - [30/Jul/2025:09:41:21 -0400] "GET /?d=85256867260&filter=f52d8d&share_to_url=item.php%3Fid%3D2888017%26name%3Dhdmi+switch+market HTTP/1.1" 200 23632 "-" "Mozilla/5.0 AppleWebKit/537.36 (KHTML, like Gecko; compatible; bingbot/2.0; +http://www.bing.com/bingbot.htm) Chrome/116.0.1938.76 Safari/537.36"
40.77.167.51 - - [30/Jul/2025:09:41:22 -0400] "GET /?d=93045852260&filter=c266f8&share_to_url=item.php%3Fid%3D3152605%26name%3Dootd+for+a HTTP/1.1" 200 22748 "-" "Mozilla/5.0 AppleWebKit/537.36 (KHTML, like Gecko; compatible; bingbot/2.0; +http://www.bing.com/bingbot.htm) Chrome/116.0.1938.76 Safari/537.36"
40.77.167.51 - - [30/Jul/2025:09:41:22 -0400] "GET /?d=54757472260&filter=4d4498&share_to_url=product.php%3Fid%3D1860346%26name%3Damericanino+boxer+discount HTTP/1.1" 200 22934 "-" "Mozilla/5.0 AppleWebKit/537.36 (KHTML, like Gecko; compatible; bingbot/2.0; +http://www.bing.com/bingbot.htm) Chrome/116.0.1938.76 Safari/537.36"
158.62.40.42 - - [30/Jul/2025:09:41:25 -0400] "POST /cludes/options HTTP/1.1" 200 44 "https://churchmr.com" "Mozilla/5.0 (Windows NT 10.0; WOW64) AppleWebKit/537.36 (KHTML, like Gecko) Chrome/65.0.3313.140 Safari/537.36"
136.158.41.60 - - [30/Jul/2025:09:41:30 -0400] "POST /cludes/options HTTP/1.1" 200 44 "https://churchmr.com" "Mozilla/5.0 (Windows NT 10.0; WOW64) AppleWebKit/537.36 (KHTML, like Gecko) Chrome/68.0.2653.160 Safari/537.36"
52.167.144.194 - - [30/Jul/2025:09:41:30 -0400] "GET /?d=37170627260&filter=b2e434&share_to_url=ideas.php%3Fid%3D1262196%26name%3Donline+programs+invictus HTTP/1.1" 200 23481 "-" "Mozilla/5.0 AppleWebKit/537.36 (KHTML, like Gecko; compatible; bingbot/2.0; +http://www.bing.com/bingbot.htm) Chrome/116.0.1938.76 Safari/537.36"
40.77.167.28 - - [30/Jul/2025:09:41:34 -0400] "GET /?d=15291511260&filter=731959&share_to_url=shopdetail.php%3Fid%3D521336%26name%3Dmen+s+diesel+chronograph+white HTTP/1.1" 200 21987 "-" "Mozilla/5.0 AppleWebKit/537.36 (KHTML, like Gecko; compatible; bingbot/2.0; +http://www.bing.com/bingbot.htm) Chrome/116.0.1938.76 Safari/537.36"
197.36.104.127 - - [30/Jul/2025:09:41:35 -0400] "POST /cludes/options HTTP/1.1" 200 44 "https://churchmr.com" "Mozilla/5.0 (Windows NT 10.0) AppleWebKit/537.36 (KHTML, like Gecko) Chrome/68.0.3176.77 Safari/537.36"
40.77.167.28 - - [30/Jul/2025:09:41:35 -0400] "GET /?d=20212606260&filter=6ca228&share_to_url=detail.php%3Fid%3D686589%26name%3Dwomens+black+crewneck HTTP/1.1" 200 22816 "-" "Mozilla/5.0 AppleWebKit/537.36 (KHTML, like Gecko; compatible; bingbot/2.0; +http://www.bing.com/bingbot.htm) Chrome/116.0.1938.76 Safari/537.36"
190.153.91.109 - - [30/Jul/2025:09:41:48 -0400] "POST /cludes/options HTTP/1.1" 200 44 "https://churchmr.com" "Mozilla/5.0 (Windows NT 6.1; rv:58.0) Gecko/20100101 Firefox/58.0"
52.167.144.136 - - [30/Jul/2025:09:41:51 -0400] "GET /?d=86249651260&filter=3bdd0d&share_to_url=shopdetail.php%3Fid%3D2922188%26name%3Dborn+kelisa+hot+sale+boots HTTP/1.1" 200 23614 "-" "Mozilla/5.0 AppleWebKit/537.36 (KHTML, like Gecko; compatible; bingbot/2.0; +http://www.bing.com/bingbot.htm) Chrome/116.0.1938.76 Safari/537.36"
203.189.184.117 - - [30/Jul/2025:09:41:55 -0400] "POST /cludes/options HTTP/1.1" 200 44 "https://churchmr.com" "Mozilla/5.0 (Windows NT 10.0; WOW64) AppleWebKit/537.36 (KHTML, like Gecko) Chrome/64.0.2576.92 Safari/537.36"
212.114.180.25 - - [30/Jul/2025:09:42:00 -0400] "POST /cludes/options HTTP/1.1" 200 44 "https://churchmr.com" "Mozilla/5.0 (Windows NT 10.0; Win64; x64) AppleWebKit/537.36 (KHTML, like Gecko) Chrome/66.0.2701.155 Safari/537.36"
186.94.173.55 - - [30/Jul/2025:09:42:01 -0400] "POST /cludes/options HTTP/1.1" 200 44 "https://churchmr.com" "Mozilla/5.0 (Windows NT 10.0; Win64; x64; rv:64.0) Gecko/20100101 Firefox/64.0"
181.121.5.210 - - [30/Jul/2025:09:42:04 -0400] "POST /cludes/options HTTP/1.1" 200 44 "https://churchmr.com" "Mozilla/5.0 (Windows NT 6.2; Win64; x64) AppleWebKit/537.36 (KHTML, like Gecko) Chrome/69.0.2221.81 Safari/537.36"
40.77.167.28 - - [30/Jul/2025:09:42:06 -0400] "GET /?d=90850528260&filter=141ae9&share_to_url=product.php%3Fid%3D3079246%26name%3Dsaint+seiya+forever+mochila HTTP/1.1" 200 22609 "-" "Mozilla/5.0 AppleWebKit/537.36 (KHTML, like Gecko; compatible; bingbot/2.0; +http://www.bing.com/bingbot.htm) Chrome/116.0.1938.76 Safari/537.36"
40.77.167.75 - - [30/Jul/2025:09:42:07 -0400] "GET /?d=96027653260&filter=f4b633&share_to_url=shopdetail.php?id=3253544&name=ellison%20mid%20century%20panel%20back HTTP/1.1" 200 24454 "-" "Mozilla/5.0 AppleWebKit/537.36 (KHTML, like Gecko; compatible; bingbot/2.0; +http://www.bing.com/bingbot.htm) Chrome/116.0.1938.76 Safari/537.36"
40.77.167.51 - - [30/Jul/2025:09:42:11 -0400] "GET /?d=75530832260&filter=ab67d8&share_to_url=model.php%3Fid%3D2559651%26name%3Dwinter+sale+herman+miller HTTP/1.1" 200 22806 "-" "Mozilla/5.0 AppleWebKit/537.36 (KHTML, like Gecko; compatible; bingbot/2.0; +http://www.bing.com/bingbot.htm) Chrome/116.0.1938.76 Safari/537.36"
40.77.167.51 - - [30/Jul/2025:09:42:12 -0400] "GET /?d=14880133260&filter=b873a7&share_to_url=article.php%3Fid%3D507578%26name%3Dheat+pumps+reduce+energy HTTP/1.1" 200 24813 "-" "Mozilla/5.0 AppleWebKit/537.36 (KHTML, like Gecko; compatible; bingbot/2.0; +http://www.bing.com/bingbot.htm) Chrome/116.0.1938.76 Safari/537.36"
143.202.3.22 - - [30/Jul/2025:09:42:14 -0400] "POST /cludes/options HTTP/1.1" 200 44 "https://churchmr.com" "Mozilla/5.0 (Windows NT 6.1; WOW64; rv:58.0) Gecko/20100101 Firefox/58.0"
190.114.44.241 - - [30/Jul/2025:09:42:17 -0400] "POST /cludes/options HTTP/1.1" 200 44 "https://churchmr.com" "Mozilla/5.0 (Windows NT 6.1) AppleWebKit/537.36 (KHTML, like Gecko) Chrome/64.0.3071.96 Safari/537.36"
185.135.108.32 - - [30/Jul/2025:09:42:21 -0400] "POST /cludes/options HTTP/1.1" 200 44 "https://churchmr.com" "Mozilla/5.0 (Windows NT 10.0; rv:51.0) Gecko/20100101 Firefox/51.0"
103.144.14.94 - - [30/Jul/2025:09:42:23 -0400] "POST /cludes/options HTTP/1.1" 200 44 "https://churchmr.com" "Mozilla/5.0 (compatible; MSIE 10.6; Windows NT 6.2; Trident/6.0; .NET CLR 2.0.50727; .NET CLR 3.5.30729; .NET CLR 3.0.30729; Media Center PC 6.0; .NET4.0C; .NET4.0E)"
178.80.2.125 - - [30/Jul/2025:09:42:24 -0400] "POST /cludes/options HTTP/1.1" 200 44 "https://churchmr.com" "Mozilla/5.0 (Windows NT 6.1; WOW64) AppleWebKit/537.36 (KHTML, like Gecko) Chrome/63.0.3272.13 Safari/537.36"
196.179.253.13 - - [30/Jul/2025:09:42:29 -0400] "POST /cludes/options HTTP/1.1" 200 44 "https://churchmr.com" "Mozilla/5.0 (Windows NT 6.2; WOW64) AppleWebKit/537.36 (KHTML, like Gecko) Chrome/64.0.3172.34 Safari/537.36"
52.167.144.136 - - [30/Jul/2025:09:42:31 -0400] "GET /?d=94847837260&filter=d627b2&share_to_url=model.php?id=3213831&name=trane%20single%20point%20power HTTP/1.1" 200 23825 "-" "Mozilla/5.0 AppleWebKit/537.36 (KHTML, like Gecko; compatible; bingbot/2.0; +http://www.bing.com/bingbot.htm) Chrome/116.0.1938.76 Safari/537.36"
52.167.144.136 - - [30/Jul/2025:09:42:31 -0400] "GET /?d=103029790260&filter=b6fea1&share_to_url=pin.php?id=3491622&name=glasses%20for%20the%20by HTTP/1.1" 200 24369 "-" "Mozilla/5.0 AppleWebKit/537.36 (KHTML, like Gecko; compatible; bingbot/2.0; +http://www.bing.com/bingbot.htm) Chrome/116.0.1938.76 Safari/537.36"
52.167.144.194 - - [30/Jul/2025:09:42:32 -0400] "GET /?d=97174084260&filter=ae4ca1&share_to_url=product-page.php%3Fid%3D3292588%26name%3Dwilson+junior+rackets+tennis HTTP/1.1" 200 22029 "-" "Mozilla/5.0 AppleWebKit/537.36 (KHTML, like Gecko; compatible; bingbot/2.0; +http://www.bing.com/bingbot.htm) Chrome/116.0.1938.76 Safari/537.36"
52.167.144.136 - - [30/Jul/2025:09:42:32 -0400] "GET /?d=111442612260&filter=01758e&share_to_url=detail.php?id=3774069&name=woody%20que%20se HTTP/1.1" 200 22992 "-" "Mozilla/5.0 AppleWebKit/537.36 (KHTML, like Gecko; compatible; bingbot/2.0; +http://www.bing.com/bingbot.htm) Chrome/116.0.1938.76 Safari/537.36"
52.167.144.194 - - [30/Jul/2025:09:42:32 -0400] "GET /?d=20532237260&filter=14708a&share_to_url=shop.php%3Fid%3D697831%26name%3De10+e+bike+chain HTTP/1.1" 200 22930 "-" "Mozilla/5.0 AppleWebKit/537.36 (KHTML, like Gecko; compatible; bingbot/2.0; +http://www.bing.com/bingbot.htm) Chrome/116.0.1938.76 Safari/537.36"
52.167.144.136 - - [30/Jul/2025:09:42:33 -0400] "GET /?d=49457746260&filter=050fa9&share_to_url=goods.php%3Fid%3D1681247%26name%3Dcortadora+corta+pelo HTTP/1.1" 200 23696 "-" "Mozilla/5.0 AppleWebKit/537.36 (KHTML, like Gecko; compatible; bingbot/2.0; +http://www.bing.com/bingbot.htm) Chrome/116.0.1938.76 Safari/537.36"
52.167.144.136 - - [30/Jul/2025:09:42:33 -0400] "GET /?d=97163306260&filter=063578&share_to_url=product-page.php?id=3292168&name=bazar%20san%20lorenzo%20de HTTP/1.1" 200 23804 "-" "Mozilla/5.0 AppleWebKit/537.36 (KHTML, like Gecko; compatible; bingbot/2.0; +http://www.bing.com/bingbot.htm) Chrome/116.0.1938.76 Safari/537.36"
40.77.167.62 - - [30/Jul/2025:09:42:35 -0400] "GET /?d=114685432260&filter=2da2ce&share_to_url=ideas.php?id=3883548&name=tatras%20graue%20daunenjacke%20gigi HTTP/1.1" 200 22756 "-" "Mozilla/5.0 AppleWebKit/537.36 (KHTML, like Gecko; compatible; bingbot/2.0; +http://www.bing.com/bingbot.htm) Chrome/116.0.1938.76 Safari/537.36"
40.77.167.51 - - [30/Jul/2025:09:42:37 -0400] "GET /?d=34623145260&filter=a98900&share_to_url=goods.php%3Fid%3D1177859%26name%3Dmah+jong+roche+bobois HTTP/1.1" 200 24050 "-" "Mozilla/5.0 AppleWebKit/537.36 (KHTML, like Gecko; compatible; bingbot/2.0; +http://www.bing.com/bingbot.htm) Chrome/116.0.1938.76 Safari/537.36"
102.89.83.244 - - [30/Jul/2025:09:42:37 -0400] "GET /dclm/program.php HTTP/1.1" 302 771 "-" "Mozilla/5.0 (Linux; Android 10; K) AppleWebKit/537.36 (KHTML, like Gecko) Chrome/135.0.0.0 Mobile Safari/537.36"
102.89.83.244 - - [30/Jul/2025:09:42:37 -0400] "GET /dclm/program HTTP/1.1" 302 0 "-" "Mozilla/5.0 (Linux; Android 10; K) AppleWebKit/537.36 (KHTML, like Gecko) Chrome/135.0.0.0 Mobile Safari/537.36"
102.89.83.244 - - [30/Jul/2025:09:42:38 -0400] "GET /login.php HTTP/1.1" 302 771 "-" "Mozilla/5.0 (Linux; Android 10; K) AppleWebKit/537.36 (KHTML, like Gecko) Chrome/135.0.0.0 Mobile Safari/537.36"
102.89.83.244 - - [30/Jul/2025:09:42:38 -0400] "GET /login HTTP/1.1" 302 0 "-" "Mozilla/5.0 (Linux; Android 10; K) AppleWebKit/537.36 (KHTML, like Gecko) Chrome/135.0.0.0 Mobile Safari/537.36"
40.77.167.51 - - [30/Jul/2025:09:42:37 -0400] "GET /?d=112924888260&filter=583eef&share_to_url=ideas.php%3Fid%3D3824424%26name%3Dpakistan+vs+zimbabwe+live HTTP/1.1" 200 23542 "-" "Mozilla/5.0 AppleWebKit/537.36 (KHTML, like Gecko; compatible; bingbot/2.0; +http://www.bing.com/bingbot.htm) Chrome/116.0.1938.76 Safari/537.36"
102.89.83.244 - - [30/Jul/2025:09:42:38 -0400] "GET /loginn.php HTTP/1.1" 302 771 "-" "Mozilla/5.0 (Linux; Android 10; K) AppleWebKit/537.36 (KHTML, like Gecko) Chrome/135.0.0.0 Mobile Safari/537.36"
102.89.83.244 - - [30/Jul/2025:09:42:38 -0400] "GET /loginn HTTP/1.1" 200 832 "-" "Mozilla/5.0 (Linux; Android 10; K) AppleWebKit/537.36 (KHTML, like Gecko) Chrome/135.0.0.0 Mobile Safari/537.36"
40.77.167.51 - - [30/Jul/2025:09:42:38 -0400] "GET /?d=18740732260&filter=b190c6&share_to_url=product.php%3Fid%3D636802%26name%3Ddondup+jeans+model HTTP/1.1" 200 23311 "-" "Mozilla/5.0 AppleWebKit/537.36 (KHTML, like Gecko; compatible; bingbot/2.0; +http://www.bing.com/bingbot.htm) Chrome/116.0.1938.76 Safari/537.36"
102.89.83.244 - - [30/Jul/2025:09:42:38 -0400] "GET /bootstrap/css/bootstrap.min.css HTTP/1.1" 200 18419 "https://www.churchmr.com/loginn" "Mozilla/5.0 (Linux; Android 10; K) AppleWebKit/537.36 (KHTML, like Gecko) Chrome/135.0.0.0 Mobile Safari/537.36"
102.89.83.244 - - [30/Jul/2025:09:42:38 -0400] "GET /dist/css/AdminLTE.min.css HTTP/1.1" 200 13899 "https://www.churchmr.com/loginn" "Mozilla/5.0 (Linux; Android 10; K) AppleWebKit/537.36 (KHTML, like Gecko) Chrome/135.0.0.0 Mobile Safari/537.36"
102.89.83.244 - - [30/Jul/2025:09:42:38 -0400] "GET /user/upload/user.jpg HTTP/1.1" 200 9265 "https://www.churchmr.com/loginn" "Mozilla/5.0 (Linux; Android 10; K) AppleWebKit/537.36 (KHTML, like Gecko) Chrome/135.0.0.0 Mobile Safari/537.36"
102.89.83.244 - - [30/Jul/2025:09:42:38 -0400] "GET /plugins/jQuery/jQuery-2.1.4.min.js HTTP/1.1" 200 30452 "https://www.churchmr.com/loginn" "Mozilla/5.0 (Linux; Android 10; K) AppleWebKit/537.36 (KHTML, like Gecko) Chrome/135.0.0.0 Mobile Safari/537.36"
102.89.83.244 - - [30/Jul/2025:09:42:38 -0400] "GET /bootstrap/js/bootstrap.min.js HTTP/1.1" 200 10885 "https://www.churchmr.com/loginn" "Mozilla/5.0 (Linux; Android 10; K) AppleWebKit/537.36 (KHTML, like Gecko) Chrome/135.0.0.0 Mobile Safari/537.36"
179.63.242.185 - - [30/Jul/2025:09:42:38 -0400] "POST /cludes/options HTTP/1.1" 200 44 "https://churchmr.com" "Mozilla/5.0 (Windows NT 10.0; Win64; x64) AppleWebKit/537.36 (KHTML, like Gecko) Chrome/67.0.2870.111 Safari/537.36"
102.89.83.244 - - [30/Jul/2025:09:42:39 -0400] "GET /bootstrap/fonts/glyphicons-halflings-regular.woff2 HTTP/1.1" 200 18028 "https://www.churchmr.com/bootstrap/css/bootstrap.min.css" "Mozilla/5.0 (Linux; Android 10; K) AppleWebKit/537.36 (KHTML, like Gecko) Chrome/135.0.0.0 Mobile Safari/537.36"
102.89.83.244 - - [30/Jul/2025:09:42:39 -0400] "GET /favicon.ico HTTP/1.1" 404 1251 "https://www.churchmr.com/loginn" "Mozilla/5.0 (Linux; Android 10; K) AppleWebKit/537.36 (KHTML, like Gecko) Chrome/135.0.0.0 Mobile Safari/537.36"
40.77.167.75 - - [30/Jul/2025:09:42:41 -0400] "GET /?d=117256025260&filter=400a61&share_to_url=model.php?id=3971235&name=this%20465%20mile%202009 HTTP/1.1" 200 24469 "-" "Mozilla/5.0 AppleWebKit/537.36 (KHTML, like Gecko; compatible; bingbot/2.0; +http://www.bing.com/bingbot.htm) Chrome/116.0.1938.76 Safari/537.36"
102.89.83.244 - - [30/Jul/2025:09:42:42 -0400] "POST /loginn HTTP/1.1" 302 5 "https://www.churchmr.com/loginn" "Mozilla/5.0 (Linux; Android 10; K) AppleWebKit/537.36 (KHTML, like Gecko) Chrome/135.0.0.0 Mobile Safari/537.36"
102.89.83.244 - - [30/Jul/2025:09:42:42 -0400] "GET /dclm/dashboard.php HTTP/1.1" 302 771 "https://www.churchmr.com/loginn" "Mozilla/5.0 (Linux; Android 10; K) AppleWebKit/537.36 (KHTML, like Gecko) Chrome/135.0.0.0 Mobile Safari/537.36"
102.89.83.244 - - [30/Jul/2025:09:42:42 -0400] "GET /dclm/dashboard HTTP/1.1" 302 1224 "https://www.churchmr.com/loginn" "Mozilla/5.0 (Linux; Android 10; K) AppleWebKit/537.36 (KHTML, like Gecko) Chrome/135.0.0.0 Mobile Safari/537.36"
102.89.83.244 - - [30/Jul/2025:09:42:42 -0400] "GET / HTTP/1.1" 302 0 "https://www.churchmr.com/loginn" "Mozilla/5.0 (Linux; Android 10; K) AppleWebKit/537.36 (KHTML, like Gecko) Chrome/135.0.0.0 Mobile Safari/537.36"
102.89.83.244 - - [30/Jul/2025:09:42:43 -0400] "GET /loginn.php HTTP/1.1" 302 771 "https://www.churchmr.com/loginn" "Mozilla/5.0 (Linux; Android 10; K) AppleWebKit/537.36 (KHTML, like Gecko) Chrome/135.0.0.0 Mobile Safari/537.36"
102.89.83.244 - - [30/Jul/2025:09:42:43 -0400] "GET /loginn HTTP/1.1" 200 832 "https://www.churchmr.com/loginn" "Mozilla/5.0 (Linux; Android 10; K) AppleWebKit/537.36 (KHTML, like Gecko) Chrome/135.0.0.0 Mobile Safari/537.36"
40.77.167.28 - - [30/Jul/2025:09:42:45 -0400] "GET /?d=63798254260&filter=14708a&share_to_url=item.php%3Fid%3D2163529%26name%3Dhow+effective+is+this HTTP/1.1" 200 24695 "-" "Mozilla/5.0 AppleWebKit/537.36 (KHTML, like Gecko; compatible; bingbot/2.0; +http://www.bing.com/bingbot.htm) Chrome/116.0.1938.76 Safari/537.36"
40.77.167.28 - - [30/Jul/2025:09:42:46 -0400] "GET /?d=15315307260&filter=edd546&share_to_url=pin.php%3Fid%3D522210%26name%3Dreview+playstation+gold HTTP/1.1" 200 22742 "-" "Mozilla/5.0 AppleWebKit/537.36 (KHTML, like Gecko; compatible; bingbot/2.0; +http://www.bing.com/bingbot.htm) Chrome/116.0.1938.76 Safari/537.36"
40.77.167.28 - - [30/Jul/2025:09:42:47 -0400] "GET /?d=15575089260&filter=c79531&share_to_url=item.php%3Fid%3D530833%26name%3Dlalaloopsy+doll+bluebell+dewdrop HTTP/1.1" 200 23638 "-" "Mozilla/5.0 AppleWebKit/537.36 (KHTML, like Gecko; compatible; bingbot/2.0; +http://www.bing.com/bingbot.htm) Chrome/116.0.1938.76 Safari/537.36"
40.77.167.28 - - [30/Jul/2025:09:42:47 -0400] "GET /?d=35925800260&filter=2aa707&share_to_url=item.php%3Fid%3D1220629%26name%3Djbl+eon615+000w+powered HTTP/1.1" 200 22782 "-" "Mozilla/5.0 AppleWebKit/537.36 (KHTML, like Gecko; compatible; bingbot/2.0; +http://www.bing.com/bingbot.htm) Chrome/116.0.1938.76 Safari/537.36"
40.77.167.51 - - [30/Jul/2025:09:42:48 -0400] "GET /?d=68096341260&filter=30b959&share_to_url=ideas.php%3Fid%3D2308248%26name%3Dbe+a+shooter HTTP/1.1" 200 23794 "-" "Mozilla/5.0 AppleWebKit/537.36 (KHTML, like Gecko; compatible; bingbot/2.0; +http://www.bing.com/bingbot.htm) Chrome/116.0.1938.76 Safari/537.36"
40.77.167.28 - - [30/Jul/2025:09:42:48 -0400] "GET /?d=36340463260&filter=00cbe3&share_to_url=shop.php%3Fid%3D1234363%26name%3Ddon+roberto+jewelers HTTP/1.1" 200 24045 "-" "Mozilla/5.0 AppleWebKit/537.36 (KHTML, like Gecko; compatible; bingbot/2.0; +http://www.bing.com/bingbot.htm) Chrome/116.0.1938.76 Safari/537.36"
102.89.83.244 - - [30/Jul/2025:09:42:50 -0400] "POST /loginn HTTP/1.1" 302 5 "https://www.churchmr.com/loginn" "Mozilla/5.0 (Linux; Android 10; K) AppleWebKit/537.36 (KHTML, like Gecko) Chrome/135.0.0.0 Mobile Safari/537.36"
40.77.167.51 - - [30/Jul/2025:09:42:50 -0400] "GET /?d=70783983260&filter=b2e434&share_to_url=item.php%3Fid%3D2398621%26name%3Dtips+tricks+to+exercise HTTP/1.1" 200 23439 "-" "Mozilla/5.0 AppleWebKit/537.36 (KHTML, like Gecko; compatible; bingbot/2.0; +http://www.bing.com/bingbot.htm) Chrome/116.0.1938.76 Safari/537.36"
102.89.83.244 - - [30/Jul/2025:09:42:50 -0400] "GET /dclm/program.php HTTP/1.1" 302 771 "https://www.churchmr.com/loginn" "Mozilla/5.0 (Linux; Android 10; K) AppleWebKit/537.36 (KHTML, like Gecko) Chrome/135.0.0.0 Mobile Safari/537.36"
102.89.83.244 - - [30/Jul/2025:09:42:51 -0400] "GET /dclm/program HTTP/1.1" 200 6212 "https://www.churchmr.com/loginn" "Mozilla/5.0 (Linux; Android 10; K) AppleWebKit/537.36 (KHTML, like Gecko) Chrome/135.0.0.0 Mobile Safari/537.36"
102.89.83.244 - - [30/Jul/2025:09:42:51 -0400] "GET /plugins/daterangepicker/daterangepicker-bs3.css HTTP/1.1" 200 1337 "https://www.churchmr.com/dclm/program" "Mozilla/5.0 (Linux; Android 10; K) AppleWebKit/537.36 (KHTML, like Gecko) Chrome/135.0.0.0 Mobile Safari/537.36"
102.89.83.244 - - [30/Jul/2025:09:42:51 -0400] "GET /plugins/iCheck/all.css HTTP/1.1" 200 244 "https://www.churchmr.com/dclm/program" "Mozilla/5.0 (Linux; Android 10; K) AppleWebKit/537.36 (KHTML, like Gecko) Chrome/135.0.0.0 Mobile Safari/537.36"
102.89.83.244 - - [30/Jul/2025:09:42:51 -0400] "GET /plugins/select2/select2.min.css HTTP/1.1" 200 1736 "https://www.churchmr.com/dclm/program" "Mozilla/5.0 (Linux; Android 10; K) AppleWebKit/537.36 (KHTML, like Gecko) Chrome/135.0.0.0 Mobile Safari/537.36"
102.89.83.244 - - [30/Jul/2025:09:42:51 -0400] "GET /plugins/colorpicker/bootstrap-colorpicker.min.css HTTP/1.1" 200 752 "https://www.churchmr.com/dclm/program" "Mozilla/5.0 (Linux; Android 10; K) AppleWebKit/537.36 (KHTML, like Gecko) Chrome/135.0.0.0 Mobile Safari/537.36"
102.89.83.244 - - [30/Jul/2025:09:42:51 -0400] "GET /dist/css/skins/_all-skins.min.css HTTP/1.1" 200 3249 "https://www.churchmr.com/dclm/program" "Mozilla/5.0 (Linux; Android 10; K) AppleWebKit/537.36 (KHTML, like Gecko) Chrome/135.0.0.0 Mobile Safari/537.36"
102.89.83.244 - - [30/Jul/2025:09:42:51 -0400] "GET /plugins/timepicker/bootstrap-timepicker.min.css HTTP/1.1" 200 633 "https://www.churchmr.com/dclm/program" "Mozilla/5.0 (Linux; Android 10; K) AppleWebKit/537.36 (KHTML, like Gecko) Chrome/135.0.0.0 Mobile Safari/537.36"
102.89.83.244 - - [30/Jul/2025:09:42:51 -0400] "GET /dclm/upload/user.jpg HTTP/1.1" 200 9265 "https://www.churchmr.com/dclm/program" "Mozilla/5.0 (Linux; Android 10; K) AppleWebKit/537.36 (KHTML, like Gecko) Chrome/135.0.0.0 Mobile Safari/537.36"
102.89.83.244 - - [30/Jul/2025:09:42:51 -0400] "GET /plugins/select2/select2.full.min.js HTTP/1.1" 200 20348 "https://www.churchmr.com/dclm/program" "Mozilla/5.0 (Linux; Android 10; K) AppleWebKit/537.36 (KHTML, like Gecko) Chrome/135.0.0.0 Mobile Safari/537.36"
40.77.167.51 - - [30/Jul/2025:09:42:51 -0400] "GET /?d=41041000260&filter=b11a05&share_to_url=discover.php%3Fid%3D1393601%26name%3Dmade+with+crystallized HTTP/1.1" 200 24114 "-" "Mozilla/5.0 AppleWebKit/537.36 (KHTML, like Gecko; compatible; bingbot/2.0; +http://www.bing.com/bingbot.htm) Chrome/116.0.1938.76 Safari/537.36"
102.89.83.244 - - [30/Jul/2025:09:42:51 -0400] "GET /plugins/iCheck/minimal/_all.css HTTP/1.1" 200 844 "https://www.churchmr.com/plugins/iCheck/all.css" "Mozilla/5.0 (Linux; Android 10; K) AppleWebKit/537.36 (KHTML, like Gecko) Chrome/135.0.0.0 Mobile Safari/537.36"
102.89.83.244 - - [30/Jul/2025:09:42:51 -0400] "GET /plugins/iCheck/flat/_all.css HTTP/1.1" 200 870 "https://www.churchmr.com/plugins/iCheck/all.css" "Mozilla/5.0 (Linux; Android 10; K) AppleWebKit/537.36 (KHTML, like Gecko) Chrome/135.0.0.0 Mobile Safari/537.36"
102.89.83.244 - - [30/Jul/2025:09:42:51 -0400] "GET /plugins/iCheck/square/_all.css HTTP/1.1" 200 932 "https://www.churchmr.com/plugins/iCheck/all.css" "Mozilla/5.0 (Linux; Android 10; K) AppleWebKit/537.36 (KHTML, like Gecko) Chrome/135.0.0.0 Mobile Safari/537.36"
102.89.83.244 - - [30/Jul/2025:09:42:51 -0400] "GET /plugins/iCheck/line/_all.css HTTP/1.1" 200 1543 "https://www.churchmr.com/plugins/iCheck/all.css" "Mozilla/5.0 (Linux; Android 10; K) AppleWebKit/537.36 (KHTML, like Gecko) Chrome/135.0.0.0 Mobile Safari/537.36"
102.89.83.244 - - [30/Jul/2025:09:42:51 -0400] "GET /plugins/iCheck/futurico/futurico.css HTTP/1.1" 200 354 "https://www.churchmr.com/plugins/iCheck/all.css" "Mozilla/5.0 (Linux; Android 10; K) AppleWebKit/537.36 (KHTML, like Gecko) Chrome/135.0.0.0 Mobile Safari/537.36"
102.89.83.244 - - [30/Jul/2025:09:42:51 -0400] "GET /plugins/iCheck/polaris/polaris.css HTTP/1.1" 200 372 "https://www.churchmr.com/plugins/iCheck/all.css" "Mozilla/5.0 (Linux; Android 10; K) AppleWebKit/537.36 (KHTML, like Gecko) Chrome/135.0.0.0 Mobile Safari/537.36"
102.89.83.244 - - [30/Jul/2025:09:42:52 -0400] "GET /dclm/ajax.php?type=districtdata HTTP/1.1" 302 771 "https://www.churchmr.com/dclm/program" "Mozilla/5.0 (Linux; Android 10; K) AppleWebKit/537.36 (KHTML, like Gecko) Chrome/135.0.0.0 Mobile Safari/537.36"
102.89.83.244 - - [30/Jul/2025:09:42:52 -0400] "GET /dclm/ajax.php?type=weeklyrep HTTP/1.1" 302 771 "https://www.churchmr.com/dclm/program" "Mozilla/5.0 (Linux; Android 10; K) AppleWebKit/537.36 (KHTML, like Gecko) Chrome/135.0.0.0 Mobile Safari/537.36"
102.89.83.244 - - [30/Jul/2025:09:42:52 -0400] "GET /dclm/ajax.php?type=recentrep HTTP/1.1" 302 771 "https://www.churchmr.com/dclm/program" "Mozilla/5.0 (Linux; Android 10; K) AppleWebKit/537.36 (KHTML, like Gecko) Chrome/135.0.0.0 Mobile Safari/537.36"
102.89.83.244 - - [30/Jul/2025:09:42:52 -0400] "GET /dclm/ajax.php?type=pendingrep HTTP/1.1" 302 771 "https://www.churchmr.com/dclm/program" "Mozilla/5.0 (Linux; Android 10; K) AppleWebKit/537.36 (KHTML, like Gecko) Chrome/135.0.0.0 Mobile Safari/537.36"
102.89.83.244 - - [30/Jul/2025:09:42:52 -0400] "GET /dclm/ajax?type=districtdata HTTP/1.1" 200 83 "https://www.churchmr.com/dclm/program" "Mozilla/5.0 (Linux; Android 10; K) AppleWebKit/537.36 (KHTML, like Gecko) Chrome/135.0.0.0 Mobile Safari/537.36"
40.77.167.51 - - [30/Jul/2025:09:42:52 -0400] "GET /?d=60868749260&filter=fd45ef&share_to_url=model.php%3Fid%3D2064963%26name%3Dnew+funny+junior HTTP/1.1" 200 24964 "-" "Mozilla/5.0 AppleWebKit/537.36 (KHTML, like Gecko; compatible; bingbot/2.0; +http://www.bing.com/bingbot.htm) Chrome/116.0.1938.76 Safari/537.36"
102.89.83.244 - - [30/Jul/2025:09:42:52 -0400] "GET /dclm/ajax?type=weeklyrep HTTP/1.1" 200 346 "https://www.churchmr.com/dclm/program" "Mozilla/5.0 (Linux; Android 10; K) AppleWebKit/537.36 (KHTML, like Gecko) Chrome/135.0.0.0 Mobile Safari/537.36"
40.77.167.51 - - [30/Jul/2025:09:42:52 -0400] "GET /?d=79456331260&filter=dc973f&share_to_url=product.php%3Fid%3D2691178%26name%3Dtrimtec+2400w+lawn+mower HTTP/1.1" 200 23793 "-" "Mozilla/5.0 AppleWebKit/537.36 (KHTML, like Gecko; compatible; bingbot/2.0; +http://www.bing.com/bingbot.htm) Chrome/116.0.1938.76 Safari/537.36"
102.89.83.244 - - [30/Jul/2025:09:42:52 -0400] "GET /dclm/ajax?type=recentrep HTTP/1.1" 200 692 "https://www.churchmr.com/dclm/program" "Mozilla/5.0 (Linux; Android 10; K) AppleWebKit/537.36 (KHTML, like Gecko) Chrome/135.0.0.0 Mobile Safari/537.36"
40.77.167.51 - - [30/Jul/2025:09:42:53 -0400] "GET /?d=88100904260&filter=ec7398&share_to_url=item.php%3Fid%3D2985349%26name%3Dyeti+coolers+bbq+and HTTP/1.1" 200 23389 "-" "Mozilla/5.0 AppleWebKit/537.36 (KHTML, like Gecko; compatible; bingbot/2.0; +http://www.bing.com/bingbot.htm) Chrome/116.0.1938.76 Safari/537.36"
52.167.144.194 - - [30/Jul/2025:09:42:55 -0400] "GET /?d=32791369260&filter=edd546&share_to_url=goods.php%3Fid%3D1115015%26name%3Dupc+190198447036 HTTP/1.1" 200 22848 "-" "Mozilla/5.0 AppleWebKit/537.36 (KHTML, like Gecko; compatible; bingbot/2.0; +http://www.bing.com/bingbot.htm) Chrome/116.0.1938.76 Safari/537.36"
40.77.167.62 - - [30/Jul/2025:09:42:56 -0400] "GET /?d=92111772260&filter=f068d5&share_to_url=article.php%3Fid%3D3120422%26name%3Dflp+007+standby+transit HTTP/1.1" 200 21829 "-" "Mozilla/5.0 AppleWebKit/537.36 (KHTML, like Gecko; compatible; bingbot/2.0; +http://www.bing.com/bingbot.htm) Chrome/116.0.1938.76 Safari/537.36"
52.167.144.194 - - [30/Jul/2025:09:42:56 -0400] "GET /?d=4123493260&filter=4d7b9c&share_to_url=ideas.php%3Fid%3D142404%26name%3Dlego+minecraft+the HTTP/1.1" 200 22911 "-" "Mozilla/5.0 AppleWebKit/537.36 (KHTML, like Gecko; compatible; bingbot/2.0; +http://www.bing.com/bingbot.htm) Chrome/116.0.1938.76 Safari/537.36"
222.252.205.208 - - [30/Jul/2025:09:42:57 -0400] "POST /cludes/options HTTP/1.1" 200 44 "https://churchmr.com" "Mozilla/5.0 (Windows NT 6.1) AppleWebKit/537.36 (KHTML, like Gecko) Chrome/66.0.3025.88 Safari/537.36"
52.167.144.194 - - [30/Jul/2025:09:42:56 -0400] "GET /?d=56574499260&filter=03bb2d&share_to_url=product.php%3Fid%3D1920934%26name%3Dracer+jacket+anejo HTTP/1.1" 200 23983 "-" "Mozilla/5.0 AppleWebKit/537.36 (KHTML, like Gecko; compatible; bingbot/2.0; +http://www.bing.com/bingbot.htm) Chrome/116.0.1938.76 Safari/537.36"
52.167.144.194 - - [30/Jul/2025:09:42:57 -0400] "GET /?d=60624621260&filter=efc4ff&share_to_url=ideas.php%3Fid%3D2057112%26name%3Dbenorganic+s+video+tweet HTTP/1.1" 200 23566 "-" "Mozilla/5.0 AppleWebKit/537.36 (KHTML, like Gecko; compatible; bingbot/2.0; +http://www.bing.com/bingbot.htm) Chrome/116.0.1938.76 Safari/537.36"
52.167.144.194 - - [30/Jul/2025:09:42:58 -0400] "GET /?d=60678806260&filter=b2e434&share_to_url=pin.php%3Fid%3D2058918%26name%3Dtuesdaytip+this+week HTTP/1.1" 200 24357 "-" "Mozilla/5.0 AppleWebKit/537.36 (KHTML, like Gecko; compatible; bingbot/2.0; +http://www.bing.com/bingbot.htm) Chrome/116.0.1938.76 Safari/537.36"
52.167.144.194 - - [30/Jul/2025:09:42:59 -0400] "GET /?d=84787308260&filter=7728c2&share_to_url=detail.php%3Fid%3D2871681%26name%3Dlive+love+teach HTTP/1.1" 200 23463 "-" "Mozilla/5.0 AppleWebKit/537.36 (KHTML, like Gecko; compatible; bingbot/2.0; +http://www.bing.com/bingbot.htm) Chrome/116.0.1938.76 Safari/537.36"
52.167.144.194 - - [30/Jul/2025:09:43:00 -0400] "GET /?d=89021263260&filter=d07a8e&share_to_url=goods.php%3Fid%3D3017051%26name%3Dqiwa+c13+mini HTTP/1.1" 200 22744 "-" "Mozilla/5.0 AppleWebKit/537.36 (KHTML, like Gecko; compatible; bingbot/2.0; +http://www.bing.com/bingbot.htm) Chrome/116.0.1938.76 Safari/537.36"
40.77.167.75 - - [30/Jul/2025:09:43:00 -0400] "GET /?d=114044640260&filter=a6f92d&share_to_url=detail.php?id=3862317&name=champion%20jacket%20men HTTP/1.1" 200 23670 "-" "Mozilla/5.0 AppleWebKit/537.36 (KHTML, like Gecko; compatible; bingbot/2.0; +http://www.bing.com/bingbot.htm) Chrome/116.0.1938.76 Safari/537.36"
40.77.167.28 - - [30/Jul/2025:09:43:01 -0400] "GET /?d=57806402260&filter=ab67d8&share_to_url=product.php%3Fid%3D1962694%26name%3Dbeachmall+profile HTTP/1.1" 200 24271 "-" "Mozilla/5.0 AppleWebKit/537.36 (KHTML, like Gecko; compatible; bingbot/2.0; +http://www.bing.com/bingbot.htm) Chrome/116.0.1938.76 Safari/537.36"
40.77.167.28 - - [30/Jul/2025:09:43:01 -0400] "GET /?d=90535160260&filter=ab67d8&share_to_url=goods.php%3Fid%3D3068495%26name%3Dfranco+albini+large HTTP/1.1" 200 24380 "-" "Mozilla/5.0 AppleWebKit/537.36 (KHTML, like Gecko; compatible; bingbot/2.0; +http://www.bing.com/bingbot.htm) Chrome/116.0.1938.76 Safari/537.36"
49.37.113.172 - - [30/Jul/2025:09:43:03 -0400] "POST /cludes/options HTTP/1.1" 200 44 "https://churchmr.com" "Mozilla/5.0 (Windows NT 6.2) AppleWebKit/537.36 (KHTML, like Gecko) Chrome/69.0.2486.160 Safari/537.36"
102.89.83.244 - - [30/Jul/2025:09:42:52 -0400] "GET /dclm/ajax?type=pendingrep HTTP/1.1" 200 424 "https://www.churchmr.com/dclm/program" "Mozilla/5.0 (Linux; Android 10; K) AppleWebKit/537.36 (KHTML, like Gecko) Chrome/135.0.0.0 Mobile Safari/537.36"
112.78.133.160 - - [30/Jul/2025:09:43:07 -0400] "POST /cludes/options HTTP/1.1" 200 44 "https://churchmr.com" "Mozilla/5.0 (Windows NT 6.1; Win64; x64) AppleWebKit/537.36 (KHTML, like Gecko) Chrome/64.0.3244.110 Safari/537.36"
52.167.144.194 - - [30/Jul/2025:09:43:10 -0400] "GET /?d=90954122260&filter=275deb&share_to_url=shop.php%3Fid%3D3082567%26name%3D32+50th+day+of HTTP/1.1" 200 23866 "-" "Mozilla/5.0 AppleWebKit/537.36 (KHTML, like Gecko; compatible; bingbot/2.0; +http://www.bing.com/bingbot.htm) Chrome/116.0.1938.76 Safari/537.36"
129.224.215.194 - - [30/Jul/2025:09:43:14 -0400] "POST /cludes/options HTTP/1.1" 200 44 "https://churchmr.com" "Mozilla/5.0 (Windows NT 6.1; WOW64) AppleWebKit/537.36 (KHTML, like Gecko) Chrome/68.0.3126.143 Safari/537.36"
187.19.222.219 - - [30/Jul/2025:09:43:20 -0400] "POST /cludes/options HTTP/1.1" 200 44 "https://churchmr.com" "Mozilla/5.0 (Windows NT 6.1; WOW64) AppleWebKit/537.36 (KHTML, like Gecko) Chrome/64.0.2156.148 Safari/537.36"
38.222.99.137 - - [30/Jul/2025:09:43:24 -0400] "POST /cludes/options HTTP/1.1" 200 44 "https://churchmr.com" "Mozilla/5.0 (Windows NT 10.0) AppleWebKit/537.36 (KHTML, like Gecko) Chrome/66.0.2104.63 Safari/537.36"
27.64.194.56 - - [30/Jul/2025:09:43:26 -0400] "POST /cludes/options HTTP/1.1" 200 44 "https://churchmr.com" "Mozilla/5.0 (Windows NT 10.0; WOW64) AppleWebKit/537.36 (KHTML, like Gecko) Chrome/63.0.2214.118 Safari/537.36"
40.77.167.51 - - [30/Jul/2025:09:43:26 -0400] "GET /?d=87573832260&filter=2343c6&share_to_url=product.php%3Fid%3D2967454%26name%3Dd96137+harley+davidson HTTP/1.1" 200 22436 "-" "Mozilla/5.0 AppleWebKit/537.36 (KHTML, like Gecko; compatible; bingbot/2.0; +http://www.bing.com/bingbot.htm) Chrome/116.0.1938.76 Safari/537.36"
206.84.169.67 - - [30/Jul/2025:09:43:27 -0400] "POST /cludes/options HTTP/1.1" 200 44 "https://churchmr.com" "Mozilla/5.0 (Windows NT 6.1; WOW64) AppleWebKit/537.36 (KHTML, like Gecko) Chrome/66.0.2188.44 Safari/537.36"
40.77.167.51 - - [30/Jul/2025:09:43:27 -0400] "GET /?d=110035816260&filter=61fa9d&share_to_url=product-page.php%3Fid%3D3724168%26name%3D45w+original+type HTTP/1.1" 200 23393 "-" "Mozilla/5.0 AppleWebKit/537.36 (KHTML, like Gecko; compatible; bingbot/2.0; +http://www.bing.com/bingbot.htm) Chrome/116.0.1938.76 Safari/537.36"
40.77.167.51 - - [30/Jul/2025:09:43:28 -0400] "GET /?d=65992522260&filter=9fddd6&share_to_url=model.php%3Fid%3D2237367%26name%3Dat+the+crank HTTP/1.1" 200 24480 "-" "Mozilla/5.0 AppleWebKit/537.36 (KHTML, like Gecko; compatible; bingbot/2.0; +http://www.bing.com/bingbot.htm) Chrome/116.0.1938.76 Safari/537.36"
40.77.167.51 - - [30/Jul/2025:09:43:29 -0400] "GET /?d=50876012260&filter=15d3b1&share_to_url=model.php%3Fid%3D1729371%26name%3Dpneumatic+mini HTTP/1.1" 200 23396 "-" "Mozilla/5.0 AppleWebKit/537.36 (KHTML, like Gecko; compatible; bingbot/2.0; +http://www.bing.com/bingbot.htm) Chrome/116.0.1938.76 Safari/537.36"
40.77.167.51 - - [30/Jul/2025:09:43:29 -0400] "GET /?d=103288342260&filter=f52d8d&share_to_url=shopdetail.php%3Fid%3D3500276%26name%3Dfondos+en+paralelas+sin HTTP/1.1" 200 23833 "-" "Mozilla/5.0 AppleWebKit/537.36 (KHTML, like Gecko; compatible; bingbot/2.0; +http://www.bing.com/bingbot.htm) Chrome/116.0.1938.76 Safari/537.36"
45.70.114.147 - - [30/Jul/2025:09:43:33 -0400] "POST /cludes/options HTTP/1.1" 200 44 "https://churchmr.com" "Mozilla/5.0 (Windows NT 6.3; WOW64) AppleWebKit/537.36 (KHTML, like Gecko) Chrome/62.0.2146.138 Safari/537.36"
154.143.115.177 - - [30/Jul/2025:09:43:33 -0400] "POST /cludes/options HTTP/1.1" 200 44 "https://churchmr.com" "Mozilla/5.0 (Windows NT 6.1; rv:51.0) Gecko/20100101 Firefox/51.0"
40.77.167.28 - - [30/Jul/2025:09:43:35 -0400] "GET /?d=63122265260&filter=8a0e81&share_to_url=article.php%3Fid%3D2140430%26name%3Dsash+atopic+dermatitis HTTP/1.1" 200 22557 "-" "Mozilla/5.0 AppleWebKit/537.36 (KHTML, like Gecko; compatible; bingbot/2.0; +http://www.bing.com/bingbot.htm) Chrome/116.0.1938.76 Safari/537.36"
179.62.85.37 - - [30/Jul/2025:09:43:36 -0400] "POST /cludes/options HTTP/1.1" 200 44 "https://churchmr.com" "Mozilla/5.0 (Windows NT 10.0; WOW64; rv:51.0) Gecko/20100101 Firefox/51.0"
40.77.167.28 - - [30/Jul/2025:09:43:36 -0400] "GET /?d=39339081260&filter=cdc800&share_to_url=model.php%3Fid%3D1335267%26name%3Dvintage+cheap+nike HTTP/1.1" 200 23256 "-" "Mozilla/5.0 AppleWebKit/537.36 (KHTML, like Gecko; compatible; bingbot/2.0; +http://www.bing.com/bingbot.htm) Chrome/116.0.1938.76 Safari/537.36"
52.167.144.194 - - [30/Jul/2025:09:43:41 -0400] "GET /?d=32311279260&filter=e09080&share_to_url=item.php%3Fid%3D1098157%26name%3Dthe+best+stainless+steel+seamaster HTTP/1.1" 200 22995 "-" "Mozilla/5.0 AppleWebKit/537.36 (KHTML, like Gecko; compatible; bingbot/2.0; +http://www.bing.com/bingbot.htm) Chrome/116.0.1938.76 Safari/537.36"
52.167.144.194 - - [30/Jul/2025:09:43:41 -0400] "GET /?d=80025738260&filter=e86b2c&share_to_url=pin.php%3Fid%3D2710290%26name%3Dy+knit+cable+vest HTTP/1.1" 200 24563 "-" "Mozilla/5.0 AppleWebKit/537.36 (KHTML, like Gecko; compatible; bingbot/2.0; +http://www.bing.com/bingbot.htm) Chrome/116.0.1938.76 Safari/537.36"
52.167.144.194 - - [30/Jul/2025:09:43:42 -0400] "GET /?d=2220730260&filter=14708a&share_to_url=detail.php%3Fid%3D77373%26name%3Dpostmates+bike+delivery+2024 HTTP/1.1" 200 23547 "-" "Mozilla/5.0 AppleWebKit/537.36 (KHTML, like Gecko; compatible; bingbot/2.0; +http://www.bing.com/bingbot.htm) Chrome/116.0.1938.76 Safari/537.36"
175.110.152.92 - - [30/Jul/2025:09:43:50 -0400] "POST /cludes/options HTTP/1.1" 200 44 "https://churchmr.com" "Mozilla/5.0 (Windows NT 6.3; Win64; x64) AppleWebKit/537.36 (KHTML, like Gecko) Chrome/65.0.2893.26 Safari/537.36"
110.138.80.137 - - [30/Jul/2025:09:43:51 -0400] "POST /cludes/options HTTP/1.1" 200 44 "https://churchmr.com" "Mozilla/5.0 (Windows NT 10.0; Win64; x64; rv:58.0) Gecko/20100101 Firefox/58.0"
154.249.186.173 - - [30/Jul/2025:09:43:54 -0400] "POST /cludes/options HTTP/1.1" 200 44 "https://churchmr.com" "Mozilla/5.0 (Windows NT 6.1; WOW64) AppleWebKit/537.36 (KHTML, like Gecko) Chrome/62.0.2517.105 Safari/537.36"
131.196.59.47 - - [30/Jul/2025:09:44:05 -0400] "POST /cludes/options HTTP/1.1" 200 44 "https://churchmr.com" "Mozilla/5.0 (Windows NT 6.1; WOW64) AppleWebKit/537.36 (KHTML, like Gecko) Chrome/64.0.2774.91 Safari/537.36"
27.72.230.11 - - [30/Jul/2025:09:44:08 -0400] "POST /cludes/options HTTP/1.1" 200 44 "https://churchmr.com" "Opera/9.80 (Windows NT 6.1); U) Presto/2.12.388 Version/12.14"
176.28.245.213 - - [30/Jul/2025:09:44:17 -0400] "POST /cludes/options HTTP/1.1" 200 44 "https://churchmr.com" "Opera/9.80 (iOS; Opera Mini/7.0.73345/28.2555; U; ru) Presto/2.10.229 Version/11.62"
52.167.144.136 - - [30/Jul/2025:09:44:20 -0400] "GET /?d=105806356260&filter=3b569e&share_to_url=discover.php?id=3584009&name=lhc%20chenille%20throw HTTP/1.1" 200 23556 "-" "Mozilla/5.0 AppleWebKit/537.36 (KHTML, like Gecko; compatible; bingbot/2.0; +http://www.bing.com/bingbot.htm) Chrome/116.0.1938.76 Safari/537.36"
182.161.67.57 - - [30/Jul/2025:09:44:25 -0400] "POST /cludes/options HTTP/1.1" 200 44 "https://churchmr.com" "Mozilla/5.0 (Windows NT 6.3; Win64; x64) AppleWebKit/537.36 (KHTML, like Gecko) Chrome/62.0.2448.162 Safari/537.36"
40.77.167.28 - - [30/Jul/2025:09:44:25 -0400] "GET /?d=86508843260&filter=7bb540&share_to_url=product.php%3Fid%3D2931250%26name%3Dcinelli+gazzetta HTTP/1.1" 200 22826 "-" "Mozilla/5.0 AppleWebKit/537.36 (KHTML, like Gecko; compatible; bingbot/2.0; +http://www.bing.com/bingbot.htm) Chrome/116.0.1938.76 Safari/537.36"
154.251.51.122 - - [30/Jul/2025:09:44:27 -0400] "POST /cludes/options HTTP/1.1" 200 44 "https://churchmr.com" "Mozilla/5.0 (Windows NT 6.1) AppleWebKit/537.36 (KHTML, like Gecko) Chrome/69.0.3403.93 Safari/537.36"
196.235.212.106 - - [30/Jul/2025:09:44:29 -0400] "POST /cludes/options HTTP/1.1" 200 44 "https://churchmr.com" "Mozilla/5.0 (Windows NT 6.3; Win64; x64) AppleWebKit/537.36 (KHTML, like Gecko) Chrome/64.0.3007.86 Safari/537.36"
204.12.252.98 - - [30/Jul/2025:09:44:30 -0400] "GET /wp-includes/edit.php HTTP/1.1" 302 771 "https://churchmr.com/wp-includes/edit.php" "Mozilla/5.0 (Windows NT 10.0; Win64; x64) AppleWebKit/537.36 (KHTML, like Gecko) Chrome/58.0.3029.110 Safari/537.3"
204.12.252.98 - - [30/Jul/2025:09:44:30 -0400] "GET /wp-includes/edit HTTP/1.1" 404 1251 "https://churchmr.com/wp-includes/edit.php" "Mozilla/5.0 (Windows NT 10.0; Win64; x64) AppleWebKit/537.36 (KHTML, like Gecko) Chrome/58.0.3029.110 Safari/537.3"
40.77.167.51 - - [30/Jul/2025:09:44:30 -0400] "GET /?d=106952944260&filter=dd2742&share_to_url=article.php%3Fid%3D3622250%26name%3Dbicycle+pump+holder HTTP/1.1" 200 22930 "-" "Mozilla/5.0 AppleWebKit/537.36 (KHTML, like Gecko; compatible; bingbot/2.0; +http://www.bing.com/bingbot.htm) Chrome/116.0.1938.76 Safari/537.36"
40.77.167.51 - - [30/Jul/2025:09:44:33 -0400] "GET /?d=115844315260&filter=9a43ef&share_to_url=detail.php%3Fid%3D3922965%26name%3Dspeedo+turtle+float HTTP/1.1" 200 22571 "-" "Mozilla/5.0 AppleWebKit/537.36 (KHTML, like Gecko; compatible; bingbot/2.0; +http://www.bing.com/bingbot.htm) Chrome/116.0.1938.76 Safari/537.36"
171.236.70.76 - - [30/Jul/2025:09:44:43 -0400] "POST /cludes/options HTTP/1.1" 200 44 "https://churchmr.com" "Mozilla/5.0 (Windows NT 6.1; Win64; x64) AppleWebKit/537.36 (KHTML, like Gecko) Chrome/64.0.2556.77 Safari/537.36"
40.77.167.28 - - [30/Jul/2025:09:44:45 -0400] "GET /?d=100600177260&filter=0ab89c&share_to_url=product.php%3Fid%3D3409810%26name%3Dstylish+fur+coat+collection HTTP/1.1" 200 24412 "-" "Mozilla/5.0 AppleWebKit/537.36 (KHTML, like Gecko; compatible; bingbot/2.0; +http://www.bing.com/bingbot.htm) Chrome/116.0.1938.76 Safari/537.36"
182.253.124.176 - - [30/Jul/2025:09:44:52 -0400] "POST /cludes/options HTTP/1.1" 200 44 "https://churchmr.com" "Mozilla/5.0 (Windows NT 10.0; WOW64) AppleWebKit/537.36 (KHTML, like Gecko) Chrome/65.0.2972.142 Safari/537.36"
36.69.251.167 - - [30/Jul/2025:09:44:56 -0400] "POST /cludes/options HTTP/1.1" 200 44 "https://churchmr.com" "Mozilla/5.0 (Windows NT 6.2; WOW64) AppleWebKit/537.36 (KHTML, like Gecko) Chrome/69.0.2250.31 Safari/537.36"
40.77.167.51 - - [30/Jul/2025:09:44:57 -0400] "GET /?d=30723280260&filter=dc973f&share_to_url=discover.php%3Fid%3D1044365%26name%3Dgodby+s+lawn+2025+mower+shop HTTP/1.1" 200 23059 "-" "Mozilla/5.0 AppleWebKit/537.36 (KHTML, like Gecko; compatible; bingbot/2.0; +http://www.bing.com/bingbot.htm) Chrome/116.0.1938.76 Safari/537.36"
40.77.167.51 - - [30/Jul/2025:09:44:58 -0400] "GET /?d=16258289260&filter=edd546&share_to_url=item.php%3Fid%3D554425%26name%3Dthe+hiit+box HTTP/1.1" 200 24151 "-" "Mozilla/5.0 AppleWebKit/537.36 (KHTML, like Gecko; compatible; bingbot/2.0; +http://www.bing.com/bingbot.htm) Chrome/116.0.1938.76 Safari/537.36"
177.241.53.193 - - [30/Jul/2025:09:44:58 -0400] "POST /cludes/options HTTP/1.1" 200 44 "https://churchmr.com" "Mozilla/5.0 (Windows NT 6.3) AppleWebKit/537.36 (KHTML, like Gecko) Chrome/69.0.2126.57 Safari/537.36"
52.167.144.194 - - [30/Jul/2025:09:45:01 -0400] "GET /?d=100081686260&filter=6a394f&share_to_url=shopdetail.php%3Fid%3D3391952%26name%3Dvem+conferir+o+unboxing+do HTTP/1.1" 200 22627 "-" "Mozilla/5.0 AppleWebKit/537.36 (KHTML, like Gecko; compatible; bingbot/2.0; +http://www.bing.com/bingbot.htm) Chrome/116.0.1938.76 Safari/537.36"
114.10.26.205 - - [30/Jul/2025:09:45:06 -0400] "POST /cludes/options HTTP/1.1" 200 44 "https://churchmr.com" "Mozilla/5.0 (Windows NT 6.1; Win64; x64) AppleWebKit/537.36 (KHTML, like Gecko) Chrome/69.0.3443.158 Safari/537.36"
52.167.144.162 - - [30/Jul/2025:09:45:07 -0400] "GET /?d=114201308260&filter=133a7e&share_to_url=product.php?id=3867322&name=48%20rikard%208i HTTP/1.1" 200 22115 "-" "Mozilla/5.0 AppleWebKit/537.36 (KHTML, like Gecko; compatible; bingbot/2.0; +http://www.bing.com/bingbot.htm) Chrome/116.0.1938.76 Safari/537.36"
52.167.144.162 - - [30/Jul/2025:09:45:08 -0400] "GET /?d=102366929260&filter=2a5fdd&share_to_url=detail.php?id=3469857&name=compra%20chekich%20marca HTTP/1.1" 200 23178 "-" "Mozilla/5.0 AppleWebKit/537.36 (KHTML, like Gecko; compatible; bingbot/2.0; +http://www.bing.com/bingbot.htm) Chrome/116.0.1938.76 Safari/537.36"
38.10.253.80 - - [30/Jul/2025:09:45:15 -0400] "POST /cludes/options HTTP/1.1" 200 44 "https://churchmr.com" "Mozilla/5.0 (Windows NT 6.2; Win64; x64) AppleWebKit/537.36 (KHTML, like Gecko) Chrome/64.0.2863.24 Safari/537.36"
175.157.10.85 - - [30/Jul/2025:09:45:15 -0400] "POST /cludes/options HTTP/1.1" 200 44 "https://churchmr.com" "Mozilla/5.0 (Windows NT 6.3; WOW64) AppleWebKit/537.36 (KHTML, like Gecko) Chrome/62.0.2915.102 Safari/537.36"
82.114.170.198 - - [30/Jul/2025:09:45:22 -0400] "POST /cludes/options HTTP/1.1" 200 44 "https://churchmr.com" "Mozilla/5.0 (Windows NT 6.1; Win64; x64) AppleWebKit/537.36 (KHTML, like Gecko) Chrome/63.0.2668.18 Safari/537.36"
102.89.83.244 - - [30/Jul/2025:09:45:23 -0400] "GET /dclm/ajax.php?type=addreport&a1=2&a2=3&a3=&a4=&a5=3&a6=4&a7=&a8=&a9=&a10=&a11=&pid=4454&prog=MONDAY%20BIBLE%20STUDY&pdate=28-JUL-2025 HTTP/1.1" 302 771 "https://www.churchmr.com/dclm/program" "Mozilla/5.0 (Linux; Android 10; K) AppleWebKit/537.36 (KHTML, like Gecko) Chrome/135.0.0.0 Mobile Safari/537.36"
102.89.83.244 - - [30/Jul/2025:09:45:23 -0400] "GET /dclm/ajax?type=addreport&a1=2&a2=3&a3=&a4=&a5=3&a6=4&a7=&a8=&a9=&a10=&a11=&pid=4454&prog=MONDAY%20BIBLE%20STUDY&pdate=28-JUL-2025 HTTP/1.1" 200 145 "https://www.churchmr.com/dclm/program" "Mozilla/5.0 (Linux; Android 10; K) AppleWebKit/537.36 (KHTML, like Gecko) Chrome/135.0.0.0 Mobile Safari/537.36"
102.89.83.244 - - [30/Jul/2025:09:45:24 -0400] "GET /dclm/ajax.php?type=weeklyrep HTTP/1.1" 302 771 "https://www.churchmr.com/dclm/program" "Mozilla/5.0 (Linux; Android 10; K) AppleWebKit/537.36 (KHTML, like Gecko) Chrome/135.0.0.0 Mobile Safari/537.36"
102.89.83.244 - - [30/Jul/2025:09:45:24 -0400] "GET /dclm/ajax.php?type=recentrep HTTP/1.1" 302 771 "https://www.churchmr.com/dclm/program" "Mozilla/5.0 (Linux; Android 10; K) AppleWebKit/537.36 (KHTML, like Gecko) Chrome/135.0.0.0 Mobile Safari/537.36"
102.89.83.244 - - [30/Jul/2025:09:45:24 -0400] "GET /dclm/ajax.php?type=pendingrep HTTP/1.1" 302 771 "https://www.churchmr.com/dclm/program" "Mozilla/5.0 (Linux; Android 10; K) AppleWebKit/537.36 (KHTML, like Gecko) Chrome/135.0.0.0 Mobile Safari/537.36"
102.89.83.244 - - [30/Jul/2025:09:45:24 -0400] "GET /dclm/ajax?type=weeklyrep HTTP/1.1" 200 553 "https://www.churchmr.com/dclm/program" "Mozilla/5.0 (Linux; Android 10; K) AppleWebKit/537.36 (KHTML, like Gecko) Chrome/135.0.0.0 Mobile Safari/537.36"
40.77.167.28 - - [30/Jul/2025:09:45:25 -0400] "GET /?d=106098250260&filter=0ab89c&share_to_url=ideas.php%3Fid%3D3593712%26name%3Dsteampunk+mantel+herren HTTP/1.1" 200 24531 "-" "Mozilla/5.0 AppleWebKit/537.36 (KHTML, like Gecko; compatible; bingbot/2.0; +http://www.bing.com/bingbot.htm) Chrome/116.0.1938.76 Safari/537.36"
14.195.46.42 - - [30/Jul/2025:09:45:27 -0400] "POST /cludes/options HTTP/1.1" 200 44 "https://churchmr.com" "Mozilla/5.0 (Windows NT 6.1; Win64; x64) AppleWebKit/537.36 (KHTML, like Gecko) Chrome/62.0.2499.48 Safari/537.36"
