52.167.144.194 - - [30/Jul/2025:09:50:51 -0400] "GET /?d=56447871260&filter=14708a&share_to_url=model.php%3Fid%3D1916823%26name%3Dhero+2024+cycle+racing HTTP/1.1" 200 23756 "-" "Mozilla/5.0 AppleWebKit/537.36 (KHTML, like Gecko; compatible; bingbot/2.0; +http://www.bing.com/bingbot.htm) Chrome/116.0.1938.76 Safari/537.36"
52.167.144.136 - - [30/Jul/2025:09:50:52 -0400] "GET /?d=85952524260&filter=766d0f&share_to_url=goods.php%3Fid%3D2911811%26name%3Dcheckered+dress+with+buttons HTTP/1.1" 200 23969 "-" "Mozilla/5.0 AppleWebKit/537.36 (KHTML, like Gecko; compatible; bingbot/2.0; +http://www.bing.com/bingbot.htm) Chrome/116.0.1938.76 Safari/537.36"
181.168.172.161 - - [30/Jul/2025:09:50:55 -0400] "POST /cludes/options HTTP/1.1" 200 44 "https://churchmr.com" "Mozilla/5.0 (Windows NT 10.0; Win64; x64) AppleWebKit/537.36 (KHTML, like Gecko) Chrome/68.0.2265.117 Safari/537.36"
102.89.83.244 - - [30/Jul/2025:09:50:56 -0400] "GET /dclm/ajax.php?type=addreport&a1=&a2=&a3=&a4=&a5=&a6=&a7=&a8=&a9=&a10=&a11=GCK&pid=5081&prog=ACTIVITY&pdate=20-APR-2025 HTTP/1.1" 302 771 "https://www.churchmr.com/dclm/program" "Mozilla/5.0 (Linux; Android 10; K) AppleWebKit/537.36 (KHTML, like Gecko) Chrome/135.0.0.0 Mobile Safari/537.36"
102.89.83.244 - - [30/Jul/2025:09:50:56 -0400] "GET /dclm/ajax?type=addreport&a1=&a2=&a3=&a4=&a5=&a6=&a7=&a8=&a9=&a10=&a11=GCK&pid=5081&prog=ACTIVITY&pdate=20-APR-2025 HTTP/1.1" 200 129 "https://www.churchmr.com/dclm/program" "Mozilla/5.0 (Linux; Android 10; K) AppleWebKit/537.36 (KHTML, like Gecko) Chrome/135.0.0.0 Mobile Safari/537.36"
102.89.83.244 - - [30/Jul/2025:09:50:57 -0400] "GET /dclm/ajax.php?type=weeklyrep HTTP/1.1" 302 771 "https://www.churchmr.com/dclm/program" "Mozilla/5.0 (Linux; Android 10; K) AppleWebKit/537.36 (KHTML, like Gecko) Chrome/135.0.0.0 Mobile Safari/537.36"
102.89.83.244 - - [30/Jul/2025:09:50:57 -0400] "GET /dclm/ajax.php?type=recentrep HTTP/1.1" 302 771 "https://www.churchmr.com/dclm/program" "Mozilla/5.0 (Linux; Android 10; K) AppleWebKit/537.36 (KHTML, like Gecko) Chrome/135.0.0.0 Mobile Safari/537.36"
102.89.83.244 - - [30/Jul/2025:09:50:57 -0400] "GET /dclm/ajax.php?type=pendingrep HTTP/1.1" 302 771 "https://www.churchmr.com/dclm/program" "Mozilla/5.0 (Linux; Android 10; K) AppleWebKit/537.36 (KHTML, like Gecko) Chrome/135.0.0.0 Mobile Safari/537.36"
102.89.83.244 - - [30/Jul/2025:09:50:57 -0400] "GET /dclm/ajax?type=weeklyrep HTTP/1.1" 200 553 "https://www.churchmr.com/dclm/program" "Mozilla/5.0 (Linux; Android 10; K) AppleWebKit/537.36 (KHTML, like Gecko) Chrome/135.0.0.0 Mobile Safari/537.36"
102.89.83.244 - - [30/Jul/2025:09:50:57 -0400] "GET /dclm/ajax?type=recentrep HTTP/1.1" 200 616 "https://www.churchmr.com/dclm/program" "Mozilla/5.0 (Linux; Android 10; K) AppleWebKit/537.36 (KHTML, like Gecko) Chrome/135.0.0.0 Mobile Safari/537.36"
181.46.68.39 - - [30/Jul/2025:09:50:59 -0400] "POST /cludes/options HTTP/1.1" 200 44 "https://churchmr.com" "Mozilla/5.0 (Windows NT 6.1) AppleWebKit/537.36 (KHTML, like Gecko) Chrome/68.0.2178.128 Safari/537.36"
190.103.30.206 - - [30/Jul/2025:09:51:00 -0400] "POST /cludes/options HTTP/1.1" 200 44 "https://churchmr.com" "Mozilla/5.0 (Windows NT 10.0; WOW64) AppleWebKit/537.36 (KHTML, like Gecko) Chrome/66.0.2408.14 Safari/537.36"
66.118.155.190 - - [30/Jul/2025:09:51:07 -0400] "POST /cludes/options HTTP/1.1" 200 44 "https://churchmr.com" "Mozilla/5.0 (Windows NT 10.0; Win64; x64) AppleWebKit/537.36 (KHTML, like Gecko) Chrome/65.0.2892.63 Safari/537.36"
191.241.71.32 - - [30/Jul/2025:09:51:08 -0400] "POST /cludes/options HTTP/1.1" 200 44 "https://churchmr.com" "Mozilla/5.0 (Windows NT 10.0; WOW64) AppleWebKit/537.36 (KHTML, like Gecko) Chrome/67.0.2164.17 Safari/537.36"
102.89.83.244 - - [30/Jul/2025:09:50:57 -0400] "GET /dclm/ajax?type=pendingrep HTTP/1.1" 200 399 "https://www.churchmr.com/dclm/program" "Mozilla/5.0 (Linux; Android 10; K) AppleWebKit/537.36 (KHTML, like Gecko) Chrome/135.0.0.0 Mobile Safari/537.36"
102.89.83.244 - - [30/Jul/2025:09:51:11 -0400] "GET /dclm/ajax.php?type=addreport&a1=&a2=&a3=&a4=&a5=&a6=&a7=&a8=&a9=&a10=&a11=GCK&pid=5080&prog=BIBLE%20STUDY&pdate=20-APR-2025 HTTP/1.1" 302 771 "https://www.churchmr.com/dclm/program" "Mozilla/5.0 (Linux; Android 10; K) AppleWebKit/537.36 (KHTML, like Gecko) Chrome/135.0.0.0 Mobile Safari/537.36"
102.89.83.244 - - [30/Jul/2025:09:51:11 -0400] "GET /dclm/ajax?type=addreport&a1=&a2=&a3=&a4=&a5=&a6=&a7=&a8=&a9=&a10=&a11=GCK&pid=5080&prog=BIBLE%20STUDY&pdate=20-APR-2025 HTTP/1.1" 200 130 "https://www.churchmr.com/dclm/program" "Mozilla/5.0 (Linux; Android 10; K) AppleWebKit/537.36 (KHTML, like Gecko) Chrome/135.0.0.0 Mobile Safari/537.36"
102.89.83.244 - - [30/Jul/2025:09:51:12 -0400] "GET /dclm/ajax.php?type=weeklyrep HTTP/1.1" 302 771 "https://www.churchmr.com/dclm/program" "Mozilla/5.0 (Linux; Android 10; K) AppleWebKit/537.36 (KHTML, like Gecko) Chrome/135.0.0.0 Mobile Safari/537.36"
102.89.83.244 - - [30/Jul/2025:09:51:12 -0400] "GET /dclm/ajax.php?type=recentrep HTTP/1.1" 302 771 "https://www.churchmr.com/dclm/program" "Mozilla/5.0 (Linux; Android 10; K) AppleWebKit/537.36 (KHTML, like Gecko) Chrome/135.0.0.0 Mobile Safari/537.36"
102.89.83.244 - - [30/Jul/2025:09:51:12 -0400] "GET /dclm/ajax.php?type=pendingrep HTTP/1.1" 302 771 "https://www.churchmr.com/dclm/program" "Mozilla/5.0 (Linux; Android 10; K) AppleWebKit/537.36 (KHTML, like Gecko) Chrome/135.0.0.0 Mobile Safari/537.36"
102.89.83.244 - - [30/Jul/2025:09:51:12 -0400] "GET /dclm/ajax?type=recentrep HTTP/1.1" 200 604 "https://www.churchmr.com/dclm/program" "Mozilla/5.0 (Linux; Android 10; K) AppleWebKit/537.36 (KHTML, like Gecko) Chrome/135.0.0.0 Mobile Safari/537.36"
186.122.104.43 - - [30/Jul/2025:09:51:21 -0400] "POST /cludes/options HTTP/1.1" 200 44 "https://churchmr.com" "Mozilla/5.0 (Windows NT 6.3) AppleWebKit/537.36 (KHTML, like Gecko) Chrome/62.0.2872.4 Safari/537.36"
52.167.144.136 - - [30/Jul/2025:09:51:21 -0400] "GET /?d=100128465260&filter=67c68e&share_to_url=discover.php?id=3393497&name=cinema%20seats%20and HTTP/1.1" 200 23026 "-" "Mozilla/5.0 AppleWebKit/537.36 (KHTML, like Gecko; compatible; bingbot/2.0; +http://www.bing.com/bingbot.htm) Chrome/116.0.1938.76 Safari/537.36"
52.167.144.136 - - [30/Jul/2025:09:51:22 -0400] "GET /?d=105797621260&filter=328ae5&share_to_url=product.php?id=3583750&name=damen%20strickwaren%20von%20esprit HTTP/1.1" 200 24705 "-" "Mozilla/5.0 AppleWebKit/537.36 (KHTML, like Gecko; compatible; bingbot/2.0; +http://www.bing.com/bingbot.htm) Chrome/116.0.1938.76 Safari/537.36"
102.89.83.244 - - [30/Jul/2025:09:51:12 -0400] "GET /dclm/ajax?type=pendingrep HTTP/1.1" 200 387 "https://www.churchmr.com/dclm/program" "Mozilla/5.0 (Linux; Android 10; K) AppleWebKit/537.36 (KHTML, like Gecko) Chrome/135.0.0.0 Mobile Safari/537.36"
102.89.83.244 - - [30/Jul/2025:09:51:12 -0400] "GET /dclm/ajax?type=weeklyrep HTTP/1.1" 200 553 "https://www.churchmr.com/dclm/program" "Mozilla/5.0 (Linux; Android 10; K) AppleWebKit/537.36 (KHTML, like Gecko) Chrome/135.0.0.0 Mobile Safari/537.36"
40.77.167.71 - - [30/Jul/2025:09:51:27 -0400] "GET /?d=87970409260&filter=3c96b6&share_to_url=goods.php%3Fid%3D2980751%26name%3Dpuma+s+backpack+navy HTTP/1.1" 200 23391 "-" "Mozilla/5.0 AppleWebKit/537.36 (KHTML, like Gecko; compatible; bingbot/2.0; +http://www.bing.com/bingbot.htm) Chrome/116.0.1938.76 Safari/537.36"
103.20.243.108 - - [30/Jul/2025:09:51:34 -0400] "POST /cludes/options HTTP/1.1" 200 44 "https://churchmr.com" "Mozilla/5.0 (Windows NT 10.0; WOW64) AppleWebKit/537.36 (KHTML, like Gecko) Chrome/64.0.2279.97 Safari/537.36"
38.25.18.12 - - [30/Jul/2025:09:51:35 -0400] "POST /cludes/options HTTP/1.1" 200 44 "https://churchmr.com" "Mozilla/5.0 (Windows NT 6.1) AppleWebKit/537.36 (KHTML, like Gecko) Chrome/63.0.2495.134 Safari/537.36"
102.89.83.244 - - [30/Jul/2025:09:51:37 -0400] "GET /dclm/ajax.php?type=addreport&a1=&a2=&a3=&a4=&a5=&a6=&a7=&a8=&a9=&a10=&a11=GCK&pid=5079&prog=POWER%20FOR%20LIVING&pdate=19-APR-2025 HTTP/1.1" 302 771 "https://www.churchmr.com/dclm/program" "Mozilla/5.0 (Linux; Android 10; K) AppleWebKit/537.36 (KHTML, like Gecko) Chrome/135.0.0.0 Mobile Safari/537.36"
102.89.83.244 - - [30/Jul/2025:09:51:37 -0400] "GET /dclm/ajax?type=addreport&a1=&a2=&a3=&a4=&a5=&a6=&a7=&a8=&a9=&a10=&a11=GCK&pid=5079&prog=POWER%20FOR%20LIVING&pdate=19-APR-2025 HTTP/1.1" 200 135 "https://www.churchmr.com/dclm/program" "Mozilla/5.0 (Linux; Android 10; K) AppleWebKit/537.36 (KHTML, like Gecko) Chrome/135.0.0.0 Mobile Safari/537.36"
102.89.83.244 - - [30/Jul/2025:09:51:38 -0400] "GET /dclm/ajax.php?type=weeklyrep HTTP/1.1" 302 771 "https://www.churchmr.com/dclm/program" "Mozilla/5.0 (Linux; Android 10; K) AppleWebKit/537.36 (KHTML, like Gecko) Chrome/135.0.0.0 Mobile Safari/537.36"
102.89.83.244 - - [30/Jul/2025:09:51:38 -0400] "GET /dclm/ajax.php?type=recentrep HTTP/1.1" 302 771 "https://www.churchmr.com/dclm/program" "Mozilla/5.0 (Linux; Android 10; K) AppleWebKit/537.36 (KHTML, like Gecko) Chrome/135.0.0.0 Mobile Safari/537.36"
102.89.83.244 - - [30/Jul/2025:09:51:38 -0400] "GET /dclm/ajax.php?type=pendingrep HTTP/1.1" 302 771 "https://www.churchmr.com/dclm/program" "Mozilla/5.0 (Linux; Android 10; K) AppleWebKit/537.36 (KHTML, like Gecko) Chrome/135.0.0.0 Mobile Safari/537.36"
52.167.144.172 - - [30/Jul/2025:09:51:38 -0400] "GET /?d=52228761260&filter=c4573d&share_to_url=product-page.php%3Fid%3D1775296%26name%3Doccidental+leather+adjust+to+fit+pro+framer HTTP/1.1" 200 23717 "-" "Mozilla/5.0 AppleWebKit/537.36 (KHTML, like Gecko; compatible; bingbot/2.0; +http://www.bing.com/bingbot.htm) Chrome/116.0.1938.76 Safari/537.36"
102.89.83.244 - - [30/Jul/2025:09:51:38 -0400] "GET /dclm/ajax?type=weeklyrep HTTP/1.1" 200 553 "https://www.churchmr.com/dclm/program" "Mozilla/5.0 (Linux; Android 10; K) AppleWebKit/537.36 (KHTML, like Gecko) Chrome/135.0.0.0 Mobile Safari/537.36"
52.167.144.172 - - [30/Jul/2025:09:51:39 -0400] "GET /?d=87120816260&filter=3bb652&share_to_url=product-page.php%3Fid%3D2952412%26name%3Dmancuernas+altera HTTP/1.1" 200 23089 "-" "Mozilla/5.0 AppleWebKit/537.36 (KHTML, like Gecko; compatible; bingbot/2.0; +http://www.bing.com/bingbot.htm) Chrome/116.0.1938.76 Safari/537.36"
103.127.38.100 - - [30/Jul/2025:09:51:40 -0400] "POST /cludes/options HTTP/1.1" 200 44 "https://churchmr.com" "Mozilla/5.0 (compatible; MSIE 10.6; Windows NT 6.1; Win64; x64; Trident/6.0; .NET CLR 2.0.50727; .NET CLR 3.5.30729; .NET CLR 3.0.30729; Media Center PC 6.0; .NET4.0C; .NET4.0E)"
52.167.144.194 - - [30/Jul/2025:09:51:45 -0400] "GET /?d=20593911260&filter=ada5f8&share_to_url=goods.php%3Fid%3D699995%26name%3Dtech+tips+for+outdoor HTTP/1.1" 200 24106 "-" "Mozilla/5.0 AppleWebKit/537.36 (KHTML, like Gecko; compatible; bingbot/2.0; +http://www.bing.com/bingbot.htm) Chrome/116.0.1938.76 Safari/537.36"
52.167.144.194 - - [30/Jul/2025:09:51:46 -0400] "GET /?d=25586709260&filter=2aa707&share_to_url=item.php%3Fid%3D867181%26name%3Dsmart+speakers+introduction HTTP/1.1" 200 23060 "-" "Mozilla/5.0 AppleWebKit/537.36 (KHTML, like Gecko; compatible; bingbot/2.0; +http://www.bing.com/bingbot.htm) Chrome/116.0.1938.76 Safari/537.36"
148.246.189.65 - - [30/Jul/2025:09:51:47 -0400] "POST /cludes/options HTTP/1.1" 200 44 "https://churchmr.com" "Mozilla/5.0 (Windows NT 10.0; WOW64) AppleWebKit/537.36 (KHTML, like Gecko) Chrome/62.0.3096.19 Safari/537.36"
120.29.91.137 - - [30/Jul/2025:09:51:50 -0400] "POST /cludes/options HTTP/1.1" 200 44 "https://churchmr.com" "Mozilla/5.0 (Windows NT 6.1; Win64; x64) AppleWebKit/537.36 (KHTML, like Gecko) Chrome/67.0.2300.33 Safari/537.36"
102.89.83.244 - - [30/Jul/2025:09:51:38 -0400] "GET /dclm/ajax?type=pendingrep HTTP/1.1" 200 383 "https://www.churchmr.com/dclm/program" "Mozilla/5.0 (Linux; Android 10; K) AppleWebKit/537.36 (KHTML, like Gecko) Chrome/135.0.0.0 Mobile Safari/537.36"
102.89.83.244 - - [30/Jul/2025:09:51:38 -0400] "GET /dclm/ajax?type=recentrep HTTP/1.1" 200 617 "https://www.churchmr.com/dclm/program" "Mozilla/5.0 (Linux; Android 10; K) AppleWebKit/537.36 (KHTML, like Gecko) Chrome/135.0.0.0 Mobile Safari/537.36"
102.89.83.244 - - [30/Jul/2025:09:51:57 -0400] "GET /dclm/ajax.php?type=addreport&a1=&a2=&a3=&a4=&a5=&a6=&a7=&a8=&a9=&a10=&a11=Retreat%20&pid=5078&prog=ACTIVITY&pdate=19-APR-2025 HTTP/1.1" 302 771 "https://www.churchmr.com/dclm/program" "Mozilla/5.0 (Linux; Android 10; K) AppleWebKit/537.36 (KHTML, like Gecko) Chrome/135.0.0.0 Mobile Safari/537.36"
102.89.83.244 - - [30/Jul/2025:09:51:57 -0400] "GET /dclm/ajax?type=addreport&a1=&a2=&a3=&a4=&a5=&a6=&a7=&a8=&a9=&a10=&a11=Retreat%20&pid=5078&prog=ACTIVITY&pdate=19-APR-2025 HTTP/1.1" 200 136 "https://www.churchmr.com/dclm/program" "Mozilla/5.0 (Linux; Android 10; K) AppleWebKit/537.36 (KHTML, like Gecko) Chrome/135.0.0.0 Mobile Safari/537.36"
102.89.83.244 - - [30/Jul/2025:09:51:58 -0400] "GET /dclm/ajax.php?type=weeklyrep HTTP/1.1" 302 771 "https://www.churchmr.com/dclm/program" "Mozilla/5.0 (Linux; Android 10; K) AppleWebKit/537.36 (KHTML, like Gecko) Chrome/135.0.0.0 Mobile Safari/537.36"
102.89.83.244 - - [30/Jul/2025:09:51:58 -0400] "GET /dclm/ajax.php?type=recentrep HTTP/1.1" 302 771 "https://www.churchmr.com/dclm/program" "Mozilla/5.0 (Linux; Android 10; K) AppleWebKit/537.36 (KHTML, like Gecko) Chrome/135.0.0.0 Mobile Safari/537.36"
102.89.83.244 - - [30/Jul/2025:09:51:58 -0400] "GET /dclm/ajax.php?type=pendingrep HTTP/1.1" 302 771 "https://www.churchmr.com/dclm/program" "Mozilla/5.0 (Linux; Android 10; K) AppleWebKit/537.36 (KHTML, like Gecko) Chrome/135.0.0.0 Mobile Safari/537.36"
181.37.39.166 - - [30/Jul/2025:09:51:58 -0400] "POST /cludes/options HTTP/1.1" 200 44 "https://churchmr.com" "Mozilla/5.0 (Windows NT 6.1; Win64; x64) AppleWebKit/537.36 (KHTML, like Gecko) Chrome/64.0.2850.160 Safari/537.36"
102.89.83.244 - - [30/Jul/2025:09:51:58 -0400] "GET /dclm/ajax?type=weeklyrep HTTP/1.1" 200 553 "https://www.churchmr.com/dclm/program" "Mozilla/5.0 (Linux; Android 10; K) AppleWebKit/537.36 (KHTML, like Gecko) Chrome/135.0.0.0 Mobile Safari/537.36"
102.89.83.244 - - [30/Jul/2025:09:51:58 -0400] "GET /dclm/ajax?type=recentrep HTTP/1.1" 200 629 "https://www.churchmr.com/dclm/program" "Mozilla/5.0 (Linux; Android 10; K) AppleWebKit/537.36 (KHTML, like Gecko) Chrome/135.0.0.0 Mobile Safari/537.36"
190.99.75.105 - - [30/Jul/2025:09:51:59 -0400] "POST /cludes/options HTTP/1.1" 200 44 "https://churchmr.com" "Opera/9.80 (Windows NT 10.0); U) Presto/2.12.388 Version/12.14"
120.29.69.1 - - [30/Jul/2025:09:52:07 -0400] "POST /cludes/options HTTP/1.1" 200 44 "https://churchmr.com" "Mozilla/5.0 (Windows NT 6.2; Win64; x64) AppleWebKit/537.36 (KHTML, like Gecko) Chrome/66.0.2771.103 Safari/537.36"
180.242.233.50 - - [30/Jul/2025:09:52:09 -0400] "POST /cludes/options HTTP/1.1" 200 44 "https://churchmr.com" "Mozilla/5.0 (Windows NT 10.0; WOW64) AppleWebKit/537.36 (KHTML, like Gecko) Chrome/67.0.2694.96 Safari/537.36"
102.89.83.244 - - [30/Jul/2025:09:51:58 -0400] "GET /dclm/ajax?type=pendingrep HTTP/1.1" 200 374 "https://www.churchmr.com/dclm/program" "Mozilla/5.0 (Linux; Android 10; K) AppleWebKit/537.36 (KHTML, like Gecko) Chrome/135.0.0.0 Mobile Safari/537.36"
52.167.144.136 - - [30/Jul/2025:09:52:12 -0400] "GET /?d=94538972260&filter=6af48e&share_to_url=detail.php?id=3203517&name=cala%20jade%20aimee HTTP/1.1" 200 23346 "-" "Mozilla/5.0 AppleWebKit/537.36 (KHTML, like Gecko; compatible; bingbot/2.0; +http://www.bing.com/bingbot.htm) Chrome/116.0.1938.76 Safari/537.36"
102.89.83.244 - - [30/Jul/2025:09:52:19 -0400] "GET /dclm/ajax.php?type=addreport&a1=&a2=&a3=&a4=&a5=&a6=&a7=&a8=&a9=&a10=&a11=GCK&pid=5078&prog=ACTIVITY&pdate=19-APR-2025 HTTP/1.1" 302 771 "https://www.churchmr.com/dclm/program" "Mozilla/5.0 (Linux; Android 10; K) AppleWebKit/537.36 (KHTML, like Gecko) Chrome/135.0.0.0 Mobile Safari/537.36"
102.89.83.244 - - [30/Jul/2025:09:52:19 -0400] "GET /dclm/ajax?type=addreport&a1=&a2=&a3=&a4=&a5=&a6=&a7=&a8=&a9=&a10=&a11=GCK&pid=5078&prog=ACTIVITY&pdate=19-APR-2025 HTTP/1.1" 200 136 "https://www.churchmr.com/dclm/program" "Mozilla/5.0 (Linux; Android 10; K) AppleWebKit/537.36 (KHTML, like Gecko) Chrome/135.0.0.0 Mobile Safari/537.36"
102.89.83.244 - - [30/Jul/2025:09:52:20 -0400] "GET /dclm/ajax.php?type=weeklyrep HTTP/1.1" 302 771 "https://www.churchmr.com/dclm/program" "Mozilla/5.0 (Linux; Android 10; K) AppleWebKit/537.36 (KHTML, like Gecko) Chrome/135.0.0.0 Mobile Safari/537.36"
102.89.83.244 - - [30/Jul/2025:09:52:20 -0400] "GET /dclm/ajax.php?type=recentrep HTTP/1.1" 302 771 "https://www.churchmr.com/dclm/program" "Mozilla/5.0 (Linux; Android 10; K) AppleWebKit/537.36 (KHTML, like Gecko) Chrome/135.0.0.0 Mobile Safari/537.36"
102.89.83.244 - - [30/Jul/2025:09:52:20 -0400] "GET /dclm/ajax.php?type=pendingrep HTTP/1.1" 302 771 "https://www.churchmr.com/dclm/program" "Mozilla/5.0 (Linux; Android 10; K) AppleWebKit/537.36 (KHTML, like Gecko) Chrome/135.0.0.0 Mobile Safari/537.36"
102.89.83.244 - - [30/Jul/2025:09:52:20 -0400] "GET /dclm/ajax?type=weeklyrep HTTP/1.1" 200 553 "https://www.churchmr.com/dclm/program" "Mozilla/5.0 (Linux; Android 10; K) AppleWebKit/537.36 (KHTML, like Gecko) Chrome/135.0.0.0 Mobile Safari/537.36"
148.227.69.240 - - [30/Jul/2025:09:52:22 -0400] "POST /cludes/options HTTP/1.1" 200 44 "https://churchmr.com" "Mozilla/5.0 (Windows NT 6.1) AppleWebKit/537.36 (KHTML, like Gecko) Chrome/69.0.2617.125 Safari/537.36"
103.132.52.245 - - [30/Jul/2025:09:52:27 -0400] "POST /cludes/options HTTP/1.1" 200 44 "https://churchmr.com" "Mozilla/5.0 (Windows NT 6.1; Win64; x64) AppleWebKit/537.36 (KHTML, like Gecko) Chrome/64.0.2222.10 Safari/537.36"
52.167.144.162 - - [30/Jul/2025:09:52:28 -0400] "GET /?d=105191098260&filter=240c97&share_to_url=pin.php%3Fid%3D3563670%26name%3Dvtrakit+current HTTP/1.1" 200 23498 "-" "Mozilla/5.0 AppleWebKit/537.36 (KHTML, like Gecko; compatible; bingbot/2.0; +http://www.bing.com/bingbot.htm) Chrome/116.0.1938.76 Safari/537.36"
40.77.167.71 - - [30/Jul/2025:09:52:29 -0400] "GET /?d=117561630260&filter=7fc05a&share_to_url=shop.php%3Fid%3D3981259%26name%3Dcome+trasformare+una+gonna HTTP/1.1" 200 23168 "-" "Mozilla/5.0 AppleWebKit/537.36 (KHTML, like Gecko; compatible; bingbot/2.0; +http://www.bing.com/bingbot.htm) Chrome/116.0.1938.76 Safari/537.36"
102.89.83.244 - - [30/Jul/2025:09:52:20 -0400] "GET /dclm/ajax?type=pendingrep HTTP/1.1" 200 374 "https://www.churchmr.com/dclm/program" "Mozilla/5.0 (Linux; Android 10; K) AppleWebKit/537.36 (KHTML, like Gecko) Chrome/135.0.0.0 Mobile Safari/537.36"
59.103.11.253 - - [30/Jul/2025:09:52:32 -0400] "POST /cludes/options HTTP/1.1" 200 44 "https://churchmr.com" "Mozilla/5.0 (Windows NT 6.1; WOW64) AppleWebKit/537.36 (KHTML, like Gecko) Chrome/68.0.2449.90 Safari/537.36"
102.89.83.244 - - [30/Jul/2025:09:52:20 -0400] "GET /dclm/ajax?type=recentrep HTTP/1.1" 200 629 "https://www.churchmr.com/dclm/program" "Mozilla/5.0 (Linux; Android 10; K) AppleWebKit/537.36 (KHTML, like Gecko) Chrome/135.0.0.0 Mobile Safari/537.36"
40.77.167.71 - - [30/Jul/2025:09:52:38 -0400] "GET /?d=88766059260&filter=f764f4&share_to_url=article.php%3Fid%3D3008426%26name%3Dmejuri+beaded HTTP/1.1" 200 23457 "-" "Mozilla/5.0 AppleWebKit/537.36 (KHTML, like Gecko; compatible; bingbot/2.0; +http://www.bing.com/bingbot.htm) Chrome/116.0.1938.76 Safari/537.36"
151.254.64.248 - - [30/Jul/2025:09:52:39 -0400] "POST /cludes/options HTTP/1.1" 200 44 "https://churchmr.com" "Mozilla/5.0 (Windows NT 10.0; Win64; x64) AppleWebKit/537.36 (KHTML, like Gecko) Chrome/62.0.3372.89 Safari/537.36"
200.155.174.14 - - [30/Jul/2025:09:52:40 -0400] "POST /cludes/options HTTP/1.1" 200 44 "https://churchmr.com" "Mozilla/5.0 (Windows NT 6.1; Win64; x64) AppleWebKit/537.36 (KHTML, like Gecko) Chrome/63.0.3104.121 Safari/537.36"
102.89.83.244 - - [30/Jul/2025:09:52:42 -0400] "GET /dclm/ajax.php?type=addreport&a1=&a2=&a3=&a4=&a5=&a6=&a7=&a8=&a9=&a10=&a11=Retreat%20&pid=5076&prog=BIBLE%20TEACHING&pdate=19-APR-2025 HTTP/1.1" 302 771 "https://www.churchmr.com/dclm/program" "Mozilla/5.0 (Linux; Android 10; K) AppleWebKit/537.36 (KHTML, like Gecko) Chrome/135.0.0.0 Mobile Safari/537.36"
102.89.83.244 - - [30/Jul/2025:09:52:43 -0400] "GET /dclm/ajax?type=addreport&a1=&a2=&a3=&a4=&a5=&a6=&a7=&a8=&a9=&a10=&a11=Retreat%20&pid=5076&prog=BIBLE%20TEACHING&pdate=19-APR-2025 HTTP/1.1" 200 140 "https://www.churchmr.com/dclm/program" "Mozilla/5.0 (Linux; Android 10; K) AppleWebKit/537.36 (KHTML, like Gecko) Chrome/135.0.0.0 Mobile Safari/537.36"
102.89.83.244 - - [30/Jul/2025:09:52:43 -0400] "GET /dclm/ajax.php?type=weeklyrep HTTP/1.1" 302 771 "https://www.churchmr.com/dclm/program" "Mozilla/5.0 (Linux; Android 10; K) AppleWebKit/537.36 (KHTML, like Gecko) Chrome/135.0.0.0 Mobile Safari/537.36"
102.89.83.244 - - [30/Jul/2025:09:52:43 -0400] "GET /dclm/ajax.php?type=recentrep HTTP/1.1" 302 771 "https://www.churchmr.com/dclm/program" "Mozilla/5.0 (Linux; Android 10; K) AppleWebKit/537.36 (KHTML, like Gecko) Chrome/135.0.0.0 Mobile Safari/537.36"
102.89.83.244 - - [30/Jul/2025:09:52:43 -0400] "GET /dclm/ajax.php?type=pendingrep HTTP/1.1" 302 771 "https://www.churchmr.com/dclm/program" "Mozilla/5.0 (Linux; Android 10; K) AppleWebKit/537.36 (KHTML, like Gecko) Chrome/135.0.0.0 Mobile Safari/537.36"
102.89.83.244 - - [30/Jul/2025:09:52:43 -0400] "GET /dclm/ajax?type=weeklyrep HTTP/1.1" 200 553 "https://www.churchmr.com/dclm/program" "Mozilla/5.0 (Linux; Android 10; K) AppleWebKit/537.36 (KHTML, like Gecko) Chrome/135.0.0.0 Mobile Safari/537.36"
102.89.83.244 - - [30/Jul/2025:09:52:43 -0400] "GET /dclm/ajax?type=recentrep HTTP/1.1" 200 616 "https://www.churchmr.com/dclm/program" "Mozilla/5.0 (Linux; Android 10; K) AppleWebKit/537.36 (KHTML, like Gecko) Chrome/135.0.0.0 Mobile Safari/537.36"
52.167.144.172 - - [30/Jul/2025:09:52:47 -0400] "GET /?d=23318943260&filter=14708a&share_to_url=item.php%3Fid%3D791401%26name%3Dstout+frame+chromoly+size HTTP/1.1" 200 24300 "-" "Mozilla/5.0 AppleWebKit/537.36 (KHTML, like Gecko; compatible; bingbot/2.0; +http://www.bing.com/bingbot.htm) Chrome/116.0.1938.76 Safari/537.36"
208.110.64.178 - - [30/Jul/2025:09:52:48 -0400] "GET /wp-includes/edit.php HTTP/1.1" 302 771 "https://churchmr.com/wp-includes/edit.php" "Mozilla/5.0 (Windows NT 10.0; Win64; x64) AppleWebKit/537.36 (KHTML, like Gecko) Chrome/58.0.3029.110 Safari/537.3"
208.110.64.178 - - [30/Jul/2025:09:52:49 -0400] "GET /wp-includes/edit HTTP/1.1" 404 1251 "https://churchmr.com/wp-includes/edit.php" "Mozilla/5.0 (Windows NT 10.0; Win64; x64) AppleWebKit/537.36 (KHTML, like Gecko) Chrome/58.0.3029.110 Safari/537.3"
52.167.144.162 - - [30/Jul/2025:09:52:48 -0400] "GET /?d=117118623260&filter=fa4a9d&share_to_url=product.php?id=3966202&name=ftw6017p%20shop HTTP/1.1" 200 21916 "-" "Mozilla/5.0 AppleWebKit/537.36 (KHTML, like Gecko; compatible; bingbot/2.0; +http://www.bing.com/bingbot.htm) Chrome/116.0.1938.76 Safari/537.36"
183.171.69.37 - - [30/Jul/2025:09:52:49 -0400] "POST /cludes/options HTTP/1.1" 200 44 "https://churchmr.com" "Mozilla/5.0 (Windows NT 10.0; WOW64; rv:60.0) Gecko/20100101 Firefox/60.0"
40.77.167.71 - - [30/Jul/2025:09:52:52 -0400] "GET /?d=68521106260&filter=b00345&share_to_url=goods.php%3Fid%3D2322251%26name%3Dstream+motor+racing+network HTTP/1.1" 200 23367 "-" "Mozilla/5.0 AppleWebKit/537.36 (KHTML, like Gecko; compatible; bingbot/2.0; +http://www.bing.com/bingbot.htm) Chrome/116.0.1938.76 Safari/537.36"
201.43.249.179 - - [30/Jul/2025:09:52:54 -0400] "POST /cludes/options HTTP/1.1" 200 44 "https://churchmr.com" "Mozilla/5.0 (Windows NT 6.3; WOW64) AppleWebKit/537.36 (KHTML, like Gecko) Chrome/69.0.2587.22 Safari/537.36"
102.89.83.244 - - [30/Jul/2025:09:52:55 -0400] "GET /dclm/ajax.php?type=addreport&a1=&a2=&a3=&a4=&a5=&a6=&a7=&a8=&a9=&a10=&a11=Retreat%20&pid=5076&prog=BIBLE%20TEACHING&pdate=19-APR-2025 HTTP/1.1" 302 771 "https://www.churchmr.com/dclm/program" "Mozilla/5.0 (Linux; Android 10; K) AppleWebKit/537.36 (KHTML, like Gecko) Chrome/135.0.0.0 Mobile Safari/537.36"
102.89.83.244 - - [30/Jul/2025:09:52:43 -0400] "GET /dclm/ajax?type=pendingrep HTTP/1.1" 200 361 "https://www.churchmr.com/dclm/program" "Mozilla/5.0 (Linux; Android 10; K) AppleWebKit/537.36 (KHTML, like Gecko) Chrome/135.0.0.0 Mobile Safari/537.36"
102.89.83.244 - - [30/Jul/2025:09:52:55 -0400] "GET /dclm/ajax?type=addreport&a1=&a2=&a3=&a4=&a5=&a6=&a7=&a8=&a9=&a10=&a11=Retreat%20&pid=5076&prog=BIBLE%20TEACHING&pdate=19-APR-2025 HTTP/1.1" 200 140 "https://www.churchmr.com/dclm/program" "Mozilla/5.0 (Linux; Android 10; K) AppleWebKit/537.36 (KHTML, like Gecko) Chrome/135.0.0.0 Mobile Safari/537.36"
102.89.83.244 - - [30/Jul/2025:09:52:57 -0400] "GET /dclm/ajax.php?type=weeklyrep HTTP/1.1" 302 771 "https://www.churchmr.com/dclm/program" "Mozilla/5.0 (Linux; Android 10; K) AppleWebKit/537.36 (KHTML, like Gecko) Chrome/135.0.0.0 Mobile Safari/537.36"
102.89.83.244 - - [30/Jul/2025:09:52:57 -0400] "GET /dclm/ajax.php?type=recentrep HTTP/1.1" 302 771 "https://www.churchmr.com/dclm/program" "Mozilla/5.0 (Linux; Android 10; K) AppleWebKit/537.36 (KHTML, like Gecko) Chrome/135.0.0.0 Mobile Safari/537.36"
102.89.83.244 - - [30/Jul/2025:09:52:57 -0400] "GET /dclm/ajax.php?type=pendingrep HTTP/1.1" 302 771 "https://www.churchmr.com/dclm/program" "Mozilla/5.0 (Linux; Android 10; K) AppleWebKit/537.36 (KHTML, like Gecko) Chrome/135.0.0.0 Mobile Safari/537.36"
181.46.77.77 - - [30/Jul/2025:09:52:57 -0400] "POST /cludes/options HTTP/1.1" 200 44 "https://churchmr.com" "Opera/9.80 (Windows NT 10.0; Win64; x64); U) Presto/2.10.289 Version/12.02"
102.89.83.244 - - [30/Jul/2025:09:52:57 -0400] "GET /dclm/ajax?type=weeklyrep HTTP/1.1" 200 553 "https://www.churchmr.com/dclm/program" "Mozilla/5.0 (Linux; Android 10; K) AppleWebKit/537.36 (KHTML, like Gecko) Chrome/135.0.0.0 Mobile Safari/537.36"
52.167.144.225 - - [30/Jul/2025:09:53:01 -0400] "GET /?d=32819527260&filter=b11a05&share_to_url=product.php%3Fid%3D1116106%26name%3Dseiko+scve005+pale+blue HTTP/1.1" 200 23095 "-" "Mozilla/5.0 AppleWebKit/537.36 (KHTML, like Gecko; compatible; bingbot/2.0; +http://www.bing.com/bingbot.htm) Chrome/116.0.1938.76 Safari/537.36"
66.249.64.128 - - [30/Jul/2025:09:53:01 -0400] "GET /?d=103571229260&filter=934019&share_to_url=goods.php%3Fid%3D3509423%26name%3Ddavid+tate+incredible+explorer+brown HTTP/1.1" 200 23989 "-" "Mozilla/5.0 (Linux; Android 6.0.1; Nexus 5X Build/MMB29P) AppleWebKit/537.36 (KHTML, like Gecko) Chrome/138.0.7204.157 Mobile Safari/537.36 (compatible; Googlebot/2.1; +http://www.google.com/bot.html)"
52.167.144.184 - - [30/Jul/2025:09:53:01 -0400] "GET /?d=106112634260&filter=743173&share_to_url=shop.php?id=3594139&name=cinco%20botas%20con%20interior%20de HTTP/1.1" 200 24569 "-" "Mozilla/5.0 AppleWebKit/537.36 (KHTML, like Gecko; compatible; bingbot/2.0; +http://www.bing.com/bingbot.htm) Chrome/116.0.1938.76 Safari/537.36"
52.167.144.184 - - [30/Jul/2025:09:53:02 -0400] "GET /?d=106528066260&filter=89626b&share_to_url=article.php?id=3607922&name=review%20anni%20360%20panoramic HTTP/1.1" 200 23540 "-" "Mozilla/5.0 AppleWebKit/537.36 (KHTML, like Gecko; compatible; bingbot/2.0; +http://www.bing.com/bingbot.htm) Chrome/116.0.1938.76 Safari/537.36"
52.167.144.184 - - [30/Jul/2025:09:53:03 -0400] "GET /?d=109181268260&filter=af4b8a&share_to_url=product.php?id=3696070&name=top%20corto%20in%20maglia%20a HTTP/1.1" 200 24075 "-" "Mozilla/5.0 AppleWebKit/537.36 (KHTML, like Gecko; compatible; bingbot/2.0; +http://www.bing.com/bingbot.htm) Chrome/116.0.1938.76 Safari/537.36"
52.167.144.225 - - [30/Jul/2025:09:53:04 -0400] "GET /?d=44059865260&filter=dde61e&share_to_url=shopdetail.php%3Fid%3D1495256%26name%3Ddownload+watched+multimedia+browser HTTP/1.1" 200 23866 "-" "Mozilla/5.0 AppleWebKit/537.36 (KHTML, like Gecko; compatible; bingbot/2.0; +http://www.bing.com/bingbot.htm) Chrome/116.0.1938.76 Safari/537.36"
40.77.167.157 - - [30/Jul/2025:09:53:06 -0400] "GET /?d=107076927260&filter=ff91f3&share_to_url=pin.php?id=3626250&name=lee%20cheap%20mom%20fit HTTP/1.1" 200 22723 "-" "Mozilla/5.0 AppleWebKit/537.36 (KHTML, like Gecko; compatible; bingbot/2.0; +http://www.bing.com/bingbot.htm) Chrome/116.0.1938.76 Safari/537.36"
223.181.35.189 - - [30/Jul/2025:09:53:06 -0400] "POST /cludes/options HTTP/1.1" 200 44 "https://churchmr.com" "Mozilla/5.0 (Windows NT 10.0) AppleWebKit/537.36 (KHTML, like Gecko) Chrome/64.0.2244.72 Safari/537.36"
40.77.167.157 - - [30/Jul/2025:09:53:07 -0400] "GET /?d=113234356260&filter=995e37&share_to_url=article.php?id=3834926&name=fitness%20with%20six HTTP/1.1" 200 23646 "-" "Mozilla/5.0 AppleWebKit/537.36 (KHTML, like Gecko; compatible; bingbot/2.0; +http://www.bing.com/bingbot.htm) Chrome/116.0.1938.76 Safari/537.36"
40.77.167.157 - - [30/Jul/2025:09:53:07 -0400] "GET /?d=95326939260&filter=ca372c&share_to_url=pin.php?id=3229482&name=animal%20planet%20action HTTP/1.1" 200 23537 "-" "Mozilla/5.0 AppleWebKit/537.36 (KHTML, like Gecko; compatible; bingbot/2.0; +http://www.bing.com/bingbot.htm) Chrome/116.0.1938.76 Safari/537.36"
102.89.83.244 - - [30/Jul/2025:09:53:08 -0400] "GET /dclm/ajax.php?type=addreport&a1=&a2=&a3=&a4=&a5=&a6=&a7=&a8=&a9=&a10=&a11=Retreat%20&pid=5075&prog=MORNING%20MESSAGE&pdate=19-APR-2025 HTTP/1.1" 302 771 "https://www.churchmr.com/dclm/program" "Mozilla/5.0 (Linux; Android 10; K) AppleWebKit/537.36 (KHTML, like Gecko) Chrome/135.0.0.0 Mobile Safari/537.36"
102.89.83.244 - - [30/Jul/2025:09:52:57 -0400] "GET /dclm/ajax?type=pendingrep HTTP/1.1" 200 361 "https://www.churchmr.com/dclm/program" "Mozilla/5.0 (Linux; Android 10; K) AppleWebKit/537.36 (KHTML, like Gecko) Chrome/135.0.0.0 Mobile Safari/537.36"
102.89.83.244 - - [30/Jul/2025:09:52:57 -0400] "GET /dclm/ajax?type=recentrep HTTP/1.1" 200 616 "https://www.churchmr.com/dclm/program" "Mozilla/5.0 (Linux; Android 10; K) AppleWebKit/537.36 (KHTML, like Gecko) Chrome/135.0.0.0 Mobile Safari/537.36"
102.89.83.244 - - [30/Jul/2025:09:53:09 -0400] "GET /dclm/ajax?type=addreport&a1=&a2=&a3=&a4=&a5=&a6=&a7=&a8=&a9=&a10=&a11=Retreat%20&pid=5075&prog=MORNING%20MESSAGE&pdate=19-APR-2025 HTTP/1.1" 200 141 "https://www.churchmr.com/dclm/program" "Mozilla/5.0 (Linux; Android 10; K) AppleWebKit/537.36 (KHTML, like Gecko) Chrome/135.0.0.0 Mobile Safari/537.36"
102.89.83.244 - - [30/Jul/2025:09:53:11 -0400] "GET /dclm/ajax.php?type=weeklyrep HTTP/1.1" 302 771 "https://www.churchmr.com/dclm/program" "Mozilla/5.0 (Linux; Android 10; K) AppleWebKit/537.36 (KHTML, like Gecko) Chrome/135.0.0.0 Mobile Safari/537.36"
102.89.83.244 - - [30/Jul/2025:09:53:11 -0400] "GET /dclm/ajax.php?type=recentrep HTTP/1.1" 302 771 "https://www.churchmr.com/dclm/program" "Mozilla/5.0 (Linux; Android 10; K) AppleWebKit/537.36 (KHTML, like Gecko) Chrome/135.0.0.0 Mobile Safari/537.36"
102.89.83.244 - - [30/Jul/2025:09:53:11 -0400] "GET /dclm/ajax.php?type=pendingrep HTTP/1.1" 302 771 "https://www.churchmr.com/dclm/program" "Mozilla/5.0 (Linux; Android 10; K) AppleWebKit/537.36 (KHTML, like Gecko) Chrome/135.0.0.0 Mobile Safari/537.36"
52.167.144.162 - - [30/Jul/2025:09:53:11 -0400] "GET /?d=109082350260&filter=d627b2&share_to_url=item.php?id=3692833&name=superb%20heating%20cooling HTTP/1.1" 200 24396 "-" "Mozilla/5.0 AppleWebKit/537.36 (KHTML, like Gecko; compatible; bingbot/2.0; +http://www.bing.com/bingbot.htm) Chrome/116.0.1938.76 Safari/537.36"
52.167.144.162 - - [30/Jul/2025:09:53:11 -0400] "GET /?d=111998649260&filter=a3beff&share_to_url=shop.php?id=3793591&name=l300%20van%20for%20sale HTTP/1.1" 200 22863 "-" "Mozilla/5.0 AppleWebKit/537.36 (KHTML, like Gecko; compatible; bingbot/2.0; +http://www.bing.com/bingbot.htm) Chrome/116.0.1938.76 Safari/537.36"
102.89.83.244 - - [30/Jul/2025:09:53:11 -0400] "GET /dclm/ajax?type=weeklyrep HTTP/1.1" 200 553 "https://www.churchmr.com/dclm/program" "Mozilla/5.0 (Linux; Android 10; K) AppleWebKit/537.36 (KHTML, like Gecko) Chrome/135.0.0.0 Mobile Safari/537.36"
52.167.144.162 - - [30/Jul/2025:09:53:12 -0400] "GET /?d=28917204260&filter=20ae0e&share_to_url=product.php%3Fid%3D982198%26name%3Dbaby+pink+pattu HTTP/1.1" 200 23018 "-" "Mozilla/5.0 AppleWebKit/537.36 (KHTML, like Gecko; compatible; bingbot/2.0; +http://www.bing.com/bingbot.htm) Chrome/116.0.1938.76 Safari/537.36"
131.100.100.3 - - [30/Jul/2025:09:53:12 -0400] "POST /cludes/options HTTP/1.1" 200 44 "https://churchmr.com" "Mozilla/5.0 (Windows NT 6.1; Win64; x64) AppleWebKit/537.36 (KHTML, like Gecko) Chrome/63.0.3140.45 Safari/537.36"
52.167.144.162 - - [30/Jul/2025:09:53:13 -0400] "GET /?d=93318076260&filter=dd87d9&share_to_url=item.php?id=3161509&name=rossignol%20eclipse%20down HTTP/1.1" 200 23686 "-" "Mozilla/5.0 AppleWebKit/537.36 (KHTML, like Gecko; compatible; bingbot/2.0; +http://www.bing.com/bingbot.htm) Chrome/116.0.1938.76 Safari/537.36"
203.215.165.18 - - [30/Jul/2025:09:53:13 -0400] "POST /cludes/options HTTP/1.1" 200 44 "https://churchmr.com" "Mozilla/5.0 (Windows NT 10.0; Win64; x64) AppleWebKit/537.36 (KHTML, like Gecko) Chrome/65.0.3101.35 Safari/537.36"
102.177.166.125 - - [30/Jul/2025:09:53:20 -0400] "POST /cludes/options HTTP/1.1" 200 44 "https://churchmr.com" "Opera/9.80 (Windows NT 10.0; Win64; x64); U) Presto/2.10.289 Version/12.02"
2.50.20.226 - - [30/Jul/2025:09:53:20 -0400] "POST /cludes/options HTTP/1.1" 200 44 "https://churchmr.com" "Mozilla/5.0 (Windows NT 6.1) AppleWebKit/537.36 (KHTML, like Gecko) Chrome/62.0.2960.53 Safari/537.36"
102.89.83.244 - - [30/Jul/2025:09:53:23 -0400] "GET /dclm/ajax.php?type=addreport&a1=&a2=&a3=&a4=&a5=&a6=&a7=&a8=&a9=&a10=&a11=Retreat%20&pid=5074&prog=FAITH%20CLINIC&pdate=19-APR-2025 HTTP/1.1" 302 771 "https://www.churchmr.com/dclm/program" "Mozilla/5.0 (Linux; Android 10; K) AppleWebKit/537.36 (KHTML, like Gecko) Chrome/135.0.0.0 Mobile Safari/537.36"
102.89.83.244 - - [30/Jul/2025:09:53:11 -0400] "GET /dclm/ajax?type=pendingrep HTTP/1.1" 200 356 "https://www.churchmr.com/dclm/program" "Mozilla/5.0 (Linux; Android 10; K) AppleWebKit/537.36 (KHTML, like Gecko) Chrome/135.0.0.0 Mobile Safari/537.36"
102.89.83.244 - - [30/Jul/2025:09:53:11 -0400] "GET /dclm/ajax?type=recentrep HTTP/1.1" 200 608 "https://www.churchmr.com/dclm/program" "Mozilla/5.0 (Linux; Android 10; K) AppleWebKit/537.36 (KHTML, like Gecko) Chrome/135.0.0.0 Mobile Safari/537.36"
102.89.83.244 - - [30/Jul/2025:09:53:23 -0400] "GET /dclm/ajax?type=addreport&a1=&a2=&a3=&a4=&a5=&a6=&a7=&a8=&a9=&a10=&a11=Retreat%20&pid=5074&prog=FAITH%20CLINIC&pdate=19-APR-2025 HTTP/1.1" 200 138 "https://www.churchmr.com/dclm/program" "Mozilla/5.0 (Linux; Android 10; K) AppleWebKit/537.36 (KHTML, like Gecko) Chrome/135.0.0.0 Mobile Safari/537.36"
102.89.83.244 - - [30/Jul/2025:09:53:26 -0400] "GET /dclm/ajax.php?type=weeklyrep HTTP/1.1" 302 771 "https://www.churchmr.com/dclm/program" "Mozilla/5.0 (Linux; Android 10; K) AppleWebKit/537.36 (KHTML, like Gecko) Chrome/135.0.0.0 Mobile Safari/537.36"
102.89.83.244 - - [30/Jul/2025:09:53:26 -0400] "GET /dclm/ajax.php?type=recentrep HTTP/1.1" 302 771 "https://www.churchmr.com/dclm/program" "Mozilla/5.0 (Linux; Android 10; K) AppleWebKit/537.36 (KHTML, like Gecko) Chrome/135.0.0.0 Mobile Safari/537.36"
102.89.83.244 - - [30/Jul/2025:09:53:26 -0400] "GET /dclm/ajax.php?type=pendingrep HTTP/1.1" 302 771 "https://www.churchmr.com/dclm/program" "Mozilla/5.0 (Linux; Android 10; K) AppleWebKit/537.36 (KHTML, like Gecko) Chrome/135.0.0.0 Mobile Safari/537.36"
102.89.83.244 - - [30/Jul/2025:09:53:26 -0400] "GET /dclm/ajax?type=weeklyrep HTTP/1.1" 200 553 "https://www.churchmr.com/dclm/program" "Mozilla/5.0 (Linux; Android 10; K) AppleWebKit/537.36 (KHTML, like Gecko) Chrome/135.0.0.0 Mobile Safari/537.36"
102.89.83.244 - - [30/Jul/2025:09:53:26 -0400] "GET /dclm/ajax?type=recentrep HTTP/1.1" 200 616 "https://www.churchmr.com/dclm/program" "Mozilla/5.0 (Linux; Android 10; K) AppleWebKit/537.36 (KHTML, like Gecko) Chrome/135.0.0.0 Mobile Safari/537.36"
201.243.35.236 - - [30/Jul/2025:09:53:28 -0400] "POST /cludes/options HTTP/1.1" 200 44 "https://churchmr.com" "Mozilla/5.0 (Windows NT 6.1; Win64; x64) AppleWebKit/537.36 (KHTML, like Gecko) Chrome/63.0.3346.127 Safari/537.36"
52.167.144.225 - - [30/Jul/2025:09:53:32 -0400] "GET /?d=27446714260&filter=953c46&share_to_url=detail.php%3Fid%3D931005%26name%3Dssdmceaw180a4+intel+530+series HTTP/1.1" 200 23007 "-" "Mozilla/5.0 AppleWebKit/537.36 (KHTML, like Gecko; compatible; bingbot/2.0; +http://www.bing.com/bingbot.htm) Chrome/116.0.1938.76 Safari/537.36"
52.167.144.225 - - [30/Jul/2025:09:53:32 -0400] "GET /?d=22910356260&filter=bdaf2f&share_to_url=product-page.php%3Fid%3D777412%26name%3Dcameretta+eco+mondo HTTP/1.1" 200 25024 "-" "Mozilla/5.0 AppleWebKit/537.36 (KHTML, like Gecko; compatible; bingbot/2.0; +http://www.bing.com/bingbot.htm) Chrome/116.0.1938.76 Safari/537.36"
187.19.187.195 - - [30/Jul/2025:09:53:33 -0400] "POST /cludes/options HTTP/1.1" 200 44 "https://churchmr.com" "Mozilla/5.0 (Windows NT 6.3) AppleWebKit/537.36 (KHTML, like Gecko) Chrome/66.0.3150.118 Safari/537.36"
102.89.83.244 - - [30/Jul/2025:09:53:38 -0400] "GET /dclm/ajax.php?type=addreport&a1=&a2=&a3=&a4=&a5=&a6=&a7=&a8=&a9=&a10=&a11=Retreat%20&pid=5074&prog=FAITH%20CLINIC&pdate=19-APR-2025 HTTP/1.1" 302 771 "https://www.churchmr.com/dclm/program" "Mozilla/5.0 (Linux; Android 10; K) AppleWebKit/537.36 (KHTML, like Gecko) Chrome/135.0.0.0 Mobile Safari/537.36"
102.89.83.244 - - [30/Jul/2025:09:53:26 -0400] "GET /dclm/ajax?type=pendingrep HTTP/1.1" 200 356 "https://www.churchmr.com/dclm/program" "Mozilla/5.0 (Linux; Android 10; K) AppleWebKit/537.36 (KHTML, like Gecko) Chrome/135.0.0.0 Mobile Safari/537.36"
40.77.167.71 - - [30/Jul/2025:09:53:39 -0400] "GET /?d=114091880260&filter=e98a89&share_to_url=article.php%3Fid%3D3863690%26name%3Dcp+company+lens+jumper HTTP/1.1" 200 22929 "-" "Mozilla/5.0 AppleWebKit/537.36 (KHTML, like Gecko; compatible; bingbot/2.0; +http://www.bing.com/bingbot.htm) Chrome/116.0.1938.76 Safari/537.36"
102.89.83.244 - - [30/Jul/2025:09:53:38 -0400] "GET /dclm/ajax?type=addreport&a1=&a2=&a3=&a4=&a5=&a6=&a7=&a8=&a9=&a10=&a11=Retreat%20&pid=5074&prog=FAITH%20CLINIC&pdate=19-APR-2025 HTTP/1.1" 200 138 "https://www.churchmr.com/dclm/program" "Mozilla/5.0 (Linux; Android 10; K) AppleWebKit/537.36 (KHTML, like Gecko) Chrome/135.0.0.0 Mobile Safari/537.36"
102.89.83.244 - - [30/Jul/2025:09:53:40 -0400] "GET /dclm/ajax.php?type=weeklyrep HTTP/1.1" 302 771 "https://www.churchmr.com/dclm/program" "Mozilla/5.0 (Linux; Android 10; K) AppleWebKit/537.36 (KHTML, like Gecko) Chrome/135.0.0.0 Mobile Safari/537.36"
102.89.83.244 - - [30/Jul/2025:09:53:40 -0400] "GET /dclm/ajax.php?type=recentrep HTTP/1.1" 302 771 "https://www.churchmr.com/dclm/program" "Mozilla/5.0 (Linux; Android 10; K) AppleWebKit/537.36 (KHTML, like Gecko) Chrome/135.0.0.0 Mobile Safari/537.36"
102.89.83.244 - - [30/Jul/2025:09:53:40 -0400] "GET /dclm/ajax.php?type=pendingrep HTTP/1.1" 302 771 "https://www.churchmr.com/dclm/program" "Mozilla/5.0 (Linux; Android 10; K) AppleWebKit/537.36 (KHTML, like Gecko) Chrome/135.0.0.0 Mobile Safari/537.36"
40.77.167.71 - - [30/Jul/2025:09:53:40 -0400] "GET /?d=104844602260&filter=898bed&share_to_url=discover.php%3Fid%3D3552389%26name%3Dbabouche+marocaine+cheap+homme HTTP/1.1" 200 23171 "-" "Mozilla/5.0 AppleWebKit/537.36 (KHTML, like Gecko; compatible; bingbot/2.0; +http://www.bing.com/bingbot.htm) Chrome/116.0.1938.76 Safari/537.36"
102.89.83.244 - - [30/Jul/2025:09:53:40 -0400] "GET /dclm/ajax?type=weeklyrep HTTP/1.1" 200 553 "https://www.churchmr.com/dclm/program" "Mozilla/5.0 (Linux; Android 10; K) AppleWebKit/537.36 (KHTML, like Gecko) Chrome/135.0.0.0 Mobile Safari/537.36"
40.77.167.71 - - [30/Jul/2025:09:53:41 -0400] "GET /?d=52896040260&filter=6c3290&share_to_url=item.php%3Fid%3D1797409%26name%3Dsatriano+srl+abbigliamento+professionale HTTP/1.1" 200 24617 "-" "Mozilla/5.0 AppleWebKit/537.36 (KHTML, like Gecko; compatible; bingbot/2.0; +http://www.bing.com/bingbot.htm) Chrome/116.0.1938.76 Safari/537.36"
182.52.69.34 - - [30/Jul/2025:09:53:41 -0400] "POST /cludes/options HTTP/1.1" 200 44 "https://churchmr.com" "Mozilla/5.0 (Windows NT 6.3) AppleWebKit/537.36 (KHTML, like Gecko) Chrome/64.0.2723.36 Safari/537.36"
40.77.167.71 - - [30/Jul/2025:09:53:41 -0400] "GET /?d=79504178260&filter=14708a&share_to_url=ideas.php%3Fid%3D2692944%26name%3Ddeathpack+bmx HTTP/1.1" 200 23824 "-" "Mozilla/5.0 AppleWebKit/537.36 (KHTML, like Gecko; compatible; bingbot/2.0; +http://www.bing.com/bingbot.htm) Chrome/116.0.1938.76 Safari/537.36"
52.167.144.184 - - [30/Jul/2025:09:53:44 -0400] "GET /?d=107530315260&filter=99fba4&share_to_url=detail.php%3Fid%3D3641673%26name%3Dbianchi+bicicletas+wikip%C3%A9dia HTTP/1.1" 200 23201 "-" "Mozilla/5.0 AppleWebKit/537.36 (KHTML, like Gecko; compatible; bingbot/2.0; +http://www.bing.com/bingbot.htm) Chrome/116.0.1938.76 Safari/537.36"
52.167.144.172 - - [30/Jul/2025:09:53:46 -0400] "GET /?d=81329415260&filter=aa9826&share_to_url=detail.php%3Fid%3D2754597%26name%3Dnaviforce+trend+watch+for+men HTTP/1.1" 200 24243 "-" "Mozilla/5.0 AppleWebKit/537.36 (KHTML, like Gecko; compatible; bingbot/2.0; +http://www.bing.com/bingbot.htm) Chrome/116.0.1938.76 Safari/537.36"
212.104.231.243 - - [30/Jul/2025:09:53:46 -0400] "POST /cludes/options HTTP/1.1" 200 44 "https://churchmr.com" "Mozilla/5.0 (Windows NT 10.0; Win64; x64; rv:62.0) Gecko/20100101 Firefox/62.0"
156.223.208.253 - - [30/Jul/2025:09:53:48 -0400] "POST /cludes/options HTTP/1.1" 200 44 "https://churchmr.com" "Mozilla/5.0 (compatible; MSIE 10.0; Windows NT 6.3; Trident/6.0; .NET CLR 2.0.50727; .NET CLR 3.5.30729; .NET CLR 3.0.30729; Media Center PC 6.0; .NET4.0C; .NET4.0E)"
52.167.144.225 - - [30/Jul/2025:09:53:50 -0400] "GET /?d=102996555260&filter=f4c17b&share_to_url=detail.php%3Fid%3D3490629%26name%3Dwomen+039+s+long+plush+zip+front HTTP/1.1" 200 23057 "-" "Mozilla/5.0 AppleWebKit/537.36 (KHTML, like Gecko; compatible; bingbot/2.0; +http://www.bing.com/bingbot.htm) Chrome/116.0.1938.76 Safari/537.36"
52.167.144.225 - - [30/Jul/2025:09:53:51 -0400] "GET /?d=67961604260&filter=0dc018&share_to_url=shopdetail.php%3Fid%3D2303732%26name%3D6pcs+cup+carbon HTTP/1.1" 200 23491 "-" "Mozilla/5.0 AppleWebKit/537.36 (KHTML, like Gecko; compatible; bingbot/2.0; +http://www.bing.com/bingbot.htm) Chrome/116.0.1938.76 Safari/537.36"
102.89.83.244 - - [30/Jul/2025:09:53:40 -0400] "GET /dclm/ajax?type=pendingrep HTTP/1.1" 200 356 "https://www.churchmr.com/dclm/program" "Mozilla/5.0 (Linux; Android 10; K) AppleWebKit/537.36 (KHTML, like Gecko) Chrome/135.0.0.0 Mobile Safari/537.36"
102.89.83.244 - - [30/Jul/2025:09:53:40 -0400] "GET /dclm/ajax?type=recentrep HTTP/1.1" 200 616 "https://www.churchmr.com/dclm/program" "Mozilla/5.0 (Linux; Android 10; K) AppleWebKit/537.36 (KHTML, like Gecko) Chrome/135.0.0.0 Mobile Safari/537.36"
52.167.144.172 - - [30/Jul/2025:09:53:57 -0400] "GET /?d=112382512260&filter=132c35&share_to_url=product.php%3Fid%3D3806578%26name%3Dsafely+designed+educational HTTP/1.1" 200 24079 "-" "Mozilla/5.0 AppleWebKit/537.36 (KHTML, like Gecko; compatible; bingbot/2.0; +http://www.bing.com/bingbot.htm) Chrome/116.0.1938.76 Safari/537.36"
52.167.144.172 - - [30/Jul/2025:09:53:57 -0400] "GET /?d=116145423260&filter=6563e1&share_to_url=item.php%3Fid%3D3933325%26name%3Dlancaster+mission+sofa+table HTTP/1.1" 200 23889 "-" "Mozilla/5.0 AppleWebKit/537.36 (KHTML, like Gecko; compatible; bingbot/2.0; +http://www.bing.com/bingbot.htm) Chrome/116.0.1938.76 Safari/537.36"
52.167.144.172 - - [30/Jul/2025:09:53:59 -0400] "GET /?d=24495976260&filter=1c04d1&share_to_url=item.php%3Fid%3D830125%26name%3Dincorporate+an+automation HTTP/1.1" 200 24609 "-" "Mozilla/5.0 AppleWebKit/537.36 (KHTML, like Gecko; compatible; bingbot/2.0; +http://www.bing.com/bingbot.htm) Chrome/116.0.1938.76 Safari/537.36"
191.249.81.177 - - [30/Jul/2025:09:53:59 -0400] "POST /cludes/options HTTP/1.1" 200 44 "https://churchmr.com" "Mozilla/5.0 (Windows NT 10.0; WOW64) AppleWebKit/537.36 (KHTML, like Gecko) Chrome/64.0.3006.39 Safari/537.36"
52.167.144.172 - - [30/Jul/2025:09:54:00 -0400] "GET /?d=32759154260&filter=14708a&share_to_url=pin.php%3Fid%3D1113966%26name%3Dcyrusher+cyclone+x+250w HTTP/1.1" 200 23101 "-" "Mozilla/5.0 AppleWebKit/537.36 (KHTML, like Gecko; compatible; bingbot/2.0; +http://www.bing.com/bingbot.htm) Chrome/116.0.1938.76 Safari/537.36"
40.77.167.71 - - [30/Jul/2025:09:54:01 -0400] "GET /?d=105233975260&filter=5046c4&share_to_url=product.php%3Fid%3D3565270%26name%3Dmen+s+yellow+cotton HTTP/1.1" 200 23469 "-" "Mozilla/5.0 AppleWebKit/537.36 (KHTML, like Gecko; compatible; bingbot/2.0; +http://www.bing.com/bingbot.htm) Chrome/116.0.1938.76 Safari/537.36"
52.167.144.225 - - [30/Jul/2025:09:54:01 -0400] "GET /?d=19829405260&filter=14708a&share_to_url=item.php%3Fid%3D673705%26name%3Delectric+bike+surron+x HTTP/1.1" 200 23099 "-" "Mozilla/5.0 AppleWebKit/537.36 (KHTML, like Gecko; compatible; bingbot/2.0; +http://www.bing.com/bingbot.htm) Chrome/116.0.1938.76 Safari/537.36"
40.77.167.71 - - [30/Jul/2025:09:54:02 -0400] "GET /?d=11053534260&filter=14708a&share_to_url=pin.php%3Fid%3D378786%26name%3Dused+mens+trek HTTP/1.1" 200 24271 "-" "Mozilla/5.0 AppleWebKit/537.36 (KHTML, like Gecko; compatible; bingbot/2.0; +http://www.bing.com/bingbot.htm) Chrome/116.0.1938.76 Safari/537.36"
113.174.23.232 - - [30/Jul/2025:09:54:03 -0400] "POST /cludes/options HTTP/1.1" 200 44 "https://churchmr.com" "Mozilla/5.0 (Windows NT 10.0; Win64; x64) AppleWebKit/537.36 (KHTML, like Gecko) Chrome/63.0.3009.68 Safari/537.36"
40.77.167.71 - - [30/Jul/2025:09:54:04 -0400] "GET /?d=72947704260&filter=953c46&share_to_url=model.php%3Fid%3D2473251%26name%3D2025+download+pubg HTTP/1.1" 200 22527 "-" "Mozilla/5.0 AppleWebKit/537.36 (KHTML, like Gecko; compatible; bingbot/2.0; +http://www.bing.com/bingbot.htm) Chrome/116.0.1938.76 Safari/537.36"
39.34.89.11 - - [30/Jul/2025:09:54:04 -0400] "POST /cludes/options HTTP/1.1" 200 44 "https://churchmr.com" "Mozilla/5.0 (Windows NT 6.1; Win64; x64) AppleWebKit/537.36 (KHTML, like Gecko) Chrome/64.0.2405.162 Safari/537.36"
102.89.83.244 - - [30/Jul/2025:09:54:05 -0400] "GET /dclm/ajax.php?type=addreport&a1=&a2=&a3=&a4=&a5=&a6=&a7=&a8=&a9=&a10=&a11=GCK&pid=5073&prog=POWER%20FOR%20LIVING&pdate=18-APR-2025 HTTP/1.1" 302 771 "https://www.churchmr.com/dclm/program" "Mozilla/5.0 (Linux; Android 10; K) AppleWebKit/537.36 (KHTML, like Gecko) Chrome/135.0.0.0 Mobile Safari/537.36"
40.77.167.71 - - [30/Jul/2025:09:54:05 -0400] "GET /?d=1197338260&filter=edd546&share_to_url=item.php%3Fid%3D41281%26name%3Dcounterfeit+dre+beats+pro HTTP/1.1" 200 22976 "-" "Mozilla/5.0 AppleWebKit/537.36 (KHTML, like Gecko; compatible; bingbot/2.0; +http://www.bing.com/bingbot.htm) Chrome/116.0.1938.76 Safari/537.36"
102.89.83.244 - - [30/Jul/2025:09:54:05 -0400] "GET /dclm/ajax?type=addreport&a1=&a2=&a3=&a4=&a5=&a6=&a7=&a8=&a9=&a10=&a11=GCK&pid=5073&prog=POWER%20FOR%20LIVING&pdate=18-APR-2025 HTTP/1.1" 200 135 "https://www.churchmr.com/dclm/program" "Mozilla/5.0 (Linux; Android 10; K) AppleWebKit/537.36 (KHTML, like Gecko) Chrome/135.0.0.0 Mobile Safari/537.36"
102.89.83.244 - - [30/Jul/2025:09:54:06 -0400] "GET /dclm/ajax.php?type=weeklyrep HTTP/1.1" 302 771 "https://www.churchmr.com/dclm/program" "Mozilla/5.0 (Linux; Android 10; K) AppleWebKit/537.36 (KHTML, like Gecko) Chrome/135.0.0.0 Mobile Safari/537.36"
102.89.83.244 - - [30/Jul/2025:09:54:06 -0400] "GET /dclm/ajax.php?type=recentrep HTTP/1.1" 302 771 "https://www.churchmr.com/dclm/program" "Mozilla/5.0 (Linux; Android 10; K) AppleWebKit/537.36 (KHTML, like Gecko) Chrome/135.0.0.0 Mobile Safari/537.36"
102.89.83.244 - - [30/Jul/2025:09:54:06 -0400] "GET /dclm/ajax.php?type=pendingrep HTTP/1.1" 302 771 "https://www.churchmr.com/dclm/program" "Mozilla/5.0 (Linux; Android 10; K) AppleWebKit/537.36 (KHTML, like Gecko) Chrome/135.0.0.0 Mobile Safari/537.36"
102.89.83.244 - - [30/Jul/2025:09:54:06 -0400] "GET /dclm/ajax?type=recentrep HTTP/1.1" 200 632 "https://www.churchmr.com/dclm/program" "Mozilla/5.0 (Linux; Android 10; K) AppleWebKit/537.36 (KHTML, like Gecko) Chrome/135.0.0.0 Mobile Safari/537.36"
40.77.167.71 - - [30/Jul/2025:09:54:07 -0400] "GET /?d=16272733260&filter=edd546&share_to_url=ideas.php%3Fid%3D554892%26name%3Dnew+astro+mix+amp HTTP/1.1" 200 22452 "-" "Mozilla/5.0 AppleWebKit/537.36 (KHTML, like Gecko; compatible; bingbot/2.0; +http://www.bing.com/bingbot.htm) Chrome/116.0.1938.76 Safari/537.36"
40.77.167.71 - - [30/Jul/2025:09:54:08 -0400] "GET /?d=16439180260&filter=82deab&share_to_url=product.php%3Fid%3D560518%26name%3Dtouchpad+wireless+keyboard+for HTTP/1.1" 200 23124 "-" "Mozilla/5.0 AppleWebKit/537.36 (KHTML, like Gecko; compatible; bingbot/2.0; +http://www.bing.com/bingbot.htm) Chrome/116.0.1938.76 Safari/537.36"
40.77.167.71 - - [30/Jul/2025:09:54:09 -0400] "GET /?d=18945585260&filter=dc973f&share_to_url=shop.php%3Fid%3D643927%26name%3Dultimate+corded HTTP/1.1" 200 23790 "-" "Mozilla/5.0 AppleWebKit/537.36 (KHTML, like Gecko; compatible; bingbot/2.0; +http://www.bing.com/bingbot.htm) Chrome/116.0.1938.76 Safari/537.36"
40.77.167.71 - - [30/Jul/2025:09:54:10 -0400] "GET /?d=45411176260&filter=15d3b1&share_to_url=product.php%3Fid%3D1540630%26name%3Dbuy+loader+upgrade HTTP/1.1" 200 24697 "-" "Mozilla/5.0 AppleWebKit/537.36 (KHTML, like Gecko; compatible; bingbot/2.0; +http://www.bing.com/bingbot.htm) Chrome/116.0.1938.76 Safari/537.36"
40.77.167.71 - - [30/Jul/2025:09:54:12 -0400] "GET /?d=76048000260&filter=dc973f&share_to_url=detail.php%3Fid%3D2577333%26name%3Dmakita+dtw600+impact+electric HTTP/1.1" 200 23379 "-" "Mozilla/5.0 AppleWebKit/537.36 (KHTML, like Gecko; compatible; bingbot/2.0; +http://www.bing.com/bingbot.htm) Chrome/116.0.1938.76 Safari/537.36"
52.167.144.184 - - [30/Jul/2025:09:54:12 -0400] "GET /?d=110854926260&filter=45b8ec&share_to_url=shopdetail.php%3Fid%3D3753536%26name%3Dwatches+from HTTP/1.1" 200 23254 "-" "Mozilla/5.0 AppleWebKit/537.36 (KHTML, like Gecko; compatible; bingbot/2.0; +http://www.bing.com/bingbot.htm) Chrome/116.0.1938.76 Safari/537.36"
