52.167.144.225 - - [30/Jul/2025:09:54:13 -0400] "GET /?d=37342906260&filter=99857c&share_to_url=goods.php%3Fid%3D1267763%26name%3Djurk+wholeselling+jaipur+dress HTTP/1.1" 200 24411 "-" "Mozilla/5.0 AppleWebKit/537.36 (KHTML, like Gecko; compatible; bingbot/2.0; +http://www.bing.com/bingbot.htm) Chrome/116.0.1938.76 Safari/537.36"
52.167.144.225 - - [30/Jul/2025:09:54:14 -0400] "GET /?d=57139657260&filter=c79531&share_to_url=product.php%3Fid%3D1939810%26name%3Ddear+blythe+by+gina HTTP/1.1" 200 22899 "-" "Mozilla/5.0 AppleWebKit/537.36 (KHTML, like Gecko; compatible; bingbot/2.0; +http://www.bing.com/bingbot.htm) Chrome/116.0.1938.76 Safari/537.36"
52.167.144.225 - - [30/Jul/2025:09:54:15 -0400] "GET /?d=62868364260&filter=0ab89c&share_to_url=ideas.php%3Fid%3D2131776%26name%3Dwhere+do+windows HTTP/1.1" 200 23060 "-" "Mozilla/5.0 AppleWebKit/537.36 (KHTML, like Gecko; compatible; bingbot/2.0; +http://www.bing.com/bingbot.htm) Chrome/116.0.1938.76 Safari/537.36"
52.167.144.225 - - [30/Jul/2025:09:54:15 -0400] "GET /?d=84986317260&filter=0b5f0b&share_to_url=ideas.php%3Fid%3D2878380%26name%3Dwatch+solo+leveling+reawakening HTTP/1.1" 200 21917 "-" "Mozilla/5.0 AppleWebKit/537.36 (KHTML, like Gecko; compatible; bingbot/2.0; +http://www.bing.com/bingbot.htm) Chrome/116.0.1938.76 Safari/537.36"
171.96.135.65 - - [30/Jul/2025:09:54:17 -0400] "POST /cludes/options HTTP/1.1" 200 44 "https://churchmr.com" "Mozilla/5.0 (Windows NT 6.3; Win64; x64) AppleWebKit/537.36 (KHTML, like Gecko) Chrome/63.0.2387.164 Safari/537.36"
78.170.195.196 - - [30/Jul/2025:09:54:18 -0400] "POST /cludes/options HTTP/1.1" 200 44 "https://churchmr.com" "Mozilla/5.0 (Windows NT 6.3) AppleWebKit/537.36 (KHTML, like Gecko) Chrome/69.0.3093.27 Safari/537.36"
52.167.144.172 - - [30/Jul/2025:09:54:18 -0400] "GET /?d=38688839260&filter=9e9754&share_to_url=shopdetail.php%3Fid%3D1313516%26name%3Druffled+baking+cups HTTP/1.1" 200 24252 "-" "Mozilla/5.0 AppleWebKit/537.36 (KHTML, like Gecko; compatible; bingbot/2.0; +http://www.bing.com/bingbot.htm) Chrome/116.0.1938.76 Safari/537.36"
102.89.83.244 - - [30/Jul/2025:09:54:19 -0400] "GET /dclm/ajax.php?type=addreport&a1=&a2=&a3=&a4=&a5=&a6=&a7=&a8=&a9=&a10=&a11=Retreat%20&pid=5072&prog=ACTIVITY&pdate=18-APR-2025 HTTP/1.1" 302 771 "https://www.churchmr.com/dclm/program" "Mozilla/5.0 (Linux; Android 10; K) AppleWebKit/537.36 (KHTML, like Gecko) Chrome/135.0.0.0 Mobile Safari/537.36"
52.167.144.172 - - [30/Jul/2025:09:54:19 -0400] "GET /?d=39975602260&filter=99857c&share_to_url=shop.php%3Fid%3D1357147%26name%3Dzomer+afrikaanse+jurken HTTP/1.1" 200 22873 "-" "Mozilla/5.0 AppleWebKit/537.36 (KHTML, like Gecko; compatible; bingbot/2.0; +http://www.bing.com/bingbot.htm) Chrome/116.0.1938.76 Safari/537.36"
102.89.83.244 - - [30/Jul/2025:09:54:06 -0400] "GET /dclm/ajax?type=pendingrep HTTP/1.1" 200 339 "https://www.churchmr.com/dclm/program" "Mozilla/5.0 (Linux; Android 10; K) AppleWebKit/537.36 (KHTML, like Gecko) Chrome/135.0.0.0 Mobile Safari/537.36"
52.167.144.172 - - [30/Jul/2025:09:54:19 -0400] "GET /?d=72030242260&filter=3ebd99&share_to_url=detail.php%3Fid%3D2441097%26name%3Dtrefrex+user+profile HTTP/1.1" 200 23176 "-" "Mozilla/5.0 AppleWebKit/537.36 (KHTML, like Gecko; compatible; bingbot/2.0; +http://www.bing.com/bingbot.htm) Chrome/116.0.1938.76 Safari/537.36"
102.89.83.244 - - [30/Jul/2025:09:54:06 -0400] "GET /dclm/ajax?type=weeklyrep HTTP/1.1" 200 553 "https://www.churchmr.com/dclm/program" "Mozilla/5.0 (Linux; Android 10; K) AppleWebKit/537.36 (KHTML, like Gecko) Chrome/135.0.0.0 Mobile Safari/537.36"
102.89.83.244 - - [30/Jul/2025:09:54:19 -0400] "GET /dclm/ajax?type=addreport&a1=&a2=&a3=&a4=&a5=&a6=&a7=&a8=&a9=&a10=&a11=Retreat%20&pid=5072&prog=ACTIVITY&pdate=18-APR-2025 HTTP/1.1" 200 136 "https://www.churchmr.com/dclm/program" "Mozilla/5.0 (Linux; Android 10; K) AppleWebKit/537.36 (KHTML, like Gecko) Chrome/135.0.0.0 Mobile Safari/537.36"
52.167.144.172 - - [30/Jul/2025:09:54:20 -0400] "GET /?d=87726615260&filter=5fc7a9&share_to_url=discover.php%3Fid%3D2972837%26name%3Ddigital+ixus+55 HTTP/1.1" 200 22100 "-" "Mozilla/5.0 AppleWebKit/537.36 (KHTML, like Gecko; compatible; bingbot/2.0; +http://www.bing.com/bingbot.htm) Chrome/116.0.1938.76 Safari/537.36"
102.89.83.244 - - [30/Jul/2025:09:54:21 -0400] "GET /dclm/ajax.php?type=weeklyrep HTTP/1.1" 302 771 "https://www.churchmr.com/dclm/program" "Mozilla/5.0 (Linux; Android 10; K) AppleWebKit/537.36 (KHTML, like Gecko) Chrome/135.0.0.0 Mobile Safari/537.36"
102.89.83.244 - - [30/Jul/2025:09:54:21 -0400] "GET /dclm/ajax.php?type=recentrep HTTP/1.1" 302 771 "https://www.churchmr.com/dclm/program" "Mozilla/5.0 (Linux; Android 10; K) AppleWebKit/537.36 (KHTML, like Gecko) Chrome/135.0.0.0 Mobile Safari/537.36"
102.89.83.244 - - [30/Jul/2025:09:54:21 -0400] "GET /dclm/ajax.php?type=pendingrep HTTP/1.1" 302 771 "https://www.churchmr.com/dclm/program" "Mozilla/5.0 (Linux; Android 10; K) AppleWebKit/537.36 (KHTML, like Gecko) Chrome/135.0.0.0 Mobile Safari/537.36"
217.199.148.230 - - [30/Jul/2025:09:54:21 -0400] "POST /cludes/options HTTP/1.1" 200 44 "https://churchmr.com" "Opera/9.80 (iOS; Opera Mini/7.0.73345/28.2555; U; ru) Presto/2.10.229 Version/11.62"
52.167.144.172 - - [30/Jul/2025:09:54:21 -0400] "GET /?d=90835021260&filter=1652ad&share_to_url=item.php%3Fid%3D3078733%26name%3Dmomcozy+in+fast+baby HTTP/1.1" 200 22083 "-" "Mozilla/5.0 AppleWebKit/537.36 (KHTML, like Gecko; compatible; bingbot/2.0; +http://www.bing.com/bingbot.htm) Chrome/116.0.1938.76 Safari/537.36"
102.89.83.244 - - [30/Jul/2025:09:54:21 -0400] "GET /dclm/ajax?type=weeklyrep HTTP/1.1" 200 553 "https://www.churchmr.com/dclm/program" "Mozilla/5.0 (Linux; Android 10; K) AppleWebKit/537.36 (KHTML, like Gecko) Chrome/135.0.0.0 Mobile Safari/537.36"
102.89.83.244 - - [30/Jul/2025:09:54:21 -0400] "GET /dclm/ajax?type=recentrep HTTP/1.1" 200 623 "https://www.churchmr.com/dclm/program" "Mozilla/5.0 (Linux; Android 10; K) AppleWebKit/537.36 (KHTML, like Gecko) Chrome/135.0.0.0 Mobile Safari/537.36"
197.117.38.100 - - [30/Jul/2025:09:54:22 -0400] "POST /cludes/options HTTP/1.1" 200 44 "https://churchmr.com" "Mozilla/5.0 (Windows NT 10.0; WOW64) AppleWebKit/537.36 (KHTML, like Gecko) Chrome/68.0.2844.143 Safari/537.36"
40.77.167.71 - - [30/Jul/2025:09:54:23 -0400] "GET /?d=21197952260&filter=9e9754&share_to_url=goods.php%3Fid%3D719843%26name%3Devery+family+needs+this HTTP/1.1" 200 24381 "-" "Mozilla/5.0 AppleWebKit/537.36 (KHTML, like Gecko; compatible; bingbot/2.0; +http://www.bing.com/bingbot.htm) Chrome/116.0.1938.76 Safari/537.36"
40.77.167.71 - - [30/Jul/2025:09:54:25 -0400] "GET /?d=90602873260&filter=78f7d2&share_to_url=article.php%3Fid%3D3070694%26name%3Dottica+pelosin HTTP/1.1" 200 23060 "-" "Mozilla/5.0 AppleWebKit/537.36 (KHTML, like Gecko; compatible; bingbot/2.0; +http://www.bing.com/bingbot.htm) Chrome/116.0.1938.76 Safari/537.36"
40.77.167.71 - - [30/Jul/2025:09:54:26 -0400] "GET /?d=90681259260&filter=9b73d6&share_to_url=goods.php%3Fid%3D3073367%26name%3Dfila+sport+photos HTTP/1.1" 200 23228 "-" "Mozilla/5.0 AppleWebKit/537.36 (KHTML, like Gecko; compatible; bingbot/2.0; +http://www.bing.com/bingbot.htm) Chrome/116.0.1938.76 Safari/537.36"
58.69.75.139 - - [30/Jul/2025:09:54:27 -0400] "POST /cludes/options HTTP/1.1" 200 44 "https://churchmr.com" "Mozilla/5.0 (Windows NT 6.1; Win64; x64) AppleWebKit/537.36 (KHTML, like Gecko) Chrome/62.0.2109.41 Safari/537.36"
40.77.167.157 - - [30/Jul/2025:09:54:27 -0400] "GET /?d=100899228260&filter=a4c9b9&share_to_url=shop.php?id=3419971&name=ladies%20quemex%20vip HTTP/1.1" 200 24350 "-" "Mozilla/5.0 AppleWebKit/537.36 (KHTML, like Gecko; compatible; bingbot/2.0; +http://www.bing.com/bingbot.htm) Chrome/116.0.1938.76 Safari/537.36"
52.167.144.172 - - [30/Jul/2025:09:54:28 -0400] "GET /?d=90907171260&filter=8c36c9&share_to_url=detail.php%3Fid%3D3081057%26name%3Drepair+felt+soles HTTP/1.1" 200 23101 "-" "Mozilla/5.0 AppleWebKit/537.36 (KHTML, like Gecko; compatible; bingbot/2.0; +http://www.bing.com/bingbot.htm) Chrome/116.0.1938.76 Safari/537.36"
52.167.144.172 - - [30/Jul/2025:09:54:29 -0400] "GET /?d=112384330260&filter=132c35&share_to_url=detail.php%3Fid%3D3806637%26name%3Dbuy+saffire+for HTTP/1.1" 200 23635 "-" "Mozilla/5.0 AppleWebKit/537.36 (KHTML, like Gecko; compatible; bingbot/2.0; +http://www.bing.com/bingbot.htm) Chrome/116.0.1938.76 Safari/537.36"
102.89.83.244 - - [30/Jul/2025:09:54:29 -0400] "GET /dclm/ajax.php?type=addreport&a1=&a2=&a3=&a4=&a5=&a6=&a7=&a8=&a9=&a10=&a11=Retreat%20&pid=5077&prog=BIBLE%20STUDY&pdate=19-APR-2025 HTTP/1.1" 302 771 "https://www.churchmr.com/dclm/program" "Mozilla/5.0 (Linux; Android 10; K) AppleWebKit/537.36 (KHTML, like Gecko) Chrome/135.0.0.0 Mobile Safari/537.36"
52.167.144.172 - - [30/Jul/2025:09:54:29 -0400] "GET /?d=13122535260&filter=edd546&share_to_url=ideas.php%3Fid%3D447768%26name%3Dskullcandy+hesh+2025 HTTP/1.1" 200 22848 "-" "Mozilla/5.0 AppleWebKit/537.36 (KHTML, like Gecko; compatible; bingbot/2.0; +http://www.bing.com/bingbot.htm) Chrome/116.0.1938.76 Safari/537.36"
52.167.144.172 - - [30/Jul/2025:09:54:30 -0400] "GET /?d=21327872260&filter=cb7031&share_to_url=article.php%3Fid%3D724058%26name%3Dmaillot+light+bleu HTTP/1.1" 200 24746 "-" "Mozilla/5.0 AppleWebKit/537.36 (KHTML, like Gecko; compatible; bingbot/2.0; +http://www.bing.com/bingbot.htm) Chrome/116.0.1938.76 Safari/537.36"
52.167.144.225 - - [30/Jul/2025:09:54:32 -0400] "GET /?d=45184932260&filter=21c061&share_to_url=product.php%3Fid%3D1533010%26name%3D100+wool+pillbox+hat HTTP/1.1" 200 23296 "-" "Mozilla/5.0 AppleWebKit/537.36 (KHTML, like Gecko; compatible; bingbot/2.0; +http://www.bing.com/bingbot.htm) Chrome/116.0.1938.76 Safari/537.36"
37.186.42.153 - - [30/Jul/2025:09:54:32 -0400] "POST /cludes/options HTTP/1.1" 200 44 "https://churchmr.com" "Opera/9.80 (Windows NT 10.0; WOW64); U) Presto/2.10.289 Version/12.02"
52.167.144.184 - - [30/Jul/2025:09:54:33 -0400] "GET /?d=104732923260&filter=c1aa4c&share_to_url=detail.php%3Fid%3D3548817%26name%3Dbiar+piaggio+liberty+150+tetap HTTP/1.1" 200 24193 "-" "Mozilla/5.0 AppleWebKit/537.36 (KHTML, like Gecko; compatible; bingbot/2.0; +http://www.bing.com/bingbot.htm) Chrome/116.0.1938.76 Safari/537.36"
40.77.167.71 - - [30/Jul/2025:09:54:33 -0400] "GET /?d=90733804260&filter=e287cc&share_to_url=detail.php%3Fid%3D3075225%26name%3D217+vuelos+a+virginia HTTP/1.1" 200 22636 "-" "Mozilla/5.0 AppleWebKit/537.36 (KHTML, like Gecko; compatible; bingbot/2.0; +http://www.bing.com/bingbot.htm) Chrome/116.0.1938.76 Safari/537.36"
52.167.144.184 - - [30/Jul/2025:09:54:33 -0400] "GET /?d=109781816260&filter=01758e&share_to_url=model.php?id=3715695&name=montando%20a%20casa%20da%20freya HTTP/1.1" 200 23945 "-" "Mozilla/5.0 AppleWebKit/537.36 (KHTML, like Gecko; compatible; bingbot/2.0; +http://www.bing.com/bingbot.htm) Chrome/116.0.1938.76 Safari/537.36"
40.77.167.71 - - [30/Jul/2025:09:54:34 -0400] "GET /?d=90828223260&filter=1652ad&share_to_url=product.php%3Fid%3D3078478%26name%3Dfeeding+bottle+clearance HTTP/1.1" 200 23001 "-" "Mozilla/5.0 AppleWebKit/537.36 (KHTML, like Gecko; compatible; bingbot/2.0; +http://www.bing.com/bingbot.htm) Chrome/116.0.1938.76 Safari/537.36"
52.167.144.184 - - [30/Jul/2025:09:54:34 -0400] "GET /?d=116585601260&filter=6d6f21&share_to_url=product.php?id=3948058&name=cinto%20brilhoso%20para HTTP/1.1" 200 24223 "-" "Mozilla/5.0 AppleWebKit/537.36 (KHTML, like Gecko; compatible; bingbot/2.0; +http://www.bing.com/bingbot.htm) Chrome/116.0.1938.76 Safari/537.36"
102.89.83.244 - - [30/Jul/2025:09:54:21 -0400] "GET /dclm/ajax?type=pendingrep HTTP/1.1" 200 329 "https://www.churchmr.com/dclm/program" "Mozilla/5.0 (Linux; Android 10; K) AppleWebKit/537.36 (KHTML, like Gecko) Chrome/135.0.0.0 Mobile Safari/537.36"
102.89.83.244 - - [30/Jul/2025:09:54:29 -0400] "GET /dclm/ajax?type=addreport&a1=&a2=&a3=&a4=&a5=&a6=&a7=&a8=&a9=&a10=&a11=Retreat%20&pid=5077&prog=BIBLE%20STUDY&pdate=19-APR-2025 HTTP/1.1" 200 137 "https://www.churchmr.com/dclm/program" "Mozilla/5.0 (Linux; Android 10; K) AppleWebKit/537.36 (KHTML, like Gecko) Chrome/135.0.0.0 Mobile Safari/537.36"
102.89.83.244 - - [30/Jul/2025:09:54:36 -0400] "GET /dclm/ajax.php?type=weeklyrep HTTP/1.1" 302 771 "https://www.churchmr.com/dclm/program" "Mozilla/5.0 (Linux; Android 10; K) AppleWebKit/537.36 (KHTML, like Gecko) Chrome/135.0.0.0 Mobile Safari/537.36"
102.89.83.244 - - [30/Jul/2025:09:54:36 -0400] "GET /dclm/ajax.php?type=recentrep HTTP/1.1" 302 771 "https://www.churchmr.com/dclm/program" "Mozilla/5.0 (Linux; Android 10; K) AppleWebKit/537.36 (KHTML, like Gecko) Chrome/135.0.0.0 Mobile Safari/537.36"
102.89.83.244 - - [30/Jul/2025:09:54:36 -0400] "GET /dclm/ajax.php?type=pendingrep HTTP/1.1" 302 771 "https://www.churchmr.com/dclm/program" "Mozilla/5.0 (Linux; Android 10; K) AppleWebKit/537.36 (KHTML, like Gecko) Chrome/135.0.0.0 Mobile Safari/537.36"
40.77.167.71 - - [30/Jul/2025:09:54:36 -0400] "GET /?d=14882153260&filter=b873a7&share_to_url=item.php%3Fid%3D507661%26name%3D2023+seer+ratings HTTP/1.1" 200 23745 "-" "Mozilla/5.0 AppleWebKit/537.36 (KHTML, like Gecko; compatible; bingbot/2.0; +http://www.bing.com/bingbot.htm) Chrome/116.0.1938.76 Safari/537.36"
102.89.83.244 - - [30/Jul/2025:09:54:36 -0400] "GET /dclm/ajax?type=weeklyrep HTTP/1.1" 200 553 "https://www.churchmr.com/dclm/program" "Mozilla/5.0 (Linux; Android 10; K) AppleWebKit/537.36 (KHTML, like Gecko) Chrome/135.0.0.0 Mobile Safari/537.36"
40.77.167.71 - - [30/Jul/2025:09:54:36 -0400] "GET /?d=105181501260&filter=144d7d&share_to_url=shop.php%3Fid%3D3563335%26name%3Dair+force+sales+altas HTTP/1.1" 200 22244 "-" "Mozilla/5.0 AppleWebKit/537.36 (KHTML, like Gecko; compatible; bingbot/2.0; +http://www.bing.com/bingbot.htm) Chrome/116.0.1938.76 Safari/537.36"
40.77.167.71 - - [30/Jul/2025:09:54:37 -0400] "GET /?d=14986908260&filter=14708a&share_to_url=goods.php%3Fid%3D511127%26name%3Dhero+new+moped HTTP/1.1" 200 24216 "-" "Mozilla/5.0 AppleWebKit/537.36 (KHTML, like Gecko; compatible; bingbot/2.0; +http://www.bing.com/bingbot.htm) Chrome/116.0.1938.76 Safari/537.36"
52.167.144.172 - - [30/Jul/2025:09:54:37 -0400] "GET /?d=34397536260&filter=9fddd6&share_to_url=pin.php%3Fid%3D1169922%26name%3Dvmdicthe+short+dress HTTP/1.1" 200 23210 "-" "Mozilla/5.0 AppleWebKit/537.36 (KHTML, like Gecko; compatible; bingbot/2.0; +http://www.bing.com/bingbot.htm) Chrome/116.0.1938.76 Safari/537.36"
52.167.144.172 - - [30/Jul/2025:09:54:38 -0400] "GET /?d=39060171260&filter=70c827&share_to_url=model.php%3Fid%3D1325799%26name%3Doverhaul+and+filter+kit HTTP/1.1" 200 24630 "-" "Mozilla/5.0 AppleWebKit/537.36 (KHTML, like Gecko; compatible; bingbot/2.0; +http://www.bing.com/bingbot.htm) Chrome/116.0.1938.76 Safari/537.36"
40.77.167.157 - - [30/Jul/2025:09:54:38 -0400] "GET /?d=11697521260&filter=1a214e&share_to_url=article.php%3Fid%3D400586%26name%3Dcoats+at+sale HTTP/1.1" 200 23545 "-" "Mozilla/5.0 AppleWebKit/537.36 (KHTML, like Gecko; compatible; bingbot/2.0; +http://www.bing.com/bingbot.htm) Chrome/116.0.1938.76 Safari/537.36"
52.167.144.172 - - [30/Jul/2025:09:54:38 -0400] "GET /?d=7052811260&filter=edd546&share_to_url=article.php%3Fid%3D241694%26name%3Dnyko+speakercom+headset HTTP/1.1" 200 23923 "-" "Mozilla/5.0 AppleWebKit/537.36 (KHTML, like Gecko; compatible; bingbot/2.0; +http://www.bing.com/bingbot.htm) Chrome/116.0.1938.76 Safari/537.36"
40.77.167.157 - - [30/Jul/2025:09:54:39 -0400] "GET /?d=99036806260&filter=f5b74d&share_to_url=pin.php%3Fid%3D3356622%26name%3Dmotta+sport HTTP/1.1" 200 23994 "-" "Mozilla/5.0 AppleWebKit/537.36 (KHTML, like Gecko; compatible; bingbot/2.0; +http://www.bing.com/bingbot.htm) Chrome/116.0.1938.76 Safari/537.36"
40.77.167.71 - - [30/Jul/2025:09:54:42 -0400] "GET /?d=33078666260&filter=199e58&share_to_url=article.php%3Fid%3D1124786%26name%3Ddrawception+social+media HTTP/1.1" 200 24416 "-" "Mozilla/5.0 AppleWebKit/537.36 (KHTML, like Gecko; compatible; bingbot/2.0; +http://www.bing.com/bingbot.htm) Chrome/116.0.1938.76 Safari/537.36"
52.167.144.162 - - [30/Jul/2025:09:54:42 -0400] "GET /?d=107867313260&filter=00a8d6&share_to_url=discover.php?id=3652433&name=tsa%20on%20x%20packsmart HTTP/1.1" 200 24025 "-" "Mozilla/5.0 AppleWebKit/537.36 (KHTML, like Gecko; compatible; bingbot/2.0; +http://www.bing.com/bingbot.htm) Chrome/116.0.1938.76 Safari/537.36"
40.77.167.71 - - [30/Jul/2025:09:54:43 -0400] "GET /?d=39192522260&filter=14708a&share_to_url=item.php%3Fid%3D1330321%26name%3Dthank+you+for+a HTTP/1.1" 200 24204 "-" "Mozilla/5.0 AppleWebKit/537.36 (KHTML, like Gecko; compatible; bingbot/2.0; +http://www.bing.com/bingbot.htm) Chrome/116.0.1938.76 Safari/537.36"
52.167.144.162 - - [30/Jul/2025:09:54:43 -0400] "GET /?d=109167791260&filter=225350&share_to_url=product-page.php?id=3695668&name=cemento%20arreda HTTP/1.1" 200 24252 "-" "Mozilla/5.0 AppleWebKit/537.36 (KHTML, like Gecko; compatible; bingbot/2.0; +http://www.bing.com/bingbot.htm) Chrome/116.0.1938.76 Safari/537.36"
40.77.167.71 - - [30/Jul/2025:09:54:43 -0400] "GET /?d=98210990260&filter=9569f9&share_to_url=model.php%3Fid%3D3327903%26name%3Dbaby+girl+baptism+dress+baptism HTTP/1.1" 200 22373 "-" "Mozilla/5.0 AppleWebKit/537.36 (KHTML, like Gecko; compatible; bingbot/2.0; +http://www.bing.com/bingbot.htm) Chrome/116.0.1938.76 Safari/537.36"
52.167.144.162 - - [30/Jul/2025:09:54:44 -0400] "GET /?d=109922922260&filter=3b21ec&share_to_url=article.php%3Fid%3D3720434%26name%3Dayogya HTTP/1.1" 200 24492 "-" "Mozilla/5.0 AppleWebKit/537.36 (KHTML, like Gecko; compatible; bingbot/2.0; +http://www.bing.com/bingbot.htm) Chrome/116.0.1938.76 Safari/537.36"
40.77.167.71 - - [30/Jul/2025:09:54:44 -0400] "GET /?d=62295810260&filter=99857c&share_to_url=item.php%3Fid%3D2112241%26name%3Dessential+sweater HTTP/1.1" 200 23083 "-" "Mozilla/5.0 AppleWebKit/537.36 (KHTML, like Gecko; compatible; bingbot/2.0; +http://www.bing.com/bingbot.htm) Chrome/116.0.1938.76 Safari/537.36"
52.167.144.162 - - [30/Jul/2025:09:54:45 -0400] "GET /?d=111989009260&filter=707a0e&share_to_url=detail.php%3Fid%3D3793257%26name%3Dmengenang+10+tahun HTTP/1.1" 200 24676 "-" "Mozilla/5.0 AppleWebKit/537.36 (KHTML, like Gecko; compatible; bingbot/2.0; +http://www.bing.com/bingbot.htm) Chrome/116.0.1938.76 Safari/537.36"
40.77.167.71 - - [30/Jul/2025:09:54:45 -0400] "GET /?d=75103747260&filter=edd546&share_to_url=discover.php%3Fid%3D2544977%26name%3Dwyze+noise+cancelling+bluetooth HTTP/1.1" 200 22871 "-" "Mozilla/5.0 AppleWebKit/537.36 (KHTML, like Gecko; compatible; bingbot/2.0; +http://www.bing.com/bingbot.htm) Chrome/116.0.1938.76 Safari/537.36"
102.89.83.244 - - [30/Jul/2025:09:54:47 -0400] "GET /dclm/ajax.php?type=addreport&a1=&a2=&a3=&a4=&a5=&a6=&a7=&a8=&a9=&a10=&a11=GCK&pid=5071&prog=BIBLE%20STUDY&pdate=18-APR-2025 HTTP/1.1" 302 771 "https://www.churchmr.com/dclm/program" "Mozilla/5.0 (Linux; Android 10; K) AppleWebKit/537.36 (KHTML, like Gecko) Chrome/135.0.0.0 Mobile Safari/537.36"
171.4.239.135 - - [30/Jul/2025:09:54:47 -0400] "POST /cludes/options HTTP/1.1" 200 44 "https://churchmr.com" "Mozilla/5.0 (Windows NT 10.0) AppleWebKit/537.36 (KHTML, like Gecko) Chrome/68.0.3385.44 Safari/537.36"
52.167.144.172 - - [30/Jul/2025:09:54:47 -0400] "GET /?d=116825772260&filter=8bc2c5&share_to_url=goods.php%3Fid%3D3956219%26name%3Damd+ryzen+7000+raphael HTTP/1.1" 200 22682 "-" "Mozilla/5.0 AppleWebKit/537.36 (KHTML, like Gecko; compatible; bingbot/2.0; +http://www.bing.com/bingbot.htm) Chrome/116.0.1938.76 Safari/537.36"
52.167.144.172 - - [30/Jul/2025:09:54:48 -0400] "GET /?d=86364532260&filter=b240e2&share_to_url=product-page.php%3Fid%3D2926360%26name%3Dps4+3d+warehouse HTTP/1.1" 200 24608 "-" "Mozilla/5.0 AppleWebKit/537.36 (KHTML, like Gecko; compatible; bingbot/2.0; +http://www.bing.com/bingbot.htm) Chrome/116.0.1938.76 Safari/537.36"
52.167.144.172 - - [30/Jul/2025:09:54:49 -0400] "GET /?d=90534010260&filter=bc40a5&share_to_url=ideas.php%3Fid%3D3068460%26name%3Djeeves+d+straight+oil HTTP/1.1" 200 22851 "-" "Mozilla/5.0 AppleWebKit/537.36 (KHTML, like Gecko; compatible; bingbot/2.0; +http://www.bing.com/bingbot.htm) Chrome/116.0.1938.76 Safari/537.36"
177.183.197.133 - - [30/Jul/2025:09:54:49 -0400] "POST /cludes/options HTTP/1.1" 200 44 "https://churchmr.com" "Mozilla/5.0 (compatible; MSIE 10.0; Windows NT 6.1; Win64; x64; Trident/6.0; .NET CLR 2.0.50727; .NET CLR 3.5.30729; .NET CLR 3.0.30729; Media Center PC 6.0; .NET4.0C; .NET4.0E)"
102.89.83.244 - - [30/Jul/2025:09:54:36 -0400] "GET /dclm/ajax?type=pendingrep HTTP/1.1" 200 324 "https://www.churchmr.com/dclm/program" "Mozilla/5.0 (Linux; Android 10; K) AppleWebKit/537.36 (KHTML, like Gecko) Chrome/135.0.0.0 Mobile Safari/537.36"
102.89.83.244 - - [30/Jul/2025:09:54:47 -0400] "GET /dclm/ajax?type=addreport&a1=&a2=&a3=&a4=&a5=&a6=&a7=&a8=&a9=&a10=&a11=GCK&pid=5071&prog=BIBLE%20STUDY&pdate=18-APR-2025 HTTP/1.1" 200 132 "https://www.churchmr.com/dclm/program" "Mozilla/5.0 (Linux; Android 10; K) AppleWebKit/537.36 (KHTML, like Gecko) Chrome/135.0.0.0 Mobile Safari/537.36"
102.89.83.244 - - [30/Jul/2025:09:54:50 -0400] "GET /dclm/ajax.php?type=weeklyrep HTTP/1.1" 302 771 "https://www.churchmr.com/dclm/program" "Mozilla/5.0 (Linux; Android 10; K) AppleWebKit/537.36 (KHTML, like Gecko) Chrome/135.0.0.0 Mobile Safari/537.36"
102.89.83.244 - - [30/Jul/2025:09:54:50 -0400] "GET /dclm/ajax.php?type=recentrep HTTP/1.1" 302 771 "https://www.churchmr.com/dclm/program" "Mozilla/5.0 (Linux; Android 10; K) AppleWebKit/537.36 (KHTML, like Gecko) Chrome/135.0.0.0 Mobile Safari/537.36"
102.89.83.244 - - [30/Jul/2025:09:54:50 -0400] "GET /dclm/ajax.php?type=pendingrep HTTP/1.1" 302 771 "https://www.churchmr.com/dclm/program" "Mozilla/5.0 (Linux; Android 10; K) AppleWebKit/537.36 (KHTML, like Gecko) Chrome/135.0.0.0 Mobile Safari/537.36"
102.89.83.244 - - [30/Jul/2025:09:54:36 -0400] "GET /dclm/ajax?type=recentrep HTTP/1.1" 200 601 "https://www.churchmr.com/dclm/program" "Mozilla/5.0 (Linux; Android 10; K) AppleWebKit/537.36 (KHTML, like Gecko) Chrome/135.0.0.0 Mobile Safari/537.36"
102.89.83.244 - - [30/Jul/2025:09:54:50 -0400] "GET /dclm/ajax?type=weeklyrep HTTP/1.1" 200 553 "https://www.churchmr.com/dclm/program" "Mozilla/5.0 (Linux; Android 10; K) AppleWebKit/537.36 (KHTML, like Gecko) Chrome/135.0.0.0 Mobile Safari/537.36"
40.77.167.71 - - [30/Jul/2025:09:54:52 -0400] "GET /?d=90951523260&filter=275deb&share_to_url=item.php%3Fid%3D3082489%26name%3Duniversity+of+chicago+stud HTTP/1.1" 200 22577 "-" "Mozilla/5.0 AppleWebKit/537.36 (KHTML, like Gecko; compatible; bingbot/2.0; +http://www.bing.com/bingbot.htm) Chrome/116.0.1938.76 Safari/537.36"
52.167.144.225 - - [30/Jul/2025:09:55:01 -0400] "GET /?d=15297630260&filter=731959&share_to_url=discover.php%3Fid%3D521597%26name%3Dbuy+calvin+klein+extension HTTP/1.1" 200 22915 "-" "Mozilla/5.0 AppleWebKit/537.36 (KHTML, like Gecko; compatible; bingbot/2.0; +http://www.bing.com/bingbot.htm) Chrome/116.0.1938.76 Safari/537.36"
52.167.144.225 - - [30/Jul/2025:09:55:02 -0400] "GET /?d=62930442260&filter=5e3718&share_to_url=detail.php%3Fid%3D2133681%26name%3Dle HTTP/1.1" 200 24209 "-" "Mozilla/5.0 AppleWebKit/537.36 (KHTML, like Gecko; compatible; bingbot/2.0; +http://www.bing.com/bingbot.htm) Chrome/116.0.1938.76 Safari/537.36"
52.167.144.225 - - [30/Jul/2025:09:55:02 -0400] "GET /?d=73906435260&filter=b240e2&share_to_url=model.php%3Fid%3D2505423%26name%3Dso+are+there+two HTTP/1.1" 200 22856 "-" "Mozilla/5.0 AppleWebKit/537.36 (KHTML, like Gecko; compatible; bingbot/2.0; +http://www.bing.com/bingbot.htm) Chrome/116.0.1938.76 Safari/537.36"
52.167.144.225 - - [30/Jul/2025:09:55:03 -0400] "GET /?d=94346299260&filter=016c7a&share_to_url=shop.php%3Fid%3D3197311%26name%3Dlentes+armazon+rojo+detalle HTTP/1.1" 200 23514 "-" "Mozilla/5.0 AppleWebKit/537.36 (KHTML, like Gecko; compatible; bingbot/2.0; +http://www.bing.com/bingbot.htm) Chrome/116.0.1938.76 Safari/537.36"
102.89.83.244 - - [30/Jul/2025:09:54:50 -0400] "GET /dclm/ajax?type=pendingrep HTTP/1.1" 200 310 "https://www.churchmr.com/dclm/program" "Mozilla/5.0 (Linux; Android 10; K) AppleWebKit/537.36 (KHTML, like Gecko) Chrome/135.0.0.0 Mobile Safari/537.36"
52.167.144.225 - - [30/Jul/2025:09:55:04 -0400] "GET /?d=17659307260&filter=397f34&share_to_url=ideas.php%3Fid%3D600900%26name%3Dnamkaran+29th+march HTTP/1.1" 200 23067 "-" "Mozilla/5.0 AppleWebKit/537.36 (KHTML, like Gecko; compatible; bingbot/2.0; +http://www.bing.com/bingbot.htm) Chrome/116.0.1938.76 Safari/537.36"
102.89.83.244 - - [30/Jul/2025:09:54:51 -0400] "GET /dclm/ajax?type=recentrep HTTP/1.1" 200 601 "https://www.churchmr.com/dclm/program" "Mozilla/5.0 (Linux; Android 10; K) AppleWebKit/537.36 (KHTML, like Gecko) Chrome/135.0.0.0 Mobile Safari/537.36"
102.89.83.244 - - [30/Jul/2025:09:55:05 -0400] "GET /dclm/ajax.php?type=addreport&a1=&a2=&a3=&a4=&a5=&a6=&a7=&a8=&a9=&a10=&a11=Retreat%20&pid=5071&prog=BIBLE%20STUDY&pdate=18-APR-2025 HTTP/1.1" 302 771 "https://www.churchmr.com/dclm/program" "Mozilla/5.0 (Linux; Android 10; K) AppleWebKit/537.36 (KHTML, like Gecko) Chrome/135.0.0.0 Mobile Safari/537.36"
52.167.144.225 - - [30/Jul/2025:09:55:05 -0400] "GET /?d=20212779260&filter=6ca228&share_to_url=article.php%3Fid%3D686594%26name%3Dtoughts+on+ezio HTTP/1.1" 200 23194 "-" "Mozilla/5.0 AppleWebKit/537.36 (KHTML, like Gecko; compatible; bingbot/2.0; +http://www.bing.com/bingbot.htm) Chrome/116.0.1938.76 Safari/537.36"
102.89.83.244 - - [30/Jul/2025:09:55:05 -0400] "GET /dclm/ajax?type=addreport&a1=&a2=&a3=&a4=&a5=&a6=&a7=&a8=&a9=&a10=&a11=Retreat%20&pid=5071&prog=BIBLE%20STUDY&pdate=18-APR-2025 HTTP/1.1" 200 132 "https://www.churchmr.com/dclm/program" "Mozilla/5.0 (Linux; Android 10; K) AppleWebKit/537.36 (KHTML, like Gecko) Chrome/135.0.0.0 Mobile Safari/537.36"
102.89.83.244 - - [30/Jul/2025:09:55:06 -0400] "GET /dclm/ajax.php?type=weeklyrep HTTP/1.1" 302 771 "https://www.churchmr.com/dclm/program" "Mozilla/5.0 (Linux; Android 10; K) AppleWebKit/537.36 (KHTML, like Gecko) Chrome/135.0.0.0 Mobile Safari/537.36"
102.89.83.244 - - [30/Jul/2025:09:55:06 -0400] "GET /dclm/ajax.php?type=recentrep HTTP/1.1" 302 771 "https://www.churchmr.com/dclm/program" "Mozilla/5.0 (Linux; Android 10; K) AppleWebKit/537.36 (KHTML, like Gecko) Chrome/135.0.0.0 Mobile Safari/537.36"
102.89.83.244 - - [30/Jul/2025:09:55:06 -0400] "GET /dclm/ajax.php?type=pendingrep HTTP/1.1" 302 771 "https://www.churchmr.com/dclm/program" "Mozilla/5.0 (Linux; Android 10; K) AppleWebKit/537.36 (KHTML, like Gecko) Chrome/135.0.0.0 Mobile Safari/537.36"
52.167.144.225 - - [30/Jul/2025:09:55:06 -0400] "GET /?d=49870891260&filter=4d7b9c&share_to_url=model.php%3Fid%3D1695387%26name%3Dpower+functions+light HTTP/1.1" 200 22325 "-" "Mozilla/5.0 AppleWebKit/537.36 (KHTML, like Gecko; compatible; bingbot/2.0; +http://www.bing.com/bingbot.htm) Chrome/116.0.1938.76 Safari/537.36"
52.167.144.225 - - [30/Jul/2025:09:55:07 -0400] "GET /?d=89252427260&filter=dc4929&share_to_url=model.php%3Fid%3D3025359%26name%3Dsindoori+wedding HTTP/1.1" 200 23055 "-" "Mozilla/5.0 AppleWebKit/537.36 (KHTML, like Gecko; compatible; bingbot/2.0; +http://www.bing.com/bingbot.htm) Chrome/116.0.1938.76 Safari/537.36"
102.89.83.244 - - [30/Jul/2025:09:55:06 -0400] "GET /dclm/ajax?type=weeklyrep HTTP/1.1" 200 553 "https://www.churchmr.com/dclm/program" "Mozilla/5.0 (Linux; Android 10; K) AppleWebKit/537.36 (KHTML, like Gecko) Chrome/135.0.0.0 Mobile Safari/537.36"
52.167.144.225 - - [30/Jul/2025:09:55:07 -0400] "GET /?d=90786661260&filter=2b2900&share_to_url=product.php%3Fid%3D3076882%26name%3Dbest+pillows+canada HTTP/1.1" 200 22776 "-" "Mozilla/5.0 AppleWebKit/537.36 (KHTML, like Gecko; compatible; bingbot/2.0; +http://www.bing.com/bingbot.htm) Chrome/116.0.1938.76 Safari/537.36"
102.89.83.244 - - [30/Jul/2025:09:55:06 -0400] "GET /dclm/ajax?type=recentrep HTTP/1.1" 200 601 "https://www.churchmr.com/dclm/program" "Mozilla/5.0 (Linux; Android 10; K) AppleWebKit/537.36 (KHTML, like Gecko) Chrome/135.0.0.0 Mobile Safari/537.36"
52.167.144.225 - - [30/Jul/2025:09:55:08 -0400] "GET /?d=90958517260&filter=275deb&share_to_url=detail.php%3Fid%3D3082689%26name%3D25+off+express+coupons HTTP/1.1" 200 24464 "-" "Mozilla/5.0 AppleWebKit/537.36 (KHTML, like Gecko; compatible; bingbot/2.0; +http://www.bing.com/bingbot.htm) Chrome/116.0.1938.76 Safari/537.36"
179.191.49.51 - - [30/Jul/2025:09:55:08 -0400] "POST /cludes/options HTTP/1.1" 200 44 "https://churchmr.com" "Opera/9.80 (Windows NT 6.2); U) Presto/2.10.289 Version/12.02"
182.48.229.100 - - [30/Jul/2025:09:55:14 -0400] "POST /cludes/options HTTP/1.1" 200 44 "https://churchmr.com" "Mozilla/5.0 (Windows NT 6.1; rv:51.0) Gecko/20100101 Firefox/51.0"
40.77.167.71 - - [30/Jul/2025:09:55:15 -0400] "GET /?d=56403830260&filter=8ce5da&share_to_url=article.php%3Fid%3D1915274%26name%3Dbest+winery+pizza+in HTTP/1.1" 200 24064 "-" "Mozilla/5.0 AppleWebKit/537.36 (KHTML, like Gecko; compatible; bingbot/2.0; +http://www.bing.com/bingbot.htm) Chrome/116.0.1938.76 Safari/537.36"
40.77.167.157 - - [30/Jul/2025:09:55:16 -0400] "GET /?d=102974446260&filter=34e834&share_to_url=detail.php%3Fid%3D3489813%26name%3Dbmw+e46 HTTP/1.1" 200 22329 "-" "Mozilla/5.0 AppleWebKit/537.36 (KHTML, like Gecko; compatible; bingbot/2.0; +http://www.bing.com/bingbot.htm) Chrome/116.0.1938.76 Safari/537.36"
40.77.167.71 - - [30/Jul/2025:09:55:16 -0400] "GET /?d=89045168260&filter=7bb540&share_to_url=item.php%3Fid%3D3017989%26name%3Dbici+da+pista+look HTTP/1.1" 200 22630 "-" "Mozilla/5.0 AppleWebKit/537.36 (KHTML, like Gecko; compatible; bingbot/2.0; +http://www.bing.com/bingbot.htm) Chrome/116.0.1938.76 Safari/537.36"
102.89.83.244 - - [30/Jul/2025:09:55:17 -0400] "GET /dclm/ajax.php?type=addreport&a1=&a2=&a3=&a4=&a5=&a6=&a7=&a8=&a9=&a10=&a11=Retreat%20&pid=5069&prog=MORNING%20MESSAGE&pdate=18-APR-2025 HTTP/1.1" 302 771 "https://www.churchmr.com/dclm/program" "Mozilla/5.0 (Linux; Android 10; K) AppleWebKit/537.36 (KHTML, like Gecko) Chrome/135.0.0.0 Mobile Safari/537.36"
190.3.40.35 - - [30/Jul/2025:09:55:19 -0400] "POST /cludes/options HTTP/1.1" 200 44 "https://churchmr.com" "Mozilla/5.0 (Windows NT 10.0) AppleWebKit/537.36 (KHTML, like Gecko) Chrome/62.0.2845.24 Safari/537.36"
102.89.83.244 - - [30/Jul/2025:09:55:06 -0400] "GET /dclm/ajax?type=pendingrep HTTP/1.1" 200 310 "https://www.churchmr.com/dclm/program" "Mozilla/5.0 (Linux; Android 10; K) AppleWebKit/537.36 (KHTML, like Gecko) Chrome/135.0.0.0 Mobile Safari/537.36"
102.89.83.244 - - [30/Jul/2025:09:55:17 -0400] "GET /dclm/ajax?type=addreport&a1=&a2=&a3=&a4=&a5=&a6=&a7=&a8=&a9=&a10=&a11=Retreat%20&pid=5069&prog=MORNING%20MESSAGE&pdate=18-APR-2025 HTTP/1.1" 200 141 "https://www.churchmr.com/dclm/program" "Mozilla/5.0 (Linux; Android 10; K) AppleWebKit/537.36 (KHTML, like Gecko) Chrome/135.0.0.0 Mobile Safari/537.36"
102.89.83.244 - - [30/Jul/2025:09:55:21 -0400] "GET /dclm/ajax.php?type=weeklyrep HTTP/1.1" 302 771 "https://www.churchmr.com/dclm/program" "Mozilla/5.0 (Linux; Android 10; K) AppleWebKit/537.36 (KHTML, like Gecko) Chrome/135.0.0.0 Mobile Safari/537.36"
102.89.83.244 - - [30/Jul/2025:09:55:21 -0400] "GET /dclm/ajax.php?type=recentrep HTTP/1.1" 302 771 "https://www.churchmr.com/dclm/program" "Mozilla/5.0 (Linux; Android 10; K) AppleWebKit/537.36 (KHTML, like Gecko) Chrome/135.0.0.0 Mobile Safari/537.36"
102.89.83.244 - - [30/Jul/2025:09:55:21 -0400] "GET /dclm/ajax.php?type=pendingrep HTTP/1.1" 302 771 "https://www.churchmr.com/dclm/program" "Mozilla/5.0 (Linux; Android 10; K) AppleWebKit/537.36 (KHTML, like Gecko) Chrome/135.0.0.0 Mobile Safari/537.36"
102.89.83.244 - - [30/Jul/2025:09:55:21 -0400] "GET /dclm/ajax?type=weeklyrep HTTP/1.1" 200 553 "https://www.churchmr.com/dclm/program" "Mozilla/5.0 (Linux; Android 10; K) AppleWebKit/537.36 (KHTML, like Gecko) Chrome/135.0.0.0 Mobile Safari/537.36"
31.223.77.134 - - [30/Jul/2025:09:55:24 -0400] "POST /cludes/options HTTP/1.1" 200 44 "https://churchmr.com" "Opera/9.80 (iOS; Opera Mini/7.0.73345/28.2555; U; ru) Presto/2.10.229 Version/11.62"
223.204.222.31 - - [30/Jul/2025:09:55:25 -0400] "POST /cludes/options HTTP/1.1" 200 44 "https://churchmr.com" "Mozilla/5.0 (Windows NT 6.3; Win64; x64) AppleWebKit/537.36 (KHTML, like Gecko) Chrome/68.0.3407.110 Safari/537.36"
52.167.144.172 - - [30/Jul/2025:09:55:26 -0400] "GET /?d=23877002260&filter=edd546&share_to_url=shop.php%3Fid%3D809659%26name%3Dnebula+gx60+gaming HTTP/1.1" 200 22812 "-" "Mozilla/5.0 AppleWebKit/537.36 (KHTML, like Gecko; compatible; bingbot/2.0; +http://www.bing.com/bingbot.htm) Chrome/116.0.1938.76 Safari/537.36"
52.167.144.172 - - [30/Jul/2025:09:55:27 -0400] "GET /?d=86850914260&filter=14708a&share_to_url=detail.php%3Fid%3D2942601%26name%3D2019+claud+butler+primal HTTP/1.1" 200 23267 "-" "Mozilla/5.0 AppleWebKit/537.36 (KHTML, like Gecko; compatible; bingbot/2.0; +http://www.bing.com/bingbot.htm) Chrome/116.0.1938.76 Safari/537.36"
52.167.144.172 - - [30/Jul/2025:09:55:28 -0400] "GET /?d=20029970260&filter=93ffb4&share_to_url=article.php%3Fid%3D680378%26name%3Dstabilo+left+handed HTTP/1.1" 200 22795 "-" "Mozilla/5.0 AppleWebKit/537.36 (KHTML, like Gecko; compatible; bingbot/2.0; +http://www.bing.com/bingbot.htm) Chrome/116.0.1938.76 Safari/537.36"
52.167.144.172 - - [30/Jul/2025:09:55:28 -0400] "GET /?d=77294038260&filter=d337cc&share_to_url=model.php%3Fid%3D2619471%26name%3Dpharmedoc+full+body HTTP/1.1" 200 22245 "-" "Mozilla/5.0 AppleWebKit/537.36 (KHTML, like Gecko; compatible; bingbot/2.0; +http://www.bing.com/bingbot.htm) Chrome/116.0.1938.76 Safari/537.36"
154.227.130.147 - - [30/Jul/2025:09:55:29 -0400] "POST /cludes/options HTTP/1.1" 200 44 "https://churchmr.com" "Mozilla/5.0 (Windows NT 6.1; WOW64) AppleWebKit/537.36 (KHTML, like Gecko) Chrome/62.0.2921.7 Safari/537.36"
102.89.83.244 - - [30/Jul/2025:09:55:29 -0400] "GET /dclm/ajax.php?type=addreport&a1=&a2=&a3=&a4=&a5=&a6=&a7=&a8=&a9=&a10=&a11=Retreat%20&pid=5068&prog=FAITH%20CLINIC&pdate=18-APR-2025 HTTP/1.1" 302 771 "https://www.churchmr.com/dclm/program" "Mozilla/5.0 (Linux; Android 10; K) AppleWebKit/537.36 (KHTML, like Gecko) Chrome/135.0.0.0 Mobile Safari/537.36"
52.167.144.225 - - [30/Jul/2025:09:55:32 -0400] "GET /?d=55978521260&filter=397f34&share_to_url=discover.php%3Fid%3D1900685%26name%3Dmare+of+easttown+rotten HTTP/1.1" 200 22838 "-" "Mozilla/5.0 AppleWebKit/537.36 (KHTML, like Gecko; compatible; bingbot/2.0; +http://www.bing.com/bingbot.htm) Chrome/116.0.1938.76 Safari/537.36"
103.184.1.9 - - [30/Jul/2025:09:55:32 -0400] "POST /cludes/options HTTP/1.1" 200 44 "https://churchmr.com" "Mozilla/5.0 (Windows NT 10.0; WOW64) AppleWebKit/537.36 (KHTML, like Gecko) Chrome/63.0.2377.89 Safari/537.36"
27.34.110.19 - - [30/Jul/2025:09:55:33 -0400] "POST /cludes/options HTTP/1.1" 200 44 "https://churchmr.com" "Mozilla/5.0 (Windows NT 10.0) AppleWebKit/537.36 (KHTML, like Gecko) Chrome/63.0.3138.54 Safari/537.36"
102.89.83.244 - - [30/Jul/2025:09:55:21 -0400] "GET /dclm/ajax?type=pendingrep HTTP/1.1" 200 294 "https://www.churchmr.com/dclm/program" "Mozilla/5.0 (Linux; Android 10; K) AppleWebKit/537.36 (KHTML, like Gecko) Chrome/135.0.0.0 Mobile Safari/537.36"
102.89.83.244 - - [30/Jul/2025:09:55:30 -0400] "GET /dclm/ajax?type=addreport&a1=&a2=&a3=&a4=&a5=&a6=&a7=&a8=&a9=&a10=&a11=Retreat%20&pid=5068&prog=FAITH%20CLINIC&pdate=18-APR-2025 HTTP/1.1" 200 138 "https://www.churchmr.com/dclm/program" "Mozilla/5.0 (Linux; Android 10; K) AppleWebKit/537.36 (KHTML, like Gecko) Chrome/135.0.0.0 Mobile Safari/537.36"
102.89.83.244 - - [30/Jul/2025:09:55:35 -0400] "GET /dclm/ajax.php?type=weeklyrep HTTP/1.1" 302 771 "https://www.churchmr.com/dclm/program" "Mozilla/5.0 (Linux; Android 10; K) AppleWebKit/537.36 (KHTML, like Gecko) Chrome/135.0.0.0 Mobile Safari/537.36"
102.89.83.244 - - [30/Jul/2025:09:55:35 -0400] "GET /dclm/ajax.php?type=recentrep HTTP/1.1" 302 771 "https://www.churchmr.com/dclm/program" "Mozilla/5.0 (Linux; Android 10; K) AppleWebKit/537.36 (KHTML, like Gecko) Chrome/135.0.0.0 Mobile Safari/537.36"
102.89.83.244 - - [30/Jul/2025:09:55:35 -0400] "GET /dclm/ajax.php?type=pendingrep HTTP/1.1" 302 771 "https://www.churchmr.com/dclm/program" "Mozilla/5.0 (Linux; Android 10; K) AppleWebKit/537.36 (KHTML, like Gecko) Chrome/135.0.0.0 Mobile Safari/537.36"
102.89.83.244 - - [30/Jul/2025:09:55:21 -0400] "GET /dclm/ajax?type=recentrep HTTP/1.1" 200 626 "https://www.churchmr.com/dclm/program" "Mozilla/5.0 (Linux; Android 10; K) AppleWebKit/537.36 (KHTML, like Gecko) Chrome/135.0.0.0 Mobile Safari/537.36"
102.89.83.244 - - [30/Jul/2025:09:55:35 -0400] "GET /dclm/ajax?type=weeklyrep HTTP/1.1" 200 553 "https://www.churchmr.com/dclm/program" "Mozilla/5.0 (Linux; Android 10; K) AppleWebKit/537.36 (KHTML, like Gecko) Chrome/135.0.0.0 Mobile Safari/537.36"
52.167.144.172 - - [30/Jul/2025:09:55:47 -0400] "GET /?d=32751772260&filter=c66852&share_to_url=article.php%3Fid%3D1113686%26name%3Dfragancias+odeur+de HTTP/1.1" 200 22998 "-" "Mozilla/5.0 AppleWebKit/537.36 (KHTML, like Gecko; compatible; bingbot/2.0; +http://www.bing.com/bingbot.htm) Chrome/116.0.1938.76 Safari/537.36"
102.89.83.244 - - [30/Jul/2025:09:55:35 -0400] "GET /dclm/ajax?type=pendingrep HTTP/1.1" 200 278 "https://www.churchmr.com/dclm/program" "Mozilla/5.0 (Linux; Android 10; K) AppleWebKit/537.36 (KHTML, like Gecko) Chrome/135.0.0.0 Mobile Safari/537.36"
52.167.144.172 - - [30/Jul/2025:09:55:47 -0400] "GET /?d=25000956260&filter=132c35&share_to_url=discover.php%3Fid%3D847409%26name%3Dbubble+balls+water HTTP/1.1" 200 24184 "-" "Mozilla/5.0 AppleWebKit/537.36 (KHTML, like Gecko; compatible; bingbot/2.0; +http://www.bing.com/bingbot.htm) Chrome/116.0.1938.76 Safari/537.36"
102.89.83.244 - - [30/Jul/2025:09:55:35 -0400] "GET /dclm/ajax?type=recentrep HTTP/1.1" 200 626 "https://www.churchmr.com/dclm/program" "Mozilla/5.0 (Linux; Android 10; K) AppleWebKit/537.36 (KHTML, like Gecko) Chrome/135.0.0.0 Mobile Safari/537.36"
123.231.87.97 - - [30/Jul/2025:09:55:48 -0400] "POST /cludes/options HTTP/1.1" 200 44 "https://churchmr.com" "Mozilla/5.0 (Windows NT 6.1; Win64; x64; rv:60.0) Gecko/20100101 Firefox/60.0"
78.180.49.167 - - [30/Jul/2025:09:55:49 -0400] "POST /cludes/options HTTP/1.1" 200 44 "https://churchmr.com" "Mozilla/5.0 (Windows NT 6.3) AppleWebKit/537.36 (KHTML, like Gecko) Chrome/65.0.2267.113 Safari/537.36"
204.12.252.98 - - [30/Jul/2025:09:55:51 -0400] "GET /wp-includes/edit.php HTTP/1.1" 302 771 "https://churchmr.com/wp-includes/edit.php" "Mozilla/5.0 (Windows NT 10.0; Win64; x64) AppleWebKit/537.36 (KHTML, like Gecko) Chrome/58.0.3029.110 Safari/537.3"
204.12.252.98 - - [30/Jul/2025:09:55:51 -0400] "GET /wp-includes/edit HTTP/1.1" 404 1251 "https://churchmr.com/wp-includes/edit.php" "Mozilla/5.0 (Windows NT 10.0; Win64; x64) AppleWebKit/537.36 (KHTML, like Gecko) Chrome/58.0.3029.110 Safari/537.3"
102.89.83.244 - - [30/Jul/2025:09:55:58 -0400] "GET /dclm/ajax.php?type=addreport&a1=&a2=&a3=&a4=&a5=&a6=&a7=&a8=&a9=&a10=&a11=Retreat%20&pid=5070&prog=BIBLE%20TEACHING&pdate=18-APR-2025 HTTP/1.1" 302 771 "https://www.churchmr.com/dclm/program" "Mozilla/5.0 (Linux; Android 10; K) AppleWebKit/537.36 (KHTML, like Gecko) Chrome/135.0.0.0 Mobile Safari/537.36"
102.89.83.244 - - [30/Jul/2025:09:55:58 -0400] "GET /dclm/ajax?type=addreport&a1=&a2=&a3=&a4=&a5=&a6=&a7=&a8=&a9=&a10=&a11=Retreat%20&pid=5070&prog=BIBLE%20TEACHING&pdate=18-APR-2025 HTTP/1.1" 200 138 "https://www.churchmr.com/dclm/program" "Mozilla/5.0 (Linux; Android 10; K) AppleWebKit/537.36 (KHTML, like Gecko) Chrome/135.0.0.0 Mobile Safari/537.36"
102.89.83.244 - - [30/Jul/2025:09:55:59 -0400] "GET /dclm/ajax.php?type=weeklyrep HTTP/1.1" 302 771 "https://www.churchmr.com/dclm/program" "Mozilla/5.0 (Linux; Android 10; K) AppleWebKit/537.36 (KHTML, like Gecko) Chrome/135.0.0.0 Mobile Safari/537.36"
102.89.83.244 - - [30/Jul/2025:09:55:59 -0400] "GET /dclm/ajax.php?type=recentrep HTTP/1.1" 302 771 "https://www.churchmr.com/dclm/program" "Mozilla/5.0 (Linux; Android 10; K) AppleWebKit/537.36 (KHTML, like Gecko) Chrome/135.0.0.0 Mobile Safari/537.36"
102.89.83.244 - - [30/Jul/2025:09:55:59 -0400] "GET /dclm/ajax.php?type=pendingrep HTTP/1.1" 302 771 "https://www.churchmr.com/dclm/program" "Mozilla/5.0 (Linux; Android 10; K) AppleWebKit/537.36 (KHTML, like Gecko) Chrome/135.0.0.0 Mobile Safari/537.36"
197.221.251.229 - - [30/Jul/2025:09:55:59 -0400] "POST /cludes/options HTTP/1.1" 200 44 "https://churchmr.com" "Mozilla/5.0 (Windows NT 10.0) AppleWebKit/537.36 (KHTML, like Gecko) Chrome/67.0.3249.151 Safari/537.36"
102.89.83.244 - - [30/Jul/2025:09:55:59 -0400] "GET /dclm/ajax?type=weeklyrep HTTP/1.1" 200 553 "https://www.churchmr.com/dclm/program" "Mozilla/5.0 (Linux; Android 10; K) AppleWebKit/537.36 (KHTML, like Gecko) Chrome/135.0.0.0 Mobile Safari/537.36"
102.89.83.244 - - [30/Jul/2025:09:55:59 -0400] "GET /dclm/ajax?type=recentrep HTTP/1.1" 200 614 "https://www.churchmr.com/dclm/program" "Mozilla/5.0 (Linux; Android 10; K) AppleWebKit/537.36 (KHTML, like Gecko) Chrome/135.0.0.0 Mobile Safari/537.36"
81.10.77.177 - - [30/Jul/2025:09:56:06 -0400] "POST /cludes/options HTTP/1.1" 200 44 "https://churchmr.com" "Mozilla/5.0 (Windows NT 10.0; Win64; x64) AppleWebKit/537.36 (KHTML, like Gecko) Chrome/63.0.2105.86 Safari/537.36"
40.77.167.72 - - [30/Jul/2025:09:56:07 -0400] "GET /?d=84470064260&filter=b11a05&share_to_url=product.php%3Fid%3D2860834%26name%3Dhot+sale+for+xiaomi HTTP/1.1" 200 23680 "-" "Mozilla/5.0 AppleWebKit/537.36 (KHTML, like Gecko; compatible; bingbot/2.0; +http://www.bing.com/bingbot.htm) Chrome/116.0.1938.76 Safari/537.36"
40.77.167.72 - - [30/Jul/2025:09:56:09 -0400] "GET /?d=25507258260&filter=dc973f&share_to_url=shopdetail.php%3Fid%3D864332%26name%3Dcordless+shop+drill HTTP/1.1" 200 23810 "-" "Mozilla/5.0 AppleWebKit/537.36 (KHTML, like Gecko; compatible; bingbot/2.0; +http://www.bing.com/bingbot.htm) Chrome/116.0.1938.76 Safari/537.36"
106.222.208.217 - - [30/Jul/2025:09:56:13 -0400] "POST /cludes/options HTTP/1.1" 200 44 "https://churchmr.com" "Mozilla/5.0 (Windows NT 10.0) AppleWebKit/537.36 (KHTML, like Gecko) Chrome/65.0.3169.59 Safari/537.36"
52.167.144.184 - - [30/Jul/2025:09:56:13 -0400] "GET /?d=95848750260&filter=a06510&share_to_url=article.php?id=3247478&name=nia%20agrees%20that HTTP/1.1" 200 24230 "-" "Mozilla/5.0 AppleWebKit/537.36 (KHTML, like Gecko; compatible; bingbot/2.0; +http://www.bing.com/bingbot.htm) Chrome/116.0.1938.76 Safari/537.36"
102.89.83.244 - - [30/Jul/2025:09:55:59 -0400] "GET /dclm/ajax?type=pendingrep HTTP/1.1" 200 253 "https://www.churchmr.com/dclm/program" "Mozilla/5.0 (Linux; Android 10; K) AppleWebKit/537.36 (KHTML, like Gecko) Chrome/135.0.0.0 Mobile Safari/537.36"
40.77.167.157 - - [30/Jul/2025:09:56:17 -0400] "GET /?d=100771582260&filter=4d89e2&share_to_url=shop.php?id=3415435&name=snes%20longplay%20596%20the HTTP/1.1" 200 23523 "-" "Mozilla/5.0 AppleWebKit/537.36 (KHTML, like Gecko; compatible; bingbot/2.0; +http://www.bing.com/bingbot.htm) Chrome/116.0.1938.76 Safari/537.36"
40.77.167.157 - - [30/Jul/2025:09:56:18 -0400] "GET /?d=104126221260&filter=c19a1f&share_to_url=product.php?id=3527974&name=t%20mobile%20digits%20digits HTTP/1.1" 200 23249 "-" "Mozilla/5.0 AppleWebKit/537.36 (KHTML, like Gecko; compatible; bingbot/2.0; +http://www.bing.com/bingbot.htm) Chrome/116.0.1938.76 Safari/537.36"
52.167.144.184 - - [30/Jul/2025:09:56:21 -0400] "GET /?d=114767371260&filter=bfc81f&share_to_url=shop.php?id=3886327&name=vintage%20bmx%20mx%20bicycle HTTP/1.1" 200 24420 "-" "Mozilla/5.0 AppleWebKit/537.36 (KHTML, like Gecko; compatible; bingbot/2.0; +http://www.bing.com/bingbot.htm) Chrome/116.0.1938.76 Safari/537.36"
52.167.144.225 - - [30/Jul/2025:09:56:21 -0400] "GET /?d=117621664260&filter=26c16f&share_to_url=article.php%3Fid%3D3983354%26name%3Dedc+backpack+nylon HTTP/1.1" 200 23530 "-" "Mozilla/5.0 AppleWebKit/537.36 (KHTML, like Gecko; compatible; bingbot/2.0; +http://www.bing.com/bingbot.htm) Chrome/116.0.1938.76 Safari/537.36"
179.134.63.232 - - [30/Jul/2025:09:56:23 -0400] "POST /cludes/options HTTP/1.1" 200 44 "https://churchmr.com" "Mozilla/5.0 (Windows NT 6.2; Win64; x64) AppleWebKit/537.36 (KHTML, like Gecko) Chrome/67.0.2918.67 Safari/537.36"
41.218.192.218 - - [30/Jul/2025:09:56:25 -0400] "POST /cludes/options HTTP/1.1" 200 44 "https://churchmr.com" "Mozilla/5.0 (Windows NT 6.3; WOW64; rv:64.0) Gecko/20100101 Firefox/64.0"
189.4.104.109 - - [30/Jul/2025:09:56:28 -0400] "POST /cludes/options HTTP/1.1" 200 44 "https://churchmr.com" "Mozilla/5.0 (Windows NT 10.0; WOW64) AppleWebKit/537.36 (KHTML, like Gecko) Chrome/69.0.2952.141 Safari/537.36"
103.67.50.89 - - [30/Jul/2025:09:56:30 -0400] "POST /cludes/options HTTP/1.1" 200 44 "https://churchmr.com" "Mozilla/5.0 (Windows NT 6.1) AppleWebKit/537.36 (KHTML, like Gecko) Chrome/68.0.2175.117 Safari/537.36"
103.226.3.226 - - [30/Jul/2025:09:56:38 -0400] "POST /cludes/options HTTP/1.1" 200 44 "https://churchmr.com" "Mozilla/5.0 (Windows NT 6.1) AppleWebKit/537.36 (KHTML, like Gecko) Chrome/67.0.3380.63 Safari/537.36"
40.77.167.72 - - [30/Jul/2025:09:56:38 -0400] "GET /?d=57735201260&filter=14708a&share_to_url=detail.php%3Fid%3D1960365%26name%3Dtop+road+outlet+bike HTTP/1.1" 200 23627 "-" "Mozilla/5.0 AppleWebKit/537.36 (KHTML, like Gecko; compatible; bingbot/2.0; +http://www.bing.com/bingbot.htm) Chrome/116.0.1938.76 Safari/537.36"
40.77.167.77 - - [30/Jul/2025:09:56:39 -0400] "GET /?d=111319558260&filter=657ad3&share_to_url=detail.php%3Fid%3D3770001%26name%3Dlease+house+in+hanumantha+nagar HTTP/1.1" 200 22977 "-" "Mozilla/5.0 AppleWebKit/537.36 (KHTML, like Gecko; compatible; bingbot/2.0; +http://www.bing.com/bingbot.htm) Chrome/116.0.1938.76 Safari/537.36"
197.149.65.11 - - [30/Jul/2025:09:56:43 -0400] "POST /cludes/options HTTP/1.1" 200 44 "https://churchmr.com" "Mozilla/5.0 (Windows NT 10.0; Win64; x64) AppleWebKit/537.36 (KHTML, like Gecko) Chrome/68.0.2794.19 Safari/537.36"
52.167.144.172 - - [30/Jul/2025:09:56:46 -0400] "GET /?d=44878364260&filter=93ffb4&share_to_url=goods.php%3Fid%3D1522475%26name%3Dpiece+white+board HTTP/1.1" 200 23969 "-" "Mozilla/5.0 AppleWebKit/537.36 (KHTML, like Gecko; compatible; bingbot/2.0; +http://www.bing.com/bingbot.htm) Chrome/116.0.1938.76 Safari/537.36"
191.199.216.10 - - [30/Jul/2025:09:56:47 -0400] "POST /cludes/options HTTP/1.1" 200 44 "https://churchmr.com" "Mozilla/5.0 (Windows NT 6.3; rv:63.0) Gecko/20100101 Firefox/63.0"
103.115.254.240 - - [30/Jul/2025:09:56:59 -0400] "POST /cludes/options HTTP/1.1" 200 44 "https://churchmr.com" "Mozilla/5.0 (Windows NT 10.0; Win64; x64) AppleWebKit/537.36 (KHTML, like Gecko) Chrome/63.0.2808.158 Safari/537.36"
193.227.48.2 - - [30/Jul/2025:09:57:01 -0400] "POST /cludes/options HTTP/1.1" 200 44 "https://churchmr.com" "Mozilla/5.0 (Windows NT 10.0; Win64; x64; rv:46.0) Gecko/20100101 Firefox/46.0"
217.72.69.64 - - [30/Jul/2025:09:57:03 -0400] "POST /cludes/options HTTP/1.1" 200 44 "https://churchmr.com" "Mozilla/5.0 (Windows NT 10.0) AppleWebKit/537.36 (KHTML, like Gecko) Chrome/66.0.3234.102 Safari/537.36"
52.167.144.225 - - [30/Jul/2025:09:57:12 -0400] "GET /?d=34706731260&filter=50365e&share_to_url=shop.php%3Fid%3D1180627%26name%3Dnenuco+un+eructito HTTP/1.1" 200 21854 "-" "Mozilla/5.0 AppleWebKit/537.36 (KHTML, like Gecko; compatible; bingbot/2.0; +http://www.bing.com/bingbot.htm) Chrome/116.0.1938.76 Safari/537.36"
181.115.173.62 - - [30/Jul/2025:09:57:16 -0400] "POST /cludes/options HTTP/1.1" 200 44 "https://churchmr.com" "Mozilla/5.0 (Windows NT 6.3; Win64; x64; rv:51.0) Gecko/20100101 Firefox/51.0"
36.65.104.103 - - [30/Jul/2025:09:57:21 -0400] "POST /cludes/options HTTP/1.1" 200 44 "https://churchmr.com" "Mozilla/5.0 (Windows NT 10.0) AppleWebKit/537.36 (KHTML, like Gecko) Chrome/65.0.2170.75 Safari/537.36"
40.77.167.72 - - [30/Jul/2025:09:57:27 -0400] "GET /?d=89603111260&filter=f4a4b6&share_to_url=article.php%3Fid%3D3037058%26name%3Dlululemon+hotty+hot+high+rise HTTP/1.1" 200 22989 "-" "Mozilla/5.0 AppleWebKit/537.36 (KHTML, like Gecko; compatible; bingbot/2.0; +http://www.bing.com/bingbot.htm) Chrome/116.0.1938.76 Safari/537.36"
190.112.138.100 - - [30/Jul/2025:09:57:30 -0400] "POST /cludes/options HTTP/1.1" 200 44 "https://churchmr.com" "Mozilla/5.0 (Windows NT 6.1) AppleWebKit/537.36 (KHTML, like Gecko) Chrome/69.0.3180.145 Safari/537.36"
178.220.16.15 - - [30/Jul/2025:09:57:35 -0400] "POST /cludes/options HTTP/1.1" 200 44 "https://churchmr.com" "Mozilla/5.0 (Windows NT 10.0; WOW64; rv:52.0) Gecko/20100101 Firefox/52.0"
86.183.92.74 - - [30/Jul/2025:09:57:35 -0400] "POST /cludes/options HTTP/1.1" 200 44 "https://churchmr.com" "Mozilla/5.0 (Windows NT 10.0; WOW64; rv:64.0) Gecko/20100101 Firefox/64.0"
52.167.144.184 - - [30/Jul/2025:09:57:37 -0400] "GET /?d=117585936260&filter=4125cd&share_to_url=discover.php?id=3982085&name=baby%20food%20maker HTTP/1.1" 200 23345 "-" "Mozilla/5.0 AppleWebKit/537.36 (KHTML, like Gecko; compatible; bingbot/2.0; +http://www.bing.com/bingbot.htm) Chrome/116.0.1938.76 Safari/537.36"
52.167.144.184 - - [30/Jul/2025:09:57:38 -0400] "GET /?d=117975100260&filter=daf352&share_to_url=item.php?id=3995257&name=baby%20girl%20boy%20newborn HTTP/1.1" 200 23849 "-" "Mozilla/5.0 AppleWebKit/537.36 (KHTML, like Gecko; compatible; bingbot/2.0; +http://www.bing.com/bingbot.htm) Chrome/116.0.1938.76 Safari/537.36"
38.25.69.45 - - [30/Jul/2025:09:57:39 -0400] "POST /cludes/options HTTP/1.1" 200 44 "https://churchmr.com" "Mozilla/5.0 (Windows NT 10.0) AppleWebKit/537.36 (KHTML, like Gecko) Chrome/69.0.3075.6 Safari/537.36"
77.223.244.122 - - [30/Jul/2025:09:57:52 -0400] "POST /cludes/options HTTP/1.1" 200 44 "https://churchmr.com" "Mozilla/5.0 (Windows NT 10.0) AppleWebKit/537.36 (KHTML, like Gecko) Chrome/62.0.3079.49 Safari/537.36"
189.51.25.109 - - [30/Jul/2025:09:57:55 -0400] "POST /cludes/options HTTP/1.1" 200 44 "https://churchmr.com" "Mozilla/5.0 (Windows NT 6.2) AppleWebKit/537.36 (KHTML, like Gecko) Chrome/63.0.3253.153 Safari/537.36"
