197.250.99.53 - - [27/Apr/2025:11:18:27 -0400] "GET /assets/iconfonts/materialdesignicons/fonts/Material-Design-Iconic-Font.woff2?v=2.2.0 HTTP/1.1" 200 38384 "https://finationglobal.com/assets/iconfonts/materialdesignicons/materialdesignicons.css" "Mozilla/5.0 (Linux; Android 10; K) AppleWebKit/537.36 (KHTML, like Gecko) Chrome/134.0.0.0 Mobile Safari/537.36"
197.250.99.53 - - [27/Apr/2025:11:18:27 -0400] "GET /assets/iconfonts/font-awesome/fonts/fontawesome-webfont.woff2?v=4.7.0 HTTP/1.1" 200 77160 "https://finationglobal.com/assets/iconfonts/font-awesome/css/font-awesome.min.css" "Mozilla/5.0 (Linux; Android 10; K) AppleWebKit/537.36 (KHTML, like Gecko) Chrome/134.0.0.0 Mobile Safari/537.36"
197.250.99.53 - - [27/Apr/2025:11:18:27 -0400] "GET /account/control.php?confirm=Josephmalago91 HTTP/1.1" 302 771 "https://finationglobal.com/account/register?ref=Josephmalago91" "Mozilla/5.0 (Linux; Android 10; K) AppleWebKit/537.36 (KHTML, like Gecko) Chrome/134.0.0.0 Mobile Safari/537.36"
197.250.99.53 - - [27/Apr/2025:11:18:34 -0400] "GET /account/control?confirm=Josephmalago91 HTTP/1.1" 200 31 "https://finationglobal.com/account/register?ref=Josephmalago91" "Mozilla/5.0 (Linux; Android 10; K) AppleWebKit/537.36 (KHTML, like Gecko) Chrome/134.0.0.0 Mobile Safari/537.36"
197.250.99.53 - - [27/Apr/2025:11:18:38 -0400] "GET /account/login HTTP/1.1" 200 1297 "https://finationglobal.com/account/register?ref=Josephmalago91" "Mozilla/5.0 (Linux; Android 10; K) AppleWebKit/537.36 (KHTML, like Gecko) Chrome/134.0.0.0 Mobile Safari/537.36"
197.250.99.53 - - [27/Apr/2025:11:18:39 -0400] "GET /assets/js/jquery.sparkline.min.js HTTP/1.1" 200 15624 "https://finationglobal.com/account/login" "Mozilla/5.0 (Linux; Android 10; K) AppleWebKit/537.36 (KHTML, like Gecko) Chrome/134.0.0.0 Mobile Safari/537.36"
197.250.99.53 - - [27/Apr/2025:11:18:42 -0400] "POST /account/login HTTP/1.1" 302 1297 "https://finationglobal.com/account/login" "Mozilla/5.0 (Linux; Android 10; K) AppleWebKit/537.36 (KHTML, like Gecko) Chrome/134.0.0.0 Mobile Safari/537.36"
197.250.99.53 - - [27/Apr/2025:11:18:43 -0400] "GET /account/ HTTP/1.1" 200 7025 "https://finationglobal.com/account/login" "Mozilla/5.0 (Linux; Android 10; K) AppleWebKit/537.36 (KHTML, like Gecko) Chrome/134.0.0.0 Mobile Safari/537.36"
197.250.99.53 - - [27/Apr/2025:11:18:44 -0400] "GET /account/finationbr.png HTTP/1.1" 200 16423 "https://finationglobal.com/account/" "Mozilla/5.0 (Linux; Android 10; K) AppleWebKit/537.36 (KHTML, like Gecko) Chrome/134.0.0.0 Mobile Safari/537.36"
197.250.99.53 - - [27/Apr/2025:11:18:44 -0400] "GET /account/uploads/user.png HTTP/1.1" 200 19456 "https://finationglobal.com/account/" "Mozilla/5.0 (Linux; Android 10; K) AppleWebKit/537.36 (KHTML, like Gecko) Chrome/134.0.0.0 Mobile Safari/537.36"
197.250.99.53 - - [27/Apr/2025:11:18:44 -0400] "GET /account/uploads/31z4n63t8i1e.jpg HTTP/1.1" 200 404074 "https://finationglobal.com/account/" "Mozilla/5.0 (Linux; Android 10; K) AppleWebKit/537.36 (KHTML, like Gecko) Chrome/134.0.0.0 Mobile Safari/537.36"
197.250.99.53 - - [27/Apr/2025:11:18:44 -0400] "GET /account/uploads/gc2faa3dhxyi.jpg HTTP/1.1" 200 415134 "https://finationglobal.com/account/" "Mozilla/5.0 (Linux; Android 10; K) AppleWebKit/537.36 (KHTML, like Gecko) Chrome/134.0.0.0 Mobile Safari/537.36"
197.250.99.53 - - [27/Apr/2025:11:18:44 -0400] "GET /assets/plugins/chart/Chart.bundle.js HTTP/1.1" 200 100033 "https://finationglobal.com/account/" "Mozilla/5.0 (Linux; Android 10; K) AppleWebKit/537.36 (KHTML, like Gecko) Chrome/134.0.0.0 Mobile Safari/537.36"
197.250.99.53 - - [27/Apr/2025:11:18:44 -0400] "GET /assets/plugins/chart/utils.js HTTP/1.1" 200 3983 "https://finationglobal.com/account/" "Mozilla/5.0 (Linux; Android 10; K) AppleWebKit/537.36 (KHTML, like Gecko) Chrome/134.0.0.0 Mobile Safari/537.36"
197.250.99.53 - - [27/Apr/2025:11:18:44 -0400] "GET /assets/plugins/peitychart/jquery.peity.min.js HTTP/1.1" 200 4883 "https://finationglobal.com/account/" "Mozilla/5.0 (Linux; Android 10; K) AppleWebKit/537.36 (KHTML, like Gecko) Chrome/134.0.0.0 Mobile Safari/537.36"
197.250.99.53 - - [27/Apr/2025:11:18:44 -0400] "GET /assets/plugins/datatable/js/jquery.dataTables.min.js HTTP/1.1" 200 31890 "https://finationglobal.com/account/" "Mozilla/5.0 (Linux; Android 10; K) AppleWebKit/537.36 (KHTML, like Gecko) Chrome/134.0.0.0 Mobile Safari/537.36"
197.250.99.53 - - [27/Apr/2025:11:18:44 -0400] "GET /assets/plugins/peitychart/peitychart.init.js HTTP/1.1" 200 3563 "https://finationglobal.com/account/" "Mozilla/5.0 (Linux; Android 10; K) AppleWebKit/537.36 (KHTML, like Gecko) Chrome/134.0.0.0 Mobile Safari/537.36"
197.250.99.53 - - [27/Apr/2025:11:18:44 -0400] "GET /assets/plugins/select2/select2.full.min.js HTTP/1.1" 200 23523 "https://finationglobal.com/account/" "Mozilla/5.0 (Linux; Android 10; K) AppleWebKit/537.36 (KHTML, like Gecko) Chrome/134.0.0.0 Mobile Safari/537.36"
197.250.99.53 - - [27/Apr/2025:11:18:45 -0400] "GET /account/pngtree.png HTTP/1.1" 200 5486 "https://finationglobal.com/account/" "Mozilla/5.0 (Linux; Android 10; K) AppleWebKit/537.36 (KHTML, like Gecko) Chrome/134.0.0.0 Mobile Safari/537.36"
197.250.99.53 - - [27/Apr/2025:11:18:48 -0400] "GET /assets/plugins/datatable/js/dataTables.bootstrap5.js HTTP/1.1" 200 5023 "https://finationglobal.com/account/" "Mozilla/5.0 (Linux; Android 10; K) AppleWebKit/537.36 (KHTML, like Gecko) Chrome/134.0.0.0 Mobile Safari/537.36"
197.250.99.53 - - [27/Apr/2025:11:18:48 -0400] "GET /assets/plugins/datatable/dataTables.responsive.min.js HTTP/1.1" 200 8732 "https://finationglobal.com/account/" "Mozilla/5.0 (Linux; Android 10; K) AppleWebKit/537.36 (KHTML, like Gecko) Chrome/134.0.0.0 Mobile Safari/537.36"
197.250.99.53 - - [27/Apr/2025:11:18:49 -0400] "GET /assets/plugins/sidemenu/sidemenu.js HTTP/1.1" 200 6080 "https://finationglobal.com/account/" "Mozilla/5.0 (Linux; Android 10; K) AppleWebKit/537.36 (KHTML, like Gecko) Chrome/134.0.0.0 Mobile Safari/537.36"
197.250.99.53 - - [27/Apr/2025:11:18:49 -0400] "GET /assets/plugins/sidebar/sidebar.js HTTP/1.1" 200 3987 "https://finationglobal.com/account/" "Mozilla/5.0 (Linux; Android 10; K) AppleWebKit/537.36 (KHTML, like Gecko) Chrome/134.0.0.0 Mobile Safari/537.36"
197.250.99.53 - - [27/Apr/2025:11:18:49 -0400] "GET /assets/js/sticky.js HTTP/1.1" 200 3447 "https://finationglobal.com/account/" "Mozilla/5.0 (Linux; Android 10; K) AppleWebKit/537.36 (KHTML, like Gecko) Chrome/134.0.0.0 Mobile Safari/537.36"
197.250.99.53 - - [27/Apr/2025:11:18:49 -0400] "GET /assets/plugins/echarts/echarts.js HTTP/1.1" 200 756408 "https://finationglobal.com/account/" "Mozilla/5.0 (Linux; Android 10; K) AppleWebKit/537.36 (KHTML, like Gecko) Chrome/134.0.0.0 Mobile Safari/537.36"
197.250.99.53 - - [27/Apr/2025:11:18:49 -0400] "GET /assets/plugins/p-scroll/pscroll.js HTTP/1.1" 200 3063 "https://finationglobal.com/account/" "Mozilla/5.0 (Linux; Android 10; K) AppleWebKit/537.36 (KHTML, like Gecko) Chrome/134.0.0.0 Mobile Safari/537.36"
197.250.99.53 - - [27/Apr/2025:11:18:49 -0400] "GET /assets/plugins/p-scroll/pscroll-1.js HTTP/1.1" 200 3050 "https://finationglobal.com/account/" "Mozilla/5.0 (Linux; Android 10; K) AppleWebKit/537.36 (KHTML, like Gecko) Chrome/134.0.0.0 Mobile Safari/537.36"
197.250.99.53 - - [27/Apr/2025:11:18:49 -0400] "GET /assets/js/apexcharts.js HTTP/1.1" 200 125432 "https://finationglobal.com/account/" "Mozilla/5.0 (Linux; Android 10; K) AppleWebKit/537.36 (KHTML, like Gecko) Chrome/134.0.0.0 Mobile Safari/537.36"
197.250.99.53 - - [27/Apr/2025:11:18:49 -0400] "GET /assets/js/index1.js HTTP/1.1" 200 4284 "https://finationglobal.com/account/" "Mozilla/5.0 (Linux; Android 10; K) AppleWebKit/537.36 (KHTML, like Gecko) Chrome/134.0.0.0 Mobile Safari/537.36"
197.250.99.53 - - [27/Apr/2025:11:18:51 -0400] "GET /account/uploads/u2.png HTTP/1.1" 200 3003 "https://finationglobal.com/account/" "Mozilla/5.0 (Linux; Android 10; K) AppleWebKit/537.36 (KHTML, like Gecko) Chrome/134.0.0.0 Mobile Safari/537.36"
197.250.99.53 - - [27/Apr/2025:11:18:51 -0400] "GET /assets/iconfonts/feather/fonts/feather-webfont.woff?t=1501841394106 HTTP/1.1" 200 28984 "https://finationglobal.com/assets/css/style.css" "Mozilla/5.0 (Linux; Android 10; K) AppleWebKit/537.36 (KHTML, like Gecko) Chrome/134.0.0.0 Mobile Safari/537.36"
197.250.99.53 - - [27/Apr/2025:11:19:10 -0400] "GET /assets/iconfonts/typicons/fonts/typicons.woff HTTP/1.1" 200 59872 "https://finationglobal.com/assets/iconfonts/typicons/typicons.css" "Mozilla/5.0 (Linux; Android 10; K) AppleWebKit/537.36 (KHTML, like Gecko) Chrome/134.0.0.0 Mobile Safari/537.36"
197.250.99.53 - - [27/Apr/2025:11:19:11 -0400] "GET /account/geneology HTTP/1.1" 200 4858 "https://finationglobal.com/account/" "Mozilla/5.0 (Linux; Android 10; K) AppleWebKit/537.36 (KHTML, like Gecko) Chrome/134.0.0.0 Mobile Safari/537.36"
197.250.99.53 - - [27/Apr/2025:11:19:12 -0400] "GET /assets/plugins/bootstrap/css/bootstrap.min.css HTTP/1.1" 200 21225 "https://finationglobal.com/account/geneology" "Mozilla/5.0 (Linux; Android 10; K) AppleWebKit/537.36 (KHTML, like Gecko) Chrome/134.0.0.0 Mobile Safari/537.36"
197.250.99.53 - - [27/Apr/2025:11:19:12 -0400] "GET /assets/css/style.css HTTP/1.1" 200 144740 "https://finationglobal.com/account/geneology" "Mozilla/5.0 (Linux; Android 10; K) AppleWebKit/537.36 (KHTML, like Gecko) Chrome/134.0.0.0 Mobile Safari/537.36"
197.250.99.53 - - [27/Apr/2025:11:19:12 -0400] "GET /assets/css/icons.css HTTP/1.1" 200 251 "https://finationglobal.com/account/geneology" "Mozilla/5.0 (Linux; Android 10; K) AppleWebKit/537.36 (KHTML, like Gecko) Chrome/134.0.0.0 Mobile Safari/537.36"
197.250.99.53 - - [27/Apr/2025:11:19:12 -0400] "GET /account/treestyle.css HTTP/1.1" 200 576 "https://finationglobal.com/account/geneology" "Mozilla/5.0 (Linux; Android 10; K) AppleWebKit/537.36 (KHTML, like Gecko) Chrome/134.0.0.0 Mobile Safari/537.36"
197.250.99.53 - - [27/Apr/2025:11:19:12 -0400] "GET /account/uploads/u0.png HTTP/1.1" 200 2127 "https://finationglobal.com/account/geneology" "Mozilla/5.0 (Linux; Android 10; K) AppleWebKit/537.36 (KHTML, like Gecko) Chrome/134.0.0.0 Mobile Safari/537.36"
197.250.99.53 - - [27/Apr/2025:11:19:12 -0400] "GET /account/uploads/x.jpg HTTP/1.1" 200 2127 "https://finationglobal.com/account/geneology" "Mozilla/5.0 (Linux; Android 10; K) AppleWebKit/537.36 (KHTML, like Gecko) Chrome/134.0.0.0 Mobile Safari/537.36"
197.250.99.53 - - [27/Apr/2025:11:19:20 -0400] "GET /account/geneology?user=kamege HTTP/1.1" 200 4810 "https://finationglobal.com/account/geneology" "Mozilla/5.0 (Linux; Android 10; K) AppleWebKit/537.36 (KHTML, like Gecko) Chrome/134.0.0.0 Mobile Safari/537.36"
197.210.52.31 - - [27/Apr/2025:11:19:21 -0400] "GET /account/login HTTP/1.1" 200 1297 "-" "Mozilla/5.0 (Linux; Android 10; K) AppleWebKit/537.36 (KHTML, like Gecko) Chrome/135.0.0.0 Mobile Safari/537.36"
197.250.99.53 - - [27/Apr/2025:11:19:25 -0400] "POST /account/geneology?user=kamege HTTP/1.1" 200 4698 "https://finationglobal.com/account/geneology?user=kamege" "Mozilla/5.0 (Linux; Android 10; K) AppleWebKit/537.36 (KHTML, like Gecko) Chrome/134.0.0.0 Mobile Safari/537.36"
197.250.99.53 - - [27/Apr/2025:11:19:26 -0400] "GET /account/uploads/u1.png HTTP/1.1" 200 2924 "https://finationglobal.com/account/geneology?user=kamege" "Mozilla/5.0 (Linux; Android 10; K) AppleWebKit/537.36 (KHTML, like Gecko) Chrome/134.0.0.0 Mobile Safari/537.36"
197.210.52.31 - - [27/Apr/2025:11:19:34 -0400] "POST /account/login HTTP/1.1" 302 1297 "https://finationglobal.com/account/login" "Mozilla/5.0 (Linux; Android 10; K) AppleWebKit/537.36 (KHTML, like Gecko) Chrome/135.0.0.0 Mobile Safari/537.36"
197.210.52.31 - - [27/Apr/2025:11:19:34 -0400] "GET /account/ HTTP/1.1" 200 9954 "https://finationglobal.com/account/login" "Mozilla/5.0 (Linux; Android 10; K) AppleWebKit/537.36 (KHTML, like Gecko) Chrome/135.0.0.0 Mobile Safari/537.36"
197.250.99.53 - - [27/Apr/2025:11:19:36 -0400] "GET /account/geneology?user=fedinanda01 HTTP/1.1" 200 4599 "https://finationglobal.com/account/geneology?user=kamege" "Mozilla/5.0 (Linux; Android 10; K) AppleWebKit/537.36 (KHTML, like Gecko) Chrome/134.0.0.0 Mobile Safari/537.36"
197.250.99.53 - - [27/Apr/2025:11:19:45 -0400] "GET /account/geneology HTTP/1.1" 200 4693 "https://finationglobal.com/account/geneology?user=fedinanda01" "Mozilla/5.0 (Linux; Android 10; K) AppleWebKit/537.36 (KHTML, like Gecko) Chrome/134.0.0.0 Mobile Safari/537.36"
197.250.99.53 - - [27/Apr/2025:11:19:53 -0400] "GET /account/geneology?user=bolide HTTP/1.1" 200 4598 "https://finationglobal.com/account/geneology?user=kamege" "Mozilla/5.0 (Linux; Android 10; K) AppleWebKit/537.36 (KHTML, like Gecko) Chrome/134.0.0.0 Mobile Safari/537.36"
197.210.52.31 - - [27/Apr/2025:11:19:53 -0400] "GET /account/geneology HTTP/1.1" 200 5734 "https://finationglobal.com/account/" "Mozilla/5.0 (Linux; Android 10; K) AppleWebKit/537.36 (KHTML, like Gecko) Chrome/135.0.0.0 Mobile Safari/537.36"
197.250.99.53 - - [27/Apr/2025:11:19:56 -0400] "GET /account/geneology?user=alana HTTP/1.1" 200 4592 "https://finationglobal.com/account/geneology?user=kamege" "Mozilla/5.0 (Linux; Android 10; K) AppleWebKit/537.36 (KHTML, like Gecko) Chrome/134.0.0.0 Mobile Safari/537.36"
197.250.99.53 - - [27/Apr/2025:11:19:57 -0400] "GET /assets/plugins/bootstrap/css/bootstrap.min.css HTTP/1.1" 200 21225 "https://finationglobal.com/account/geneology?user=alana" "Mozilla/5.0 (Linux; Android 10; K) AppleWebKit/537.36 (KHTML, like Gecko) Chrome/134.0.0.0 Mobile Safari/537.36"
197.250.99.53 - - [27/Apr/2025:11:19:57 -0400] "GET /assets/css/style.css HTTP/1.1" 200 144740 "https://finationglobal.com/account/geneology?user=alana" "Mozilla/5.0 (Linux; Android 10; K) AppleWebKit/537.36 (KHTML, like Gecko) Chrome/134.0.0.0 Mobile Safari/537.36"
197.250.99.53 - - [27/Apr/2025:11:19:57 -0400] "GET /assets/css/icons.css HTTP/1.1" 200 251 "https://finationglobal.com/account/geneology?user=alana" "Mozilla/5.0 (Linux; Android 10; K) AppleWebKit/537.36 (KHTML, like Gecko) Chrome/134.0.0.0 Mobile Safari/537.36"
197.250.99.53 - - [27/Apr/2025:11:20:08 -0400] "GET /account/geneology?user=devotha HTTP/1.1" 200 4624 "https://finationglobal.com/account/geneology?user=kamege" "Mozilla/5.0 (Linux; Android 10; K) AppleWebKit/537.36 (KHTML, like Gecko) Chrome/134.0.0.0 Mobile Safari/537.36"
197.250.99.53 - - [27/Apr/2025:11:20:15 -0400] "GET /account/geneology?user=kamege HTTP/1.1" 200 4698 "https://finationglobal.com/account/geneology" "Mozilla/5.0 (Linux; Android 10; K) AppleWebKit/537.36 (KHTML, like Gecko) Chrome/134.0.0.0 Mobile Safari/537.36"
197.211.59.116 - - [27/Apr/2025:11:22:40 -0400] "GET /account/login HTTP/1.1" 200 1297 "https://finationglobal.com/account/login" "Mozilla/5.0 (X11; Linux x86_64) AppleWebKit/537.36 (KHTML, like Gecko) Chrome/131.0.0.0 Safari/537.36"
66.249.70.38 - - [27/Apr/2025:11:25:07 -0400] "GET /?shopdetail/13163348 HTTP/1.1" 200 6422 "-" "Mozilla/5.0 (compatible; Googlebot/2.1; +http://www.google.com/bot.html)"
197.211.59.83 - - [27/Apr/2025:11:26:27 -0400] "GET /account/ HTTP/1.1" 302 508 "https://finationglobal.com/account/login" "Mozilla/5.0 (Linux; Android 10; K) AppleWebKit/537.36 (KHTML, like Gecko) Chrome/125.0.0.0 Mobile Safari/537.36"
197.211.59.83 - - [27/Apr/2025:11:26:28 -0400] "GET /account/login.php HTTP/1.1" 302 771 "https://finationglobal.com/account/login" "Mozilla/5.0 (Linux; Android 10; K) AppleWebKit/537.36 (KHTML, like Gecko) Chrome/125.0.0.0 Mobile Safari/537.36"
197.211.59.83 - - [27/Apr/2025:11:26:28 -0400] "GET /account/login HTTP/1.1" 200 1297 "https://finationglobal.com/account/login" "Mozilla/5.0 (Linux; Android 10; K) AppleWebKit/537.36 (KHTML, like Gecko) Chrome/125.0.0.0 Mobile Safari/537.36"
197.211.59.83 - - [27/Apr/2025:11:26:32 -0400] "POST /account/login HTTP/1.1" 302 1297 "https://finationglobal.com/account/login" "Mozilla/5.0 (Linux; Android 10; K) AppleWebKit/537.36 (KHTML, like Gecko) Chrome/125.0.0.0 Mobile Safari/537.36"
197.211.59.83 - - [27/Apr/2025:11:26:33 -0400] "POST /account/login HTTP/1.1" 302 1297 "https://finationglobal.com/account/login" "Mozilla/5.0 (Linux; Android 10; K) AppleWebKit/537.36 (KHTML, like Gecko) Chrome/125.0.0.0 Mobile Safari/537.36"
197.211.59.83 - - [27/Apr/2025:11:26:34 -0400] "GET /account/ HTTP/1.1" 200 6714 "https://finationglobal.com/account/login" "Mozilla/5.0 (Linux; Android 10; K) AppleWebKit/537.36 (KHTML, like Gecko) Chrome/125.0.0.0 Mobile Safari/537.36"
197.211.59.83 - - [27/Apr/2025:11:26:48 -0400] "GET /account/courses HTTP/1.1" 200 5441 "https://finationglobal.com/account/" "Mozilla/5.0 (Linux; Android 10; K) AppleWebKit/537.36 (KHTML, like Gecko) Chrome/125.0.0.0 Mobile Safari/537.36"
197.211.59.83 - - [27/Apr/2025:11:26:50 -0400] "GET /account/uploads/vid8259222719.jpeg HTTP/1.1" 200 426164 "https://finationglobal.com/account/courses" "Mozilla/5.0 (Linux; Android 10; K) AppleWebKit/537.36 (KHTML, like Gecko) Chrome/125.0.0.0 Mobile Safari/537.36"
197.211.59.83 - - [27/Apr/2025:11:26:50 -0400] "GET /account/uploads/vid8264838735.png HTTP/1.1" 200 996300 "https://finationglobal.com/account/courses" "Mozilla/5.0 (Linux; Android 10; K) AppleWebKit/537.36 (KHTML, like Gecko) Chrome/125.0.0.0 Mobile Safari/537.36"
197.211.59.83 - - [27/Apr/2025:11:26:54 -0400] "GET /account/uploads/vid8258820477.jpeg HTTP/1.1" 200 448913 "https://finationglobal.com/account/courses" "Mozilla/5.0 (Linux; Android 10; K) AppleWebKit/537.36 (KHTML, like Gecko) Chrome/125.0.0.0 Mobile Safari/537.36"
197.211.59.83 - - [27/Apr/2025:11:26:54 -0400] "GET /account/uploads/vid8259070856.jpeg HTTP/1.1" 200 497532 "https://finationglobal.com/account/courses" "Mozilla/5.0 (Linux; Android 10; K) AppleWebKit/537.36 (KHTML, like Gecko) Chrome/125.0.0.0 Mobile Safari/537.36"
197.211.59.83 - - [27/Apr/2025:11:26:54 -0400] "GET /account/uploads/vid8258886222.jpg HTTP/1.1" 200 434339 "https://finationglobal.com/account/courses" "Mozilla/5.0 (Linux; Android 10; K) AppleWebKit/537.36 (KHTML, like Gecko) Chrome/125.0.0.0 Mobile Safari/537.36"
197.211.59.83 - - [27/Apr/2025:11:26:54 -0400] "GET /account/uploads/vid8258886278.jpg HTTP/1.1" 200 518500 "https://finationglobal.com/account/courses" "Mozilla/5.0 (Linux; Android 10; K) AppleWebKit/537.36 (KHTML, like Gecko) Chrome/125.0.0.0 Mobile Safari/537.36"
197.211.59.83 - - [27/Apr/2025:11:26:54 -0400] "GET /account/uploads/vid8260553396.jpeg HTTP/1.1" 200 802657 "https://finationglobal.com/account/courses" "Mozilla/5.0 (Linux; Android 10; K) AppleWebKit/537.36 (KHTML, like Gecko) Chrome/125.0.0.0 Mobile Safari/537.36"
66.249.70.36 - - [27/Apr/2025:11:27:01 -0400] "GET /?shopdetail/4288326 HTTP/1.1" 200 6422 "-" "Mozilla/5.0 (compatible; Googlebot/2.1; +http://www.google.com/bot.html)"
197.211.59.83 - - [27/Apr/2025:11:27:09 -0400] "GET /account/uploads/vid8259070799.jpeg HTTP/1.1" 200 347920 "https://finationglobal.com/account/courses" "Mozilla/5.0 (Linux; Android 10; K) AppleWebKit/537.36 (KHTML, like Gecko) Chrome/125.0.0.0 Mobile Safari/537.36"
197.211.59.83 - - [27/Apr/2025:11:27:09 -0400] "GET /account/uploads/vid8259070743.jpeg HTTP/1.1" 200 371806 "https://finationglobal.com/account/courses" "Mozilla/5.0 (Linux; Android 10; K) AppleWebKit/537.36 (KHTML, like Gecko) Chrome/125.0.0.0 Mobile Safari/537.36"
197.211.59.83 - - [27/Apr/2025:11:27:09 -0400] "GET /account/uploads/vid8259070688.jpeg HTTP/1.1" 200 418791 "https://finationglobal.com/account/courses" "Mozilla/5.0 (Linux; Android 10; K) AppleWebKit/537.36 (KHTML, like Gecko) Chrome/125.0.0.0 Mobile Safari/537.36"
197.211.59.83 - - [27/Apr/2025:11:27:18 -0400] "GET /account/courses?index=c81e728d9d4c2f636f067f89cc14862cglc2 HTTP/1.1" 200 5616 "https://finationglobal.com/account/courses" "Mozilla/5.0 (Linux; Android 10; K) AppleWebKit/537.36 (KHTML, like Gecko) Chrome/125.0.0.0 Mobile Safari/537.36"
197.211.59.83 - - [27/Apr/2025:11:27:27 -0400] "GET /account/courses?index=c81e728d9d4c2f636f067f89cc14862cglc2 HTTP/1.1" 200 5615 "https://finationglobal.com/account/courses" "Mozilla/5.0 (Linux; Android 10; K) AppleWebKit/537.36 (KHTML, like Gecko) Chrome/125.0.0.0 Mobile Safari/537.36"
66.249.70.36 - - [27/Apr/2025:11:27:44 -0400] "GET /?shopdetail/25930526 HTTP/1.1" 200 6422 "-" "Mozilla/5.0 (compatible; Googlebot/2.1; +http://www.google.com/bot.html)"
197.211.59.83 - - [27/Apr/2025:11:27:45 -0400] "GET /account/uploads/vid8259222660.jpeg HTTP/1.1" 200 312062 "https://finationglobal.com/account/courses" "Mozilla/5.0 (Linux; Android 10; K) AppleWebKit/537.36 (KHTML, like Gecko) Chrome/125.0.0.0 Mobile Safari/537.36"
197.211.59.83 - - [27/Apr/2025:11:27:45 -0400] "GET /account/uploads/vid8259431189.jpeg HTTP/1.1" 200 516701 "https://finationglobal.com/account/courses" "Mozilla/5.0 (Linux; Android 10; K) AppleWebKit/537.36 (KHTML, like Gecko) Chrome/125.0.0.0 Mobile Safari/537.36"
197.211.59.83 - - [27/Apr/2025:11:27:45 -0400] "GET /account/uploads/vid8259430612.jpeg HTTP/1.1" 200 659952 "https://finationglobal.com/account/courses" "Mozilla/5.0 (Linux; Android 10; K) AppleWebKit/537.36 (KHTML, like Gecko) Chrome/125.0.0.0 Mobile Safari/537.36"
197.211.59.83 - - [27/Apr/2025:11:27:50 -0400] "GET /account/courses?index=a87ff679a2f3e71d9181a67b7542122cglc4 HTTP/1.1" 200 5696 "https://finationglobal.com/account/courses" "Mozilla/5.0 (Linux; Android 10; K) AppleWebKit/537.36 (KHTML, like Gecko) Chrome/125.0.0.0 Mobile Safari/537.36"
197.211.59.83 - - [27/Apr/2025:11:27:51 -0400] "GET /account/courses?index=eccbc87e4b5ce2fe28308fd9f2a7baf3glc3 HTTP/1.1" 200 5608 "https://finationglobal.com/account/courses" "Mozilla/5.0 (Linux; Android 10; K) AppleWebKit/537.36 (KHTML, like Gecko) Chrome/125.0.0.0 Mobile Safari/537.36"
197.211.59.83 - - [27/Apr/2025:11:27:52 -0400] "GET /account/courses?index=eccbc87e4b5ce2fe28308fd9f2a7baf3glc3 HTTP/1.1" 200 5608 "https://finationglobal.com/account/courses" "Mozilla/5.0 (Linux; Android 10; K) AppleWebKit/537.36 (KHTML, like Gecko) Chrome/125.0.0.0 Mobile Safari/537.36"
197.211.59.83 - - [27/Apr/2025:11:27:53 -0400] "GET /account/courses?index=eccbc87e4b5ce2fe28308fd9f2a7baf3glc3 HTTP/1.1" 200 5608 "https://finationglobal.com/account/courses" "Mozilla/5.0 (Linux; Android 10; K) AppleWebKit/537.36 (KHTML, like Gecko) Chrome/125.0.0.0 Mobile Safari/537.36"
197.211.59.83 - - [27/Apr/2025:11:28:32 -0400] "GET /account/courses?index=c81e728d9d4c2f636f067f89cc14862cglc2 HTTP/1.1" 200 5616 "https://finationglobal.com/account/courses" "Mozilla/5.0 (Linux; Android 10; K) AppleWebKit/537.36 (KHTML, like Gecko) Chrome/125.0.0.0 Mobile Safari/537.36"
197.211.59.83 - - [27/Apr/2025:11:28:33 -0400] "GET /account/courses?index=c81e728d9d4c2f636f067f89cc14862cglc2 HTTP/1.1" 200 5615 "https://finationglobal.com/account/courses" "Mozilla/5.0 (Linux; Android 10; K) AppleWebKit/537.36 (KHTML, like Gecko) Chrome/125.0.0.0 Mobile Safari/537.36"
197.211.59.83 - - [27/Apr/2025:11:28:34 -0400] "GET /account/courses?index=c81e728d9d4c2f636f067f89cc14862cglc2 HTTP/1.1" 200 5615 "https://finationglobal.com/account/courses" "Mozilla/5.0 (Linux; Android 10; K) AppleWebKit/537.36 (KHTML, like Gecko) Chrome/125.0.0.0 Mobile Safari/537.36"
66.249.70.38 - - [27/Apr/2025:11:28:39 -0400] "GET /?shopdetail/2433948 HTTP/1.1" 200 6422 "-" "Mozilla/5.0 (Linux; Android 6.0.1; Nexus 5X Build/MMB29P) AppleWebKit/537.36 (KHTML, like Gecko) Chrome/135.0.7049.95 Mobile Safari/537.36 (compatible; GoogleOther)"
197.211.59.83 - - [27/Apr/2025:11:28:46 -0400] "GET /account/uploads/vid8259222719.jpeg HTTP/1.1" 206 1 "https://finationglobal.com/account/courses?index=c81e728d9d4c2f636f067f89cc14862cglc2" "Mozilla/5.0 (Linux; Android 10; K) AppleWebKit/537.36 (KHTML, like Gecko) Chrome/125.0.0.0 Mobile Safari/537.36"
197.211.59.83 - - [27/Apr/2025:11:28:46 -0400] "GET /account/uploads/vid8264838735.png HTTP/1.1" 206 1 "https://finationglobal.com/account/courses?index=c81e728d9d4c2f636f067f89cc14862cglc2" "Mozilla/5.0 (Linux; Android 10; K) AppleWebKit/537.36 (KHTML, like Gecko) Chrome/125.0.0.0 Mobile Safari/537.36"
197.211.59.83 - - [27/Apr/2025:11:28:46 -0400] "GET /account/uploads/vid8258820477.jpeg HTTP/1.1" 206 1 "https://finationglobal.com/account/courses?index=c81e728d9d4c2f636f067f89cc14862cglc2" "Mozilla/5.0 (Linux; Android 10; K) AppleWebKit/537.36 (KHTML, like Gecko) Chrome/125.0.0.0 Mobile Safari/537.36"
197.211.59.83 - - [27/Apr/2025:11:28:46 -0400] "GET /account/uploads/vid8258886278.jpg HTTP/1.1" 206 1 "https://finationglobal.com/account/courses?index=c81e728d9d4c2f636f067f89cc14862cglc2" "Mozilla/5.0 (Linux; Android 10; K) AppleWebKit/537.36 (KHTML, like Gecko) Chrome/125.0.0.0 Mobile Safari/537.36"
197.211.59.83 - - [27/Apr/2025:11:28:46 -0400] "GET /account/uploads/vid8259070856.jpeg HTTP/1.1" 206 1 "https://finationglobal.com/account/courses?index=c81e728d9d4c2f636f067f89cc14862cglc2" "Mozilla/5.0 (Linux; Android 10; K) AppleWebKit/537.36 (KHTML, like Gecko) Chrome/125.0.0.0 Mobile Safari/537.36"
197.211.59.83 - - [27/Apr/2025:11:28:48 -0400] "GET /account/uploads/vid8258886278.jpg HTTP/1.1" 206 479716 "https://finationglobal.com/account/courses?index=c81e728d9d4c2f636f067f89cc14862cglc2" "Mozilla/5.0 (Linux; Android 10; K) AppleWebKit/537.36 (KHTML, like Gecko) Chrome/125.0.0.0 Mobile Safari/537.36"
197.211.59.83 - - [27/Apr/2025:11:28:48 -0400] "GET /account/uploads/vid8264838735.png HTTP/1.1" 206 898457 "https://finationglobal.com/account/courses?index=c81e728d9d4c2f636f067f89cc14862cglc2" "Mozilla/5.0 (Linux; Android 10; K) AppleWebKit/537.36 (KHTML, like Gecko) Chrome/125.0.0.0 Mobile Safari/537.36"
197.211.59.83 - - [27/Apr/2025:11:28:48 -0400] "GET /account/uploads/vid8259222719.jpeg HTTP/1.1" 206 65621 "https://finationglobal.com/account/courses?index=c81e728d9d4c2f636f067f89cc14862cglc2" "Mozilla/5.0 (Linux; Android 10; K) AppleWebKit/537.36 (KHTML, like Gecko) Chrome/125.0.0.0 Mobile Safari/537.36"
197.211.59.83 - - [27/Apr/2025:11:28:48 -0400] "GET /account/uploads/vid8258820477.jpeg HTTP/1.1" 206 318548 "https://finationglobal.com/account/courses?index=c81e728d9d4c2f636f067f89cc14862cglc2" "Mozilla/5.0 (Linux; Android 10; K) AppleWebKit/537.36 (KHTML, like Gecko) Chrome/125.0.0.0 Mobile Safari/537.36"
197.211.59.83 - - [27/Apr/2025:11:28:48 -0400] "GET /account/uploads/vid8259070856.jpeg HTTP/1.1" 206 425980 "https://finationglobal.com/account/courses?index=c81e728d9d4c2f636f067f89cc14862cglc2" "Mozilla/5.0 (Linux; Android 10; K) AppleWebKit/537.36 (KHTML, like Gecko) Chrome/125.0.0.0 Mobile Safari/537.36"
197.211.59.83 - - [27/Apr/2025:11:28:49 -0400] "GET /account/uploads/vid8259222660.jpeg HTTP/1.1" 200 312062 "https://finationglobal.com/account/courses?index=c81e728d9d4c2f636f067f89cc14862cglc2" "Mozilla/5.0 (Linux; Android 10; K) AppleWebKit/537.36 (KHTML, like Gecko) Chrome/125.0.0.0 Mobile Safari/537.36"
197.211.59.83 - - [27/Apr/2025:11:28:49 -0400] "GET /account/uploads/vid8260553396.jpeg HTTP/1.1" 206 1 "https://finationglobal.com/account/courses?index=c81e728d9d4c2f636f067f89cc14862cglc2" "Mozilla/5.0 (Linux; Android 10; K) AppleWebKit/537.36 (KHTML, like Gecko) Chrome/125.0.0.0 Mobile Safari/537.36"
197.211.59.83 - - [27/Apr/2025:11:28:49 -0400] "GET /account/uploads/vid8258886222.jpg HTTP/1.1" 206 1 "https://finationglobal.com/account/courses?index=c81e728d9d4c2f636f067f89cc14862cglc2" "Mozilla/5.0 (Linux; Android 10; K) AppleWebKit/537.36 (KHTML, like Gecko) Chrome/125.0.0.0 Mobile Safari/537.36"
197.211.59.83 - - [27/Apr/2025:11:29:06 -0400] "GET /account/uploads/vid8259070799.jpeg HTTP/1.1" 206 1 "https://finationglobal.com/account/courses?index=c81e728d9d4c2f636f067f89cc14862cglc2" "Mozilla/5.0 (Linux; Android 10; K) AppleWebKit/537.36 (KHTML, like Gecko) Chrome/125.0.0.0 Mobile Safari/537.36"
197.211.59.83 - - [27/Apr/2025:11:29:06 -0400] "GET /account/uploads/vid8259070743.jpeg HTTP/1.1" 206 1 "https://finationglobal.com/account/courses?index=c81e728d9d4c2f636f067f89cc14862cglc2" "Mozilla/5.0 (Linux; Android 10; K) AppleWebKit/537.36 (KHTML, like Gecko) Chrome/125.0.0.0 Mobile Safari/537.36"
197.211.59.83 - - [27/Apr/2025:11:29:06 -0400] "GET /account/uploads/vid8259070688.jpeg HTTP/1.1" 206 1 "https://finationglobal.com/account/courses?index=c81e728d9d4c2f636f067f89cc14862cglc2" "Mozilla/5.0 (Linux; Android 10; K) AppleWebKit/537.36 (KHTML, like Gecko) Chrome/125.0.0.0 Mobile Safari/537.36"
197.211.59.83 - - [27/Apr/2025:11:29:06 -0400] "GET /account/uploads/vid8259430612.jpeg HTTP/1.1" 200 659952 "https://finationglobal.com/account/courses?index=c81e728d9d4c2f636f067f89cc14862cglc2" "Mozilla/5.0 (Linux; Android 10; K) AppleWebKit/537.36 (KHTML, like Gecko) Chrome/125.0.0.0 Mobile Safari/537.36"
197.211.59.83 - - [27/Apr/2025:11:29:06 -0400] "GET /account/uploads/vid8259431189.jpeg HTTP/1.1" 200 516701 "https://finationglobal.com/account/courses?index=c81e728d9d4c2f636f067f89cc14862cglc2" "Mozilla/5.0 (Linux; Android 10; K) AppleWebKit/537.36 (KHTML, like Gecko) Chrome/125.0.0.0 Mobile Safari/537.36"
197.250.51.202 - - [27/Apr/2025:11:29:50 -0400] "GET /account/index?logout=true HTTP/1.1" 302 6379 "https://finationglobal.com/account/index" "Mozilla/5.0 (Linux; Android 10; K) AppleWebKit/537.36 (KHTML, like Gecko) Chrome/135.0.0.0 Mobile Safari/537.36"
197.250.51.202 - - [27/Apr/2025:11:29:51 -0400] "GET /account/login.php HTTP/1.1" 302 771 "https://finationglobal.com/account/index" "Mozilla/5.0 (Linux; Android 10; K) AppleWebKit/537.36 (KHTML, like Gecko) Chrome/135.0.0.0 Mobile Safari/537.36"
197.250.51.202 - - [27/Apr/2025:11:29:52 -0400] "GET /account/login HTTP/1.1" 200 1297 "https://finationglobal.com/account/index" "Mozilla/5.0 (Linux; Android 10; K) AppleWebKit/537.36 (KHTML, like Gecko) Chrome/135.0.0.0 Mobile Safari/537.36"
197.211.59.83 - - [27/Apr/2025:11:30:24 -0400] "GET /account/uploads/vid8260553396.jpeg HTTP/1.1" 206 714721 "https://finationglobal.com/account/courses?index=c81e728d9d4c2f636f067f89cc14862cglc2" "Mozilla/5.0 (Linux; Android 10; K) AppleWebKit/537.36 (KHTML, like Gecko) Chrome/125.0.0.0 Mobile Safari/537.36"
197.211.59.83 - - [27/Apr/2025:11:30:24 -0400] "GET /account/uploads/vid8258886222.jpg HTTP/1.1" 206 346403 "https://finationglobal.com/account/courses?index=c81e728d9d4c2f636f067f89cc14862cglc2" "Mozilla/5.0 (Linux; Android 10; K) AppleWebKit/537.36 (KHTML, like Gecko) Chrome/125.0.0.0 Mobile Safari/537.36"
197.250.51.202 - - [27/Apr/2025:11:30:24 -0400] "POST /account/login HTTP/1.1" 200 1510 "https://finationglobal.com/account/login" "Mozilla/5.0 (Linux; Android 10; K) AppleWebKit/537.36 (KHTML, like Gecko) Chrome/135.0.0.0 Mobile Safari/537.36"
197.211.59.83 - - [27/Apr/2025:11:30:49 -0400] "GET /account/uploads/vid8259070799.jpeg HTTP/1.1" 206 282846 "https://finationglobal.com/account/courses?index=c81e728d9d4c2f636f067f89cc14862cglc2" "Mozilla/5.0 (Linux; Android 10; K) AppleWebKit/537.36 (KHTML, like Gecko) Chrome/125.0.0.0 Mobile Safari/537.36"
197.211.59.83 - - [27/Apr/2025:11:30:49 -0400] "GET /account/uploads/vid8259070743.jpeg HTTP/1.1" 206 306732 "https://finationglobal.com/account/courses?index=c81e728d9d4c2f636f067f89cc14862cglc2" "Mozilla/5.0 (Linux; Android 10; K) AppleWebKit/537.36 (KHTML, like Gecko) Chrome/125.0.0.0 Mobile Safari/537.36"
197.211.59.83 - - [27/Apr/2025:11:30:49 -0400] "GET /account/uploads/vid8259070688.jpeg HTTP/1.1" 206 353717 "https://finationglobal.com/account/courses?index=c81e728d9d4c2f636f067f89cc14862cglc2" "Mozilla/5.0 (Linux; Android 10; K) AppleWebKit/537.36 (KHTML, like Gecko) Chrome/125.0.0.0 Mobile Safari/537.36"
197.250.51.202 - - [27/Apr/2025:11:31:03 -0400] "POST /account/login HTTP/1.1" 200 1510 "https://finationglobal.com/account/login" "Mozilla/5.0 (Linux; Android 10; K) AppleWebKit/537.36 (KHTML, like Gecko) Chrome/135.0.0.0 Mobile Safari/537.36"
66.249.70.38 - - [27/Apr/2025:11:31:32 -0400] "GET /?shopdetail/19921059 HTTP/1.1" 200 6424 "-" "Mozilla/5.0 (Linux; Android 6.0.1; Nexus 5X Build/MMB29P) AppleWebKit/537.36 (KHTML, like Gecko) Chrome/135.0.7049.95 Mobile Safari/537.36 (compatible; Googlebot/2.1; +http://www.google.com/bot.html)"
197.250.51.202 - - [27/Apr/2025:11:33:29 -0400] "GET /r/fometz1 HTTP/1.1" 301 795 "-" "Mozilla/5.0 (Linux; Android 10; K) AppleWebKit/537.36 (KHTML, like Gecko) Chrome/135.0.0.0 Mobile Safari/537.36"
197.250.51.202 - - [27/Apr/2025:11:33:29 -0400] "GET /account/register?ref=fometz1 HTTP/1.1" 200 1860 "-" "Mozilla/5.0 (Linux; Android 10; K) AppleWebKit/537.36 (KHTML, like Gecko) Chrome/135.0.0.0 Mobile Safari/537.36"
197.250.51.202 - - [27/Apr/2025:11:33:31 -0400] "GET /account/control.php?confirm=fometz1 HTTP/1.1" 302 771 "https://finationglobal.com/account/register?ref=fometz1" "Mozilla/5.0 (Linux; Android 10; K) AppleWebKit/537.36 (KHTML, like Gecko) Chrome/135.0.0.0 Mobile Safari/537.36"
197.250.51.202 - - [27/Apr/2025:11:33:31 -0400] "GET /account/control?confirm=fometz1 HTTP/1.1" 200 30 "https://finationglobal.com/account/register?ref=fometz1" "Mozilla/5.0 (Linux; Android 10; K) AppleWebKit/537.36 (KHTML, like Gecko) Chrome/135.0.0.0 Mobile Safari/537.36"
66.249.70.36 - - [27/Apr/2025:11:34:00 -0400] "GET /?shopdetail/9156704 HTTP/1.1" 200 6422 "-" "Mozilla/5.0 (Linux; Android 6.0.1; Nexus 5X Build/MMB29P) AppleWebKit/537.36 (KHTML, like Gecko) Chrome/135.0.7049.95 Mobile Safari/537.36 (compatible; GoogleOther)"
40.77.167.101 - - [27/Apr/2025:11:34:26 -0400] "GET /robots.txt HTTP/1.1" 404 1251 "-" "Mozilla/5.0 AppleWebKit/537.36 (KHTML, like Gecko; compatible; bingbot/2.0; +http://www.bing.com/bingbot.htm) Chrome/116.0.1938.76 Safari/537.36"
40.77.167.158 - - [27/Apr/2025:11:34:30 -0400] "GET /?feature/idol/gradol.html HTTP/1.1" 200 6424 "-" "Mozilla/5.0 AppleWebKit/537.36 (KHTML, like Gecko; compatible; bingbot/2.0; +http://www.bing.com/bingbot.htm) Chrome/116.0.1938.76 Safari/537.36"
197.250.51.202 - - [27/Apr/2025:11:38:50 -0400] "POST /account/register?ref=fometz1 HTTP/1.1" 302 2038 "https://finationglobal.com/account/register?ref=fometz1" "Mozilla/5.0 (Linux; Android 10; K) AppleWebKit/537.36 (KHTML, like Gecko) Chrome/135.0.0.0 Mobile Safari/537.36"
197.250.51.202 - - [27/Apr/2025:11:38:52 -0400] "GET /account/ HTTP/1.1" 302 508 "https://finationglobal.com/account/register?ref=fometz1" "Mozilla/5.0 (Linux; Android 10; K) AppleWebKit/537.36 (KHTML, like Gecko) Chrome/135.0.0.0 Mobile Safari/537.36"
197.250.51.202 - - [27/Apr/2025:11:38:55 -0400] "GET /account/index HTTP/1.1" 200 6436 "https://finationglobal.com/account/register?ref=fometz1" "Mozilla/5.0 (Linux; Android 10; K) AppleWebKit/537.36 (KHTML, like Gecko) Chrome/135.0.0.0 Mobile Safari/537.36"
197.250.51.202 - - [27/Apr/2025:11:38:57 -0400] "POST /account/register?ref=fometz1 HTTP/1.1" 200 2066 "https://finationglobal.com/account/register?ref=fometz1" "Mozilla/5.0 (Linux; Android 10; K) AppleWebKit/537.36 (KHTML, like Gecko) Chrome/135.0.0.0 Mobile Safari/537.36"
197.250.51.202 - - [27/Apr/2025:11:39:12 -0400] "GET /account/register?ref=fometz1 HTTP/1.1" 200 1860 "-" "Mozilla/5.0 (Linux; Android 10; K) AppleWebKit/537.36 (KHTML, like Gecko) Chrome/135.0.0.0 Mobile Safari/537.36"
197.250.51.202 - - [27/Apr/2025:11:39:14 -0400] "GET /account/control.php?confirm=fometz1 HTTP/1.1" 302 771 "https://finationglobal.com/account/register?ref=fometz1" "Mozilla/5.0 (Linux; Android 10; K) AppleWebKit/537.36 (KHTML, like Gecko) Chrome/135.0.0.0 Mobile Safari/537.36"
197.250.51.202 - - [27/Apr/2025:11:39:16 -0400] "GET /account/control?confirm=fometz1 HTTP/1.1" 200 30 "https://finationglobal.com/account/register?ref=fometz1" "Mozilla/5.0 (Linux; Android 10; K) AppleWebKit/537.36 (KHTML, like Gecko) Chrome/135.0.0.0 Mobile Safari/537.36"
66.249.70.37 - - [27/Apr/2025:11:40:12 -0400] "GET /?shopdetail/17544993 HTTP/1.1" 200 6424 "-" "Mozilla/5.0 (Linux; Android 6.0.1; Nexus 5X Build/MMB29P) AppleWebKit/537.36 (KHTML, like Gecko) Chrome/135.0.7049.95 Mobile Safari/537.36 (compatible; GoogleOther)"
197.250.51.202 - - [27/Apr/2025:11:40:18 -0400] "POST /account/register?ref=fometz1 HTTP/1.1" 200 2066 "https://finationglobal.com/account/register?ref=fometz1" "Mozilla/5.0 (Linux; Android 10; K) AppleWebKit/537.36 (KHTML, like Gecko) Chrome/135.0.0.0 Mobile Safari/537.36"
197.250.51.202 - - [27/Apr/2025:11:40:21 -0400] "GET /account/control.php?confirm=fometz1 HTTP/1.1" 302 771 "https://finationglobal.com/account/register?ref=fometz1" "Mozilla/5.0 (Linux; Android 10; K) AppleWebKit/537.36 (KHTML, like Gecko) Chrome/135.0.0.0 Mobile Safari/537.36"
197.250.51.202 - - [27/Apr/2025:11:40:24 -0400] "GET /account/control?confirm=fometz1 HTTP/1.1" 200 30 "https://finationglobal.com/account/register?ref=fometz1" "Mozilla/5.0 (Linux; Android 10; K) AppleWebKit/537.36 (KHTML, like Gecko) Chrome/135.0.0.0 Mobile Safari/537.36"
197.250.51.202 - - [27/Apr/2025:11:40:33 -0400] "GET /account/login HTTP/1.1" 200 1297 "https://finationglobal.com/account/register?ref=fometz1" "Mozilla/5.0 (Linux; Android 10; K) AppleWebKit/537.36 (KHTML, like Gecko) Chrome/135.0.0.0 Mobile Safari/537.36"
197.250.51.202 - - [27/Apr/2025:11:40:52 -0400] "POST /account/login HTTP/1.1" 302 1297 "https://finationglobal.com/account/login" "Mozilla/5.0 (Linux; Android 10; K) AppleWebKit/537.36 (KHTML, like Gecko) Chrome/135.0.0.0 Mobile Safari/537.36"
197.250.51.202 - - [27/Apr/2025:11:40:53 -0400] "GET /account/ HTTP/1.1" 302 508 "https://finationglobal.com/account/login" "Mozilla/5.0 (Linux; Android 10; K) AppleWebKit/537.36 (KHTML, like Gecko) Chrome/135.0.0.0 Mobile Safari/537.36"
197.250.51.202 - - [27/Apr/2025:11:40:53 -0400] "GET /account/index HTTP/1.1" 200 6436 "https://finationglobal.com/account/login" "Mozilla/5.0 (Linux; Android 10; K) AppleWebKit/537.36 (KHTML, like Gecko) Chrome/135.0.0.0 Mobile Safari/537.36"
197.250.51.202 - - [27/Apr/2025:11:41:17 -0400] "GET /account/index HTTP/1.1" 200 6436 "https://finationglobal.com/account/login" "Mozilla/5.0 (Linux; Android 10; K) AppleWebKit/537.36 (KHTML, like Gecko) Chrome/135.0.0.0 Mobile Safari/537.36"
66.249.70.38 - - [27/Apr/2025:11:43:08 -0400] "GET /?pcmypage?callback=/product%2Fdetail%2F20799964 HTTP/1.1" 200 6424 "-" "Mozilla/5.0 (compatible; Googlebot/2.1; +http://www.google.com/bot.html)"
47.128.31.18 - - [27/Apr/2025:11:43:17 -0400] "GET /robots.txt HTTP/1.1" 404 1251 "-" "Mozilla/5.0 (Linux; Android 5.0) AppleWebKit/537.36 (KHTML, like Gecko) Mobile Safari/537.36 (compatible; Bytespider; spider-feedback@bytedance.com)"
197.250.51.202 - - [27/Apr/2025:11:43:49 -0400] "GET /account/register?ref=fometz1 HTTP/1.1" 200 1860 "-" "Mozilla/5.0 (Linux; Android 10; K) AppleWebKit/537.36 (KHTML, like Gecko) Chrome/135.0.0.0 Mobile Safari/537.36"
197.250.51.202 - - [27/Apr/2025:11:43:50 -0400] "GET /account/control.php?confirm=fometz1 HTTP/1.1" 302 771 "https://finationglobal.com/account/register?ref=fometz1" "Mozilla/5.0 (Linux; Android 10; K) AppleWebKit/537.36 (KHTML, like Gecko) Chrome/135.0.0.0 Mobile Safari/537.36"
197.250.51.202 - - [27/Apr/2025:11:43:51 -0400] "GET /account/control?confirm=fometz1 HTTP/1.1" 200 30 "https://finationglobal.com/account/register?ref=fometz1" "Mozilla/5.0 (Linux; Android 10; K) AppleWebKit/537.36 (KHTML, like Gecko) Chrome/135.0.0.0 Mobile Safari/537.36"
197.211.59.83 - - [27/Apr/2025:11:45:04 -0400] "GET /account/courses HTTP/1.1" 200 5439 "https://finationglobal.com/account/" "Mozilla/5.0 (Linux; Android 10; K) AppleWebKit/537.36 (KHTML, like Gecko) Chrome/125.0.0.0 Mobile Safari/537.36"
197.211.59.83 - - [27/Apr/2025:11:45:04 -0400] "GET /account/uploads/vid8264838735.png HTTP/1.1" 206 1 "https://finationglobal.com/account/courses" "Mozilla/5.0 (Linux; Android 10; K) AppleWebKit/537.36 (KHTML, like Gecko) Chrome/125.0.0.0 Mobile Safari/537.36"
197.211.59.83 - - [27/Apr/2025:11:45:05 -0400] "GET /account/uploads/vid8258820477.jpeg HTTP/1.1" 206 1 "https://finationglobal.com/account/courses" "Mozilla/5.0 (Linux; Android 10; K) AppleWebKit/537.36 (KHTML, like Gecko) Chrome/125.0.0.0 Mobile Safari/537.36"
197.211.59.83 - - [27/Apr/2025:11:45:05 -0400] "GET /account/uploads/vid8264838735.png HTTP/1.1" 206 511547 "https://finationglobal.com/account/courses" "Mozilla/5.0 (Linux; Android 10; K) AppleWebKit/537.36 (KHTML, like Gecko) Chrome/125.0.0.0 Mobile Safari/537.36"
197.211.59.83 - - [27/Apr/2025:11:45:05 -0400] "GET /account/uploads/vid8258820477.jpeg HTTP/1.1" 206 230612 "https://finationglobal.com/account/courses" "Mozilla/5.0 (Linux; Android 10; K) AppleWebKit/537.36 (KHTML, like Gecko) Chrome/125.0.0.0 Mobile Safari/537.36"
197.211.59.83 - - [27/Apr/2025:11:45:05 -0400] "GET /account/uploads/vid8259070856.jpeg HTTP/1.1" 206 1 "https://finationglobal.com/account/courses" "Mozilla/5.0 (Linux; Android 10; K) AppleWebKit/537.36 (KHTML, like Gecko) Chrome/125.0.0.0 Mobile Safari/537.36"
197.211.59.83 - - [27/Apr/2025:11:45:05 -0400] "GET /account/uploads/vid8259430612.jpeg HTTP/1.1" 206 1 "https://finationglobal.com/account/courses" "Mozilla/5.0 (Linux; Android 10; K) AppleWebKit/537.36 (KHTML, like Gecko) Chrome/125.0.0.0 Mobile Safari/537.36"
197.211.59.83 - - [27/Apr/2025:11:45:05 -0400] "GET /account/uploads/vid8259222660.jpeg HTTP/1.1" 206 1 "https://finationglobal.com/account/courses" "Mozilla/5.0 (Linux; Android 10; K) AppleWebKit/537.36 (KHTML, like Gecko) Chrome/125.0.0.0 Mobile Safari/537.36"
197.211.59.83 - - [27/Apr/2025:11:45:05 -0400] "GET /account/uploads/vid8259431189.jpeg HTTP/1.1" 206 1 "https://finationglobal.com/account/courses" "Mozilla/5.0 (Linux; Android 10; K) AppleWebKit/537.36 (KHTML, like Gecko) Chrome/125.0.0.0 Mobile Safari/537.36"
197.211.59.83 - - [27/Apr/2025:11:45:05 -0400] "GET /account/uploads/vid8258886278.jpg HTTP/1.1" 206 1 "https://finationglobal.com/account/courses" "Mozilla/5.0 (Linux; Android 10; K) AppleWebKit/537.36 (KHTML, like Gecko) Chrome/125.0.0.0 Mobile Safari/537.36"
197.211.59.83 - - [27/Apr/2025:11:45:05 -0400] "GET /account/uploads/vid8258886222.jpg HTTP/1.1" 206 1 "https://finationglobal.com/account/courses" "Mozilla/5.0 (Linux; Android 10; K) AppleWebKit/537.36 (KHTML, like Gecko) Chrome/125.0.0.0 Mobile Safari/537.36"
66.249.70.37 - - [27/Apr/2025:11:46:17 -0400] "GET /?shopdetail/27682448 HTTP/1.1" 200 6424 "-" "Mozilla/5.0 (Linux; Android 6.0.1; Nexus 5X Build/MMB29P) AppleWebKit/537.36 (KHTML, like Gecko) Chrome/135.0.7049.95 Mobile Safari/537.36 (compatible; Googlebot/2.1; +http://www.google.com/bot.html)"
47.128.125.195 - - [27/Apr/2025:11:47:16 -0400] "GET /robots.txt HTTP/1.1" 404 1251 "-" "Mozilla/5.0 (Linux; Android 5.0) AppleWebKit/537.36 (KHTML, like Gecko) Mobile Safari/537.36 (compatible; Bytespider; spider-feedback@bytedance.com)"
197.250.51.202 - - [27/Apr/2025:11:47:56 -0400] "POST /account/register?ref=fometz1 HTTP/1.1" 302 2039 "https://finationglobal.com/account/register?ref=fometz1" "Mozilla/5.0 (Linux; Android 10; K) AppleWebKit/537.36 (KHTML, like Gecko) Chrome/135.0.0.0 Mobile Safari/537.36"
197.250.51.202 - - [27/Apr/2025:11:47:57 -0400] "GET /account/ HTTP/1.1" 302 508 "https://finationglobal.com/account/register?ref=fometz1" "Mozilla/5.0 (Linux; Android 10; K) AppleWebKit/537.36 (KHTML, like Gecko) Chrome/135.0.0.0 Mobile Safari/537.36"
197.250.51.202 - - [27/Apr/2025:11:47:58 -0400] "GET /account/index HTTP/1.1" 200 6382 "https://finationglobal.com/account/register?ref=fometz1" "Mozilla/5.0 (Linux; Android 10; K) AppleWebKit/537.36 (KHTML, like Gecko) Chrome/135.0.0.0 Mobile Safari/537.36"
197.210.52.31 - - [27/Apr/2025:11:49:01 -0400] "GET /account/geneology?user=Wealth HTTP/1.1" 200 5708 "https://finationglobal.com/account/geneology" "Mozilla/5.0 (Linux; Android 10; K) AppleWebKit/537.36 (KHTML, like Gecko) Chrome/135.0.0.0 Mobile Safari/537.36"
197.210.52.31 - - [27/Apr/2025:11:49:06 -0400] "GET /account/geneology?user=MummyP HTTP/1.1" 200 5490 "https://finationglobal.com/account/geneology?user=Wealth" "Mozilla/5.0 (Linux; Android 10; K) AppleWebKit/537.36 (KHTML, like Gecko) Chrome/135.0.0.0 Mobile Safari/537.36"
197.210.52.31 - - [27/Apr/2025:11:49:13 -0400] "GET /account/geneology?user=Maddy HTTP/1.1" 200 5545 "https://finationglobal.com/account/geneology?user=Wealth" "Mozilla/5.0 (Linux; Android 10; K) AppleWebKit/537.36 (KHTML, like Gecko) Chrome/135.0.0.0 Mobile Safari/537.36"
197.210.52.31 - - [27/Apr/2025:11:49:17 -0400] "GET /account/geneology?user=Akiola HTTP/1.1" 200 5595 "https://finationglobal.com/account/geneology?user=Maddy" "Mozilla/5.0 (Linux; Android 10; K) AppleWebKit/537.36 (KHTML, like Gecko) Chrome/135.0.0.0 Mobile Safari/537.36"
197.210.52.31 - - [27/Apr/2025:11:49:21 -0400] "GET /account/geneology?user=Brektru HTTP/1.1" 200 5601 "https://finationglobal.com/account/geneology?user=Maddy" "Mozilla/5.0 (Linux; Android 10; K) AppleWebKit/537.36 (KHTML, like Gecko) Chrome/135.0.0.0 Mobile Safari/537.36"
197.250.51.202 - - [27/Apr/2025:11:49:23 -0400] "GET /r/fometz2 HTTP/1.1" 301 795 "-" "Mozilla/5.0 (Linux; Android 10; K) AppleWebKit/537.36 (KHTML, like Gecko) Chrome/135.0.0.0 Mobile Safari/537.36"
197.210.52.31 - - [27/Apr/2025:11:49:25 -0400] "GET /account/geneology?user=Akiola HTTP/1.1" 200 5595 "https://finationglobal.com/account/geneology?user=Brektru" "Mozilla/5.0 (Linux; Android 10; K) AppleWebKit/537.36 (KHTML, like Gecko) Chrome/135.0.0.0 Mobile Safari/537.36"
197.250.51.202 - - [27/Apr/2025:11:49:32 -0400] "GET /account/register?ref=fometz2 HTTP/1.1" 200 1860 "-" "Mozilla/5.0 (Linux; Android 10; K) AppleWebKit/537.36 (KHTML, like Gecko) Chrome/135.0.0.0 Mobile Safari/537.36"
197.250.51.202 - - [27/Apr/2025:11:49:37 -0400] "GET /account/register?ref=fometz2 HTTP/1.1" 200 1860 "-" "Mozilla/5.0 (Linux; Android 10; K) AppleWebKit/537.36 (KHTML, like Gecko) Chrome/135.0.0.0 Mobile Safari/537.36"
197.250.51.202 - - [27/Apr/2025:11:49:37 -0400] "GET /account/control.php?confirm=fometz2 HTTP/1.1" 302 771 "https://finationglobal.com/account/register?ref=fometz2" "Mozilla/5.0 (Linux; Android 10; K) AppleWebKit/537.36 (KHTML, like Gecko) Chrome/135.0.0.0 Mobile Safari/537.36"
197.250.51.202 - - [27/Apr/2025:11:49:38 -0400] "GET /account/control?confirm=fometz2 HTTP/1.1" 200 30 "https://finationglobal.com/account/register?ref=fometz2" "Mozilla/5.0 (Linux; Android 10; K) AppleWebKit/537.36 (KHTML, like Gecko) Chrome/135.0.0.0 Mobile Safari/537.36"
197.210.52.31 - - [27/Apr/2025:11:49:40 -0400] "GET /account/geneology?user=baahcom HTTP/1.1" 200 5573 "https://finationglobal.com/account/geneology?user=Akiola" "Mozilla/5.0 (Linux; Android 10; K) AppleWebKit/537.36 (KHTML, like Gecko) Chrome/135.0.0.0 Mobile Safari/537.36"
197.210.52.31 - - [27/Apr/2025:11:50:27 -0400] "GET /account/geneology?user=Simonwealth HTTP/1.1" 200 5577 "https://finationglobal.com/account/geneology" "Mozilla/5.0 (Linux; Android 10; K) AppleWebKit/537.36 (KHTML, like Gecko) Chrome/135.0.0.0 Mobile Safari/537.36"
197.210.52.31 - - [27/Apr/2025:11:50:44 -0400] "GET /account/geneology?user=FinationGlobal HTTP/1.1" 200 5580 "https://finationglobal.com/account/geneology?user=Simonwealth" "Mozilla/5.0 (Linux; Android 10; K) AppleWebKit/537.36 (KHTML, like Gecko) Chrome/135.0.0.0 Mobile Safari/537.36"
66.249.70.36 - - [27/Apr/2025:11:50:51 -0400] "GET /?shopdetail/25142059 HTTP/1.1" 200 6422 "-" "Mozilla/5.0 (compatible; Googlebot/2.1; +http://www.google.com/bot.html)"
197.250.51.202 - - [27/Apr/2025:11:50:55 -0400] "POST /account/register?ref=fometz2 HTTP/1.1" 302 2038 "https://finationglobal.com/account/register?ref=fometz2" "Mozilla/5.0 (Linux; Android 10; K) AppleWebKit/537.36 (KHTML, like Gecko) Chrome/135.0.0.0 Mobile Safari/537.36"
197.250.51.202 - - [27/Apr/2025:11:50:56 -0400] "GET /account/ HTTP/1.1" 302 508 "https://finationglobal.com/account/register?ref=fometz2" "Mozilla/5.0 (Linux; Android 10; K) AppleWebKit/537.36 (KHTML, like Gecko) Chrome/135.0.0.0 Mobile Safari/537.36"
197.250.51.202 - - [27/Apr/2025:11:50:56 -0400] "GET /account/index HTTP/1.1" 200 6382 "https://finationglobal.com/account/register?ref=fometz2" "Mozilla/5.0 (Linux; Android 10; K) AppleWebKit/537.36 (KHTML, like Gecko) Chrome/135.0.0.0 Mobile Safari/537.36"
197.211.59.83 - - [27/Apr/2025:11:50:57 -0400] "GET /account/courses HTTP/1.1" 302 841 "https://finationglobal.com/account/" "Mozilla/5.0 (Linux; Android 10; K) AppleWebKit/537.36 (KHTML, like Gecko) Chrome/125.0.0.0 Mobile Safari/537.36"
197.210.52.31 - - [27/Apr/2025:11:50:57 -0400] "GET /account/geneology?user=cashflow HTTP/1.1" 200 5487 "https://finationglobal.com/account/geneology?user=FinationGlobal" "Mozilla/5.0 (Linux; Android 10; K) AppleWebKit/537.36 (KHTML, like Gecko) Chrome/135.0.0.0 Mobile Safari/537.36"
197.211.59.83 - - [27/Apr/2025:11:50:58 -0400] "GET /account/login.php HTTP/1.1" 302 771 "https://finationglobal.com/account/" "Mozilla/5.0 (Linux; Android 10; K) AppleWebKit/537.36 (KHTML, like Gecko) Chrome/125.0.0.0 Mobile Safari/537.36"
197.211.59.83 - - [27/Apr/2025:11:50:59 -0400] "GET /account/login HTTP/1.1" 200 1297 "https://finationglobal.com/account/" "Mozilla/5.0 (Linux; Android 10; K) AppleWebKit/537.36 (KHTML, like Gecko) Chrome/125.0.0.0 Mobile Safari/537.36"
197.210.52.31 - - [27/Apr/2025:11:50:59 -0400] "POST /account/geneology?user=cashflow HTTP/1.1" 200 5472 "https://finationglobal.com/account/geneology?user=cashflow" "Mozilla/5.0 (Linux; Android 10; K) AppleWebKit/537.36 (KHTML, like Gecko) Chrome/135.0.0.0 Mobile Safari/537.36"
197.211.59.83 - - [27/Apr/2025:11:51:08 -0400] "POST /account/login HTTP/1.1" 302 1297 "https://finationglobal.com/account/login" "Mozilla/5.0 (Linux; Android 10; K) AppleWebKit/537.36 (KHTML, like Gecko) Chrome/125.0.0.0 Mobile Safari/537.36"
197.210.52.31 - - [27/Apr/2025:11:51:09 -0400] "GET /account/geneology?user=getrich HTTP/1.1" 200 5327 "https://finationglobal.com/account/geneology?user=cashflow" "Mozilla/5.0 (Linux; Android 10; K) AppleWebKit/537.36 (KHTML, like Gecko) Chrome/135.0.0.0 Mobile Safari/537.36"
197.211.59.83 - - [27/Apr/2025:11:51:09 -0400] "POST /account/login HTTP/1.1" 302 1297 "https://finationglobal.com/account/login" "Mozilla/5.0 (Linux; Android 10; K) AppleWebKit/537.36 (KHTML, like Gecko) Chrome/125.0.0.0 Mobile Safari/537.36"
