197.211.59.83 - - [27/Apr/2025:13:15:27 -0400] "GET /account/uploads/vid8258820477.jpeg HTTP/1.1" 206 1 "https://finationglobal.com/account/courses?index=c81e728d9d4c2f636f067f89cc14862cglc2" "Mozilla/5.0 (Linux; Android 10; K) AppleWebKit/537.36 (KHTML, like Gecko) Chrome/125.0.0.0 Mobile Safari/537.36"
197.211.59.83 - - [27/Apr/2025:13:15:27 -0400] "GET /account/uploads/vid8258886278.jpg HTTP/1.1" 206 1 "https://finationglobal.com/account/courses?index=c81e728d9d4c2f636f067f89cc14862cglc2" "Mozilla/5.0 (Linux; Android 10; K) AppleWebKit/537.36 (KHTML, like Gecko) Chrome/125.0.0.0 Mobile Safari/537.36"
197.211.59.83 - - [27/Apr/2025:13:15:27 -0400] "GET /account/uploads/vid8259070856.jpeg HTTP/1.1" 206 1 "https://finationglobal.com/account/courses?index=c81e728d9d4c2f636f067f89cc14862cglc2" "Mozilla/5.0 (Linux; Android 10; K) AppleWebKit/537.36 (KHTML, like Gecko) Chrome/125.0.0.0 Mobile Safari/537.36"
197.211.59.83 - - [27/Apr/2025:13:15:27 -0400] "GET /account/uploads/vid8258886222.jpg HTTP/1.1" 206 1 "https://finationglobal.com/account/courses?index=c81e728d9d4c2f636f067f89cc14862cglc2" "Mozilla/5.0 (Linux; Android 10; K) AppleWebKit/537.36 (KHTML, like Gecko) Chrome/125.0.0.0 Mobile Safari/537.36"
197.211.59.83 - - [27/Apr/2025:13:15:27 -0400] "GET /account/uploads/vid8259222660.jpeg HTTP/1.1" 206 1 "https://finationglobal.com/account/courses?index=c81e728d9d4c2f636f067f89cc14862cglc2" "Mozilla/5.0 (Linux; Android 10; K) AppleWebKit/537.36 (KHTML, like Gecko) Chrome/125.0.0.0 Mobile Safari/537.36"
197.211.59.83 - - [27/Apr/2025:13:15:27 -0400] "GET /account/uploads/vid8258886278.jpg HTTP/1.1" 206 463332 "https://finationglobal.com/account/courses?index=c81e728d9d4c2f636f067f89cc14862cglc2" "Mozilla/5.0 (Linux; Android 10; K) AppleWebKit/537.36 (KHTML, like Gecko) Chrome/125.0.0.0 Mobile Safari/537.36"
197.211.59.83 - - [27/Apr/2025:13:15:27 -0400] "GET /account/uploads/vid8259070856.jpeg HTTP/1.1" 206 452732 "https://finationglobal.com/account/courses?index=c81e728d9d4c2f636f067f89cc14862cglc2" "Mozilla/5.0 (Linux; Android 10; K) AppleWebKit/537.36 (KHTML, like Gecko) Chrome/125.0.0.0 Mobile Safari/537.36"
197.211.59.83 - - [27/Apr/2025:13:15:27 -0400] "GET /account/uploads/vid8258820477.jpeg HTTP/1.1" 206 252894 "https://finationglobal.com/account/courses?index=c81e728d9d4c2f636f067f89cc14862cglc2" "Mozilla/5.0 (Linux; Android 10; K) AppleWebKit/537.36 (KHTML, like Gecko) Chrome/125.0.0.0 Mobile Safari/537.36"
197.211.59.83 - - [27/Apr/2025:13:15:28 -0400] "GET /account/uploads/vid8258886222.jpg HTTP/1.1" 206 352914 "https://finationglobal.com/account/courses?index=c81e728d9d4c2f636f067f89cc14862cglc2" "Mozilla/5.0 (Linux; Android 10; K) AppleWebKit/537.36 (KHTML, like Gecko) Chrome/125.0.0.0 Mobile Safari/537.36"
197.211.59.83 - - [27/Apr/2025:13:15:28 -0400] "GET /account/uploads/vid8259222660.jpeg HTTP/1.1" 206 230604 "https://finationglobal.com/account/courses?index=c81e728d9d4c2f636f067f89cc14862cglc2" "Mozilla/5.0 (Linux; Android 10; K) AppleWebKit/537.36 (KHTML, like Gecko) Chrome/125.0.0.0 Mobile Safari/537.36"
197.211.59.83 - - [27/Apr/2025:13:15:30 -0400] "GET /account/uploads/vid8259430612.jpeg HTTP/1.1" 206 1 "https://finationglobal.com/account/courses?index=c81e728d9d4c2f636f067f89cc14862cglc2" "Mozilla/5.0 (Linux; Android 10; K) AppleWebKit/537.36 (KHTML, like Gecko) Chrome/125.0.0.0 Mobile Safari/537.36"
197.211.59.83 - - [27/Apr/2025:13:15:30 -0400] "GET /account/uploads/vid8259431189.jpeg HTTP/1.1" 206 1 "https://finationglobal.com/account/courses?index=c81e728d9d4c2f636f067f89cc14862cglc2" "Mozilla/5.0 (Linux; Android 10; K) AppleWebKit/537.36 (KHTML, like Gecko) Chrome/125.0.0.0 Mobile Safari/537.36"
197.211.59.83 - - [27/Apr/2025:13:15:35 -0400] "GET /account/courses?index=c81e728d9d4c2f636f067f89cc14862cglc2 HTTP/1.1" 200 5615 "https://finationglobal.com/account/courses?index=c81e728d9d4c2f636f067f89cc14862cglc2" "Mozilla/5.0 (Linux; Android 10; K) AppleWebKit/537.36 (KHTML, like Gecko) Chrome/125.0.0.0 Mobile Safari/537.36"
66.249.70.36 - - [27/Apr/2025:13:15:41 -0400] "GET /?shopdetail/6512815 HTTP/1.1" 200 6422 "-" "Mozilla/5.0 (compatible; Googlebot/2.1; +http://www.google.com/bot.html)"
197.211.59.83 - - [27/Apr/2025:13:15:57 -0400] "GET /account/courses?index=c81e728d9d4c2f636f067f89cc14862cglc2 HTTP/1.1" 200 5615 "https://finationglobal.com/account/courses?index=c81e728d9d4c2f636f067f89cc14862cglc2" "Mozilla/5.0 (Linux; Android 10; K) AppleWebKit/537.36 (KHTML, like Gecko) Chrome/125.0.0.0 Mobile Safari/537.36"
197.211.59.83 - - [27/Apr/2025:13:15:58 -0400] "GET /account/courses?index=c81e728d9d4c2f636f067f89cc14862cglc2 HTTP/1.1" 200 5615 "https://finationglobal.com/account/courses?index=c81e728d9d4c2f636f067f89cc14862cglc2" "Mozilla/5.0 (Linux; Android 10; K) AppleWebKit/537.36 (KHTML, like Gecko) Chrome/125.0.0.0 Mobile Safari/537.36"
197.211.59.83 - - [27/Apr/2025:13:15:58 -0400] "GET /account/courses?index=c81e728d9d4c2f636f067f89cc14862cglc2 HTTP/1.1" 200 5615 "https://finationglobal.com/account/courses?index=c81e728d9d4c2f636f067f89cc14862cglc2" "Mozilla/5.0 (Linux; Android 10; K) AppleWebKit/537.36 (KHTML, like Gecko) Chrome/125.0.0.0 Mobile Safari/537.36"
66.249.70.37 - - [27/Apr/2025:13:16:37 -0400] "GET /?pcmypage?callback=product%2Fdetail%2F35379311 HTTP/1.1" 200 6424 "-" "Mozilla/5.0 (Linux; Android 6.0.1; Nexus 5X Build/MMB29P) AppleWebKit/537.36 (KHTML, like Gecko) Chrome/135.0.7049.95 Mobile Safari/537.36 (compatible; Googlebot/2.1; +http://www.google.com/bot.html)"
66.249.70.38 - - [27/Apr/2025:13:19:15 -0400] "GET /?pcmypage?callback=product%2Fdetail%2F58844822 HTTP/1.1" 200 6422 "-" "Mozilla/5.0 (Linux; Android 6.0.1; Nexus 5X Build/MMB29P) AppleWebKit/537.36 (KHTML, like Gecko) Chrome/135.0.7049.95 Mobile Safari/537.36 (compatible; Googlebot/2.1; +http://www.google.com/bot.html)"
66.249.70.38 - - [27/Apr/2025:13:21:10 -0400] "GET /?shopdetail/28528915 HTTP/1.1" 200 6424 "-" "Mozilla/5.0 (Linux; Android 6.0.1; Nexus 5X Build/MMB29P) AppleWebKit/537.36 (KHTML, like Gecko) Chrome/135.0.7049.95 Mobile Safari/537.36 (compatible; Googlebot/2.1; +http://www.google.com/bot.html)"
66.249.70.38 - - [27/Apr/2025:13:22:22 -0400] "GET /?safe_search/config?return_url=%2Fproduct%2Fdetail%2F26071034 HTTP/1.1" 200 6422 "-" "Mozilla/5.0 (compatible; Googlebot/2.1; +http://www.google.com/bot.html)"
197.211.59.116 - - [27/Apr/2025:13:24:38 -0400] "GET /account/login HTTP/1.1" 200 1297 "https://finationglobal.com/account/login" "Mozilla/5.0 (X11; Linux x86_64) AppleWebKit/537.36 (KHTML, like Gecko) Chrome/131.0.0.0 Safari/537.36"
66.249.70.36 - - [27/Apr/2025:13:28:46 -0400] "GET /?shopdetail/16252893 HTTP/1.1" 200 6424 "-" "Mozilla/5.0 (Linux; Android 6.0.1; Nexus 5X Build/MMB29P) AppleWebKit/537.36 (KHTML, like Gecko) Chrome/135.0.7049.95 Mobile Safari/537.36 (compatible; Googlebot/2.1; +http://www.google.com/bot.html)"
66.249.70.36 - - [27/Apr/2025:13:36:17 -0400] "GET /?shopdetail/14300459 HTTP/1.1" 200 6424 "-" "Mozilla/5.0 (compatible; Googlebot/2.1; +http://www.google.com/bot.html)"
66.249.70.36 - - [27/Apr/2025:13:36:24 -0400] "GET /?shopdetail/10581815 HTTP/1.1" 200 6422 "-" "Mozilla/5.0 (compatible; Googlebot/2.1; +http://www.google.com/bot.html)"
197.210.77.12 - - [27/Apr/2025:13:38:30 -0400] "GET /account/geneology?user=Brektru HTTP/1.1" 302 518 "https://finationglobal.com/account/geneology" "Mozilla/5.0 (Linux; Android 10; K) AppleWebKit/537.36 (KHTML, like Gecko) Chrome/135.0.0.0 Mobile Safari/537.36"
197.210.77.12 - - [27/Apr/2025:13:38:31 -0400] "GET /account/login.php HTTP/1.1" 302 771 "https://finationglobal.com/account/geneology" "Mozilla/5.0 (Linux; Android 10; K) AppleWebKit/537.36 (KHTML, like Gecko) Chrome/135.0.0.0 Mobile Safari/537.36"
197.210.77.12 - - [27/Apr/2025:13:38:31 -0400] "GET /account/login HTTP/1.1" 200 1297 "https://finationglobal.com/account/geneology" "Mozilla/5.0 (Linux; Android 10; K) AppleWebKit/537.36 (KHTML, like Gecko) Chrome/135.0.0.0 Mobile Safari/537.36"
197.210.77.12 - - [27/Apr/2025:13:38:45 -0400] "POST /account/login HTTP/1.1" 302 1297 "https://finationglobal.com/account/login" "Mozilla/5.0 (Linux; Android 10; K) AppleWebKit/537.36 (KHTML, like Gecko) Chrome/135.0.0.0 Mobile Safari/537.36"
197.210.77.12 - - [27/Apr/2025:13:38:46 -0400] "GET /account/ HTTP/1.1" 200 9954 "https://finationglobal.com/account/login" "Mozilla/5.0 (Linux; Android 10; K) AppleWebKit/537.36 (KHTML, like Gecko) Chrome/135.0.0.0 Mobile Safari/537.36"
66.249.70.36 - - [27/Apr/2025:13:39:13 -0400] "GET /?shopdetail/10773060 HTTP/1.1" 200 6422 "-" "Mozilla/5.0 (Linux; Android 6.0.1; Nexus 5X Build/MMB29P) AppleWebKit/537.36 (KHTML, like Gecko) Chrome/135.0.7049.95 Mobile Safari/537.36 (compatible; GoogleOther)"
197.210.77.12 - - [27/Apr/2025:13:40:46 -0400] "GET /account/searchuser HTTP/1.1" 200 5254 "https://finationglobal.com/account/" "Mozilla/5.0 (Linux; Android 10; K) AppleWebKit/537.36 (KHTML, like Gecko) Chrome/135.0.0.0 Mobile Safari/537.36"
197.210.77.12 - - [27/Apr/2025:13:42:15 -0400] "POST /account/searchuser HTTP/1.1" 200 5356 "https://finationglobal.com/account/searchuser" "Mozilla/5.0 (Linux; Android 10; K) AppleWebKit/537.36 (KHTML, like Gecko) Chrome/135.0.0.0 Mobile Safari/537.36"
197.210.77.12 - - [27/Apr/2025:13:42:20 -0400] "POST /account/searchuser HTTP/1.1" 200 7616 "https://finationglobal.com/account/searchuser" "Mozilla/5.0 (Linux; Android 10; K) AppleWebKit/537.36 (KHTML, like Gecko) Chrome/135.0.0.0 Mobile Safari/537.36"
197.210.77.12 - - [27/Apr/2025:13:42:31 -0400] "POST /account/searchuser HTTP/1.1" 200 7778 "https://finationglobal.com/account/searchuser" "Mozilla/5.0 (Linux; Android 10; K) AppleWebKit/537.36 (KHTML, like Gecko) Chrome/135.0.0.0 Mobile Safari/537.36"
197.210.77.12 - - [27/Apr/2025:13:42:50 -0400] "POST /account/searchuser HTTP/1.1" 200 7706 "https://finationglobal.com/account/searchuser" "Mozilla/5.0 (Linux; Android 10; K) AppleWebKit/537.36 (KHTML, like Gecko) Chrome/135.0.0.0 Mobile Safari/537.36"
94.102.55.18 - - [27/Apr/2025:13:43:07 -0400] "GET / HTTP/1.1" 200 7826 "-" "Mozilla/5.0 (iPhone; CPU iPhone OS 18_1_1 like Mac OS X) AppleWebKit/605.1.15 (KHTML, like Gecko) Version/18.1.1 Mobile/15E148 Safari/604.1"
66.249.70.37 - - [27/Apr/2025:13:46:17 -0400] "GET /?shopdetail/27950671 HTTP/1.1" 200 6424 "-" "Mozilla/5.0 (compatible; Googlebot/2.1; +http://www.google.com/bot.html)"
66.249.70.37 - - [27/Apr/2025:13:47:31 -0400] "GET /?product/edit/42884332 HTTP/1.1" 200 6422 "-" "Mozilla/5.0 (Linux; Android 6.0.1; Nexus 5X Build/MMB29P) AppleWebKit/537.36 (KHTML, like Gecko) Chrome/135.0.7049.95 Mobile Safari/537.36 (compatible; Googlebot/2.1; +http://www.google.com/bot.html)"
110.166.71.39 - - [27/Apr/2025:13:48:43 -0400] "GET / HTTP/1.1" 200 7826 "http://finationglobal.com" "Mozilla/5.0 (iPhone; CPU iPhone OS 13_2_3 like Mac OS X) AppleWebKit/605.1.15 (KHTML, like Gecko) Version/13.0.3 Mobile/15E148 Safari/604.1"
66.249.70.36 - - [27/Apr/2025:13:54:53 -0400] "GET /?shopdetail/17411215 HTTP/1.1" 200 6424 "-" "Mozilla/5.0 (Linux; Android 6.0.1; Nexus 5X Build/MMB29P) AppleWebKit/537.36 (KHTML, like Gecko) Chrome/135.0.7049.95 Mobile Safari/537.36 (compatible; Googlebot/2.1; +http://www.google.com/bot.html)"
66.249.70.37 - - [27/Apr/2025:13:56:30 -0400] "GET /?shopdetail/22359259 HTTP/1.1" 200 6422 "-" "Mozilla/5.0 (Linux; Android 6.0.1; Nexus 5X Build/MMB29P) AppleWebKit/537.36 (KHTML, like Gecko) Chrome/135.0.7049.95 Mobile Safari/537.36 (compatible; Googlebot/2.1; +http://www.google.com/bot.html)"
66.249.70.38 - - [27/Apr/2025:13:56:31 -0400] "GET /?shopdetail/17495337 HTTP/1.1" 200 6424 "-" "Mozilla/5.0 (compatible; Googlebot/2.1; +http://www.google.com/bot.html)"
66.249.70.37 - - [27/Apr/2025:13:57:28 -0400] "GET /?shopdetail/10686826 HTTP/1.1" 200 6424 "-" "Mozilla/5.0 (Linux; Android 6.0.1; Nexus 5X Build/MMB29P) AppleWebKit/537.36 (KHTML, like Gecko) Chrome/135.0.7049.95 Mobile Safari/537.36 (compatible; Googlebot/2.1; +http://www.google.com/bot.html)"
170.106.113.159 - - [27/Apr/2025:14:00:20 -0400] "GET / HTTP/1.1" 200 7826 "http://finationglobal.com" "Mozilla/5.0 (iPhone; CPU iPhone OS 13_2_3 like Mac OS X) AppleWebKit/605.1.15 (KHTML, like Gecko) Version/13.0.3 Mobile/15E148 Safari/604.1"
66.249.70.38 - - [27/Apr/2025:14:03:07 -0400] "GET /?safe_search/config?return_url=%2Fproduct%2Fdetail%2F41015682 HTTP/1.1" 200 6424 "-" "Mozilla/5.0 (compatible; Googlebot/2.1; +http://www.google.com/bot.html)"
66.249.70.38 - - [27/Apr/2025:14:11:45 -0400] "GET /?pcmypage?callback=product/review/45682637 HTTP/1.1" 200 6422 "-" "Mozilla/5.0 (Linux; Android 6.0.1; Nexus 5X Build/MMB29P) AppleWebKit/537.36 (KHTML, like Gecko) Chrome/135.0.7049.95 Mobile Safari/537.36 (compatible; GoogleOther)"
66.249.70.36 - - [27/Apr/2025:14:19:17 -0400] "GET /?shopdetail/28557048 HTTP/1.1" 200 6424 "-" "Mozilla/5.0 (Linux; Android 6.0.1; Nexus 5X Build/MMB29P) AppleWebKit/537.36 (KHTML, like Gecko) Chrome/135.0.7049.95 Mobile Safari/537.36 (compatible; Googlebot/2.1; +http://www.google.com/bot.html)"
197.210.77.12 - - [27/Apr/2025:14:19:30 -0400] "GET /account/ HTTP/1.1" 302 508 "https://finationglobal.com/account/requestincentive" "Mozilla/5.0 (Windows NT 10.0; Win64; x64; rv:137.0) Gecko/20100101 Firefox/137.0"
197.210.77.12 - - [27/Apr/2025:14:19:30 -0400] "GET /account/login.php HTTP/1.1" 302 771 "https://finationglobal.com/account/requestincentive" "Mozilla/5.0 (Windows NT 10.0; Win64; x64; rv:137.0) Gecko/20100101 Firefox/137.0"
197.210.77.12 - - [27/Apr/2025:14:19:30 -0400] "GET /account/login HTTP/1.1" 200 1297 "https://finationglobal.com/account/requestincentive" "Mozilla/5.0 (Windows NT 10.0; Win64; x64; rv:137.0) Gecko/20100101 Firefox/137.0"
197.210.77.12 - - [27/Apr/2025:14:19:31 -0400] "GET /assets/images/loader.svg HTTP/1.1" 200 329 "https://finationglobal.com/account/login" "Mozilla/5.0 (Windows NT 10.0; Win64; x64; rv:137.0) Gecko/20100101 Firefox/137.0"
197.210.77.12 - - [27/Apr/2025:14:19:31 -0400] "GET /account/finbrand.png HTTP/1.1" 200 25547 "https://finationglobal.com/account/login" "Mozilla/5.0 (Windows NT 10.0; Win64; x64; rv:137.0) Gecko/20100101 Firefox/137.0"
197.210.77.12 - - [27/Apr/2025:14:19:31 -0400] "GET /assets/plugins/input-mask/jquery.mask.min.js HTTP/1.1" 200 6191 "https://finationglobal.com/account/login" "Mozilla/5.0 (Windows NT 10.0; Win64; x64; rv:137.0) Gecko/20100101 Firefox/137.0"
197.210.77.12 - - [27/Apr/2025:14:19:31 -0400] "GET /assets/iconfonts/materialdesignicons/fonts/Material-Design-Iconic-Font.woff2?v=2.2.0 HTTP/1.1" 200 38384 "https://finationglobal.com/assets/iconfonts/materialdesignicons/materialdesignicons.css" "Mozilla/5.0 (Windows NT 10.0; Win64; x64; rv:137.0) Gecko/20100101 Firefox/137.0"
197.210.77.12 - - [27/Apr/2025:14:19:50 -0400] "POST /account/login HTTP/1.1" 302 1297 "https://finationglobal.com/account/login" "Mozilla/5.0 (Windows NT 10.0; Win64; x64; rv:137.0) Gecko/20100101 Firefox/137.0"
197.210.77.12 - - [27/Apr/2025:14:19:50 -0400] "GET /account/ HTTP/1.1" 200 9954 "https://finationglobal.com/account/login" "Mozilla/5.0 (Windows NT 10.0; Win64; x64; rv:137.0) Gecko/20100101 Firefox/137.0"
197.210.77.12 - - [27/Apr/2025:14:19:52 -0400] "GET /account/uploads/u3.png HTTP/1.1" 200 3389 "https://finationglobal.com/account/" "Mozilla/5.0 (Windows NT 10.0; Win64; x64; rv:137.0) Gecko/20100101 Firefox/137.0"
197.210.77.12 - - [27/Apr/2025:14:19:52 -0400] "GET /account/uploads/31z4n63t8i1e.jpg HTTP/1.1" 200 404074 "https://finationglobal.com/account/" "Mozilla/5.0 (Windows NT 10.0; Win64; x64; rv:137.0) Gecko/20100101 Firefox/137.0"
197.210.77.12 - - [27/Apr/2025:14:19:52 -0400] "GET /account/uploads/gc2faa3dhxyi.jpg HTTP/1.1" 200 415134 "https://finationglobal.com/account/" "Mozilla/5.0 (Windows NT 10.0; Win64; x64; rv:137.0) Gecko/20100101 Firefox/137.0"
197.210.77.12 - - [27/Apr/2025:14:19:53 -0400] "GET /assets/iconfonts/materialdesignicons/fonts/materialdesignicons-webfont.woff2?v=2.0.46 HTTP/1.1" 200 109248 "https://finationglobal.com/assets/iconfonts/materialdesignicons/materialdesignicons.css" "Mozilla/5.0 (Windows NT 10.0; Win64; x64; rv:137.0) Gecko/20100101 Firefox/137.0"
66.249.70.38 - - [27/Apr/2025:14:21:05 -0400] "GET /?shopdetail/27540093 HTTP/1.1" 200 6422 "-" "Mozilla/5.0 (Linux; Android 6.0.1; Nexus 5X Build/MMB29P) AppleWebKit/537.36 (KHTML, like Gecko) Chrome/135.0.7049.95 Mobile Safari/537.36 (compatible; GoogleOther)"
197.210.29.210 - - [27/Apr/2025:14:21:24 -0400] "GET /account/login HTTP/1.1" 200 1297 "-" "Mozilla/5.0 (Linux; Android 10; K) AppleWebKit/537.36 (KHTML, like Gecko) Chrome/135.0.0.0 Mobile Safari/537.36"
66.249.70.38 - - [27/Apr/2025:14:22:15 -0400] "GET /?shopdetail/21271493 HTTP/1.1" 200 6422 "-" "Mozilla/5.0 (Linux; Android 6.0.1; Nexus 5X Build/MMB29P) AppleWebKit/537.36 (KHTML, like Gecko) Chrome/135.0.7049.95 Mobile Safari/537.36 (compatible; Googlebot/2.1; +http://www.google.com/bot.html)"
66.249.70.38 - - [27/Apr/2025:14:27:50 -0400] "GET /?shopdetail/26390304 HTTP/1.1" 200 6422 "-" "Mozilla/5.0 (compatible; Googlebot/2.1; +http://www.google.com/bot.html)"
66.249.70.37 - - [27/Apr/2025:14:28:53 -0400] "GET /?shopdetail/13523515 HTTP/1.1" 200 6422 "-" "Mozilla/5.0 (Linux; Android 6.0.1; Nexus 5X Build/MMB29P) AppleWebKit/537.36 (KHTML, like Gecko) Chrome/135.0.7049.95 Mobile Safari/537.36 (compatible; GoogleOther)"
66.249.70.38 - - [27/Apr/2025:14:30:13 -0400] "GET /?shopdetail/8714282 HTTP/1.1" 200 6424 "-" "Mozilla/5.0 (Linux; Android 6.0.1; Nexus 5X Build/MMB29P) AppleWebKit/537.36 (KHTML, like Gecko) Chrome/135.0.7049.95 Mobile Safari/537.36 (compatible; Googlebot/2.1; +http://www.google.com/bot.html)"
66.249.70.36 - - [27/Apr/2025:14:35:21 -0400] "GET /?pcmypage?callback=product%2Fdetail%2F38714557 HTTP/1.1" 200 6424 "-" "Mozilla/5.0 (compatible; Googlebot/2.1; +http://www.google.com/bot.html)"
66.249.70.38 - - [27/Apr/2025:14:37:05 -0400] "GET /?shopdetail/14588626 HTTP/1.1" 200 6422 "-" "Mozilla/5.0 (Linux; Android 6.0.1; Nexus 5X Build/MMB29P) AppleWebKit/537.36 (KHTML, like Gecko) Chrome/135.0.7049.95 Mobile Safari/537.36 (compatible; GoogleOther)"
66.249.70.38 - - [27/Apr/2025:14:38:20 -0400] "GET /?shopdetail/2913748 HTTP/1.1" 200 6424 "-" "Mozilla/5.0 (Linux; Android 6.0.1; Nexus 5X Build/MMB29P) AppleWebKit/537.36 (KHTML, like Gecko) Chrome/135.0.7049.95 Mobile Safari/537.36 (compatible; Googlebot/2.1; +http://www.google.com/bot.html)"
66.249.70.36 - - [27/Apr/2025:14:38:31 -0400] "GET /?shopdetail/22877037 HTTP/1.1" 200 6422 "-" "Mozilla/5.0 (Linux; Android 6.0.1; Nexus 5X Build/MMB29P) AppleWebKit/537.36 (KHTML, like Gecko) Chrome/135.0.7049.95 Mobile Safari/537.36 (compatible; Googlebot/2.1; +http://www.google.com/bot.html)"
66.249.70.38 - - [27/Apr/2025:14:39:57 -0400] "GET /?shopdetail/21809948 HTTP/1.1" 200 6424 "-" "Mozilla/5.0 (compatible; Googlebot/2.1; +http://www.google.com/bot.html)"
66.249.70.37 - - [27/Apr/2025:14:44:43 -0400] "GET /?shopdetail/2619959 HTTP/1.1" 200 6422 "-" "Mozilla/5.0 (compatible; Googlebot/2.1; +http://www.google.com/bot.html)"
66.249.70.36 - - [27/Apr/2025:14:45:26 -0400] "GET /?pcmypage?callback=product/review/11450170 HTTP/1.1" 200 6424 "-" "Mozilla/5.0 (compatible; Googlebot/2.1; +http://www.google.com/bot.html)"
66.249.70.37 - - [27/Apr/2025:14:49:07 -0400] "GET /?shopdetail/11675471 HTTP/1.1" 200 6422 "-" "Mozilla/5.0 (compatible; Googlebot/2.1; +http://www.google.com/bot.html)"
66.249.70.37 - - [27/Apr/2025:14:50:13 -0400] "GET /?shopdetail/6938059 HTTP/1.1" 200 6424 "-" "Mozilla/5.0 (Linux; Android 6.0.1; Nexus 5X Build/MMB29P) AppleWebKit/537.36 (KHTML, like Gecko) Chrome/135.0.7049.95 Mobile Safari/537.36 (compatible; Googlebot/2.1; +http://www.google.com/bot.html)"
197.210.77.12 - - [27/Apr/2025:14:50:24 -0400] "GET /account/ HTTP/1.1" 200 9954 "https://finationglobal.com/account/login" "Mozilla/5.0 (Windows NT 10.0; Win64; x64; rv:137.0) Gecko/20100101 Firefox/137.0"
66.249.70.36 - - [27/Apr/2025:14:50:45 -0400] "GET /?shopdetail/11183659 HTTP/1.1" 200 6422 "-" "Mozilla/5.0 (compatible; Googlebot/2.1; +http://www.google.com/bot.html)"
66.249.70.36 - - [27/Apr/2025:14:58:22 -0400] "GET /?shopdetail/3109471 HTTP/1.1" 200 6422 "-" "Mozilla/5.0 (compatible; Googlebot/2.1; +http://www.google.com/bot.html)"
197.210.77.12 - - [27/Apr/2025:14:59:30 -0400] "GET /assets/iconfonts/typicons/fonts/typicons.woff HTTP/1.1" 200 59872 "https://finationglobal.com/assets/iconfonts/typicons/typicons.css" "Mozilla/5.0 (Windows NT 10.0; Win64; x64; rv:137.0) Gecko/20100101 Firefox/137.0"
197.210.77.12 - - [27/Apr/2025:14:59:31 -0400] "GET /account/geneology HTTP/1.1" 200 5734 "https://finationglobal.com/account/" "Mozilla/5.0 (Windows NT 10.0; Win64; x64; rv:137.0) Gecko/20100101 Firefox/137.0"
197.210.77.12 - - [27/Apr/2025:14:59:32 -0400] "GET /account/uploads/u2.png HTTP/1.1" 200 3003 "https://finationglobal.com/account/geneology" "Mozilla/5.0 (Windows NT 10.0; Win64; x64; rv:137.0) Gecko/20100101 Firefox/137.0"
197.210.77.12 - - [27/Apr/2025:14:59:32 -0400] "GET /account/uploads/x.jpg HTTP/1.1" 200 2127 "https://finationglobal.com/account/geneology" "Mozilla/5.0 (Windows NT 10.0; Win64; x64; rv:137.0) Gecko/20100101 Firefox/137.0"
197.210.77.12 - - [27/Apr/2025:15:00:22 -0400] "GET /account/searchuser HTTP/1.1" 200 5254 "https://finationglobal.com/account/geneology" "Mozilla/5.0 (Windows NT 10.0; Win64; x64; rv:137.0) Gecko/20100101 Firefox/137.0"
197.210.77.12 - - [27/Apr/2025:15:00:35 -0400] "POST /account/searchuser HTTP/1.1" 200 5350 "https://finationglobal.com/account/searchuser" "Mozilla/5.0 (Windows NT 10.0; Win64; x64; rv:137.0) Gecko/20100101 Firefox/137.0"
197.210.77.12 - - [27/Apr/2025:15:00:39 -0400] "POST /account/searchuser HTTP/1.1" 200 10248 "https://finationglobal.com/account/searchuser" "Mozilla/5.0 (Windows NT 10.0; Win64; x64; rv:137.0) Gecko/20100101 Firefox/137.0"
197.210.77.12 - - [27/Apr/2025:15:00:42 -0400] "GET /account/uploads/u1.png HTTP/1.1" 200 2924 "https://finationglobal.com/account/searchuser" "Mozilla/5.0 (Windows NT 10.0; Win64; x64; rv:137.0) Gecko/20100101 Firefox/137.0"
197.210.77.12 - - [27/Apr/2025:15:00:43 -0400] "GET /assets/iconfonts/materialdesignicons/fonts/materialdesignicons-webfont.woff2?v=2.0.46 HTTP/1.1" 200 109248 "https://finationglobal.com/assets/iconfonts/materialdesignicons/materialdesignicons.css" "Mozilla/5.0 (Windows NT 10.0; Win64; x64; rv:137.0) Gecko/20100101 Firefox/137.0"
197.210.77.12 - - [27/Apr/2025:15:01:04 -0400] "GET /account/myprofile HTTP/1.1" 200 5876 "https://finationglobal.com/account/searchuser" "Mozilla/5.0 (Windows NT 10.0; Win64; x64; rv:137.0) Gecko/20100101 Firefox/137.0"
197.210.77.12 - - [27/Apr/2025:15:01:05 -0400] "GET /assets/plugins/bootstrap/css/bootstrap.min.css HTTP/1.1" 200 21225 "https://finationglobal.com/account/myprofile" "Mozilla/5.0 (Windows NT 10.0; Win64; x64; rv:137.0) Gecko/20100101 Firefox/137.0"
197.210.77.12 - - [27/Apr/2025:15:01:05 -0400] "GET /assets/css/plugins.css HTTP/1.1" 200 80675 "https://finationglobal.com/account/myprofile" "Mozilla/5.0 (Windows NT 10.0; Win64; x64; rv:137.0) Gecko/20100101 Firefox/137.0"
197.210.77.12 - - [27/Apr/2025:15:01:05 -0400] "GET /assets/css/icons.css HTTP/1.1" 200 251 "https://finationglobal.com/account/myprofile" "Mozilla/5.0 (Windows NT 10.0; Win64; x64; rv:137.0) Gecko/20100101 Firefox/137.0"
197.210.77.12 - - [27/Apr/2025:15:01:05 -0400] "GET /assets/images/loader.svg HTTP/1.1" 200 329 "https://finationglobal.com/account/myprofile" "Mozilla/5.0 (Windows NT 10.0; Win64; x64; rv:137.0) Gecko/20100101 Firefox/137.0"
197.210.77.12 - - [27/Apr/2025:15:01:05 -0400] "GET /account/pngtree.png HTTP/1.1" 200 5486 "https://finationglobal.com/account/myprofile" "Mozilla/5.0 (Windows NT 10.0; Win64; x64; rv:137.0) Gecko/20100101 Firefox/137.0"
197.210.77.12 - - [27/Apr/2025:15:01:05 -0400] "GET /account/finationbr.png HTTP/1.1" 200 16423 "https://finationglobal.com/account/myprofile" "Mozilla/5.0 (Windows NT 10.0; Win64; x64; rv:137.0) Gecko/20100101 Firefox/137.0"
197.210.77.12 - - [27/Apr/2025:15:01:05 -0400] "GET /account/uploads/fination%20global%20brand4.png HTTP/1.1" 200 368163 "https://finationglobal.com/account/myprofile" "Mozilla/5.0 (Windows NT 10.0; Win64; x64; rv:137.0) Gecko/20100101 Firefox/137.0"
197.210.77.12 - - [27/Apr/2025:15:01:05 -0400] "GET /assets/plugins/input-mask/jquery.mask.min.js HTTP/1.1" 200 6191 "https://finationglobal.com/account/myprofile" "Mozilla/5.0 (Windows NT 10.0; Win64; x64; rv:137.0) Gecko/20100101 Firefox/137.0"
197.210.77.12 - - [27/Apr/2025:15:01:05 -0400] "GET /assets/css/style.css HTTP/1.1" 200 161037 "https://finationglobal.com/account/myprofile" "Mozilla/5.0 (Windows NT 10.0; Win64; x64; rv:137.0) Gecko/20100101 Firefox/137.0"
197.210.77.12 - - [27/Apr/2025:15:01:05 -0400] "GET /assets/js/select2.js HTTP/1.1" 200 3063 "https://finationglobal.com/account/myprofile" "Mozilla/5.0 (Windows NT 10.0; Win64; x64; rv:137.0) Gecko/20100101 Firefox/137.0"
197.210.77.12 - - [27/Apr/2025:15:01:07 -0400] "GET /assets/iconfonts/bootstrapicons/bootstrap-icons.css HTTP/1.1" 200 8194 "https://finationglobal.com/assets/css/icons.css" "Mozilla/5.0 (Windows NT 10.0; Win64; x64; rv:137.0) Gecko/20100101 Firefox/137.0"
197.210.77.12 - - [27/Apr/2025:15:01:07 -0400] "GET /assets/iconfonts/font-awesome/css/font-awesome.min.css HTTP/1.1" 200 6666 "https://finationglobal.com/assets/css/icons.css" "Mozilla/5.0 (Windows NT 10.0; Win64; x64; rv:137.0) Gecko/20100101 Firefox/137.0"
197.210.77.12 - - [27/Apr/2025:15:01:07 -0400] "GET /assets/iconfonts/glyphicons/glyphicon.css HTTP/1.1" 200 2217 "https://finationglobal.com/assets/css/icons.css" "Mozilla/5.0 (Windows NT 10.0; Win64; x64; rv:137.0) Gecko/20100101 Firefox/137.0"
197.210.77.12 - - [27/Apr/2025:15:01:07 -0400] "GET /assets/iconfonts/ionicons/ionicons.css HTTP/1.1" 200 6409 "https://finationglobal.com/assets/css/icons.css" "Mozilla/5.0 (Windows NT 10.0; Win64; x64; rv:137.0) Gecko/20100101 Firefox/137.0"
197.210.77.12 - - [27/Apr/2025:15:01:07 -0400] "GET /assets/iconfonts/materialdesignicons/materialdesignicons.css HTTP/1.1" 200 22418 "https://finationglobal.com/assets/css/icons.css" "Mozilla/5.0 (Windows NT 10.0; Win64; x64; rv:137.0) Gecko/20100101 Firefox/137.0"
197.210.77.12 - - [27/Apr/2025:15:01:07 -0400] "GET /assets/iconfonts/pe-icon-7-stroke/Pe-icon-7.css HTTP/1.1" 200 1681 "https://finationglobal.com/assets/css/icons.css" "Mozilla/5.0 (Windows NT 10.0; Win64; x64; rv:137.0) Gecko/20100101 Firefox/137.0"
197.210.77.12 - - [27/Apr/2025:15:01:07 -0400] "GET /assets/iconfonts/linearicons/Linearicons.css HTTP/1.1" 200 1507 "https://finationglobal.com/assets/css/icons.css" "Mozilla/5.0 (Windows NT 10.0; Win64; x64; rv:137.0) Gecko/20100101 Firefox/137.0"
197.210.77.12 - - [27/Apr/2025:15:01:07 -0400] "GET /assets/iconfonts/simple-line-icons/simple-line-icons.css HTTP/1.1" 200 3107 "https://finationglobal.com/assets/css/icons.css" "Mozilla/5.0 (Windows NT 10.0; Win64; x64; rv:137.0) Gecko/20100101 Firefox/137.0"
197.210.77.12 - - [27/Apr/2025:15:01:07 -0400] "GET /assets/iconfonts/typicons/typicons.css HTTP/1.1" 200 3263 "https://finationglobal.com/assets/css/icons.css" "Mozilla/5.0 (Windows NT 10.0; Win64; x64; rv:137.0) Gecko/20100101 Firefox/137.0"
197.210.77.12 - - [27/Apr/2025:15:01:07 -0400] "GET /assets/iconfonts/themify/themify.css HTTP/1.1" 200 2728 "https://finationglobal.com/assets/css/icons.css" "Mozilla/5.0 (Windows NT 10.0; Win64; x64; rv:137.0) Gecko/20100101 Firefox/137.0"
197.210.77.12 - - [27/Apr/2025:15:01:07 -0400] "GET /assets/iconfonts/weathericons/weathericons.css HTTP/1.1" 200 3459 "https://finationglobal.com/assets/css/icons.css" "Mozilla/5.0 (Windows NT 10.0; Win64; x64; rv:137.0) Gecko/20100101 Firefox/137.0"
197.210.77.12 - - [27/Apr/2025:15:01:07 -0400] "GET /assets/iconfonts/feather/feather.css HTTP/1.1" 200 1999 "https://finationglobal.com/assets/css/icons.css" "Mozilla/5.0 (Windows NT 10.0; Win64; x64; rv:137.0) Gecko/20100101 Firefox/137.0"
197.210.77.12 - - [27/Apr/2025:15:01:07 -0400] "GET /assets/plugins/iconfonts/remixicon/remixicon.css HTTP/1.1" 200 12884 "https://finationglobal.com/assets/css/icons.css" "Mozilla/5.0 (Windows NT 10.0; Win64; x64; rv:137.0) Gecko/20100101 Firefox/137.0"
197.210.77.12 - - [27/Apr/2025:15:01:15 -0400] "GET /assets/iconfonts/feather/fonts/feather-webfont.woff?t=1501841394106 HTTP/1.1" 200 28984 "https://finationglobal.com/assets/iconfonts/feather/feather.css" "Mozilla/5.0 (Windows NT 10.0; Win64; x64; rv:137.0) Gecko/20100101 Firefox/137.0"
66.249.70.36 - - [27/Apr/2025:15:07:58 -0400] "GET /?shopdetail/28889626 HTTP/1.1" 200 6422 "-" "Mozilla/5.0 (compatible; Googlebot/2.1; +http://www.google.com/bot.html)"
197.210.77.12 - - [27/Apr/2025:15:08:13 -0400] "GET /account/register?ref=thenation&upline=thenation HTTP/1.1" 200 2225 "-" "WhatsApp/2.23.20.0"
197.210.77.12 - - [27/Apr/2025:15:08:26 -0400] "GET /account/searchuser?user=peaceosazee HTTP/1.1" 200 7717 "https://finationglobal.com/account/searchuser" "Mozilla/5.0 (Windows NT 10.0; Win64; x64; rv:137.0) Gecko/20100101 Firefox/137.0"
197.210.77.12 - - [27/Apr/2025:15:08:27 -0400] "GET /account/uploads/u0.png HTTP/1.1" 200 2127 "https://finationglobal.com/account/searchuser?user=peaceosazee" "Mozilla/5.0 (Windows NT 10.0; Win64; x64; rv:137.0) Gecko/20100101 Firefox/137.0"
197.210.77.12 - - [27/Apr/2025:15:08:41 -0400] "GET /account/register?ref=thenation&upline=clems HTTP/1.1" 200 2228 "-" "WhatsApp/2.23.20.0"
66.249.70.38 - - [27/Apr/2025:15:14:13 -0400] "GET /?shopdetail/24640104 HTTP/1.1" 200 6424 "-" "Mozilla/5.0 (Linux; Android 6.0.1; Nexus 5X Build/MMB29P) AppleWebKit/537.36 (KHTML, like Gecko) Chrome/135.0.7049.95 Mobile Safari/537.36 (compatible; Googlebot/2.1; +http://www.google.com/bot.html)"
66.249.70.36 - - [27/Apr/2025:15:19:46 -0400] "GET /?shopdetail/3234437 HTTP/1.1" 200 6422 "-" "Mozilla/5.0 (Linux; Android 6.0.1; Nexus 5X Build/MMB29P) AppleWebKit/537.36 (KHTML, like Gecko) Chrome/135.0.7049.95 Mobile Safari/537.36 (compatible; Googlebot/2.1; +http://www.google.com/bot.html)"
66.249.70.36 - - [27/Apr/2025:15:22:29 -0400] "GET /?shopdetail/14128848 HTTP/1.1" 200 6422 "-" "Mozilla/5.0 (compatible; Googlebot/2.1; +http://www.google.com/bot.html)"
45.168.200.218 - - [27/Apr/2025:15:23:05 -0400] "GET /account/register.php HTTP/1.1" 302 771 "-" "Opera/8.40.(Windows 95; apn-IN) Presto/2.9.179 Version/11.00"
66.249.70.37 - - [27/Apr/2025:15:26:28 -0400] "GET /?pcmypage?callback=/product%2Fdetail%2F58854595 HTTP/1.1" 200 6424 "-" "Mozilla/5.0 (Linux; Android 6.0.1; Nexus 5X Build/MMB29P) AppleWebKit/537.36 (KHTML, like Gecko) Chrome/135.0.7049.95 Mobile Safari/537.36 (compatible; GoogleOther)"
66.249.70.38 - - [27/Apr/2025:15:27:48 -0400] "GET /?shopdetail/13962371 HTTP/1.1" 200 6424 "-" "Mozilla/5.0 (compatible; Googlebot/2.1; +http://www.google.com/bot.html)"
66.249.70.37 - - [27/Apr/2025:15:32:00 -0400] "GET /?pcmypage?callback=product%2Fdetail%2F55151579 HTTP/1.1" 200 6424 "-" "Mozilla/5.0 (compatible; Googlebot/2.1; +http://www.google.com/bot.html)"
66.249.70.37 - - [27/Apr/2025:15:43:28 -0400] "GET /?shopdetail/6986460 HTTP/1.1" 200 6424 "-" "Mozilla/5.0 (Linux; Android 6.0.1; Nexus 5X Build/MMB29P) AppleWebKit/537.36 (KHTML, like Gecko) Chrome/135.0.7049.95 Mobile Safari/537.36 (compatible; GoogleOther)"
66.249.70.36 - - [27/Apr/2025:15:47:47 -0400] "GET /?shopdetail/10076982 HTTP/1.1" 200 6424 "-" "Mozilla/5.0 (Linux; Android 6.0.1; Nexus 5X Build/MMB29P) AppleWebKit/537.36 (KHTML, like Gecko) Chrome/135.0.7049.95 Mobile Safari/537.36 (compatible; GoogleOther)"
66.249.70.36 - - [27/Apr/2025:15:48:49 -0400] "GET /?shopdetail/4521271 HTTP/1.1" 200 6424 "-" "Mozilla/5.0 (compatible; Googlebot/2.1; +http://www.google.com/bot.html)"
66.249.70.38 - - [27/Apr/2025:15:51:07 -0400] "GET /?shopdetail/7135126 HTTP/1.1" 200 6422 "-" "Mozilla/5.0 (compatible; Googlebot/2.1; +http://www.google.com/bot.html)"
66.249.70.37 - - [27/Apr/2025:15:52:00 -0400] "GET /?shopdetail/20131626 HTTP/1.1" 200 6422 "-" "Mozilla/5.0 (compatible; Googlebot/2.1; +http://www.google.com/bot.html)"
154.74.190.110 - - [27/Apr/2025:15:56:24 -0400] "GET /account/register?ref=nazajohntz HTTP/1.1" 200 1856 "-" "Mozilla/5.0 (Linux; Android 10; K) AppleWebKit/537.36 (KHTML, like Gecko) SamsungBrowser/27.0 Chrome/125.0.0.0 Mobile Safari/537.36"
154.74.190.110 - - [27/Apr/2025:15:56:25 -0400] "GET /account/control.php?confirm=nazajohntz HTTP/1.1" 302 771 "https://finationglobal.com/account/register?ref=nazajohntz" "Mozilla/5.0 (Linux; Android 10; K) AppleWebKit/537.36 (KHTML, like Gecko) SamsungBrowser/27.0 Chrome/125.0.0.0 Mobile Safari/537.36"
154.74.190.110 - - [27/Apr/2025:15:56:25 -0400] "GET /account/control?confirm=nazajohntz HTTP/1.1" 200 28 "https://finationglobal.com/account/register?ref=nazajohntz" "Mozilla/5.0 (Linux; Android 10; K) AppleWebKit/537.36 (KHTML, like Gecko) SamsungBrowser/27.0 Chrome/125.0.0.0 Mobile Safari/537.36"
154.74.190.110 - - [27/Apr/2025:15:56:28 -0400] "GET /account/login HTTP/1.1" 200 1297 "https://finationglobal.com/account/register?ref=nazajohntz" "Mozilla/5.0 (Linux; Android 10; K) AppleWebKit/537.36 (KHTML, like Gecko) SamsungBrowser/27.0 Chrome/125.0.0.0 Mobile Safari/537.36"
154.74.190.110 - - [27/Apr/2025:15:56:34 -0400] "POST /account/login HTTP/1.1" 302 1297 "https://finationglobal.com/account/login" "Mozilla/5.0 (Linux; Android 10; K) AppleWebKit/537.36 (KHTML, like Gecko) SamsungBrowser/27.0 Chrome/125.0.0.0 Mobile Safari/537.36"
154.74.190.110 - - [27/Apr/2025:15:56:34 -0400] "GET /account/ HTTP/1.1" 200 6884 "https://finationglobal.com/account/login" "Mozilla/5.0 (Linux; Android 10; K) AppleWebKit/537.36 (KHTML, like Gecko) SamsungBrowser/27.0 Chrome/125.0.0.0 Mobile Safari/537.36"
66.249.70.37 - - [27/Apr/2025:15:56:47 -0400] "GET /?pcmypage?callback=product%2Fdetail%2F72901909 HTTP/1.1" 200 6424 "-" "Mozilla/5.0 (Linux; Android 6.0.1; Nexus 5X Build/MMB29P) AppleWebKit/537.36 (KHTML, like Gecko) Chrome/135.0.7049.95 Mobile Safari/537.36 (compatible; Googlebot/2.1; +http://www.google.com/bot.html)"
154.74.190.110 - - [27/Apr/2025:15:56:47 -0400] "GET /account/geneology HTTP/1.1" 200 4887 "https://finationglobal.com/account/" "Mozilla/5.0 (Linux; Android 10; K) AppleWebKit/537.36 (KHTML, like Gecko) SamsungBrowser/27.0 Chrome/125.0.0.0 Mobile Safari/537.36"
154.74.190.110 - - [27/Apr/2025:15:56:59 -0400] "GET /account/login HTTP/1.1" 200 1297 "https://finationglobal.com/account/register?ref=nazajohntz" "Mozilla/5.0 (Linux; Android 10; K) AppleWebKit/537.36 (KHTML, like Gecko) SamsungBrowser/27.0 Chrome/125.0.0.0 Mobile Safari/537.36"
66.249.70.36 - - [27/Apr/2025:15:57:04 -0400] "GET /?shopdetail/9978882 HTTP/1.1" 200 6422 "-" "Mozilla/5.0 (Linux; Android 6.0.1; Nexus 5X Build/MMB29P) AppleWebKit/537.36 (KHTML, like Gecko) Chrome/135.0.7049.95 Mobile Safari/537.36 (compatible; GoogleOther)"
154.74.190.110 - - [27/Apr/2025:15:57:07 -0400] "POST /account/login HTTP/1.1" 302 1297 "https://finationglobal.com/account/login" "Mozilla/5.0 (Linux; Android 10; K) AppleWebKit/537.36 (KHTML, like Gecko) SamsungBrowser/27.0 Chrome/125.0.0.0 Mobile Safari/537.36"
154.74.190.110 - - [27/Apr/2025:15:57:07 -0400] "GET /account/ HTTP/1.1" 200 6818 "https://finationglobal.com/account/login" "Mozilla/5.0 (Linux; Android 10; K) AppleWebKit/537.36 (KHTML, like Gecko) SamsungBrowser/27.0 Chrome/125.0.0.0 Mobile Safari/537.36"
154.74.190.110 - - [27/Apr/2025:15:57:20 -0400] "GET /account/geneology HTTP/1.1" 200 4821 "https://finationglobal.com/account/" "Mozilla/5.0 (Linux; Android 10; K) AppleWebKit/537.36 (KHTML, like Gecko) SamsungBrowser/27.0 Chrome/125.0.0.0 Mobile Safari/537.36"
154.74.190.110 - - [27/Apr/2025:15:57:24 -0400] "POST /account/geneology HTTP/1.1" 200 4687 "https://finationglobal.com/account/geneology" "Mozilla/5.0 (Linux; Android 10; K) AppleWebKit/537.36 (KHTML, like Gecko) SamsungBrowser/27.0 Chrome/125.0.0.0 Mobile Safari/537.36"
154.74.190.110 - - [27/Apr/2025:15:57:44 -0400] "GET /account/geneology?user=mcharotz HTTP/1.1" 200 4693 "https://finationglobal.com/account/geneology" "Mozilla/5.0 (Linux; Android 10; K) AppleWebKit/537.36 (KHTML, like Gecko) SamsungBrowser/27.0 Chrome/125.0.0.0 Mobile Safari/537.36"
154.74.190.110 - - [27/Apr/2025:15:58:39 -0400] "GET /account/geneology HTTP/1.1" 200 4689 "https://finationglobal.com/account/geneology" "Mozilla/5.0 (Linux; Android 10; K) AppleWebKit/537.36 (KHTML, like Gecko) SamsungBrowser/27.0 Chrome/125.0.0.0 Mobile Safari/537.36"
154.74.190.110 - - [27/Apr/2025:15:58:45 -0400] "GET /account/geneology?user=nagtz HTTP/1.1" 200 4644 "https://finationglobal.com/account/geneology" "Mozilla/5.0 (Linux; Android 10; K) AppleWebKit/537.36 (KHTML, like Gecko) SamsungBrowser/27.0 Chrome/125.0.0.0 Mobile Safari/537.36"
66.249.70.36 - - [27/Apr/2025:15:59:19 -0400] "GET /?shopdetail/3213104 HTTP/1.1" 200 6424 "-" "Mozilla/5.0 (compatible; Googlebot/2.1; +http://www.google.com/bot.html)"
154.74.190.110 - - [27/Apr/2025:15:59:26 -0400] "GET /account/geneology HTTP/1.1" 200 4689 "https://finationglobal.com/account/" "Mozilla/5.0 (Linux; Android 10; K) AppleWebKit/537.36 (KHTML, like Gecko) SamsungBrowser/27.0 Chrome/125.0.0.0 Mobile Safari/537.36"
154.74.190.110 - - [27/Apr/2025:15:59:57 -0400] "GET /account/geneology?user=nagtz HTTP/1.1" 200 4644 "https://finationglobal.com/account/geneology" "Mozilla/5.0 (Linux; Android 10; K) AppleWebKit/537.36 (KHTML, like Gecko) SamsungBrowser/27.0 Chrome/125.0.0.0 Mobile Safari/537.36"
154.74.190.110 - - [27/Apr/2025:16:00:09 -0400] "POST /account/geneology?user=nagtz HTTP/1.1" 200 4645 "https://finationglobal.com/account/geneology?user=nagtz" "Mozilla/5.0 (Linux; Android 10; K) AppleWebKit/537.36 (KHTML, like Gecko) SamsungBrowser/27.0 Chrome/125.0.0.0 Mobile Safari/537.36"
154.74.190.110 - - [27/Apr/2025:16:00:15 -0400] "GET /account/geneology?user=nagtz HTTP/1.1" 200 4644 "https://finationglobal.com/account/geneology" "Mozilla/5.0 (Linux; Android 10; K) AppleWebKit/537.36 (KHTML, like Gecko) SamsungBrowser/27.0 Chrome/125.0.0.0 Mobile Safari/537.36"
154.74.190.110 - - [27/Apr/2025:16:00:23 -0400] "GET /account/geneology HTTP/1.1" 200 4687 "https://finationglobal.com/account/" "Mozilla/5.0 (Linux; Android 10; K) AppleWebKit/537.36 (KHTML, like Gecko) SamsungBrowser/27.0 Chrome/125.0.0.0 Mobile Safari/537.36"
154.74.190.110 - - [27/Apr/2025:16:00:30 -0400] "GET /account/geneology?user=nagtz HTTP/1.1" 200 4644 "https://finationglobal.com/account/geneology" "Mozilla/5.0 (Linux; Android 10; K) AppleWebKit/537.36 (KHTML, like Gecko) SamsungBrowser/27.0 Chrome/125.0.0.0 Mobile Safari/537.36"
154.74.190.110 - - [27/Apr/2025:16:00:50 -0400] "GET /account/ HTTP/1.1" 200 6820 "https://finationglobal.com/account/login" "Mozilla/5.0 (Linux; Android 10; K) AppleWebKit/537.36 (KHTML, like Gecko) SamsungBrowser/27.0 Chrome/125.0.0.0 Mobile Safari/537.36"
66.249.70.36 - - [27/Apr/2025:16:08:08 -0400] "GET /?shopdetail/15006448 HTTP/1.1" 200 6422 "-" "Mozilla/5.0 (compatible; Googlebot/2.1; +http://www.google.com/bot.html)"
197.210.52.197 - - [27/Apr/2025:16:14:46 -0400] "GET /account/register?ref=thenation&upline=clems HTTP/1.1" 200 1864 "-" "Mozilla/5.0 (iPhone; CPU iPhone OS 18_3_1 like Mac OS X) AppleWebKit/605.1.15 (KHTML, like Gecko) CriOS/134.0.6998.99 Mobile/15E148 Safari/604.1"
197.210.52.197 - - [27/Apr/2025:16:14:47 -0400] "GET /assets/css/icons.css HTTP/1.1" 200 251 "https://finationglobal.com/account/register?ref=thenation&upline=clems" "Mozilla/5.0 (iPhone; CPU iPhone OS 18_3_1 like Mac OS X) AppleWebKit/605.1.15 (KHTML, like Gecko) CriOS/134.0.6998.99 Mobile/15E148 Safari/604.1"
197.210.52.197 - - [27/Apr/2025:16:14:47 -0400] "GET /assets/js/circle-progress.min.js HTTP/1.1" 200 4965 "https://finationglobal.com/account/register?ref=thenation&upline=clems" "Mozilla/5.0 (iPhone; CPU iPhone OS 18_3_1 like Mac OS X) AppleWebKit/605.1.15 (KHTML, like Gecko) CriOS/134.0.6998.99 Mobile/15E148 Safari/604.1"
197.210.52.197 - - [27/Apr/2025:16:14:47 -0400] "GET /assets/js/jquery.min.js HTTP/1.1" 200 33270 "https://finationglobal.com/account/register?ref=thenation&upline=clems" "Mozilla/5.0 (iPhone; CPU iPhone OS 18_3_1 like Mac OS X) AppleWebKit/605.1.15 (KHTML, like Gecko) CriOS/134.0.6998.99 Mobile/15E148 Safari/604.1"
197.210.52.197 - - [27/Apr/2025:16:14:47 -0400] "GET /assets/plugins/bootstrap/js/popper.min.js HTTP/1.1" 200 10266 "https://finationglobal.com/account/register?ref=thenation&upline=clems" "Mozilla/5.0 (iPhone; CPU iPhone OS 18_3_1 like Mac OS X) AppleWebKit/605.1.15 (KHTML, like Gecko) CriOS/134.0.6998.99 Mobile/15E148 Safari/604.1"
197.210.52.197 - - [27/Apr/2025:16:14:47 -0400] "GET /assets/plugins/bootstrap/js/bootstrap.min.js HTTP/1.1" 200 18884 "https://finationglobal.com/account/register?ref=thenation&upline=clems" "Mozilla/5.0 (iPhone; CPU iPhone OS 18_3_1 like Mac OS X) AppleWebKit/605.1.15 (KHTML, like Gecko) CriOS/134.0.6998.99 Mobile/15E148 Safari/604.1"
197.210.52.197 - - [27/Apr/2025:16:14:47 -0400] "GET /assets/plugins/p-scroll/perfect-scrollbar.js HTTP/1.1" 200 10585 "https://finationglobal.com/account/register?ref=thenation&upline=clems" "Mozilla/5.0 (iPhone; CPU iPhone OS 18_3_1 like Mac OS X) AppleWebKit/605.1.15 (KHTML, like Gecko) CriOS/134.0.6998.99 Mobile/15E148 Safari/604.1"
197.210.52.197 - - [27/Apr/2025:16:14:47 -0400] "GET /assets/plugins/input-mask/jquery.mask.min.js HTTP/1.1" 200 6191 "https://finationglobal.com/account/register?ref=thenation&upline=clems" "Mozilla/5.0 (iPhone; CPU iPhone OS 18_3_1 like Mac OS X) AppleWebKit/605.1.15 (KHTML, like Gecko) CriOS/134.0.6998.99 Mobile/15E148 Safari/604.1"
197.210.52.197 - - [27/Apr/2025:16:14:47 -0400] "GET /assets/plugins/bootstrap/css/bootstrap.min.css HTTP/1.1" 200 21225 "https://finationglobal.com/account/register?ref=thenation&upline=clems" "Mozilla/5.0 (iPhone; CPU iPhone OS 18_3_1 like Mac OS X) AppleWebKit/605.1.15 (KHTML, like Gecko) CriOS/134.0.6998.99 Mobile/15E148 Safari/604.1"
197.210.52.197 - - [27/Apr/2025:16:14:47 -0400] "GET /assets/css/plugins.css HTTP/1.1" 200 80675 "https://finationglobal.com/account/register?ref=thenation&upline=clems" "Mozilla/5.0 (iPhone; CPU iPhone OS 18_3_1 like Mac OS X) AppleWebKit/605.1.15 (KHTML, like Gecko) CriOS/134.0.6998.99 Mobile/15E148 Safari/604.1"
197.210.52.197 - - [27/Apr/2025:16:14:47 -0400] "GET /assets/js/custom.js HTTP/1.1" 200 5093 "https://finationglobal.com/account/register?ref=thenation&upline=clems" "Mozilla/5.0 (iPhone; CPU iPhone OS 18_3_1 like Mac OS X) AppleWebKit/605.1.15 (KHTML, like Gecko) CriOS/134.0.6998.99 Mobile/15E148 Safari/604.1"
197.210.52.197 - - [27/Apr/2025:16:14:47 -0400] "GET /assets/js/themeColors.js HTTP/1.1" 200 5058 "https://finationglobal.com/account/register?ref=thenation&upline=clems" "Mozilla/5.0 (iPhone; CPU iPhone OS 18_3_1 like Mac OS X) AppleWebKit/605.1.15 (KHTML, like Gecko) CriOS/134.0.6998.99 Mobile/15E148 Safari/604.1"
197.210.52.197 - - [27/Apr/2025:16:14:47 -0400] "GET /assets/js/swither-styles.js HTTP/1.1" 200 7609 "https://finationglobal.com/account/register?ref=thenation&upline=clems" "Mozilla/5.0 (iPhone; CPU iPhone OS 18_3_1 like Mac OS X) AppleWebKit/605.1.15 (KHTML, like Gecko) CriOS/134.0.6998.99 Mobile/15E148 Safari/604.1"
197.210.52.197 - - [27/Apr/2025:16:14:47 -0400] "GET /assets/css/style.css HTTP/1.1" 200 144740 "https://finationglobal.com/account/register?ref=thenation&upline=clems" "Mozilla/5.0 (iPhone; CPU iPhone OS 18_3_1 like Mac OS X) AppleWebKit/605.1.15 (KHTML, like Gecko) CriOS/134.0.6998.99 Mobile/15E148 Safari/604.1"
197.210.52.197 - - [27/Apr/2025:16:14:47 -0400] "GET /assets/iconfonts/font-awesome/css/font-awesome.min.css HTTP/1.1" 200 6666 "https://finationglobal.com/account/register?ref=thenation&upline=clems" "Mozilla/5.0 (iPhone; CPU iPhone OS 18_3_1 like Mac OS X) AppleWebKit/605.1.15 (KHTML, like Gecko) CriOS/134.0.6998.99 Mobile/15E148 Safari/604.1"
197.210.52.197 - - [27/Apr/2025:16:14:47 -0400] "GET /assets/iconfonts/glyphicons/glyphicon.css HTTP/1.1" 200 2217 "https://finationglobal.com/account/register?ref=thenation&upline=clems" "Mozilla/5.0 (iPhone; CPU iPhone OS 18_3_1 like Mac OS X) AppleWebKit/605.1.15 (KHTML, like Gecko) CriOS/134.0.6998.99 Mobile/15E148 Safari/604.1"
197.210.52.197 - - [27/Apr/2025:16:14:47 -0400] "GET /assets/iconfonts/linearicons/Linearicons.css HTTP/1.1" 200 1507 "https://finationglobal.com/account/register?ref=thenation&upline=clems" "Mozilla/5.0 (iPhone; CPU iPhone OS 18_3_1 like Mac OS X) AppleWebKit/605.1.15 (KHTML, like Gecko) CriOS/134.0.6998.99 Mobile/15E148 Safari/604.1"
197.210.52.197 - - [27/Apr/2025:16:14:47 -0400] "GET /assets/iconfonts/ionicons/ionicons.css HTTP/1.1" 200 6409 "https://finationglobal.com/account/register?ref=thenation&upline=clems" "Mozilla/5.0 (iPhone; CPU iPhone OS 18_3_1 like Mac OS X) AppleWebKit/605.1.15 (KHTML, like Gecko) CriOS/134.0.6998.99 Mobile/15E148 Safari/604.1"
197.210.52.197 - - [27/Apr/2025:16:14:47 -0400] "GET /assets/iconfonts/pe-icon-7-stroke/Pe-icon-7.css HTTP/1.1" 200 1681 "https://finationglobal.com/account/register?ref=thenation&upline=clems" "Mozilla/5.0 (iPhone; CPU iPhone OS 18_3_1 like Mac OS X) AppleWebKit/605.1.15 (KHTML, like Gecko) CriOS/134.0.6998.99 Mobile/15E148 Safari/604.1"
197.210.52.197 - - [27/Apr/2025:16:14:47 -0400] "GET /assets/iconfonts/bootstrapicons/bootstrap-icons.css HTTP/1.1" 200 8194 "https://finationglobal.com/account/register?ref=thenation&upline=clems" "Mozilla/5.0 (iPhone; CPU iPhone OS 18_3_1 like Mac OS X) AppleWebKit/605.1.15 (KHTML, like Gecko) CriOS/134.0.6998.99 Mobile/15E148 Safari/604.1"
197.210.52.197 - - [27/Apr/2025:16:14:47 -0400] "GET /assets/iconfonts/materialdesignicons/materialdesignicons.css HTTP/1.1" 200 22418 "https://finationglobal.com/account/register?ref=thenation&upline=clems" "Mozilla/5.0 (iPhone; CPU iPhone OS 18_3_1 like Mac OS X) AppleWebKit/605.1.15 (KHTML, like Gecko) CriOS/134.0.6998.99 Mobile/15E148 Safari/604.1"
197.210.52.197 - - [27/Apr/2025:16:14:47 -0400] "GET /assets/iconfonts/typicons/typicons.css HTTP/1.1" 200 3263 "https://finationglobal.com/account/register?ref=thenation&upline=clems" "Mozilla/5.0 (iPhone; CPU iPhone OS 18_3_1 like Mac OS X) AppleWebKit/605.1.15 (KHTML, like Gecko) CriOS/134.0.6998.99 Mobile/15E148 Safari/604.1"
197.210.52.197 - - [27/Apr/2025:16:14:47 -0400] "GET /assets/iconfonts/themify/themify.css HTTP/1.1" 200 2728 "https://finationglobal.com/account/register?ref=thenation&upline=clems" "Mozilla/5.0 (iPhone; CPU iPhone OS 18_3_1 like Mac OS X) AppleWebKit/605.1.15 (KHTML, like Gecko) CriOS/134.0.6998.99 Mobile/15E148 Safari/604.1"
197.210.52.197 - - [27/Apr/2025:16:14:47 -0400] "GET /assets/iconfonts/simple-line-icons/simple-line-icons.css HTTP/1.1" 200 3107 "https://finationglobal.com/account/register?ref=thenation&upline=clems" "Mozilla/5.0 (iPhone; CPU iPhone OS 18_3_1 like Mac OS X) AppleWebKit/605.1.15 (KHTML, like Gecko) CriOS/134.0.6998.99 Mobile/15E148 Safari/604.1"
197.210.52.197 - - [27/Apr/2025:16:14:47 -0400] "GET /assets/iconfonts/feather/feather.css HTTP/1.1" 200 1999 "https://finationglobal.com/account/register?ref=thenation&upline=clems" "Mozilla/5.0 (iPhone; CPU iPhone OS 18_3_1 like Mac OS X) AppleWebKit/605.1.15 (KHTML, like Gecko) CriOS/134.0.6998.99 Mobile/15E148 Safari/604.1"
197.210.52.197 - - [27/Apr/2025:16:14:47 -0400] "GET /assets/iconfonts/weathericons/weathericons.css HTTP/1.1" 200 3459 "https://finationglobal.com/account/register?ref=thenation&upline=clems" "Mozilla/5.0 (iPhone; CPU iPhone OS 18_3_1 like Mac OS X) AppleWebKit/605.1.15 (KHTML, like Gecko) CriOS/134.0.6998.99 Mobile/15E148 Safari/604.1"
197.210.52.197 - - [27/Apr/2025:16:14:47 -0400] "GET /assets/plugins/iconfonts/remixicon/remixicon.css HTTP/1.1" 200 12884 "https://finationglobal.com/account/register?ref=thenation&upline=clems" "Mozilla/5.0 (iPhone; CPU iPhone OS 18_3_1 like Mac OS X) AppleWebKit/605.1.15 (KHTML, like Gecko) CriOS/134.0.6998.99 Mobile/15E148 Safari/604.1"
197.210.52.197 - - [27/Apr/2025:16:14:48 -0400] "GET /assets/images/loader.svg HTTP/1.1" 200 329 "https://finationglobal.com/account/register?ref=thenation&upline=clems" "Mozilla/5.0 (iPhone; CPU iPhone OS 18_3_1 like Mac OS X) AppleWebKit/605.1.15 (KHTML, like Gecko) CriOS/134.0.6998.99 Mobile/15E148 Safari/604.1"
197.210.52.197 - - [27/Apr/2025:16:14:48 -0400] "GET /account/finbrand.png HTTP/1.1" 200 25547 "https://finationglobal.com/account/register?ref=thenation&upline=clems" "Mozilla/5.0 (iPhone; CPU iPhone OS 18_3_1 like Mac OS X) AppleWebKit/605.1.15 (KHTML, like Gecko) CriOS/134.0.6998.99 Mobile/15E148 Safari/604.1"
197.210.52.197 - - [27/Apr/2025:16:14:49 -0400] "GET /assets/iconfonts/materialdesignicons/fonts/materialdesignicons-webfont.woff2?v=2.0.46 HTTP/1.1" 200 109248 "https://finationglobal.com/account/register?ref=thenation&upline=clems" "Mozilla/5.0 (iPhone; CPU iPhone OS 18_3_1 like Mac OS X) AppleWebKit/605.1.15 (KHTML, like Gecko) CriOS/134.0.6998.99 Mobile/15E148 Safari/604.1"
197.210.52.197 - - [27/Apr/2025:16:14:49 -0400] "GET /assets/iconfonts/materialdesignicons/fonts/Material-Design-Iconic-Font.woff2?v=2.2.0 HTTP/1.1" 200 38384 "https://finationglobal.com/account/register?ref=thenation&upline=clems" "Mozilla/5.0 (iPhone; CPU iPhone OS 18_3_1 like Mac OS X) AppleWebKit/605.1.15 (KHTML, like Gecko) CriOS/134.0.6998.99 Mobile/15E148 Safari/604.1"
197.210.52.197 - - [27/Apr/2025:16:14:49 -0400] "GET /assets/iconfonts/font-awesome/fonts/fontawesome-webfont.woff2?v=4.7.0 HTTP/1.1" 200 77160 "https://finationglobal.com/account/register?ref=thenation&upline=clems" "Mozilla/5.0 (iPhone; CPU iPhone OS 18_3_1 like Mac OS X) AppleWebKit/605.1.15 (KHTML, like Gecko) CriOS/134.0.6998.99 Mobile/15E148 Safari/604.1"
