197.211.59.83 - - [27/Apr/2025:11:51:09 -0400] "POST /account/login HTTP/1.1" 302 1297 "https://finationglobal.com/account/login" "Mozilla/5.0 (Linux; Android 10; K) AppleWebKit/537.36 (KHTML, like Gecko) Chrome/125.0.0.0 Mobile Safari/537.36"
197.211.59.83 - - [27/Apr/2025:11:51:10 -0400] "GET /account/ HTTP/1.1" 200 6714 "https://finationglobal.com/account/login" "Mozilla/5.0 (Linux; Android 10; K) AppleWebKit/537.36 (KHTML, like Gecko) Chrome/125.0.0.0 Mobile Safari/537.36"
47.128.59.78 - - [27/Apr/2025:11:51:15 -0400] "GET /robots.txt HTTP/1.1" 404 1251 "-" "Mozilla/5.0 (Linux; Android 5.0) AppleWebKit/537.36 (KHTML, like Gecko) Mobile Safari/537.36 (compatible; Bytespider; spider-feedback@bytedance.com)"
197.210.52.31 - - [27/Apr/2025:11:51:15 -0400] "GET /account/geneology?user=Wealthy HTTP/1.1" 200 5453 "https://finationglobal.com/account/geneology?user=cashflow" "Mozilla/5.0 (Linux; Android 10; K) AppleWebKit/537.36 (KHTML, like Gecko) Chrome/135.0.0.0 Mobile Safari/537.36"
197.211.59.83 - - [27/Apr/2025:11:51:19 -0400] "GET /account/courses HTTP/1.1" 200 5439 "https://finationglobal.com/account/" "Mozilla/5.0 (Linux; Android 10; K) AppleWebKit/537.36 (KHTML, like Gecko) Chrome/125.0.0.0 Mobile Safari/537.36"
197.211.59.83 - - [27/Apr/2025:11:51:20 -0400] "GET /account/courses HTTP/1.1" 200 5439 "https://finationglobal.com/account/" "Mozilla/5.0 (Linux; Android 10; K) AppleWebKit/537.36 (KHTML, like Gecko) Chrome/125.0.0.0 Mobile Safari/537.36"
197.211.59.83 - - [27/Apr/2025:11:51:21 -0400] "GET /account/courses HTTP/1.1" 200 5439 "https://finationglobal.com/account/" "Mozilla/5.0 (Linux; Android 10; K) AppleWebKit/537.36 (KHTML, like Gecko) Chrome/125.0.0.0 Mobile Safari/537.36"
197.211.59.83 - - [27/Apr/2025:11:51:21 -0400] "GET /account/courses HTTP/1.1" 200 5439 "https://finationglobal.com/account/" "Mozilla/5.0 (Linux; Android 10; K) AppleWebKit/537.36 (KHTML, like Gecko) Chrome/125.0.0.0 Mobile Safari/537.36"
197.250.51.202 - - [27/Apr/2025:11:51:23 -0400] "GET /account/index?logout=true HTTP/1.1" 302 6382 "https://finationglobal.com/account/index" "Mozilla/5.0 (Linux; Android 10; K) AppleWebKit/537.36 (KHTML, like Gecko) Chrome/135.0.0.0 Mobile Safari/537.36"
197.250.51.202 - - [27/Apr/2025:11:51:25 -0400] "GET /account/login.php HTTP/1.1" 302 771 "https://finationglobal.com/account/index" "Mozilla/5.0 (Linux; Android 10; K) AppleWebKit/537.36 (KHTML, like Gecko) Chrome/135.0.0.0 Mobile Safari/537.36"
197.211.59.83 - - [27/Apr/2025:11:51:25 -0400] "GET /account/uploads/vid8264838735.png HTTP/1.1" 200 996300 "https://finationglobal.com/account/courses" "Mozilla/5.0 (Linux; Android 10; K) AppleWebKit/537.36 (KHTML, like Gecko) Chrome/125.0.0.0 Mobile Safari/537.36"
197.250.51.202 - - [27/Apr/2025:11:51:25 -0400] "GET /account/login HTTP/1.1" 200 1297 "https://finationglobal.com/account/index" "Mozilla/5.0 (Linux; Android 10; K) AppleWebKit/537.36 (KHTML, like Gecko) Chrome/135.0.0.0 Mobile Safari/537.36"
197.211.59.83 - - [27/Apr/2025:11:51:25 -0400] "GET /account/uploads/vid8258886222.jpg HTTP/1.1" 206 1 "https://finationglobal.com/account/courses" "Mozilla/5.0 (Linux; Android 10; K) AppleWebKit/537.36 (KHTML, like Gecko) Chrome/125.0.0.0 Mobile Safari/537.36"
197.211.59.83 - - [27/Apr/2025:11:51:25 -0400] "GET /account/uploads/vid8259070856.jpeg HTTP/1.1" 206 1 "https://finationglobal.com/account/courses" "Mozilla/5.0 (Linux; Android 10; K) AppleWebKit/537.36 (KHTML, like Gecko) Chrome/125.0.0.0 Mobile Safari/537.36"
197.211.59.83 - - [27/Apr/2025:11:51:25 -0400] "GET /account/uploads/vid8258820477.jpeg HTTP/1.1" 206 1 "https://finationglobal.com/account/courses" "Mozilla/5.0 (Linux; Android 10; K) AppleWebKit/537.36 (KHTML, like Gecko) Chrome/125.0.0.0 Mobile Safari/537.36"
197.211.59.83 - - [27/Apr/2025:11:51:25 -0400] "GET /account/uploads/vid8258886278.jpg HTTP/1.1" 206 1 "https://finationglobal.com/account/courses" "Mozilla/5.0 (Linux; Android 10; K) AppleWebKit/537.36 (KHTML, like Gecko) Chrome/125.0.0.0 Mobile Safari/537.36"
197.211.59.83 - - [27/Apr/2025:11:51:25 -0400] "GET /account/uploads/vid8259430612.jpeg HTTP/1.1" 206 1 "https://finationglobal.com/account/courses" "Mozilla/5.0 (Linux; Android 10; K) AppleWebKit/537.36 (KHTML, like Gecko) Chrome/125.0.0.0 Mobile Safari/537.36"
197.211.59.83 - - [27/Apr/2025:11:51:25 -0400] "GET /account/uploads/vid8259222660.jpeg HTTP/1.1" 206 1 "https://finationglobal.com/account/courses" "Mozilla/5.0 (Linux; Android 10; K) AppleWebKit/537.36 (KHTML, like Gecko) Chrome/125.0.0.0 Mobile Safari/537.36"
197.211.59.83 - - [27/Apr/2025:11:51:25 -0400] "GET /account/uploads/vid8259431189.jpeg HTTP/1.1" 206 1 "https://finationglobal.com/account/courses" "Mozilla/5.0 (Linux; Android 10; K) AppleWebKit/537.36 (KHTML, like Gecko) Chrome/125.0.0.0 Mobile Safari/537.36"
197.210.52.31 - - [27/Apr/2025:11:51:26 -0400] "GET /account/geneology?user=getrich HTTP/1.1" 200 5327 "https://finationglobal.com/account/geneology?user=cashflow" "Mozilla/5.0 (Linux; Android 10; K) AppleWebKit/537.36 (KHTML, like Gecko) Chrome/135.0.0.0 Mobile Safari/537.36"
197.211.59.83 - - [27/Apr/2025:11:51:28 -0400] "GET /account/messages HTTP/1.1" 200 4442 "https://finationglobal.com/account/courses" "Mozilla/5.0 (Linux; Android 10; K) AppleWebKit/537.36 (KHTML, like Gecko) Chrome/125.0.0.0 Mobile Safari/537.36"
197.210.52.31 - - [27/Apr/2025:11:51:33 -0400] "GET /account/geneology?user=dollarwise HTTP/1.1" 200 5273 "https://finationglobal.com/account/geneology?user=getrich" "Mozilla/5.0 (Linux; Android 10; K) AppleWebKit/537.36 (KHTML, like Gecko) Chrome/135.0.0.0 Mobile Safari/537.36"
197.211.59.83 - - [27/Apr/2025:11:51:37 -0400] "GET /account/messages HTTP/1.1" 200 4442 "https://finationglobal.com/account/courses" "Mozilla/5.0 (Linux; Android 10; K) AppleWebKit/537.36 (KHTML, like Gecko) Chrome/125.0.0.0 Mobile Safari/537.36"
197.211.59.83 - - [27/Apr/2025:11:51:41 -0400] "GET /account/messages HTTP/1.1" 200 4442 "https://finationglobal.com/account/courses" "Mozilla/5.0 (Linux; Android 10; K) AppleWebKit/537.36 (KHTML, like Gecko) Chrome/125.0.0.0 Mobile Safari/537.36"
197.250.51.202 - - [27/Apr/2025:11:51:48 -0400] "POST /account/login HTTP/1.1" 302 1297 "https://finationglobal.com/account/login" "Mozilla/5.0 (Linux; Android 10; K) AppleWebKit/537.36 (KHTML, like Gecko) Chrome/135.0.0.0 Mobile Safari/537.36"
197.250.51.202 - - [27/Apr/2025:11:51:48 -0400] "GET /account/ HTTP/1.1" 302 508 "https://finationglobal.com/account/login" "Mozilla/5.0 (Linux; Android 10; K) AppleWebKit/537.36 (KHTML, like Gecko) Chrome/135.0.0.0 Mobile Safari/537.36"
197.250.51.202 - - [27/Apr/2025:11:51:49 -0400] "GET /account/index HTTP/1.1" 200 6382 "https://finationglobal.com/account/login" "Mozilla/5.0 (Linux; Android 10; K) AppleWebKit/537.36 (KHTML, like Gecko) Chrome/135.0.0.0 Mobile Safari/537.36"
197.250.51.202 - - [27/Apr/2025:11:51:57 -0400] "GET /account/register?ref=fometz2 HTTP/1.1" 200 1860 "-" "Mozilla/5.0 (Linux; Android 10; K) AppleWebKit/537.36 (KHTML, like Gecko) Chrome/135.0.0.0 Mobile Safari/537.36"
197.250.51.202 - - [27/Apr/2025:11:51:58 -0400] "GET /account/control.php?confirm=fometz2 HTTP/1.1" 302 771 "https://finationglobal.com/account/register?ref=fometz2" "Mozilla/5.0 (Linux; Android 10; K) AppleWebKit/537.36 (KHTML, like Gecko) Chrome/135.0.0.0 Mobile Safari/537.36"
197.250.51.202 - - [27/Apr/2025:11:51:58 -0400] "GET /account/control?confirm=fometz2 HTTP/1.1" 200 30 "https://finationglobal.com/account/register?ref=fometz2" "Mozilla/5.0 (Linux; Android 10; K) AppleWebKit/537.36 (KHTML, like Gecko) Chrome/135.0.0.0 Mobile Safari/537.36"
66.249.70.36 - - [27/Apr/2025:11:52:01 -0400] "GET /?shopdetail/29952693 HTTP/1.1" 200 6422 "-" "Mozilla/5.0 (Linux; Android 6.0.1; Nexus 5X Build/MMB29P) AppleWebKit/537.36 (KHTML, like Gecko) Chrome/135.0.7049.95 Mobile Safari/537.36 (compatible; Googlebot/2.1; +http://www.google.com/bot.html)"
197.211.59.83 - - [27/Apr/2025:11:52:16 -0400] "GET /account/register?ref=divafame1&upline=divafame1 HTTP/1.1" 200 1860 "-" "Mozilla/5.0 (Linux; Android 10; K) AppleWebKit/537.36 (KHTML, like Gecko) Chrome/125.0.0.0 Mobile Safari/537.36"
197.211.59.83 - - [27/Apr/2025:11:52:19 -0400] "GET /account/control.php?confirm=divafame1 HTTP/1.1" 302 771 "https://finationglobal.com/account/register?ref=divafame1&upline=divafame1" "Mozilla/5.0 (Linux; Android 10; K) AppleWebKit/537.36 (KHTML, like Gecko) Chrome/125.0.0.0 Mobile Safari/537.36"
197.211.59.83 - - [27/Apr/2025:11:52:20 -0400] "GET /account/control.php?confirm=divafame1 HTTP/1.1" 302 771 "https://finationglobal.com/account/register?ref=divafame1&upline=divafame1" "Mozilla/5.0 (Linux; Android 10; K) AppleWebKit/537.36 (KHTML, like Gecko) Chrome/125.0.0.0 Mobile Safari/537.36"
197.211.59.83 - - [27/Apr/2025:11:52:20 -0400] "GET /account/control?confirm=divafame1 HTTP/1.1" 200 43 "https://finationglobal.com/account/register?ref=divafame1&upline=divafame1" "Mozilla/5.0 (Linux; Android 10; K) AppleWebKit/537.36 (KHTML, like Gecko) Chrome/125.0.0.0 Mobile Safari/537.36"
197.211.59.83 - - [27/Apr/2025:11:52:20 -0400] "GET /account/control?confirm=divafame1 HTTP/1.1" 200 43 "https://finationglobal.com/account/register?ref=divafame1&upline=divafame1" "Mozilla/5.0 (Linux; Android 10; K) AppleWebKit/537.36 (KHTML, like Gecko) Chrome/125.0.0.0 Mobile Safari/537.36"
197.211.59.83 - - [27/Apr/2025:11:52:22 -0400] "GET /account/login HTTP/1.1" 200 1297 "https://finationglobal.com/account/register?ref=divafame1&upline=divafame1" "Mozilla/5.0 (Linux; Android 10; K) AppleWebKit/537.36 (KHTML, like Gecko) Chrome/125.0.0.0 Mobile Safari/537.36"
197.211.59.83 - - [27/Apr/2025:11:52:25 -0400] "POST /account/login HTTP/1.1" 302 1297 "https://finationglobal.com/account/login" "Mozilla/5.0 (Linux; Android 10; K) AppleWebKit/537.36 (KHTML, like Gecko) Chrome/125.0.0.0 Mobile Safari/537.36"
197.211.59.83 - - [27/Apr/2025:11:52:26 -0400] "GET /account/ HTTP/1.1" 200 0 "https://finationglobal.com/account/login" "Mozilla/5.0 (Linux; Android 10; K) AppleWebKit/537.36 (KHTML, like Gecko) Chrome/125.0.0.0 Mobile Safari/537.36"
197.211.59.83 - - [27/Apr/2025:11:52:26 -0400] "POST /account/login HTTP/1.1" 302 1297 "https://finationglobal.com/account/login" "Mozilla/5.0 (Linux; Android 10; K) AppleWebKit/537.36 (KHTML, like Gecko) Chrome/125.0.0.0 Mobile Safari/537.36"
197.211.59.83 - - [27/Apr/2025:11:52:27 -0400] "GET /account/ HTTP/1.1" 200 6714 "https://finationglobal.com/account/login" "Mozilla/5.0 (Linux; Android 10; K) AppleWebKit/537.36 (KHTML, like Gecko) Chrome/125.0.0.0 Mobile Safari/537.36"
197.211.59.83 - - [27/Apr/2025:11:53:04 -0400] "GET /account/messages HTTP/1.1" 200 4442 "https://finationglobal.com/account/" "Mozilla/5.0 (Linux; Android 10; K) AppleWebKit/537.36 (KHTML, like Gecko) Chrome/125.0.0.0 Mobile Safari/537.36"
197.211.59.83 - - [27/Apr/2025:11:53:11 -0400] "GET /assets/css/animated.css HTTP/1.1" 200 4067 "https://finationglobal.com/account/messages" "Mozilla/5.0 (Linux; Android 10; K) AppleWebKit/537.36 (KHTML, like Gecko) Chrome/125.0.0.0 Mobile Safari/537.36"
197.211.59.83 - - [27/Apr/2025:11:53:11 -0400] "GET /assets/plugins/charts-c3/d3.v5.min.js HTTP/1.1" 200 78564 "https://finationglobal.com/account/messages" "Mozilla/5.0 (Linux; Android 10; K) AppleWebKit/537.36 (KHTML, like Gecko) Chrome/125.0.0.0 Mobile Safari/537.36"
197.211.59.83 - - [27/Apr/2025:11:53:11 -0400] "GET /assets/plugins/charts-c3/c3-chart.js HTTP/1.1" 200 48735 "https://finationglobal.com/account/messages" "Mozilla/5.0 (Linux; Android 10; K) AppleWebKit/537.36 (KHTML, like Gecko) Chrome/125.0.0.0 Mobile Safari/537.36"
197.211.59.83 - - [27/Apr/2025:11:53:13 -0400] "GET /assets/plugins/wysiwyag/wysiwyag.js HTTP/1.1" 200 2990 "https://finationglobal.com/account/messages" "Mozilla/5.0 (Linux; Android 10; K) AppleWebKit/537.36 (KHTML, like Gecko) Chrome/125.0.0.0 Mobile Safari/537.36"
197.211.59.83 - - [27/Apr/2025:11:53:13 -0400] "GET /assets/plugins/wysiwyag/jquery.richtext.js HTTP/1.1" 200 17139 "https://finationglobal.com/account/messages" "Mozilla/5.0 (Linux; Android 10; K) AppleWebKit/537.36 (KHTML, like Gecko) Chrome/125.0.0.0 Mobile Safari/537.36"
197.211.59.83 - - [27/Apr/2025:11:53:13 -0400] "GET /assets/plugins/quill/quill.min.js HTTP/1.1" 200 46093 "https://finationglobal.com/account/messages" "Mozilla/5.0 (Linux; Android 10; K) AppleWebKit/537.36 (KHTML, like Gecko) Chrome/125.0.0.0 Mobile Safari/537.36"
197.211.59.83 - - [27/Apr/2025:11:53:13 -0400] "GET /assets/js/form-editor2.js HTTP/1.1" 200 3467 "https://finationglobal.com/account/messages" "Mozilla/5.0 (Linux; Android 10; K) AppleWebKit/537.36 (KHTML, like Gecko) Chrome/125.0.0.0 Mobile Safari/537.36"
66.249.70.37 - - [27/Apr/2025:11:53:27 -0400] "GET /?shopdetail/12616171 HTTP/1.1" 200 6424 "-" "Mozilla/5.0 (Linux; Android 6.0.1; Nexus 5X Build/MMB29P) AppleWebKit/537.36 (KHTML, like Gecko) Chrome/135.0.7049.95 Mobile Safari/537.36 (compatible; GoogleOther)"
197.211.59.83 - - [27/Apr/2025:11:53:35 -0400] "GET /account/courses HTTP/1.1" 200 5439 "https://finationglobal.com/account/messages" "Mozilla/5.0 (Linux; Android 10; K) AppleWebKit/537.36 (KHTML, like Gecko) Chrome/125.0.0.0 Mobile Safari/537.36"
197.250.51.202 - - [27/Apr/2025:11:53:37 -0400] "POST /account/register?ref=fometz2 HTTP/1.1" 302 2038 "https://finationglobal.com/account/register?ref=fometz2" "Mozilla/5.0 (Linux; Android 10; K) AppleWebKit/537.36 (KHTML, like Gecko) Chrome/135.0.0.0 Mobile Safari/537.36"
197.250.51.202 - - [27/Apr/2025:11:53:37 -0400] "GET /account/ HTTP/1.1" 302 508 "https://finationglobal.com/account/register?ref=fometz2" "Mozilla/5.0 (Linux; Android 10; K) AppleWebKit/537.36 (KHTML, like Gecko) Chrome/135.0.0.0 Mobile Safari/537.36"
197.250.51.202 - - [27/Apr/2025:11:53:38 -0400] "GET /account/index HTTP/1.1" 200 6435 "https://finationglobal.com/account/register?ref=fometz2" "Mozilla/5.0 (Linux; Android 10; K) AppleWebKit/537.36 (KHTML, like Gecko) Chrome/135.0.0.0 Mobile Safari/537.36"
197.211.59.83 - - [27/Apr/2025:11:53:43 -0400] "GET /account/uploads/vid8264838735.png HTTP/1.1" 206 1 "https://finationglobal.com/account/courses" "Mozilla/5.0 (Linux; Android 10; K) AppleWebKit/537.36 (KHTML, like Gecko) Chrome/125.0.0.0 Mobile Safari/537.36"
197.211.59.83 - - [27/Apr/2025:11:53:44 -0400] "GET /account/uploads/vid8258820477.jpeg HTTP/1.1" 200 448913 "https://finationglobal.com/account/courses" "Mozilla/5.0 (Linux; Android 10; K) AppleWebKit/537.36 (KHTML, like Gecko) Chrome/125.0.0.0 Mobile Safari/537.36"
197.211.59.83 - - [27/Apr/2025:11:53:44 -0400] "GET /account/uploads/vid8258886278.jpg HTTP/1.1" 200 518500 "https://finationglobal.com/account/courses" "Mozilla/5.0 (Linux; Android 10; K) AppleWebKit/537.36 (KHTML, like Gecko) Chrome/125.0.0.0 Mobile Safari/537.36"
197.211.59.83 - - [27/Apr/2025:11:53:44 -0400] "GET /account/uploads/vid8259070856.jpeg HTTP/1.1" 200 497532 "https://finationglobal.com/account/courses" "Mozilla/5.0 (Linux; Android 10; K) AppleWebKit/537.36 (KHTML, like Gecko) Chrome/125.0.0.0 Mobile Safari/537.36"
197.211.59.83 - - [27/Apr/2025:11:53:44 -0400] "GET /account/uploads/vid8258886222.jpg HTTP/1.1" 200 434339 "https://finationglobal.com/account/courses" "Mozilla/5.0 (Linux; Android 10; K) AppleWebKit/537.36 (KHTML, like Gecko) Chrome/125.0.0.0 Mobile Safari/537.36"
197.211.59.83 - - [27/Apr/2025:11:53:44 -0400] "GET /account/uploads/vid8259222660.jpeg HTTP/1.1" 200 312062 "https://finationglobal.com/account/courses" "Mozilla/5.0 (Linux; Android 10; K) AppleWebKit/537.36 (KHTML, like Gecko) Chrome/125.0.0.0 Mobile Safari/537.36"
197.211.59.83 - - [27/Apr/2025:11:53:44 -0400] "GET /account/uploads/vid8259430612.jpeg HTTP/1.1" 200 659952 "https://finationglobal.com/account/courses" "Mozilla/5.0 (Linux; Android 10; K) AppleWebKit/537.36 (KHTML, like Gecko) Chrome/125.0.0.0 Mobile Safari/537.36"
197.211.59.83 - - [27/Apr/2025:11:53:44 -0400] "GET /account/uploads/vid8264838735.png HTTP/1.1" 206 767394 "https://finationglobal.com/account/courses" "Mozilla/5.0 (Linux; Android 10; K) AppleWebKit/537.36 (KHTML, like Gecko) Chrome/125.0.0.0 Mobile Safari/537.36"
197.211.59.83 - - [27/Apr/2025:11:53:44 -0400] "GET /account/uploads/vid8259431189.jpeg HTTP/1.1" 200 516701 "https://finationglobal.com/account/courses" "Mozilla/5.0 (Linux; Android 10; K) AppleWebKit/537.36 (KHTML, like Gecko) Chrome/125.0.0.0 Mobile Safari/537.36"
197.211.59.83 - - [27/Apr/2025:11:54:04 -0400] "GET /account/uploads/vid8259070688.jpeg HTTP/1.1" 206 1 "https://finationglobal.com/account/courses" "Mozilla/5.0 (Linux; Android 10; K) AppleWebKit/537.36 (KHTML, like Gecko) Chrome/125.0.0.0 Mobile Safari/537.36"
197.211.59.83 - - [27/Apr/2025:11:54:04 -0400] "GET /account/uploads/vid8259070799.jpeg HTTP/1.1" 206 1 "https://finationglobal.com/account/courses" "Mozilla/5.0 (Linux; Android 10; K) AppleWebKit/537.36 (KHTML, like Gecko) Chrome/125.0.0.0 Mobile Safari/537.36"
47.128.22.155 - - [27/Apr/2025:11:55:15 -0400] "GET /robots.txt HTTP/1.1" 404 1251 "-" "Mozilla/5.0 (Linux; Android 5.0) AppleWebKit/537.36 (KHTML, like Gecko) Mobile Safari/537.36 (compatible; Bytespider; spider-feedback@bytedance.com)"
66.249.70.37 - - [27/Apr/2025:12:03:06 -0400] "GET /?shopdetail/28147359 HTTP/1.1" 200 6424 "-" "Mozilla/5.0 (Linux; Android 6.0.1; Nexus 5X Build/MMB29P) AppleWebKit/537.36 (KHTML, like Gecko) Chrome/135.0.7049.95 Mobile Safari/537.36 (compatible; GoogleOther)"
66.249.70.37 - - [27/Apr/2025:12:05:11 -0400] "GET /?shopdetail/18710871 HTTP/1.1" 200 6424 "-" "Mozilla/5.0 (Linux; Android 6.0.1; Nexus 5X Build/MMB29P) AppleWebKit/537.36 (KHTML, like Gecko) Chrome/135.0.7049.95 Mobile Safari/537.36 (compatible; Googlebot/2.1; +http://www.google.com/bot.html)"
197.210.52.31 - - [27/Apr/2025:12:06:15 -0400] "GET /account/geneology HTTP/1.1" 200 5669 "https://finationglobal.com/account/geneology?user=dollarwise" "Mozilla/5.0 (Linux; Android 10; K) AppleWebKit/537.36 (KHTML, like Gecko) Chrome/135.0.0.0 Mobile Safari/537.36"
197.210.52.31 - - [27/Apr/2025:12:06:18 -0400] "POST /account/geneology HTTP/1.1" 200 5412 "https://finationglobal.com/account/geneology" "Mozilla/5.0 (Linux; Android 10; K) AppleWebKit/537.36 (KHTML, like Gecko) Chrome/135.0.0.0 Mobile Safari/537.36"
197.210.52.31 - - [27/Apr/2025:12:06:24 -0400] "GET /account/geneology?user=Tygreat HTTP/1.1" 200 5301 "https://finationglobal.com/account/geneology" "Mozilla/5.0 (Linux; Android 10; K) AppleWebKit/537.36 (KHTML, like Gecko) Chrome/135.0.0.0 Mobile Safari/537.36"
197.210.52.31 - - [27/Apr/2025:12:06:51 -0400] "GET /account/geneology?user=Wealth HTTP/1.1" 200 5409 "https://finationglobal.com/account/geneology" "Mozilla/5.0 (Linux; Android 10; K) AppleWebKit/537.36 (KHTML, like Gecko) Chrome/135.0.0.0 Mobile Safari/537.36"
197.210.52.31 - - [27/Apr/2025:12:07:02 -0400] "GET /account/geneology?user=Brektru HTTP/1.1" 200 5358 "https://finationglobal.com/account/geneology" "Mozilla/5.0 (Linux; Android 10; K) AppleWebKit/537.36 (KHTML, like Gecko) Chrome/135.0.0.0 Mobile Safari/537.36"
77.111.247.68 - - [27/Apr/2025:12:11:10 -0400] "GET /fckeditor/editor/filemanager/connectors/php/connector.php?Command=GetFoldersAndFiles&Type=File&CurrentFolder=%2F HTTP/1.1" 302 771 "-" "Mozilla/5.0 (Windows NT 10.0; Win64; x64) AppleWebKit/537.36 (KHTML, like Gecko) Chrome/133.0.0.0 Safari/537.36"
77.111.247.68 - - [27/Apr/2025:12:11:10 -0400] "GET /admin/fckeditor/editor/filemanager/connectors/php/connector.php?Command=GetFoldersAndFiles&Type=File&CurrentFolder=%2F HTTP/1.1" 302 771 "-" "Mozilla/5.0 (Windows NT 10.0; Win64; x64) AppleWebKit/537.36 (KHTML, like Gecko) Chrome/133.0.0.0 Safari/537.36"
77.111.247.57 - - [27/Apr/2025:12:11:10 -0400] "GET /js/fckeditor/editor/filemanager/connectors/php/connector.php?Command=GetFoldersAndFiles&Type=File&CurrentFolder=%2F HTTP/1.1" 302 771 "-" "Mozilla/5.0 (Windows NT 10.0; Win64; x64) AppleWebKit/537.36 (KHTML, like Gecko) Chrome/133.0.0.0 Safari/537.36"
77.111.247.44 - - [27/Apr/2025:12:11:10 -0400] "GET /FCKeditor/editor/filemanager/connectors/php/connector.php?Command=GetFoldersAndFiles&Type=File&CurrentFolder=%2F HTTP/1.1" 302 771 "-" "Mozilla/5.0 (Windows NT 10.0; Win64; x64) AppleWebKit/537.36 (KHTML, like Gecko) Chrome/133.0.0.0 Safari/537.36"
77.111.247.22 - - [27/Apr/2025:12:11:10 -0400] "GET /sites/all/libraries/fckeditor/editor/filemanager/connectors/php/connector.php?Command=GetFoldersAndFiles&Type=File&CurrentFolder=%2F HTTP/1.1" 302 771 "-" "Mozilla/5.0 (Windows NT 10.0; Win64; x64) AppleWebKit/537.36 (KHTML, like Gecko) Chrome/133.0.0.0 Safari/537.36"
77.111.247.68 - - [27/Apr/2025:12:11:10 -0400] "GET /include/fckeditor/editor/filemanager/connectors/php/connector.php?Command=GetFoldersAndFiles&Type=File&CurrentFolder=%2F HTTP/1.1" 302 771 "-" "Mozilla/5.0 (Windows NT 10.0; Win64; x64) AppleWebKit/537.36 (KHTML, like Gecko) Chrome/133.0.0.0 Safari/537.36"
77.111.247.117 - - [27/Apr/2025:12:11:10 -0400] "GET /sites/all/modules/fckeditor/fckeditor/editor/filemanager/connectors/php/connector.php?Command=GetFoldersAndFiles&Type=File&CurrentFolder=%2F HTTP/1.1" 302 771 "-" "Mozilla/5.0 (Windows NT 10.0; Win64; x64) AppleWebKit/537.36 (KHTML, like Gecko) Chrome/133.0.0.0 Safari/537.36"
77.111.247.43 - - [27/Apr/2025:12:11:10 -0400] "GET /FCKeditor/editor/filemanager/connectors/asp/connector.asp?Command=GetFoldersAndFiles&Type=File&CurrentFolder=%2F HTTP/1.1" 404 1251 "-" "Mozilla/5.0 (Windows NT 10.0; Win64; x64) AppleWebKit/537.36 (KHTML, like Gecko) Chrome/133.0.0.0 Safari/537.36"
77.111.247.44 - - [27/Apr/2025:12:11:10 -0400] "GET /fckeditor/editor/filemanager/connectors/asp/connector.asp?Command=GetFoldersAndFiles&Type=File&CurrentFolder=%2F HTTP/1.1" 404 1251 "-" "Mozilla/5.0 (Windows NT 10.0; Win64; x64) AppleWebKit/537.36 (KHTML, like Gecko) Chrome/133.0.0.0 Safari/537.36"
77.111.247.30 - - [27/Apr/2025:12:11:10 -0400] "GET /admin/fckeditor/editor/filemanager/connectors/asp/connector.asp?Command=GetFoldersAndFiles&Type=File&CurrentFolder=%2F HTTP/1.1" 404 1251 "-" "Mozilla/5.0 (Windows NT 10.0; Win64; x64) AppleWebKit/537.36 (KHTML, like Gecko) Chrome/133.0.0.0 Safari/537.36"
77.111.247.57 - - [27/Apr/2025:12:11:11 -0400] "GET /js/fckeditor/editor/filemanager/connectors/php/connector?Command=GetFoldersAndFiles&Type=File&CurrentFolder=%2F HTTP/1.1" 404 1251 "-" "Mozilla/5.0 (Windows NT 10.0; Win64; x64) AppleWebKit/537.36 (KHTML, like Gecko) Chrome/133.0.0.0 Safari/537.36"
77.111.247.68 - - [27/Apr/2025:12:11:11 -0400] "GET /include/fckeditor/editor/filemanager/connectors/php/connector?Command=GetFoldersAndFiles&Type=File&CurrentFolder=%2F HTTP/1.1" 404 1251 "-" "Mozilla/5.0 (Windows NT 10.0; Win64; x64) AppleWebKit/537.36 (KHTML, like Gecko) Chrome/133.0.0.0 Safari/537.36"
77.111.247.68 - - [27/Apr/2025:12:11:11 -0400] "GET /fckeditor/editor/filemanager/connectors/php/connector?Command=GetFoldersAndFiles&Type=File&CurrentFolder=%2F HTTP/1.1" 404 1251 "-" "Mozilla/5.0 (Windows NT 10.0; Win64; x64) AppleWebKit/537.36 (KHTML, like Gecko) Chrome/133.0.0.0 Safari/537.36"
77.111.247.44 - - [27/Apr/2025:12:11:11 -0400] "GET /FCKeditor/editor/filemanager/connectors/php/connector?Command=GetFoldersAndFiles&Type=File&CurrentFolder=%2F HTTP/1.1" 404 1251 "-" "Mozilla/5.0 (Windows NT 10.0; Win64; x64) AppleWebKit/537.36 (KHTML, like Gecko) Chrome/133.0.0.0 Safari/537.36"
77.111.247.22 - - [27/Apr/2025:12:11:11 -0400] "GET /sites/all/libraries/fckeditor/editor/filemanager/connectors/php/connector?Command=GetFoldersAndFiles&Type=File&CurrentFolder=%2F HTTP/1.1" 404 1251 "-" "Mozilla/5.0 (Windows NT 10.0; Win64; x64) AppleWebKit/537.36 (KHTML, like Gecko) Chrome/133.0.0.0 Safari/537.36"
77.111.247.117 - - [27/Apr/2025:12:11:11 -0400] "GET /sites/all/modules/fckeditor/fckeditor/editor/filemanager/connectors/php/connector?Command=GetFoldersAndFiles&Type=File&CurrentFolder=%2F HTTP/1.1" 404 1251 "-" "Mozilla/5.0 (Windows NT 10.0; Win64; x64) AppleWebKit/537.36 (KHTML, like Gecko) Chrome/133.0.0.0 Safari/537.36"
77.111.247.68 - - [27/Apr/2025:12:11:11 -0400] "GET /admin/fckeditor/editor/filemanager/connectors/php/connector?Command=GetFoldersAndFiles&Type=File&CurrentFolder=%2F HTTP/1.1" 404 1251 "-" "Mozilla/5.0 (Windows NT 10.0; Win64; x64) AppleWebKit/537.36 (KHTML, like Gecko) Chrome/133.0.0.0 Safari/537.36"
66.249.70.36 - - [27/Apr/2025:12:15:06 -0400] "GET /?shopdetail/28395571 HTTP/1.1" 200 6422 "-" "Mozilla/5.0 (Linux; Android 6.0.1; Nexus 5X Build/MMB29P) AppleWebKit/537.36 (KHTML, like Gecko) Chrome/135.0.7049.95 Mobile Safari/537.36 (compatible; GoogleOther)"
66.249.70.37 - - [27/Apr/2025:12:16:14 -0400] "GET /?shopdetail/3559882 HTTP/1.1" 200 6424 "-" "Mozilla/5.0 (compatible; Googlebot/2.1; +http://www.google.com/bot.html)"
41.75.184.111 - - [27/Apr/2025:12:16:33 -0400] "GET /account/referrals HTTP/1.1" 302 500 "https://finationglobal.com/account/geneology" "Mozilla/5.0 (Linux; Android 10; K) AppleWebKit/537.36 (KHTML, like Gecko) Chrome/135.0.0.0 Mobile Safari/537.36"
41.75.184.111 - - [27/Apr/2025:12:16:34 -0400] "GET /account/login.php HTTP/1.1" 302 771 "https://finationglobal.com/account/geneology" "Mozilla/5.0 (Linux; Android 10; K) AppleWebKit/537.36 (KHTML, like Gecko) Chrome/135.0.0.0 Mobile Safari/537.36"
41.75.184.111 - - [27/Apr/2025:12:16:34 -0400] "GET /account/login HTTP/1.1" 200 1297 "https://finationglobal.com/account/geneology" "Mozilla/5.0 (Linux; Android 10; K) AppleWebKit/537.36 (KHTML, like Gecko) Chrome/135.0.0.0 Mobile Safari/537.36"
66.249.70.36 - - [27/Apr/2025:12:21:50 -0400] "GET /?shopdetail/20688604 HTTP/1.1" 200 6424 "-" "Mozilla/5.0 (compatible; Googlebot/2.1; +http://www.google.com/bot.html)"
66.249.70.38 - - [27/Apr/2025:12:22:54 -0400] "GET /?pcmypage?callback=/product%2Fdetail%2F46747481 HTTP/1.1" 200 6424 "-" "Mozilla/5.0 (compatible; Googlebot/2.1; +http://www.google.com/bot.html)"
66.249.70.36 - - [27/Apr/2025:12:22:57 -0400] "GET /?shopdetail/15028259 HTTP/1.1" 200 6422 "-" "Mozilla/5.0 (Linux; Android 6.0.1; Nexus 5X Build/MMB29P) AppleWebKit/537.36 (KHTML, like Gecko) Chrome/135.0.7049.95 Mobile Safari/537.36 (compatible; Googlebot/2.1; +http://www.google.com/bot.html)"
66.249.70.38 - - [27/Apr/2025:12:23:44 -0400] "GET /?shopdetail/9106371 HTTP/1.1" 200 6422 "-" "Mozilla/5.0 (Linux; Android 6.0.1; Nexus 5X Build/MMB29P) AppleWebKit/537.36 (KHTML, like Gecko) Chrome/135.0.7049.95 Mobile Safari/537.36 (compatible; Googlebot/2.1; +http://www.google.com/bot.html)"
66.249.70.37 - - [27/Apr/2025:12:27:24 -0400] "GET /?shopdetail/17919626 HTTP/1.1" 200 6424 "-" "Mozilla/5.0 (Linux; Android 6.0.1; Nexus 5X Build/MMB29P) AppleWebKit/537.36 (KHTML, like Gecko) Chrome/135.0.7049.95 Mobile Safari/537.36 (compatible; Googlebot/2.1; +http://www.google.com/bot.html)"
66.249.70.37 - - [27/Apr/2025:12:27:54 -0400] "GET /?shopdetail/26642682 HTTP/1.1" 200 6424 "-" "Mozilla/5.0 (Linux; Android 6.0.1; Nexus 5X Build/MMB29P) AppleWebKit/537.36 (KHTML, like Gecko) Chrome/135.0.7049.95 Mobile Safari/537.36 (compatible; Googlebot/2.1; +http://www.google.com/bot.html)"
66.249.70.36 - - [27/Apr/2025:12:28:11 -0400] "GET /?shopdetail/23985959 HTTP/1.1" 200 6424 "-" "Mozilla/5.0 (compatible; Googlebot/2.1; +http://www.google.com/bot.html)"
66.249.70.37 - - [27/Apr/2025:12:36:49 -0400] "GET /?shopdetail/12855926 HTTP/1.1" 200 6424 "-" "Mozilla/5.0 (compatible; Googlebot/2.1; +http://www.google.com/bot.html)"
66.249.70.36 - - [27/Apr/2025:12:40:44 -0400] "GET /?pcmypage?callback=product%2Fdetail%2F62805511 HTTP/1.1" 200 6422 "-" "Mozilla/5.0 (compatible; Googlebot/2.1; +http://www.google.com/bot.html)"
154.74.190.110 - - [27/Apr/2025:12:48:14 -0400] "GET /account/register?ref=nazajohntz HTTP/1.1" 200 1856 "-" "Mozilla/5.0 (Linux; Android 10; K) AppleWebKit/537.36 (KHTML, like Gecko) SamsungBrowser/27.0 Chrome/125.0.0.0 Mobile Safari/537.36"
154.74.190.110 - - [27/Apr/2025:12:48:15 -0400] "GET /account/control.php?confirm=nazajohntz HTTP/1.1" 302 771 "https://finationglobal.com/account/register?ref=nazajohntz" "Mozilla/5.0 (Linux; Android 10; K) AppleWebKit/537.36 (KHTML, like Gecko) SamsungBrowser/27.0 Chrome/125.0.0.0 Mobile Safari/537.36"
154.74.190.110 - - [27/Apr/2025:12:48:15 -0400] "GET /account/control?confirm=nazajohntz HTTP/1.1" 200 28 "https://finationglobal.com/account/register?ref=nazajohntz" "Mozilla/5.0 (Linux; Android 10; K) AppleWebKit/537.36 (KHTML, like Gecko) SamsungBrowser/27.0 Chrome/125.0.0.0 Mobile Safari/537.36"
154.74.190.110 - - [27/Apr/2025:12:48:19 -0400] "GET /account/login HTTP/1.1" 200 1297 "https://finationglobal.com/account/register?ref=nazajohntz" "Mozilla/5.0 (Linux; Android 10; K) AppleWebKit/537.36 (KHTML, like Gecko) SamsungBrowser/27.0 Chrome/125.0.0.0 Mobile Safari/537.36"
154.74.190.110 - - [27/Apr/2025:12:48:23 -0400] "POST /account/login HTTP/1.1" 302 1297 "https://finationglobal.com/account/login" "Mozilla/5.0 (Linux; Android 10; K) AppleWebKit/537.36 (KHTML, like Gecko) SamsungBrowser/27.0 Chrome/125.0.0.0 Mobile Safari/537.36"
154.74.190.110 - - [27/Apr/2025:12:48:24 -0400] "GET /account/ HTTP/1.1" 200 6884 "https://finationglobal.com/account/login" "Mozilla/5.0 (Linux; Android 10; K) AppleWebKit/537.36 (KHTML, like Gecko) SamsungBrowser/27.0 Chrome/125.0.0.0 Mobile Safari/537.36"
154.74.190.110 - - [27/Apr/2025:12:48:44 -0400] "GET /account/geneology HTTP/1.1" 200 4888 "https://finationglobal.com/account/" "Mozilla/5.0 (Linux; Android 10; K) AppleWebKit/537.36 (KHTML, like Gecko) SamsungBrowser/27.0 Chrome/125.0.0.0 Mobile Safari/537.36"
66.249.70.36 - - [27/Apr/2025:12:48:50 -0400] "GET /?shopdetail/10617960 HTTP/1.1" 200 6422 "-" "Mozilla/5.0 (compatible; Googlebot/2.1; +http://www.google.com/bot.html)"
154.74.190.110 - - [27/Apr/2025:12:49:13 -0400] "GET /account/login HTTP/1.1" 200 1297 "https://finationglobal.com/account/register?ref=nazajohntz" "Mozilla/5.0 (Linux; Android 10; K) AppleWebKit/537.36 (KHTML, like Gecko) SamsungBrowser/27.0 Chrome/125.0.0.0 Mobile Safari/537.36"
154.74.190.110 - - [27/Apr/2025:12:49:20 -0400] "POST /account/login HTTP/1.1" 302 1297 "https://finationglobal.com/account/login" "Mozilla/5.0 (Linux; Android 10; K) AppleWebKit/537.36 (KHTML, like Gecko) SamsungBrowser/27.0 Chrome/125.0.0.0 Mobile Safari/537.36"
154.74.190.110 - - [27/Apr/2025:12:49:20 -0400] "GET /account/ HTTP/1.1" 200 6818 "https://finationglobal.com/account/login" "Mozilla/5.0 (Linux; Android 10; K) AppleWebKit/537.36 (KHTML, like Gecko) SamsungBrowser/27.0 Chrome/125.0.0.0 Mobile Safari/537.36"
154.74.190.110 - - [27/Apr/2025:12:50:22 -0400] "GET /account/login HTTP/1.1" 200 1297 "https://finationglobal.com/account/register?ref=nazajohntz" "Mozilla/5.0 (Linux; Android 10; K) AppleWebKit/537.36 (KHTML, like Gecko) SamsungBrowser/27.0 Chrome/125.0.0.0 Mobile Safari/537.36"
154.74.190.110 - - [27/Apr/2025:12:50:28 -0400] "POST /account/login HTTP/1.1" 302 1297 "https://finationglobal.com/account/login" "Mozilla/5.0 (Linux; Android 10; K) AppleWebKit/537.36 (KHTML, like Gecko) SamsungBrowser/27.0 Chrome/125.0.0.0 Mobile Safari/537.36"
154.74.190.110 - - [27/Apr/2025:12:50:28 -0400] "GET /account/ HTTP/1.1" 200 6884 "https://finationglobal.com/account/login" "Mozilla/5.0 (Linux; Android 10; K) AppleWebKit/537.36 (KHTML, like Gecko) SamsungBrowser/27.0 Chrome/125.0.0.0 Mobile Safari/537.36"
154.74.190.110 - - [27/Apr/2025:12:50:36 -0400] "GET /account/login HTTP/1.1" 200 1297 "https://finationglobal.com/account/register?ref=nazajohntz" "Mozilla/5.0 (Linux; Android 10; K) AppleWebKit/537.36 (KHTML, like Gecko) SamsungBrowser/27.0 Chrome/125.0.0.0 Mobile Safari/537.36"
154.74.190.110 - - [27/Apr/2025:12:50:42 -0400] "POST /account/login HTTP/1.1" 302 1297 "https://finationglobal.com/account/login" "Mozilla/5.0 (Linux; Android 10; K) AppleWebKit/537.36 (KHTML, like Gecko) SamsungBrowser/27.0 Chrome/125.0.0.0 Mobile Safari/537.36"
154.74.190.110 - - [27/Apr/2025:12:50:43 -0400] "GET /account/ HTTP/1.1" 200 6867 "https://finationglobal.com/account/login" "Mozilla/5.0 (Linux; Android 10; K) AppleWebKit/537.36 (KHTML, like Gecko) SamsungBrowser/27.0 Chrome/125.0.0.0 Mobile Safari/537.36"
154.74.190.110 - - [27/Apr/2025:12:50:54 -0400] "GET /account/login HTTP/1.1" 200 1297 "https://finationglobal.com/account/register?ref=nazajohntz" "Mozilla/5.0 (Linux; Android 10; K) AppleWebKit/537.36 (KHTML, like Gecko) SamsungBrowser/27.0 Chrome/125.0.0.0 Mobile Safari/537.36"
154.74.190.110 - - [27/Apr/2025:12:51:50 -0400] "GET /account/register?ref=nazajohntz HTTP/1.1" 200 1856 "-" "Mozilla/5.0 (Linux; Android 10; K) AppleWebKit/537.36 (KHTML, like Gecko) SamsungBrowser/27.0 Chrome/125.0.0.0 Mobile Safari/537.36"
154.74.190.110 - - [27/Apr/2025:12:51:50 -0400] "GET /account/control.php?confirm=nazajohntz HTTP/1.1" 302 771 "https://finationglobal.com/account/register?ref=nazajohntz" "Mozilla/5.0 (Linux; Android 10; K) AppleWebKit/537.36 (KHTML, like Gecko) SamsungBrowser/27.0 Chrome/125.0.0.0 Mobile Safari/537.36"
154.74.190.110 - - [27/Apr/2025:12:51:51 -0400] "GET /account/control?confirm=nazajohntz HTTP/1.1" 200 28 "https://finationglobal.com/account/register?ref=nazajohntz" "Mozilla/5.0 (Linux; Android 10; K) AppleWebKit/537.36 (KHTML, like Gecko) SamsungBrowser/27.0 Chrome/125.0.0.0 Mobile Safari/537.36"
154.74.190.110 - - [27/Apr/2025:12:51:56 -0400] "GET /account/login HTTP/1.1" 200 1297 "https://finationglobal.com/account/register?ref=nazajohntz" "Mozilla/5.0 (Linux; Android 10; K) AppleWebKit/537.36 (KHTML, like Gecko) SamsungBrowser/27.0 Chrome/125.0.0.0 Mobile Safari/537.36"
154.74.190.110 - - [27/Apr/2025:12:52:06 -0400] "POST /account/login HTTP/1.1" 302 1297 "https://finationglobal.com/account/login" "Mozilla/5.0 (Linux; Android 10; K) AppleWebKit/537.36 (KHTML, like Gecko) SamsungBrowser/27.0 Chrome/125.0.0.0 Mobile Safari/537.36"
154.74.190.110 - - [27/Apr/2025:12:52:06 -0400] "GET /account/ HTTP/1.1" 200 6763 "https://finationglobal.com/account/login" "Mozilla/5.0 (Linux; Android 10; K) AppleWebKit/537.36 (KHTML, like Gecko) SamsungBrowser/27.0 Chrome/125.0.0.0 Mobile Safari/537.36"
154.74.190.110 - - [27/Apr/2025:12:52:17 -0400] "GET /account/geneology HTTP/1.1" 200 4732 "https://finationglobal.com/account/" "Mozilla/5.0 (Linux; Android 10; K) AppleWebKit/537.36 (KHTML, like Gecko) SamsungBrowser/27.0 Chrome/125.0.0.0 Mobile Safari/537.36"
154.74.190.110 - - [27/Apr/2025:12:52:27 -0400] "GET /account/login HTTP/1.1" 200 1297 "https://finationglobal.com/account/register?ref=nazajohntz" "Mozilla/5.0 (Linux; Android 10; K) AppleWebKit/537.36 (KHTML, like Gecko) SamsungBrowser/27.0 Chrome/125.0.0.0 Mobile Safari/537.36"
154.74.190.110 - - [27/Apr/2025:12:52:47 -0400] "POST /account/login HTTP/1.1" 302 1297 "https://finationglobal.com/account/login" "Mozilla/5.0 (Linux; Android 10; K) AppleWebKit/537.36 (KHTML, like Gecko) SamsungBrowser/27.0 Chrome/125.0.0.0 Mobile Safari/537.36"
154.74.190.110 - - [27/Apr/2025:12:52:47 -0400] "GET /account/ HTTP/1.1" 200 6818 "https://finationglobal.com/account/login" "Mozilla/5.0 (Linux; Android 10; K) AppleWebKit/537.36 (KHTML, like Gecko) SamsungBrowser/27.0 Chrome/125.0.0.0 Mobile Safari/537.36"
66.249.70.37 - - [27/Apr/2025:12:55:04 -0400] "GET /robots.txt HTTP/1.1" 404 1251 "-" "Mozilla/5.0 (compatible; Googlebot/2.1; +http://www.google.com/bot.html)"
66.249.70.37 - - [27/Apr/2025:12:55:04 -0400] "GET /?shopdetail/26683537 HTTP/1.1" 200 6422 "-" "Mozilla/5.0 (Linux; Android 6.0.1; Nexus 5X Build/MMB29P) AppleWebKit/537.36 (KHTML, like Gecko) Chrome/135.0.7049.95 Mobile Safari/537.36 (compatible; GoogleOther)"
66.249.70.37 - - [27/Apr/2025:12:57:20 -0400] "GET /robots.txt HTTP/1.1" 404 1251 "-" "Mozilla/5.0 (compatible; Googlebot/2.1; +http://www.google.com/bot.html)"
66.249.70.36 - - [27/Apr/2025:12:57:20 -0400] "GET /?shopdetail/5685015 HTTP/1.1" 200 6424 "-" "Mozilla/5.0 (Linux; Android 6.0.1; Nexus 5X Build/MMB29P) AppleWebKit/537.36 (KHTML, like Gecko) Chrome/135.0.7049.95 Mobile Safari/537.36 (compatible; Googlebot/2.1; +http://www.google.com/bot.html)"
154.74.190.110 - - [27/Apr/2025:12:59:08 -0400] "GET /account/register?ref=nazajohntz HTTP/1.1" 200 1856 "-" "Mozilla/5.0 (Linux; Android 10; K) AppleWebKit/537.36 (KHTML, like Gecko) SamsungBrowser/27.0 Chrome/125.0.0.0 Mobile Safari/537.36"
154.74.190.110 - - [27/Apr/2025:12:59:10 -0400] "GET /account/control.php?confirm=nazajohntz HTTP/1.1" 302 771 "https://finationglobal.com/account/register?ref=nazajohntz" "Mozilla/5.0 (Linux; Android 10; K) AppleWebKit/537.36 (KHTML, like Gecko) SamsungBrowser/27.0 Chrome/125.0.0.0 Mobile Safari/537.36"
154.74.190.110 - - [27/Apr/2025:12:59:10 -0400] "GET /account/control?confirm=nazajohntz HTTP/1.1" 200 28 "https://finationglobal.com/account/register?ref=nazajohntz" "Mozilla/5.0 (Linux; Android 10; K) AppleWebKit/537.36 (KHTML, like Gecko) SamsungBrowser/27.0 Chrome/125.0.0.0 Mobile Safari/537.36"
154.74.190.110 - - [27/Apr/2025:12:59:18 -0400] "GET /account/login HTTP/1.1" 200 1297 "https://finationglobal.com/account/register?ref=nazajohntz" "Mozilla/5.0 (Linux; Android 10; K) AppleWebKit/537.36 (KHTML, like Gecko) SamsungBrowser/27.0 Chrome/125.0.0.0 Mobile Safari/537.36"
154.74.190.110 - - [27/Apr/2025:12:59:27 -0400] "POST /account/login HTTP/1.1" 302 1297 "https://finationglobal.com/account/login" "Mozilla/5.0 (Linux; Android 10; K) AppleWebKit/537.36 (KHTML, like Gecko) SamsungBrowser/27.0 Chrome/125.0.0.0 Mobile Safari/537.36"
154.74.190.110 - - [27/Apr/2025:12:59:27 -0400] "GET /account/ HTTP/1.1" 200 6884 "https://finationglobal.com/account/login" "Mozilla/5.0 (Linux; Android 10; K) AppleWebKit/537.36 (KHTML, like Gecko) SamsungBrowser/27.0 Chrome/125.0.0.0 Mobile Safari/537.36"
154.74.190.110 - - [27/Apr/2025:12:59:38 -0400] "GET /account/geneology HTTP/1.1" 200 4887 "https://finationglobal.com/account/" "Mozilla/5.0 (Linux; Android 10; K) AppleWebKit/537.36 (KHTML, like Gecko) SamsungBrowser/27.0 Chrome/125.0.0.0 Mobile Safari/537.36"
154.74.190.110 - - [27/Apr/2025:12:59:50 -0400] "POST /account/geneology HTTP/1.1" 200 4693 "https://finationglobal.com/account/geneology" "Mozilla/5.0 (Linux; Android 10; K) AppleWebKit/537.36 (KHTML, like Gecko) SamsungBrowser/27.0 Chrome/125.0.0.0 Mobile Safari/537.36"
66.249.70.37 - - [27/Apr/2025:13:00:50 -0400] "GET /robots.txt HTTP/1.1" 404 1251 "-" "Mozilla/5.0 (compatible; Googlebot/2.1; +http://www.google.com/bot.html)"
66.249.70.37 - - [27/Apr/2025:13:00:50 -0400] "GET /?shopdetail/19980571 HTTP/1.1" 200 6424 "-" "Mozilla/5.0 (Linux; Android 6.0.1; Nexus 5X Build/MMB29P) AppleWebKit/537.36 (KHTML, like Gecko) Chrome/135.0.7049.95 Mobile Safari/537.36 (compatible; Googlebot/2.1; +http://www.google.com/bot.html)"
66.249.70.38 - - [27/Apr/2025:13:02:48 -0400] "GET /robots.txt HTTP/1.1" 404 1251 "-" "Mozilla/5.0 (compatible; Googlebot/2.1; +http://www.google.com/bot.html)"
66.249.70.38 - - [27/Apr/2025:13:02:48 -0400] "GET /?shopdetail/5677459 HTTP/1.1" 200 6422 "-" "Mozilla/5.0 (compatible; Googlebot/2.1; +http://www.google.com/bot.html)"
66.249.70.36 - - [27/Apr/2025:13:07:31 -0400] "GET /?shopdetail/15144860 HTTP/1.1" 200 6424 "-" "Mozilla/5.0 (Linux; Android 6.0.1; Nexus 5X Build/MMB29P) AppleWebKit/537.36 (KHTML, like Gecko) Chrome/135.0.7049.95 Mobile Safari/537.36 (compatible; Googlebot/2.1; +http://www.google.com/bot.html)"
66.249.70.37 - - [27/Apr/2025:13:07:38 -0400] "GET /?shopdetail/25938004 HTTP/1.1" 200 6422 "-" "Mozilla/5.0 (Linux; Android 6.0.1; Nexus 5X Build/MMB29P) AppleWebKit/537.36 (KHTML, like Gecko) Chrome/135.0.7049.95 Mobile Safari/537.36 (compatible; Googlebot/2.1; +http://www.google.com/bot.html)"
66.249.70.38 - - [27/Apr/2025:13:12:08 -0400] "GET /?product/edit/75803886 HTTP/1.1" 200 6422 "-" "Mozilla/5.0 (compatible; Googlebot/2.1; +http://www.google.com/bot.html)"
197.211.59.83 - - [27/Apr/2025:13:12:44 -0400] "GET /account/courses HTTP/1.1" 302 841 "https://finationglobal.com/account/messages" "Mozilla/5.0 (Linux; Android 10; K) AppleWebKit/537.36 (KHTML, like Gecko) Chrome/125.0.0.0 Mobile Safari/537.36"
197.211.59.83 - - [27/Apr/2025:13:12:44 -0400] "GET /account/login.php HTTP/1.1" 302 771 "https://finationglobal.com/account/messages" "Mozilla/5.0 (Linux; Android 10; K) AppleWebKit/537.36 (KHTML, like Gecko) Chrome/125.0.0.0 Mobile Safari/537.36"
197.211.59.83 - - [27/Apr/2025:13:12:45 -0400] "GET /account/login HTTP/1.1" 200 1297 "https://finationglobal.com/account/messages" "Mozilla/5.0 (Linux; Android 10; K) AppleWebKit/537.36 (KHTML, like Gecko) Chrome/125.0.0.0 Mobile Safari/537.36"
197.211.59.83 - - [27/Apr/2025:13:12:46 -0400] "GET /assets/css/icons.css HTTP/1.1" 200 251 "https://finationglobal.com/account/login" "Mozilla/5.0 (Linux; Android 10; K) AppleWebKit/537.36 (KHTML, like Gecko) Chrome/125.0.0.0 Mobile Safari/537.36"
197.211.59.83 - - [27/Apr/2025:13:12:46 -0400] "GET /assets/css/plugins.css HTTP/1.1" 200 80675 "https://finationglobal.com/account/login" "Mozilla/5.0 (Linux; Android 10; K) AppleWebKit/537.36 (KHTML, like Gecko) Chrome/125.0.0.0 Mobile Safari/537.36"
197.211.59.83 - - [27/Apr/2025:13:12:46 -0400] "GET /assets/plugins/bootstrap/css/bootstrap.min.css HTTP/1.1" 200 21225 "https://finationglobal.com/account/login" "Mozilla/5.0 (Linux; Android 10; K) AppleWebKit/537.36 (KHTML, like Gecko) Chrome/125.0.0.0 Mobile Safari/537.36"
197.211.59.83 - - [27/Apr/2025:13:12:47 -0400] "GET /assets/js/jquery.min.js HTTP/1.1" 200 33270 "https://finationglobal.com/account/login" "Mozilla/5.0 (Linux; Android 10; K) AppleWebKit/537.36 (KHTML, like Gecko) Chrome/125.0.0.0 Mobile Safari/537.36"
197.211.59.83 - - [27/Apr/2025:13:13:00 -0400] "GET /assets/images/loader.svg HTTP/1.1" 200 329 "https://finationglobal.com/account/login" "Mozilla/5.0 (Linux; Android 10; K) AppleWebKit/537.36 (KHTML, like Gecko) Chrome/125.0.0.0 Mobile Safari/537.36"
197.211.59.83 - - [27/Apr/2025:13:13:10 -0400] "POST /account/login HTTP/1.1" 302 1297 "https://finationglobal.com/account/login" "Mozilla/5.0 (Linux; Android 10; K) AppleWebKit/537.36 (KHTML, like Gecko) Chrome/125.0.0.0 Mobile Safari/537.36"
197.211.59.83 - - [27/Apr/2025:13:13:11 -0400] "POST /account/login HTTP/1.1" 302 1297 "https://finationglobal.com/account/login" "Mozilla/5.0 (Linux; Android 10; K) AppleWebKit/537.36 (KHTML, like Gecko) Chrome/125.0.0.0 Mobile Safari/537.36"
197.211.59.83 - - [27/Apr/2025:13:13:12 -0400] "GET /account/ HTTP/1.1" 200 6714 "https://finationglobal.com/account/login" "Mozilla/5.0 (Linux; Android 10; K) AppleWebKit/537.36 (KHTML, like Gecko) Chrome/125.0.0.0 Mobile Safari/537.36"
197.211.59.83 - - [27/Apr/2025:13:13:22 -0400] "GET /account/courses HTTP/1.1" 200 5439 "https://finationglobal.com/account/" "Mozilla/5.0 (Linux; Android 10; K) AppleWebKit/537.36 (KHTML, like Gecko) Chrome/125.0.0.0 Mobile Safari/537.36"
197.211.59.83 - - [27/Apr/2025:13:13:23 -0400] "GET /account/uploads/vid8258820477.jpeg HTTP/1.1" 206 1 "https://finationglobal.com/account/courses" "Mozilla/5.0 (Linux; Android 10; K) AppleWebKit/537.36 (KHTML, like Gecko) Chrome/125.0.0.0 Mobile Safari/537.36"
197.211.59.83 - - [27/Apr/2025:13:13:23 -0400] "GET /account/uploads/vid8259070856.jpeg HTTP/1.1" 206 1 "https://finationglobal.com/account/courses" "Mozilla/5.0 (Linux; Android 10; K) AppleWebKit/537.36 (KHTML, like Gecko) Chrome/125.0.0.0 Mobile Safari/537.36"
197.211.59.83 - - [27/Apr/2025:13:13:23 -0400] "GET /account/uploads/vid8258886222.jpg HTTP/1.1" 206 1 "https://finationglobal.com/account/courses" "Mozilla/5.0 (Linux; Android 10; K) AppleWebKit/537.36 (KHTML, like Gecko) Chrome/125.0.0.0 Mobile Safari/537.36"
197.211.59.83 - - [27/Apr/2025:13:13:23 -0400] "GET /account/uploads/vid8258886278.jpg HTTP/1.1" 206 1 "https://finationglobal.com/account/courses" "Mozilla/5.0 (Linux; Android 10; K) AppleWebKit/537.36 (KHTML, like Gecko) Chrome/125.0.0.0 Mobile Safari/537.36"
197.211.59.83 - - [27/Apr/2025:13:13:23 -0400] "GET /account/uploads/vid8259222660.jpeg HTTP/1.1" 200 312062 "https://finationglobal.com/account/courses" "Mozilla/5.0 (Linux; Android 10; K) AppleWebKit/537.36 (KHTML, like Gecko) Chrome/125.0.0.0 Mobile Safari/537.36"
197.211.59.83 - - [27/Apr/2025:13:13:23 -0400] "GET /account/uploads/vid8259431189.jpeg HTTP/1.1" 200 516701 "https://finationglobal.com/account/courses" "Mozilla/5.0 (Linux; Android 10; K) AppleWebKit/537.36 (KHTML, like Gecko) Chrome/125.0.0.0 Mobile Safari/537.36"
197.211.59.83 - - [27/Apr/2025:13:13:23 -0400] "GET /account/uploads/vid8259070799.jpeg HTTP/1.1" 206 1 "https://finationglobal.com/account/courses" "Mozilla/5.0 (Linux; Android 10; K) AppleWebKit/537.36 (KHTML, like Gecko) Chrome/125.0.0.0 Mobile Safari/537.36"
197.211.59.83 - - [27/Apr/2025:13:13:23 -0400] "GET /account/uploads/vid8259430612.jpeg HTTP/1.1" 200 659952 "https://finationglobal.com/account/courses" "Mozilla/5.0 (Linux; Android 10; K) AppleWebKit/537.36 (KHTML, like Gecko) Chrome/125.0.0.0 Mobile Safari/537.36"
197.211.59.83 - - [27/Apr/2025:13:13:24 -0400] "GET /account/uploads/vid8258820477.jpeg HTTP/1.1" 206 275294 "https://finationglobal.com/account/courses" "Mozilla/5.0 (Linux; Android 10; K) AppleWebKit/537.36 (KHTML, like Gecko) Chrome/125.0.0.0 Mobile Safari/537.36"
197.211.59.83 - - [27/Apr/2025:13:13:25 -0400] "GET /account/uploads/vid8259070856.jpeg HTTP/1.1" 206 475132 "https://finationglobal.com/account/courses" "Mozilla/5.0 (Linux; Android 10; K) AppleWebKit/537.36 (KHTML, like Gecko) Chrome/125.0.0.0 Mobile Safari/537.36"
197.211.59.83 - - [27/Apr/2025:13:13:25 -0400] "GET /account/uploads/vid8258886222.jpg HTTP/1.1" 206 417955 "https://finationglobal.com/account/courses" "Mozilla/5.0 (Linux; Android 10; K) AppleWebKit/537.36 (KHTML, like Gecko) Chrome/125.0.0.0 Mobile Safari/537.36"
197.211.59.83 - - [27/Apr/2025:13:13:25 -0400] "GET /account/uploads/vid8258886278.jpg HTTP/1.1" 206 485732 "https://finationglobal.com/account/courses" "Mozilla/5.0 (Linux; Android 10; K) AppleWebKit/537.36 (KHTML, like Gecko) Chrome/125.0.0.0 Mobile Safari/537.36"
197.211.59.83 - - [27/Apr/2025:13:13:27 -0400] "GET /account/courses?index=c81e728d9d4c2f636f067f89cc14862cglc2 HTTP/1.1" 200 5615 "https://finationglobal.com/account/courses" "Mozilla/5.0 (Linux; Android 10; K) AppleWebKit/537.36 (KHTML, like Gecko) Chrome/125.0.0.0 Mobile Safari/537.36"
197.211.59.83 - - [27/Apr/2025:13:13:31 -0400] "GET /account/courses?index=c81e728d9d4c2f636f067f89cc14862cglc2 HTTP/1.1" 200 5615 "https://finationglobal.com/account/courses" "Mozilla/5.0 (Linux; Android 10; K) AppleWebKit/537.36 (KHTML, like Gecko) Chrome/125.0.0.0 Mobile Safari/537.36"
197.211.59.83 - - [27/Apr/2025:13:13:32 -0400] "GET /account/courses?index=c81e728d9d4c2f636f067f89cc14862cglc2 HTTP/1.1" 200 5615 "https://finationglobal.com/account/courses" "Mozilla/5.0 (Linux; Android 10; K) AppleWebKit/537.36 (KHTML, like Gecko) Chrome/125.0.0.0 Mobile Safari/537.36"
197.211.59.83 - - [27/Apr/2025:13:13:43 -0400] "GET /account/uploads/vid8259070688.jpeg HTTP/1.1" 206 1 "https://finationglobal.com/account/courses" "Mozilla/5.0 (Linux; Android 10; K) AppleWebKit/537.36 (KHTML, like Gecko) Chrome/125.0.0.0 Mobile Safari/537.36"
197.211.59.83 - - [27/Apr/2025:13:13:52 -0400] "GET /account/uploads/vid8259070799.jpeg HTTP/1.1" 206 194910 "https://finationglobal.com/account/courses" "Mozilla/5.0 (Linux; Android 10; K) AppleWebKit/537.36 (KHTML, like Gecko) Chrome/125.0.0.0 Mobile Safari/537.36"
197.211.59.83 - - [27/Apr/2025:13:14:08 -0400] "GET /account/courses?index=c81e728d9d4c2f636f067f89cc14862cglc2 HTTP/1.1" 200 5615 "https://finationglobal.com/account/courses" "Mozilla/5.0 (Linux; Android 10; K) AppleWebKit/537.36 (KHTML, like Gecko) Chrome/125.0.0.0 Mobile Safari/537.36"
197.211.59.83 - - [27/Apr/2025:13:14:37 -0400] "GET /account/courses?index=c81e728d9d4c2f636f067f89cc14862cglc2 HTTP/1.1" 200 5615 "https://finationglobal.com/account/courses" "Mozilla/5.0 (Linux; Android 10; K) AppleWebKit/537.36 (KHTML, like Gecko) Chrome/125.0.0.0 Mobile Safari/537.36"
197.211.59.83 - - [27/Apr/2025:13:14:39 -0400] "GET /account/courses?index=c81e728d9d4c2f636f067f89cc14862cglc2 HTTP/1.1" 200 5615 "https://finationglobal.com/account/courses" "Mozilla/5.0 (Linux; Android 10; K) AppleWebKit/537.36 (KHTML, like Gecko) Chrome/125.0.0.0 Mobile Safari/537.36"
197.211.59.83 - - [27/Apr/2025:13:14:46 -0400] "GET /account/uploads/vid8259070688.jpeg HTTP/1.1" 206 331317 "https://finationglobal.com/account/courses" "Mozilla/5.0 (Linux; Android 10; K) AppleWebKit/537.36 (KHTML, like Gecko) Chrome/125.0.0.0 Mobile Safari/537.36"
197.211.59.83 - - [27/Apr/2025:13:15:01 -0400] "GET /account/courses?index=c81e728d9d4c2f636f067f89cc14862cglc2 HTTP/1.1" 200 0 "https://finationglobal.com/account/courses" "Mozilla/5.0 (Linux; Android 10; K) AppleWebKit/537.36 (KHTML, like Gecko) Chrome/125.0.0.0 Mobile Safari/537.36"
197.211.59.83 - - [27/Apr/2025:13:15:01 -0400] "GET /account/courses?index=c81e728d9d4c2f636f067f89cc14862cglc2 HTTP/1.1" 200 0 "https://finationglobal.com/account/courses" "Mozilla/5.0 (Linux; Android 10; K) AppleWebKit/537.36 (KHTML, like Gecko) Chrome/125.0.0.0 Mobile Safari/537.36"
197.211.59.83 - - [27/Apr/2025:13:15:01 -0400] "GET /account/courses?index=c81e728d9d4c2f636f067f89cc14862cglc2 HTTP/1.1" 200 5615 "https://finationglobal.com/account/courses" "Mozilla/5.0 (Linux; Android 10; K) AppleWebKit/537.36 (KHTML, like Gecko) Chrome/125.0.0.0 Mobile Safari/537.36"
66.249.70.36 - - [27/Apr/2025:13:15:04 -0400] "GET /?shopdetail/6288926 HTTP/1.1" 200 6422 "-" "Mozilla/5.0 (Linux; Android 6.0.1; Nexus 5X Build/MMB29P) AppleWebKit/537.36 (KHTML, like Gecko) Chrome/135.0.7049.95 Mobile Safari/537.36 (compatible; Googlebot/2.1; +http://www.google.com/bot.html)"
197.211.59.83 - - [27/Apr/2025:13:15:22 -0400] "GET /account/courses?index=c81e728d9d4c2f636f067f89cc14862cglc2 HTTP/1.1" 200 5616 "https://finationglobal.com/account/courses" "Mozilla/5.0 (Linux; Android 10; K) AppleWebKit/537.36 (KHTML, like Gecko) Chrome/125.0.0.0 Mobile Safari/537.36"
