197.210.77.12 - - [27/Apr/2025:17:14:31 -0400] "GET /assets/iconfonts/ionicons/ionicons.css HTTP/1.1" 200 6409 "https://finationglobal.com/assets/css/icons.css" "Mozilla/5.0 (Windows NT 10.0; Win64; x64; rv:137.0) Gecko/20100101 Firefox/137.0"
197.210.77.12 - - [27/Apr/2025:17:14:31 -0400] "GET /assets/iconfonts/glyphicons/glyphicon.css HTTP/1.1" 200 2217 "https://finationglobal.com/assets/css/icons.css" "Mozilla/5.0 (Windows NT 10.0; Win64; x64; rv:137.0) Gecko/20100101 Firefox/137.0"
197.210.77.12 - - [27/Apr/2025:17:14:31 -0400] "GET /assets/iconfonts/linearicons/Linearicons.css HTTP/1.1" 200 1507 "https://finationglobal.com/assets/css/icons.css" "Mozilla/5.0 (Windows NT 10.0; Win64; x64; rv:137.0) Gecko/20100101 Firefox/137.0"
197.210.77.12 - - [27/Apr/2025:17:14:31 -0400] "GET /assets/iconfonts/themify/themify.css HTTP/1.1" 200 2728 "https://finationglobal.com/assets/css/icons.css" "Mozilla/5.0 (Windows NT 10.0; Win64; x64; rv:137.0) Gecko/20100101 Firefox/137.0"
197.210.77.12 - - [27/Apr/2025:17:14:31 -0400] "GET /assets/iconfonts/pe-icon-7-stroke/Pe-icon-7.css HTTP/1.1" 200 1681 "https://finationglobal.com/assets/css/icons.css" "Mozilla/5.0 (Windows NT 10.0; Win64; x64; rv:137.0) Gecko/20100101 Firefox/137.0"
197.210.77.12 - - [27/Apr/2025:17:14:31 -0400] "GET /assets/iconfonts/simple-line-icons/simple-line-icons.css HTTP/1.1" 200 3107 "https://finationglobal.com/assets/css/icons.css" "Mozilla/5.0 (Windows NT 10.0; Win64; x64; rv:137.0) Gecko/20100101 Firefox/137.0"
197.210.77.12 - - [27/Apr/2025:17:14:31 -0400] "GET /assets/iconfonts/materialdesignicons/materialdesignicons.css HTTP/1.1" 200 22418 "https://finationglobal.com/assets/css/icons.css" "Mozilla/5.0 (Windows NT 10.0; Win64; x64; rv:137.0) Gecko/20100101 Firefox/137.0"
197.210.77.12 - - [27/Apr/2025:17:14:31 -0400] "GET /assets/iconfonts/typicons/typicons.css HTTP/1.1" 200 3263 "https://finationglobal.com/assets/css/icons.css" "Mozilla/5.0 (Windows NT 10.0; Win64; x64; rv:137.0) Gecko/20100101 Firefox/137.0"
197.210.77.12 - - [27/Apr/2025:17:14:31 -0400] "GET /assets/iconfonts/weathericons/weathericons.css HTTP/1.1" 200 3459 "https://finationglobal.com/assets/css/icons.css" "Mozilla/5.0 (Windows NT 10.0; Win64; x64; rv:137.0) Gecko/20100101 Firefox/137.0"
197.210.77.12 - - [27/Apr/2025:17:14:31 -0400] "GET /assets/iconfonts/feather/feather.css HTTP/1.1" 200 1999 "https://finationglobal.com/assets/css/icons.css" "Mozilla/5.0 (Windows NT 10.0; Win64; x64; rv:137.0) Gecko/20100101 Firefox/137.0"
197.210.77.12 - - [27/Apr/2025:17:14:31 -0400] "GET /assets/plugins/iconfonts/remixicon/remixicon.css HTTP/1.1" 200 12884 "https://finationglobal.com/assets/css/icons.css" "Mozilla/5.0 (Windows NT 10.0; Win64; x64; rv:137.0) Gecko/20100101 Firefox/137.0"
197.210.77.12 - - [27/Apr/2025:17:14:34 -0400] "GET /assets/iconfonts/feather/fonts/feather-webfont.woff?t=1501841394106 HTTP/1.1" 200 28984 "https://finationglobal.com/assets/iconfonts/feather/feather.css" "Mozilla/5.0 (Windows NT 10.0; Win64; x64; rv:137.0) Gecko/20100101 Firefox/137.0"
197.210.77.12 - - [27/Apr/2025:17:14:34 -0400] "GET /assets/iconfonts/materialdesignicons/fonts/materialdesignicons-webfont.woff2?v=2.0.46 HTTP/1.1" 200 109248 "https://finationglobal.com/assets/iconfonts/materialdesignicons/materialdesignicons.css" "Mozilla/5.0 (Windows NT 10.0; Win64; x64; rv:137.0) Gecko/20100101 Firefox/137.0"
197.210.77.12 - - [27/Apr/2025:17:14:42 -0400] "GET /account/geneology HTTP/1.1" 200 5751 "https://finationglobal.com/account/myprofile" "Mozilla/5.0 (Windows NT 10.0; Win64; x64; rv:137.0) Gecko/20100101 Firefox/137.0"
197.210.77.12 - - [27/Apr/2025:17:14:43 -0400] "GET /account/treestyle.css HTTP/1.1" 200 576 "https://finationglobal.com/account/geneology" "Mozilla/5.0 (Windows NT 10.0; Win64; x64; rv:137.0) Gecko/20100101 Firefox/137.0"
197.210.77.12 - - [27/Apr/2025:17:14:43 -0400] "GET /account/uploads/u2.png HTTP/1.1" 200 3003 "https://finationglobal.com/account/geneology" "Mozilla/5.0 (Windows NT 10.0; Win64; x64; rv:137.0) Gecko/20100101 Firefox/137.0"
197.210.77.12 - - [27/Apr/2025:17:14:43 -0400] "GET /account/uploads/x.jpg HTTP/1.1" 200 2127 "https://finationglobal.com/account/geneology" "Mozilla/5.0 (Windows NT 10.0; Win64; x64; rv:137.0) Gecko/20100101 Firefox/137.0"
197.210.77.12 - - [27/Apr/2025:17:14:43 -0400] "GET /assets/iconfonts/font-awesome/fonts/fontawesome-webfont.woff2?v=4.7.0 HTTP/1.1" 200 77160 "https://finationglobal.com/assets/iconfonts/font-awesome/css/font-awesome.min.css" "Mozilla/5.0 (Windows NT 10.0; Win64; x64; rv:137.0) Gecko/20100101 Firefox/137.0"
66.249.70.37 - - [27/Apr/2025:17:14:43 -0400] "GET /?shopdetail/3359815 HTTP/1.1" 200 6422 "-" "Mozilla/5.0 (Linux; Android 6.0.1; Nexus 5X Build/MMB29P) AppleWebKit/537.36 (KHTML, like Gecko) Chrome/135.0.7049.95 Mobile Safari/537.36 (compatible; GoogleOther)"
197.210.77.12 - - [27/Apr/2025:17:14:51 -0400] "GET /account/searchuser HTTP/1.1" 200 5252 "https://finationglobal.com/account/" "Mozilla/5.0 (Windows NT 10.0; Win64; x64; rv:137.0) Gecko/20100101 Firefox/137.0"
197.210.77.12 - - [27/Apr/2025:17:14:56 -0400] "POST /account/searchuser HTTP/1.1" 200 5349 "https://finationglobal.com/account/searchuser" "Mozilla/5.0 (Windows NT 10.0; Win64; x64; rv:137.0) Gecko/20100101 Firefox/137.0"
170.106.192.208 - - [27/Apr/2025:17:15:02 -0400] "GET / HTTP/1.1" 200 7826 "http://www.finationglobal.com" "Mozilla/5.0 (iPhone; CPU iPhone OS 13_2_3 like Mac OS X) AppleWebKit/605.1.15 (KHTML, like Gecko) Version/13.0.3 Mobile/15E148 Safari/604.1"
197.210.77.12 - - [27/Apr/2025:17:15:00 -0400] "POST /account/searchuser HTTP/1.1" 200 10266 "https://finationglobal.com/account/searchuser" "Mozilla/5.0 (Windows NT 10.0; Win64; x64; rv:137.0) Gecko/20100101 Firefox/137.0"
197.210.77.12 - - [27/Apr/2025:17:15:03 -0400] "GET /account/uploads/u1.png HTTP/1.1" 200 2924 "https://finationglobal.com/account/searchuser" "Mozilla/5.0 (Windows NT 10.0; Win64; x64; rv:137.0) Gecko/20100101 Firefox/137.0"
197.210.77.12 - - [27/Apr/2025:17:15:31 -0400] "GET /account/geneology HTTP/1.1" 200 5751 "https://finationglobal.com/account/searchuser" "Mozilla/5.0 (Windows NT 10.0; Win64; x64; rv:137.0) Gecko/20100101 Firefox/137.0"
197.210.77.12 - - [27/Apr/2025:17:15:35 -0400] "GET /account/geneology?user=cashflow HTTP/1.1" 200 5491 "https://finationglobal.com/account/geneology" "Mozilla/5.0 (Windows NT 10.0; Win64; x64; rv:137.0) Gecko/20100101 Firefox/137.0"
197.210.77.12 - - [27/Apr/2025:17:15:42 -0400] "POST /account/geneology?user=cashflow HTTP/1.1" 200 5476 "https://finationglobal.com/account/geneology?user=cashflow" "Mozilla/5.0 (Windows NT 10.0; Win64; x64; rv:137.0) Gecko/20100101 Firefox/137.0"
197.210.77.12 - - [27/Apr/2025:17:15:48 -0400] "GET /account/geneology?user=getrich HTTP/1.1" 200 5325 "https://finationglobal.com/account/geneology?user=cashflow" "Mozilla/5.0 (Windows NT 10.0; Win64; x64; rv:137.0) Gecko/20100101 Firefox/137.0"
197.210.77.12 - - [27/Apr/2025:17:15:55 -0400] "GET /account/geneology?user=RegisterMe HTTP/1.1" 200 5226 "https://finationglobal.com/account/geneology?user=getrich" "Mozilla/5.0 (Windows NT 10.0; Win64; x64; rv:137.0) Gecko/20100101 Firefox/137.0"
197.210.77.12 - - [27/Apr/2025:17:15:58 -0400] "POST /account/geneology?user=RegisterMe HTTP/1.1" 200 5400 "https://finationglobal.com/account/geneology?user=RegisterMe" "Mozilla/5.0 (Windows NT 10.0; Win64; x64; rv:137.0) Gecko/20100101 Firefox/137.0"
197.210.77.12 - - [27/Apr/2025:17:16:01 -0400] "GET /account/geneology?user=airobuilders HTTP/1.1" 200 5414 "https://finationglobal.com/account/geneology?user=RegisterMe" "Mozilla/5.0 (Windows NT 10.0; Win64; x64; rv:137.0) Gecko/20100101 Firefox/137.0"
197.210.77.12 - - [27/Apr/2025:17:16:04 -0400] "GET /account/geneology?user=RegisterMe HTTP/1.1" 200 5400 "https://finationglobal.com/account/geneology?user=RegisterMe" "Mozilla/5.0 (Windows NT 10.0; Win64; x64; rv:137.0) Gecko/20100101 Firefox/137.0"
197.210.77.12 - - [27/Apr/2025:17:16:06 -0400] "GET /account/geneology?user=aggie HTTP/1.1" 200 5227 "https://finationglobal.com/account/geneology?user=RegisterMe" "Mozilla/5.0 (Windows NT 10.0; Win64; x64; rv:137.0) Gecko/20100101 Firefox/137.0"
88.218.193.254 - - [27/Apr/2025:17:17:53 -0400] "GET /favicon.ico HTTP/1.1" 404 1251 "-" "Mozilla/5.0 (X11; Ubuntu; Linux x86_64; rv:109.0) Gecko/20100101 Firefox/113.0"
88.218.193.254 - - [27/Apr/2025:17:17:54 -0400] "GET / HTTP/1.1" 200 7826 "-" "Mozilla/5.0 (X11; Linux x86_64) AppleWebKit/537.36 (KHTML, like Gecko) Chrome/113.0.0.0 Safari/537.36"
40.77.202.23 - - [27/Apr/2025:17:19:33 -0400] "GET /assets/iconfonts/ionicons/ionicons.css HTTP/1.1" 200 6409 "https://finationglobal.com/assets/css/icons.css" "Mozilla/5.0 AppleWebKit/537.36 (KHTML, like Gecko; compatible; bingbot/2.0; +http://www.bing.com/bingbot.htm) Chrome/112.0.0.0 Safari/537.36"
40.77.202.23 - - [27/Apr/2025:17:19:33 -0400] "GET /assets/iconfonts/font-awesome/css/font-awesome.min.css HTTP/1.1" 200 6666 "https://finationglobal.com/assets/css/icons.css" "Mozilla/5.0 AppleWebKit/537.36 (KHTML, like Gecko; compatible; bingbot/2.0; +http://www.bing.com/bingbot.htm) Chrome/112.0.0.0 Safari/537.36"
40.77.202.23 - - [27/Apr/2025:17:19:33 -0400] "GET /assets/iconfonts/themify/themify.css HTTP/1.1" 200 2728 "https://finationglobal.com/assets/css/icons.css" "Mozilla/5.0 AppleWebKit/537.36 (KHTML, like Gecko; compatible; bingbot/2.0; +http://www.bing.com/bingbot.htm) Chrome/112.0.0.0 Safari/537.36"
40.77.202.23 - - [27/Apr/2025:17:19:33 -0400] "GET /assets/iconfonts/simple-line-icons/simple-line-icons.css HTTP/1.1" 200 3107 "https://finationglobal.com/assets/css/icons.css" "Mozilla/5.0 AppleWebKit/537.36 (KHTML, like Gecko; compatible; bingbot/2.0; +http://www.bing.com/bingbot.htm) Chrome/112.0.0.0 Safari/537.36"
40.77.202.23 - - [27/Apr/2025:17:19:33 -0400] "GET /assets/iconfonts/typicons/typicons.css HTTP/1.1" 200 3263 "https://finationglobal.com/assets/css/icons.css" "Mozilla/5.0 AppleWebKit/537.36 (KHTML, like Gecko; compatible; bingbot/2.0; +http://www.bing.com/bingbot.htm) Chrome/112.0.0.0 Safari/537.36"
40.77.202.23 - - [27/Apr/2025:17:19:33 -0400] "GET /assets/iconfonts/weathericons/weathericons.css HTTP/1.1" 200 3459 "https://finationglobal.com/assets/css/icons.css" "Mozilla/5.0 AppleWebKit/537.36 (KHTML, like Gecko; compatible; bingbot/2.0; +http://www.bing.com/bingbot.htm) Chrome/112.0.0.0 Safari/537.36"
40.77.202.23 - - [27/Apr/2025:17:19:33 -0400] "GET /assets/iconfonts/feather/feather.css HTTP/1.1" 200 1999 "https://finationglobal.com/assets/css/icons.css" "Mozilla/5.0 AppleWebKit/537.36 (KHTML, like Gecko; compatible; bingbot/2.0; +http://www.bing.com/bingbot.htm) Chrome/112.0.0.0 Safari/537.36"
40.77.202.23 - - [27/Apr/2025:17:19:33 -0400] "GET /assets/iconfonts/pe-icon-7-stroke/Pe-icon-7.css HTTP/1.1" 200 1681 "https://finationglobal.com/assets/css/icons.css" "Mozilla/5.0 AppleWebKit/537.36 (KHTML, like Gecko; compatible; bingbot/2.0; +http://www.bing.com/bingbot.htm) Chrome/112.0.0.0 Safari/537.36"
40.77.202.23 - - [27/Apr/2025:17:19:33 -0400] "GET /assets/iconfonts/glyphicons/glyphicon.css HTTP/1.1" 200 2217 "https://finationglobal.com/assets/css/icons.css" "Mozilla/5.0 AppleWebKit/537.36 (KHTML, like Gecko; compatible; bingbot/2.0; +http://www.bing.com/bingbot.htm) Chrome/112.0.0.0 Safari/537.36"
40.77.202.23 - - [27/Apr/2025:17:19:33 -0400] "GET /assets/iconfonts/linearicons/Linearicons.css HTTP/1.1" 200 1507 "https://finationglobal.com/assets/css/icons.css" "Mozilla/5.0 AppleWebKit/537.36 (KHTML, like Gecko; compatible; bingbot/2.0; +http://www.bing.com/bingbot.htm) Chrome/112.0.0.0 Safari/537.36"
40.77.202.23 - - [27/Apr/2025:17:19:33 -0400] "GET /assets/iconfonts/materialdesignicons/materialdesignicons.css HTTP/1.1" 200 22418 "https://finationglobal.com/assets/css/icons.css" "Mozilla/5.0 AppleWebKit/537.36 (KHTML, like Gecko; compatible; bingbot/2.0; +http://www.bing.com/bingbot.htm) Chrome/112.0.0.0 Safari/537.36"
40.77.202.23 - - [27/Apr/2025:17:19:33 -0400] "GET /assets/plugins/iconfonts/remixicon/remixicon.css HTTP/1.1" 200 12884 "https://finationglobal.com/assets/css/icons.css" "Mozilla/5.0 AppleWebKit/537.36 (KHTML, like Gecko; compatible; bingbot/2.0; +http://www.bing.com/bingbot.htm) Chrome/112.0.0.0 Safari/537.36"
40.77.202.23 - - [27/Apr/2025:17:19:33 -0400] "GET /assets/iconfonts/bootstrapicons/bootstrap-icons.css HTTP/1.1" 200 8194 "https://finationglobal.com/assets/css/icons.css" "Mozilla/5.0 AppleWebKit/537.36 (KHTML, like Gecko; compatible; bingbot/2.0; +http://www.bing.com/bingbot.htm) Chrome/112.0.0.0 Safari/537.36"
40.77.202.23 - - [27/Apr/2025:17:19:35 -0400] "GET /assets/iconfonts/font-awesome/fonts/fontawesome-webfont.woff2?v=4.7.0 HTTP/1.1" 200 77160 "https://finationglobal.com/assets/iconfonts/font-awesome/css/font-awesome.min.css" "Mozilla/5.0 AppleWebKit/537.36 (KHTML, like Gecko; compatible; bingbot/2.0; +http://www.bing.com/bingbot.htm) Chrome/112.0.0.0 Safari/537.36"
40.77.202.23 - - [27/Apr/2025:17:19:35 -0400] "GET /assets/iconfonts/materialdesignicons/fonts/materialdesignicons-webfont.woff2?v=2.0.46 HTTP/1.1" 200 109248 "https://finationglobal.com/assets/iconfonts/materialdesignicons/materialdesignicons.css" "Mozilla/5.0 AppleWebKit/537.36 (KHTML, like Gecko; compatible; bingbot/2.0; +http://www.bing.com/bingbot.htm) Chrome/112.0.0.0 Safari/537.36"
40.77.202.23 - - [27/Apr/2025:17:19:35 -0400] "GET /assets/iconfonts/materialdesignicons/fonts/Material-Design-Iconic-Font.woff2?v=2.2.0 HTTP/1.1" 200 38384 "https://finationglobal.com/assets/iconfonts/materialdesignicons/materialdesignicons.css" "Mozilla/5.0 AppleWebKit/537.36 (KHTML, like Gecko; compatible; bingbot/2.0; +http://www.bing.com/bingbot.htm) Chrome/112.0.0.0 Safari/537.36"
66.249.70.38 - - [27/Apr/2025:17:21:23 -0400] "GET /?shopdetail/6145193 HTTP/1.1" 200 6424 "-" "Mozilla/5.0 (compatible; Googlebot/2.1; +http://www.google.com/bot.html)"
91.219.151.72 - - [27/Apr/2025:17:21:28 -0400] "GET / HTTP/1.0" 200 38507 "https://finationglobal.com/" "Mozilla/5.0 (Windows NT 10.0; Win64; x64) AppleWebKit/537.36 (KHTML, like Gecko) Chrome/129.0.0.0 Safari/537.36"
91.219.151.72 - - [27/Apr/2025:17:21:28 -0400] "GET /account/register HTTP/1.0" 200 8064 "https://finationglobal.com/account/register" "Mozilla/5.0 (Windows NT 10.0; Win64; x64) AppleWebKit/537.36 (KHTML, like Gecko) Chrome/129.0.0.0 Safari/537.36"
91.219.151.72 - - [27/Apr/2025:17:21:29 -0400] "POST /account/register HTTP/1.0" 302 8596 "https://finationglobal.com/account/register" "Mozilla/5.0 (Windows NT 10.0; Win64; x64) AppleWebKit/537.36 (KHTML, like Gecko) Chrome/129.0.0.0 Safari/537.36"
91.219.151.72 - - [27/Apr/2025:17:21:30 -0400] "GET /account/ HTTP/1.0" 302 1469 "https://finationglobal.com/account/" "Mozilla/5.0 (Windows NT 10.0; Win64; x64) AppleWebKit/537.36 (KHTML, like Gecko) Chrome/129.0.0.0 Safari/537.36"
91.219.151.72 - - [27/Apr/2025:17:21:31 -0400] "GET /index HTTP/1.0" 200 38507 "https://finationglobal.com/index" "Mozilla/5.0 (Windows NT 10.0; Win64; x64) AppleWebKit/537.36 (KHTML, like Gecko) Chrome/129.0.0.0 Safari/537.36"
91.219.151.72 - - [27/Apr/2025:17:21:32 -0400] "GET / HTTP/1.0" 200 38507 "https://finationglobal.com/" "Mozilla/5.0 (Windows NT 10.0; Win64; x64) AppleWebKit/537.36 (KHTML, like Gecko) Chrome/129.0.0.0 Safari/537.36"
66.249.70.36 - - [27/Apr/2025:17:21:51 -0400] "GET /?shopdetail/25044226 HTTP/1.1" 200 6422 "-" "Mozilla/5.0 (Linux; Android 6.0.1; Nexus 5X Build/MMB29P) AppleWebKit/537.36 (KHTML, like Gecko) Chrome/135.0.7049.95 Mobile Safari/537.36 (compatible; Googlebot/2.1; +http://www.google.com/bot.html)"
66.249.70.38 - - [27/Apr/2025:17:22:36 -0400] "GET /?shopdetail/4876259 HTTP/1.1" 200 6424 "-" "Mozilla/5.0 (Linux; Android 6.0.1; Nexus 5X Build/MMB29P) AppleWebKit/537.36 (KHTML, like Gecko) Chrome/135.0.7049.95 Mobile Safari/537.36 (compatible; Googlebot/2.1; +http://www.google.com/bot.html)"
66.249.70.38 - - [27/Apr/2025:17:30:41 -0400] "GET /?product/edit/32880591 HTTP/1.1" 200 6422 "-" "Mozilla/5.0 (Linux; Android 6.0.1; Nexus 5X Build/MMB29P) AppleWebKit/537.36 (KHTML, like Gecko) Chrome/135.0.7049.95 Mobile Safari/537.36 (compatible; Googlebot/2.1; +http://www.google.com/bot.html)"
66.249.64.225 - - [27/Apr/2025:17:31:54 -0400] "GET / HTTP/1.1" 200 6424 "-" "Mozilla/5.0 (compatible; Googlebot/2.1; +http://www.google.com/bot.html)"
66.249.64.224 - - [27/Apr/2025:17:31:57 -0400] "GET /js/trigger.js HTTP/1.1" 200 6624 "https://finationglobal.com/" "Mozilla/5.0 AppleWebKit/537.36 (KHTML, like Gecko; compatible; Googlebot/2.1; +http://www.google.com/bot.html) Chrome/134.0.6998.165 Safari/537.36"
66.249.64.224 - - [27/Apr/2025:17:31:57 -0400] "GET /css/twentytwenty.css HTTP/1.1" 200 981 "https://finationglobal.com/css/style.css" "Mozilla/5.0 AppleWebKit/537.36 (KHTML, like Gecko; compatible; Googlebot/2.1; +http://www.google.com/bot.html) Chrome/134.0.6998.165 Safari/537.36"
197.186.8.220 - - [27/Apr/2025:17:32:36 -0400] "GET / HTTP/1.1" 200 6424 "https://www.google.com/" "Mozilla/5.0 (Linux; Android 10; Infinix X657B) AppleWebKit/537.36 (KHTML, like Gecko) Chrome/80.0.3987.99 Mobile Safari/537.36"
40.77.167.41 - - [27/Apr/2025:17:40:03 -0400] "GET /?shopdetail/7098082 HTTP/1.1" 200 6422 "-" "Mozilla/5.0 AppleWebKit/537.36 (KHTML, like Gecko; compatible; bingbot/2.0; +http://www.bing.com/bingbot.htm) Chrome/116.0.1938.76 Safari/537.36"
66.249.70.36 - - [27/Apr/2025:17:41:35 -0400] "GET /?shopdetail/5723059 HTTP/1.1" 200 6424 "-" "Mozilla/5.0 (compatible; Googlebot/2.1; +http://www.google.com/bot.html)"
66.249.70.37 - - [27/Apr/2025:17:43:23 -0400] "GET /?shopdetail/18782604 HTTP/1.1" 200 6422 "-" "Mozilla/5.0 (Linux; Android 6.0.1; Nexus 5X Build/MMB29P) AppleWebKit/537.36 (KHTML, like Gecko) Chrome/135.0.7049.95 Mobile Safari/537.36 (compatible; Googlebot/2.1; +http://www.google.com/bot.html)"
66.249.70.37 - - [27/Apr/2025:17:45:43 -0400] "GET /?shopdetail/13457104 HTTP/1.1" 200 6422 "-" "Mozilla/5.0 (compatible; Googlebot/2.1; +http://www.google.com/bot.html)"
197.210.77.12 - - [27/Apr/2025:17:46:01 -0400] "GET /account/ HTTP/1.1" 302 508 "https://finationglobal.com/account/fundingapproval" "Mozilla/5.0 (Windows NT 10.0; Win64; x64; rv:137.0) Gecko/20100101 Firefox/137.0"
197.210.77.12 - - [27/Apr/2025:17:46:01 -0400] "GET /account/login.php HTTP/1.1" 302 771 "https://finationglobal.com/account/fundingapproval" "Mozilla/5.0 (Windows NT 10.0; Win64; x64; rv:137.0) Gecko/20100101 Firefox/137.0"
197.210.77.12 - - [27/Apr/2025:17:46:01 -0400] "GET /account/login HTTP/1.1" 200 1297 "https://finationglobal.com/account/fundingapproval" "Mozilla/5.0 (Windows NT 10.0; Win64; x64; rv:137.0) Gecko/20100101 Firefox/137.0"
197.210.77.12 - - [27/Apr/2025:17:46:01 -0400] "GET /assets/images/loader.svg HTTP/1.1" 200 329 "https://finationglobal.com/account/login" "Mozilla/5.0 (Windows NT 10.0; Win64; x64; rv:137.0) Gecko/20100101 Firefox/137.0"
197.210.77.12 - - [27/Apr/2025:17:46:01 -0400] "GET /account/finbrand.png HTTP/1.1" 200 25547 "https://finationglobal.com/account/login" "Mozilla/5.0 (Windows NT 10.0; Win64; x64; rv:137.0) Gecko/20100101 Firefox/137.0"
197.210.77.12 - - [27/Apr/2025:17:46:01 -0400] "GET /assets/plugins/input-mask/jquery.mask.min.js HTTP/1.1" 200 6191 "https://finationglobal.com/account/login" "Mozilla/5.0 (Windows NT 10.0; Win64; x64; rv:137.0) Gecko/20100101 Firefox/137.0"
197.210.77.12 - - [27/Apr/2025:17:46:01 -0400] "GET /assets/iconfonts/materialdesignicons/fonts/Material-Design-Iconic-Font.woff2?v=2.2.0 HTTP/1.1" 200 38384 "https://finationglobal.com/assets/iconfonts/materialdesignicons/materialdesignicons.css" "Mozilla/5.0 (Windows NT 10.0; Win64; x64; rv:137.0) Gecko/20100101 Firefox/137.0"
197.210.77.12 - - [27/Apr/2025:17:46:06 -0400] "POST /account/login HTTP/1.1" 302 1297 "https://finationglobal.com/account/login" "Mozilla/5.0 (Windows NT 10.0; Win64; x64; rv:137.0) Gecko/20100101 Firefox/137.0"
197.210.77.12 - - [27/Apr/2025:17:46:06 -0400] "GET /account/ HTTP/1.1" 200 9945 "https://finationglobal.com/account/login" "Mozilla/5.0 (Windows NT 10.0; Win64; x64; rv:137.0) Gecko/20100101 Firefox/137.0"
197.210.77.12 - - [27/Apr/2025:17:46:08 -0400] "GET /account/uploads/u3.png HTTP/1.1" 200 3389 "https://finationglobal.com/account/" "Mozilla/5.0 (Windows NT 10.0; Win64; x64; rv:137.0) Gecko/20100101 Firefox/137.0"
197.210.77.12 - - [27/Apr/2025:17:46:08 -0400] "GET /account/uploads/31z4n63t8i1e.jpg HTTP/1.1" 200 404074 "https://finationglobal.com/account/" "Mozilla/5.0 (Windows NT 10.0; Win64; x64; rv:137.0) Gecko/20100101 Firefox/137.0"
197.210.77.12 - - [27/Apr/2025:17:46:08 -0400] "GET /account/uploads/gc2faa3dhxyi.jpg HTTP/1.1" 200 415134 "https://finationglobal.com/account/" "Mozilla/5.0 (Windows NT 10.0; Win64; x64; rv:137.0) Gecko/20100101 Firefox/137.0"
197.210.77.12 - - [27/Apr/2025:17:46:09 -0400] "GET /assets/iconfonts/materialdesignicons/fonts/materialdesignicons-webfont.woff2?v=2.0.46 HTTP/1.1" 200 109248 "https://finationglobal.com/assets/iconfonts/materialdesignicons/materialdesignicons.css" "Mozilla/5.0 (Windows NT 10.0; Win64; x64; rv:137.0) Gecko/20100101 Firefox/137.0"
66.249.64.224 - - [27/Apr/2025:17:48:41 -0400] "GET / HTTP/1.1" 200 6424 "-" "Mozilla/5.0 (compatible; Googlebot/2.1; +http://www.google.com/bot.html)"
154.161.36.78 - - [27/Apr/2025:17:54:21 -0400] "GET /r/peggycom HTTP/1.1" 301 795 "-" "Mozilla/5.0 (Linux; Android 10; K) AppleWebKit/537.36 (KHTML, like Gecko) Chrome/134.0.0.0 Mobile Safari/537.36"
154.161.36.78 - - [27/Apr/2025:17:54:22 -0400] "GET /account/register?ref=peggycom HTTP/1.1" 200 1863 "-" "Mozilla/5.0 (Linux; Android 10; K) AppleWebKit/537.36 (KHTML, like Gecko) Chrome/134.0.0.0 Mobile Safari/537.36"
83.11.42.254 - - [27/Apr/2025:17:56:24 -0400] "GET / HTTP/1.0" 200 38507 "https://finationglobal.com/" "Mozilla/5.0 (Windows NT 10.0; Win64; x64) AppleWebKit/537.36 (KHTML, like Gecko) Chrome/130.0.0.0 Safari/537.36"
66.249.70.38 - - [27/Apr/2025:18:02:27 -0400] "GET /?shopdetail/25321726 HTTP/1.1" 200 6422 "-" "Mozilla/5.0 (compatible; Googlebot/2.1; +http://www.google.com/bot.html)"
154.161.36.78 - - [27/Apr/2025:18:04:28 -0400] "GET /account/register?ref=peggycom HTTP/1.1" 200 1863 "-" "Mozilla/5.0 (Linux; Android 10; K) AppleWebKit/537.36 (KHTML, like Gecko) Chrome/134.0.0.0 Mobile Safari/537.36"
154.161.36.78 - - [27/Apr/2025:18:04:29 -0400] "GET /account/finbrand.png HTTP/1.1" 304 0 "https://finationglobal.com/account/register?ref=peggycom" "Mozilla/5.0 (Linux; Android 10; K) AppleWebKit/537.36 (KHTML, like Gecko) Chrome/134.0.0.0 Mobile Safari/537.36"
154.161.36.78 - - [27/Apr/2025:18:04:29 -0400] "GET /assets/images/loader.svg HTTP/1.1" 304 0 "https://finationglobal.com/account/register?ref=peggycom" "Mozilla/5.0 (Linux; Android 10; K) AppleWebKit/537.36 (KHTML, like Gecko) Chrome/134.0.0.0 Mobile Safari/537.36"
154.161.36.78 - - [27/Apr/2025:18:04:30 -0400] "GET /assets/iconfonts/materialdesignicons/fonts/Material-Design-Iconic-Font.woff2?v=2.2.0 HTTP/1.1" 304 0 "https://finationglobal.com/assets/iconfonts/materialdesignicons/materialdesignicons.css" "Mozilla/5.0 (Linux; Android 10; K) AppleWebKit/537.36 (KHTML, like Gecko) Chrome/134.0.0.0 Mobile Safari/537.36"
154.161.36.78 - - [27/Apr/2025:18:04:31 -0400] "GET /account/control.php?confirm=peggycom HTTP/1.1" 302 771 "https://finationglobal.com/account/register?ref=peggycom" "Mozilla/5.0 (Linux; Android 10; K) AppleWebKit/537.36 (KHTML, like Gecko) Chrome/134.0.0.0 Mobile Safari/537.36"
154.161.36.78 - - [27/Apr/2025:18:04:31 -0400] "GET /account/control?confirm=peggycom HTTP/1.1" 200 34 "https://finationglobal.com/account/register?ref=peggycom" "Mozilla/5.0 (Linux; Android 10; K) AppleWebKit/537.36 (KHTML, like Gecko) Chrome/134.0.0.0 Mobile Safari/537.36"
66.249.70.36 - - [27/Apr/2025:18:06:08 -0400] "GET /?shopdetail/17116982 HTTP/1.1" 200 6424 "-" "Mozilla/5.0 (Linux; Android 6.0.1; Nexus 5X Build/MMB29P) AppleWebKit/537.36 (KHTML, like Gecko) Chrome/135.0.7049.95 Mobile Safari/537.36 (compatible; Googlebot/2.1; +http://www.google.com/bot.html)"
66.249.70.37 - - [27/Apr/2025:18:06:34 -0400] "GET /?shopdetail/3828459 HTTP/1.1" 200 6424 "-" "Mozilla/5.0 (compatible; Googlebot/2.1; +http://www.google.com/bot.html)"
154.161.36.78 - - [27/Apr/2025:18:07:24 -0400] "POST /account/register?ref=peggycom HTTP/1.1" 302 2043 "https://finationglobal.com/account/register?ref=peggycom" "Mozilla/5.0 (Linux; Android 10; K) AppleWebKit/537.36 (KHTML, like Gecko) Chrome/134.0.0.0 Mobile Safari/537.36"
154.161.36.78 - - [27/Apr/2025:18:07:24 -0400] "GET /account/ HTTP/1.1" 302 508 "https://finationglobal.com/account/register?ref=peggycom" "Mozilla/5.0 (Linux; Android 10; K) AppleWebKit/537.36 (KHTML, like Gecko) Chrome/134.0.0.0 Mobile Safari/537.36"
154.161.36.78 - - [27/Apr/2025:18:07:25 -0400] "GET /account/index HTTP/1.1" 200 6429 "https://finationglobal.com/account/register?ref=peggycom" "Mozilla/5.0 (Linux; Android 10; K) AppleWebKit/537.36 (KHTML, like Gecko) Chrome/134.0.0.0 Mobile Safari/537.36"
154.161.36.78 - - [27/Apr/2025:18:07:26 -0400] "GET /account/uploads/user.png HTTP/1.1" 304 0 "https://finationglobal.com/account/index" "Mozilla/5.0 (Linux; Android 10; K) AppleWebKit/537.36 (KHTML, like Gecko) Chrome/134.0.0.0 Mobile Safari/537.36"
154.161.36.78 - - [27/Apr/2025:18:07:48 -0400] "GET /account/index?logout=true HTTP/1.1" 302 6429 "https://finationglobal.com/account/index" "Mozilla/5.0 (Linux; Android 10; K) AppleWebKit/537.36 (KHTML, like Gecko) Chrome/134.0.0.0 Mobile Safari/537.36"
154.161.36.78 - - [27/Apr/2025:18:07:49 -0400] "GET /account/login.php HTTP/1.1" 302 771 "https://finationglobal.com/account/index" "Mozilla/5.0 (Linux; Android 10; K) AppleWebKit/537.36 (KHTML, like Gecko) Chrome/134.0.0.0 Mobile Safari/537.36"
154.161.36.78 - - [27/Apr/2025:18:07:49 -0400] "GET /account/login HTTP/1.1" 200 1297 "https://finationglobal.com/account/index" "Mozilla/5.0 (Linux; Android 10; K) AppleWebKit/537.36 (KHTML, like Gecko) Chrome/134.0.0.0 Mobile Safari/537.36"
154.161.36.78 - - [27/Apr/2025:18:08:51 -0400] "GET /account/register?ref=peggycom HTTP/1.1" 200 1863 "-" "Mozilla/5.0 (Linux; Android 10; K) AppleWebKit/537.36 (KHTML, like Gecko) Chrome/134.0.0.0 Mobile Safari/537.36"
154.161.36.78 - - [27/Apr/2025:18:08:52 -0400] "GET /account/control.php?confirm=peggycom HTTP/1.1" 302 771 "https://finationglobal.com/account/register?ref=peggycom" "Mozilla/5.0 (Linux; Android 10; K) AppleWebKit/537.36 (KHTML, like Gecko) Chrome/134.0.0.0 Mobile Safari/537.36"
154.161.36.78 - - [27/Apr/2025:18:08:53 -0400] "GET /account/control?confirm=peggycom HTTP/1.1" 200 34 "https://finationglobal.com/account/register?ref=peggycom" "Mozilla/5.0 (Linux; Android 10; K) AppleWebKit/537.36 (KHTML, like Gecko) Chrome/134.0.0.0 Mobile Safari/537.36"
66.249.70.38 - - [27/Apr/2025:18:10:16 -0400] "GET /?shopdetail/26521782 HTTP/1.1" 200 6422 "-" "Mozilla/5.0 (compatible; Googlebot/2.1; +http://www.google.com/bot.html)"
154.161.36.78 - - [27/Apr/2025:18:10:32 -0400] "POST /account/register?ref=peggycom HTTP/1.1" 302 2041 "https://finationglobal.com/account/register?ref=peggycom" "Mozilla/5.0 (Linux; Android 10; K) AppleWebKit/537.36 (KHTML, like Gecko) Chrome/134.0.0.0 Mobile Safari/537.36"
154.161.36.78 - - [27/Apr/2025:18:10:33 -0400] "GET /account/ HTTP/1.1" 302 508 "https://finationglobal.com/account/register?ref=peggycom" "Mozilla/5.0 (Linux; Android 10; K) AppleWebKit/537.36 (KHTML, like Gecko) Chrome/134.0.0.0 Mobile Safari/537.36"
154.161.36.78 - - [27/Apr/2025:18:10:33 -0400] "GET /account/index HTTP/1.1" 200 6413 "https://finationglobal.com/account/register?ref=peggycom" "Mozilla/5.0 (Linux; Android 10; K) AppleWebKit/537.36 (KHTML, like Gecko) Chrome/134.0.0.0 Mobile Safari/537.36"
154.161.36.78 - - [27/Apr/2025:18:11:05 -0400] "GET /account/index?logout=true HTTP/1.1" 302 6413 "https://finationglobal.com/account/index" "Mozilla/5.0 (Linux; Android 10; K) AppleWebKit/537.36 (KHTML, like Gecko) Chrome/134.0.0.0 Mobile Safari/537.36"
154.161.36.78 - - [27/Apr/2025:18:11:06 -0400] "GET /account/login.php HTTP/1.1" 302 771 "https://finationglobal.com/account/index" "Mozilla/5.0 (Linux; Android 10; K) AppleWebKit/537.36 (KHTML, like Gecko) Chrome/134.0.0.0 Mobile Safari/537.36"
154.161.36.78 - - [27/Apr/2025:18:11:06 -0400] "GET /account/login HTTP/1.1" 200 1297 "https://finationglobal.com/account/index" "Mozilla/5.0 (Linux; Android 10; K) AppleWebKit/537.36 (KHTML, like Gecko) Chrome/134.0.0.0 Mobile Safari/537.36"
154.161.36.78 - - [27/Apr/2025:18:11:14 -0400] "GET /account/register?ref=peggycom HTTP/1.1" 200 1863 "-" "Mozilla/5.0 (Linux; Android 10; K) AppleWebKit/537.36 (KHTML, like Gecko) Chrome/134.0.0.0 Mobile Safari/537.36"
154.161.36.78 - - [27/Apr/2025:18:11:16 -0400] "GET /account/control.php?confirm=peggycom HTTP/1.1" 302 771 "https://finationglobal.com/account/register?ref=peggycom" "Mozilla/5.0 (Linux; Android 10; K) AppleWebKit/537.36 (KHTML, like Gecko) Chrome/134.0.0.0 Mobile Safari/537.36"
154.161.36.78 - - [27/Apr/2025:18:11:17 -0400] "GET /account/control?confirm=peggycom HTTP/1.1" 200 34 "https://finationglobal.com/account/register?ref=peggycom" "Mozilla/5.0 (Linux; Android 10; K) AppleWebKit/537.36 (KHTML, like Gecko) Chrome/134.0.0.0 Mobile Safari/537.36"
66.249.70.37 - - [27/Apr/2025:18:12:22 -0400] "GET /?safe_search/config?return_url=%2Fproduct%2Fdetail%2F18421905 HTTP/1.1" 200 6424 "-" "Mozilla/5.0 (Linux; Android 6.0.1; Nexus 5X Build/MMB29P) AppleWebKit/537.36 (KHTML, like Gecko) Chrome/135.0.7049.95 Mobile Safari/537.36 (compatible; Googlebot/2.1; +http://www.google.com/bot.html)"
66.249.70.36 - - [27/Apr/2025:18:12:31 -0400] "GET /?shopdetail/15946193 HTTP/1.1" 200 6422 "-" "Mozilla/5.0 (compatible; Googlebot/2.1; +http://www.google.com/bot.html)"
154.161.36.78 - - [27/Apr/2025:18:12:41 -0400] "POST /account/register?ref=peggycom HTTP/1.1" 302 2041 "https://finationglobal.com/account/register?ref=peggycom" "Mozilla/5.0 (Linux; Android 10; K) AppleWebKit/537.36 (KHTML, like Gecko) Chrome/134.0.0.0 Mobile Safari/537.36"