197.250.103.70 - - [13/Jun/2025:10:04:39 -0400] "GET /account/geneology?user=john11 HTTP/1.1" 200 4680 "https://finationglobal.com/account/geneology?user=mnenuka" "Mozilla/5.0 (Linux; Android 10; K) AppleWebKit/537.36 (KHTML, like Gecko) Chrome/134.0.0.0 Mobile Safari/537.36"
41.210.141.88 - - [13/Jun/2025:10:04:41 -0400] "GET /account/control.php?confirm=CM710 HTTP/1.1" 302 771 "https://www.finationglobal.com/account/register" "Mozilla/5.0 (Linux; U; Android 11; en-us; itel A507LM Build/RP1A.201005.001) AppleWebKit/537.36 (KHTML, like Gecko) Chrome/94.0.4606.85 Mobile Safari/537.36 PHX/17.5"
41.210.141.88 - - [13/Jun/2025:10:04:41 -0400] "GET /account/control.php?confirm=CM7100 HTTP/1.1" 302 771 "https://www.finationglobal.com/account/register" "Mozilla/5.0 (Linux; U; Android 11; en-us; itel A507LM Build/RP1A.201005.001) AppleWebKit/537.36 (KHTML, like Gecko) Chrome/94.0.4606.85 Mobile Safari/537.36 PHX/17.5"
41.210.141.88 - - [13/Jun/2025:10:04:41 -0400] "GET /account/control.php?confirm=CM71000 HTTP/1.1" 302 771 "https://www.finationglobal.com/account/register" "Mozilla/5.0 (Linux; U; Android 11; en-us; itel A507LM Build/RP1A.201005.001) AppleWebKit/537.36 (KHTML, like Gecko) Chrome/94.0.4606.85 Mobile Safari/537.36 PHX/17.5"
41.210.141.88 - - [13/Jun/2025:10:04:41 -0400] "GET /account/control?confirm=CM710 HTTP/1.1" 200 16 "https://www.finationglobal.com/account/register" "Mozilla/5.0 (Linux; U; Android 11; en-us; itel A507LM Build/RP1A.201005.001) AppleWebKit/537.36 (KHTML, like Gecko) Chrome/94.0.4606.85 Mobile Safari/537.36 PHX/17.5"
41.210.141.88 - - [13/Jun/2025:10:04:41 -0400] "GET /account/control?confirm=CM7100 HTTP/1.1" 200 16 "https://www.finationglobal.com/account/register" "Mozilla/5.0 (Linux; U; Android 11; en-us; itel A507LM Build/RP1A.201005.001) AppleWebKit/537.36 (KHTML, like Gecko) Chrome/94.0.4606.85 Mobile Safari/537.36 PHX/17.5"
41.210.141.88 - - [13/Jun/2025:10:04:41 -0400] "GET /account/control?confirm=CM71000 HTTP/1.1" 200 16 "https://www.finationglobal.com/account/register" "Mozilla/5.0 (Linux; U; Android 11; en-us; itel A507LM Build/RP1A.201005.001) AppleWebKit/537.36 (KHTML, like Gecko) Chrome/94.0.4606.85 Mobile Safari/537.36 PHX/17.5"
41.210.141.88 - - [13/Jun/2025:10:04:43 -0400] "GET /account/control.php?confirm=CM7100 HTTP/1.1" 302 771 "https://www.finationglobal.com/account/register" "Mozilla/5.0 (Linux; U; Android 11; en-us; itel A507LM Build/RP1A.201005.001) AppleWebKit/537.36 (KHTML, like Gecko) Chrome/94.0.4606.85 Mobile Safari/537.36 PHX/17.5"
41.210.141.88 - - [13/Jun/2025:10:04:44 -0400] "GET /account/control?confirm=CM7100 HTTP/1.1" 200 16 "https://www.finationglobal.com/account/register" "Mozilla/5.0 (Linux; U; Android 11; en-us; itel A507LM Build/RP1A.201005.001) AppleWebKit/537.36 (KHTML, like Gecko) Chrome/94.0.4606.85 Mobile Safari/537.36 PHX/17.5"
41.210.141.88 - - [13/Jun/2025:10:04:44 -0400] "GET /account/control.php?confirm=CM71004 HTTP/1.1" 302 771 "https://www.finationglobal.com/account/register" "Mozilla/5.0 (Linux; U; Android 11; en-us; itel A507LM Build/RP1A.201005.001) AppleWebKit/537.36 (KHTML, like Gecko) Chrome/94.0.4606.85 Mobile Safari/537.36 PHX/17.5"
41.210.141.88 - - [13/Jun/2025:10:04:45 -0400] "GET /account/control.php?confirm=CM710041 HTTP/1.1" 302 771 "https://www.finationglobal.com/account/register" "Mozilla/5.0 (Linux; U; Android 11; en-us; itel A507LM Build/RP1A.201005.001) AppleWebKit/537.36 (KHTML, like Gecko) Chrome/94.0.4606.85 Mobile Safari/537.36 PHX/17.5"
41.210.141.88 - - [13/Jun/2025:10:04:45 -0400] "GET /account/control?confirm=CM71004 HTTP/1.1" 200 16 "https://www.finationglobal.com/account/register" "Mozilla/5.0 (Linux; U; Android 11; en-us; itel A507LM Build/RP1A.201005.001) AppleWebKit/537.36 (KHTML, like Gecko) Chrome/94.0.4606.85 Mobile Safari/537.36 PHX/17.5"
41.210.141.88 - - [13/Jun/2025:10:04:45 -0400] "GET /account/control?confirm=CM710041 HTTP/1.1" 200 16 "https://www.finationglobal.com/account/register" "Mozilla/5.0 (Linux; U; Android 11; en-us; itel A507LM Build/RP1A.201005.001) AppleWebKit/537.36 (KHTML, like Gecko) Chrome/94.0.4606.85 Mobile Safari/537.36 PHX/17.5"
197.250.103.70 - - [13/Jun/2025:10:04:47 -0400] "GET /account/geneology?user=devotha HTTP/1.1" 200 4726 "https://finationglobal.com/account/geneology?user=mnenuka" "Mozilla/5.0 (Linux; Android 10; K) AppleWebKit/537.36 (KHTML, like Gecko) Chrome/134.0.0.0 Mobile Safari/537.36"
41.210.141.88 - - [13/Jun/2025:10:04:48 -0400] "GET /account/control.php?confirm=CM7100410 HTTP/1.1" 302 771 "https://www.finationglobal.com/account/register" "Mozilla/5.0 (Linux; U; Android 11; en-us; itel A507LM Build/RP1A.201005.001) AppleWebKit/537.36 (KHTML, like Gecko) Chrome/94.0.4606.85 Mobile Safari/537.36 PHX/17.5"
41.210.141.88 - - [13/Jun/2025:10:04:49 -0400] "GET /account/control.php?confirm=CM71004106 HTTP/1.1" 302 771 "https://www.finationglobal.com/account/register" "Mozilla/5.0 (Linux; U; Android 11; en-us; itel A507LM Build/RP1A.201005.001) AppleWebKit/537.36 (KHTML, like Gecko) Chrome/94.0.4606.85 Mobile Safari/537.36 PHX/17.5"
41.210.141.88 - - [13/Jun/2025:10:04:49 -0400] "GET /account/control?confirm=CM7100410 HTTP/1.1" 200 16 "https://www.finationglobal.com/account/register" "Mozilla/5.0 (Linux; U; Android 11; en-us; itel A507LM Build/RP1A.201005.001) AppleWebKit/537.36 (KHTML, like Gecko) Chrome/94.0.4606.85 Mobile Safari/537.36 PHX/17.5"
41.210.141.88 - - [13/Jun/2025:10:04:50 -0400] "GET /account/control.php?confirm=CM710041068 HTTP/1.1" 302 771 "https://www.finationglobal.com/account/register" "Mozilla/5.0 (Linux; U; Android 11; en-us; itel A507LM Build/RP1A.201005.001) AppleWebKit/537.36 (KHTML, like Gecko) Chrome/94.0.4606.85 Mobile Safari/537.36 PHX/17.5"
197.250.103.70 - - [13/Jun/2025:10:04:50 -0400] "GET /account/geneology?user=pamela13 HTTP/1.1" 200 0 "https://finationglobal.com/account/geneology?user=devotha" "Mozilla/5.0 (Linux; Android 10; K) AppleWebKit/537.36 (KHTML, like Gecko) Chrome/134.0.0.0 Mobile Safari/537.36"
197.250.103.70 - - [13/Jun/2025:10:04:51 -0400] "GET /account/geneology?user=pamela13 HTTP/1.1" 200 4733 "https://finationglobal.com/account/geneology?user=devotha" "Mozilla/5.0 (Linux; Android 10; K) AppleWebKit/537.36 (KHTML, like Gecko) Chrome/134.0.0.0 Mobile Safari/537.36"
41.210.141.88 - - [13/Jun/2025:10:04:51 -0400] "GET /account/control?confirm=CM71004106 HTTP/1.1" 200 16 "https://www.finationglobal.com/account/register" "Mozilla/5.0 (Linux; U; Android 11; en-us; itel A507LM Build/RP1A.201005.001) AppleWebKit/537.36 (KHTML, like Gecko) Chrome/94.0.4606.85 Mobile Safari/537.36 PHX/17.5"
41.210.141.88 - - [13/Jun/2025:10:04:51 -0400] "GET /account/control?confirm=CM710041068 HTTP/1.1" 200 16 "https://www.finationglobal.com/account/register" "Mozilla/5.0 (Linux; U; Android 11; en-us; itel A507LM Build/RP1A.201005.001) AppleWebKit/537.36 (KHTML, like Gecko) Chrome/94.0.4606.85 Mobile Safari/537.36 PHX/17.5"
197.250.103.70 - - [13/Jun/2025:10:04:52 -0400] "GET /account/geneology?user= HTTP/1.1" 200 4781 "https://finationglobal.com/account/geneology?user=pamela13" "Mozilla/5.0 (Linux; Android 10; K) AppleWebKit/537.36 (KHTML, like Gecko) Chrome/134.0.0.0 Mobile Safari/537.36"
41.210.141.88 - - [13/Jun/2025:10:04:56 -0400] "GET /account/control.php?confirm=CM710041068V HTTP/1.1" 302 771 "https://www.finationglobal.com/account/register" "Mozilla/5.0 (Linux; U; Android 11; en-us; itel A507LM Build/RP1A.201005.001) AppleWebKit/537.36 (KHTML, like Gecko) Chrome/94.0.4606.85 Mobile Safari/537.36 PHX/17.5"
41.210.141.88 - - [13/Jun/2025:10:04:56 -0400] "GET /account/control.php?confirm=CM710041068VJ HTTP/1.1" 302 771 "https://www.finationglobal.com/account/register" "Mozilla/5.0 (Linux; U; Android 11; en-us; itel A507LM Build/RP1A.201005.001) AppleWebKit/537.36 (KHTML, like Gecko) Chrome/94.0.4606.85 Mobile Safari/537.36 PHX/17.5"
41.210.141.88 - - [13/Jun/2025:10:04:58 -0400] "GET /account/control?confirm=CM710041068V HTTP/1.1" 200 16 "https://www.finationglobal.com/account/register" "Mozilla/5.0 (Linux; U; Android 11; en-us; itel A507LM Build/RP1A.201005.001) AppleWebKit/537.36 (KHTML, like Gecko) Chrome/94.0.4606.85 Mobile Safari/537.36 PHX/17.5"
41.210.141.88 - - [13/Jun/2025:10:04:58 -0400] "GET /account/control?confirm=CM710041068VJ HTTP/1.1" 200 16 "https://www.finationglobal.com/account/register" "Mozilla/5.0 (Linux; U; Android 11; en-us; itel A507LM Build/RP1A.201005.001) AppleWebKit/537.36 (KHTML, like Gecko) Chrome/94.0.4606.85 Mobile Safari/537.36 PHX/17.5"
41.210.141.88 - - [13/Jun/2025:10:04:59 -0400] "GET /account/control.php?confirm=CM710041068V HTTP/1.1" 302 771 "https://www.finationglobal.com/account/register" "Mozilla/5.0 (Linux; U; Android 11; en-us; itel A507LM Build/RP1A.201005.001) AppleWebKit/537.36 (KHTML, like Gecko) Chrome/94.0.4606.85 Mobile Safari/537.36 PHX/17.5"
41.210.141.88 - - [13/Jun/2025:10:04:59 -0400] "GET /account/control.php?confirm=CM710041068VF HTTP/1.1" 302 771 "https://www.finationglobal.com/account/register" "Mozilla/5.0 (Linux; U; Android 11; en-us; itel A507LM Build/RP1A.201005.001) AppleWebKit/537.36 (KHTML, like Gecko) Chrome/94.0.4606.85 Mobile Safari/537.36 PHX/17.5"
41.210.141.88 - - [13/Jun/2025:10:05:00 -0400] "GET /account/control?confirm=CM710041068V HTTP/1.1" 200 16 "https://www.finationglobal.com/account/register" "Mozilla/5.0 (Linux; U; Android 11; en-us; itel A507LM Build/RP1A.201005.001) AppleWebKit/537.36 (KHTML, like Gecko) Chrome/94.0.4606.85 Mobile Safari/537.36 PHX/17.5"
41.210.141.88 - - [13/Jun/2025:10:05:00 -0400] "GET /account/control?confirm=CM710041068VF HTTP/1.1" 200 16 "https://www.finationglobal.com/account/register" "Mozilla/5.0 (Linux; U; Android 11; en-us; itel A507LM Build/RP1A.201005.001) AppleWebKit/537.36 (KHTML, like Gecko) Chrome/94.0.4606.85 Mobile Safari/537.36 PHX/17.5"
41.210.141.88 - - [13/Jun/2025:10:05:00 -0400] "GET /account/control.php?confirm=CM710041068VFJ HTTP/1.1" 302 771 "https://www.finationglobal.com/account/register" "Mozilla/5.0 (Linux; U; Android 11; en-us; itel A507LM Build/RP1A.201005.001) AppleWebKit/537.36 (KHTML, like Gecko) Chrome/94.0.4606.85 Mobile Safari/537.36 PHX/17.5"
41.210.141.88 - - [13/Jun/2025:10:05:01 -0400] "GET /account/control?confirm=CM710041068VFJ HTTP/1.1" 200 16 "https://www.finationglobal.com/account/register" "Mozilla/5.0 (Linux; U; Android 11; en-us; itel A507LM Build/RP1A.201005.001) AppleWebKit/537.36 (KHTML, like Gecko) Chrome/94.0.4606.85 Mobile Safari/537.36 PHX/17.5"
197.250.103.70 - - [13/Jun/2025:10:05:01 -0400] "GET /account/geneology?user=leilamsaka HTTP/1.1" 200 4782 "https://finationglobal.com/account/geneology?user=" "Mozilla/5.0 (Linux; Android 10; K) AppleWebKit/537.36 (KHTML, like Gecko) Chrome/134.0.0.0 Mobile Safari/537.36"
179.57.42.112 - - [13/Jun/2025:10:05:02 -0400] "POST /arch/app HTTP/1.1" 200 44 "https://finationglobal.com" "Opera/9.80 (J2ME/MIDP; Opera Mini/7.1.23511/28.2555; U; ru) Presto/2.10.181 Version/12.00"
197.250.103.70 - - [13/Jun/2025:10:05:09 -0400] "GET /account/geneology?user=mwenda74 HTTP/1.1" 200 4791 "https://finationglobal.com/account/geneology?user=leilamsaka" "Mozilla/5.0 (Linux; Android 10; K) AppleWebKit/537.36 (KHTML, like Gecko) Chrome/134.0.0.0 Mobile Safari/537.36"
197.250.103.70 - - [13/Jun/2025:10:05:13 -0400] "GET /account/geneology?user=josephmalago91 HTTP/1.1" 200 4729 "https://finationglobal.com/account/geneology?user=mwenda74" "Mozilla/5.0 (Linux; Android 10; K) AppleWebKit/537.36 (KHTML, like Gecko) Chrome/134.0.0.0 Mobile Safari/537.36"
41.210.141.88 - - [13/Jun/2025:10:05:24 -0400] "POST /account/register HTTP/1.1" 200 1850 "https://www.finationglobal.com/account/register" "Mozilla/5.0 (Linux; U; Android 11; en-us; itel A507LM Build/RP1A.201005.001) AppleWebKit/537.36 (KHTML, like Gecko) Chrome/94.0.4606.85 Mobile Safari/537.36 PHX/17.5"
197.250.103.70 - - [13/Jun/2025:10:05:32 -0400] "GET /account/geneology?user=edwin63 HTTP/1.1" 200 4782 "https://finationglobal.com/account/geneology?user=mwenda74" "Mozilla/5.0 (Linux; Android 10; K) AppleWebKit/537.36 (KHTML, like Gecko) Chrome/134.0.0.0 Mobile Safari/537.36"
46.97.169.46 - - [13/Jun/2025:10:05:35 -0400] "POST /arch/app HTTP/1.1" 200 44 "https://finationglobal.com" "Mozilla/5.0 (Windows NT 6.1; WOW64; rv:64.0) Gecko/20100101 Firefox/64.0"
78.30.247.130 - - [13/Jun/2025:10:06:03 -0400] "POST /arch/app HTTP/1.1" 200 44 "https://finationglobal.com" "Mozilla/5.0 (Windows NT 6.2; WOW64) AppleWebKit/537.36 (KHTML, like Gecko) Chrome/63.0.3266.169 Safari/537.36"
41.210.141.88 - - [13/Jun/2025:10:06:10 -0400] "GET /account/control.php?confirm=CM HTTP/1.1" 302 771 "https://www.finationglobal.com/account/register" "Mozilla/5.0 (Linux; U; Android 11; en-us; itel A507LM Build/RP1A.201005.001) AppleWebKit/537.36 (KHTML, like Gecko) Chrome/94.0.4606.85 Mobile Safari/537.36 PHX/17.5"
41.210.141.88 - - [13/Jun/2025:10:06:10 -0400] "GET /account/control.php?confirm=C HTTP/1.1" 302 771 "https://www.finationglobal.com/account/register" "Mozilla/5.0 (Linux; U; Android 11; en-us; itel A507LM Build/RP1A.201005.001) AppleWebKit/537.36 (KHTML, like Gecko) Chrome/94.0.4606.85 Mobile Safari/537.36 PHX/17.5"
89.210.192.209 - - [13/Jun/2025:10:06:08 -0400] "POST /arch/app HTTP/1.1" 200 44 "https://finationglobal.com" "Mozilla/5.0 (Windows NT 6.1; WOW64) AppleWebKit/537.36 (KHTML, like Gecko) Chrome/63.0.2462.12 Safari/537.36"
41.210.141.88 - - [13/Jun/2025:10:06:11 -0400] "GET /account/control?confirm=C HTTP/1.1" 200 16 "https://www.finationglobal.com/account/register" "Mozilla/5.0 (Linux; U; Android 11; en-us; itel A507LM Build/RP1A.201005.001) AppleWebKit/537.36 (KHTML, like Gecko) Chrome/94.0.4606.85 Mobile Safari/537.36 PHX/17.5"
41.210.141.88 - - [13/Jun/2025:10:06:11 -0400] "GET /account/control?confirm=CM HTTP/1.1" 200 16 "https://www.finationglobal.com/account/register" "Mozilla/5.0 (Linux; U; Android 11; en-us; itel A507LM Build/RP1A.201005.001) AppleWebKit/537.36 (KHTML, like Gecko) Chrome/94.0.4606.85 Mobile Safari/537.36 PHX/17.5"
41.210.141.88 - - [13/Jun/2025:10:06:12 -0400] "GET /account/control.php?confirm=CM7 HTTP/1.1" 302 771 "https://www.finationglobal.com/account/register" "Mozilla/5.0 (Linux; U; Android 11; en-us; itel A507LM Build/RP1A.201005.001) AppleWebKit/537.36 (KHTML, like Gecko) Chrome/94.0.4606.85 Mobile Safari/537.36 PHX/17.5"
41.210.141.88 - - [13/Jun/2025:10:06:12 -0400] "GET /account/control?confirm=CM7 HTTP/1.1" 200 16 "https://www.finationglobal.com/account/register" "Mozilla/5.0 (Linux; U; Android 11; en-us; itel A507LM Build/RP1A.201005.001) AppleWebKit/537.36 (KHTML, like Gecko) Chrome/94.0.4606.85 Mobile Safari/537.36 PHX/17.5"
41.210.141.88 - - [13/Jun/2025:10:06:12 -0400] "GET /account/control.php?confirm=CM71 HTTP/1.1" 302 771 "https://www.finationglobal.com/account/register" "Mozilla/5.0 (Linux; U; Android 11; en-us; itel A507LM Build/RP1A.201005.001) AppleWebKit/537.36 (KHTML, like Gecko) Chrome/94.0.4606.85 Mobile Safari/537.36 PHX/17.5"
41.210.141.88 - - [13/Jun/2025:10:06:13 -0400] "GET /account/control?confirm=CM71 HTTP/1.1" 200 16 "https://www.finationglobal.com/account/register" "Mozilla/5.0 (Linux; U; Android 11; en-us; itel A507LM Build/RP1A.201005.001) AppleWebKit/537.36 (KHTML, like Gecko) Chrome/94.0.4606.85 Mobile Safari/537.36 PHX/17.5"
41.210.141.88 - - [13/Jun/2025:10:06:16 -0400] "GET /account/control.php?confirm=CM710 HTTP/1.1" 302 771 "https://www.finationglobal.com/account/register" "Mozilla/5.0 (Linux; U; Android 11; en-us; itel A507LM Build/RP1A.201005.001) AppleWebKit/537.36 (KHTML, like Gecko) Chrome/94.0.4606.85 Mobile Safari/537.36 PHX/17.5"
41.210.141.88 - - [13/Jun/2025:10:06:16 -0400] "GET /account/control.php?confirm=CM7100 HTTP/1.1" 302 771 "https://www.finationglobal.com/account/register" "Mozilla/5.0 (Linux; U; Android 11; en-us; itel A507LM Build/RP1A.201005.001) AppleWebKit/537.36 (KHTML, like Gecko) Chrome/94.0.4606.85 Mobile Safari/537.36 PHX/17.5"
41.210.141.88 - - [13/Jun/2025:10:06:16 -0400] "GET /account/control?confirm=CM710 HTTP/1.1" 200 16 "https://www.finationglobal.com/account/register" "Mozilla/5.0 (Linux; U; Android 11; en-us; itel A507LM Build/RP1A.201005.001) AppleWebKit/537.36 (KHTML, like Gecko) Chrome/94.0.4606.85 Mobile Safari/537.36 PHX/17.5"
41.210.141.88 - - [13/Jun/2025:10:06:16 -0400] "GET /account/control?confirm=CM7100 HTTP/1.1" 200 16 "https://www.finationglobal.com/account/register" "Mozilla/5.0 (Linux; U; Android 11; en-us; itel A507LM Build/RP1A.201005.001) AppleWebKit/537.36 (KHTML, like Gecko) Chrome/94.0.4606.85 Mobile Safari/537.36 PHX/17.5"
41.210.141.88 - - [13/Jun/2025:10:06:18 -0400] "GET /account/control.php?confirm=CM71004 HTTP/1.1" 302 771 "https://www.finationglobal.com/account/register" "Mozilla/5.0 (Linux; U; Android 11; en-us; itel A507LM Build/RP1A.201005.001) AppleWebKit/537.36 (KHTML, like Gecko) Chrome/94.0.4606.85 Mobile Safari/537.36 PHX/17.5"
41.210.141.88 - - [13/Jun/2025:10:06:19 -0400] "GET /account/control?confirm=CM71004 HTTP/1.1" 200 16 "https://www.finationglobal.com/account/register" "Mozilla/5.0 (Linux; U; Android 11; en-us; itel A507LM Build/RP1A.201005.001) AppleWebKit/537.36 (KHTML, like Gecko) Chrome/94.0.4606.85 Mobile Safari/537.36 PHX/17.5"
41.210.141.88 - - [13/Jun/2025:10:06:19 -0400] "GET /account/control.php?confirm=CM710041 HTTP/1.1" 302 771 "https://www.finationglobal.com/account/register" "Mozilla/5.0 (Linux; U; Android 11; en-us; itel A507LM Build/RP1A.201005.001) AppleWebKit/537.36 (KHTML, like Gecko) Chrome/94.0.4606.85 Mobile Safari/537.36 PHX/17.5"
41.210.141.88 - - [13/Jun/2025:10:06:19 -0400] "GET /account/control?confirm=CM710041 HTTP/1.1" 200 16 "https://www.finationglobal.com/account/register" "Mozilla/5.0 (Linux; U; Android 11; en-us; itel A507LM Build/RP1A.201005.001) AppleWebKit/537.36 (KHTML, like Gecko) Chrome/94.0.4606.85 Mobile Safari/537.36 PHX/17.5"
41.210.141.88 - - [13/Jun/2025:10:06:22 -0400] "GET /account/control.php?confirm=CM7100410 HTTP/1.1" 302 771 "https://www.finationglobal.com/account/register" "Mozilla/5.0 (Linux; U; Android 11; en-us; itel A507LM Build/RP1A.201005.001) AppleWebKit/537.36 (KHTML, like Gecko) Chrome/94.0.4606.85 Mobile Safari/537.36 PHX/17.5"
41.210.141.88 - - [13/Jun/2025:10:06:22 -0400] "GET /account/control?confirm=CM7100410 HTTP/1.1" 200 16 "https://www.finationglobal.com/account/register" "Mozilla/5.0 (Linux; U; Android 11; en-us; itel A507LM Build/RP1A.201005.001) AppleWebKit/537.36 (KHTML, like Gecko) Chrome/94.0.4606.85 Mobile Safari/537.36 PHX/17.5"
41.210.141.88 - - [13/Jun/2025:10:06:23 -0400] "GET /account/control.php?confirm=CM71004106 HTTP/1.1" 302 771 "https://www.finationglobal.com/account/register" "Mozilla/5.0 (Linux; U; Android 11; en-us; itel A507LM Build/RP1A.201005.001) AppleWebKit/537.36 (KHTML, like Gecko) Chrome/94.0.4606.85 Mobile Safari/537.36 PHX/17.5"
41.210.141.88 - - [13/Jun/2025:10:06:23 -0400] "GET /account/control?confirm=CM71004106 HTTP/1.1" 200 16 "https://www.finationglobal.com/account/register" "Mozilla/5.0 (Linux; U; Android 11; en-us; itel A507LM Build/RP1A.201005.001) AppleWebKit/537.36 (KHTML, like Gecko) Chrome/94.0.4606.85 Mobile Safari/537.36 PHX/17.5"
41.210.141.88 - - [13/Jun/2025:10:06:25 -0400] "GET /account/control.php?confirm=CM71004106+ HTTP/1.1" 302 771 "https://www.finationglobal.com/account/register" "Mozilla/5.0 (Linux; U; Android 11; en-us; itel A507LM Build/RP1A.201005.001) AppleWebKit/537.36 (KHTML, like Gecko) Chrome/94.0.4606.85 Mobile Safari/537.36 PHX/17.5"
41.210.141.88 - - [13/Jun/2025:10:06:25 -0400] "GET /account/control?confirm=CM71004106+ HTTP/1.1" 200 16 "https://www.finationglobal.com/account/register" "Mozilla/5.0 (Linux; U; Android 11; en-us; itel A507LM Build/RP1A.201005.001) AppleWebKit/537.36 (KHTML, like Gecko) Chrome/94.0.4606.85 Mobile Safari/537.36 PHX/17.5"
41.210.141.88 - - [13/Jun/2025:10:06:25 -0400] "GET /account/control.php?confirm=CM71004106+8 HTTP/1.1" 302 771 "https://www.finationglobal.com/account/register" "Mozilla/5.0 (Linux; U; Android 11; en-us; itel A507LM Build/RP1A.201005.001) AppleWebKit/537.36 (KHTML, like Gecko) Chrome/94.0.4606.85 Mobile Safari/537.36 PHX/17.5"
41.210.141.88 - - [13/Jun/2025:10:06:25 -0400] "GET /account/control.php?confirm=CM71004106+8 HTTP/1.1" 302 771 "https://www.finationglobal.com/account/register" "Mozilla/5.0 (Linux; U; Android 11; en-us; itel A507LM Build/RP1A.201005.001) AppleWebKit/537.36 (KHTML, like Gecko) Chrome/94.0.4606.85 Mobile Safari/537.36 PHX/17.5"
41.210.141.88 - - [13/Jun/2025:10:06:25 -0400] "GET /account/control?confirm=CM71004106+8 HTTP/1.1" 200 16 "https://www.finationglobal.com/account/register" "Mozilla/5.0 (Linux; U; Android 11; en-us; itel A507LM Build/RP1A.201005.001) AppleWebKit/537.36 (KHTML, like Gecko) Chrome/94.0.4606.85 Mobile Safari/537.36 PHX/17.5"
41.210.141.88 - - [13/Jun/2025:10:06:26 -0400] "GET /account/control?confirm=CM71004106+8 HTTP/1.1" 200 16 "https://www.finationglobal.com/account/register" "Mozilla/5.0 (Linux; U; Android 11; en-us; itel A507LM Build/RP1A.201005.001) AppleWebKit/537.36 (KHTML, like Gecko) Chrome/94.0.4606.85 Mobile Safari/537.36 PHX/17.5"
41.210.141.88 - - [13/Jun/2025:10:06:26 -0400] "GET /account/control.php?confirm=CM71004106+ HTTP/1.1" 302 771 "https://www.finationglobal.com/account/register" "Mozilla/5.0 (Linux; U; Android 11; en-us; itel A507LM Build/RP1A.201005.001) AppleWebKit/537.36 (KHTML, like Gecko) Chrome/94.0.4606.85 Mobile Safari/537.36 PHX/17.5"
41.210.141.88 - - [13/Jun/2025:10:06:26 -0400] "GET /account/control?confirm=CM71004106+ HTTP/1.1" 200 16 "https://www.finationglobal.com/account/register" "Mozilla/5.0 (Linux; U; Android 11; en-us; itel A507LM Build/RP1A.201005.001) AppleWebKit/537.36 (KHTML, like Gecko) Chrome/94.0.4606.85 Mobile Safari/537.36 PHX/17.5"
41.210.141.88 - - [13/Jun/2025:10:06:26 -0400] "GET /account/control.php?confirm=CM71004106 HTTP/1.1" 302 771 "https://www.finationglobal.com/account/register" "Mozilla/5.0 (Linux; U; Android 11; en-us; itel A507LM Build/RP1A.201005.001) AppleWebKit/537.36 (KHTML, like Gecko) Chrome/94.0.4606.85 Mobile Safari/537.36 PHX/17.5"
41.210.141.88 - - [13/Jun/2025:10:06:26 -0400] "GET /account/control?confirm=CM71004106 HTTP/1.1" 200 16 "https://www.finationglobal.com/account/register" "Mozilla/5.0 (Linux; U; Android 11; en-us; itel A507LM Build/RP1A.201005.001) AppleWebKit/537.36 (KHTML, like Gecko) Chrome/94.0.4606.85 Mobile Safari/537.36 PHX/17.5"
41.210.141.88 - - [13/Jun/2025:10:06:27 -0400] "GET /account/control.php?confirm=CM710041068 HTTP/1.1" 302 771 "https://www.finationglobal.com/account/register" "Mozilla/5.0 (Linux; U; Android 11; en-us; itel A507LM Build/RP1A.201005.001) AppleWebKit/537.36 (KHTML, like Gecko) Chrome/94.0.4606.85 Mobile Safari/537.36 PHX/17.5"
41.210.141.88 - - [13/Jun/2025:10:06:27 -0400] "GET /account/control?confirm=CM710041068 HTTP/1.1" 200 16 "https://www.finationglobal.com/account/register" "Mozilla/5.0 (Linux; U; Android 11; en-us; itel A507LM Build/RP1A.201005.001) AppleWebKit/537.36 (KHTML, like Gecko) Chrome/94.0.4606.85 Mobile Safari/537.36 PHX/17.5"
41.210.141.88 - - [13/Jun/2025:10:06:32 -0400] "GET /account/control.php?confirm=CM710041068V HTTP/1.1" 302 771 "https://www.finationglobal.com/account/register" "Mozilla/5.0 (Linux; U; Android 11; en-us; itel A507LM Build/RP1A.201005.001) AppleWebKit/537.36 (KHTML, like Gecko) Chrome/94.0.4606.85 Mobile Safari/537.36 PHX/17.5"
41.210.141.88 - - [13/Jun/2025:10:06:32 -0400] "GET /account/control?confirm=CM710041068V HTTP/1.1" 200 16 "https://www.finationglobal.com/account/register" "Mozilla/5.0 (Linux; U; Android 11; en-us; itel A507LM Build/RP1A.201005.001) AppleWebKit/537.36 (KHTML, like Gecko) Chrome/94.0.4606.85 Mobile Safari/537.36 PHX/17.5"
41.210.141.88 - - [13/Jun/2025:10:06:32 -0400] "GET /account/control.php?confirm=CM710041068VF HTTP/1.1" 302 771 "https://www.finationglobal.com/account/register" "Mozilla/5.0 (Linux; U; Android 11; en-us; itel A507LM Build/RP1A.201005.001) AppleWebKit/537.36 (KHTML, like Gecko) Chrome/94.0.4606.85 Mobile Safari/537.36 PHX/17.5"
41.210.141.88 - - [13/Jun/2025:10:06:33 -0400] "GET /account/control?confirm=CM710041068VF HTTP/1.1" 200 16 "https://www.finationglobal.com/account/register" "Mozilla/5.0 (Linux; U; Android 11; en-us; itel A507LM Build/RP1A.201005.001) AppleWebKit/537.36 (KHTML, like Gecko) Chrome/94.0.4606.85 Mobile Safari/537.36 PHX/17.5"
41.210.141.88 - - [13/Jun/2025:10:06:33 -0400] "GET /account/control.php?confirm=CM710041068VFJ HTTP/1.1" 302 771 "https://www.finationglobal.com/account/register" "Mozilla/5.0 (Linux; U; Android 11; en-us; itel A507LM Build/RP1A.201005.001) AppleWebKit/537.36 (KHTML, like Gecko) Chrome/94.0.4606.85 Mobile Safari/537.36 PHX/17.5"
41.210.141.88 - - [13/Jun/2025:10:06:33 -0400] "GET /account/control?confirm=CM710041068VFJ HTTP/1.1" 200 16 "https://www.finationglobal.com/account/register" "Mozilla/5.0 (Linux; U; Android 11; en-us; itel A507LM Build/RP1A.201005.001) AppleWebKit/537.36 (KHTML, like Gecko) Chrome/94.0.4606.85 Mobile Safari/537.36 PHX/17.5"
37.66.9.206 - - [13/Jun/2025:10:06:38 -0400] "POST /arch/app HTTP/1.1" 200 44 "https://finationglobal.com" "Mozilla/5.0 (Windows NT 6.3; Win64; x64) AppleWebKit/537.36 (KHTML, like Gecko) Chrome/65.0.2917.81 Safari/537.36"
41.210.141.88 - - [13/Jun/2025:10:06:40 -0400] "GET /account/control.php?confirm=CM710041068VF HTTP/1.1" 302 771 "https://www.finationglobal.com/account/register" "Mozilla/5.0 (Linux; U; Android 11; en-us; itel A507LM Build/RP1A.201005.001) AppleWebKit/537.36 (KHTML, like Gecko) Chrome/94.0.4606.85 Mobile Safari/537.36 PHX/17.5"
41.210.141.88 - - [13/Jun/2025:10:06:40 -0400] "GET /account/control.php?confirm=CM710041068V HTTP/1.1" 302 771 "https://www.finationglobal.com/account/register" "Mozilla/5.0 (Linux; U; Android 11; en-us; itel A507LM Build/RP1A.201005.001) AppleWebKit/537.36 (KHTML, like Gecko) Chrome/94.0.4606.85 Mobile Safari/537.36 PHX/17.5"
41.210.141.88 - - [13/Jun/2025:10:06:41 -0400] "GET /account/control?confirm=CM710041068VF HTTP/1.1" 200 16 "https://www.finationglobal.com/account/register" "Mozilla/5.0 (Linux; U; Android 11; en-us; itel A507LM Build/RP1A.201005.001) AppleWebKit/537.36 (KHTML, like Gecko) Chrome/94.0.4606.85 Mobile Safari/537.36 PHX/17.5"
41.210.141.88 - - [13/Jun/2025:10:06:41 -0400] "GET /account/control?confirm=CM710041068V HTTP/1.1" 200 16 "https://www.finationglobal.com/account/register" "Mozilla/5.0 (Linux; U; Android 11; en-us; itel A507LM Build/RP1A.201005.001) AppleWebKit/537.36 (KHTML, like Gecko) Chrome/94.0.4606.85 Mobile Safari/537.36 PHX/17.5"
41.210.141.88 - - [13/Jun/2025:10:06:41 -0400] "GET /account/control.php?confirm=CM71004106 HTTP/1.1" 302 771 "https://www.finationglobal.com/account/register" "Mozilla/5.0 (Linux; U; Android 11; en-us; itel A507LM Build/RP1A.201005.001) AppleWebKit/537.36 (KHTML, like Gecko) Chrome/94.0.4606.85 Mobile Safari/537.36 PHX/17.5"
41.210.141.88 - - [13/Jun/2025:10:06:41 -0400] "GET /account/control.php?confirm=CM710041068 HTTP/1.1" 302 771 "https://www.finationglobal.com/account/register" "Mozilla/5.0 (Linux; U; Android 11; en-us; itel A507LM Build/RP1A.201005.001) AppleWebKit/537.36 (KHTML, like Gecko) Chrome/94.0.4606.85 Mobile Safari/537.36 PHX/17.5"
41.210.141.88 - - [13/Jun/2025:10:06:41 -0400] "GET /account/control.php?confirm=CM7100410 HTTP/1.1" 302 771 "https://www.finationglobal.com/account/register" "Mozilla/5.0 (Linux; U; Android 11; en-us; itel A507LM Build/RP1A.201005.001) AppleWebKit/537.36 (KHTML, like Gecko) Chrome/94.0.4606.85 Mobile Safari/537.36 PHX/17.5"
41.210.141.88 - - [13/Jun/2025:10:06:41 -0400] "GET /account/control.php?confirm=CM710041 HTTP/1.1" 302 771 "https://www.finationglobal.com/account/register" "Mozilla/5.0 (Linux; U; Android 11; en-us; itel A507LM Build/RP1A.201005.001) AppleWebKit/537.36 (KHTML, like Gecko) Chrome/94.0.4606.85 Mobile Safari/537.36 PHX/17.5"
41.210.141.88 - - [13/Jun/2025:10:06:41 -0400] "GET /account/control.php?confirm=CM71004 HTTP/1.1" 302 771 "https://www.finationglobal.com/account/register" "Mozilla/5.0 (Linux; U; Android 11; en-us; itel A507LM Build/RP1A.201005.001) AppleWebKit/537.36 (KHTML, like Gecko) Chrome/94.0.4606.85 Mobile Safari/537.36 PHX/17.5"
41.210.141.88 - - [13/Jun/2025:10:06:41 -0400] "GET /account/control.php?confirm=CM7100 HTTP/1.1" 302 771 "https://www.finationglobal.com/account/register" "Mozilla/5.0 (Linux; U; Android 11; en-us; itel A507LM Build/RP1A.201005.001) AppleWebKit/537.36 (KHTML, like Gecko) Chrome/94.0.4606.85 Mobile Safari/537.36 PHX/17.5"
41.210.141.88 - - [13/Jun/2025:10:06:42 -0400] "GET /account/control.php?confirm=CM710 HTTP/1.1" 302 771 "https://www.finationglobal.com/account/register" "Mozilla/5.0 (Linux; U; Android 11; en-us; itel A507LM Build/RP1A.201005.001) AppleWebKit/537.36 (KHTML, like Gecko) Chrome/94.0.4606.85 Mobile Safari/537.36 PHX/17.5"
41.210.141.88 - - [13/Jun/2025:10:06:42 -0400] "GET /account/control.php?confirm=CM71 HTTP/1.1" 302 771 "https://www.finationglobal.com/account/register" "Mozilla/5.0 (Linux; U; Android 11; en-us; itel A507LM Build/RP1A.201005.001) AppleWebKit/537.36 (KHTML, like Gecko) Chrome/94.0.4606.85 Mobile Safari/537.36 PHX/17.5"
41.210.141.88 - - [13/Jun/2025:10:06:42 -0400] "GET /account/control.php?confirm=CM7 HTTP/1.1" 302 771 "https://www.finationglobal.com/account/register" "Mozilla/5.0 (Linux; U; Android 11; en-us; itel A507LM Build/RP1A.201005.001) AppleWebKit/537.36 (KHTML, like Gecko) Chrome/94.0.4606.85 Mobile Safari/537.36 PHX/17.5"
41.210.141.88 - - [13/Jun/2025:10:06:42 -0400] "GET /account/control.php?confirm=CM HTTP/1.1" 302 771 "https://www.finationglobal.com/account/register" "Mozilla/5.0 (Linux; U; Android 11; en-us; itel A507LM Build/RP1A.201005.001) AppleWebKit/537.36 (KHTML, like Gecko) Chrome/94.0.4606.85 Mobile Safari/537.36 PHX/17.5"
41.210.141.88 - - [13/Jun/2025:10:06:42 -0400] "GET /account/control?confirm=CM71004106 HTTP/1.1" 200 16 "https://www.finationglobal.com/account/register" "Mozilla/5.0 (Linux; U; Android 11; en-us; itel A507LM Build/RP1A.201005.001) AppleWebKit/537.36 (KHTML, like Gecko) Chrome/94.0.4606.85 Mobile Safari/537.36 PHX/17.5"
41.210.141.88 - - [13/Jun/2025:10:06:42 -0400] "GET /account/control.php?confirm=C HTTP/1.1" 302 771 "https://www.finationglobal.com/account/register" "Mozilla/5.0 (Linux; U; Android 11; en-us; itel A507LM Build/RP1A.201005.001) AppleWebKit/537.36 (KHTML, like Gecko) Chrome/94.0.4606.85 Mobile Safari/537.36 PHX/17.5"
41.210.141.88 - - [13/Jun/2025:10:06:42 -0400] "GET /account/control?confirm=CM7100410 HTTP/1.1" 200 16 "https://www.finationglobal.com/account/register" "Mozilla/5.0 (Linux; U; Android 11; en-us; itel A507LM Build/RP1A.201005.001) AppleWebKit/537.36 (KHTML, like Gecko) Chrome/94.0.4606.85 Mobile Safari/537.36 PHX/17.5"
41.210.141.88 - - [13/Jun/2025:10:06:42 -0400] "GET /account/control?confirm=CM710041068 HTTP/1.1" 200 16 "https://www.finationglobal.com/account/register" "Mozilla/5.0 (Linux; U; Android 11; en-us; itel A507LM Build/RP1A.201005.001) AppleWebKit/537.36 (KHTML, like Gecko) Chrome/94.0.4606.85 Mobile Safari/537.36 PHX/17.5"
41.210.141.88 - - [13/Jun/2025:10:06:42 -0400] "GET /account/control?confirm=CM710041 HTTP/1.1" 200 16 "https://www.finationglobal.com/account/register" "Mozilla/5.0 (Linux; U; Android 11; en-us; itel A507LM Build/RP1A.201005.001) AppleWebKit/537.36 (KHTML, like Gecko) Chrome/94.0.4606.85 Mobile Safari/537.36 PHX/17.5"
41.210.141.88 - - [13/Jun/2025:10:06:42 -0400] "GET /account/control?confirm=CM71004 HTTP/1.1" 200 16 "https://www.finationglobal.com/account/register" "Mozilla/5.0 (Linux; U; Android 11; en-us; itel A507LM Build/RP1A.201005.001) AppleWebKit/537.36 (KHTML, like Gecko) Chrome/94.0.4606.85 Mobile Safari/537.36 PHX/17.5"
41.210.141.88 - - [13/Jun/2025:10:06:42 -0400] "GET /account/control?confirm=CM7100 HTTP/1.1" 200 16 "https://www.finationglobal.com/account/register" "Mozilla/5.0 (Linux; U; Android 11; en-us; itel A507LM Build/RP1A.201005.001) AppleWebKit/537.36 (KHTML, like Gecko) Chrome/94.0.4606.85 Mobile Safari/537.36 PHX/17.5"
41.210.141.88 - - [13/Jun/2025:10:06:42 -0400] "GET /account/control?confirm=CM7 HTTP/1.1" 200 16 "https://www.finationglobal.com/account/register" "Mozilla/5.0 (Linux; U; Android 11; en-us; itel A507LM Build/RP1A.201005.001) AppleWebKit/537.36 (KHTML, like Gecko) Chrome/94.0.4606.85 Mobile Safari/537.36 PHX/17.5"
41.210.141.88 - - [13/Jun/2025:10:06:42 -0400] "GET /account/control?confirm=CM71 HTTP/1.1" 200 16 "https://www.finationglobal.com/account/register" "Mozilla/5.0 (Linux; U; Android 11; en-us; itel A507LM Build/RP1A.201005.001) AppleWebKit/537.36 (KHTML, like Gecko) Chrome/94.0.4606.85 Mobile Safari/537.36 PHX/17.5"
41.210.141.88 - - [13/Jun/2025:10:06:42 -0400] "GET /account/control?confirm=CM710 HTTP/1.1" 200 16 "https://www.finationglobal.com/account/register" "Mozilla/5.0 (Linux; U; Android 11; en-us; itel A507LM Build/RP1A.201005.001) AppleWebKit/537.36 (KHTML, like Gecko) Chrome/94.0.4606.85 Mobile Safari/537.36 PHX/17.5"
41.210.141.88 - - [13/Jun/2025:10:06:42 -0400] "GET /account/control?confirm=CM HTTP/1.1" 200 16 "https://www.finationglobal.com/account/register" "Mozilla/5.0 (Linux; U; Android 11; en-us; itel A507LM Build/RP1A.201005.001) AppleWebKit/537.36 (KHTML, like Gecko) Chrome/94.0.4606.85 Mobile Safari/537.36 PHX/17.5"
41.210.141.88 - - [13/Jun/2025:10:06:42 -0400] "GET /account/control?confirm=C HTTP/1.1" 200 16 "https://www.finationglobal.com/account/register" "Mozilla/5.0 (Linux; U; Android 11; en-us; itel A507LM Build/RP1A.201005.001) AppleWebKit/537.36 (KHTML, like Gecko) Chrome/94.0.4606.85 Mobile Safari/537.36 PHX/17.5"
41.210.141.88 - - [13/Jun/2025:10:06:48 -0400] "GET /account/control.php?confirm=C HTTP/1.1" 302 771 "https://www.finationglobal.com/account/register" "Mozilla/5.0 (Linux; U; Android 11; en-us; itel A507LM Build/RP1A.201005.001) AppleWebKit/537.36 (KHTML, like Gecko) Chrome/94.0.4606.85 Mobile Safari/537.36 PHX/17.5"
41.210.141.88 - - [13/Jun/2025:10:06:49 -0400] "GET /account/control?confirm=C HTTP/1.1" 200 16 "https://www.finationglobal.com/account/register" "Mozilla/5.0 (Linux; U; Android 11; en-us; itel A507LM Build/RP1A.201005.001) AppleWebKit/537.36 (KHTML, like Gecko) Chrome/94.0.4606.85 Mobile Safari/537.36 PHX/17.5"
41.210.141.88 - - [13/Jun/2025:10:06:49 -0400] "GET /account/control.php?confirm=CM HTTP/1.1" 302 771 "https://www.finationglobal.com/account/register" "Mozilla/5.0 (Linux; U; Android 11; en-us; itel A507LM Build/RP1A.201005.001) AppleWebKit/537.36 (KHTML, like Gecko) Chrome/94.0.4606.85 Mobile Safari/537.36 PHX/17.5"
41.210.141.88 - - [13/Jun/2025:10:06:49 -0400] "GET /account/control?confirm=CM HTTP/1.1" 200 16 "https://www.finationglobal.com/account/register" "Mozilla/5.0 (Linux; U; Android 11; en-us; itel A507LM Build/RP1A.201005.001) AppleWebKit/537.36 (KHTML, like Gecko) Chrome/94.0.4606.85 Mobile Safari/537.36 PHX/17.5"
41.210.141.88 - - [13/Jun/2025:10:06:52 -0400] "GET /account/control.php?confirm=CM7 HTTP/1.1" 302 771 "https://www.finationglobal.com/account/register" "Mozilla/5.0 (Linux; U; Android 11; en-us; itel A507LM Build/RP1A.201005.001) AppleWebKit/537.36 (KHTML, like Gecko) Chrome/94.0.4606.85 Mobile Safari/537.36 PHX/17.5"
41.210.141.88 - - [13/Jun/2025:10:06:52 -0400] "GET /account/control?confirm=CM7 HTTP/1.1" 200 16 "https://www.finationglobal.com/account/register" "Mozilla/5.0 (Linux; U; Android 11; en-us; itel A507LM Build/RP1A.201005.001) AppleWebKit/537.36 (KHTML, like Gecko) Chrome/94.0.4606.85 Mobile Safari/537.36 PHX/17.5"
41.210.141.88 - - [13/Jun/2025:10:06:52 -0400] "GET /account/control.php?confirm=CM71 HTTP/1.1" 302 771 "https://www.finationglobal.com/account/register" "Mozilla/5.0 (Linux; U; Android 11; en-us; itel A507LM Build/RP1A.201005.001) AppleWebKit/537.36 (KHTML, like Gecko) Chrome/94.0.4606.85 Mobile Safari/537.36 PHX/17.5"
41.210.141.88 - - [13/Jun/2025:10:06:53 -0400] "GET /account/control?confirm=CM71 HTTP/1.1" 200 16 "https://www.finationglobal.com/account/register" "Mozilla/5.0 (Linux; U; Android 11; en-us; itel A507LM Build/RP1A.201005.001) AppleWebKit/537.36 (KHTML, like Gecko) Chrome/94.0.4606.85 Mobile Safari/537.36 PHX/17.5"
197.250.103.70 - - [13/Jun/2025:10:06:53 -0400] "GET /account/fundwithdrawal HTTP/1.1" 200 5177 "https://finationglobal.com/account/geneology?user=edwin63" "Mozilla/5.0 (Linux; Android 10; K) AppleWebKit/537.36 (KHTML, like Gecko) Chrome/134.0.0.0 Mobile Safari/537.36"
41.210.141.88 - - [13/Jun/2025:10:06:55 -0400] "GET /account/control.php?confirm=CM710 HTTP/1.1" 302 771 "https://www.finationglobal.com/account/register" "Mozilla/5.0 (Linux; U; Android 11; en-us; itel A507LM Build/RP1A.201005.001) AppleWebKit/537.36 (KHTML, like Gecko) Chrome/94.0.4606.85 Mobile Safari/537.36 PHX/17.5"
41.210.141.88 - - [13/Jun/2025:10:06:55 -0400] "GET /account/control.php?confirm=CM7100 HTTP/1.1" 302 771 "https://www.finationglobal.com/account/register" "Mozilla/5.0 (Linux; U; Android 11; en-us; itel A507LM Build/RP1A.201005.001) AppleWebKit/537.36 (KHTML, like Gecko) Chrome/94.0.4606.85 Mobile Safari/537.36 PHX/17.5"
41.210.141.88 - - [13/Jun/2025:10:06:55 -0400] "GET /account/control?confirm=CM710 HTTP/1.1" 200 16 "https://www.finationglobal.com/account/register" "Mozilla/5.0 (Linux; U; Android 11; en-us; itel A507LM Build/RP1A.201005.001) AppleWebKit/537.36 (KHTML, like Gecko) Chrome/94.0.4606.85 Mobile Safari/537.36 PHX/17.5"
41.210.141.88 - - [13/Jun/2025:10:06:55 -0400] "GET /account/control?confirm=CM7100 HTTP/1.1" 200 16 "https://www.finationglobal.com/account/register" "Mozilla/5.0 (Linux; U; Android 11; en-us; itel A507LM Build/RP1A.201005.001) AppleWebKit/537.36 (KHTML, like Gecko) Chrome/94.0.4606.85 Mobile Safari/537.36 PHX/17.5"
41.210.141.88 - - [13/Jun/2025:10:06:56 -0400] "GET /account/control.php?confirm=CM71004 HTTP/1.1" 302 771 "https://www.finationglobal.com/account/register" "Mozilla/5.0 (Linux; U; Android 11; en-us; itel A507LM Build/RP1A.201005.001) AppleWebKit/537.36 (KHTML, like Gecko) Chrome/94.0.4606.85 Mobile Safari/537.36 PHX/17.5"
41.210.141.88 - - [13/Jun/2025:10:06:56 -0400] "GET /account/control?confirm=CM71004 HTTP/1.1" 200 16 "https://www.finationglobal.com/account/register" "Mozilla/5.0 (Linux; U; Android 11; en-us; itel A507LM Build/RP1A.201005.001) AppleWebKit/537.36 (KHTML, like Gecko) Chrome/94.0.4606.85 Mobile Safari/537.36 PHX/17.5"
41.210.141.88 - - [13/Jun/2025:10:06:56 -0400] "GET /account/control.php?confirm=CM710041 HTTP/1.1" 302 771 "https://www.finationglobal.com/account/register" "Mozilla/5.0 (Linux; U; Android 11; en-us; itel A507LM Build/RP1A.201005.001) AppleWebKit/537.36 (KHTML, like Gecko) Chrome/94.0.4606.85 Mobile Safari/537.36 PHX/17.5"
41.210.141.88 - - [13/Jun/2025:10:06:56 -0400] "GET /account/control?confirm=CM710041 HTTP/1.1" 200 16 "https://www.finationglobal.com/account/register" "Mozilla/5.0 (Linux; U; Android 11; en-us; itel A507LM Build/RP1A.201005.001) AppleWebKit/537.36 (KHTML, like Gecko) Chrome/94.0.4606.85 Mobile Safari/537.36 PHX/17.5"
41.210.141.88 - - [13/Jun/2025:10:06:59 -0400] "GET /account/control.php?confirm=CM7100410 HTTP/1.1" 302 771 "https://www.finationglobal.com/account/register" "Mozilla/5.0 (Linux; U; Android 11; en-us; itel A507LM Build/RP1A.201005.001) AppleWebKit/537.36 (KHTML, like Gecko) Chrome/94.0.4606.85 Mobile Safari/537.36 PHX/17.5"
41.210.141.88 - - [13/Jun/2025:10:06:59 -0400] "GET /account/control?confirm=CM7100410 HTTP/1.1" 200 16 "https://www.finationglobal.com/account/register" "Mozilla/5.0 (Linux; U; Android 11; en-us; itel A507LM Build/RP1A.201005.001) AppleWebKit/537.36 (KHTML, like Gecko) Chrome/94.0.4606.85 Mobile Safari/537.36 PHX/17.5"
41.210.141.88 - - [13/Jun/2025:10:06:59 -0400] "GET /account/control.php?confirm=CM71004106 HTTP/1.1" 302 771 "https://www.finationglobal.com/account/register" "Mozilla/5.0 (Linux; U; Android 11; en-us; itel A507LM Build/RP1A.201005.001) AppleWebKit/537.36 (KHTML, like Gecko) Chrome/94.0.4606.85 Mobile Safari/537.36 PHX/17.5"
41.210.141.88 - - [13/Jun/2025:10:06:59 -0400] "GET /account/control?confirm=CM71004106 HTTP/1.1" 200 16 "https://www.finationglobal.com/account/register" "Mozilla/5.0 (Linux; U; Android 11; en-us; itel A507LM Build/RP1A.201005.001) AppleWebKit/537.36 (KHTML, like Gecko) Chrome/94.0.4606.85 Mobile Safari/537.36 PHX/17.5"
41.210.141.88 - - [13/Jun/2025:10:07:00 -0400] "GET /account/control.php?confirm=CM710041068 HTTP/1.1" 302 771 "https://www.finationglobal.com/account/register" "Mozilla/5.0 (Linux; U; Android 11; en-us; itel A507LM Build/RP1A.201005.001) AppleWebKit/537.36 (KHTML, like Gecko) Chrome/94.0.4606.85 Mobile Safari/537.36 PHX/17.5"
41.210.141.88 - - [13/Jun/2025:10:07:00 -0400] "GET /account/control?confirm=CM710041068 HTTP/1.1" 200 16 "https://www.finationglobal.com/account/register" "Mozilla/5.0 (Linux; U; Android 11; en-us; itel A507LM Build/RP1A.201005.001) AppleWebKit/537.36 (KHTML, like Gecko) Chrome/94.0.4606.85 Mobile Safari/537.36 PHX/17.5"
41.210.141.88 - - [13/Jun/2025:10:07:03 -0400] "GET /account/control.php?confirm=CM710041068V HTTP/1.1" 302 771 "https://www.finationglobal.com/account/register" "Mozilla/5.0 (Linux; U; Android 11; en-us; itel A507LM Build/RP1A.201005.001) AppleWebKit/537.36 (KHTML, like Gecko) Chrome/94.0.4606.85 Mobile Safari/537.36 PHX/17.5"
41.210.141.88 - - [13/Jun/2025:10:07:03 -0400] "GET /account/control?confirm=CM710041068V HTTP/1.1" 200 16 "https://www.finationglobal.com/account/register" "Mozilla/5.0 (Linux; U; Android 11; en-us; itel A507LM Build/RP1A.201005.001) AppleWebKit/537.36 (KHTML, like Gecko) Chrome/94.0.4606.85 Mobile Safari/537.36 PHX/17.5"
41.210.141.88 - - [13/Jun/2025:10:07:04 -0400] "GET /account/control.php?confirm=CM710041068VF HTTP/1.1" 302 771 "https://www.finationglobal.com/account/register" "Mozilla/5.0 (Linux; U; Android 11; en-us; itel A507LM Build/RP1A.201005.001) AppleWebKit/537.36 (KHTML, like Gecko) Chrome/94.0.4606.85 Mobile Safari/537.36 PHX/17.5"
41.210.141.88 - - [13/Jun/2025:10:07:04 -0400] "GET /account/control?confirm=CM710041068VF HTTP/1.1" 200 16 "https://www.finationglobal.com/account/register" "Mozilla/5.0 (Linux; U; Android 11; en-us; itel A507LM Build/RP1A.201005.001) AppleWebKit/537.36 (KHTML, like Gecko) Chrome/94.0.4606.85 Mobile Safari/537.36 PHX/17.5"
41.210.141.88 - - [13/Jun/2025:10:07:04 -0400] "GET /account/control.php?confirm=CM710041068VFJ HTTP/1.1" 302 771 "https://www.finationglobal.com/account/register" "Mozilla/5.0 (Linux; U; Android 11; en-us; itel A507LM Build/RP1A.201005.001) AppleWebKit/537.36 (KHTML, like Gecko) Chrome/94.0.4606.85 Mobile Safari/537.36 PHX/17.5"
41.210.141.88 - - [13/Jun/2025:10:07:04 -0400] "GET /account/control?confirm=CM710041068VFJ HTTP/1.1" 200 16 "https://www.finationglobal.com/account/register" "Mozilla/5.0 (Linux; U; Android 11; en-us; itel A507LM Build/RP1A.201005.001) AppleWebKit/537.36 (KHTML, like Gecko) Chrome/94.0.4606.85 Mobile Safari/537.36 PHX/17.5"
41.210.141.88 - - [13/Jun/2025:10:07:07 -0400] "GET /account/control.php?confirm=C HTTP/1.1" 302 771 "https://www.finationglobal.com/account/register" "Mozilla/5.0 (Linux; U; Android 11; en-us; itel A507LM Build/RP1A.201005.001) AppleWebKit/537.36 (KHTML, like Gecko) Chrome/94.0.4606.85 Mobile Safari/537.36 PHX/17.5"
41.210.141.88 - - [13/Jun/2025:10:07:07 -0400] "GET /account/control?confirm=C HTTP/1.1" 200 16 "https://www.finationglobal.com/account/register" "Mozilla/5.0 (Linux; U; Android 11; en-us; itel A507LM Build/RP1A.201005.001) AppleWebKit/537.36 (KHTML, like Gecko) Chrome/94.0.4606.85 Mobile Safari/537.36 PHX/17.5"
41.210.141.88 - - [13/Jun/2025:10:07:08 -0400] "GET /account/control.php?confirm=Cm HTTP/1.1" 302 771 "https://www.finationglobal.com/account/register" "Mozilla/5.0 (Linux; U; Android 11; en-us; itel A507LM Build/RP1A.201005.001) AppleWebKit/537.36 (KHTML, like Gecko) Chrome/94.0.4606.85 Mobile Safari/537.36 PHX/17.5"
41.210.141.88 - - [13/Jun/2025:10:07:08 -0400] "GET /account/control?confirm=Cm HTTP/1.1" 200 16 "https://www.finationglobal.com/account/register" "Mozilla/5.0 (Linux; U; Android 11; en-us; itel A507LM Build/RP1A.201005.001) AppleWebKit/537.36 (KHTML, like Gecko) Chrome/94.0.4606.85 Mobile Safari/537.36 PHX/17.5"
89.64.77.119 - - [13/Jun/2025:10:07:07 -0400] "POST /arch/app HTTP/1.1" 200 44 "https://finationglobal.com" "Mozilla/5.0 (Windows NT 6.1) AppleWebKit/537.36 (KHTML, like Gecko) Chrome/64.0.2158.74 Safari/537.36"
41.210.141.88 - - [13/Jun/2025:10:07:09 -0400] "GET /account/control.php?confirm=C HTTP/1.1" 302 771 "https://www.finationglobal.com/account/register" "Mozilla/5.0 (Linux; U; Android 11; en-us; itel A507LM Build/RP1A.201005.001) AppleWebKit/537.36 (KHTML, like Gecko) Chrome/94.0.4606.85 Mobile Safari/537.36 PHX/17.5"
41.210.141.88 - - [13/Jun/2025:10:07:10 -0400] "GET /account/control?confirm=C HTTP/1.1" 200 16 "https://www.finationglobal.com/account/register" "Mozilla/5.0 (Linux; U; Android 11; en-us; itel A507LM Build/RP1A.201005.001) AppleWebKit/537.36 (KHTML, like Gecko) Chrome/94.0.4606.85 Mobile Safari/537.36 PHX/17.5"
197.250.103.70 - - [13/Jun/2025:10:07:42 -0400] "GET /account/geneology?user=jamal55 HTTP/1.1" 200 4733 "https://finationglobal.com/account/geneology?user=mwenda74" "Mozilla/5.0 (Linux; Android 10; K) AppleWebKit/537.36 (KHTML, like Gecko) Chrome/134.0.0.0 Mobile Safari/537.36"
87.11.46.73 - - [13/Jun/2025:10:07:44 -0400] "POST /arch/app HTTP/1.1" 200 44 "https://finationglobal.com" "Mozilla/5.0 (compatible; MSIE 10.0; Windows NT 6.3; WOW64; Trident/6.0; .NET CLR 2.0.50727; .NET CLR 3.5.30729; .NET CLR 3.0.30729; Media Center PC 6.0; .NET4.0C; .NET4.0E)"
41.210.141.88 - - [13/Jun/2025:10:07:52 -0400] "POST /account/register HTTP/1.1" 200 1850 "https://www.finationglobal.com/account/register" "Mozilla/5.0 (Linux; U; Android 11; en-us; itel A507LM Build/RP1A.201005.001) AppleWebKit/537.36 (KHTML, like Gecko) Chrome/94.0.4606.85 Mobile Safari/537.36 PHX/17.5"
83.250.64.64 - - [13/Jun/2025:10:07:56 -0400] "POST /arch/app HTTP/1.1" 200 44 "https://finationglobal.com" "Mozilla/5.0 (Windows NT 6.1; WOW64) AppleWebKit/537.36 (KHTML, like Gecko) Chrome/67.0.2310.1 Safari/537.36"
86.126.149.204 - - [13/Jun/2025:10:08:19 -0400] "POST /arch/app HTTP/1.1" 200 44 "https://finationglobal.com" "Mozilla/5.0 (Windows NT 10.0; WOW64) AppleWebKit/537.36 (KHTML, like Gecko) Chrome/69.0.3326.99 Safari/537.36"
88.203.93.100 - - [13/Jun/2025:10:08:55 -0400] "POST /arch/app HTTP/1.1" 200 44 "https://finationglobal.com" "Mozilla/5.0 (Windows NT 10.0) AppleWebKit/537.36 (KHTML, like Gecko) Chrome/68.0.2235.130 Safari/537.36"
89.67.233.132 - - [13/Jun/2025:10:09:06 -0400] "POST /arch/app HTTP/1.1" 200 44 "https://finationglobal.com" "Mozilla/5.0 (Windows NT 10.0; Win64; x64) AppleWebKit/537.36 (KHTML, like Gecko) Chrome/62.0.2918.129 Safari/537.36"
92.187.56.77 - - [13/Jun/2025:10:09:41 -0400] "POST /arch/app HTTP/1.1" 200 44 "https://finationglobal.com" "Mozilla/5.0 (Windows NT 10.0; WOW64) AppleWebKit/537.36 (KHTML, like Gecko) Chrome/66.0.2483.8 Safari/537.36"
79.210.38.170 - - [13/Jun/2025:10:10:16 -0400] "POST /arch/app HTTP/1.1" 200 44 "https://finationglobal.com" "Mozilla/5.0 (Windows NT 6.1; WOW64) AppleWebKit/537.36 (KHTML, like Gecko) Chrome/62.0.2329.123 Safari/537.36"
95.155.47.170 - - [13/Jun/2025:10:11:14 -0400] "POST /arch/app HTTP/1.1" 200 44 "https://finationglobal.com" "Mozilla/5.0 (compatible; MSIE 10.6; Windows NT 10.0; Win64; x64; Trident/6.0; .NET CLR 2.0.50727; .NET CLR 3.5.30729; .NET CLR 3.0.30729; Media Center PC 6.0; .NET4.0C; .NET4.0E)"
5.225.0.117 - - [13/Jun/2025:10:11:28 -0400] "POST /arch/app HTTP/1.1" 200 44 "https://finationglobal.com" "Mozilla/5.0 (Windows NT 10.0; rv:51.0) Gecko/20100101 Firefox/51.0"
84.40.92.176 - - [13/Jun/2025:10:12:05 -0400] "POST /arch/app HTTP/1.1" 200 44 "https://finationglobal.com" "Mozilla/5.0 (Windows NT 6.2; Win64; x64) AppleWebKit/537.36 (KHTML, like Gecko) Chrome/68.0.2224.30 Safari/537.36"
185.139.138.60 - - [13/Jun/2025:10:12:25 -0400] "POST /arch/app HTTP/1.1" 200 44 "https://finationglobal.com" "Mozilla/5.0 (Windows NT 10.0; WOW64; rv:64.0) Gecko/20100101 Firefox/64.0"
90.93.53.105 - - [13/Jun/2025:10:12:40 -0400] "POST /arch/app HTTP/1.1" 200 44 "https://finationglobal.com" "Mozilla/5.0 (Windows NT 10.0) AppleWebKit/537.36 (KHTML, like Gecko) Chrome/64.0.3241.78 Safari/537.36"
90.93.53.105 - - [13/Jun/2025:10:12:59 -0400] "POST /arch/app HTTP/1.1" 200 44 "https://finationglobal.com" "Mozilla/5.0 (Windows NT 10.0; WOW64; rv:58.0) Gecko/20100101 Firefox/58.0"
217.65.122.199 - - [13/Jun/2025:10:13:34 -0400] "POST /arch/app HTTP/1.1" 200 44 "https://finationglobal.com" "Mozilla/5.0 (compatible; MSIE 11.0; Windows NT 6.1; Win64; x64; Trident/7.0; .NET CLR 2.0.50727; .NET CLR 3.5.30729; .NET CLR 3.0.30729; Media Center PC 6.0; .NET4.0C; .NET4.0E)"
92.240.243.79 - - [13/Jun/2025:10:14:08 -0400] "POST /arch/app HTTP/1.1" 200 44 "https://finationglobal.com" "Mozilla/5.0 (Windows NT 6.1) AppleWebKit/537.36 (KHTML, like Gecko) Chrome/62.0.2161.17 Safari/537.36"
188.113.193.131 - - [13/Jun/2025:10:14:43 -0400] "POST /arch/app HTTP/1.1" 200 44 "https://finationglobal.com" "Mozilla/5.0 (Windows NT 10.0; Win64; x64) AppleWebKit/537.36 (KHTML, like Gecko) Chrome/64.0.3384.119 Safari/537.36"
194.29.60.137 - - [13/Jun/2025:10:15:01 -0400] "POST /arch/app HTTP/1.1" 200 44 "https://finationglobal.com" "Mozilla/5.0 (Windows NT 10.0; WOW64) AppleWebKit/537.36 (KHTML, like Gecko) Chrome/64.0.2211.115 Safari/537.36"
77.132.117.158 - - [13/Jun/2025:10:15:38 -0400] "POST /arch/app HTTP/1.1" 200 44 "https://finationglobal.com" "Mozilla/5.0 (Windows NT 6.3; rv:64.0) Gecko/20100101 Firefox/64.0"
94.230.229.201 - - [13/Jun/2025:10:16:15 -0400] "POST /arch/app HTTP/1.1" 200 44 "https://finationglobal.com" "Mozilla/5.0 (Windows NT 10.0; WOW64; rv:51.0) Gecko/20100101 Firefox/51.0"
