197.250.225.203 - - [27/Apr/2025:10:31:56 -0400] "GET /account/register?ref=temab HTTP/1.1" 200 1854 "-" "Mozilla/5.0 (Linux; Android 10; K) AppleWebKit/537.36 (KHTML, like Gecko) Chrome/135.0.0.0 Mobile Safari/537.36"
197.250.225.203 - - [27/Apr/2025:10:31:56 -0400] "GET /account/control.php?confirm=temab HTTP/1.1" 302 771 "https://finationglobal.com/account/register?ref=temab" "Mozilla/5.0 (Linux; Android 10; K) AppleWebKit/537.36 (KHTML, like Gecko) Chrome/135.0.0.0 Mobile Safari/537.36"
197.250.225.203 - - [27/Apr/2025:10:31:57 -0400] "GET /account/control?confirm=temab HTTP/1.1" 200 30 "https://finationglobal.com/account/register?ref=temab" "Mozilla/5.0 (Linux; Android 10; K) AppleWebKit/537.36 (KHTML, like Gecko) Chrome/135.0.0.0 Mobile Safari/537.36"
197.250.225.203 - - [27/Apr/2025:10:32:00 -0400] "GET /account/register?ref=temab HTTP/1.1" 200 1854 "-" "Mozilla/5.0 (Linux; Android 10; K) AppleWebKit/537.36 (KHTML, like Gecko) Chrome/135.0.0.0 Mobile Safari/537.36"
197.250.225.203 - - [27/Apr/2025:10:32:01 -0400] "GET /account/control.php?confirm=temab HTTP/1.1" 302 771 "https://finationglobal.com/account/register?ref=temab" "Mozilla/5.0 (Linux; Android 10; K) AppleWebKit/537.36 (KHTML, like Gecko) Chrome/135.0.0.0 Mobile Safari/537.36"
197.250.225.203 - - [27/Apr/2025:10:32:01 -0400] "GET /account/control?confirm=temab HTTP/1.1" 200 30 "https://finationglobal.com/account/register?ref=temab" "Mozilla/5.0 (Linux; Android 10; K) AppleWebKit/537.36 (KHTML, like Gecko) Chrome/135.0.0.0 Mobile Safari/537.36"
197.250.225.203 - - [27/Apr/2025:10:32:09 -0400] "GET /account/login HTTP/1.1" 200 1297 "https://finationglobal.com/account/register?ref=temab" "Mozilla/5.0 (Linux; Android 10; K) AppleWebKit/537.36 (KHTML, like Gecko) Chrome/135.0.0.0 Mobile Safari/537.36"
197.250.225.203 - - [27/Apr/2025:10:32:14 -0400] "POST /account/login HTTP/1.1" 302 1297 "https://finationglobal.com/account/login" "Mozilla/5.0 (Linux; Android 10; K) AppleWebKit/537.36 (KHTML, like Gecko) Chrome/135.0.0.0 Mobile Safari/537.36"
197.250.225.203 - - [27/Apr/2025:10:32:14 -0400] "GET /account/ HTTP/1.1" 200 6823 "https://finationglobal.com/account/login" "Mozilla/5.0 (Linux; Android 10; K) AppleWebKit/537.36 (KHTML, like Gecko) Chrome/135.0.0.0 Mobile Safari/537.36"
197.250.225.203 - - [27/Apr/2025:10:32:38 -0400] "GET /account/geneology HTTP/1.1" 200 4887 "https://finationglobal.com/account/" "Mozilla/5.0 (Linux; Android 10; K) AppleWebKit/537.36 (KHTML, like Gecko) Chrome/135.0.0.0 Mobile Safari/537.36"
66.249.70.37 - - [27/Apr/2025:10:33:50 -0400] "GET /?shopdetail/12279337 HTTP/1.1" 200 6422 "-" "Mozilla/5.0 (compatible; Googlebot/2.1; +http://www.google.com/bot.html)"
197.250.225.203 - - [27/Apr/2025:10:34:15 -0400] "GET /account/ HTTP/1.1" 200 6825 "https://finationglobal.com/account/login" "Mozilla/5.0 (Linux; Android 10; K) AppleWebKit/537.36 (KHTML, like Gecko) Chrome/135.0.0.0 Mobile Safari/537.36"
66.249.70.36 - - [27/Apr/2025:10:36:26 -0400] "GET /?shopdetail/13538093 HTTP/1.1" 200 6422 "-" "Mozilla/5.0 (compatible; Googlebot/2.1; +http://www.google.com/bot.html)"
66.249.70.37 - - [27/Apr/2025:10:36:39 -0400] "GET /?shopdetail/10996126 HTTP/1.1" 200 6424 "-" "Mozilla/5.0 (compatible; Googlebot/2.1; +http://www.google.com/bot.html)"
66.249.70.38 - - [27/Apr/2025:10:37:33 -0400] "GET /?shopdetail/11732971 HTTP/1.1" 200 6424 "-" "Mozilla/5.0 (Linux; Android 6.0.1; Nexus 5X Build/MMB29P) AppleWebKit/537.36 (KHTML, like Gecko) Chrome/135.0.7049.95 Mobile Safari/537.36 (compatible; Googlebot/2.1; +http://www.google.com/bot.html)"
66.249.70.36 - - [27/Apr/2025:10:39:26 -0400] "GET /?pcmypage?callback=/product%2Fdetail%2F26920469 HTTP/1.1" 200 6424 "-" "Mozilla/5.0 (compatible; Googlebot/2.1; +http://www.google.com/bot.html)"
66.249.70.38 - - [27/Apr/2025:10:40:53 -0400] "GET /?shopdetail/22189726 HTTP/1.1" 200 6424 "-" "Mozilla/5.0 (compatible; Googlebot/2.1; +http://www.google.com/bot.html)"
197.211.59.83 - - [27/Apr/2025:10:43:27 -0400] "GET /r/divafame1 HTTP/1.1" 301 795 "-" "Mozilla/5.0 (Linux; Android 10; K) AppleWebKit/537.36 (KHTML, like Gecko) Chrome/125.0.0.0 Mobile Safari/537.36"
197.211.59.83 - - [27/Apr/2025:10:43:28 -0400] "GET /account/register?ref=divafame1 HTTP/1.1" 200 1860 "-" "Mozilla/5.0 (Linux; Android 10; K) AppleWebKit/537.36 (KHTML, like Gecko) Chrome/125.0.0.0 Mobile Safari/537.36"
197.211.59.83 - - [27/Apr/2025:10:43:29 -0400] "GET /assets/css/style.css HTTP/1.1" 200 144740 "https://finationglobal.com/account/register?ref=divafame1" "Mozilla/5.0 (Linux; Android 10; K) AppleWebKit/537.36 (KHTML, like Gecko) Chrome/125.0.0.0 Mobile Safari/537.36"
197.211.59.83 - - [27/Apr/2025:10:43:29 -0400] "GET /account/finbrand.png HTTP/1.1" 206 1 "https://finationglobal.com/account/register?ref=divafame1" "Mozilla/5.0 (Linux; Android 10; K) AppleWebKit/537.36 (KHTML, like Gecko) Chrome/125.0.0.0 Mobile Safari/537.36"
197.211.59.83 - - [27/Apr/2025:10:43:29 -0400] "GET /assets/js/circle-progress.min.js HTTP/1.1" 200 4965 "https://finationglobal.com/account/register?ref=divafame1" "Mozilla/5.0 (Linux; Android 10; K) AppleWebKit/537.36 (KHTML, like Gecko) Chrome/125.0.0.0 Mobile Safari/537.36"
197.211.59.83 - - [27/Apr/2025:10:43:29 -0400] "GET /assets/plugins/bootstrap/js/popper.min.js HTTP/1.1" 200 10266 "https://finationglobal.com/account/register?ref=divafame1" "Mozilla/5.0 (Linux; Android 10; K) AppleWebKit/537.36 (KHTML, like Gecko) Chrome/125.0.0.0 Mobile Safari/537.36"
197.211.59.83 - - [27/Apr/2025:10:43:29 -0400] "GET /assets/plugins/bootstrap/js/bootstrap.min.js HTTP/1.1" 200 18884 "https://finationglobal.com/account/register?ref=divafame1" "Mozilla/5.0 (Linux; Android 10; K) AppleWebKit/537.36 (KHTML, like Gecko) Chrome/125.0.0.0 Mobile Safari/537.36"
197.211.59.83 - - [27/Apr/2025:10:43:29 -0400] "GET /assets/plugins/p-scroll/perfect-scrollbar.js HTTP/1.1" 200 10585 "https://finationglobal.com/account/register?ref=divafame1" "Mozilla/5.0 (Linux; Android 10; K) AppleWebKit/537.36 (KHTML, like Gecko) Chrome/125.0.0.0 Mobile Safari/537.36"
197.211.59.83 - - [27/Apr/2025:10:43:30 -0400] "GET /assets/iconfonts/bootstrapicons/bootstrap-icons.css HTTP/1.1" 200 8194 "https://finationglobal.com/assets/css/icons.css" "Mozilla/5.0 (Linux; Android 10; K) AppleWebKit/537.36 (KHTML, like Gecko) Chrome/125.0.0.0 Mobile Safari/537.36"
197.211.59.83 - - [27/Apr/2025:10:43:30 -0400] "GET /assets/iconfonts/font-awesome/css/font-awesome.min.css HTTP/1.1" 200 6666 "https://finationglobal.com/assets/css/icons.css" "Mozilla/5.0 (Linux; Android 10; K) AppleWebKit/537.36 (KHTML, like Gecko) Chrome/125.0.0.0 Mobile Safari/537.36"
197.211.59.83 - - [27/Apr/2025:10:43:30 -0400] "GET /assets/iconfonts/glyphicons/glyphicon.css HTTP/1.1" 200 2217 "https://finationglobal.com/assets/css/icons.css" "Mozilla/5.0 (Linux; Android 10; K) AppleWebKit/537.36 (KHTML, like Gecko) Chrome/125.0.0.0 Mobile Safari/537.36"
197.211.59.83 - - [27/Apr/2025:10:43:30 -0400] "GET /assets/iconfonts/ionicons/ionicons.css HTTP/1.1" 200 6409 "https://finationglobal.com/assets/css/icons.css" "Mozilla/5.0 (Linux; Android 10; K) AppleWebKit/537.36 (KHTML, like Gecko) Chrome/125.0.0.0 Mobile Safari/537.36"
197.211.59.83 - - [27/Apr/2025:10:43:30 -0400] "GET /assets/iconfonts/linearicons/Linearicons.css HTTP/1.1" 200 1507 "https://finationglobal.com/assets/css/icons.css" "Mozilla/5.0 (Linux; Android 10; K) AppleWebKit/537.36 (KHTML, like Gecko) Chrome/125.0.0.0 Mobile Safari/537.36"
197.211.59.83 - - [27/Apr/2025:10:43:30 -0400] "GET /assets/iconfonts/themify/themify.css HTTP/1.1" 200 2728 "https://finationglobal.com/assets/css/icons.css" "Mozilla/5.0 (Linux; Android 10; K) AppleWebKit/537.36 (KHTML, like Gecko) Chrome/125.0.0.0 Mobile Safari/537.36"
197.211.59.83 - - [27/Apr/2025:10:43:30 -0400] "GET /assets/iconfonts/pe-icon-7-stroke/Pe-icon-7.css HTTP/1.1" 200 1681 "https://finationglobal.com/assets/css/icons.css" "Mozilla/5.0 (Linux; Android 10; K) AppleWebKit/537.36 (KHTML, like Gecko) Chrome/125.0.0.0 Mobile Safari/537.36"
197.211.59.83 - - [27/Apr/2025:10:43:30 -0400] "GET /assets/iconfonts/typicons/typicons.css HTTP/1.1" 200 3263 "https://finationglobal.com/assets/css/icons.css" "Mozilla/5.0 (Linux; Android 10; K) AppleWebKit/537.36 (KHTML, like Gecko) Chrome/125.0.0.0 Mobile Safari/537.36"
197.211.59.83 - - [27/Apr/2025:10:43:30 -0400] "GET /assets/iconfonts/feather/feather.css HTTP/1.1" 200 1999 "https://finationglobal.com/assets/css/icons.css" "Mozilla/5.0 (Linux; Android 10; K) AppleWebKit/537.36 (KHTML, like Gecko) Chrome/125.0.0.0 Mobile Safari/537.36"
197.211.59.83 - - [27/Apr/2025:10:43:30 -0400] "GET /assets/iconfonts/simple-line-icons/simple-line-icons.css HTTP/1.1" 200 3107 "https://finationglobal.com/assets/css/icons.css" "Mozilla/5.0 (Linux; Android 10; K) AppleWebKit/537.36 (KHTML, like Gecko) Chrome/125.0.0.0 Mobile Safari/537.36"
197.211.59.83 - - [27/Apr/2025:10:43:30 -0400] "GET /assets/iconfonts/weathericons/weathericons.css HTTP/1.1" 200 3459 "https://finationglobal.com/assets/css/icons.css" "Mozilla/5.0 (Linux; Android 10; K) AppleWebKit/537.36 (KHTML, like Gecko) Chrome/125.0.0.0 Mobile Safari/537.36"
197.211.59.83 - - [27/Apr/2025:10:43:30 -0400] "GET /assets/iconfonts/materialdesignicons/materialdesignicons.css HTTP/1.1" 200 22418 "https://finationglobal.com/assets/css/icons.css" "Mozilla/5.0 (Linux; Android 10; K) AppleWebKit/537.36 (KHTML, like Gecko) Chrome/125.0.0.0 Mobile Safari/537.36"
197.211.59.83 - - [27/Apr/2025:10:43:30 -0400] "GET /assets/plugins/iconfonts/remixicon/remixicon.css HTTP/1.1" 200 12884 "https://finationglobal.com/assets/css/icons.css" "Mozilla/5.0 (Linux; Android 10; K) AppleWebKit/537.36 (KHTML, like Gecko) Chrome/125.0.0.0 Mobile Safari/537.36"
66.249.70.38 - - [27/Apr/2025:10:43:40 -0400] "GET /?shopdetail/12422982 HTTP/1.1" 200 6422 "-" "Mozilla/5.0 (Linux; Android 6.0.1; Nexus 5X Build/MMB29P) AppleWebKit/537.36 (KHTML, like Gecko) Chrome/135.0.7049.95 Mobile Safari/537.36 (compatible; Googlebot/2.1; +http://www.google.com/bot.html)"
197.211.59.83 - - [27/Apr/2025:10:43:49 -0400] "GET /assets/js/swither-styles.js HTTP/1.1" 200 7609 "https://finationglobal.com/account/register?ref=divafame1" "Mozilla/5.0 (Linux; Android 10; K) AppleWebKit/537.36 (KHTML, like Gecko) Chrome/125.0.0.0 Mobile Safari/537.36"
197.211.59.83 - - [27/Apr/2025:10:43:49 -0400] "GET /assets/js/custom.js HTTP/1.1" 200 5093 "https://finationglobal.com/account/register?ref=divafame1" "Mozilla/5.0 (Linux; Android 10; K) AppleWebKit/537.36 (KHTML, like Gecko) Chrome/125.0.0.0 Mobile Safari/537.36"
197.211.59.83 - - [27/Apr/2025:10:43:49 -0400] "GET /assets/plugins/input-mask/jquery.mask.min.js HTTP/1.1" 200 6191 "https://finationglobal.com/account/register?ref=divafame1" "Mozilla/5.0 (Linux; Android 10; K) AppleWebKit/537.36 (KHTML, like Gecko) Chrome/125.0.0.0 Mobile Safari/537.36"
197.211.59.83 - - [27/Apr/2025:10:43:49 -0400] "GET /assets/js/themeColors.js HTTP/1.1" 200 5058 "https://finationglobal.com/account/register?ref=divafame1" "Mozilla/5.0 (Linux; Android 10; K) AppleWebKit/537.36 (KHTML, like Gecko) Chrome/125.0.0.0 Mobile Safari/537.36"
197.211.59.83 - - [27/Apr/2025:10:44:03 -0400] "GET /account/finbrand.png HTTP/1.1" 206 9937 "https://finationglobal.com/account/register?ref=divafame1" "Mozilla/5.0 (Linux; Android 10; K) AppleWebKit/537.36 (KHTML, like Gecko) Chrome/125.0.0.0 Mobile Safari/537.36"
197.211.59.83 - - [27/Apr/2025:10:44:15 -0400] "GET /assets/iconfonts/materialdesignicons/fonts/Material-Design-Iconic-Font.woff2?v=2.2.0 HTTP/1.1" 200 38384 "https://finationglobal.com/assets/iconfonts/materialdesignicons/materialdesignicons.css" "Mozilla/5.0 (Linux; Android 10; K) AppleWebKit/537.36 (KHTML, like Gecko) Chrome/125.0.0.0 Mobile Safari/537.36"
197.211.59.83 - - [27/Apr/2025:10:44:15 -0400] "GET /assets/iconfonts/materialdesignicons/fonts/materialdesignicons-webfont.woff2?v=2.0.46 HTTP/1.1" 200 109248 "https://finationglobal.com/assets/iconfonts/materialdesignicons/materialdesignicons.css" "Mozilla/5.0 (Linux; Android 10; K) AppleWebKit/537.36 (KHTML, like Gecko) Chrome/125.0.0.0 Mobile Safari/537.36"
197.211.59.83 - - [27/Apr/2025:10:44:15 -0400] "GET /assets/iconfonts/font-awesome/fonts/fontawesome-webfont.woff2?v=4.7.0 HTTP/1.1" 200 77160 "https://finationglobal.com/assets/iconfonts/font-awesome/css/font-awesome.min.css" "Mozilla/5.0 (Linux; Android 10; K) AppleWebKit/537.36 (KHTML, like Gecko) Chrome/125.0.0.0 Mobile Safari/537.36"
197.211.59.83 - - [27/Apr/2025:10:44:16 -0400] "GET /account/control.php?confirm=divafame1 HTTP/1.1" 302 771 "https://finationglobal.com/account/register?ref=divafame1" "Mozilla/5.0 (Linux; Android 10; K) AppleWebKit/537.36 (KHTML, like Gecko) Chrome/125.0.0.0 Mobile Safari/537.36"
197.211.59.83 - - [27/Apr/2025:10:44:41 -0400] "GET /account/control?confirm=divafame1 HTTP/1.1" 200 43 "https://finationglobal.com/account/register?ref=divafame1" "Mozilla/5.0 (Linux; Android 10; K) AppleWebKit/537.36 (KHTML, like Gecko) Chrome/125.0.0.0 Mobile Safari/537.36"
197.211.59.83 - - [27/Apr/2025:10:44:53 -0400] "GET /assets/images/brand/favicon.ico HTTP/1.1" 200 889 "https://finationglobal.com/account/register?ref=divafame1" "Mozilla/5.0 (Linux; Android 10; K) AppleWebKit/537.36 (KHTML, like Gecko) Chrome/125.0.0.0 Mobile Safari/537.36"
197.211.59.83 - - [27/Apr/2025:10:44:57 -0400] "GET /account/login HTTP/1.1" 200 1297 "https://finationglobal.com/account/register?ref=divafame1" "Mozilla/5.0 (Linux; Android 10; K) AppleWebKit/537.36 (KHTML, like Gecko) Chrome/125.0.0.0 Mobile Safari/537.36"
197.211.59.83 - - [27/Apr/2025:10:44:57 -0400] "GET /account/login HTTP/1.1" 200 1297 "https://finationglobal.com/account/register?ref=divafame1" "Mozilla/5.0 (Linux; Android 10; K) AppleWebKit/537.36 (KHTML, like Gecko) Chrome/125.0.0.0 Mobile Safari/537.36"
197.211.59.83 - - [27/Apr/2025:10:44:59 -0400] "GET /assets/js/jquery.sparkline.min.js HTTP/1.1" 200 15624 "https://finationglobal.com/account/login" "Mozilla/5.0 (Linux; Android 10; K) AppleWebKit/537.36 (KHTML, like Gecko) Chrome/125.0.0.0 Mobile Safari/537.36"
197.211.59.83 - - [27/Apr/2025:10:45:18 -0400] "POST /account/login HTTP/1.1" 302 1297 "https://finationglobal.com/account/login" "Mozilla/5.0 (Linux; Android 10; K) AppleWebKit/537.36 (KHTML, like Gecko) Chrome/125.0.0.0 Mobile Safari/537.36"
197.211.59.83 - - [27/Apr/2025:10:45:19 -0400] "GET /account/ HTTP/1.1" 200 6714 "https://finationglobal.com/account/login" "Mozilla/5.0 (Linux; Android 10; K) AppleWebKit/537.36 (KHTML, like Gecko) Chrome/125.0.0.0 Mobile Safari/537.36"
197.211.59.83 - - [27/Apr/2025:10:45:22 -0400] "GET /account/finationbr.png HTTP/1.1" 200 16423 "https://finationglobal.com/account/" "Mozilla/5.0 (Linux; Android 10; K) AppleWebKit/537.36 (KHTML, like Gecko) Chrome/125.0.0.0 Mobile Safari/537.36"
197.211.59.83 - - [27/Apr/2025:10:45:22 -0400] "GET /account/uploads/user.png HTTP/1.1" 200 19456 "https://finationglobal.com/account/" "Mozilla/5.0 (Linux; Android 10; K) AppleWebKit/537.36 (KHTML, like Gecko) Chrome/125.0.0.0 Mobile Safari/537.36"
197.211.59.83 - - [27/Apr/2025:10:45:22 -0400] "GET /assets/plugins/chart/Chart.bundle.js HTTP/1.1" 200 100033 "https://finationglobal.com/account/" "Mozilla/5.0 (Linux; Android 10; K) AppleWebKit/537.36 (KHTML, like Gecko) Chrome/125.0.0.0 Mobile Safari/537.36"
197.211.59.83 - - [27/Apr/2025:10:45:22 -0400] "GET /account/uploads/31z4n63t8i1e.jpg HTTP/1.1" 200 404074 "https://finationglobal.com/account/" "Mozilla/5.0 (Linux; Android 10; K) AppleWebKit/537.36 (KHTML, like Gecko) Chrome/125.0.0.0 Mobile Safari/537.36"
197.211.59.83 - - [27/Apr/2025:10:45:22 -0400] "GET /account/uploads/gc2faa3dhxyi.jpg HTTP/1.1" 200 415134 "https://finationglobal.com/account/" "Mozilla/5.0 (Linux; Android 10; K) AppleWebKit/537.36 (KHTML, like Gecko) Chrome/125.0.0.0 Mobile Safari/537.36"
197.211.59.83 - - [27/Apr/2025:10:45:24 -0400] "GET /assets/plugins/chart/utils.js HTTP/1.1" 200 3983 "https://finationglobal.com/account/" "Mozilla/5.0 (Linux; Android 10; K) AppleWebKit/537.36 (KHTML, like Gecko) Chrome/125.0.0.0 Mobile Safari/537.36"
197.211.59.83 - - [27/Apr/2025:10:45:25 -0400] "GET /assets/plugins/peitychart/jquery.peity.min.js HTTP/1.1" 200 4883 "https://finationglobal.com/account/" "Mozilla/5.0 (Linux; Android 10; K) AppleWebKit/537.36 (KHTML, like Gecko) Chrome/125.0.0.0 Mobile Safari/537.36"
197.211.59.83 - - [27/Apr/2025:10:45:25 -0400] "GET /assets/plugins/peitychart/peitychart.init.js HTTP/1.1" 200 3563 "https://finationglobal.com/account/" "Mozilla/5.0 (Linux; Android 10; K) AppleWebKit/537.36 (KHTML, like Gecko) Chrome/125.0.0.0 Mobile Safari/537.36"
197.211.59.83 - - [27/Apr/2025:10:45:25 -0400] "GET /assets/plugins/select2/select2.full.min.js HTTP/1.1" 200 23523 "https://finationglobal.com/account/" "Mozilla/5.0 (Linux; Android 10; K) AppleWebKit/537.36 (KHTML, like Gecko) Chrome/125.0.0.0 Mobile Safari/537.36"
197.211.59.83 - - [27/Apr/2025:10:45:25 -0400] "GET /account/pngtree.png HTTP/1.1" 200 5486 "https://finationglobal.com/account/" "Mozilla/5.0 (Linux; Android 10; K) AppleWebKit/537.36 (KHTML, like Gecko) Chrome/125.0.0.0 Mobile Safari/537.36"
197.211.59.83 - - [27/Apr/2025:10:45:37 -0400] "GET /assets/plugins/datatable/js/jquery.dataTables.min.js HTTP/1.1" 200 31890 "https://finationglobal.com/account/" "Mozilla/5.0 (Linux; Android 10; K) AppleWebKit/537.36 (KHTML, like Gecko) Chrome/125.0.0.0 Mobile Safari/537.36"
197.211.59.83 - - [27/Apr/2025:10:45:37 -0400] "GET /assets/plugins/datatable/js/dataTables.bootstrap5.js HTTP/1.1" 200 5023 "https://finationglobal.com/account/" "Mozilla/5.0 (Linux; Android 10; K) AppleWebKit/537.36 (KHTML, like Gecko) Chrome/125.0.0.0 Mobile Safari/537.36"
197.211.59.83 - - [27/Apr/2025:10:45:37 -0400] "GET /assets/plugins/datatable/dataTables.responsive.min.js HTTP/1.1" 200 8732 "https://finationglobal.com/account/" "Mozilla/5.0 (Linux; Android 10; K) AppleWebKit/537.36 (KHTML, like Gecko) Chrome/125.0.0.0 Mobile Safari/537.36"
197.211.59.83 - - [27/Apr/2025:10:45:37 -0400] "GET /assets/plugins/echarts/echarts.js HTTP/1.1" 200 756408 "https://finationglobal.com/account/" "Mozilla/5.0 (Linux; Android 10; K) AppleWebKit/537.36 (KHTML, like Gecko) Chrome/125.0.0.0 Mobile Safari/537.36"
154.74.192.78 - - [27/Apr/2025:10:45:37 -0400] "GET /account/login HTTP/1.1" 200 1297 "-" "Mozilla/5.0 (Linux; Android 10; K) AppleWebKit/537.36 (KHTML, like Gecko) Chrome/135.0.0.0 Mobile Safari/537.36"
197.211.59.83 - - [27/Apr/2025:10:45:42 -0400] "GET /assets/plugins/sidemenu/sidemenu.js HTTP/1.1" 200 6080 "https://finationglobal.com/account/" "Mozilla/5.0 (Linux; Android 10; K) AppleWebKit/537.36 (KHTML, like Gecko) Chrome/125.0.0.0 Mobile Safari/537.36"
197.211.59.83 - - [27/Apr/2025:10:45:42 -0400] "GET /assets/plugins/p-scroll/pscroll-1.js HTTP/1.1" 200 3050 "https://finationglobal.com/account/" "Mozilla/5.0 (Linux; Android 10; K) AppleWebKit/537.36 (KHTML, like Gecko) Chrome/125.0.0.0 Mobile Safari/537.36"
197.211.59.83 - - [27/Apr/2025:10:45:42 -0400] "GET /assets/js/sticky.js HTTP/1.1" 200 3447 "https://finationglobal.com/account/" "Mozilla/5.0 (Linux; Android 10; K) AppleWebKit/537.36 (KHTML, like Gecko) Chrome/125.0.0.0 Mobile Safari/537.36"
197.211.59.83 - - [27/Apr/2025:10:45:42 -0400] "GET /assets/plugins/p-scroll/pscroll.js HTTP/1.1" 200 3063 "https://finationglobal.com/account/" "Mozilla/5.0 (Linux; Android 10; K) AppleWebKit/537.36 (KHTML, like Gecko) Chrome/125.0.0.0 Mobile Safari/537.36"
197.211.59.83 - - [27/Apr/2025:10:45:42 -0400] "GET /assets/js/index1.js HTTP/1.1" 200 4284 "https://finationglobal.com/account/" "Mozilla/5.0 (Linux; Android 10; K) AppleWebKit/537.36 (KHTML, like Gecko) Chrome/125.0.0.0 Mobile Safari/537.36"
197.211.59.83 - - [27/Apr/2025:10:45:42 -0400] "GET /account/uploads/u1.png HTTP/1.1" 200 2924 "https://finationglobal.com/account/" "Mozilla/5.0 (Linux; Android 10; K) AppleWebKit/537.36 (KHTML, like Gecko) Chrome/125.0.0.0 Mobile Safari/537.36"
197.211.59.83 - - [27/Apr/2025:10:45:42 -0400] "GET /assets/plugins/sidebar/sidebar.js HTTP/1.1" 200 3987 "https://finationglobal.com/account/" "Mozilla/5.0 (Linux; Android 10; K) AppleWebKit/537.36 (KHTML, like Gecko) Chrome/125.0.0.0 Mobile Safari/537.36"
197.211.59.83 - - [27/Apr/2025:10:45:42 -0400] "GET /assets/iconfonts/feather/fonts/feather-webfont.woff?t=1501841394106 HTTP/1.1" 200 28984 "https://finationglobal.com/assets/css/style.css" "Mozilla/5.0 (Linux; Android 10; K) AppleWebKit/537.36 (KHTML, like Gecko) Chrome/125.0.0.0 Mobile Safari/537.36"
197.211.59.83 - - [27/Apr/2025:10:45:42 -0400] "GET /assets/js/apexcharts.js HTTP/1.1" 200 125432 "https://finationglobal.com/account/" "Mozilla/5.0 (Linux; Android 10; K) AppleWebKit/537.36 (KHTML, like Gecko) Chrome/125.0.0.0 Mobile Safari/537.36"
154.74.192.78 - - [27/Apr/2025:10:45:45 -0400] "POST /account/login HTTP/1.1" 302 1297 "https://finationglobal.com/account/login" "Mozilla/5.0 (Linux; Android 10; K) AppleWebKit/537.36 (KHTML, like Gecko) Chrome/135.0.0.0 Mobile Safari/537.36"
154.74.192.78 - - [27/Apr/2025:10:45:46 -0400] "GET /account/ HTTP/1.1" 200 0 "https://finationglobal.com/account/login" "Mozilla/5.0 (Linux; Android 10; K) AppleWebKit/537.36 (KHTML, like Gecko) Chrome/135.0.0.0 Mobile Safari/537.36"
154.74.192.78 - - [27/Apr/2025:10:45:46 -0400] "POST /account/login HTTP/1.1" 302 1297 "https://finationglobal.com/account/login" "Mozilla/5.0 (Linux; Android 10; K) AppleWebKit/537.36 (KHTML, like Gecko) Chrome/135.0.0.0 Mobile Safari/537.36"
154.74.192.78 - - [27/Apr/2025:10:45:47 -0400] "GET /account/ HTTP/1.1" 200 6806 "https://finationglobal.com/account/login" "Mozilla/5.0 (Linux; Android 10; K) AppleWebKit/537.36 (KHTML, like Gecko) Chrome/135.0.0.0 Mobile Safari/537.36"
197.211.59.83 - - [27/Apr/2025:10:46:40 -0400] "GET /account/ HTTP/1.1" 200 6714 "https://finationglobal.com/account/login" "Mozilla/5.0 (Linux; Android 10; K) AppleWebKit/537.36 (KHTML, like Gecko) Chrome/125.0.0.0 Mobile Safari/537.36"
197.211.59.83 - - [27/Apr/2025:10:47:15 -0400] "GET /assets/iconfonts/feather/fonts/feather-webfont.ttf?t=1501841394106 HTTP/1.1" 200 66816 "https://finationglobal.com/assets/css/style.css" "Mozilla/5.0 (Linux; Android 10; K) AppleWebKit/537.36 (KHTML, like Gecko) Chrome/125.0.0.0 Mobile Safari/537.36"
197.211.59.83 - - [27/Apr/2025:10:47:16 -0400] "GET /assets/js/apexcharts.js HTTP/1.1" 200 125432 "https://finationglobal.com/account/" "Mozilla/5.0 (Linux; Android 10; K) AppleWebKit/537.36 (KHTML, like Gecko) Chrome/125.0.0.0 Mobile Safari/537.36"
197.211.59.83 - - [27/Apr/2025:10:47:16 -0400] "GET /account/uploads/31z4n63t8i1e.jpg HTTP/1.1" 206 1 "https://finationglobal.com/account/" "Mozilla/5.0 (Linux; Android 10; K) AppleWebKit/537.36 (KHTML, like Gecko) Chrome/125.0.0.0 Mobile Safari/537.36"
197.211.59.83 - - [27/Apr/2025:10:47:16 -0400] "GET /account/uploads/gc2faa3dhxyi.jpg HTTP/1.1" 206 1 "https://finationglobal.com/account/" "Mozilla/5.0 (Linux; Android 10; K) AppleWebKit/537.36 (KHTML, like Gecko) Chrome/125.0.0.0 Mobile Safari/537.36"
197.211.59.83 - - [27/Apr/2025:10:47:16 -0400] "GET /assets/plugins/echarts/echarts.js HTTP/1.1" 200 756408 "https://finationglobal.com/account/" "Mozilla/5.0 (Linux; Android 10; K) AppleWebKit/537.36 (KHTML, like Gecko) Chrome/125.0.0.0 Mobile Safari/537.36"
197.211.59.83 - - [27/Apr/2025:10:47:16 -0400] "GET /account/ HTTP/1.1" 200 6714 "https://finationglobal.com/account/login" "Mozilla/5.0 (Linux; Android 10; K) AppleWebKit/537.36 (KHTML, like Gecko) Chrome/125.0.0.0 Mobile Safari/537.36"
197.211.59.83 - - [27/Apr/2025:10:47:17 -0400] "GET /assets/iconfonts/feather/fonts/feather-webfont.woff?t=1501841394106 HTTP/1.1" 200 28984 "https://finationglobal.com/assets/css/style.css" "Mozilla/5.0 (Linux; Android 10; K) AppleWebKit/537.36 (KHTML, like Gecko) Chrome/125.0.0.0 Mobile Safari/537.36"
197.211.59.83 - - [27/Apr/2025:10:47:21 -0400] "GET /account/uploads/31z4n63t8i1e.jpg HTTP/1.1" 206 109162 "https://finationglobal.com/account/" "Mozilla/5.0 (Linux; Android 10; K) AppleWebKit/537.36 (KHTML, like Gecko) Chrome/125.0.0.0 Mobile Safari/537.36"
197.211.59.83 - - [27/Apr/2025:10:47:21 -0400] "GET /account/uploads/gc2faa3dhxyi.jpg HTTP/1.1" 206 193950 "https://finationglobal.com/account/" "Mozilla/5.0 (Linux; Android 10; K) AppleWebKit/537.36 (KHTML, like Gecko) Chrome/125.0.0.0 Mobile Safari/537.36"
197.211.59.83 - - [27/Apr/2025:10:47:24 -0400] "GET /account/uploads/31z4n63t8i1e.jpg HTTP/1.1" 206 1 "https://finationglobal.com/account/" "Mozilla/5.0 (Linux; Android 10; K) AppleWebKit/537.36 (KHTML, like Gecko) Chrome/125.0.0.0 Mobile Safari/537.36"
197.211.59.83 - - [27/Apr/2025:10:47:24 -0400] "GET /account/uploads/gc2faa3dhxyi.jpg HTTP/1.1" 206 1 "https://finationglobal.com/account/" "Mozilla/5.0 (Linux; Android 10; K) AppleWebKit/537.36 (KHTML, like Gecko) Chrome/125.0.0.0 Mobile Safari/537.36"
197.211.59.83 - - [27/Apr/2025:10:47:24 -0400] "GET /assets/iconfonts/feather/fonts/feather-webfont.woff?t=1501841394106 HTTP/1.1" 200 28984 "https://finationglobal.com/assets/css/style.css" "Mozilla/5.0 (Linux; Android 10; K) AppleWebKit/537.36 (KHTML, like Gecko) Chrome/125.0.0.0 Mobile Safari/537.36"
197.211.59.83 - - [27/Apr/2025:10:47:24 -0400] "GET /assets/plugins/echarts/echarts.js HTTP/1.1" 200 756408 "https://finationglobal.com/account/" "Mozilla/5.0 (Linux; Android 10; K) AppleWebKit/537.36 (KHTML, like Gecko) Chrome/125.0.0.0 Mobile Safari/537.36"
197.211.59.83 - - [27/Apr/2025:10:47:37 -0400] "GET /account/uploads/31z4n63t8i1e.jpg HTTP/1.1" 206 109162 "https://finationglobal.com/account/" "Mozilla/5.0 (Linux; Android 10; K) AppleWebKit/537.36 (KHTML, like Gecko) Chrome/125.0.0.0 Mobile Safari/537.36"
197.211.59.83 - - [27/Apr/2025:10:47:37 -0400] "GET /account/uploads/gc2faa3dhxyi.jpg HTTP/1.1" 206 193950 "https://finationglobal.com/account/" "Mozilla/5.0 (Linux; Android 10; K) AppleWebKit/537.36 (KHTML, like Gecko) Chrome/125.0.0.0 Mobile Safari/537.36"
66.249.64.234 - - [27/Apr/2025:10:48:06 -0400] "GET /robots.txt HTTP/1.1" 404 1251 "-" "Mozilla/5.0 (compatible; Googlebot/2.1; +http://www.google.com/bot.html)"
66.249.64.224 - - [27/Apr/2025:10:48:07 -0400] "GET / HTTP/1.1" 200 6422 "-" "Mozilla/5.0 (compatible; Googlebot/2.1; +http://www.google.com/bot.html)"
66.249.64.225 - - [27/Apr/2025:10:48:09 -0400] "GET /js/wow.min.js HTTP/1.1" 200 5615 "https://finationglobal.com/" "Mozilla/5.0 AppleWebKit/537.36 (KHTML, like Gecko; compatible; Googlebot/2.1; +http://www.google.com/bot.html) Chrome/134.0.6998.165 Safari/537.36"
66.249.64.234 - - [27/Apr/2025:10:48:09 -0400] "GET /js/magnific-popup.min.js HTTP/1.1" 200 10049 "https://finationglobal.com/" "Mozilla/5.0 AppleWebKit/537.36 (KHTML, like Gecko; compatible; Googlebot/2.1; +http://www.google.com/bot.html) Chrome/134.0.6998.165 Safari/537.36"
66.249.64.234 - - [27/Apr/2025:10:48:11 -0400] "GET /js/backtotop.js HTTP/1.1" 200 3384 "https://finationglobal.com/" "Mozilla/5.0 AppleWebKit/537.36 (KHTML, like Gecko; compatible; Googlebot/2.1; +http://www.google.com/bot.html) Chrome/134.0.6998.165 Safari/537.36"
66.249.64.224 - - [27/Apr/2025:10:48:11 -0400] "GET /js/owl.carousel.min.js HTTP/1.1" 200 14210 "https://finationglobal.com/" "Mozilla/5.0 AppleWebKit/537.36 (KHTML, like Gecko; compatible; Googlebot/2.1; +http://www.google.com/bot.html) Chrome/134.0.6998.165 Safari/537.36"
66.249.64.224 - - [27/Apr/2025:10:48:11 -0400] "GET /js/jquery.event.move.js HTTP/1.1" 200 7135 "https://finationglobal.com/" "Mozilla/5.0 AppleWebKit/537.36 (KHTML, like Gecko; compatible; Googlebot/2.1; +http://www.google.com/bot.html) Chrome/134.0.6998.165 Safari/537.36"
66.249.70.36 - - [27/Apr/2025:10:50:17 -0400] "GET /?shopdetail/6067359 HTTP/1.1" 200 6422 "-" "Mozilla/5.0 (compatible; Googlebot/2.1; +http://www.google.com/bot.html)"
66.249.70.38 - - [27/Apr/2025:10:50:18 -0400] "GET /?pcmypage?callback=/product%2Fdetail%2F14234281 HTTP/1.1" 200 6422 "-" "Mozilla/5.0 (compatible; Googlebot/2.1; +http://www.google.com/bot.html)"
66.249.83.104 - - [27/Apr/2025:10:51:43 -0400] "GET /r/kirimbo HTTP/1.1" 301 795 "-" "Mozilla/5.0 (X11; Linux x86_64) AppleWebKit/537.36 (KHTML, like Gecko) Chrome/56.0.2924.87 Safari/537.36 Google-PageRenderer Google (+https://developers.google.com/+/web/snippet/)"
66.249.83.104 - - [27/Apr/2025:10:51:43 -0400] "GET /account/register?ref=kirimbo HTTP/1.1" 200 1860 "-" "Mozilla/5.0 (X11; Linux x86_64) AppleWebKit/537.36 (KHTML, like Gecko) Chrome/56.0.2924.87 Safari/537.36 Google-PageRenderer Google (+https://developers.google.com/+/web/snippet/)"
66.249.83.104 - - [27/Apr/2025:10:51:44 -0400] "GET /account/finbrand.png HTTP/1.1" 200 25547 "-" "Mozilla/5.0 (X11; Linux x86_64) AppleWebKit/537.36 (KHTML, like Gecko) Chrome/56.0.2924.87 Safari/537.36 Google-PageRenderer Google (+https://developers.google.com/+/web/snippet/)"
66.249.83.106 - - [27/Apr/2025:10:51:44 -0400] "GET /assets/images/loader.svg HTTP/1.1" 200 329 "-" "Mozilla/5.0 (X11; Linux x86_64) AppleWebKit/537.36 (KHTML, like Gecko) Chrome/56.0.2924.87 Safari/537.36 Google-PageRenderer Google (+https://developers.google.com/+/web/snippet/)"
142.250.32.9 - - [27/Apr/2025:10:51:46 -0400] "GET /account/finbrand.png HTTP/1.1" 200 25547 "-" "Mozilla/5.0 (Windows NT 5.1; rv:11.0) Gecko Firefox/11.0 (via ggpht.com GoogleImageProxy)"
197.250.51.202 - - [27/Apr/2025:10:52:00 -0400] "GET /account/register?ref=kirimbo HTTP/1.1" 200 1860 "-" "Mozilla/5.0 (Linux; Android 10; K) AppleWebKit/537.36 (KHTML, like Gecko) Chrome/135.0.0.0 Mobile Safari/537.36"
197.250.51.202 - - [27/Apr/2025:10:52:02 -0400] "GET /account/control.php?confirm=kirimbo HTTP/1.1" 302 771 "https://finationglobal.com/account/register?ref=kirimbo" "Mozilla/5.0 (Linux; Android 10; K) AppleWebKit/537.36 (KHTML, like Gecko) Chrome/135.0.0.0 Mobile Safari/537.36"
197.250.51.202 - - [27/Apr/2025:10:52:02 -0400] "GET /account/control?confirm=kirimbo HTTP/1.1" 200 33 "https://finationglobal.com/account/register?ref=kirimbo" "Mozilla/5.0 (Linux; Android 10; K) AppleWebKit/537.36 (KHTML, like Gecko) Chrome/135.0.0.0 Mobile Safari/537.36"
66.249.70.36 - - [27/Apr/2025:10:53:13 -0400] "GET /?safe_search/config?return_url=%2Fproduct%2Fdetail%2F99559074 HTTP/1.1" 200 6424 "-" "Mozilla/5.0 (Linux; Android 6.0.1; Nexus 5X Build/MMB29P) AppleWebKit/537.36 (KHTML, like Gecko) Chrome/135.0.7049.95 Mobile Safari/537.36 (compatible; Googlebot/2.1; +http://www.google.com/bot.html)"
66.249.70.36 - - [27/Apr/2025:10:54:48 -0400] "GET /?shopdetail/20759504 HTTP/1.1" 200 6422 "-" "Mozilla/5.0 (Linux; Android 6.0.1; Nexus 5X Build/MMB29P) AppleWebKit/537.36 (KHTML, like Gecko) Chrome/135.0.7049.95 Mobile Safari/537.36 (compatible; GoogleOther)"
197.250.51.202 - - [27/Apr/2025:10:54:51 -0400] "POST /account/register?ref=kirimbo HTTP/1.1" 302 2039 "https://finationglobal.com/account/register?ref=kirimbo" "Mozilla/5.0 (Linux; Android 10; K) AppleWebKit/537.36 (KHTML, like Gecko) Chrome/135.0.0.0 Mobile Safari/537.36"
197.250.51.202 - - [27/Apr/2025:10:54:52 -0400] "GET /account/ HTTP/1.1" 302 508 "https://finationglobal.com/account/register?ref=kirimbo" "Mozilla/5.0 (Linux; Android 10; K) AppleWebKit/537.36 (KHTML, like Gecko) Chrome/135.0.0.0 Mobile Safari/537.36"
197.250.51.202 - - [27/Apr/2025:10:54:52 -0400] "GET /account/index HTTP/1.1" 200 6428 "https://finationglobal.com/account/register?ref=kirimbo" "Mozilla/5.0 (Linux; Android 10; K) AppleWebKit/537.36 (KHTML, like Gecko) Chrome/135.0.0.0 Mobile Safari/537.36"
197.250.51.202 - - [27/Apr/2025:10:54:54 -0400] "POST /account/register?ref=kirimbo HTTP/1.1" 200 2065 "https://finationglobal.com/account/register?ref=kirimbo" "Mozilla/5.0 (Linux; Android 10; K) AppleWebKit/537.36 (KHTML, like Gecko) Chrome/135.0.0.0 Mobile Safari/537.36"
197.250.51.202 - - [27/Apr/2025:10:55:00 -0400] "GET /account/control.php?confirm=kirimbo HTTP/1.1" 302 771 "https://finationglobal.com/account/register?ref=kirimbo" "Mozilla/5.0 (Linux; Android 10; K) AppleWebKit/537.36 (KHTML, like Gecko) Chrome/135.0.0.0 Mobile Safari/537.36"
197.250.51.202 - - [27/Apr/2025:10:55:01 -0400] "GET /account/control?confirm=kirimbo HTTP/1.1" 200 33 "https://finationglobal.com/account/register?ref=kirimbo" "Mozilla/5.0 (Linux; Android 10; K) AppleWebKit/537.36 (KHTML, like Gecko) Chrome/135.0.0.0 Mobile Safari/537.36"
66.249.70.36 - - [27/Apr/2025:10:55:06 -0400] "GET /?shopdetail/18343515 HTTP/1.1" 200 6422 "-" "Mozilla/5.0 (compatible; Googlebot/2.1; +http://www.google.com/bot.html)"
154.37.79.216 - - [27/Apr/2025:10:55:17 -0400] "GET /assets/include HTTP/1.1" 200 159 "-" "Mozilla/5.0 (Macintosh; Intel Mac OS X 10_9_4) AppleWebKit/537.36 (KHTML, like Gecko) Chrome/38.0.2107.2 Safari/537.36"
197.250.51.202 - - [27/Apr/2025:10:55:50 -0400] "GET /account/login HTTP/1.1" 200 1297 "https://finationglobal.com/account/register?ref=kirimbo" "Mozilla/5.0 (Linux; Android 10; K) AppleWebKit/537.36 (KHTML, like Gecko) Chrome/135.0.0.0 Mobile Safari/537.36"
197.250.51.202 - - [27/Apr/2025:10:56:18 -0400] "POST /account/login HTTP/1.1" 302 1297 "https://finationglobal.com/account/login" "Mozilla/5.0 (Linux; Android 10; K) AppleWebKit/537.36 (KHTML, like Gecko) Chrome/135.0.0.0 Mobile Safari/537.36"
197.250.51.202 - - [27/Apr/2025:10:56:19 -0400] "GET /account/ HTTP/1.1" 200 6762 "https://finationglobal.com/account/login" "Mozilla/5.0 (Linux; Android 10; K) AppleWebKit/537.36 (KHTML, like Gecko) Chrome/135.0.0.0 Mobile Safari/537.36"
66.249.70.38 - - [27/Apr/2025:10:56:59 -0400] "GET /?shopdetail/23223426 HTTP/1.1" 200 6424 "-" "Mozilla/5.0 (Linux; Android 6.0.1; Nexus 5X Build/MMB29P) AppleWebKit/537.36 (KHTML, like Gecko) Chrome/135.0.7049.95 Mobile Safari/537.36 (compatible; Googlebot/2.1; +http://www.google.com/bot.html)"
197.250.51.202 - - [27/Apr/2025:10:58:06 -0400] "GET /account/geneology HTTP/1.1" 200 4845 "https://finationglobal.com/account/" "Mozilla/5.0 (Linux; Android 10; K) AppleWebKit/537.36 (KHTML, like Gecko) Chrome/135.0.0.0 Mobile Safari/537.36"
197.250.51.202 - - [27/Apr/2025:10:58:10 -0400] "GET /account/geneology HTTP/1.1" 200 4845 "https://finationglobal.com/account/" "Mozilla/5.0 (Linux; Android 10; K) AppleWebKit/537.36 (KHTML, like Gecko) Chrome/135.0.0.0 Mobile Safari/537.36"
197.250.51.202 - - [27/Apr/2025:10:58:14 -0400] "GET /account/referrals HTTP/1.1" 200 4443 "https://finationglobal.com/account/" "Mozilla/5.0 (Linux; Android 10; K) AppleWebKit/537.36 (KHTML, like Gecko) Chrome/135.0.0.0 Mobile Safari/537.36"
66.249.70.36 - - [27/Apr/2025:11:00:13 -0400] "GET /?shopdetail/3678893 HTTP/1.1" 200 6422 "-" "Mozilla/5.0 (compatible; Googlebot/2.1; +http://www.google.com/bot.html)"
66.249.64.224 - - [27/Apr/2025:11:00:48 -0400] "GET / HTTP/1.1" 200 6424 "-" "Mozilla/5.0 (compatible; Googlebot/2.1; +http://www.google.com/bot.html)"
66.249.64.234 - - [27/Apr/2025:11:00:50 -0400] "GET /js/trigger.js HTTP/1.1" 200 6624 "https://finationglobal.com/" "Mozilla/5.0 AppleWebKit/537.36 (KHTML, like Gecko; compatible; Googlebot/2.1; +http://www.google.com/bot.html) Chrome/134.0.6998.165 Safari/537.36"
66.249.64.234 - - [27/Apr/2025:11:00:50 -0400] "GET /css/style.css HTTP/1.1" 200 29914 "https://finationglobal.com/" "Mozilla/5.0 AppleWebKit/537.36 (KHTML, like Gecko; compatible; Googlebot/2.1; +http://www.google.com/bot.html) Chrome/134.0.6998.165 Safari/537.36"
66.249.70.36 - - [27/Apr/2025:11:03:39 -0400] "GET /?pcmypage?callback=/product%2Fdetail%2F78888359 HTTP/1.1" 200 6424 "-" "Mozilla/5.0 (Linux; Android 6.0.1; Nexus 5X Build/MMB29P) AppleWebKit/537.36 (KHTML, like Gecko) Chrome/135.0.7049.95 Mobile Safari/537.36 (compatible; Googlebot/2.1; +http://www.google.com/bot.html)"
66.249.70.38 - - [27/Apr/2025:11:07:27 -0400] "GET /?shopdetail/21065282 HTTP/1.1" 200 6422 "-" "Mozilla/5.0 (Linux; Android 6.0.1; Nexus 5X Build/MMB29P) AppleWebKit/537.36 (KHTML, like Gecko) Chrome/135.0.7049.95 Mobile Safari/537.36 (compatible; GoogleOther)"
66.249.70.36 - - [27/Apr/2025:11:07:32 -0400] "GET /js/jquery.nice-select.min.js HTTP/1.1" 200 3915 "https://www.finationglobal.com/?shopdetail/21065282" "Mozilla/5.0 (Linux; Android 6.0.1; Nexus 5X Build/MMB29P) AppleWebKit/537.36 (KHTML, like Gecko) Chrome/134.0.6998.165 Mobile Safari/537.36 (compatible; Googlebot/2.1; +http://www.google.com/bot.html)"
66.249.70.36 - - [27/Apr/2025:11:07:57 -0400] "GET /?shopdetail/30928160 HTTP/1.1" 200 6424 "-" "Mozilla/5.0 (Linux; Android 6.0.1; Nexus 5X Build/MMB29P) AppleWebKit/537.36 (KHTML, like Gecko) Chrome/135.0.7049.95 Mobile Safari/537.36 (compatible; Googlebot/2.1; +http://www.google.com/bot.html)"
197.250.51.202 - - [27/Apr/2025:11:13:03 -0400] "GET /account/referrals HTTP/1.1" 200 4443 "https://finationglobal.com/account/" "Mozilla/5.0 (Linux; Android 10; K) AppleWebKit/537.36 (KHTML, like Gecko) Chrome/135.0.0.0 Mobile Safari/537.36"
197.250.51.202 - - [27/Apr/2025:11:13:03 -0400] "GET /account/referrals HTTP/1.1" 200 4443 "https://finationglobal.com/account/" "Mozilla/5.0 (Linux; Android 10; K) AppleWebKit/537.36 (KHTML, like Gecko) Chrome/135.0.0.0 Mobile Safari/537.36"
197.250.51.202 - - [27/Apr/2025:11:13:03 -0400] "GET /account/referrals HTTP/1.1" 200 4443 "https://finationglobal.com/account/" "Mozilla/5.0 (Linux; Android 10; K) AppleWebKit/537.36 (KHTML, like Gecko) Chrome/135.0.0.0 Mobile Safari/537.36"
197.250.51.202 - - [27/Apr/2025:11:13:18 -0400] "GET /account/referrals HTTP/1.1" 200 4443 "https://finationglobal.com/account/referrals" "Mozilla/5.0 (Linux; Android 10; K) AppleWebKit/537.36 (KHTML, like Gecko) Chrome/135.0.0.0 Mobile Safari/537.36"
197.250.51.202 - - [27/Apr/2025:11:13:31 -0400] "GET /account/geneology HTTP/1.1" 200 4847 "https://finationglobal.com/account/referrals" "Mozilla/5.0 (Linux; Android 10; K) AppleWebKit/537.36 (KHTML, like Gecko) Chrome/135.0.0.0 Mobile Safari/537.36"
66.249.70.38 - - [27/Apr/2025:11:13:42 -0400] "GET /?shopdetail/19966182 HTTP/1.1" 200 6422 "-" "Mozilla/5.0 (compatible; Googlebot/2.1; +http://www.google.com/bot.html)"
197.250.51.202 - - [27/Apr/2025:11:14:15 -0400] "GET /account/ HTTP/1.1" 200 6764 "https://finationglobal.com/account/geneology" "Mozilla/5.0 (Linux; Android 10; K) AppleWebKit/537.36 (KHTML, like Gecko) Chrome/135.0.0.0 Mobile Safari/537.36"
66.249.83.106 - - [27/Apr/2025:11:14:59 -0400] "GET /r/nazaj HTTP/1.1" 301 795 "-" "Mozilla/5.0 (X11; Linux x86_64) AppleWebKit/537.36 (KHTML, like Gecko) Chrome/56.0.2924.87 Safari/537.36 Google-PageRenderer Google (+https://developers.google.com/+/web/snippet/)"
66.249.83.106 - - [27/Apr/2025:11:14:59 -0400] "GET /account/register?ref=nazaj HTTP/1.1" 200 1855 "-" "Mozilla/5.0 (X11; Linux x86_64) AppleWebKit/537.36 (KHTML, like Gecko) Chrome/56.0.2924.87 Safari/537.36 Google-PageRenderer Google (+https://developers.google.com/+/web/snippet/)"
66.249.83.105 - - [27/Apr/2025:11:14:59 -0400] "GET /account/finbrand.png HTTP/1.1" 200 25547 "-" "Mozilla/5.0 (X11; Linux x86_64) AppleWebKit/537.36 (KHTML, like Gecko) Chrome/56.0.2924.87 Safari/537.36 Google-PageRenderer Google (+https://developers.google.com/+/web/snippet/)"
197.250.51.202 - - [27/Apr/2025:11:15:26 -0400] "GET /r/nazaj HTTP/1.1" 301 795 "-" "Mozilla/5.0 (Linux; Android 10; K) AppleWebKit/537.36 (KHTML, like Gecko) Chrome/135.0.0.0 Mobile Safari/537.36"
197.250.51.202 - - [27/Apr/2025:11:15:27 -0400] "GET /account/register?ref=nazaj HTTP/1.1" 200 1855 "-" "Mozilla/5.0 (Linux; Android 10; K) AppleWebKit/537.36 (KHTML, like Gecko) Chrome/135.0.0.0 Mobile Safari/537.36"
197.250.51.202 - - [27/Apr/2025:11:15:28 -0400] "GET /account/control.php?confirm=nazaj HTTP/1.1" 302 771 "https://finationglobal.com/account/register?ref=nazaj" "Mozilla/5.0 (Linux; Android 10; K) AppleWebKit/537.36 (KHTML, like Gecko) Chrome/135.0.0.0 Mobile Safari/537.36"
197.250.51.202 - - [27/Apr/2025:11:15:29 -0400] "GET /account/control?confirm=nazaj HTTP/1.1" 200 30 "https://finationglobal.com/account/register?ref=nazaj" "Mozilla/5.0 (Linux; Android 10; K) AppleWebKit/537.36 (KHTML, like Gecko) Chrome/135.0.0.0 Mobile Safari/537.36"
66.249.70.36 - - [27/Apr/2025:11:15:33 -0400] "GET /?shopdetail/13468593 HTTP/1.1" 200 6422 "-" "Mozilla/5.0 (Linux; Android 6.0.1; Nexus 5X Build/MMB29P) AppleWebKit/537.36 (KHTML, like Gecko) Chrome/135.0.7049.95 Mobile Safari/537.36 (compatible; GoogleOther)"
197.250.51.202 - - [27/Apr/2025:11:16:54 -0400] "POST /account/register?ref=nazaj HTTP/1.1" 302 2045 "https://finationglobal.com/account/register?ref=nazaj" "Mozilla/5.0 (Linux; Android 10; K) AppleWebKit/537.36 (KHTML, like Gecko) Chrome/135.0.0.0 Mobile Safari/537.36"
197.250.51.202 - - [27/Apr/2025:11:16:55 -0400] "GET /account/ HTTP/1.1" 302 508 "https://finationglobal.com/account/register?ref=nazaj" "Mozilla/5.0 (Linux; Android 10; K) AppleWebKit/537.36 (KHTML, like Gecko) Chrome/135.0.0.0 Mobile Safari/537.36"
197.250.51.202 - - [27/Apr/2025:11:16:56 -0400] "GET /account/index HTTP/1.1" 200 6379 "https://finationglobal.com/account/register?ref=nazaj" "Mozilla/5.0 (Linux; Android 10; K) AppleWebKit/537.36 (KHTML, like Gecko) Chrome/135.0.0.0 Mobile Safari/537.36"
197.250.99.53 - - [27/Apr/2025:11:18:16 -0400] "GET /r/Josephmalago91 HTTP/1.1" 301 795 "-" "Mozilla/5.0 (Linux; Android 10; K) AppleWebKit/537.36 (KHTML, like Gecko) Chrome/134.0.0.0 Mobile Safari/537.36"
197.250.99.53 - - [27/Apr/2025:11:18:16 -0400] "GET /account/register?ref=Josephmalago91 HTTP/1.1" 200 1866 "-" "Mozilla/5.0 (Linux; Android 10; K) AppleWebKit/537.36 (KHTML, like Gecko) Chrome/134.0.0.0 Mobile Safari/537.36"
197.250.99.53 - - [27/Apr/2025:11:18:17 -0400] "GET /assets/plugins/bootstrap/css/bootstrap.min.css HTTP/1.1" 200 21225 "https://finationglobal.com/account/register?ref=Josephmalago91" "Mozilla/5.0 (Linux; Android 10; K) AppleWebKit/537.36 (KHTML, like Gecko) Chrome/134.0.0.0 Mobile Safari/537.36"
197.250.99.53 - - [27/Apr/2025:11:18:17 -0400] "GET /assets/css/style.css HTTP/1.1" 200 144740 "https://finationglobal.com/account/register?ref=Josephmalago91" "Mozilla/5.0 (Linux; Android 10; K) AppleWebKit/537.36 (KHTML, like Gecko) Chrome/134.0.0.0 Mobile Safari/537.36"
197.250.99.53 - - [27/Apr/2025:11:18:17 -0400] "GET /assets/css/icons.css HTTP/1.1" 200 251 "https://finationglobal.com/account/register?ref=Josephmalago91" "Mozilla/5.0 (Linux; Android 10; K) AppleWebKit/537.36 (KHTML, like Gecko) Chrome/134.0.0.0 Mobile Safari/537.36"
197.250.99.53 - - [27/Apr/2025:11:18:17 -0400] "GET /assets/css/plugins.css HTTP/1.1" 200 80675 "https://finationglobal.com/account/register?ref=Josephmalago91" "Mozilla/5.0 (Linux; Android 10; K) AppleWebKit/537.36 (KHTML, like Gecko) Chrome/134.0.0.0 Mobile Safari/537.36"
197.250.99.53 - - [27/Apr/2025:11:18:17 -0400] "GET /assets/images/loader.svg HTTP/1.1" 200 329 "https://finationglobal.com/account/register?ref=Josephmalago91" "Mozilla/5.0 (Linux; Android 10; K) AppleWebKit/537.36 (KHTML, like Gecko) Chrome/134.0.0.0 Mobile Safari/537.36"
197.250.99.53 - - [27/Apr/2025:11:18:17 -0400] "GET /account/finbrand.png HTTP/1.1" 200 25547 "https://finationglobal.com/account/register?ref=Josephmalago91" "Mozilla/5.0 (Linux; Android 10; K) AppleWebKit/537.36 (KHTML, like Gecko) Chrome/134.0.0.0 Mobile Safari/537.36"
197.250.99.53 - - [27/Apr/2025:11:18:17 -0400] "GET /assets/js/jquery.min.js HTTP/1.1" 200 33270 "https://finationglobal.com/account/register?ref=Josephmalago91" "Mozilla/5.0 (Linux; Android 10; K) AppleWebKit/537.36 (KHTML, like Gecko) Chrome/134.0.0.0 Mobile Safari/537.36"
197.250.99.53 - - [27/Apr/2025:11:18:17 -0400] "GET /assets/plugins/bootstrap/js/bootstrap.min.js HTTP/1.1" 200 18884 "https://finationglobal.com/account/register?ref=Josephmalago91" "Mozilla/5.0 (Linux; Android 10; K) AppleWebKit/537.36 (KHTML, like Gecko) Chrome/134.0.0.0 Mobile Safari/537.36"
197.250.99.53 - - [27/Apr/2025:11:18:17 -0400] "GET /assets/plugins/bootstrap/js/popper.min.js HTTP/1.1" 200 10266 "https://finationglobal.com/account/register?ref=Josephmalago91" "Mozilla/5.0 (Linux; Android 10; K) AppleWebKit/537.36 (KHTML, like Gecko) Chrome/134.0.0.0 Mobile Safari/537.36"
197.250.99.53 - - [27/Apr/2025:11:18:17 -0400] "GET /assets/js/circle-progress.min.js HTTP/1.1" 200 4965 "https://finationglobal.com/account/register?ref=Josephmalago91" "Mozilla/5.0 (Linux; Android 10; K) AppleWebKit/537.36 (KHTML, like Gecko) Chrome/134.0.0.0 Mobile Safari/537.36"
197.250.99.53 - - [27/Apr/2025:11:18:18 -0400] "GET /assets/js/themeColors.js HTTP/1.1" 200 5058 "https://finationglobal.com/account/register?ref=Josephmalago91" "Mozilla/5.0 (Linux; Android 10; K) AppleWebKit/537.36 (KHTML, like Gecko) Chrome/134.0.0.0 Mobile Safari/537.36"
197.250.99.53 - - [27/Apr/2025:11:18:18 -0400] "GET /assets/js/custom.js HTTP/1.1" 200 5093 "https://finationglobal.com/account/register?ref=Josephmalago91" "Mozilla/5.0 (Linux; Android 10; K) AppleWebKit/537.36 (KHTML, like Gecko) Chrome/134.0.0.0 Mobile Safari/537.36"
197.250.99.53 - - [27/Apr/2025:11:18:18 -0400] "GET /assets/plugins/input-mask/jquery.mask.min.js HTTP/1.1" 200 6191 "https://finationglobal.com/account/register?ref=Josephmalago91" "Mozilla/5.0 (Linux; Android 10; K) AppleWebKit/537.36 (KHTML, like Gecko) Chrome/134.0.0.0 Mobile Safari/537.36"
197.250.99.53 - - [27/Apr/2025:11:18:18 -0400] "GET /assets/plugins/p-scroll/perfect-scrollbar.js HTTP/1.1" 200 10585 "https://finationglobal.com/account/register?ref=Josephmalago91" "Mozilla/5.0 (Linux; Android 10; K) AppleWebKit/537.36 (KHTML, like Gecko) Chrome/134.0.0.0 Mobile Safari/537.36"
197.250.99.53 - - [27/Apr/2025:11:18:18 -0400] "GET /assets/js/swither-styles.js HTTP/1.1" 200 7609 "https://finationglobal.com/account/register?ref=Josephmalago91" "Mozilla/5.0 (Linux; Android 10; K) AppleWebKit/537.36 (KHTML, like Gecko) Chrome/134.0.0.0 Mobile Safari/537.36"
197.250.99.53 - - [27/Apr/2025:11:18:23 -0400] "GET /assets/iconfonts/bootstrapicons/bootstrap-icons.css HTTP/1.1" 200 8194 "https://finationglobal.com/assets/css/icons.css" "Mozilla/5.0 (Linux; Android 10; K) AppleWebKit/537.36 (KHTML, like Gecko) Chrome/134.0.0.0 Mobile Safari/537.36"
197.250.99.53 - - [27/Apr/2025:11:18:23 -0400] "GET /assets/iconfonts/font-awesome/css/font-awesome.min.css HTTP/1.1" 200 6666 "https://finationglobal.com/assets/css/icons.css" "Mozilla/5.0 (Linux; Android 10; K) AppleWebKit/537.36 (KHTML, like Gecko) Chrome/134.0.0.0 Mobile Safari/537.36"
197.250.99.53 - - [27/Apr/2025:11:18:23 -0400] "GET /assets/iconfonts/materialdesignicons/materialdesignicons.css HTTP/1.1" 200 22418 "https://finationglobal.com/assets/css/icons.css" "Mozilla/5.0 (Linux; Android 10; K) AppleWebKit/537.36 (KHTML, like Gecko) Chrome/134.0.0.0 Mobile Safari/537.36"
197.250.99.53 - - [27/Apr/2025:11:18:23 -0400] "GET /assets/iconfonts/linearicons/Linearicons.css HTTP/1.1" 200 1507 "https://finationglobal.com/assets/css/icons.css" "Mozilla/5.0 (Linux; Android 10; K) AppleWebKit/537.36 (KHTML, like Gecko) Chrome/134.0.0.0 Mobile Safari/537.36"
197.250.99.53 - - [27/Apr/2025:11:18:23 -0400] "GET /assets/iconfonts/glyphicons/glyphicon.css HTTP/1.1" 200 2217 "https://finationglobal.com/assets/css/icons.css" "Mozilla/5.0 (Linux; Android 10; K) AppleWebKit/537.36 (KHTML, like Gecko) Chrome/134.0.0.0 Mobile Safari/537.36"
197.250.99.53 - - [27/Apr/2025:11:18:23 -0400] "GET /assets/iconfonts/weathericons/weathericons.css HTTP/1.1" 200 3459 "https://finationglobal.com/assets/css/icons.css" "Mozilla/5.0 (Linux; Android 10; K) AppleWebKit/537.36 (KHTML, like Gecko) Chrome/134.0.0.0 Mobile Safari/537.36"
197.250.99.53 - - [27/Apr/2025:11:18:23 -0400] "GET /assets/iconfonts/pe-icon-7-stroke/Pe-icon-7.css HTTP/1.1" 200 1681 "https://finationglobal.com/assets/css/icons.css" "Mozilla/5.0 (Linux; Android 10; K) AppleWebKit/537.36 (KHTML, like Gecko) Chrome/134.0.0.0 Mobile Safari/537.36"
197.250.99.53 - - [27/Apr/2025:11:18:23 -0400] "GET /assets/iconfonts/ionicons/ionicons.css HTTP/1.1" 200 6409 "https://finationglobal.com/assets/css/icons.css" "Mozilla/5.0 (Linux; Android 10; K) AppleWebKit/537.36 (KHTML, like Gecko) Chrome/134.0.0.0 Mobile Safari/537.36"
197.250.99.53 - - [27/Apr/2025:11:18:23 -0400] "GET /assets/iconfonts/typicons/typicons.css HTTP/1.1" 200 3263 "https://finationglobal.com/assets/css/icons.css" "Mozilla/5.0 (Linux; Android 10; K) AppleWebKit/537.36 (KHTML, like Gecko) Chrome/134.0.0.0 Mobile Safari/537.36"
197.250.99.53 - - [27/Apr/2025:11:18:23 -0400] "GET /assets/iconfonts/themify/themify.css HTTP/1.1" 200 2728 "https://finationglobal.com/assets/css/icons.css" "Mozilla/5.0 (Linux; Android 10; K) AppleWebKit/537.36 (KHTML, like Gecko) Chrome/134.0.0.0 Mobile Safari/537.36"
197.250.99.53 - - [27/Apr/2025:11:18:23 -0400] "GET /assets/iconfonts/feather/feather.css HTTP/1.1" 200 1999 "https://finationglobal.com/assets/css/icons.css" "Mozilla/5.0 (Linux; Android 10; K) AppleWebKit/537.36 (KHTML, like Gecko) Chrome/134.0.0.0 Mobile Safari/537.36"
197.250.99.53 - - [27/Apr/2025:11:18:23 -0400] "GET /assets/plugins/iconfonts/remixicon/remixicon.css HTTP/1.1" 200 12884 "https://finationglobal.com/assets/css/icons.css" "Mozilla/5.0 (Linux; Android 10; K) AppleWebKit/537.36 (KHTML, like Gecko) Chrome/134.0.0.0 Mobile Safari/537.36"
197.250.99.53 - - [27/Apr/2025:11:18:23 -0400] "GET /assets/iconfonts/simple-line-icons/simple-line-icons.css HTTP/1.1" 200 3107 "https://finationglobal.com/assets/css/icons.css" "Mozilla/5.0 (Linux; Android 10; K) AppleWebKit/537.36 (KHTML, like Gecko) Chrome/134.0.0.0 Mobile Safari/537.36"
197.250.99.53 - - [27/Apr/2025:11:18:27 -0400] "GET /assets/iconfonts/materialdesignicons/fonts/materialdesignicons-webfont.woff2?v=2.0.46 HTTP/1.1" 200 109248 "https://finationglobal.com/assets/iconfonts/materialdesignicons/materialdesignicons.css" "Mozilla/5.0 (Linux; Android 10; K) AppleWebKit/537.36 (KHTML, like Gecko) Chrome/134.0.0.0 Mobile Safari/537.36"
