37.214.30.108 - - [13/Jun/2025:09:53:42 -0400] "POST /arch/app HTTP/1.1" 200 44 "https://finationglobal.com" "Mozilla/5.0 (Windows NT 10.0; Win64; x64) AppleWebKit/537.36 (KHTML, like Gecko) Chrome/69.0.3416.101 Safari/537.36"
80.224.69.14 - - [13/Jun/2025:09:53:56 -0400] "POST /arch/app HTTP/1.1" 200 44 "https://finationglobal.com" "Mozilla/5.0 (Windows NT 10.0; WOW64) AppleWebKit/537.36 (KHTML, like Gecko) Chrome/65.0.3399.138 Safari/537.36"
194.29.60.137 - - [13/Jun/2025:09:54:24 -0400] "POST /arch/app HTTP/1.1" 200 44 "https://finationglobal.com" "Mozilla/5.0 (Windows NT 6.1; Win64; x64) AppleWebKit/537.36 (KHTML, like Gecko) Chrome/68.0.2702.113 Safari/537.36"
41.210.141.88 - - [13/Jun/2025:09:54:42 -0400] "GET / HTTP/1.1" 200 6344 "-" "Mozilla/5.0 (Linux; U; Android 11; en-us; itel A507LM Build/RP1A.201005.001) AppleWebKit/537.36 (KHTML, like Gecko) Chrome/94.0.4606.85 Mobile Safari/537.36 PHX/17.5"
188.36.63.27 - - [13/Jun/2025:09:54:41 -0400] "POST /arch/app HTTP/1.1" 200 44 "https://finationglobal.com" "Mozilla/5.0 (Windows NT 10.0) AppleWebKit/537.36 (KHTML, like Gecko) Chrome/65.0.2751.112 Safari/537.36"
41.210.141.88 - - [13/Jun/2025:09:54:45 -0400] "GET /css/responsive.css HTTP/1.1" 200 1716 "https://www.finationglobal.com/" "Mozilla/5.0 (Linux; U; Android 11; en-us; itel A507LM Build/RP1A.201005.001) AppleWebKit/537.36 (KHTML, like Gecko) Chrome/94.0.4606.85 Mobile Safari/537.36 PHX/17.5"
41.210.141.88 - - [13/Jun/2025:09:54:45 -0400] "GET /images/n1.jpg HTTP/1.1" 200 41265 "https://www.finationglobal.com/" "Mozilla/5.0 (Linux; U; Android 11; en-us; itel A507LM Build/RP1A.201005.001) AppleWebKit/537.36 (KHTML, like Gecko) Chrome/94.0.4606.85 Mobile Safari/537.36 PHX/17.5"
41.210.141.88 - - [13/Jun/2025:09:54:45 -0400] "GET /css/style.css HTTP/1.1" 200 29914 "https://www.finationglobal.com/" "Mozilla/5.0 (Linux; U; Android 11; en-us; itel A507LM Build/RP1A.201005.001) AppleWebKit/537.36 (KHTML, like Gecko) Chrome/94.0.4606.85 Mobile Safari/537.36 PHX/17.5"
41.210.141.88 - - [13/Jun/2025:09:54:45 -0400] "GET /images/finationbr.png HTTP/1.1" 200 16423 "https://www.finationglobal.com/" "Mozilla/5.0 (Linux; U; Android 11; en-us; itel A507LM Build/RP1A.201005.001) AppleWebKit/537.36 (KHTML, like Gecko) Chrome/94.0.4606.85 Mobile Safari/537.36 PHX/17.5"
41.210.141.88 - - [13/Jun/2025:09:54:45 -0400] "GET /images/a6a.jpg HTTP/1.1" 200 143730 "https://www.finationglobal.com/" "Mozilla/5.0 (Linux; U; Android 11; en-us; itel A507LM Build/RP1A.201005.001) AppleWebKit/537.36 (KHTML, like Gecko) Chrome/94.0.4606.85 Mobile Safari/537.36 PHX/17.5"
41.210.141.88 - - [13/Jun/2025:09:54:45 -0400] "GET /images/b5.jpg HTTP/1.1" 200 37756 "https://www.finationglobal.com/" "Mozilla/5.0 (Linux; U; Android 11; en-us; itel A507LM Build/RP1A.201005.001) AppleWebKit/537.36 (KHTML, like Gecko) Chrome/94.0.4606.85 Mobile Safari/537.36 PHX/17.5"
41.210.141.88 - - [13/Jun/2025:09:54:46 -0400] "GET /js/jquery-3.6.0.min.js HTTP/1.1" 200 33270 "https://www.finationglobal.com/" "Mozilla/5.0 (Linux; U; Android 11; en-us; itel A507LM Build/RP1A.201005.001) AppleWebKit/537.36 (KHTML, like Gecko) Chrome/94.0.4606.85 Mobile Safari/537.36 PHX/17.5"
41.210.141.88 - - [13/Jun/2025:09:54:46 -0400] "GET /images/x2.jpg HTTP/1.1" 200 93367 "https://www.finationglobal.com/" "Mozilla/5.0 (Linux; U; Android 11; en-us; itel A507LM Build/RP1A.201005.001) AppleWebKit/537.36 (KHTML, like Gecko) Chrome/94.0.4606.85 Mobile Safari/537.36 PHX/17.5"
41.210.141.88 - - [13/Jun/2025:09:54:46 -0400] "GET /js/jquery.nice-select.min.js HTTP/1.1" 200 3915 "https://www.finationglobal.com/" "Mozilla/5.0 (Linux; U; Android 11; en-us; itel A507LM Build/RP1A.201005.001) AppleWebKit/537.36 (KHTML, like Gecko) Chrome/94.0.4606.85 Mobile Safari/537.36 PHX/17.5"
41.210.141.88 - - [13/Jun/2025:09:54:46 -0400] "GET /js/bootstrap.min.js HTTP/1.1" 200 18475 "https://www.finationglobal.com/" "Mozilla/5.0 (Linux; U; Android 11; en-us; itel A507LM Build/RP1A.201005.001) AppleWebKit/537.36 (KHTML, like Gecko) Chrome/94.0.4606.85 Mobile Safari/537.36 PHX/17.5"
41.210.141.88 - - [13/Jun/2025:09:54:47 -0400] "GET /js/jquery.appear.min.js HTTP/1.1" 200 3517 "https://www.finationglobal.com/" "Mozilla/5.0 (Linux; U; Android 11; en-us; itel A507LM Build/RP1A.201005.001) AppleWebKit/537.36 (KHTML, like Gecko) Chrome/94.0.4606.85 Mobile Safari/537.36 PHX/17.5"
41.210.141.88 - - [13/Jun/2025:09:54:47 -0400] "GET /css/bootstrap.min.css HTTP/1.1" 200 20356 "https://www.finationglobal.com/css/style.css" "Mozilla/5.0 (Linux; U; Android 11; en-us; itel A507LM Build/RP1A.201005.001) AppleWebKit/537.36 (KHTML, like Gecko) Chrome/94.0.4606.85 Mobile Safari/537.36 PHX/17.5"
41.210.141.88 - - [13/Jun/2025:09:54:47 -0400] "GET /js/wow.min.js HTTP/1.1" 200 5615 "https://www.finationglobal.com/" "Mozilla/5.0 (Linux; U; Android 11; en-us; itel A507LM Build/RP1A.201005.001) AppleWebKit/537.36 (KHTML, like Gecko) Chrome/94.0.4606.85 Mobile Safari/537.36 PHX/17.5"
41.210.141.88 - - [13/Jun/2025:09:54:47 -0400] "GET /fonts/fontawesome/css/all.css HTTP/1.1" 200 12558 "https://www.finationglobal.com/css/style.css" "Mozilla/5.0 (Linux; U; Android 11; en-us; itel A507LM Build/RP1A.201005.001) AppleWebKit/537.36 (KHTML, like Gecko) Chrome/94.0.4606.85 Mobile Safari/537.36 PHX/17.5"
41.210.141.88 - - [13/Jun/2025:09:54:47 -0400] "GET /fonts/webexbaseicon/style.css HTTP/1.1" 200 4500 "https://www.finationglobal.com/css/style.css" "Mozilla/5.0 (Linux; U; Android 11; en-us; itel A507LM Build/RP1A.201005.001) AppleWebKit/537.36 (KHTML, like Gecko) Chrome/94.0.4606.85 Mobile Safari/537.36 PHX/17.5"
41.210.141.88 - - [13/Jun/2025:09:54:47 -0400] "GET /fonts/webexthemeicon/style.css HTTP/1.1" 200 1293 "https://www.finationglobal.com/css/style.css" "Mozilla/5.0 (Linux; U; Android 11; en-us; itel A507LM Build/RP1A.201005.001) AppleWebKit/537.36 (KHTML, like Gecko) Chrome/94.0.4606.85 Mobile Safari/537.36 PHX/17.5"
41.210.141.88 - - [13/Jun/2025:09:54:47 -0400] "GET /css/owl.carousel.min.css HTTP/1.1" 200 917 "https://www.finationglobal.com/css/style.css" "Mozilla/5.0 (Linux; U; Android 11; en-us; itel A507LM Build/RP1A.201005.001) AppleWebKit/537.36 (KHTML, like Gecko) Chrome/94.0.4606.85 Mobile Safari/537.36 PHX/17.5"
41.210.141.88 - - [13/Jun/2025:09:54:47 -0400] "GET /css/nice-select.css HTTP/1.1" 200 931 "https://www.finationglobal.com/css/style.css" "Mozilla/5.0 (Linux; U; Android 11; en-us; itel A507LM Build/RP1A.201005.001) AppleWebKit/537.36 (KHTML, like Gecko) Chrome/94.0.4606.85 Mobile Safari/537.36 PHX/17.5"
41.210.141.88 - - [13/Jun/2025:09:54:47 -0400] "GET /css/twentytwenty.css HTTP/1.1" 200 981 "https://www.finationglobal.com/css/style.css" "Mozilla/5.0 (Linux; U; Android 11; en-us; itel A507LM Build/RP1A.201005.001) AppleWebKit/537.36 (KHTML, like Gecko) Chrome/94.0.4606.85 Mobile Safari/537.36 PHX/17.5"
41.210.141.88 - - [13/Jun/2025:09:54:47 -0400] "GET /css/magnific-popup.css HTTP/1.1" 200 1660 "https://www.finationglobal.com/css/style.css" "Mozilla/5.0 (Linux; U; Android 11; en-us; itel A507LM Build/RP1A.201005.001) AppleWebKit/537.36 (KHTML, like Gecko) Chrome/94.0.4606.85 Mobile Safari/537.36 PHX/17.5"
41.210.141.88 - - [13/Jun/2025:09:54:47 -0400] "GET /css/animate.css HTTP/1.1" 200 4467 "https://www.finationglobal.com/css/style.css" "Mozilla/5.0 (Linux; U; Android 11; en-us; itel A507LM Build/RP1A.201005.001) AppleWebKit/537.36 (KHTML, like Gecko) Chrome/94.0.4606.85 Mobile Safari/537.36 PHX/17.5"
41.210.141.88 - - [13/Jun/2025:09:54:47 -0400] "GET /css/custom-animation.css HTTP/1.1" 200 1121 "https://www.finationglobal.com/css/style.css" "Mozilla/5.0 (Linux; U; Android 11; en-us; itel A507LM Build/RP1A.201005.001) AppleWebKit/537.36 (KHTML, like Gecko) Chrome/94.0.4606.85 Mobile Safari/537.36 PHX/17.5"
41.210.141.88 - - [13/Jun/2025:09:54:48 -0400] "GET /css/kursor.css HTTP/1.1" 200 824 "https://www.finationglobal.com/css/style.css" "Mozilla/5.0 (Linux; U; Android 11; en-us; itel A507LM Build/RP1A.201005.001) AppleWebKit/537.36 (KHTML, like Gecko) Chrome/94.0.4606.85 Mobile Safari/537.36 PHX/17.5"
41.210.141.88 - - [13/Jun/2025:09:54:49 -0400] "GET /js/owl.carousel.min.js HTTP/1.1" 200 14210 "https://www.finationglobal.com/" "Mozilla/5.0 (Linux; U; Android 11; en-us; itel A507LM Build/RP1A.201005.001) AppleWebKit/537.36 (KHTML, like Gecko) Chrome/94.0.4606.85 Mobile Safari/537.36 PHX/17.5"
41.210.141.88 - - [13/Jun/2025:09:54:49 -0400] "GET /js/jquery.event.move.js HTTP/1.1" 200 7135 "https://www.finationglobal.com/" "Mozilla/5.0 (Linux; U; Android 11; en-us; itel A507LM Build/RP1A.201005.001) AppleWebKit/537.36 (KHTML, like Gecko) Chrome/94.0.4606.85 Mobile Safari/537.36 PHX/17.5"
41.210.141.88 - - [13/Jun/2025:09:54:49 -0400] "GET /js/backtotop.js HTTP/1.1" 200 3384 "https://www.finationglobal.com/" "Mozilla/5.0 (Linux; U; Android 11; en-us; itel A507LM Build/RP1A.201005.001) AppleWebKit/537.36 (KHTML, like Gecko) Chrome/94.0.4606.85 Mobile Safari/537.36 PHX/17.5"
41.210.141.88 - - [13/Jun/2025:09:54:49 -0400] "GET /js/tilt.jquery.min.js HTTP/1.1" 200 4685 "https://www.finationglobal.com/" "Mozilla/5.0 (Linux; U; Android 11; en-us; itel A507LM Build/RP1A.201005.001) AppleWebKit/537.36 (KHTML, like Gecko) Chrome/94.0.4606.85 Mobile Safari/537.36 PHX/17.5"
41.210.141.88 - - [13/Jun/2025:09:54:49 -0400] "GET /js/magnific-popup.min.js HTTP/1.1" 200 10049 "https://www.finationglobal.com/" "Mozilla/5.0 (Linux; U; Android 11; en-us; itel A507LM Build/RP1A.201005.001) AppleWebKit/537.36 (KHTML, like Gecko) Chrome/94.0.4606.85 Mobile Safari/537.36 PHX/17.5"
41.210.141.88 - - [13/Jun/2025:09:54:49 -0400] "GET /js/trigger.js HTTP/1.1" 200 6624 "https://www.finationglobal.com/" "Mozilla/5.0 (Linux; U; Android 11; en-us; itel A507LM Build/RP1A.201005.001) AppleWebKit/537.36 (KHTML, like Gecko) Chrome/94.0.4606.85 Mobile Safari/537.36 PHX/17.5"
41.210.141.88 - - [13/Jun/2025:09:54:49 -0400] "GET /account/uploads/vid8259070688.jpeg HTTP/1.1" 200 418791 "https://www.finationglobal.com/" "Mozilla/5.0 (Linux; U; Android 11; en-us; itel A507LM Build/RP1A.201005.001) AppleWebKit/537.36 (KHTML, like Gecko) Chrome/94.0.4606.85 Mobile Safari/537.36 PHX/17.5"
41.210.141.88 - - [13/Jun/2025:09:54:49 -0400] "GET /account/uploads/vid8259070743.jpeg HTTP/1.1" 200 371806 "https://www.finationglobal.com/" "Mozilla/5.0 (Linux; U; Android 11; en-us; itel A507LM Build/RP1A.201005.001) AppleWebKit/537.36 (KHTML, like Gecko) Chrome/94.0.4606.85 Mobile Safari/537.36 PHX/17.5"
41.210.141.88 - - [13/Jun/2025:09:54:50 -0400] "GET /account/uploads/vid8259070799.jpeg HTTP/1.1" 200 347920 "https://www.finationglobal.com/" "Mozilla/5.0 (Linux; U; Android 11; en-us; itel A507LM Build/RP1A.201005.001) AppleWebKit/537.36 (KHTML, like Gecko) Chrome/94.0.4606.85 Mobile Safari/537.36 PHX/17.5"
41.210.141.88 - - [13/Jun/2025:09:54:50 -0400] "GET /account/uploads/vid8259431189.jpeg HTTP/1.1" 200 516701 "https://www.finationglobal.com/" "Mozilla/5.0 (Linux; U; Android 11; en-us; itel A507LM Build/RP1A.201005.001) AppleWebKit/537.36 (KHTML, like Gecko) Chrome/94.0.4606.85 Mobile Safari/537.36 PHX/17.5"
41.210.141.88 - - [13/Jun/2025:09:54:50 -0400] "GET /account/uploads/vid8259430612.jpeg HTTP/1.1" 200 659952 "https://www.finationglobal.com/" "Mozilla/5.0 (Linux; U; Android 11; en-us; itel A507LM Build/RP1A.201005.001) AppleWebKit/537.36 (KHTML, like Gecko) Chrome/94.0.4606.85 Mobile Safari/537.36 PHX/17.5"
41.210.141.88 - - [13/Jun/2025:09:54:51 -0400] "GET /account/uploads/vid8260553396.jpeg HTTP/1.1" 200 802657 "https://www.finationglobal.com/" "Mozilla/5.0 (Linux; U; Android 11; en-us; itel A507LM Build/RP1A.201005.001) AppleWebKit/537.36 (KHTML, like Gecko) Chrome/94.0.4606.85 Mobile Safari/537.36 PHX/17.5"
41.210.141.88 - - [13/Jun/2025:09:54:51 -0400] "GET /account/uploads/vid8259070856.jpeg HTTP/1.1" 200 497532 "https://www.finationglobal.com/" "Mozilla/5.0 (Linux; U; Android 11; en-us; itel A507LM Build/RP1A.201005.001) AppleWebKit/537.36 (KHTML, like Gecko) Chrome/94.0.4606.85 Mobile Safari/537.36 PHX/17.5"
41.210.141.88 - - [13/Jun/2025:09:54:51 -0400] "GET /account/uploads/vid8258886222.jpg HTTP/1.1" 200 434339 "https://www.finationglobal.com/" "Mozilla/5.0 (Linux; U; Android 11; en-us; itel A507LM Build/RP1A.201005.001) AppleWebKit/537.36 (KHTML, like Gecko) Chrome/94.0.4606.85 Mobile Safari/537.36 PHX/17.5"
41.210.141.88 - - [13/Jun/2025:09:54:51 -0400] "GET /fonts/webexbaseicon/fonts/webexbaseicon.ttf?wtzu32 HTTP/1.1" 200 273460 "https://www.finationglobal.com/fonts/webexbaseicon/style.css" "Mozilla/5.0 (Linux; U; Android 11; en-us; itel A507LM Build/RP1A.201005.001) AppleWebKit/537.36 (KHTML, like Gecko) Chrome/94.0.4606.85 Mobile Safari/537.36 PHX/17.5"
41.210.141.88 - - [13/Jun/2025:09:54:51 -0400] "GET /fonts/fontawesome/webfonts/fa-brands-400.woff2 HTTP/1.1" 200 76612 "https://www.finationglobal.com/fonts/fontawesome/css/all.css" "Mozilla/5.0 (Linux; U; Android 11; en-us; itel A507LM Build/RP1A.201005.001) AppleWebKit/537.36 (KHTML, like Gecko) Chrome/94.0.4606.85 Mobile Safari/537.36 PHX/17.5"
41.210.141.88 - - [13/Jun/2025:09:54:51 -0400] "GET /fonts/fontawesome/webfonts/fa-solid-900.woff2 HTTP/1.1" 200 79444 "https://www.finationglobal.com/fonts/fontawesome/css/all.css" "Mozilla/5.0 (Linux; U; Android 11; en-us; itel A507LM Build/RP1A.201005.001) AppleWebKit/537.36 (KHTML, like Gecko) Chrome/94.0.4606.85 Mobile Safari/537.36 PHX/17.5"
41.210.141.88 - - [13/Jun/2025:09:54:51 -0400] "GET /fonts/webexthemeicon/fonts/webexthemeicon.ttf?e77yny HTTP/1.1" 200 99192 "https://www.finationglobal.com/fonts/webexthemeicon/style.css" "Mozilla/5.0 (Linux; U; Android 11; en-us; itel A507LM Build/RP1A.201005.001) AppleWebKit/537.36 (KHTML, like Gecko) Chrome/94.0.4606.85 Mobile Safari/537.36 PHX/17.5"
41.210.141.88 - - [13/Jun/2025:09:54:51 -0400] "GET /images/finationv.png HTTP/1.1" 200 16104 "https://www.finationglobal.com/" "Mozilla/5.0 (Linux; U; Android 11; en-us; itel A507LM Build/RP1A.201005.001) AppleWebKit/537.36 (KHTML, like Gecko) Chrome/94.0.4606.85 Mobile Safari/537.36 PHX/17.5"
41.210.141.88 - - [13/Jun/2025:09:54:55 -0400] "GET /account/uploads/vid8258886278.jpg HTTP/1.1" 200 518500 "https://www.finationglobal.com/" "Mozilla/5.0 (Linux; U; Android 11; en-us; itel A507LM Build/RP1A.201005.001) AppleWebKit/537.36 (KHTML, like Gecko) Chrome/94.0.4606.85 Mobile Safari/537.36 PHX/17.5"
41.210.141.88 - - [13/Jun/2025:09:54:55 -0400] "GET /account/uploads/vid8258820477.jpeg HTTP/1.1" 200 448913 "https://www.finationglobal.com/" "Mozilla/5.0 (Linux; U; Android 11; en-us; itel A507LM Build/RP1A.201005.001) AppleWebKit/537.36 (KHTML, like Gecko) Chrome/94.0.4606.85 Mobile Safari/537.36 PHX/17.5"
41.210.141.88 - - [13/Jun/2025:09:54:55 -0400] "GET /account/uploads/vid8259222719.jpeg HTTP/1.1" 200 426164 "https://www.finationglobal.com/" "Mozilla/5.0 (Linux; U; Android 11; en-us; itel A507LM Build/RP1A.201005.001) AppleWebKit/537.36 (KHTML, like Gecko) Chrome/94.0.4606.85 Mobile Safari/537.36 PHX/17.5"
41.210.141.88 - - [13/Jun/2025:09:54:55 -0400] "GET /account/uploads/vid8264838735.png HTTP/1.1" 200 996300 "https://www.finationglobal.com/" "Mozilla/5.0 (Linux; U; Android 11; en-us; itel A507LM Build/RP1A.201005.001) AppleWebKit/537.36 (KHTML, like Gecko) Chrome/94.0.4606.85 Mobile Safari/537.36 PHX/17.5"
41.210.141.88 - - [13/Jun/2025:09:54:55 -0400] "GET /images/objects/why-choose-us-style2-obj1.png HTTP/1.1" 200 2933 "https://www.finationglobal.com/" "Mozilla/5.0 (Linux; U; Android 11; en-us; itel A507LM Build/RP1A.201005.001) AppleWebKit/537.36 (KHTML, like Gecko) Chrome/94.0.4606.85 Mobile Safari/537.36 PHX/17.5"
41.210.141.88 - - [13/Jun/2025:09:54:55 -0400] "GET /images/b2.jpg HTTP/1.1" 200 268530 "https://www.finationglobal.com/" "Mozilla/5.0 (Linux; U; Android 11; en-us; itel A507LM Build/RP1A.201005.001) AppleWebKit/537.36 (KHTML, like Gecko) Chrome/94.0.4606.85 Mobile Safari/537.36 PHX/17.5"
41.210.141.88 - - [13/Jun/2025:09:54:56 -0400] "GET /images/bg/working-process-shape.png HTTP/1.1" 200 2711 "https://www.finationglobal.com/" "Mozilla/5.0 (Linux; U; Android 11; en-us; itel A507LM Build/RP1A.201005.001) AppleWebKit/537.36 (KHTML, like Gecko) Chrome/94.0.4606.85 Mobile Safari/537.36 PHX/17.5"
41.210.141.88 - - [13/Jun/2025:09:54:56 -0400] "GET /images/bg/abs-bg1.png HTTP/1.1" 200 53000 "https://www.finationglobal.com/" "Mozilla/5.0 (Linux; U; Android 11; en-us; itel A507LM Build/RP1A.201005.001) AppleWebKit/537.36 (KHTML, like Gecko) Chrome/94.0.4606.85 Mobile Safari/537.36 PHX/17.5"
41.210.141.88 - - [13/Jun/2025:09:54:57 -0400] "GET /images/n2.jpg HTTP/1.1" 200 425799 "https://www.finationglobal.com/" "Mozilla/5.0 (Linux; U; Android 11; en-us; itel A507LM Build/RP1A.201005.001) AppleWebKit/537.36 (KHTML, like Gecko) Chrome/94.0.4606.85 Mobile Safari/537.36 PHX/17.5"
41.210.141.88 - - [13/Jun/2025:09:54:58 -0400] "GET /images/objects/footer-obj1.png HTTP/1.1" 200 119869 "https://www.finationglobal.com/" "Mozilla/5.0 (Linux; U; Android 11; en-us; itel A507LM Build/RP1A.201005.001) AppleWebKit/537.36 (KHTML, like Gecko) Chrome/94.0.4606.85 Mobile Safari/537.36 PHX/17.5"
41.210.141.88 - - [13/Jun/2025:09:54:58 -0400] "GET /images/objects/1.png HTTP/1.1" 200 10545 "https://www.finationglobal.com/css/style.css" "Mozilla/5.0 (Linux; U; Android 11; en-us; itel A507LM Build/RP1A.201005.001) AppleWebKit/537.36 (KHTML, like Gecko) Chrome/94.0.4606.85 Mobile Safari/537.36 PHX/17.5"
41.210.141.88 - - [13/Jun/2025:09:54:58 -0400] "GET /images/bg/9.jpg HTTP/1.1" 200 147719 "https://www.finationglobal.com/" "Mozilla/5.0 (Linux; U; Android 11; en-us; itel A507LM Build/RP1A.201005.001) AppleWebKit/537.36 (KHTML, like Gecko) Chrome/94.0.4606.85 Mobile Safari/537.36 PHX/17.5"
41.210.141.88 - - [13/Jun/2025:09:54:58 -0400] "GET /images/bg/lucid_benefits_digital.webp HTTP/1.1" 200 70602 "https://www.finationglobal.com/" "Mozilla/5.0 (Linux; U; Android 11; en-us; itel A507LM Build/RP1A.201005.001) AppleWebKit/537.36 (KHTML, like Gecko) Chrome/94.0.4606.85 Mobile Safari/537.36 PHX/17.5"
41.210.141.88 - - [13/Jun/2025:09:54:58 -0400] "GET /images/f1.jpg HTTP/1.1" 200 633634 "https://www.finationglobal.com/" "Mozilla/5.0 (Linux; U; Android 11; en-us; itel A507LM Build/RP1A.201005.001) AppleWebKit/537.36 (KHTML, like Gecko) Chrome/94.0.4606.85 Mobile Safari/537.36 PHX/17.5"
41.210.141.88 - - [13/Jun/2025:09:55:01 -0400] "GET /images/favicon.ico HTTP/1.1" 200 889 "https://www.finationglobal.com/" "Mozilla/5.0 (Linux; U; Android 11; en-us; itel A507LM Build/RP1A.201005.001) AppleWebKit/537.36 (KHTML, like Gecko) Chrome/94.0.4606.85 Mobile Safari/537.36 PHX/17.5"
41.210.141.88 - - [13/Jun/2025:09:55:13 -0400] "GET / HTTP/1.1" 200 6344 "-" "Mozilla/5.0 (Linux; U; Android 11; en-us; itel A507LM Build/RP1A.201005.001) AppleWebKit/537.36 (KHTML, like Gecko) Chrome/94.0.4606.85 Mobile Safari/537.36 PHX/17.5"
81.243.205.24 - - [13/Jun/2025:09:55:12 -0400] "POST /arch/app HTTP/1.1" 200 44 "https://finationglobal.com" "Mozilla/5.0 (Windows NT 6.1; Win64; x64) AppleWebKit/537.36 (KHTML, like Gecko) Chrome/66.0.2220.41 Safari/537.36"
182.42.105.144 - - [13/Jun/2025:09:55:34 -0400] "GET / HTTP/1.1" 200 7737 "http://finationglobal.com" "Mozilla/5.0 (iPhone; CPU iPhone OS 13_2_3 like Mac OS X) AppleWebKit/605.1.15 (KHTML, like Gecko) Version/13.0.3 Mobile/15E148 Safari/604.1"
41.210.141.88 - - [13/Jun/2025:09:55:43 -0400] "GET /images/favicon.ico HTTP/1.1" 200 889 "-" "okhttp/4.10.0"
49.215.24.209 - - [13/Jun/2025:09:55:47 -0400] "POST /arch/app HTTP/1.1" 200 44 "https://finationglobal.com" "Mozilla/5.0 (Windows NT 6.1) AppleWebKit/537.36 (KHTML, like Gecko) Chrome/66.0.2697.19 Safari/537.36"
88.18.48.146 - - [13/Jun/2025:09:55:55 -0400] "POST /arch/app HTTP/1.1" 200 44 "https://finationglobal.com" "Opera/9.80 (Android; Opera Mini/7.5.54678/28.2555; U; ru) Presto/2.10.289 Version/12.02"
85.85.177.88 - - [13/Jun/2025:09:55:57 -0400] "POST /arch/app HTTP/1.1" 200 44 "https://finationglobal.com" "Mozilla/5.0 (Windows NT 6.3; Win64; x64) AppleWebKit/537.36 (KHTML, like Gecko) Chrome/66.0.2411.141 Safari/537.36"
31.179.76.183 - - [13/Jun/2025:09:56:18 -0400] "POST /arch/app HTTP/1.1" 200 44 "https://finationglobal.com" "Mozilla/5.0 (Windows NT 6.1; WOW64) AppleWebKit/537.36 (KHTML, like Gecko) Chrome/65.0.3420.159 Safari/537.36"
41.210.141.88 - - [13/Jun/2025:09:56:30 -0400] "GET /account/register.php HTTP/1.1" 302 771 "https://www.finationglobal.com/" "Mozilla/5.0 (Linux; U; Android 11; en-us; itel A507LM Build/RP1A.201005.001) AppleWebKit/537.36 (KHTML, like Gecko) Chrome/94.0.4606.85 Mobile Safari/537.36 PHX/17.5"
41.210.141.88 - - [13/Jun/2025:09:56:30 -0400] "GET /account/register HTTP/1.1" 200 1850 "https://www.finationglobal.com/" "Mozilla/5.0 (Linux; U; Android 11; en-us; itel A507LM Build/RP1A.201005.001) AppleWebKit/537.36 (KHTML, like Gecko) Chrome/94.0.4606.85 Mobile Safari/537.36 PHX/17.5"
31.176.220.84 - - [13/Jun/2025:09:56:29 -0400] "POST /arch/app HTTP/1.1" 200 44 "https://finationglobal.com" "Mozilla/5.0 (Windows NT 6.1) AppleWebKit/537.36 (KHTML, like Gecko) Chrome/67.0.3427.5 Safari/537.36"
41.210.141.88 - - [13/Jun/2025:09:56:32 -0400] "GET /account/register.php HTTP/1.1" 302 771 "https://www.finationglobal.com/" "Mozilla/5.0 (Linux; U; Android 11; en-us; itel A507LM Build/RP1A.201005.001) AppleWebKit/537.36 (KHTML, like Gecko) Chrome/94.0.4606.85 Mobile Safari/537.36 PHX/17.5"
41.210.141.88 - - [13/Jun/2025:09:56:32 -0400] "GET /account/register HTTP/1.1" 200 1850 "https://www.finationglobal.com/" "Mozilla/5.0 (Linux; U; Android 11; en-us; itel A507LM Build/RP1A.201005.001) AppleWebKit/537.36 (KHTML, like Gecko) Chrome/94.0.4606.85 Mobile Safari/537.36 PHX/17.5"
41.210.141.88 - - [13/Jun/2025:09:56:33 -0400] "GET /account/register.php HTTP/1.1" 302 771 "https://www.finationglobal.com/" "Mozilla/5.0 (Linux; U; Android 11; en-us; itel A507LM Build/RP1A.201005.001) AppleWebKit/537.36 (KHTML, like Gecko) Chrome/94.0.4606.85 Mobile Safari/537.36 PHX/17.5"
41.210.141.88 - - [13/Jun/2025:09:56:34 -0400] "GET /account/register HTTP/1.1" 200 1850 "https://www.finationglobal.com/" "Mozilla/5.0 (Linux; U; Android 11; en-us; itel A507LM Build/RP1A.201005.001) AppleWebKit/537.36 (KHTML, like Gecko) Chrome/94.0.4606.85 Mobile Safari/537.36 PHX/17.5"
41.210.141.88 - - [13/Jun/2025:09:56:36 -0400] "GET /assets/plugins/bootstrap/css/bootstrap.min.css HTTP/1.1" 200 21225 "https://www.finationglobal.com/account/register" "Mozilla/5.0 (Linux; U; Android 11; en-us; itel A507LM Build/RP1A.201005.001) AppleWebKit/537.36 (KHTML, like Gecko) Chrome/94.0.4606.85 Mobile Safari/537.36 PHX/17.5"
41.210.141.88 - - [13/Jun/2025:09:56:36 -0400] "GET /assets/images/loader.svg HTTP/1.1" 200 329 "https://www.finationglobal.com/account/register" "Mozilla/5.0 (Linux; U; Android 11; en-us; itel A507LM Build/RP1A.201005.001) AppleWebKit/537.36 (KHTML, like Gecko) Chrome/94.0.4606.85 Mobile Safari/537.36 PHX/17.5"
41.210.141.88 - - [13/Jun/2025:09:56:36 -0400] "GET /assets/css/icons.css HTTP/1.1" 200 251 "https://www.finationglobal.com/account/register" "Mozilla/5.0 (Linux; U; Android 11; en-us; itel A507LM Build/RP1A.201005.001) AppleWebKit/537.36 (KHTML, like Gecko) Chrome/94.0.4606.85 Mobile Safari/537.36 PHX/17.5"
41.210.141.88 - - [13/Jun/2025:09:56:36 -0400] "GET /assets/css/plugins.css HTTP/1.1" 200 80675 "https://www.finationglobal.com/account/register" "Mozilla/5.0 (Linux; U; Android 11; en-us; itel A507LM Build/RP1A.201005.001) AppleWebKit/537.36 (KHTML, like Gecko) Chrome/94.0.4606.85 Mobile Safari/537.36 PHX/17.5"
41.210.141.88 - - [13/Jun/2025:09:56:36 -0400] "GET /assets/css/style.css HTTP/1.1" 200 144740 "https://www.finationglobal.com/account/register" "Mozilla/5.0 (Linux; U; Android 11; en-us; itel A507LM Build/RP1A.201005.001) AppleWebKit/537.36 (KHTML, like Gecko) Chrome/94.0.4606.85 Mobile Safari/537.36 PHX/17.5"
41.210.141.88 - - [13/Jun/2025:09:56:36 -0400] "GET /account/terms HTTP/1.1" 200 11453 "https://www.finationglobal.com/account/register" "Mozilla/5.0 (Linux; U; Android 11; en-us; itel A507LM Build/RP1A.201005.001) AppleWebKit/537.36 (KHTML, like Gecko) Chrome/94.0.4606.85 Mobile Safari/537.36 PHX/17.5"
41.210.141.88 - - [13/Jun/2025:09:56:37 -0400] "GET /account/finbrand.png HTTP/1.1" 200 25547 "https://www.finationglobal.com/account/register" "Mozilla/5.0 (Linux; U; Android 11; en-us; itel A507LM Build/RP1A.201005.001) AppleWebKit/537.36 (KHTML, like Gecko) Chrome/94.0.4606.85 Mobile Safari/537.36 PHX/17.5"
41.210.141.88 - - [13/Jun/2025:09:56:37 -0400] "GET /assets/plugins/bootstrap/js/popper.min.js HTTP/1.1" 200 10266 "https://www.finationglobal.com/account/register" "Mozilla/5.0 (Linux; U; Android 11; en-us; itel A507LM Build/RP1A.201005.001) AppleWebKit/537.36 (KHTML, like Gecko) Chrome/94.0.4606.85 Mobile Safari/537.36 PHX/17.5"
41.210.141.88 - - [13/Jun/2025:09:56:38 -0400] "GET /assets/js/circle-progress.min.js HTTP/1.1" 200 4965 "https://www.finationglobal.com/account/register" "Mozilla/5.0 (Linux; U; Android 11; en-us; itel A507LM Build/RP1A.201005.001) AppleWebKit/537.36 (KHTML, like Gecko) Chrome/94.0.4606.85 Mobile Safari/537.36 PHX/17.5"
41.210.141.88 - - [13/Jun/2025:09:56:38 -0400] "GET /assets/plugins/bootstrap/js/bootstrap.min.js HTTP/1.1" 200 18884 "https://www.finationglobal.com/account/register" "Mozilla/5.0 (Linux; U; Android 11; en-us; itel A507LM Build/RP1A.201005.001) AppleWebKit/537.36 (KHTML, like Gecko) Chrome/94.0.4606.85 Mobile Safari/537.36 PHX/17.5"
41.210.141.88 - - [13/Jun/2025:09:56:38 -0400] "GET /assets/plugins/input-mask/jquery.mask.min.js HTTP/1.1" 200 6191 "https://www.finationglobal.com/account/register" "Mozilla/5.0 (Linux; U; Android 11; en-us; itel A507LM Build/RP1A.201005.001) AppleWebKit/537.36 (KHTML, like Gecko) Chrome/94.0.4606.85 Mobile Safari/537.36 PHX/17.5"
41.210.141.88 - - [13/Jun/2025:09:56:39 -0400] "GET /assets/plugins/bootstrap/js/bootstrap.min.js HTTP/1.1" 200 18884 "https://www.finationglobal.com/account/terms" "Mozilla/5.0 (Linux; U; Android 11; en-us; itel A507LM Build/RP1A.201005.001) AppleWebKit/537.36 (KHTML, like Gecko) Chrome/94.0.4606.85 Mobile Safari/537.36 PHX/17.5"
41.210.141.88 - - [13/Jun/2025:09:56:41 -0400] "GET /assets/images/brand/favicon.ico HTTP/1.1" 200 889 "https://www.finationglobal.com/account/terms" "Mozilla/5.0 (Linux; U; Android 11; en-us; itel A507LM Build/RP1A.201005.001) AppleWebKit/537.36 (KHTML, like Gecko) Chrome/94.0.4606.85 Mobile Safari/537.36 PHX/17.5"
114.46.95.199 - - [13/Jun/2025:09:56:53 -0400] "POST /arch/app HTTP/1.1" 200 44 "https://finationglobal.com" "Opera/9.80 (Windows NT 6.1; Win64; x64); U) Presto/2.10.181 Version/12.00"
86.242.216.101 - - [13/Jun/2025:09:56:59 -0400] "POST /arch/app HTTP/1.1" 200 44 "https://finationglobal.com" "Mozilla/5.0 (Windows NT 10.0; WOW64) AppleWebKit/537.36 (KHTML, like Gecko) Chrome/64.0.3036.110 Safari/537.36"
93.159.1.214 - - [13/Jun/2025:09:57:26 -0400] "POST /arch/app HTTP/1.1" 200 44 "https://finationglobal.com" "Mozilla/5.0 (Windows NT 10.0; WOW64; rv:52.0) Gecko/20100101 Firefox/52.0"
46.193.65.165 - - [13/Jun/2025:09:57:30 -0400] "POST /arch/app HTTP/1.1" 200 44 "https://finationglobal.com" "Mozilla/5.0 (Windows NT 6.3; WOW64) AppleWebKit/537.36 (KHTML, like Gecko) Chrome/67.0.2638.158 Safari/537.36"
197.250.103.70 - - [13/Jun/2025:09:57:34 -0400] "GET /account/geneology?user=kamege HTTP/1.1" 200 4773 "https://finationglobal.com/account/geneology?user=leilamsaka" "Mozilla/5.0 (Linux; Android 10; K) AppleWebKit/537.36 (KHTML, like Gecko) Chrome/134.0.0.0 Mobile Safari/537.36"
197.250.103.70 - - [13/Jun/2025:09:57:43 -0400] "GET /account/geneology?user=fedinanda01 HTTP/1.1" 200 4706 "https://finationglobal.com/account/geneology?user=kamege" "Mozilla/5.0 (Linux; Android 10; K) AppleWebKit/537.36 (KHTML, like Gecko) Chrome/134.0.0.0 Mobile Safari/537.36"
41.210.141.88 - - [13/Jun/2025:09:57:43 -0400] "GET / HTTP/1.1" 200 6344 "-" "Mozilla/5.0 (Linux; U; Android 11; en-us; itel A507LM Build/RP1A.201005.001) AppleWebKit/537.36 (KHTML, like Gecko) Chrome/94.0.4606.85 Mobile Safari/537.36 PHX/17.5"
81.38.144.105 - - [13/Jun/2025:09:57:58 -0400] "POST /arch/app HTTP/1.1" 200 44 "https://finationglobal.com" "Mozilla/5.0 (Windows NT 6.1; Win64; x64) AppleWebKit/537.36 (KHTML, like Gecko) Chrome/63.0.2246.154 Safari/537.36"
197.250.103.70 - - [13/Jun/2025:09:58:05 -0400] "GET /account/geneology?user= HTTP/1.1" 200 4783 "https://finationglobal.com/account/geneology?user=josephmalago91" "Mozilla/5.0 (Linux; Android 10; K) AppleWebKit/537.36 (KHTML, like Gecko) Chrome/134.0.0.0 Mobile Safari/537.36"
193.34.225.60 - - [13/Jun/2025:09:58:05 -0400] "POST /arch/app HTTP/1.1" 200 44 "https://finationglobal.com" "Mozilla/5.0 (Windows NT 6.1; WOW64) AppleWebKit/537.36 (KHTML, like Gecko) Chrome/69.0.2202.85 Safari/537.36"
197.250.103.70 - - [13/Jun/2025:09:58:18 -0400] "GET /account/geneology?user=leilamsaka HTTP/1.1" 200 4782 "https://finationglobal.com/account/geneology?user=" "Mozilla/5.0 (Linux; Android 10; K) AppleWebKit/537.36 (KHTML, like Gecko) Chrome/134.0.0.0 Mobile Safari/537.36"
197.250.103.70 - - [13/Jun/2025:09:58:24 -0400] "GET /account/geneology?user=josephmalago91 HTTP/1.1" 200 4729 "https://finationglobal.com/account/geneology?user=leilamsaka" "Mozilla/5.0 (Linux; Android 10; K) AppleWebKit/537.36 (KHTML, like Gecko) Chrome/134.0.0.0 Mobile Safari/537.36"
41.210.141.88 - - [13/Jun/2025:09:58:41 -0400] "GET /account/register HTTP/1.1" 200 1850 "https://www.finationglobal.com/" "Mozilla/5.0 (Linux; U; Android 11; en-us; itel A507LM Build/RP1A.201005.001) AppleWebKit/537.36 (KHTML, like Gecko) Chrome/94.0.4606.85 Mobile Safari/537.36 PHX/17.5"
41.210.141.88 - - [13/Jun/2025:09:58:43 -0400] "GET /assets/css/style.css HTTP/1.1" 200 144740 "https://www.finationglobal.com/account/register" "Mozilla/5.0 (Linux; U; Android 11; en-us; itel A507LM Build/RP1A.201005.001) AppleWebKit/537.36 (KHTML, like Gecko) Chrome/94.0.4606.85 Mobile Safari/537.36 PHX/17.5"
41.210.141.88 - - [13/Jun/2025:09:58:43 -0400] "GET /assets/plugins/bootstrap/js/popper.min.js HTTP/1.1" 200 10266 "https://www.finationglobal.com/account/register" "Mozilla/5.0 (Linux; U; Android 11; en-us; itel A507LM Build/RP1A.201005.001) AppleWebKit/537.36 (KHTML, like Gecko) Chrome/94.0.4606.85 Mobile Safari/537.36 PHX/17.5"
41.210.141.88 - - [13/Jun/2025:09:58:43 -0400] "GET /assets/js/circle-progress.min.js HTTP/1.1" 200 4965 "https://www.finationglobal.com/account/register" "Mozilla/5.0 (Linux; U; Android 11; en-us; itel A507LM Build/RP1A.201005.001) AppleWebKit/537.36 (KHTML, like Gecko) Chrome/94.0.4606.85 Mobile Safari/537.36 PHX/17.5"
41.210.141.88 - - [13/Jun/2025:09:58:43 -0400] "GET /assets/plugins/input-mask/jquery.mask.min.js HTTP/1.1" 200 6191 "https://www.finationglobal.com/account/register" "Mozilla/5.0 (Linux; U; Android 11; en-us; itel A507LM Build/RP1A.201005.001) AppleWebKit/537.36 (KHTML, like Gecko) Chrome/94.0.4606.85 Mobile Safari/537.36 PHX/17.5"
41.210.141.88 - - [13/Jun/2025:09:58:43 -0400] "GET /assets/plugins/p-scroll/perfect-scrollbar.js HTTP/1.1" 200 10585 "https://www.finationglobal.com/account/register" "Mozilla/5.0 (Linux; U; Android 11; en-us; itel A507LM Build/RP1A.201005.001) AppleWebKit/537.36 (KHTML, like Gecko) Chrome/94.0.4606.85 Mobile Safari/537.36 PHX/17.5"
41.210.141.88 - - [13/Jun/2025:09:58:43 -0400] "GET /assets/js/themeColors.js HTTP/1.1" 200 5058 "https://www.finationglobal.com/account/register" "Mozilla/5.0 (Linux; U; Android 11; en-us; itel A507LM Build/RP1A.201005.001) AppleWebKit/537.36 (KHTML, like Gecko) Chrome/94.0.4606.85 Mobile Safari/537.36 PHX/17.5"
41.210.141.88 - - [13/Jun/2025:09:58:43 -0400] "GET /assets/js/jquery.min.js HTTP/1.1" 200 33270 "https://www.finationglobal.com/account/register" "Mozilla/5.0 (Linux; U; Android 11; en-us; itel A507LM Build/RP1A.201005.001) AppleWebKit/537.36 (KHTML, like Gecko) Chrome/94.0.4606.85 Mobile Safari/537.36 PHX/17.5"
41.210.141.88 - - [13/Jun/2025:09:58:43 -0400] "GET /assets/js/swither-styles.js HTTP/1.1" 200 7609 "https://www.finationglobal.com/account/register" "Mozilla/5.0 (Linux; U; Android 11; en-us; itel A507LM Build/RP1A.201005.001) AppleWebKit/537.36 (KHTML, like Gecko) Chrome/94.0.4606.85 Mobile Safari/537.36 PHX/17.5"
41.210.141.88 - - [13/Jun/2025:09:58:43 -0400] "GET /assets/js/custom.js HTTP/1.1" 200 5093 "https://www.finationglobal.com/account/register" "Mozilla/5.0 (Linux; U; Android 11; en-us; itel A507LM Build/RP1A.201005.001) AppleWebKit/537.36 (KHTML, like Gecko) Chrome/94.0.4606.85 Mobile Safari/537.36 PHX/17.5"
41.210.141.88 - - [13/Jun/2025:09:58:43 -0400] "GET /assets/iconfonts/bootstrapicons/bootstrap-icons.css HTTP/1.1" 200 8194 "https://www.finationglobal.com/assets/css/icons.css" "Mozilla/5.0 (Linux; U; Android 11; en-us; itel A507LM Build/RP1A.201005.001) AppleWebKit/537.36 (KHTML, like Gecko) Chrome/94.0.4606.85 Mobile Safari/537.36 PHX/17.5"
41.210.141.88 - - [13/Jun/2025:09:58:43 -0400] "GET /assets/iconfonts/font-awesome/css/font-awesome.min.css HTTP/1.1" 200 6666 "https://www.finationglobal.com/assets/css/icons.css" "Mozilla/5.0 (Linux; U; Android 11; en-us; itel A507LM Build/RP1A.201005.001) AppleWebKit/537.36 (KHTML, like Gecko) Chrome/94.0.4606.85 Mobile Safari/537.36 PHX/17.5"
41.210.141.88 - - [13/Jun/2025:09:58:43 -0400] "GET /assets/iconfonts/ionicons/ionicons.css HTTP/1.1" 200 6409 "https://www.finationglobal.com/assets/css/icons.css" "Mozilla/5.0 (Linux; U; Android 11; en-us; itel A507LM Build/RP1A.201005.001) AppleWebKit/537.36 (KHTML, like Gecko) Chrome/94.0.4606.85 Mobile Safari/537.36 PHX/17.5"
41.210.141.88 - - [13/Jun/2025:09:58:43 -0400] "GET /assets/iconfonts/typicons/typicons.css HTTP/1.1" 200 3263 "https://www.finationglobal.com/assets/css/icons.css" "Mozilla/5.0 (Linux; U; Android 11; en-us; itel A507LM Build/RP1A.201005.001) AppleWebKit/537.36 (KHTML, like Gecko) Chrome/94.0.4606.85 Mobile Safari/537.36 PHX/17.5"
41.210.141.88 - - [13/Jun/2025:09:58:43 -0400] "GET /assets/iconfonts/feather/feather.css HTTP/1.1" 200 1999 "https://www.finationglobal.com/assets/css/icons.css" "Mozilla/5.0 (Linux; U; Android 11; en-us; itel A507LM Build/RP1A.201005.001) AppleWebKit/537.36 (KHTML, like Gecko) Chrome/94.0.4606.85 Mobile Safari/537.36 PHX/17.5"
41.210.141.88 - - [13/Jun/2025:09:58:43 -0400] "GET /assets/iconfonts/simple-line-icons/simple-line-icons.css HTTP/1.1" 200 3107 "https://www.finationglobal.com/assets/css/icons.css" "Mozilla/5.0 (Linux; U; Android 11; en-us; itel A507LM Build/RP1A.201005.001) AppleWebKit/537.36 (KHTML, like Gecko) Chrome/94.0.4606.85 Mobile Safari/537.36 PHX/17.5"
41.210.141.88 - - [13/Jun/2025:09:58:43 -0400] "GET /assets/iconfonts/linearicons/Linearicons.css HTTP/1.1" 200 1507 "https://www.finationglobal.com/assets/css/icons.css" "Mozilla/5.0 (Linux; U; Android 11; en-us; itel A507LM Build/RP1A.201005.001) AppleWebKit/537.36 (KHTML, like Gecko) Chrome/94.0.4606.85 Mobile Safari/537.36 PHX/17.5"
41.210.141.88 - - [13/Jun/2025:09:58:43 -0400] "GET /assets/iconfonts/weathericons/weathericons.css HTTP/1.1" 200 3459 "https://www.finationglobal.com/assets/css/icons.css" "Mozilla/5.0 (Linux; U; Android 11; en-us; itel A507LM Build/RP1A.201005.001) AppleWebKit/537.36 (KHTML, like Gecko) Chrome/94.0.4606.85 Mobile Safari/537.36 PHX/17.5"
41.210.141.88 - - [13/Jun/2025:09:58:43 -0400] "GET /assets/iconfonts/glyphicons/glyphicon.css HTTP/1.1" 200 2217 "https://www.finationglobal.com/assets/css/icons.css" "Mozilla/5.0 (Linux; U; Android 11; en-us; itel A507LM Build/RP1A.201005.001) AppleWebKit/537.36 (KHTML, like Gecko) Chrome/94.0.4606.85 Mobile Safari/537.36 PHX/17.5"
41.210.141.88 - - [13/Jun/2025:09:58:43 -0400] "GET /assets/iconfonts/materialdesignicons/materialdesignicons.css HTTP/1.1" 200 22418 "https://www.finationglobal.com/assets/css/icons.css" "Mozilla/5.0 (Linux; U; Android 11; en-us; itel A507LM Build/RP1A.201005.001) AppleWebKit/537.36 (KHTML, like Gecko) Chrome/94.0.4606.85 Mobile Safari/537.36 PHX/17.5"
41.210.141.88 - - [13/Jun/2025:09:58:43 -0400] "GET /assets/iconfonts/themify/themify.css HTTP/1.1" 200 2728 "https://www.finationglobal.com/assets/css/icons.css" "Mozilla/5.0 (Linux; U; Android 11; en-us; itel A507LM Build/RP1A.201005.001) AppleWebKit/537.36 (KHTML, like Gecko) Chrome/94.0.4606.85 Mobile Safari/537.36 PHX/17.5"
41.210.141.88 - - [13/Jun/2025:09:58:43 -0400] "GET /assets/iconfonts/pe-icon-7-stroke/Pe-icon-7.css HTTP/1.1" 200 1681 "https://www.finationglobal.com/assets/css/icons.css" "Mozilla/5.0 (Linux; U; Android 11; en-us; itel A507LM Build/RP1A.201005.001) AppleWebKit/537.36 (KHTML, like Gecko) Chrome/94.0.4606.85 Mobile Safari/537.36 PHX/17.5"
41.210.141.88 - - [13/Jun/2025:09:58:43 -0400] "GET /assets/plugins/iconfonts/remixicon/remixicon.css HTTP/1.1" 200 12884 "https://www.finationglobal.com/assets/css/icons.css" "Mozilla/5.0 (Linux; U; Android 11; en-us; itel A507LM Build/RP1A.201005.001) AppleWebKit/537.36 (KHTML, like Gecko) Chrome/94.0.4606.85 Mobile Safari/537.36 PHX/17.5"
41.210.141.88 - - [13/Jun/2025:09:58:46 -0400] "GET /assets/iconfonts/font-awesome/fonts/fontawesome-webfont.woff2?v=4.7.0 HTTP/1.1" 200 77160 "https://www.finationglobal.com/assets/iconfonts/font-awesome/css/font-awesome.min.css" "Mozilla/5.0 (Linux; U; Android 11; en-us; itel A507LM Build/RP1A.201005.001) AppleWebKit/537.36 (KHTML, like Gecko) Chrome/94.0.4606.85 Mobile Safari/537.36 PHX/17.5"
41.210.141.88 - - [13/Jun/2025:09:58:46 -0400] "GET /assets/iconfonts/materialdesignicons/fonts/materialdesignicons-webfont.woff2?v=2.0.46 HTTP/1.1" 200 109248 "https://www.finationglobal.com/assets/iconfonts/materialdesignicons/materialdesignicons.css" "Mozilla/5.0 (Linux; U; Android 11; en-us; itel A507LM Build/RP1A.201005.001) AppleWebKit/537.36 (KHTML, like Gecko) Chrome/94.0.4606.85 Mobile Safari/537.36 PHX/17.5"
41.210.141.88 - - [13/Jun/2025:09:58:46 -0400] "GET /assets/iconfonts/materialdesignicons/fonts/Material-Design-Iconic-Font.woff2?v=2.2.0 HTTP/1.1" 200 38384 "https://www.finationglobal.com/assets/iconfonts/materialdesignicons/materialdesignicons.css" "Mozilla/5.0 (Linux; U; Android 11; en-us; itel A507LM Build/RP1A.201005.001) AppleWebKit/537.36 (KHTML, like Gecko) Chrome/94.0.4606.85 Mobile Safari/537.36 PHX/17.5"
197.250.103.70 - - [13/Jun/2025:09:58:46 -0400] "GET /account/geneology?user=mnenuka HTTP/1.1" 200 4746 "https://finationglobal.com/account/geneology?user=leilamsaka" "Mozilla/5.0 (Linux; Android 10; K) AppleWebKit/537.36 (KHTML, like Gecko) Chrome/134.0.0.0 Mobile Safari/537.36"
95.77.241.83 - - [13/Jun/2025:09:59:04 -0400] "POST /arch/app HTTP/1.1" 200 44 "https://finationglobal.com" "Opera/9.80 (J2ME/MIDP; Opera Mini/7.1.23511/28.2555; U; ru) Presto/2.10.181 Version/12.00"
197.250.103.70 - - [13/Jun/2025:09:59:09 -0400] "GET /account/geneology?user=zabara HTTP/1.1" 200 4730 "https://finationglobal.com/account/geneology?user=leilamsaka" "Mozilla/5.0 (Linux; Android 10; K) AppleWebKit/537.36 (KHTML, like Gecko) Chrome/134.0.0.0 Mobile Safari/537.36"
197.250.103.70 - - [13/Jun/2025:09:59:23 -0400] "GET /account/geneology?user=josephmalago91 HTTP/1.1" 200 4729 "https://finationglobal.com/account/geneology?user=leilamsaka" "Mozilla/5.0 (Linux; Android 10; K) AppleWebKit/537.36 (KHTML, like Gecko) Chrome/134.0.0.0 Mobile Safari/537.36"
37.14.105.177 - - [13/Jun/2025:09:59:33 -0400] "POST /arch/app HTTP/1.1" 200 44 "https://finationglobal.com" "Mozilla/5.0 (Windows NT 6.3; WOW64) AppleWebKit/537.36 (KHTML, like Gecko) Chrome/65.0.2373.128 Safari/537.36"
78.30.247.130 - - [13/Jun/2025:09:59:38 -0400] "POST /arch/app HTTP/1.1" 200 44 "https://finationglobal.com" "Mozilla/5.0 (Windows NT 6.3) AppleWebKit/537.36 (KHTML, like Gecko) Chrome/69.0.2461.35 Safari/537.36"
197.250.103.70 - - [13/Jun/2025:09:59:42 -0400] "GET /account/geneology?user=edwin63 HTTP/1.1" 200 4782 "https://finationglobal.com/account/geneology?user=leilamsaka" "Mozilla/5.0 (Linux; Android 10; K) AppleWebKit/537.36 (KHTML, like Gecko) Chrome/134.0.0.0 Mobile Safari/537.36"
197.250.103.70 - - [13/Jun/2025:09:59:59 -0400] "GET /account/geneology?user=slym01 HTTP/1.1" 200 4719 "https://finationglobal.com/account/geneology?user=edwin63" "Mozilla/5.0 (Linux; Android 10; K) AppleWebKit/537.36 (KHTML, like Gecko) Chrome/134.0.0.0 Mobile Safari/537.36"
1.162.77.193 - - [13/Jun/2025:10:00:07 -0400] "POST /arch/app HTTP/1.1" 200 44 "https://finationglobal.com" "Mozilla/5.0 (Windows NT 6.1) AppleWebKit/537.36 (KHTML, like Gecko) Chrome/67.0.2387.29 Safari/537.36"
82.194.31.150 - - [13/Jun/2025:10:00:12 -0400] "POST /arch/app HTTP/1.1" 200 44 "https://finationglobal.com" "Mozilla/5.0 (Windows NT 10.0; Win64; x64) AppleWebKit/537.36 (KHTML, like Gecko) Chrome/63.0.2888.161 Safari/537.36"
197.250.103.70 - - [13/Jun/2025:10:00:27 -0400] "GET /account/geneology?user=josephmalago91 HTTP/1.1" 200 4730 "https://finationglobal.com/account/geneology?user=leilamsaka" "Mozilla/5.0 (Linux; Android 10; K) AppleWebKit/537.36 (KHTML, like Gecko) Chrome/134.0.0.0 Mobile Safari/537.36"
197.250.103.70 - - [13/Jun/2025:10:00:35 -0400] "GET /account/geneology?user=mwenda74 HTTP/1.1" 200 4791 "https://finationglobal.com/account/geneology?user=leilamsaka" "Mozilla/5.0 (Linux; Android 10; K) AppleWebKit/537.36 (KHTML, like Gecko) Chrome/134.0.0.0 Mobile Safari/537.36"
151.252.195.148 - - [13/Jun/2025:10:00:38 -0400] "POST /arch/app HTTP/1.1" 200 44 "https://finationglobal.com" "Mozilla/5.0 (Windows NT 6.3) AppleWebKit/537.36 (KHTML, like Gecko) Chrome/66.0.3515.89 Safari/537.36"
94.158.59.26 - - [13/Jun/2025:10:00:42 -0400] "POST /arch/app HTTP/1.1" 200 44 "https://finationglobal.com" "Mozilla/5.0 (Windows NT 6.3; Win64; x64; rv:60.0) Gecko/20100101 Firefox/60.0"
197.250.103.70 - - [13/Jun/2025:10:01:12 -0400] "GET /account/geneology?user=mwamvua74 HTTP/1.1" 200 4690 "https://finationglobal.com/account/geneology?user=mwenda74" "Mozilla/5.0 (Linux; Android 10; K) AppleWebKit/537.36 (KHTML, like Gecko) Chrome/134.0.0.0 Mobile Safari/537.36"
109.81.91.89 - - [13/Jun/2025:10:01:13 -0400] "POST /arch/app HTTP/1.1" 200 44 "https://finationglobal.com" "Mozilla/5.0 (Windows NT 6.3; Win64; x64; rv:52.0) Gecko/20100101 Firefox/52.0"
37.208.46.166 - - [13/Jun/2025:10:01:14 -0400] "POST /arch/app HTTP/1.1" 200 44 "https://finationglobal.com" "Opera/9.80 (Windows NT 10.0; WOW64); U) Presto/2.12.388 Version/12.14"
197.250.103.70 - - [13/Jun/2025:10:01:19 -0400] "GET /account/geneology?user=edwin63 HTTP/1.1" 200 4782 "https://finationglobal.com/account/geneology?user=mwenda74" "Mozilla/5.0 (Linux; Android 10; K) AppleWebKit/537.36 (KHTML, like Gecko) Chrome/134.0.0.0 Mobile Safari/537.36"
197.250.103.70 - - [13/Jun/2025:10:01:40 -0400] "GET /account/geneology?user=zabara HTTP/1.1" 200 4731 "https://finationglobal.com/account/geneology?user=leilamsaka" "Mozilla/5.0 (Linux; Android 10; K) AppleWebKit/537.36 (KHTML, like Gecko) Chrome/134.0.0.0 Mobile Safari/537.36"
81.0.55.87 - - [13/Jun/2025:10:01:46 -0400] "POST /arch/app HTTP/1.1" 200 44 "https://finationglobal.com" "Mozilla/5.0 (Windows NT 6.1; Win64; x64) AppleWebKit/537.36 (KHTML, like Gecko) Chrome/68.0.2938.4 Safari/537.36"
49.228.67.51 - - [13/Jun/2025:10:01:49 -0400] "POST /arch/app HTTP/1.1" 200 44 "https://finationglobal.com" "Mozilla/5.0 (Windows NT 10.0; WOW64) AppleWebKit/537.36 (KHTML, like Gecko) Chrome/68.0.2130.164 Safari/537.36"
197.250.103.70 - - [13/Jun/2025:10:01:54 -0400] "GET /account/geneology?user=mnenuka HTTP/1.1" 200 4746 "https://finationglobal.com/account/geneology?user=leilamsaka" "Mozilla/5.0 (Linux; Android 10; K) AppleWebKit/537.36 (KHTML, like Gecko) Chrome/134.0.0.0 Mobile Safari/537.36"
188.2.227.34 - - [13/Jun/2025:10:02:20 -0400] "POST /arch/app HTTP/1.1" 200 44 "https://finationglobal.com" "Mozilla/5.0 (compatible; MSIE 10.0; Windows NT 6.1; Trident/6.0; .NET CLR 2.0.50727; .NET CLR 3.5.30729; .NET CLR 3.0.30729; Media Center PC 6.0; .NET4.0C; .NET4.0E)"
197.250.103.70 - - [13/Jun/2025:10:02:38 -0400] "GET /account/geneology?user=john11 HTTP/1.1" 200 4680 "https://finationglobal.com/account/geneology?user=mnenuka" "Mozilla/5.0 (Linux; Android 10; K) AppleWebKit/537.36 (KHTML, like Gecko) Chrome/134.0.0.0 Mobile Safari/537.36"
197.250.103.70 - - [13/Jun/2025:10:02:45 -0400] "GET /account/geneology?user=john11 HTTP/1.1" 200 4680 "https://finationglobal.com/account/geneology?user=mnenuka" "Mozilla/5.0 (Linux; Android 10; K) AppleWebKit/537.36 (KHTML, like Gecko) Chrome/134.0.0.0 Mobile Safari/537.36"
212.112.119.5 - - [13/Jun/2025:10:02:49 -0400] "POST /arch/app HTTP/1.1" 200 44 "https://finationglobal.com" "Mozilla/5.0 (Windows NT 6.1; WOW64; rv:64.0) Gecko/20100101 Firefox/64.0"
194.87.101.81 - - [13/Jun/2025:10:02:55 -0400] "POST /arch/app HTTP/1.1" 200 44 "https://finationglobal.com" "Mozilla/5.0 (Windows NT 10.0) AppleWebKit/537.36 (KHTML, like Gecko) Chrome/68.0.3358.160 Safari/537.36"
197.250.103.70 - - [13/Jun/2025:10:03:10 -0400] "GET /account/geneology?user=mnenuka HTTP/1.1" 302 639 "-" "WhatsApp/2.23.20.0"
197.250.103.70 - - [13/Jun/2025:10:03:10 -0400] "GET /account/login.php HTTP/1.1" 302 771 "-" "WhatsApp/2.23.20.0"
197.250.103.70 - - [13/Jun/2025:10:03:11 -0400] "GET /account/login HTTP/1.1" 200 1551 "-" "WhatsApp/2.23.20.0"
197.250.103.70 - - [13/Jun/2025:10:03:11 -0400] "GET /favicon.ico HTTP/1.1" 404 1251 "-" "WhatsApp/2.23.20.0"
197.250.103.70 - - [13/Jun/2025:10:03:22 -0400] "GET /account/geneology?user=mnenuka HTTP/1.1" 200 4746 "-" "Mozilla/5.0 (Linux; Android 10; K) AppleWebKit/537.36 (KHTML, like Gecko) Chrome/134.0.0.0 Mobile Safari/537.36"
92.62.77.240 - - [13/Jun/2025:10:03:24 -0400] "POST /arch/app HTTP/1.1" 200 44 "https://finationglobal.com" "Opera/9.80 (Windows NT 6.3); U) Presto/2.10.181 Version/12.00"
79.186.102.189 - - [13/Jun/2025:10:03:29 -0400] "POST /arch/app HTTP/1.1" 200 44 "https://finationglobal.com" "Opera/9.80 (iOS; Opera Mini/7.0.73345/28.2555; U; ru) Presto/2.10.229 Version/11.62"
197.250.103.70 - - [13/Jun/2025:10:03:42 -0400] "GET /account/geneology?user=mnenuka HTTP/1.1" 200 4746 "-" "Mozilla/5.0 (Linux; Android 10; K) AppleWebKit/537.36 (KHTML, like Gecko) Chrome/134.0.0.0 Mobile Safari/537.36"
197.250.103.70 - - [13/Jun/2025:10:03:47 -0400] "GET /account/geneology?user=devotha HTTP/1.1" 200 4727 "https://finationglobal.com/account/geneology?user=mnenuka" "Mozilla/5.0 (Linux; Android 10; K) AppleWebKit/537.36 (KHTML, like Gecko) Chrome/134.0.0.0 Mobile Safari/537.36"
87.19.20.131 - - [13/Jun/2025:10:04:02 -0400] "POST /arch/app HTTP/1.1" 200 44 "https://finationglobal.com" "Mozilla/5.0 (Windows NT 6.3; rv:63.0) Gecko/20100101 Firefox/63.0"
41.210.141.88 - - [13/Jun/2025:10:04:30 -0400] "GET /account/control.php?confirm=C HTTP/1.1" 302 771 "https://www.finationglobal.com/account/register" "Mozilla/5.0 (Linux; U; Android 11; en-us; itel A507LM Build/RP1A.201005.001) AppleWebKit/537.36 (KHTML, like Gecko) Chrome/94.0.4606.85 Mobile Safari/537.36 PHX/17.5"
41.210.141.88 - - [13/Jun/2025:10:04:30 -0400] "GET /account/control?confirm=C HTTP/1.1" 200 16 "https://www.finationglobal.com/account/register" "Mozilla/5.0 (Linux; U; Android 11; en-us; itel A507LM Build/RP1A.201005.001) AppleWebKit/537.36 (KHTML, like Gecko) Chrome/94.0.4606.85 Mobile Safari/537.36 PHX/17.5"
41.210.141.88 - - [13/Jun/2025:10:04:32 -0400] "GET /account/control.php?confirm=CM HTTP/1.1" 302 771 "https://www.finationglobal.com/account/register" "Mozilla/5.0 (Linux; U; Android 11; en-us; itel A507LM Build/RP1A.201005.001) AppleWebKit/537.36 (KHTML, like Gecko) Chrome/94.0.4606.85 Mobile Safari/537.36 PHX/17.5"
41.210.141.88 - - [13/Jun/2025:10:04:32 -0400] "GET /account/control?confirm=CM HTTP/1.1" 200 16 "https://www.finationglobal.com/account/register" "Mozilla/5.0 (Linux; U; Android 11; en-us; itel A507LM Build/RP1A.201005.001) AppleWebKit/537.36 (KHTML, like Gecko) Chrome/94.0.4606.85 Mobile Safari/537.36 PHX/17.5"
188.26.214.119 - - [13/Jun/2025:10:04:31 -0400] "POST /arch/app HTTP/1.1" 200 44 "https://finationglobal.com" "Mozilla/5.0 (Windows NT 10.0; Win64; x64) AppleWebKit/537.36 (KHTML, like Gecko) Chrome/63.0.2666.152 Safari/537.36"
90.139.224.100 - - [13/Jun/2025:10:04:31 -0400] "POST /arch/app HTTP/1.1" 200 44 "https://finationglobal.com" "Mozilla/5.0 (Windows NT 6.3; WOW64) AppleWebKit/537.36 (KHTML, like Gecko) Chrome/62.0.2524.94 Safari/537.36"
197.250.103.70 - - [13/Jun/2025:10:04:35 -0400] "GET /account/geneology?user=pamela13 HTTP/1.1" 200 4732 "https://finationglobal.com/account/geneology?user=mnenuka" "Mozilla/5.0 (Linux; Android 10; K) AppleWebKit/537.36 (KHTML, like Gecko) Chrome/134.0.0.0 Mobile Safari/537.36"
41.210.141.88 - - [13/Jun/2025:10:04:37 -0400] "GET /account/control.php?confirm=CM7 HTTP/1.1" 302 771 "https://www.finationglobal.com/account/register" "Mozilla/5.0 (Linux; U; Android 11; en-us; itel A507LM Build/RP1A.201005.001) AppleWebKit/537.36 (KHTML, like Gecko) Chrome/94.0.4606.85 Mobile Safari/537.36 PHX/17.5"
41.210.141.88 - - [13/Jun/2025:10:04:37 -0400] "GET /account/control.php?confirm=CM71 HTTP/1.1" 302 771 "https://www.finationglobal.com/account/register" "Mozilla/5.0 (Linux; U; Android 11; en-us; itel A507LM Build/RP1A.201005.001) AppleWebKit/537.36 (KHTML, like Gecko) Chrome/94.0.4606.85 Mobile Safari/537.36 PHX/17.5"
41.210.141.88 - - [13/Jun/2025:10:04:37 -0400] "GET /account/control?confirm=CM7 HTTP/1.1" 200 16 "https://www.finationglobal.com/account/register" "Mozilla/5.0 (Linux; U; Android 11; en-us; itel A507LM Build/RP1A.201005.001) AppleWebKit/537.36 (KHTML, like Gecko) Chrome/94.0.4606.85 Mobile Safari/537.36 PHX/17.5"
41.210.141.88 - - [13/Jun/2025:10:04:38 -0400] "GET /account/control?confirm=CM71 HTTP/1.1" 200 16 "https://www.finationglobal.com/account/register" "Mozilla/5.0 (Linux; U; Android 11; en-us; itel A507LM Build/RP1A.201005.001) AppleWebKit/537.36 (KHTML, like Gecko) Chrome/94.0.4606.85 Mobile Safari/537.36 PHX/17.5"
