66.249.64.131 - - [13/Jun/2025:09:06:25 -0400] "GET /?d=102572013260&filter=dff52c&share_to_url=shopdetail.php%3Fid%3D3476660%26name%3Dintel+i3+cheap+lga+1150 HTTP/1.1" 200 22711 "-" "Mozilla/5.0 (Linux; Android 6.0.1; Nexus 5X Build/MMB29P) AppleWebKit/537.36 (KHTML, like Gecko) Chrome/136.0.7103.113 Mobile Safari/537.36 (compatible; Googlebot/2.1; +http://www.google.com/bot.html)"
69.197.182.50 - - [13/Jun/2025:09:06:25 -0400] "GET /wp-includes/loginn.php HTTP/1.1" 302 6 "https://churchmr.com/wp-includes/edit.php" "Mozilla/5.0 (Windows NT 10.0; Win64; x64) AppleWebKit/537.36 (KHTML, like Gecko) Chrome/58.0.3029.110 Safari/537.3"
69.197.182.50 - - [13/Jun/2025:09:06:26 -0400] "GET /wp-includes/loginn.php HTTP/1.1" 302 6 "https://churchmr.com/wp-includes/edit.php" "Mozilla/5.0 (Windows NT 10.0; Win64; x64) AppleWebKit/537.36 (KHTML, like Gecko) Chrome/58.0.3029.110 Safari/537.3"
66.249.64.5 - - [13/Jun/2025:09:06:27 -0400] "GET /?d=101363605260&filter=1c8ef9&share_to_url=shopdetail.php%3Fid%3D3436160%26name%3Dimpianto+frenante+c1+formula HTTP/1.1" 200 23835 "-" "Mozilla/5.0 (Linux; Android 6.0.1; Nexus 5X Build/MMB29P) AppleWebKit/537.36 (KHTML, like Gecko) Chrome/136.0.7103.113 Mobile Safari/537.36 (compatible; Googlebot/2.1; +http://www.google.com/bot.html)"
69.197.182.50 - - [13/Jun/2025:09:06:27 -0400] "GET /wp-includes/loginn.php HTTP/1.1" 302 6 "https://churchmr.com/wp-includes/edit.php" "Mozilla/5.0 (Windows NT 10.0; Win64; x64) AppleWebKit/537.36 (KHTML, like Gecko) Chrome/58.0.3029.110 Safari/537.3"
66.249.64.131 - - [13/Jun/2025:09:06:28 -0400] "GET /?d=102030592260&filter=198bef&share_to_url=ideas.php%3Fid%3D3458580%26name%3Dcape+may+diamonds+high HTTP/1.1" 200 23278 "-" "Mozilla/5.0 (Linux; Android 6.0.1; Nexus 5X Build/MMB29P) AppleWebKit/537.36 (KHTML, like Gecko) Chrome/136.0.7103.113 Mobile Safari/537.36 (compatible; Googlebot/2.1; +http://www.google.com/bot.html)"
66.249.64.5 - - [13/Jun/2025:09:06:28 -0400] "GET /?d=100588319260&filter=1c3e5e&share_to_url=ideas.php%3Fid%3D3409404%26name%3Dzr+b4+flip8+replacement+cheap HTTP/1.1" 200 23303 "-" "Mozilla/5.0 (Linux; Android 6.0.1; Nexus 5X Build/MMB29P) AppleWebKit/537.36 (KHTML, like Gecko) Chrome/136.0.7103.113 Mobile Safari/537.36 (compatible; Googlebot/2.1; +http://www.google.com/bot.html)"
69.197.182.50 - - [13/Jun/2025:09:06:28 -0400] "GET /wp-includes/loginn.php HTTP/1.1" 302 6 "https://churchmr.com/wp-includes/edit.php" "Mozilla/5.0 (Windows NT 10.0; Win64; x64) AppleWebKit/537.36 (KHTML, like Gecko) Chrome/58.0.3029.110 Safari/537.3"
69.197.182.50 - - [13/Jun/2025:09:06:29 -0400] "GET /wp-includes/loginn.php HTTP/1.1" 302 6 "https://churchmr.com/wp-includes/edit.php" "Mozilla/5.0 (Windows NT 10.0; Win64; x64) AppleWebKit/537.36 (KHTML, like Gecko) Chrome/58.0.3029.110 Safari/537.3"
66.249.64.131 - - [13/Jun/2025:09:06:31 -0400] "GET /?d=110310496260&filter=5ba468&share_to_url=discover.php%3Fid%3D3733949%26name%3Deau+de+parfum+love HTTP/1.1" 200 22686 "-" "Mozilla/5.0 (Linux; Android 6.0.1; Nexus 5X Build/MMB29P) AppleWebKit/537.36 (KHTML, like Gecko) Chrome/136.0.7103.113 Mobile Safari/537.36 (compatible; Googlebot/2.1; +http://www.google.com/bot.html)"
69.197.182.50 - - [13/Jun/2025:09:06:30 -0400] "GET /wp-includes/loginn.php HTTP/1.1" 302 6 "https://churchmr.com/wp-includes/edit.php" "Mozilla/5.0 (Windows NT 10.0; Win64; x64) AppleWebKit/537.36 (KHTML, like Gecko) Chrome/58.0.3029.110 Safari/537.3"
66.249.64.5 - - [13/Jun/2025:09:06:32 -0400] "GET /?d=89688749260&filter=6e89d3&share_to_url=product-page.php%3Fid%3D3039904%26name%3Dhow+to+add+a+cash HTTP/1.1" 200 24496 "-" "Mozilla/5.0 (Linux; Android 6.0.1; Nexus 5X Build/MMB29P) AppleWebKit/537.36 (KHTML, like Gecko) Chrome/136.0.7103.113 Mobile Safari/537.36 (compatible; Googlebot/2.1; +http://www.google.com/bot.html)"
69.197.182.50 - - [13/Jun/2025:09:06:31 -0400] "GET /wp-includes/loginn.php HTTP/1.1" 302 6 "https://churchmr.com/wp-includes/edit.php" "Mozilla/5.0 (Windows NT 10.0; Win64; x64) AppleWebKit/537.36 (KHTML, like Gecko) Chrome/58.0.3029.110 Safari/537.3"
66.249.64.5 - - [13/Jun/2025:09:06:32 -0400] "GET /?d=100182028260&filter=f4b633&share_to_url=discover.php%3Fid%3D3395321%26name%3Dindoor+bistro+clearance HTTP/1.1" 200 24071 "-" "Mozilla/5.0 (Linux; Android 6.0.1; Nexus 5X Build/MMB29P) AppleWebKit/537.36 (KHTML, like Gecko) Chrome/136.0.7103.113 Mobile Safari/537.36 (compatible; Googlebot/2.1; +http://www.google.com/bot.html)"
66.249.64.131 - - [13/Jun/2025:09:06:32 -0400] "GET /?d=104662572260&filter=ccc9b9&share_to_url=pin.php%3Fid%3D3546498%26name%3Dmid+century+amber+glass+table HTTP/1.1" 200 23985 "-" "Mozilla/5.0 (Linux; Android 6.0.1; Nexus 5X Build/MMB29P) AppleWebKit/537.36 (KHTML, like Gecko) Chrome/136.0.7103.113 Mobile Safari/537.36 (compatible; Googlebot/2.1; +http://www.google.com/bot.html)"
69.197.182.50 - - [13/Jun/2025:09:06:32 -0400] "GET /wp-includes/loginn.php HTTP/1.1" 302 6 "https://churchmr.com/wp-includes/edit.php" "Mozilla/5.0 (Windows NT 10.0; Win64; x64) AppleWebKit/537.36 (KHTML, like Gecko) Chrome/58.0.3029.110 Safari/537.3"
66.249.64.6 - - [13/Jun/2025:09:06:33 -0400] "GET /?d=104303607260&filter=128aa4&share_to_url=shop.php%3Fid%3D3533983%26name%3Dpantai+mas+fishing HTTP/1.1" 200 24994 "-" "Mozilla/5.0 (Linux; Android 6.0.1; Nexus 5X Build/MMB29P) AppleWebKit/537.36 (KHTML, like Gecko) Chrome/136.0.7103.113 Mobile Safari/537.36 (compatible; Googlebot/2.1; +http://www.google.com/bot.html)"
66.249.64.131 - - [13/Jun/2025:09:06:33 -0400] "GET /?d=102691973260&filter=9569f9&share_to_url=item.php%3Fid%3D3480673%26name%3Dvestido+de+punto+delgado HTTP/1.1" 200 23487 "-" "Mozilla/5.0 (Linux; Android 6.0.1; Nexus 5X Build/MMB29P) AppleWebKit/537.36 (KHTML, like Gecko) Chrome/136.0.7103.113 Mobile Safari/537.36 (compatible; Googlebot/2.1; +http://www.google.com/bot.html)"
69.197.182.50 - - [13/Jun/2025:09:06:33 -0400] "GET /wp-includes/loginn.php HTTP/1.1" 302 6 "https://churchmr.com/wp-includes/edit.php" "Mozilla/5.0 (Windows NT 10.0; Win64; x64) AppleWebKit/537.36 (KHTML, like Gecko) Chrome/58.0.3029.110 Safari/537.3"
66.249.64.5 - - [13/Jun/2025:09:06:33 -0400] "GET /?d=108284324260&filter=4de61e&share_to_url=goods.php%3Fid%3D3666251%26name%3Dused+2019+kia+sedona+lx HTTP/1.1" 200 22961 "-" "Mozilla/5.0 (Linux; Android 6.0.1; Nexus 5X Build/MMB29P) AppleWebKit/537.36 (KHTML, like Gecko) Chrome/136.0.7103.113 Mobile Safari/537.36 (compatible; Googlebot/2.1; +http://www.google.com/bot.html)"
66.249.64.131 - - [13/Jun/2025:09:06:34 -0400] "GET /?d=114460638260&filter=fe435c&share_to_url=article.php%3Fid%3D3875870%26name%3Dcheap+diy+skateboard HTTP/1.1" 200 23398 "-" "Mozilla/5.0 (Linux; Android 6.0.1; Nexus 5X Build/MMB29P) AppleWebKit/537.36 (KHTML, like Gecko) Chrome/136.0.7103.113 Mobile Safari/537.36 (compatible; Googlebot/2.1; +http://www.google.com/bot.html)"
66.249.64.6 - - [13/Jun/2025:09:06:34 -0400] "GET /?d=93933682260&filter=50ca6e&share_to_url=item.php%3Fid%3D3182809%26name%3Desprit+stretch+jeans+mit HTTP/1.1" 200 23385 "-" "Mozilla/5.0 (Linux; Android 6.0.1; Nexus 5X Build/MMB29P) AppleWebKit/537.36 (KHTML, like Gecko) Chrome/136.0.7103.113 Mobile Safari/537.36 (compatible; Googlebot/2.1; +http://www.google.com/bot.html)"
69.197.182.50 - - [13/Jun/2025:09:06:34 -0400] "GET /wp-includes/loginn.php HTTP/1.1" 302 6 "https://churchmr.com/wp-includes/edit.php" "Mozilla/5.0 (Windows NT 10.0; Win64; x64) AppleWebKit/537.36 (KHTML, like Gecko) Chrome/58.0.3029.110 Safari/537.3"
69.197.182.50 - - [13/Jun/2025:09:06:35 -0400] "GET /wp-includes/loginn.php HTTP/1.1" 302 6 "https://churchmr.com/wp-includes/edit.php" "Mozilla/5.0 (Windows NT 10.0; Win64; x64) AppleWebKit/537.36 (KHTML, like Gecko) Chrome/58.0.3029.110 Safari/537.3"
66.249.64.5 - - [13/Jun/2025:09:06:36 -0400] "GET /?d=99199429260&filter=3bdd0d&share_to_url=goods.php%3Fid%3D3362051%26name%3Dstaheekum+women+039+s+winter+camp HTTP/1.1" 200 23356 "-" "Mozilla/5.0 (Linux; Android 6.0.1; Nexus 5X Build/MMB29P) AppleWebKit/537.36 (KHTML, like Gecko) Chrome/136.0.7103.113 Mobile Safari/537.36 (compatible; Googlebot/2.1; +http://www.google.com/bot.html)"
66.249.64.132 - - [13/Jun/2025:09:06:36 -0400] "GET /?d=101252830260&filter=14708a&share_to_url=detail.php%3Fid%3D3432345%26name%3Dkickstand+for+trek+mountain HTTP/1.1" 200 23319 "-" "Mozilla/5.0 (Linux; Android 6.0.1; Nexus 5X Build/MMB29P) AppleWebKit/537.36 (KHTML, like Gecko) Chrome/136.0.7103.113 Mobile Safari/537.36 (compatible; Googlebot/2.1; +http://www.google.com/bot.html)"
66.249.64.5 - - [13/Jun/2025:09:06:36 -0400] "GET /?d=105726776260&filter=b50421&share_to_url=pin.php%3Fid%3D3581418%26name%3Drazer+blade+16+early HTTP/1.1" 200 22090 "-" "Mozilla/5.0 (Linux; Android 6.0.1; Nexus 5X Build/MMB29P) AppleWebKit/537.36 (KHTML, like Gecko) Chrome/136.0.7103.113 Mobile Safari/537.36 (compatible; Googlebot/2.1; +http://www.google.com/bot.html)"
69.197.182.50 - - [13/Jun/2025:09:06:36 -0400] "GET /wp-includes/loginn.php HTTP/1.1" 302 6 "https://churchmr.com/wp-includes/edit.php" "Mozilla/5.0 (Windows NT 10.0; Win64; x64) AppleWebKit/537.36 (KHTML, like Gecko) Chrome/58.0.3029.110 Safari/537.3"
66.249.64.5 - - [13/Jun/2025:09:06:37 -0400] "GET /?d=102526534260&filter=b68a2d&share_to_url=shop.php%3Fid%3D3475147%26name%3Drose+gold+ring+14k+solid HTTP/1.1" 200 23693 "-" "Mozilla/5.0 (Linux; Android 6.0.1; Nexus 5X Build/MMB29P) AppleWebKit/537.36 (KHTML, like Gecko) Chrome/136.0.7103.113 Mobile Safari/537.36 (compatible; Googlebot/2.1; +http://www.google.com/bot.html)"
69.197.182.50 - - [13/Jun/2025:09:06:38 -0400] "GET /wp-includes/loginn.php HTTP/1.1" 302 6 "https://churchmr.com/wp-includes/edit.php" "Mozilla/5.0 (Windows NT 10.0; Win64; x64) AppleWebKit/537.36 (KHTML, like Gecko) Chrome/58.0.3029.110 Safari/537.3"
66.249.64.5 - - [13/Jun/2025:09:06:39 -0400] "GET /?d=96857788260&filter=1066c7&share_to_url=shopdetail.php%3Fid%3D3281900%26name%3Deberhard+traversetolo+vitr%C3%A9+le HTTP/1.1" 200 22462 "-" "Mozilla/5.0 (Linux; Android 6.0.1; Nexus 5X Build/MMB29P) AppleWebKit/537.36 (KHTML, like Gecko) Chrome/136.0.7103.113 Mobile Safari/537.36 (compatible; Googlebot/2.1; +http://www.google.com/bot.html)"
69.197.182.50 - - [13/Jun/2025:09:06:39 -0400] "GET /wp-includes/loginn.php HTTP/1.1" 302 6 "https://churchmr.com/wp-includes/edit.php" "Mozilla/5.0 (Windows NT 10.0; Win64; x64) AppleWebKit/537.36 (KHTML, like Gecko) Chrome/58.0.3029.110 Safari/537.3"
66.249.64.6 - - [13/Jun/2025:09:06:39 -0400] "GET /?d=98364860260&filter=5e40a7&share_to_url=discover.php%3Fid%3D3333629%26name%3Dalimrose+fairy+doll+pink+mint HTTP/1.1" 200 24281 "-" "Mozilla/5.0 (Linux; Android 6.0.1; Nexus 5X Build/MMB29P) AppleWebKit/537.36 (KHTML, like Gecko) Chrome/136.0.7103.113 Mobile Safari/537.36 (compatible; Googlebot/2.1; +http://www.google.com/bot.html)"
207.46.13.156 - - [13/Jun/2025:09:06:40 -0400] "GET /?d=109170002260&filter=225350&share_to_url=goods.php%3Fid%3D3695735%26name%3Dtappezzeria+per+camere HTTP/1.1" 200 24299 "-" "Mozilla/5.0 AppleWebKit/537.36 (KHTML, like Gecko; compatible; bingbot/2.0; +http://www.bing.com/bingbot.htm) Chrome/116.0.1938.76 Safari/537.36"
66.249.64.6 - - [13/Jun/2025:09:06:40 -0400] "GET /?d=98447173260&filter=58ce6a&share_to_url=product-page.php%3Fid%3D3336400%26name%3Dde+forma+personalizada HTTP/1.1" 200 24137 "-" "Mozilla/5.0 (Linux; Android 6.0.1; Nexus 5X Build/MMB29P) AppleWebKit/537.36 (KHTML, like Gecko) Chrome/136.0.7103.113 Mobile Safari/537.36 (compatible; Googlebot/2.1; +http://www.google.com/bot.html)"
69.197.182.50 - - [13/Jun/2025:09:06:40 -0400] "GET /wp-includes/loginn.php HTTP/1.1" 302 6 "https://churchmr.com/wp-includes/edit.php" "Mozilla/5.0 (Windows NT 10.0; Win64; x64) AppleWebKit/537.36 (KHTML, like Gecko) Chrome/58.0.3029.110 Safari/537.3"
66.249.64.131 - - [13/Jun/2025:09:06:40 -0400] "GET /?d=104733591260&filter=431379&share_to_url=goods.php%3Fid%3D3548843%26name%3Dgub+pro+supporto+bici HTTP/1.1" 200 22882 "-" "Mozilla/5.0 (Linux; Android 6.0.1; Nexus 5X Build/MMB29P) AppleWebKit/537.36 (KHTML, like Gecko) Chrome/136.0.7103.113 Mobile Safari/537.36 (compatible; Googlebot/2.1; +http://www.google.com/bot.html)"
69.197.182.50 - - [13/Jun/2025:09:06:41 -0400] "GET /wp-includes/loginn.php HTTP/1.1" 302 6 "https://churchmr.com/wp-includes/edit.php" "Mozilla/5.0 (Windows NT 10.0; Win64; x64) AppleWebKit/537.36 (KHTML, like Gecko) Chrome/58.0.3029.110 Safari/537.3"
207.46.13.156 - - [13/Jun/2025:09:06:41 -0400] "GET /?d=111379966260&filter=37fa66&share_to_url=pin.php?id=3771978&name=vestido%20de%20unicornio HTTP/1.1" 200 22701 "-" "Mozilla/5.0 AppleWebKit/537.36 (KHTML, like Gecko; compatible; bingbot/2.0; +http://www.bing.com/bingbot.htm) Chrome/116.0.1938.76 Safari/537.36"
66.249.64.5 - - [13/Jun/2025:09:06:42 -0400] "GET /?d=110991417260&filter=67816e&share_to_url=product-page.php%3Fid%3D3758536%26name%3Dunpacking+of+furla+mini+1927 HTTP/1.1" 200 23183 "-" "Mozilla/5.0 (Linux; Android 6.0.1; Nexus 5X Build/MMB29P) AppleWebKit/537.36 (KHTML, like Gecko) Chrome/136.0.7103.113 Mobile Safari/537.36 (compatible; Googlebot/2.1; +http://www.google.com/bot.html)"
66.249.64.132 - - [13/Jun/2025:09:06:42 -0400] "GET /?d=100234568260&filter=c7968e&share_to_url=shop.php%3Fid%3D3397171%26name%3Dvintage+corde+bead+creamy+white+snap HTTP/1.1" 200 23946 "-" "Mozilla/5.0 (Linux; Android 6.0.1; Nexus 5X Build/MMB29P) AppleWebKit/537.36 (KHTML, like Gecko) Chrome/136.0.7103.113 Mobile Safari/537.36 (compatible; Googlebot/2.1; +http://www.google.com/bot.html)"
69.197.182.50 - - [13/Jun/2025:09:06:42 -0400] "GET /wp-includes/loginn.php HTTP/1.1" 302 6 "https://churchmr.com/wp-includes/edit.php" "Mozilla/5.0 (Windows NT 10.0; Win64; x64) AppleWebKit/537.36 (KHTML, like Gecko) Chrome/58.0.3029.110 Safari/537.3"
69.197.182.50 - - [13/Jun/2025:09:06:43 -0400] "GET /wp-includes/loginn.php HTTP/1.1" 302 6 "https://churchmr.com/wp-includes/edit.php" "Mozilla/5.0 (Windows NT 10.0; Win64; x64) AppleWebKit/537.36 (KHTML, like Gecko) Chrome/58.0.3029.110 Safari/537.3"
66.249.64.7 - - [13/Jun/2025:09:06:43 -0400] "GET /?d=90949756260&filter=eacf99&share_to_url=product.php%3Fid%3D3082438%26name%3Dtinsel+petite+mixed+print HTTP/1.1" 200 23452 "-" "Mozilla/5.0 (Linux; Android 6.0.1; Nexus 5X Build/MMB29P) AppleWebKit/537.36 (KHTML, like Gecko) Chrome/136.0.7103.113 Mobile Safari/537.36 (compatible; Googlebot/2.1; +http://www.google.com/bot.html)"
66.249.64.7 - - [13/Jun/2025:09:06:44 -0400] "GET /?d=98406656260&filter=128aa4&share_to_url=shop.php%3Fid%3D3335191%26name%3Da+high+country HTTP/1.1" 200 22744 "-" "Mozilla/5.0 (Linux; Android 6.0.1; Nexus 5X Build/MMB29P) AppleWebKit/537.36 (KHTML, like Gecko) Chrome/136.0.7103.113 Mobile Safari/537.36 (compatible; Googlebot/2.1; +http://www.google.com/bot.html)"
66.249.64.131 - - [13/Jun/2025:09:06:44 -0400] "GET /?d=101846077260&filter=eb41aa&share_to_url=shop.php%3Fid%3D3452647%26name%3Dcreepy+doll+maker HTTP/1.1" 200 24278 "-" "Mozilla/5.0 (Linux; Android 6.0.1; Nexus 5X Build/MMB29P) AppleWebKit/537.36 (KHTML, like Gecko) Chrome/136.0.7103.113 Mobile Safari/537.36 (compatible; Googlebot/2.1; +http://www.google.com/bot.html)"
69.197.182.50 - - [13/Jun/2025:09:06:44 -0400] "GET /wp-includes/loginn.php HTTP/1.1" 302 6 "https://churchmr.com/wp-includes/edit.php" "Mozilla/5.0 (Windows NT 10.0; Win64; x64) AppleWebKit/537.36 (KHTML, like Gecko) Chrome/58.0.3029.110 Safari/537.3"
69.197.182.50 - - [13/Jun/2025:09:06:45 -0400] "GET /wp-includes/loginn.php HTTP/1.1" 302 6 "https://churchmr.com/wp-includes/edit.php" "Mozilla/5.0 (Windows NT 10.0; Win64; x64) AppleWebKit/537.36 (KHTML, like Gecko) Chrome/58.0.3029.110 Safari/537.3"
66.249.64.6 - - [13/Jun/2025:09:06:46 -0400] "GET /?d=92773227260&filter=551c10&share_to_url=pin.php%3Fid%3D3143286%26name%3Dprecios+polera+manga HTTP/1.1" 200 24150 "-" "Mozilla/5.0 (Linux; Android 6.0.1; Nexus 5X Build/MMB29P) AppleWebKit/537.36 (KHTML, like Gecko) Chrome/136.0.7103.113 Mobile Safari/537.36 (compatible; Googlebot/2.1; +http://www.google.com/bot.html)"
40.77.167.255 - - [13/Jun/2025:09:06:46 -0400] "GET /?d=89684385260&filter=19d891&share_to_url=shopdetail.php%3Fid%3D3039752%26name%3Dtv+4k+on+sale+ps4 HTTP/1.1" 200 23697 "-" "Mozilla/5.0 AppleWebKit/537.36 (KHTML, like Gecko; compatible; bingbot/2.0; +http://www.bing.com/bingbot.htm) Chrome/116.0.1938.76 Safari/537.36"
66.249.64.7 - - [13/Jun/2025:09:06:46 -0400] "GET /?d=112059121260&filter=f7447b&share_to_url=pin.php%3Fid%3D3795738%26name%3Dphilips+alisador+de+cer%C3%A2mica HTTP/1.1" 200 23431 "-" "Mozilla/5.0 (Linux; Android 6.0.1; Nexus 5X Build/MMB29P) AppleWebKit/537.36 (KHTML, like Gecko) Chrome/136.0.7103.113 Mobile Safari/537.36 (compatible; Googlebot/2.1; +http://www.google.com/bot.html)"
69.197.182.50 - - [13/Jun/2025:09:06:46 -0400] "GET /wp-includes/loginn.php HTTP/1.1" 302 6 "https://churchmr.com/wp-includes/edit.php" "Mozilla/5.0 (Windows NT 10.0; Win64; x64) AppleWebKit/537.36 (KHTML, like Gecko) Chrome/58.0.3029.110 Safari/537.3"
69.197.182.50 - - [13/Jun/2025:09:06:47 -0400] "GET /wp-includes/loginn.php HTTP/1.1" 302 6 "https://churchmr.com/wp-includes/edit.php" "Mozilla/5.0 (Windows NT 10.0; Win64; x64) AppleWebKit/537.36 (KHTML, like Gecko) Chrome/58.0.3029.110 Safari/537.3"
66.249.64.7 - - [13/Jun/2025:09:06:48 -0400] "GET /?d=114278878260&filter=be6367&share_to_url=pin.php%3Fid%3D3869754%26name%3Dthe+a+slice+of HTTP/1.1" 200 22905 "-" "Mozilla/5.0 (Linux; Android 6.0.1; Nexus 5X Build/MMB29P) AppleWebKit/537.36 (KHTML, like Gecko) Chrome/136.0.7103.113 Mobile Safari/537.36 (compatible; Googlebot/2.1; +http://www.google.com/bot.html)"
66.249.64.131 - - [13/Jun/2025:09:06:48 -0400] "GET /?d=101857588260&filter=4b33d3&share_to_url=detail.php%3Fid%3D3453045%26name%3D15+essential+camera+accessories+for HTTP/1.1" 200 22208 "-" "Mozilla/5.0 (Linux; Android 6.0.1; Nexus 5X Build/MMB29P) AppleWebKit/537.36 (KHTML, like Gecko) Chrome/136.0.7103.113 Mobile Safari/537.36 (compatible; Googlebot/2.1; +http://www.google.com/bot.html)"
69.197.182.50 - - [13/Jun/2025:09:06:48 -0400] "GET /wp-includes/loginn.php HTTP/1.1" 302 6 "https://churchmr.com/wp-includes/edit.php" "Mozilla/5.0 (Windows NT 10.0; Win64; x64) AppleWebKit/537.36 (KHTML, like Gecko) Chrome/58.0.3029.110 Safari/537.3"
69.197.182.50 - - [13/Jun/2025:09:06:49 -0400] "GET /wp-includes/loginn.php HTTP/1.1" 302 6 "https://churchmr.com/wp-includes/edit.php" "Mozilla/5.0 (Windows NT 10.0; Win64; x64) AppleWebKit/537.36 (KHTML, like Gecko) Chrome/58.0.3029.110 Safari/537.3"
66.249.64.7 - - [13/Jun/2025:09:06:50 -0400] "GET /?d=103287398260&filter=3d4903&share_to_url=discover.php%3Fid%3D3500249%26name%3Dpantalon+hector+color+terracota HTTP/1.1" 200 24016 "-" "Mozilla/5.0 (Linux; Android 6.0.1; Nexus 5X Build/MMB29P) AppleWebKit/537.36 (KHTML, like Gecko) Chrome/136.0.7103.113 Mobile Safari/537.36 (compatible; Googlebot/2.1; +http://www.google.com/bot.html)"
66.249.64.131 - - [13/Jun/2025:09:06:50 -0400] "GET /?d=94063250260&filter=4d7b9c&share_to_url=shop.php%3Fid%3D3187015%26name%3Dminifigs+monthly HTTP/1.1" 200 23414 "-" "Mozilla/5.0 (Linux; Android 6.0.1; Nexus 5X Build/MMB29P) AppleWebKit/537.36 (KHTML, like Gecko) Chrome/136.0.7103.113 Mobile Safari/537.36 (compatible; Googlebot/2.1; +http://www.google.com/bot.html)"
66.249.64.6 - - [13/Jun/2025:09:06:51 -0400] "GET /?d=94203297260&filter=225350&share_to_url=discover.php%3Fid%3D3192173%26name%3Dmaterasso+gonfiabile+pieghevole+cuscino+d+039+aria HTTP/1.1" 200 23390 "-" "Mozilla/5.0 (Linux; Android 6.0.1; Nexus 5X Build/MMB29P) AppleWebKit/537.36 (KHTML, like Gecko) Chrome/136.0.7103.113 Mobile Safari/537.36 (compatible; Googlebot/2.1; +http://www.google.com/bot.html)"
66.249.64.6 - - [13/Jun/2025:09:06:52 -0400] "GET /?d=93586254260&filter=bcf072&share_to_url=shopdetail.php%3Fid%3D3170576%26name%3Dreversible+skull+cap+beanie HTTP/1.1" 200 23100 "-" "Mozilla/5.0 (Linux; Android 6.0.1; Nexus 5X Build/MMB29P) AppleWebKit/537.36 (KHTML, like Gecko) Chrome/136.0.7103.113 Mobile Safari/537.36 (compatible; Googlebot/2.1; +http://www.google.com/bot.html)"
52.167.144.216 - - [13/Jun/2025:09:06:52 -0400] "GET /?d=84566526260&filter=cdc800&share_to_url=discover.php%3Fid%3D2864045%26name%3Dnewborn+girl+monogrammed+pink HTTP/1.1" 200 24418 "-" "Mozilla/5.0 AppleWebKit/537.36 (KHTML, like Gecko; compatible; bingbot/2.0; +http://www.bing.com/bingbot.htm) Chrome/116.0.1938.76 Safari/537.36"
52.167.144.216 - - [13/Jun/2025:09:06:53 -0400] "GET /?d=88698610260&filter=bdaf2f&share_to_url=discover.php%3Fid%3D3006329%26name%3Ddivano+angolare+componibile+in+stile HTTP/1.1" 200 24179 "-" "Mozilla/5.0 AppleWebKit/537.36 (KHTML, like Gecko; compatible; bingbot/2.0; +http://www.bing.com/bingbot.htm) Chrome/116.0.1938.76 Safari/537.36"
66.249.64.131 - - [13/Jun/2025:09:06:53 -0400] "GET /?d=93025670260&filter=716108&share_to_url=shopdetail.php%3Fid%3D3151892%26name%3Djean+paul+gaultier+classique+x HTTP/1.1" 200 22261 "-" "Mozilla/5.0 (Linux; Android 6.0.1; Nexus 5X Build/MMB29P) AppleWebKit/537.36 (KHTML, like Gecko) Chrome/136.0.7103.113 Mobile Safari/537.36 (compatible; Googlebot/2.1; +http://www.google.com/bot.html)"
66.249.64.7 - - [13/Jun/2025:09:06:54 -0400] "GET /?d=110700615260&filter=b3e07f&share_to_url=article.php%3Fid%3D3747950%26name%3Dpc+bulacan+computer HTTP/1.1" 200 24431 "-" "Mozilla/5.0 (Linux; Android 6.0.1; Nexus 5X Build/MMB29P) AppleWebKit/537.36 (KHTML, like Gecko) Chrome/136.0.7103.113 Mobile Safari/537.36 (compatible; Googlebot/2.1; +http://www.google.com/bot.html)"
52.167.144.216 - - [13/Jun/2025:09:06:54 -0400] "GET /?d=112782033260&filter=c9616d&share_to_url=pin.php%3Fid%3D3819882%26name%3Dpersonalised+keyrings+photo HTTP/1.1" 200 23250 "-" "Mozilla/5.0 AppleWebKit/537.36 (KHTML, like Gecko; compatible; bingbot/2.0; +http://www.bing.com/bingbot.htm) Chrome/116.0.1938.76 Safari/537.36"
52.167.144.216 - - [13/Jun/2025:09:06:55 -0400] "GET /?d=32921547260&filter=14708a&share_to_url=goods.php%3Fid%3D1119479%26name%3D9speed+bicycle+chain+rainbow HTTP/1.1" 200 24047 "-" "Mozilla/5.0 AppleWebKit/537.36 (KHTML, like Gecko; compatible; bingbot/2.0; +http://www.bing.com/bingbot.htm) Chrome/116.0.1938.76 Safari/537.36"
66.249.64.6 - - [13/Jun/2025:09:06:55 -0400] "GET /?d=91705094260&filter=80d279&share_to_url=model.php%3Fid%3D3107463%26name%3Dpit+boss+pb700fbw2+pellet HTTP/1.1" 200 22765 "-" "Mozilla/5.0 (Linux; Android 6.0.1; Nexus 5X Build/MMB29P) AppleWebKit/537.36 (KHTML, like Gecko) Chrome/136.0.7103.113 Mobile Safari/537.36 (compatible; Googlebot/2.1; +http://www.google.com/bot.html)"
66.249.64.132 - - [13/Jun/2025:09:06:55 -0400] "GET /?d=115286000260&filter=690ccf&share_to_url=product.php%3Fid%3D3903982%26name%3Dnavy+baby+t+bars HTTP/1.1" 200 23157 "-" "Mozilla/5.0 (Linux; Android 6.0.1; Nexus 5X Build/MMB29P) AppleWebKit/537.36 (KHTML, like Gecko) Chrome/136.0.7103.113 Mobile Safari/537.36 (compatible; Googlebot/2.1; +http://www.google.com/bot.html)"
66.249.64.6 - - [13/Jun/2025:09:06:56 -0400] "GET /?d=112523001260&filter=7af24f&share_to_url=article.php%3Fid%3D3811502%26name%3Dal+kawthar+water+cooler HTTP/1.1" 200 24058 "-" "Mozilla/5.0 (Linux; Android 6.0.1; Nexus 5X Build/MMB29P) AppleWebKit/537.36 (KHTML, like Gecko) Chrome/136.0.7103.113 Mobile Safari/537.36 (compatible; Googlebot/2.1; +http://www.google.com/bot.html)"
66.249.64.132 - - [13/Jun/2025:09:06:56 -0400] "GET /?d=11789161260&filter=f7abf7&share_to_url=article.php%3Fid%3D403838%26name%3Dboys+dark+blue HTTP/1.1" 200 24645 "-" "Mozilla/5.0 (Linux; Android 6.0.1; Nexus 5X Build/MMB29P) AppleWebKit/537.36 (KHTML, like Gecko) Chrome/136.0.7103.113 Mobile Safari/537.36 (compatible; Googlebot/2.1; +http://www.google.com/bot.html)"
52.167.144.232 - - [13/Jun/2025:09:06:57 -0400] "GET /?d=107817791260&filter=83edca&share_to_url=goods.php%3Fid%3D3650831%26name%3Dcarhartt+women+s+women+s+loose HTTP/1.1" 200 23080 "-" "Mozilla/5.0 AppleWebKit/537.36 (KHTML, like Gecko; compatible; bingbot/2.0; +http://www.bing.com/bingbot.htm) Chrome/116.0.1938.76 Safari/537.36"
66.249.64.6 - - [13/Jun/2025:09:06:57 -0400] "GET /?d=98620669260&filter=16dc78&share_to_url=shopdetail.php%3Fid%3D3342344%26name%3Dodhania+ho HTTP/1.1" 200 24103 "-" "Mozilla/5.0 (Linux; Android 6.0.1; Nexus 5X Build/MMB29P) AppleWebKit/537.36 (KHTML, like Gecko) Chrome/136.0.7103.113 Mobile Safari/537.36 (compatible; Googlebot/2.1; +http://www.google.com/bot.html)"
66.249.64.131 - - [13/Jun/2025:09:06:58 -0400] "GET /?d=105765844260&filter=6423cc&share_to_url=pin.php%3Fid%3D3582714%26name%3Dlacoste+1300g+shop HTTP/1.1" 200 22212 "-" "Mozilla/5.0 (Linux; Android 6.0.1; Nexus 5X Build/MMB29P) AppleWebKit/537.36 (KHTML, like Gecko) Chrome/136.0.7103.113 Mobile Safari/537.36 (compatible; Googlebot/2.1; +http://www.google.com/bot.html)"
66.249.64.131 - - [13/Jun/2025:09:06:59 -0400] "GET /?d=92794646260&filter=b45565&share_to_url=article.php%3Fid%3D3143894%26name%3Dvestido+de+vinipiel+caf%C3%A9+y HTTP/1.1" 200 24414 "-" "Mozilla/5.0 (Linux; Android 6.0.1; Nexus 5X Build/MMB29P) AppleWebKit/537.36 (KHTML, like Gecko) Chrome/136.0.7103.113 Mobile Safari/537.36 (compatible; Googlebot/2.1; +http://www.google.com/bot.html)"
207.46.13.156 - - [13/Jun/2025:09:06:59 -0400] "GET /?d=117598450260&filter=edc3db&share_to_url=detail.php%3Fid%3D3982581%26name%3Dair+fryer+french+fries+airfryer HTTP/1.1" 200 23591 "-" "Mozilla/5.0 AppleWebKit/537.36 (KHTML, like Gecko; compatible; bingbot/2.0; +http://www.bing.com/bingbot.htm) Chrome/116.0.1938.76 Safari/537.36"
66.249.64.5 - - [13/Jun/2025:09:06:59 -0400] "GET /?d=106142451260&filter=7d768c&share_to_url=model.php%3Fid%3D3595071%26name%3Dkeysto+evolution+700c HTTP/1.1" 200 23447 "-" "Mozilla/5.0 (Linux; Android 6.0.1; Nexus 5X Build/MMB29P) AppleWebKit/537.36 (KHTML, like Gecko) Chrome/136.0.7103.113 Mobile Safari/537.36 (compatible; Googlebot/2.1; +http://www.google.com/bot.html)"
66.249.64.7 - - [13/Jun/2025:09:07:00 -0400] "GET /?d=103343917260&filter=1653ca&share_to_url=item.php%3Fid%3D3502057%26name%3Dtemplate+round+metallic+disk HTTP/1.1" 200 24560 "-" "Mozilla/5.0 (Linux; Android 6.0.1; Nexus 5X Build/MMB29P) AppleWebKit/537.36 (KHTML, like Gecko) Chrome/136.0.7103.113 Mobile Safari/537.36 (compatible; Googlebot/2.1; +http://www.google.com/bot.html)"
66.249.64.5 - - [13/Jun/2025:09:07:01 -0400] "GET /?d=99371165260&filter=80d279&share_to_url=article.php%3Fid%3D3367934%26name%3Dcity+of+maribyrnong+mcmanos HTTP/1.1" 200 23115 "-" "Mozilla/5.0 (Linux; Android 6.0.1; Nexus 5X Build/MMB29P) AppleWebKit/537.36 (KHTML, like Gecko) Chrome/136.0.7103.113 Mobile Safari/537.36 (compatible; Googlebot/2.1; +http://www.google.com/bot.html)"
66.249.64.131 - - [13/Jun/2025:09:07:01 -0400] "GET /?d=50605530260&filter=fec9b7&share_to_url=goods.php%3Fid%3D1720163%26name%3Dgreta+polymer+clay+earrings HTTP/1.1" 200 24003 "-" "Mozilla/5.0 (Linux; Android 6.0.1; Nexus 5X Build/MMB29P) AppleWebKit/537.36 (KHTML, like Gecko) Chrome/136.0.7103.113 Mobile Safari/537.36 (compatible; Googlebot/2.1; +http://www.google.com/bot.html)"
207.46.13.156 - - [13/Jun/2025:09:07:01 -0400] "GET /?d=87106662260&filter=3d4903&share_to_url=model.php%3Fid%3D2951931%26name%3Dlingerie+sexy+mulheres+lingerie+sexy HTTP/1.1" 200 24691 "-" "Mozilla/5.0 AppleWebKit/537.36 (KHTML, like Gecko; compatible; bingbot/2.0; +http://www.bing.com/bingbot.htm) Chrome/116.0.1938.76 Safari/537.36"
207.46.13.156 - - [13/Jun/2025:09:07:02 -0400] "GET /?d=103656720260&filter=3b21ec&share_to_url=article.php%3Fid%3D3512270%26name%3Dgilli+tamil+movie HTTP/1.1" 200 23354 "-" "Mozilla/5.0 AppleWebKit/537.36 (KHTML, like Gecko; compatible; bingbot/2.0; +http://www.bing.com/bingbot.htm) Chrome/116.0.1938.76 Safari/537.36"
66.249.64.5 - - [13/Jun/2025:09:07:02 -0400] "GET /?d=109986385260&filter=d473fe&share_to_url=item.php%3Fid%3D3722449%26name%3Dciabatte+bershka+tipo HTTP/1.1" 200 24523 "-" "Mozilla/5.0 (Linux; Android 6.0.1; Nexus 5X Build/MMB29P) AppleWebKit/537.36 (KHTML, like Gecko) Chrome/136.0.7103.113 Mobile Safari/537.36 (compatible; Googlebot/2.1; +http://www.google.com/bot.html)"
207.46.13.51 - - [13/Jun/2025:09:07:02 -0400] "GET /?d=13710958260&filter=14708a&share_to_url=pin.php%3Fid%3D467754%26name%3Dbrawny+single+speed+mtb HTTP/1.1" 200 23357 "-" "Mozilla/5.0 AppleWebKit/537.36 (KHTML, like Gecko; compatible; bingbot/2.0; +http://www.bing.com/bingbot.htm) Chrome/116.0.1938.76 Safari/537.36"
207.46.13.51 - - [13/Jun/2025:09:07:04 -0400] "GET /?d=99022780260&filter=1d0c54&share_to_url=detail.php%3Fid%3D3356121%26name%3Delliot+elite+xxii+series HTTP/1.1" 200 22497 "-" "Mozilla/5.0 AppleWebKit/537.36 (KHTML, like Gecko; compatible; bingbot/2.0; +http://www.bing.com/bingbot.htm) Chrome/116.0.1938.76 Safari/537.36"
66.249.64.6 - - [13/Jun/2025:09:07:04 -0400] "GET /?d=92649767260&filter=62bca5&share_to_url=pin.php%3Fid%3D3139206%26name%3Dmetal+clothes+hanger+heavy HTTP/1.1" 200 24181 "-" "Mozilla/5.0 (Linux; Android 6.0.1; Nexus 5X Build/MMB29P) AppleWebKit/537.36 (KHTML, like Gecko) Chrome/136.0.7103.113 Mobile Safari/537.36 (compatible; Googlebot/2.1; +http://www.google.com/bot.html)"
66.249.64.131 - - [13/Jun/2025:09:07:04 -0400] "GET /?d=33934414260&filter=f7abf7&share_to_url=shop.php%3Fid%3D1154359%26name%3Dash+cosmos+sandals+welcome HTTP/1.1" 200 23847 "-" "Mozilla/5.0 (Linux; Android 6.0.1; Nexus 5X Build/MMB29P) AppleWebKit/537.36 (KHTML, like Gecko) Chrome/136.0.7103.113 Mobile Safari/537.36 (compatible; Googlebot/2.1; +http://www.google.com/bot.html)"
66.249.64.5 - - [13/Jun/2025:09:07:05 -0400] "GET /?d=113614439260&filter=e531bd&share_to_url=shopdetail.php%3Fid%3D3847688%26name%3Dforerunner+235+bateria HTTP/1.1" 200 22676 "-" "Mozilla/5.0 (Linux; Android 6.0.1; Nexus 5X Build/MMB29P) AppleWebKit/537.36 (KHTML, like Gecko) Chrome/136.0.7103.113 Mobile Safari/537.36 (compatible; Googlebot/2.1; +http://www.google.com/bot.html)"
66.249.64.5 - - [13/Jun/2025:09:07:06 -0400] "GET /?d=99551322260&filter=3fa24f&share_to_url=pin.php%3Fid%3D3374010%26name%3Dworship+god+usopp HTTP/1.1" 200 23004 "-" "Mozilla/5.0 (Linux; Android 6.0.1; Nexus 5X Build/MMB29P) AppleWebKit/537.36 (KHTML, like Gecko) Chrome/136.0.7103.113 Mobile Safari/537.36 (compatible; Googlebot/2.1; +http://www.google.com/bot.html)"
66.249.64.131 - - [13/Jun/2025:09:07:06 -0400] "GET /?d=103749298260&filter=05d6a9&share_to_url=goods.php%3Fid%3D3515291%26name%3Dmujer+abrigo+wood HTTP/1.1" 200 24536 "-" "Mozilla/5.0 (Linux; Android 6.0.1; Nexus 5X Build/MMB29P) AppleWebKit/537.36 (KHTML, like Gecko) Chrome/136.0.7103.113 Mobile Safari/537.36 (compatible; Googlebot/2.1; +http://www.google.com/bot.html)"
52.167.144.136 - - [13/Jun/2025:09:07:07 -0400] "GET /?d=112057871260&filter=ef2428&share_to_url=goods.php%3Fid%3D3795695%26name%3Dla+mejor+plancha HTTP/1.1" 200 23776 "-" "Mozilla/5.0 AppleWebKit/537.36 (KHTML, like Gecko; compatible; bingbot/2.0; +http://www.bing.com/bingbot.htm) Chrome/116.0.1938.76 Safari/537.36"
66.249.64.131 - - [13/Jun/2025:09:07:07 -0400] "GET /?d=106695446260&filter=536817&share_to_url=shopdetail.php%3Fid%3D3613484%26name%3Drepublic+bank+gets+in HTTP/1.1" 200 23881 "-" "Mozilla/5.0 (Linux; Android 6.0.1; Nexus 5X Build/MMB29P) AppleWebKit/537.36 (KHTML, like Gecko) Chrome/136.0.7103.113 Mobile Safari/537.36 (compatible; Googlebot/2.1; +http://www.google.com/bot.html)"
52.167.144.136 - - [13/Jun/2025:09:07:08 -0400] "GET /?d=115825477260&filter=f7abf7&share_to_url=item.php%3Fid%3D3922321%26name%3Dpost+malone+jibbitz+for HTTP/1.1" 200 23404 "-" "Mozilla/5.0 AppleWebKit/537.36 (KHTML, like Gecko; compatible; bingbot/2.0; +http://www.bing.com/bingbot.htm) Chrome/116.0.1938.76 Safari/537.36"
66.249.64.5 - - [13/Jun/2025:09:07:08 -0400] "GET /?d=113529225260&filter=f4e409&share_to_url=model.php%3Fid%3D3844791%26name%3Dvictorinox+men+039+s+241689+maverick+watch HTTP/1.1" 200 21769 "-" "Mozilla/5.0 (Linux; Android 6.0.1; Nexus 5X Build/MMB29P) AppleWebKit/537.36 (KHTML, like Gecko) Chrome/136.0.7103.113 Mobile Safari/537.36 (compatible; Googlebot/2.1; +http://www.google.com/bot.html)"
52.167.144.136 - - [13/Jun/2025:09:07:08 -0400] "GET /?d=61158907260&filter=4d7b9c&share_to_url=goods.php%3Fid%3D2074607%26name%3Dlego+friends+story+maker HTTP/1.1" 200 22799 "-" "Mozilla/5.0 AppleWebKit/537.36 (KHTML, like Gecko; compatible; bingbot/2.0; +http://www.bing.com/bingbot.htm) Chrome/116.0.1938.76 Safari/537.36"
66.249.64.131 - - [13/Jun/2025:09:07:09 -0400] "GET /?d=106001179260&filter=b190c6&share_to_url=discover.php%3Fid%3D3590609%26name%3Dmen+latest+brand+design HTTP/1.1" 200 23803 "-" "Mozilla/5.0 (Linux; Android 6.0.1; Nexus 5X Build/MMB29P) AppleWebKit/537.36 (KHTML, like Gecko) Chrome/136.0.7103.113 Mobile Safari/537.36 (compatible; Googlebot/2.1; +http://www.google.com/bot.html)"
66.249.64.5 - - [13/Jun/2025:09:07:10 -0400] "GET /?d=101583477260&filter=3d4c80&share_to_url=ideas.php%3Fid%3D3444012%26name%3Dchicco+palla+soft HTTP/1.1" 200 23169 "-" "Mozilla/5.0 (Linux; Android 6.0.1; Nexus 5X Build/MMB29P) AppleWebKit/537.36 (KHTML, like Gecko) Chrome/136.0.7103.113 Mobile Safari/537.36 (compatible; Googlebot/2.1; +http://www.google.com/bot.html)"
66.249.64.5 - - [13/Jun/2025:09:07:11 -0400] "GET /?d=107873605260&filter=9f9551&share_to_url=pin.php%3Fid%3D3652626%26name%3Dkitty+cat+cotton+knitted+stuffed HTTP/1.1" 200 23679 "-" "Mozilla/5.0 (Linux; Android 6.0.1; Nexus 5X Build/MMB29P) AppleWebKit/537.36 (KHTML, like Gecko) Chrome/136.0.7103.113 Mobile Safari/537.36 (compatible; Googlebot/2.1; +http://www.google.com/bot.html)"
66.249.64.5 - - [13/Jun/2025:09:07:12 -0400] "GET /?d=111263574260&filter=af4b8a&share_to_url=model.php%3Fid%3D3767967%26name%3Dbolzonella+1934+camicia+blu+100 HTTP/1.1" 200 22974 "-" "Mozilla/5.0 (Linux; Android 6.0.1; Nexus 5X Build/MMB29P) AppleWebKit/537.36 (KHTML, like Gecko) Chrome/136.0.7103.113 Mobile Safari/537.36 (compatible; Googlebot/2.1; +http://www.google.com/bot.html)"
66.249.64.131 - - [13/Jun/2025:09:07:12 -0400] "GET /?d=100267808260&filter=b3603f&share_to_url=discover.php%3Fid%3D3398417%26name%3Dsolved+omni+120+1134+ram HTTP/1.1" 200 23388 "-" "Mozilla/5.0 (Linux; Android 6.0.1; Nexus 5X Build/MMB29P) AppleWebKit/537.36 (KHTML, like Gecko) Chrome/136.0.7103.113 Mobile Safari/537.36 (compatible; Googlebot/2.1; +http://www.google.com/bot.html)"
52.167.144.204 - - [13/Jun/2025:09:07:13 -0400] "GET /?d=104982022260&filter=fd4510&share_to_url=article.php?id=3556814&name=cool%20water%20frozen HTTP/1.1" 200 22937 "-" "Mozilla/5.0 AppleWebKit/537.36 (KHTML, like Gecko; compatible; bingbot/2.0; +http://www.bing.com/bingbot.htm) Chrome/116.0.1938.76 Safari/537.36"
66.249.64.5 - - [13/Jun/2025:09:07:14 -0400] "GET /?d=112363280260&filter=ba570e&share_to_url=model.php%3Fid%3D3805923%26name%3Dbruce+lee+s+coat+fetches HTTP/1.1" 200 23923 "-" "Mozilla/5.0 (Linux; Android 6.0.1; Nexus 5X Build/MMB29P) AppleWebKit/537.36 (KHTML, like Gecko) Chrome/136.0.7103.113 Mobile Safari/537.36 (compatible; Googlebot/2.1; +http://www.google.com/bot.html)"
52.167.144.194 - - [13/Jun/2025:09:07:14 -0400] "GET /?d=87418055260&filter=6abf87&share_to_url=product.php%3Fid%3D2962210%26name%3Dherren+puma+army HTTP/1.1" 200 22131 "-" "Mozilla/5.0 AppleWebKit/537.36 (KHTML, like Gecko; compatible; bingbot/2.0; +http://www.bing.com/bingbot.htm) Chrome/116.0.1938.76 Safari/537.36"
66.249.64.131 - - [13/Jun/2025:09:07:15 -0400] "GET /?d=86591847260&filter=bc40a5&share_to_url=shopdetail.php%3Fid%3D2933960%26name%3Dsmall+firewood+shed+plans HTTP/1.1" 200 23894 "-" "Mozilla/5.0 (Linux; Android 6.0.1; Nexus 5X Build/MMB29P) AppleWebKit/537.36 (KHTML, like Gecko) Chrome/136.0.7103.113 Mobile Safari/537.36 (compatible; Googlebot/2.1; +http://www.google.com/bot.html)"
52.167.144.194 - - [13/Jun/2025:09:07:15 -0400] "GET /?d=72988110260&filter=edd546&share_to_url=shop.php%3Fid%3D2474731%26name%3Dbest+headphones+for+corporate HTTP/1.1" 200 23387 "-" "Mozilla/5.0 AppleWebKit/537.36 (KHTML, like Gecko; compatible; bingbot/2.0; +http://www.bing.com/bingbot.htm) Chrome/116.0.1938.76 Safari/537.36"
66.249.64.5 - - [13/Jun/2025:09:07:15 -0400] "GET /?d=92710299260&filter=ed3d47&share_to_url=shop.php%3Fid%3D3141187%26name%3Dnib+new+bare+traps HTTP/1.1" 200 23760 "-" "Mozilla/5.0 (Linux; Android 6.0.1; Nexus 5X Build/MMB29P) AppleWebKit/537.36 (KHTML, like Gecko) Chrome/136.0.7103.113 Mobile Safari/537.36 (compatible; Googlebot/2.1; +http://www.google.com/bot.html)"
52.167.144.194 - - [13/Jun/2025:09:07:16 -0400] "GET /?d=86473744260&filter=5cc95c&share_to_url=pin.php%3Fid%3D2930010%26name%3Dssg+marble+series HTTP/1.1" 200 23771 "-" "Mozilla/5.0 AppleWebKit/537.36 (KHTML, like Gecko; compatible; bingbot/2.0; +http://www.bing.com/bingbot.htm) Chrome/116.0.1938.76 Safari/537.36"
66.249.64.5 - - [13/Jun/2025:09:07:17 -0400] "GET /?d=112266884260&filter=58ce6a&share_to_url=goods.php%3Fid%3D3802775%26name%3Djacquemus+le+tshirt HTTP/1.1" 200 23466 "-" "Mozilla/5.0 (Linux; Android 6.0.1; Nexus 5X Build/MMB29P) AppleWebKit/537.36 (KHTML, like Gecko) Chrome/136.0.7103.113 Mobile Safari/537.36 (compatible; Googlebot/2.1; +http://www.google.com/bot.html)"
52.167.144.136 - - [13/Jun/2025:09:07:18 -0400] "GET /?d=37170627260&filter=b2e434&share_to_url=ideas.php%3Fid%3D1262196%26name%3Donline+programs+invictus HTTP/1.1" 200 23282 "-" "Mozilla/5.0 AppleWebKit/537.36 (KHTML, like Gecko; compatible; bingbot/2.0; +http://www.bing.com/bingbot.htm) Chrome/116.0.1938.76 Safari/537.36"
66.249.64.131 - - [13/Jun/2025:09:07:18 -0400] "GET /?d=114308611260&filter=efc4ff&share_to_url=goods.php%3Fid%3D3870707%26name%3Dlinda+the+griswold HTTP/1.1" 200 23937 "-" "Mozilla/5.0 (Linux; Android 6.0.1; Nexus 5X Build/MMB29P) AppleWebKit/537.36 (KHTML, like Gecko) Chrome/136.0.7103.113 Mobile Safari/537.36 (compatible; Googlebot/2.1; +http://www.google.com/bot.html)"
52.167.144.136 - - [13/Jun/2025:09:07:18 -0400] "GET /?d=14453365260&filter=c08dc8&share_to_url=product.php%3Fid%3D492814%26name%3Dactividades+para+trabajar+con+los HTTP/1.1" 200 24220 "-" "Mozilla/5.0 AppleWebKit/537.36 (KHTML, like Gecko; compatible; bingbot/2.0; +http://www.bing.com/bingbot.htm) Chrome/116.0.1938.76 Safari/537.36"
66.249.64.5 - - [13/Jun/2025:09:07:18 -0400] "GET /?d=92655296260&filter=23a820&share_to_url=article.php%3Fid%3D3139358%26name%3Dfashion+islamic+dress HTTP/1.1" 200 23727 "-" "Mozilla/5.0 (Linux; Android 6.0.1; Nexus 5X Build/MMB29P) AppleWebKit/537.36 (KHTML, like Gecko) Chrome/136.0.7103.113 Mobile Safari/537.36 (compatible; Googlebot/2.1; +http://www.google.com/bot.html)"
66.249.64.5 - - [13/Jun/2025:09:07:20 -0400] "GET /?d=92460620260&filter=ec2a80&share_to_url=article.php%3Fid%3D3132338%26name%3Dsmall+clear+double HTTP/1.1" 200 23776 "-" "Mozilla/5.0 (Linux; Android 6.0.1; Nexus 5X Build/MMB29P) AppleWebKit/537.36 (KHTML, like Gecko) Chrome/136.0.7103.113 Mobile Safari/537.36 (compatible; Googlebot/2.1; +http://www.google.com/bot.html)"
66.249.64.131 - - [13/Jun/2025:09:07:20 -0400] "GET /?d=72827871260&filter=56e0ea&share_to_url=ideas.php%3Fid%3D2468916%26name%3Drab+nikwax+top+hydrophobic HTTP/1.1" 200 21933 "-" "Mozilla/5.0 (Linux; Android 6.0.1; Nexus 5X Build/MMB29P) AppleWebKit/537.36 (KHTML, like Gecko) Chrome/136.0.7103.113 Mobile Safari/537.36 (compatible; Googlebot/2.1; +http://www.google.com/bot.html)"
66.249.64.5 - - [13/Jun/2025:09:07:21 -0400] "GET /?d=92596217260&filter=62bca5&share_to_url=shop.php%3Fid%3D3137323%26name%3Dmultiple+cycle+clearance+stand HTTP/1.1" 200 23588 "-" "Mozilla/5.0 (Linux; Android 6.0.1; Nexus 5X Build/MMB29P) AppleWebKit/537.36 (KHTML, like Gecko) Chrome/136.0.7103.113 Mobile Safari/537.36 (compatible; Googlebot/2.1; +http://www.google.com/bot.html)"
66.249.64.131 - - [13/Jun/2025:09:07:21 -0400] "GET /?d=98699846260&filter=e47c38&share_to_url=goods.php%3Fid%3D3344915%26name%3Dcosta+sale+may+210 HTTP/1.1" 200 23035 "-" "Mozilla/5.0 (Linux; Android 6.0.1; Nexus 5X Build/MMB29P) AppleWebKit/537.36 (KHTML, like Gecko) Chrome/136.0.7103.113 Mobile Safari/537.36 (compatible; Googlebot/2.1; +http://www.google.com/bot.html)"
66.249.64.5 - - [13/Jun/2025:09:07:21 -0400] "GET /?d=113990375260&filter=eace83&share_to_url=ideas.php%3Fid%3D3860448%26name%3Dhow+to+back+carry+in HTTP/1.1" 200 23284 "-" "Mozilla/5.0 (Linux; Android 6.0.1; Nexus 5X Build/MMB29P) AppleWebKit/537.36 (KHTML, like Gecko) Chrome/136.0.7103.113 Mobile Safari/537.36 (compatible; Googlebot/2.1; +http://www.google.com/bot.html)"
66.249.64.5 - - [13/Jun/2025:09:07:22 -0400] "GET /?d=95682853260&filter=34e834&share_to_url=ideas.php%3Fid%3D3241884%26name%3Dyouth+floss+like+a+boss HTTP/1.1" 200 24148 "-" "Mozilla/5.0 (Linux; Android 6.0.1; Nexus 5X Build/MMB29P) AppleWebKit/537.36 (KHTML, like Gecko) Chrome/136.0.7103.113 Mobile Safari/537.36 (compatible; Googlebot/2.1; +http://www.google.com/bot.html)"
66.249.64.5 - - [13/Jun/2025:09:07:22 -0400] "GET /?d=115767690260&filter=42b544&share_to_url=item.php%3Fid%3D3920293%26name%3Dles+d%C3%A9tails+vente+chaussures HTTP/1.1" 200 23748 "-" "Mozilla/5.0 (Linux; Android 6.0.1; Nexus 5X Build/MMB29P) AppleWebKit/537.36 (KHTML, like Gecko) Chrome/136.0.7103.113 Mobile Safari/537.36 (compatible; Googlebot/2.1; +http://www.google.com/bot.html)"
66.249.64.131 - - [13/Jun/2025:09:07:23 -0400] "GET /?d=112877986260&filter=1c81c9&share_to_url=product-page.php%3Fid%3D3822940%26name%3Dmaillot+de+compression+%C3%A0+manches HTTP/1.1" 200 22227 "-" "Mozilla/5.0 (Linux; Android 6.0.1; Nexus 5X Build/MMB29P) AppleWebKit/537.36 (KHTML, like Gecko) Chrome/136.0.7103.113 Mobile Safari/537.36 (compatible; Googlebot/2.1; +http://www.google.com/bot.html)"
66.249.64.5 - - [13/Jun/2025:09:07:23 -0400] "GET /?d=91549712260&filter=529dd7&share_to_url=detail.php%3Fid%3D3102441%26name%3Damorus+for HTTP/1.1" 200 23940 "-" "Mozilla/5.0 (Linux; Android 6.0.1; Nexus 5X Build/MMB29P) AppleWebKit/537.36 (KHTML, like Gecko) Chrome/136.0.7103.113 Mobile Safari/537.36 (compatible; Googlebot/2.1; +http://www.google.com/bot.html)"
66.249.64.6 - - [13/Jun/2025:09:07:24 -0400] "GET /?d=104328335260&filter=610384&share_to_url=goods.php%3Fid%3D3534839%26name%3Dkidsuper+puma+rs HTTP/1.1" 200 22041 "-" "Mozilla/5.0 (Linux; Android 6.0.1; Nexus 5X Build/MMB29P) AppleWebKit/537.36 (KHTML, like Gecko) Chrome/136.0.7103.113 Mobile Safari/537.36 (compatible; Googlebot/2.1; +http://www.google.com/bot.html)"
66.249.64.6 - - [13/Jun/2025:09:07:24 -0400] "GET /?d=85467666260&filter=e0510c&share_to_url=model.php%3Fid%3D2895171%26name%3Dschmetz+needles+sewing HTTP/1.1" 200 22161 "-" "Mozilla/5.0 (Linux; Android 6.0.1; Nexus 5X Build/MMB29P) AppleWebKit/537.36 (KHTML, like Gecko) Chrome/136.0.7103.113 Mobile Safari/537.36 (compatible; Googlebot/2.1; +http://www.google.com/bot.html)"
66.249.64.5 - - [13/Jun/2025:09:07:24 -0400] "GET /?d=113561084260&filter=841c6e&share_to_url=product.php%3Fid%3D3845974%26name%3Dsatch+pack+school+bag+mystic HTTP/1.1" 200 22806 "-" "Mozilla/5.0 (Linux; Android 6.0.1; Nexus 5X Build/MMB29P) AppleWebKit/537.36 (KHTML, like Gecko) Chrome/136.0.7103.113 Mobile Safari/537.36 (compatible; Googlebot/2.1; +http://www.google.com/bot.html)"
66.249.64.6 - - [13/Jun/2025:09:07:25 -0400] "GET /?d=107290285260&filter=d9247f&share_to_url=shop.php%3Fid%3D3633139%26name%3D1994+star+wars HTTP/1.1" 200 23476 "-" "Mozilla/5.0 (Linux; Android 6.0.1; Nexus 5X Build/MMB29P) AppleWebKit/537.36 (KHTML, like Gecko) Chrome/136.0.7103.113 Mobile Safari/537.36 (compatible; Googlebot/2.1; +http://www.google.com/bot.html)"
66.249.64.131 - - [13/Jun/2025:09:07:26 -0400] "GET /?d=112507060260&filter=5ae98b&share_to_url=shopdetail.php%3Fid%3D3810860%26name%3Dcarat+double+halo HTTP/1.1" 200 22892 "-" "Mozilla/5.0 (Linux; Android 6.0.1; Nexus 5X Build/MMB29P) AppleWebKit/537.36 (KHTML, like Gecko) Chrome/136.0.7103.113 Mobile Safari/537.36 (compatible; Googlebot/2.1; +http://www.google.com/bot.html)"
66.249.64.131 - - [13/Jun/2025:09:07:26 -0400] "GET /?d=102188837260&filter=9e9754&share_to_url=product.php%3Fid%3D3463822%26name%3Dgerson+apple+carrot+juice HTTP/1.1" 200 23454 "-" "Mozilla/5.0 (Linux; Android 6.0.1; Nexus 5X Build/MMB29P) AppleWebKit/537.36 (KHTML, like Gecko) Chrome/136.0.7103.113 Mobile Safari/537.36 (compatible; Googlebot/2.1; +http://www.google.com/bot.html)"
66.249.64.6 - - [13/Jun/2025:09:07:26 -0400] "GET /?d=99043758260&filter=d42553&share_to_url=model.php%3Fid%3D3356859%26name%3Droundtable+comics+movie HTTP/1.1" 200 23193 "-" "Mozilla/5.0 (Linux; Android 6.0.1; Nexus 5X Build/MMB29P) AppleWebKit/537.36 (KHTML, like Gecko) Chrome/136.0.7103.113 Mobile Safari/537.36 (compatible; Googlebot/2.1; +http://www.google.com/bot.html)"
66.249.64.6 - - [13/Jun/2025:09:07:27 -0400] "GET /?d=96529017260&filter=5919d3&share_to_url=item.php%3Fid%3D3270601%26name%3Dlittle+boys+mickey HTTP/1.1" 200 22802 "-" "Mozilla/5.0 (Linux; Android 6.0.1; Nexus 5X Build/MMB29P) AppleWebKit/537.36 (KHTML, like Gecko) Chrome/136.0.7103.113 Mobile Safari/537.36 (compatible; Googlebot/2.1; +http://www.google.com/bot.html)"
66.249.64.5 - - [13/Jun/2025:09:07:28 -0400] "GET /?d=112019776260&filter=edb904&share_to_url=product.php%3Fid%3D3794386%26name%3Dredbarn+naturals+bully+stick+dog HTTP/1.1" 200 22718 "-" "Mozilla/5.0 (Linux; Android 6.0.1; Nexus 5X Build/MMB29P) AppleWebKit/537.36 (KHTML, like Gecko) Chrome/136.0.7103.113 Mobile Safari/537.36 (compatible; Googlebot/2.1; +http://www.google.com/bot.html)"
66.249.64.131 - - [13/Jun/2025:09:07:28 -0400] "GET /?d=117424551260&filter=1fda49&share_to_url=product-page.php%3Fid%3D3976696%26name%3Dzina+sneakers+black HTTP/1.1" 200 22067 "-" "Mozilla/5.0 (Linux; Android 6.0.1; Nexus 5X Build/MMB29P) AppleWebKit/537.36 (KHTML, like Gecko) Chrome/136.0.7103.113 Mobile Safari/537.36 (compatible; Googlebot/2.1; +http://www.google.com/bot.html)"
66.249.64.6 - - [13/Jun/2025:09:07:29 -0400] "GET /?d=106849574260&filter=c31721&share_to_url=article.php%3Fid%3D3618842%26name%3Dnwt+coach+4105+rowan+satchel HTTP/1.1" 200 23211 "-" "Mozilla/5.0 (Linux; Android 6.0.1; Nexus 5X Build/MMB29P) AppleWebKit/537.36 (KHTML, like Gecko) Chrome/136.0.7103.113 Mobile Safari/537.36 (compatible; Googlebot/2.1; +http://www.google.com/bot.html)"
207.46.13.156 - - [13/Jun/2025:09:07:30 -0400] "GET /?d=97892354260&filter=1c33e9&share_to_url=product.php%3Fid%3D3317770%26name%3Dthe+beagles HTTP/1.1" 200 23257 "-" "Mozilla/5.0 AppleWebKit/537.36 (KHTML, like Gecko; compatible; bingbot/2.0; +http://www.bing.com/bingbot.htm) Chrome/116.0.1938.76 Safari/537.36"
66.249.64.131 - - [13/Jun/2025:09:07:30 -0400] "GET /?d=114050548260&filter=8cd633&share_to_url=shopdetail.php%3Fid%3D3862484%26name%3Dmulticolour+linen+jumpsuit+zimmermann HTTP/1.1" 200 24030 "-" "Mozilla/5.0 (Linux; Android 6.0.1; Nexus 5X Build/MMB29P) AppleWebKit/537.36 (KHTML, like Gecko) Chrome/136.0.7103.113 Mobile Safari/537.36 (compatible; Googlebot/2.1; +http://www.google.com/bot.html)"
66.249.64.131 - - [13/Jun/2025:09:07:31 -0400] "GET /?d=94232351260&filter=aca228&share_to_url=model.php%3Fid%3D3193251%26name%3Dprince+100 HTTP/1.1" 200 23439 "-" "Mozilla/5.0 (Linux; Android 6.0.1; Nexus 5X Build/MMB29P) AppleWebKit/537.36 (KHTML, like Gecko) Chrome/136.0.7103.113 Mobile Safari/537.36 (compatible; Googlebot/2.1; +http://www.google.com/bot.html)"
66.249.64.6 - - [13/Jun/2025:09:07:31 -0400] "GET /?d=111627722260&filter=19d891&share_to_url=discover.php%3Fid%3D3780509%26name%3Dncaa+football+13+shop HTTP/1.1" 200 23575 "-" "Mozilla/5.0 (Linux; Android 6.0.1; Nexus 5X Build/MMB29P) AppleWebKit/537.36 (KHTML, like Gecko) Chrome/136.0.7103.113 Mobile Safari/537.36 (compatible; Googlebot/2.1; +http://www.google.com/bot.html)"
207.46.13.156 - - [13/Jun/2025:09:07:31 -0400] "GET /?d=114305243260&filter=967b54&share_to_url=item.php%3Fid%3D3870589%26name%3Dinception+k9+academy HTTP/1.1" 200 23404 "-" "Mozilla/5.0 AppleWebKit/537.36 (KHTML, like Gecko; compatible; bingbot/2.0; +http://www.bing.com/bingbot.htm) Chrome/116.0.1938.76 Safari/537.36"
66.249.64.7 - - [13/Jun/2025:09:07:33 -0400] "GET /?d=97343352260&filter=58ce6a&share_to_url=detail.php%3Fid%3D3298569%26name%3Dann+chery+2023+highest+corset HTTP/1.1" 200 23607 "-" "Mozilla/5.0 (Linux; Android 6.0.1; Nexus 5X Build/MMB29P) AppleWebKit/537.36 (KHTML, like Gecko) Chrome/136.0.7103.113 Mobile Safari/537.36 (compatible; Googlebot/2.1; +http://www.google.com/bot.html)"
207.46.13.156 - - [13/Jun/2025:09:07:33 -0400] "GET /?d=118029256260&filter=03bf8c&share_to_url=goods.php%3Fid%3D3996947%26name%3Daishi+jewellery HTTP/1.1" 200 23656 "-" "Mozilla/5.0 AppleWebKit/537.36 (KHTML, like Gecko; compatible; bingbot/2.0; +http://www.bing.com/bingbot.htm) Chrome/116.0.1938.76 Safari/537.36"
52.167.144.136 - - [13/Jun/2025:09:07:33 -0400] "GET /?d=85216332260&filter=c08dc8&share_to_url=article.php%3Fid%3D2886614%26name%3Dfurrygo+interactive+electronic+cat HTTP/1.1" 200 23861 "-" "Mozilla/5.0 AppleWebKit/537.36 (KHTML, like Gecko; compatible; bingbot/2.0; +http://www.bing.com/bingbot.htm) Chrome/116.0.1938.76 Safari/537.36"
66.249.64.132 - - [13/Jun/2025:09:07:34 -0400] "GET /?d=98516708260&filter=b43393&share_to_url=ideas.php%3Fid%3D3338856%26name%3Dhome+furnishing+premium+curtains HTTP/1.1" 200 23866 "-" "Mozilla/5.0 (Linux; Android 6.0.1; Nexus 5X Build/MMB29P) AppleWebKit/537.36 (KHTML, like Gecko) Chrome/136.0.7103.113 Mobile Safari/537.36 (compatible; Googlebot/2.1; +http://www.google.com/bot.html)"
52.167.144.204 - - [13/Jun/2025:09:07:34 -0400] "GET /?d=108980551260&filter=254614&share_to_url=article.php%3Fid%3D3689678%26name%3Dkl+sole+sacai HTTP/1.1" 200 22491 "-" "Mozilla/5.0 AppleWebKit/537.36 (KHTML, like Gecko; compatible; bingbot/2.0; +http://www.bing.com/bingbot.htm) Chrome/116.0.1938.76 Safari/537.36"
66.249.64.5 - - [13/Jun/2025:09:07:34 -0400] "GET /?d=107823477260&filter=af4b8a&share_to_url=shopdetail.php%3Fid%3D3651032%26name%3Dmarella+cappotto+lungo+monochrome HTTP/1.1" 200 24009 "-" "Mozilla/5.0 (Linux; Android 6.0.1; Nexus 5X Build/MMB29P) AppleWebKit/537.36 (KHTML, like Gecko) Chrome/136.0.7103.113 Mobile Safari/537.36 (compatible; Googlebot/2.1; +http://www.google.com/bot.html)"
