207.46.13.51 - - [13/Jun/2025:08:34:20 -0400] "GET /?d=99685207260&filter=3c4ce6&share_to_url=pin.php%3Fid%3D3378378%26name%3Dwatch+higurashi+crunchyroll HTTP/1.1" 200 23134 "-" "Mozilla/5.0 AppleWebKit/537.36 (KHTML, like Gecko; compatible; bingbot/2.0; +http://www.bing.com/bingbot.htm) Chrome/116.0.1938.76 Safari/537.36"
40.77.167.55 - - [13/Jun/2025:08:34:22 -0400] "GET /?d=97434283260&filter=773a7d&share_to_url=model.php?id=3301827&name=abito%20uomo%20taglia%2044 HTTP/1.1" 200 23123 "-" "Mozilla/5.0 AppleWebKit/537.36 (KHTML, like Gecko; compatible; bingbot/2.0; +http://www.bing.com/bingbot.htm) Chrome/116.0.1938.76 Safari/537.36"
66.249.64.131 - - [13/Jun/2025:08:34:22 -0400] "GET /?d=114312886260&filter=efc4ff&share_to_url=ideas.php%3Fid%3D3870864%26name%3Dbear+20l+mini+electric HTTP/1.1" 200 23902 "-" "Mozilla/5.0 (Linux; Android 6.0.1; Nexus 5X Build/MMB29P) AppleWebKit/537.36 (KHTML, like Gecko) Chrome/136.0.7103.113 Mobile Safari/537.36 (compatible; Googlebot/2.1; +http://www.google.com/bot.html)"
40.77.167.55 - - [13/Jun/2025:08:34:23 -0400] "GET /?d=104197516260&filter=704690&share_to_url=shopdetail.php%3Fid%3D3530288%26name%3Dtanishq+bund+online HTTP/1.1" 200 24073 "-" "Mozilla/5.0 AppleWebKit/537.36 (KHTML, like Gecko; compatible; bingbot/2.0; +http://www.bing.com/bingbot.htm) Chrome/116.0.1938.76 Safari/537.36"
66.249.64.7 - - [13/Jun/2025:08:34:25 -0400] "GET /?d=106260010260&filter=facf34&share_to_url=article.php%3Fid%3D3598886%26name%3Dnorthwool+sweat+%C3%A0 HTTP/1.1" 200 23799 "-" "Mozilla/5.0 (Linux; Android 6.0.1; Nexus 5X Build/MMB29P) AppleWebKit/537.36 (KHTML, like Gecko) Chrome/136.0.7103.113 Mobile Safari/537.36 (compatible; Googlebot/2.1; +http://www.google.com/bot.html)"
207.46.13.154 - - [13/Jun/2025:08:34:25 -0400] "GET /?d=37783651260&filter=bdaf2f&share_to_url=goods.php%3Fid%3D1282727%26name%3Dsedia+da+spiaggia+dwg HTTP/1.1" 200 24888 "-" "Mozilla/5.0 AppleWebKit/537.36 (KHTML, like Gecko; compatible; bingbot/2.0; +http://www.bing.com/bingbot.htm) Chrome/116.0.1938.76 Safari/537.36"
66.249.64.131 - - [13/Jun/2025:08:34:25 -0400] "GET /?d=108355518260&filter=f685f1&share_to_url=product-page.php%3Fid%3D3668668%26name%3Dofferta+fine+serie+paia HTTP/1.1" 200 24573 "-" "Mozilla/5.0 (Linux; Android 6.0.1; Nexus 5X Build/MMB29P) AppleWebKit/537.36 (KHTML, like Gecko) Chrome/136.0.7103.113 Mobile Safari/537.36 (compatible; Googlebot/2.1; +http://www.google.com/bot.html)"
66.249.64.131 - - [13/Jun/2025:08:34:26 -0400] "GET /?d=93798413260&filter=1f5f6f&share_to_url=product-page.php%3Fid%3D3177964%26name%3D2012+khs+urban HTTP/1.1" 200 23231 "-" "Mozilla/5.0 (Linux; Android 6.0.1; Nexus 5X Build/MMB29P) AppleWebKit/537.36 (KHTML, like Gecko) Chrome/136.0.7103.113 Mobile Safari/537.36 (compatible; Googlebot/2.1; +http://www.google.com/bot.html)"
66.249.64.131 - - [13/Jun/2025:08:34:26 -0400] "GET /?d=104790473260&filter=116a77&share_to_url=model.php%3Fid%3D3550683%26name%3Dpotterton+boiler+page HTTP/1.1" 200 24068 "-" "Mozilla/5.0 (Linux; Android 6.0.1; Nexus 5X Build/MMB29P) AppleWebKit/537.36 (KHTML, like Gecko) Chrome/136.0.7103.113 Mobile Safari/537.36 (compatible; Googlebot/2.1; +http://www.google.com/bot.html)"
66.249.64.131 - - [13/Jun/2025:08:34:28 -0400] "GET /?d=101648865260&filter=e287cc&share_to_url=model.php%3Fid%3D3446367%26name%3Dmen+039+s+originals+superstar+store+shoes HTTP/1.1" 200 24106 "-" "Mozilla/5.0 (Linux; Android 6.0.1; Nexus 5X Build/MMB29P) AppleWebKit/537.36 (KHTML, like Gecko) Chrome/136.0.7103.113 Mobile Safari/537.36 (compatible; Googlebot/2.1; +http://www.google.com/bot.html)"
66.249.64.131 - - [13/Jun/2025:08:34:30 -0400] "GET /?d=97503644260&filter=68f3d6&share_to_url=discover.php%3Fid%3D3304121%26name%3Dktm+orange+ii+psb+10650 HTTP/1.1" 200 22247 "-" "Mozilla/5.0 (Linux; Android 6.0.1; Nexus 5X Build/MMB29P) AppleWebKit/537.36 (KHTML, like Gecko) Chrome/136.0.7103.113 Mobile Safari/537.36 (compatible; Googlebot/2.1; +http://www.google.com/bot.html)"
66.249.64.131 - - [13/Jun/2025:08:34:31 -0400] "GET /?d=110084889260&filter=1f5f6f&share_to_url=item.php%3Fid%3D3725893%26name%3Dcable+cutter+tl+cttr+a1 HTTP/1.1" 200 23500 "-" "Mozilla/5.0 (Linux; Android 6.0.1; Nexus 5X Build/MMB29P) AppleWebKit/537.36 (KHTML, like Gecko) Chrome/136.0.7103.113 Mobile Safari/537.36 (compatible; Googlebot/2.1; +http://www.google.com/bot.html)"
66.249.64.131 - - [13/Jun/2025:08:34:33 -0400] "GET /?d=106559222260&filter=b00345&share_to_url=shop.php%3Fid%3D3609007%26name%3Dinvicta+reserve+56mm+black+jt HTTP/1.1" 200 23172 "-" "Mozilla/5.0 (Linux; Android 6.0.1; Nexus 5X Build/MMB29P) AppleWebKit/537.36 (KHTML, like Gecko) Chrome/136.0.7103.113 Mobile Safari/537.36 (compatible; Googlebot/2.1; +http://www.google.com/bot.html)"
66.249.64.132 - - [13/Jun/2025:08:34:36 -0400] "GET /?d=117880706260&filter=ab67d8&share_to_url=model.php%3Fid%3D3992307%26name%3Da+demain+highchair+is HTTP/1.1" 200 23762 "-" "Mozilla/5.0 (Linux; Android 6.0.1; Nexus 5X Build/MMB29P) AppleWebKit/537.36 (KHTML, like Gecko) Chrome/136.0.7103.113 Mobile Safari/537.36 (compatible; Googlebot/2.1; +http://www.google.com/bot.html)"
207.46.13.51 - - [13/Jun/2025:08:34:36 -0400] "GET /?d=107012006260&filter=c4b8bf&share_to_url=pin.php%3Fid%3D3624174%26name%3Dhue+faux+sheer+fleece HTTP/1.1" 200 22595 "-" "Mozilla/5.0 AppleWebKit/537.36 (KHTML, like Gecko; compatible; bingbot/2.0; +http://www.bing.com/bingbot.htm) Chrome/116.0.1938.76 Safari/537.36"
66.249.64.132 - - [13/Jun/2025:08:34:39 -0400] "GET /?d=88667413260&filter=eee8f3&share_to_url=ideas.php%3Fid%3D3005064%26name%3Dtag+the+king+of HTTP/1.1" 200 23747 "-" "Mozilla/5.0 (Linux; Android 6.0.1; Nexus 5X Build/MMB29P) AppleWebKit/537.36 (KHTML, like Gecko) Chrome/136.0.7103.113 Mobile Safari/537.36 (compatible; Googlebot/2.1; +http://www.google.com/bot.html)"
66.249.64.131 - - [13/Jun/2025:08:34:41 -0400] "GET /?d=115874846260&filter=b85c2d&share_to_url=ideas.php%3Fid%3D3924036%26name%3Dbague+fian%C3%A7ailles+solitaire+d+039+%C3%A9meraude HTTP/1.1" 200 23041 "-" "Mozilla/5.0 (Linux; Android 6.0.1; Nexus 5X Build/MMB29P) AppleWebKit/537.36 (KHTML, like Gecko) Chrome/136.0.7103.113 Mobile Safari/537.36 (compatible; Googlebot/2.1; +http://www.google.com/bot.html)"
66.249.64.6 - - [13/Jun/2025:08:34:43 -0400] "GET /?d=92604529260&filter=4157e5&share_to_url=ideas.php%3Fid%3D3137640%26name%3Dconjunto+da+nike+promo HTTP/1.1" 200 24003 "-" "Mozilla/5.0 (Linux; Android 6.0.1; Nexus 5X Build/MMB29P) AppleWebKit/537.36 (KHTML, like Gecko) Chrome/136.0.7103.113 Mobile Safari/537.36 (compatible; Googlebot/2.1; +http://www.google.com/bot.html)"
66.249.64.132 - - [13/Jun/2025:08:34:44 -0400] "GET /?d=102903528260&filter=ab67d8&share_to_url=product-page.php%3Fid%3D3487468%26name%3Dbambusi+bamboo+shower+seat+bench HTTP/1.1" 200 23252 "-" "Mozilla/5.0 (Linux; Android 6.0.1; Nexus 5X Build/MMB29P) AppleWebKit/537.36 (KHTML, like Gecko) Chrome/136.0.7103.113 Mobile Safari/537.36 (compatible; Googlebot/2.1; +http://www.google.com/bot.html)"
66.249.64.5 - - [13/Jun/2025:08:34:46 -0400] "GET /?d=103191584260&filter=8104cb&share_to_url=article.php%3Fid%3D3496886%26name%3Daldi+toaster+2021+2024 HTTP/1.1" 200 24089 "-" "Mozilla/5.0 (Linux; Android 6.0.1; Nexus 5X Build/MMB29P) AppleWebKit/537.36 (KHTML, like Gecko) Chrome/136.0.7103.113 Mobile Safari/537.36 (compatible; Googlebot/2.1; +http://www.google.com/bot.html)"
207.46.13.154 - - [13/Jun/2025:08:34:46 -0400] "GET /?d=102571399260&filter=ab67d8&share_to_url=item.php%3Fid%3D3476641%26name%3Dround+bubble+chair+stock HTTP/1.1" 200 23876 "-" "Mozilla/5.0 AppleWebKit/537.36 (KHTML, like Gecko; compatible; bingbot/2.0; +http://www.bing.com/bingbot.htm) Chrome/116.0.1938.76 Safari/537.36"
207.46.13.154 - - [13/Jun/2025:08:34:47 -0400] "GET /?d=111569505260&filter=c9be96&share_to_url=pin.php%3Fid%3D3778518%26name%3Dflap+pocket+wide+leg HTTP/1.1" 200 24458 "-" "Mozilla/5.0 AppleWebKit/537.36 (KHTML, like Gecko; compatible; bingbot/2.0; +http://www.bing.com/bingbot.htm) Chrome/116.0.1938.76 Safari/537.36"
66.249.64.131 - - [13/Jun/2025:08:34:47 -0400] "GET /?d=114790627260&filter=8cd633&share_to_url=detail.php%3Fid%3D3887109%26name%3Dnew+look+apricot+jumpsuit HTTP/1.1" 200 22767 "-" "Mozilla/5.0 (Linux; Android 6.0.1; Nexus 5X Build/MMB29P) AppleWebKit/537.36 (KHTML, like Gecko) Chrome/136.0.7103.113 Mobile Safari/537.36 (compatible; Googlebot/2.1; +http://www.google.com/bot.html)"
66.249.64.5 - - [13/Jun/2025:08:34:48 -0400] "GET /?d=116494816260&filter=754b31&share_to_url=shopdetail.php%3Fid%3D3944936%26name%3Doris+tt3+01 HTTP/1.1" 200 23142 "-" "Mozilla/5.0 (Linux; Android 6.0.1; Nexus 5X Build/MMB29P) AppleWebKit/537.36 (KHTML, like Gecko) Chrome/136.0.7103.113 Mobile Safari/537.36 (compatible; Googlebot/2.1; +http://www.google.com/bot.html)"
207.46.13.154 - - [13/Jun/2025:08:34:48 -0400] "GET /?d=32289227260&filter=14708a&share_to_url=item.php%3Fid%3D1097389%26name%3Dvintage+halloween+bicycle HTTP/1.1" 200 23227 "-" "Mozilla/5.0 AppleWebKit/537.36 (KHTML, like Gecko; compatible; bingbot/2.0; +http://www.bing.com/bingbot.htm) Chrome/116.0.1938.76 Safari/537.36"
66.249.64.132 - - [13/Jun/2025:08:34:50 -0400] "GET /?d=88620473260&filter=ae4ca1&share_to_url=shop.php%3Fid%3D3003427%26name%3Dbuy+sk8+low+039+reflective+black+039 HTTP/1.1" 200 22914 "-" "Mozilla/5.0 (Linux; Android 6.0.1; Nexus 5X Build/MMB29P) AppleWebKit/537.36 (KHTML, like Gecko) Chrome/136.0.7103.113 Mobile Safari/537.36 (compatible; Googlebot/2.1; +http://www.google.com/bot.html)"
66.249.64.132 - - [13/Jun/2025:08:34:50 -0400] "GET /?d=108213395260&filter=758412&share_to_url=shopdetail.php%3Fid%3D3663920%26name%3Dsmoothie+king+5743 HTTP/1.1" 200 23549 "-" "Mozilla/5.0 (Linux; Android 6.0.1; Nexus 5X Build/MMB29P) AppleWebKit/537.36 (KHTML, like Gecko) Chrome/136.0.7103.113 Mobile Safari/537.36 (compatible; Googlebot/2.1; +http://www.google.com/bot.html)"
207.46.13.154 - - [13/Jun/2025:08:34:50 -0400] "GET /?d=67319363260&filter=aa7737&share_to_url=goods.php%3Fid%3D2281919%26name%3Dcomposite+toe+2025+guards HTTP/1.1" 200 23064 "-" "Mozilla/5.0 AppleWebKit/537.36 (KHTML, like Gecko; compatible; bingbot/2.0; +http://www.bing.com/bingbot.htm) Chrome/116.0.1938.76 Safari/537.36"
52.167.144.159 - - [13/Jun/2025:08:34:50 -0400] "GET /?d=69390363260&filter=fd45ef&share_to_url=shopdetail.php%3Fid%3D2351300%26name%3Dshopkins+2025+rainbow+convertible HTTP/1.1" 200 22850 "-" "Mozilla/5.0 AppleWebKit/537.36 (KHTML, like Gecko; compatible; bingbot/2.0; +http://www.bing.com/bingbot.htm) Chrome/116.0.1938.76 Safari/537.36"
52.167.144.156 - - [13/Jun/2025:08:34:51 -0400] "GET /?d=110987173260&filter=7030ec&share_to_url=item.php%3Fid%3D3758389%26name%3Dpasito+a+pasito+zaino HTTP/1.1" 200 22867 "-" "Mozilla/5.0 AppleWebKit/537.36 (KHTML, like Gecko; compatible; bingbot/2.0; +http://www.bing.com/bingbot.htm) Chrome/116.0.1938.76 Safari/537.36"
40.77.167.55 - - [13/Jun/2025:08:34:51 -0400] "GET /?d=109094199260&filter=6d6f21&share_to_url=discover.php%3Fid%3D3693209%26name%3Dsaia+customizada+longuete+brilho HTTP/1.1" 200 24091 "-" "Mozilla/5.0 AppleWebKit/537.36 (KHTML, like Gecko; compatible; bingbot/2.0; +http://www.bing.com/bingbot.htm) Chrome/116.0.1938.76 Safari/537.36"
52.167.144.156 - - [13/Jun/2025:08:34:52 -0400] "GET /?d=115985857260&filter=95c78c&share_to_url=ideas.php%3Fid%3D3927708%26name%3Dkarl+lagerfeld+saia HTTP/1.1" 200 24033 "-" "Mozilla/5.0 AppleWebKit/537.36 (KHTML, like Gecko; compatible; bingbot/2.0; +http://www.bing.com/bingbot.htm) Chrome/116.0.1938.76 Safari/537.36"
40.77.167.55 - - [13/Jun/2025:08:34:52 -0400] "GET /?d=94941332260&filter=3c6ceb&share_to_url=product.php%3Fid%3D3216850%26name%3Dcoturno+envernizado+hot HTTP/1.1" 200 23345 "-" "Mozilla/5.0 AppleWebKit/537.36 (KHTML, like Gecko; compatible; bingbot/2.0; +http://www.bing.com/bingbot.htm) Chrome/116.0.1938.76 Safari/537.36"
66.249.64.132 - - [13/Jun/2025:08:34:53 -0400] "GET /?d=113045486260&filter=87ac67&share_to_url=article.php%3Fid%3D3828458%26name%3Danybody+rock+the+jordache HTTP/1.1" 200 22561 "-" "Mozilla/5.0 (Linux; Android 6.0.1; Nexus 5X Build/MMB29P) AppleWebKit/537.36 (KHTML, like Gecko) Chrome/136.0.7103.113 Mobile Safari/537.36 (compatible; Googlebot/2.1; +http://www.google.com/bot.html)"
52.167.144.156 - - [13/Jun/2025:08:34:53 -0400] "GET /?d=109336093260&filter=8aa5a3&share_to_url=detail.php%3Fid%3D3701217%26name%3Dwhy+do+we+think HTTP/1.1" 200 22784 "-" "Mozilla/5.0 AppleWebKit/537.36 (KHTML, like Gecko; compatible; bingbot/2.0; +http://www.bing.com/bingbot.htm) Chrome/116.0.1938.76 Safari/537.36"
52.167.144.156 - - [13/Jun/2025:08:34:53 -0400] "GET /?d=28832457260&filter=b2e434&share_to_url=article.php%3Fid%3D979298%26name%3Dmichele+mehl+excy HTTP/1.1" 200 22777 "-" "Mozilla/5.0 AppleWebKit/537.36 (KHTML, like Gecko; compatible; bingbot/2.0; +http://www.bing.com/bingbot.htm) Chrome/116.0.1938.76 Safari/537.36"
52.167.144.209 - - [13/Jun/2025:08:34:55 -0400] "GET /?d=86459393260&filter=c8e773&share_to_url=item.php%3Fid%3D2929489%26name%3Damalfi+outdoor+lattice HTTP/1.1" 200 24303 "-" "Mozilla/5.0 AppleWebKit/537.36 (KHTML, like Gecko; compatible; bingbot/2.0; +http://www.bing.com/bingbot.htm) Chrome/116.0.1938.76 Safari/537.36"
66.249.64.132 - - [13/Jun/2025:08:34:55 -0400] "GET /?d=92295830260&filter=cdc800&share_to_url=detail.php%3Fid%3D3126765%26name%3Dpj+harlow+top HTTP/1.1" 200 23211 "-" "Mozilla/5.0 (Linux; Android 6.0.1; Nexus 5X Build/MMB29P) AppleWebKit/537.36 (KHTML, like Gecko) Chrome/136.0.7103.113 Mobile Safari/537.36 (compatible; Googlebot/2.1; +http://www.google.com/bot.html)"
66.249.64.132 - - [13/Jun/2025:08:34:59 -0400] "GET /?d=102363226260&filter=677719&share_to_url=product.php%3Fid%3D3469750%26name%3Dkristal+maxi+dress HTTP/1.1" 200 23046 "-" "Mozilla/5.0 (Linux; Android 6.0.1; Nexus 5X Build/MMB29P) AppleWebKit/537.36 (KHTML, like Gecko) Chrome/136.0.7103.113 Mobile Safari/537.36 (compatible; Googlebot/2.1; +http://www.google.com/bot.html)"
52.167.144.159 - - [13/Jun/2025:08:35:01 -0400] "GET /?d=46425527260&filter=199e58&share_to_url=shopdetail.php%3Fid%3D1575740%26name%3Dlaw+intellect HTTP/1.1" 200 23859 "-" "Mozilla/5.0 AppleWebKit/537.36 (KHTML, like Gecko; compatible; bingbot/2.0; +http://www.bing.com/bingbot.htm) Chrome/116.0.1938.76 Safari/537.36"
66.249.64.132 - - [13/Jun/2025:08:35:01 -0400] "GET /?d=91449602260&filter=731268&share_to_url=pin.php%3Fid%3D3099114%26name%3Dhollister+incorporated+on+linkedin HTTP/1.1" 200 21748 "-" "Mozilla/5.0 (Linux; Android 6.0.1; Nexus 5X Build/MMB29P) AppleWebKit/537.36 (KHTML, like Gecko) Chrome/136.0.7103.113 Mobile Safari/537.36 (compatible; Googlebot/2.1; +http://www.google.com/bot.html)"
52.167.144.159 - - [13/Jun/2025:08:35:01 -0400] "GET /?d=44907777260&filter=cd6ff1&share_to_url=model.php%3Fid%3D1523535%26name%3Dkilltec+deals+waterproof+8000 HTTP/1.1" 200 23406 "-" "Mozilla/5.0 AppleWebKit/537.36 (KHTML, like Gecko; compatible; bingbot/2.0; +http://www.bing.com/bingbot.htm) Chrome/116.0.1938.76 Safari/537.36"
102.89.83.34 - - [13/Jun/2025:08:35:02 -0400] "GET /loginn.php HTTP/1.1" 403 1242 "https://www.google.com/" "Mozilla/5.0 (Linux; Android 10; K) AppleWebKit/537.36 (KHTML, like Gecko) Chrome/136.0.0.0 Mobile Safari/537.36"
102.89.83.34 - - [13/Jun/2025:08:35:03 -0400] "GET /favicon.ico HTTP/1.1" 404 1251 "https://churchmr.com/loginn.php" "Mozilla/5.0 (Linux; Android 10; K) AppleWebKit/537.36 (KHTML, like Gecko) Chrome/136.0.0.0 Mobile Safari/537.36"
66.249.64.131 - - [13/Jun/2025:08:35:04 -0400] "GET /?d=106251025260&filter=fd45ef&share_to_url=product.php%3Fid%3D3598618%26name%3Dbuy+malaysia+wholesale+holy HTTP/1.1" 200 23845 "-" "Mozilla/5.0 (Linux; Android 6.0.1; Nexus 5X Build/MMB29P) AppleWebKit/537.36 (KHTML, like Gecko) Chrome/136.0.7103.113 Mobile Safari/537.36 (compatible; Googlebot/2.1; +http://www.google.com/bot.html)"
207.46.13.154 - - [13/Jun/2025:08:35:06 -0400] "GET /?d=12813975260&filter=3ebd99&share_to_url=product.php%3Fid%3D437506%26name%3Dk+buzz+cast HTTP/1.1" 200 24027 "-" "Mozilla/5.0 AppleWebKit/537.36 (KHTML, like Gecko; compatible; bingbot/2.0; +http://www.bing.com/bingbot.htm) Chrome/116.0.1938.76 Safari/537.36"
66.249.64.131 - - [13/Jun/2025:08:35:06 -0400] "GET /?d=90594731260&filter=78f7d2&share_to_url=detail.php%3Fid%3D3070425%26name%3Docchiali+mette+vicino+libro HTTP/1.1" 200 23624 "-" "Mozilla/5.0 (Linux; Android 6.0.1; Nexus 5X Build/MMB29P) AppleWebKit/537.36 (KHTML, like Gecko) Chrome/136.0.7103.113 Mobile Safari/537.36 (compatible; Googlebot/2.1; +http://www.google.com/bot.html)"
207.46.13.154 - - [13/Jun/2025:08:35:06 -0400] "GET /?d=89928526260&filter=80df0f&share_to_url=pin.php%3Fid%3D3047934%26name%3D44+kay+jewelers+mark HTTP/1.1" 200 23148 "-" "Mozilla/5.0 AppleWebKit/537.36 (KHTML, like Gecko; compatible; bingbot/2.0; +http://www.bing.com/bingbot.htm) Chrome/116.0.1938.76 Safari/537.36"
66.249.64.131 - - [13/Jun/2025:08:35:07 -0400] "GET /?d=110070975260&filter=ef2428&share_to_url=goods.php%3Fid%3D3725375%26name%3Dpaleta+de+maquillaje+art%C3%ADstico HTTP/1.1" 200 23944 "-" "Mozilla/5.0 (Linux; Android 6.0.1; Nexus 5X Build/MMB29P) AppleWebKit/537.36 (KHTML, like Gecko) Chrome/136.0.7103.113 Mobile Safari/537.36 (compatible; Googlebot/2.1; +http://www.google.com/bot.html)"
66.249.64.131 - - [13/Jun/2025:08:35:08 -0400] "GET /?d=106793087260&filter=9e9754&share_to_url=item.php%3Fid%3D3616957%26name%3Doven+baked+chicken+and+potatoes HTTP/1.1" 200 24029 "-" "Mozilla/5.0 (Linux; Android 6.0.1; Nexus 5X Build/MMB29P) AppleWebKit/537.36 (KHTML, like Gecko) Chrome/136.0.7103.113 Mobile Safari/537.36 (compatible; Googlebot/2.1; +http://www.google.com/bot.html)"
52.167.144.209 - - [13/Jun/2025:08:35:10 -0400] "GET /?d=101021549260&filter=cd7390&share_to_url=pin.php%3Fid%3D3424350%26name%3Dan+adventure+to HTTP/1.1" 200 24122 "-" "Mozilla/5.0 AppleWebKit/537.36 (KHTML, like Gecko; compatible; bingbot/2.0; +http://www.bing.com/bingbot.htm) Chrome/116.0.1938.76 Safari/537.36"
66.249.64.131 - - [13/Jun/2025:08:35:11 -0400] "GET /?d=90704697260&filter=85a479&share_to_url=model.php%3Fid%3D3074223%26name%3Dtory+burch+tan+leather+melinda HTTP/1.1" 200 23131 "-" "Mozilla/5.0 (Linux; Android 6.0.1; Nexus 5X Build/MMB29P) AppleWebKit/537.36 (KHTML, like Gecko) Chrome/136.0.7103.113 Mobile Safari/537.36 (compatible; Googlebot/2.1; +http://www.google.com/bot.html)"
52.167.144.156 - - [13/Jun/2025:08:35:11 -0400] "GET /?d=110606009260&filter=f7abf7&share_to_url=detail.php%3Fid%3D3744513%26name%3Dorson+cross+strap HTTP/1.1" 200 23277 "-" "Mozilla/5.0 AppleWebKit/537.36 (KHTML, like Gecko; compatible; bingbot/2.0; +http://www.bing.com/bingbot.htm) Chrome/116.0.1938.76 Safari/537.36"
66.249.64.131 - - [13/Jun/2025:08:35:14 -0400] "GET /?d=108101586260&filter=1b6d6c&share_to_url=discover.php%3Fid%3D3659957%26name%3Dnike+air+gx+t+shirt HTTP/1.1" 200 24670 "-" "Mozilla/5.0 (Linux; Android 6.0.1; Nexus 5X Build/MMB29P) AppleWebKit/537.36 (KHTML, like Gecko) Chrome/136.0.7103.113 Mobile Safari/537.36 (compatible; Googlebot/2.1; +http://www.google.com/bot.html)"
207.46.13.51 - - [13/Jun/2025:08:35:16 -0400] "GET /?d=114894270260&filter=96a32b&share_to_url=goods.php?id=3890375&name=calvin%20klein%20sneakers HTTP/1.1" 200 23586 "-" "Mozilla/5.0 AppleWebKit/537.36 (KHTML, like Gecko; compatible; bingbot/2.0; +http://www.bing.com/bingbot.htm) Chrome/116.0.1938.76 Safari/537.36"
66.249.64.131 - - [13/Jun/2025:08:35:17 -0400] "GET /?d=115272763260&filter=500966&share_to_url=product-page.php%3Fid%3D3903508%26name%3Dwhowantstodance+fyourpage+likeme HTTP/1.1" 200 21528 "-" "Mozilla/5.0 (Linux; Android 6.0.1; Nexus 5X Build/MMB29P) AppleWebKit/537.36 (KHTML, like Gecko) Chrome/136.0.7103.113 Mobile Safari/537.36 (compatible; Googlebot/2.1; +http://www.google.com/bot.html)"
52.167.144.159 - - [13/Jun/2025:08:35:19 -0400] "GET /?d=84634163260&filter=2aa707&share_to_url=detail.php%3Fid%3D2866281%26name%3Dbeosound+edge+wall HTTP/1.1" 200 22537 "-" "Mozilla/5.0 AppleWebKit/537.36 (KHTML, like Gecko; compatible; bingbot/2.0; +http://www.bing.com/bingbot.htm) Chrome/116.0.1938.76 Safari/537.36"
52.167.144.159 - - [13/Jun/2025:08:35:20 -0400] "GET /?d=84649315260&filter=d5da8d&share_to_url=discover.php%3Fid%3D2866817%26name%3Dadidas+ultradream+alphaskin+knit HTTP/1.1" 200 22051 "-" "Mozilla/5.0 AppleWebKit/537.36 (KHTML, like Gecko; compatible; bingbot/2.0; +http://www.bing.com/bingbot.htm) Chrome/116.0.1938.76 Safari/537.36"
66.249.64.131 - - [13/Jun/2025:08:35:20 -0400] "GET /?d=106147327260&filter=a229e9&share_to_url=product-page.php%3Fid%3D3595240%26name%3Delectric+bike+accessories+badass HTTP/1.1" 200 23497 "-" "Mozilla/5.0 (Linux; Android 6.0.1; Nexus 5X Build/MMB29P) AppleWebKit/537.36 (KHTML, like Gecko) Chrome/136.0.7103.113 Mobile Safari/537.36 (compatible; Googlebot/2.1; +http://www.google.com/bot.html)"
66.249.64.7 - - [13/Jun/2025:08:35:20 -0400] "GET /?d=113425329260&filter=6f7032&share_to_url=discover.php%3Fid%3D3841349%26name%3Dchicken+and+artichoke+cannelloni HTTP/1.1" 200 24574 "-" "Mozilla/5.0 (Linux; Android 6.0.1; Nexus 5X Build/MMB29P) AppleWebKit/537.36 (KHTML, like Gecko) Chrome/136.0.7103.113 Mobile Safari/537.36 (compatible; Googlebot/2.1; +http://www.google.com/bot.html)"
66.249.64.131 - - [13/Jun/2025:08:35:22 -0400] "GET /?d=117291155260&filter=4b33d3&share_to_url=detail.php%3Fid%3D3972417%26name%3Dmokose+hd+webcam+usb HTTP/1.1" 200 23258 "-" "Mozilla/5.0 (Linux; Android 6.0.1; Nexus 5X Build/MMB29P) AppleWebKit/537.36 (KHTML, like Gecko) Chrome/136.0.7103.113 Mobile Safari/537.36 (compatible; Googlebot/2.1; +http://www.google.com/bot.html)"
66.249.64.131 - - [13/Jun/2025:08:35:22 -0400] "GET /?d=98914479260&filter=d6a214&share_to_url=ideas.php%3Fid%3D3351960%26name%3Dalexandra+platinum HTTP/1.1" 200 22739 "-" "Mozilla/5.0 (Linux; Android 6.0.1; Nexus 5X Build/MMB29P) AppleWebKit/537.36 (KHTML, like Gecko) Chrome/136.0.7103.113 Mobile Safari/537.36 (compatible; Googlebot/2.1; +http://www.google.com/bot.html)"
40.77.167.151 - - [13/Jun/2025:08:35:24 -0400] "GET /?d=109581801260&filter=d50c1d&share_to_url=article.php%3Fid%3D3709010%26name%3Dthanneer+mathan+dinangal HTTP/1.1" 200 23348 "-" "Mozilla/5.0 AppleWebKit/537.36 (KHTML, like Gecko; compatible; bingbot/2.0; +http://www.bing.com/bingbot.htm) Chrome/116.0.1938.76 Safari/537.36"
66.249.64.131 - - [13/Jun/2025:08:35:26 -0400] "GET /?d=98015516260&filter=14708a&share_to_url=item.php%3Fid%3D3321565%26name%3Dbike+black+store+paint+spray HTTP/1.1" 200 24403 "-" "Mozilla/5.0 (Linux; Android 6.0.1; Nexus 5X Build/MMB29P) AppleWebKit/537.36 (KHTML, like Gecko) Chrome/136.0.7103.113 Mobile Safari/537.36 (compatible; Googlebot/2.1; +http://www.google.com/bot.html)"
66.249.64.131 - - [13/Jun/2025:08:35:28 -0400] "GET /?d=96246325260&filter=bc40a5&share_to_url=product.php%3Fid%3D3260890%26name%3Dsold+2011+jeep+liberty HTTP/1.1" 200 23090 "-" "Mozilla/5.0 (Linux; Android 6.0.1; Nexus 5X Build/MMB29P) AppleWebKit/537.36 (KHTML, like Gecko) Chrome/136.0.7103.113 Mobile Safari/537.36 (compatible; Googlebot/2.1; +http://www.google.com/bot.html)"
207.46.13.51 - - [13/Jun/2025:08:35:29 -0400] "GET /?d=97248195260&filter=353642&share_to_url=discover.php?id=3295169&name=colorway%20solid HTTP/1.1" 200 24629 "-" "Mozilla/5.0 AppleWebKit/537.36 (KHTML, like Gecko; compatible; bingbot/2.0; +http://www.bing.com/bingbot.htm) Chrome/116.0.1938.76 Safari/537.36"
52.167.144.159 - - [13/Jun/2025:08:35:30 -0400] "GET /?d=106314528260&filter=aca5ca&share_to_url=item.php%3Fid%3D3600817%26name%3Dlorex+lh03045g+eco+black HTTP/1.1" 200 22288 "-" "Mozilla/5.0 AppleWebKit/537.36 (KHTML, like Gecko; compatible; bingbot/2.0; +http://www.bing.com/bingbot.htm) Chrome/116.0.1938.76 Safari/537.36"
66.249.64.131 - - [13/Jun/2025:08:35:30 -0400] "GET /?d=102309620260&filter=b6e475&share_to_url=article.php%3Fid%3D3468110%26name%3Djj+watt+gray+hot HTTP/1.1" 200 21935 "-" "Mozilla/5.0 (Linux; Android 6.0.1; Nexus 5X Build/MMB29P) AppleWebKit/537.36 (KHTML, like Gecko) Chrome/136.0.7103.113 Mobile Safari/537.36 (compatible; Googlebot/2.1; +http://www.google.com/bot.html)"
66.249.64.131 - - [13/Jun/2025:08:35:31 -0400] "GET /?d=112262446260&filter=e92320&share_to_url=item.php%3Fid%3D3802645%26name%3Dconjunto+bebe+ni%C3%91o+3112526+offcorss HTTP/1.1" 200 21980 "-" "Mozilla/5.0 (Linux; Android 6.0.1; Nexus 5X Build/MMB29P) AppleWebKit/537.36 (KHTML, like Gecko) Chrome/136.0.7103.113 Mobile Safari/537.36 (compatible; Googlebot/2.1; +http://www.google.com/bot.html)"
52.167.144.159 - - [13/Jun/2025:08:35:31 -0400] "GET /?d=69185097260&filter=99857c&share_to_url=discover.php%3Fid%3D2344505%26name%3Dnaketano+sweatshirt+dames HTTP/1.1" 200 23792 "-" "Mozilla/5.0 AppleWebKit/537.36 (KHTML, like Gecko; compatible; bingbot/2.0; +http://www.bing.com/bingbot.htm) Chrome/116.0.1938.76 Safari/537.36"
52.167.144.156 - - [13/Jun/2025:08:35:33 -0400] "GET /?d=102853836260&filter=4cc099&share_to_url=discover.php%3Fid%3D3485849%26name%3Dcama+de+peluche+gatos HTTP/1.1" 200 23331 "-" "Mozilla/5.0 AppleWebKit/537.36 (KHTML, like Gecko; compatible; bingbot/2.0; +http://www.bing.com/bingbot.htm) Chrome/116.0.1938.76 Safari/537.36"
66.249.64.131 - - [13/Jun/2025:08:35:33 -0400] "GET /?d=92096883260&filter=66ee00&share_to_url=detail.php%3Fid%3D3119925%26name%3Dyeezy+cheap+on+feet HTTP/1.1" 200 22530 "-" "Mozilla/5.0 (Linux; Android 6.0.1; Nexus 5X Build/MMB29P) AppleWebKit/537.36 (KHTML, like Gecko) Chrome/136.0.7103.113 Mobile Safari/537.36 (compatible; Googlebot/2.1; +http://www.google.com/bot.html)"
52.167.144.156 - - [13/Jun/2025:08:35:34 -0400] "GET /?d=12701362260&filter=21c061&share_to_url=model.php%3Fid%3D433683%26name%3Dgolden+state+warriors+hats HTTP/1.1" 200 22930 "-" "Mozilla/5.0 AppleWebKit/537.36 (KHTML, like Gecko; compatible; bingbot/2.0; +http://www.bing.com/bingbot.htm) Chrome/116.0.1938.76 Safari/537.36"
52.167.144.156 - - [13/Jun/2025:08:35:35 -0400] "GET /?d=62701865260&filter=99857c&share_to_url=product.php%3Fid%3D2125990%26name%3Dall+clothing+for+men HTTP/1.1" 200 24547 "-" "Mozilla/5.0 AppleWebKit/537.36 (KHTML, like Gecko; compatible; bingbot/2.0; +http://www.bing.com/bingbot.htm) Chrome/116.0.1938.76 Safari/537.36"
66.249.64.132 - - [13/Jun/2025:08:35:36 -0400] "GET /?/css_2afddd5a36ce27199bca6b34e2ff151c/custom-pages HTTP/1.1" 200 2930 "https://churchmr.com/?d=112262446260&filter=e92320&share_to_url=item.php%3Fid%3D3802645%26name%3Dconjunto+bebe+ni%C3%91o+3112526+offcorss" "Mozilla/5.0 (Linux; Android 6.0.1; Nexus 5X Build/MMB29P) AppleWebKit/537.36 (KHTML, like Gecko) Chrome/136.0.7103.113 Mobile Safari/537.36 (compatible; Googlebot/2.1; +http://www.google.com/bot.html)"
52.167.144.156 - - [13/Jun/2025:08:35:36 -0400] "GET /?d=84577058260&filter=6acbf4&share_to_url=product.php%3Fid%3D2864350%26name%3Djoyous+vet+sale+sunshine HTTP/1.1" 200 23430 "-" "Mozilla/5.0 AppleWebKit/537.36 (KHTML, like Gecko; compatible; bingbot/2.0; +http://www.bing.com/bingbot.htm) Chrome/116.0.1938.76 Safari/537.36"
66.249.64.131 - - [13/Jun/2025:08:35:37 -0400] "GET /?d=103660945260&filter=7f9220&share_to_url=shop.php%3Fid%3D3512395%26name%3Dhalo+round+emerald+solitaire+necklace HTTP/1.1" 200 22909 "-" "Mozilla/5.0 (Linux; Android 6.0.1; Nexus 5X Build/MMB29P) AppleWebKit/537.36 (KHTML, like Gecko) Chrome/136.0.7103.113 Mobile Safari/537.36 (compatible; Googlebot/2.1; +http://www.google.com/bot.html)"
66.249.64.131 - - [13/Jun/2025:08:35:37 -0400] "GET /?/css_2afddd5a36ce27199bca6b34e2ff151c/custom-pages HTTP/1.1" 200 2930 "https://churchmr.com/?d=92822711260&filter=64a9bc&share_to_url=discover.php%3Fid%3D3144785%26name%3Dboteh+alvita+silk" "Mozilla/5.0 (Linux; Android 6.0.1; Nexus 5X Build/MMB29P) AppleWebKit/537.36 (KHTML, like Gecko) Chrome/136.0.7103.113 Mobile Safari/537.36 (compatible; Googlebot/2.1; +http://www.google.com/bot.html)"
66.249.64.132 - - [13/Jun/2025:08:35:37 -0400] "GET /?/css_2afddd5a36ce27199bca6b34e2ff151c/custom-pages HTTP/1.1" 200 2930 "https://churchmr.com/?d=102309620260&filter=b6e475&share_to_url=article.php%3Fid%3D3468110%26name%3Djj+watt+gray+hot" "Mozilla/5.0 (Linux; Android 6.0.1; Nexus 5X Build/MMB29P) AppleWebKit/537.36 (KHTML, like Gecko) Chrome/136.0.7103.113 Mobile Safari/537.36 (compatible; Googlebot/2.1; +http://www.google.com/bot.html)"
66.249.64.131 - - [13/Jun/2025:08:35:39 -0400] "GET /?d=116797988260&filter=e673c7&share_to_url=product-page.php%3Fid%3D3955288%26name%3Dmanwal+ng+user+ng+kogan HTTP/1.1" 200 22189 "-" "Mozilla/5.0 (Linux; Android 6.0.1; Nexus 5X Build/MMB29P) AppleWebKit/537.36 (KHTML, like Gecko) Chrome/136.0.7103.113 Mobile Safari/537.36 (compatible; Googlebot/2.1; +http://www.google.com/bot.html)"
52.167.144.159 - - [13/Jun/2025:08:35:40 -0400] "GET /?d=87518108260&filter=aca228&share_to_url=product.php%3Fid%3D2965702%26name%3Dmein+leben+mein HTTP/1.1" 200 22916 "-" "Mozilla/5.0 AppleWebKit/537.36 (KHTML, like Gecko; compatible; bingbot/2.0; +http://www.bing.com/bingbot.htm) Chrome/116.0.1938.76 Safari/537.36"
66.249.64.132 - - [13/Jun/2025:08:35:41 -0400] "GET /?/css_2afddd5a36ce27199bca6b34e2ff151c/custom-pages HTTP/1.1" 200 2930 "https://churchmr.com/?d=108355518260&filter=f685f1&share_to_url=product-page.php%3Fid%3D3668668%26name%3Dofferta+fine+serie+paia" "Mozilla/5.0 (Linux; Android 6.0.1; Nexus 5X Build/MMB29P) AppleWebKit/537.36 (KHTML, like Gecko) Chrome/136.0.7103.113 Mobile Safari/537.36 (compatible; Googlebot/2.1; +http://www.google.com/bot.html)"
52.167.144.159 - - [13/Jun/2025:08:35:41 -0400] "GET /?d=105268494260&filter=ab67d8&share_to_url=goods.php%3Fid%3D3566363%26name%3Dmarcel+contemporary+dining HTTP/1.1" 200 24388 "-" "Mozilla/5.0 AppleWebKit/537.36 (KHTML, like Gecko; compatible; bingbot/2.0; +http://www.bing.com/bingbot.htm) Chrome/116.0.1938.76 Safari/537.36"
66.249.64.131 - - [13/Jun/2025:08:35:41 -0400] "GET /?d=111163782260&filter=ffdd32&share_to_url=pin.php%3Fid%3D3764238%26name%3Dgolf+boots+compare HTTP/1.1" 200 22433 "-" "Mozilla/5.0 (Linux; Android 6.0.1; Nexus 5X Build/MMB29P) AppleWebKit/537.36 (KHTML, like Gecko) Chrome/136.0.7103.113 Mobile Safari/537.36 (compatible; Googlebot/2.1; +http://www.google.com/bot.html)"
66.249.64.132 - - [13/Jun/2025:08:35:45 -0400] "GET /?d=115322525260&filter=1f7643&share_to_url=goods.php%3Fid%3D3905255%26name%3D2024+frontier+cyclone HTTP/1.1" 200 23589 "-" "Mozilla/5.0 (Linux; Android 6.0.1; Nexus 5X Build/MMB29P) AppleWebKit/537.36 (KHTML, like Gecko) Chrome/136.0.7103.113 Mobile Safari/537.36 (compatible; Googlebot/2.1; +http://www.google.com/bot.html)"
66.249.64.131 - - [13/Jun/2025:08:35:45 -0400] "GET /?d=98136122260&filter=674674&share_to_url=shopdetail.php%3Fid%3D3325532%26name%3Dvestito+lungo+ad+incrocio HTTP/1.1" 200 22903 "-" "Mozilla/5.0 (Linux; Android 6.0.1; Nexus 5X Build/MMB29P) AppleWebKit/537.36 (KHTML, like Gecko) Chrome/136.0.7103.113 Mobile Safari/537.36 (compatible; Googlebot/2.1; +http://www.google.com/bot.html)"
207.46.13.51 - - [13/Jun/2025:08:35:45 -0400] "GET /?d=92359312260&filter=be3e6d&share_to_url=item.php%3Fid%3D3128869%26name%3Dvi+tester+nike HTTP/1.1" 200 23456 "-" "Mozilla/5.0 AppleWebKit/537.36 (KHTML, like Gecko; compatible; bingbot/2.0; +http://www.bing.com/bingbot.htm) Chrome/116.0.1938.76 Safari/537.36"
207.46.13.51 - - [13/Jun/2025:08:35:47 -0400] "GET /?d=90441010260&filter=6afb2d&share_to_url=shop.php%3Fid%3D3065119%26name%3Dshark+helmets+citycruiser HTTP/1.1" 200 22977 "-" "Mozilla/5.0 AppleWebKit/537.36 (KHTML, like Gecko; compatible; bingbot/2.0; +http://www.bing.com/bingbot.htm) Chrome/116.0.1938.76 Safari/537.36"
66.249.64.131 - - [13/Jun/2025:08:35:48 -0400] "GET /?d=95721585260&filter=93ffb4&share_to_url=shopdetail.php%3Fid%3D3243152%26name%3Dyoobi+canvas+binder+zip+case HTTP/1.1" 200 23855 "-" "Mozilla/5.0 (Linux; Android 6.0.1; Nexus 5X Build/MMB29P) AppleWebKit/537.36 (KHTML, like Gecko) Chrome/136.0.7103.113 Mobile Safari/537.36 (compatible; Googlebot/2.1; +http://www.google.com/bot.html)"
66.249.64.6 - - [13/Jun/2025:08:35:48 -0400] "GET /?d=106389717260&filter=58f845&share_to_url=goods.php%3Fid%3D3603383%26name%3Dhomme+manteau+blouson HTTP/1.1" 200 23819 "-" "Mozilla/5.0 (Linux; Android 6.0.1; Nexus 5X Build/MMB29P) AppleWebKit/537.36 (KHTML, like Gecko) Chrome/136.0.7103.113 Mobile Safari/537.36 (compatible; Googlebot/2.1; +http://www.google.com/bot.html)"
66.249.64.131 - - [13/Jun/2025:08:35:50 -0400] "GET /?d=98356665260&filter=c79531&share_to_url=discover.php%3Fid%3D3333317%26name%3Dbarbie+doll+vehicles+vintageless+for HTTP/1.1" 200 23842 "-" "Mozilla/5.0 (Linux; Android 6.0.1; Nexus 5X Build/MMB29P) AppleWebKit/537.36 (KHTML, like Gecko) Chrome/136.0.7103.113 Mobile Safari/537.36 (compatible; Googlebot/2.1; +http://www.google.com/bot.html)"
66.249.64.132 - - [13/Jun/2025:08:35:50 -0400] "GET /?/css_2afddd5a36ce27199bca6b34e2ff151c/custom-pages HTTP/1.1" 200 2930 "https://churchmr.com/?d=115322525260&filter=1f7643&share_to_url=goods.php%3Fid%3D3905255%26name%3D2024+frontier+cyclone" "Mozilla/5.0 (Linux; Android 6.0.1; Nexus 5X Build/MMB29P) AppleWebKit/537.36 (KHTML, like Gecko) Chrome/136.0.7103.113 Mobile Safari/537.36 (compatible; Googlebot/2.1; +http://www.google.com/bot.html)"
52.167.144.156 - - [13/Jun/2025:08:35:50 -0400] "GET /?d=86591555260&filter=997939&share_to_url=shop.php%3Fid%3D2933947%26name%3Dpre+owned+mario+kart HTTP/1.1" 200 22470 "-" "Mozilla/5.0 AppleWebKit/537.36 (KHTML, like Gecko; compatible; bingbot/2.0; +http://www.bing.com/bingbot.htm) Chrome/116.0.1938.76 Safari/537.36"
66.249.64.131 - - [13/Jun/2025:08:35:50 -0400] "GET /?/css_2afddd5a36ce27199bca6b34e2ff151c/custom-pages HTTP/1.1" 200 2930 "https://churchmr.com/?d=111163782260&filter=ffdd32&share_to_url=pin.php%3Fid%3D3764238%26name%3Dgolf+boots+compare" "Mozilla/5.0 (Linux; Android 6.0.1; Nexus 5X Build/MMB29P) AppleWebKit/537.36 (KHTML, like Gecko) Chrome/136.0.7103.113 Mobile Safari/537.36 (compatible; Googlebot/2.1; +http://www.google.com/bot.html)"
52.167.144.156 - - [13/Jun/2025:08:35:51 -0400] "GET /?d=87220031260&filter=828875&share_to_url=goods.php%3Fid%3D2955767%26name%3Dbuy+girls+souluxe HTTP/1.1" 200 23668 "-" "Mozilla/5.0 AppleWebKit/537.36 (KHTML, like Gecko; compatible; bingbot/2.0; +http://www.bing.com/bingbot.htm) Chrome/116.0.1938.76 Safari/537.36"
66.249.64.131 - - [13/Jun/2025:08:35:52 -0400] "GET /?/css_2afddd5a36ce27199bca6b34e2ff151c/custom-pages HTTP/1.1" 200 2930 "https://churchmr.com/?d=95721585260&filter=93ffb4&share_to_url=shopdetail.php%3Fid%3D3243152%26name%3Dyoobi+canvas+binder+zip+case" "Mozilla/5.0 (Linux; Android 6.0.1; Nexus 5X Build/MMB29P) AppleWebKit/537.36 (KHTML, like Gecko) Chrome/136.0.7103.113 Mobile Safari/537.36 (compatible; Googlebot/2.1; +http://www.google.com/bot.html)"
52.167.144.159 - - [13/Jun/2025:08:35:52 -0400] "GET /?d=88902649260&filter=e80e68&share_to_url=discover.php%3Fid%3D3013061%26name%3Dhonestly+i+think+both HTTP/1.1" 200 23976 "-" "Mozilla/5.0 AppleWebKit/537.36 (KHTML, like Gecko; compatible; bingbot/2.0; +http://www.bing.com/bingbot.htm) Chrome/116.0.1938.76 Safari/537.36"
66.249.64.131 - - [13/Jun/2025:08:35:53 -0400] "GET /?d=99366422260&filter=fc397e&share_to_url=product-page.php%3Fid%3D3367768%26name%3Dbarbie+beach+day+dolls+and HTTP/1.1" 200 22242 "-" "Mozilla/5.0 (Linux; Android 6.0.1; Nexus 5X Build/MMB29P) AppleWebKit/537.36 (KHTML, like Gecko) Chrome/136.0.7103.113 Mobile Safari/537.36 (compatible; Googlebot/2.1; +http://www.google.com/bot.html)"
66.249.64.132 - - [13/Jun/2025:08:35:53 -0400] "GET /?/css_2afddd5a36ce27199bca6b34e2ff151c/custom-pages HTTP/1.1" 200 2930 "https://churchmr.com/?d=98356665260&filter=c79531&share_to_url=discover.php%3Fid%3D3333317%26name%3Dbarbie+doll+vehicles+vintageless+for" "Mozilla/5.0 (Linux; Android 6.0.1; Nexus 5X Build/MMB29P) AppleWebKit/537.36 (KHTML, like Gecko) Chrome/136.0.7103.113 Mobile Safari/537.36 (compatible; Googlebot/2.1; +http://www.google.com/bot.html)"
207.46.13.51 - - [13/Jun/2025:08:35:54 -0400] "GET /?d=93424025260&filter=aba6ee&share_to_url=shopdetail.php%3Fid%3D3165068%26name%3Dgreen+minecraft+custom+air HTTP/1.1" 200 23983 "-" "Mozilla/5.0 AppleWebKit/537.36 (KHTML, like Gecko; compatible; bingbot/2.0; +http://www.bing.com/bingbot.htm) Chrome/116.0.1938.76 Safari/537.36"
52.167.144.156 - - [13/Jun/2025:08:35:55 -0400] "GET /?d=83728200260&filter=db202b&share_to_url=detail.php%3Fid%3D2836149%26name%3Dtraining+band+2025 HTTP/1.1" 200 23854 "-" "Mozilla/5.0 AppleWebKit/537.36 (KHTML, like Gecko; compatible; bingbot/2.0; +http://www.bing.com/bingbot.htm) Chrome/116.0.1938.76 Safari/537.36"
66.249.64.132 - - [13/Jun/2025:08:35:55 -0400] "GET /?/css_2afddd5a36ce27199bca6b34e2ff151c/custom-pages HTTP/1.1" 200 2930 "https://churchmr.com/?d=92096883260&filter=66ee00&share_to_url=detail.php%3Fid%3D3119925%26name%3Dyeezy+cheap+on+feet" "Mozilla/5.0 (Linux; Android 6.0.1; Nexus 5X Build/MMB29P) AppleWebKit/537.36 (KHTML, like Gecko) Chrome/136.0.7103.113 Mobile Safari/537.36 (compatible; Googlebot/2.1; +http://www.google.com/bot.html)"
66.249.64.132 - - [13/Jun/2025:08:35:56 -0400] "GET /?d=93780364260&filter=cec82a&share_to_url=product.php%3Fid%3D3177262%26name%3Dplaygro+bath+play+gift+pack HTTP/1.1" 200 22936 "-" "Mozilla/5.0 (Linux; Android 6.0.1; Nexus 5X Build/MMB29P) AppleWebKit/537.36 (KHTML, like Gecko) Chrome/136.0.7103.113 Mobile Safari/537.36 (compatible; Googlebot/2.1; +http://www.google.com/bot.html)"
66.249.64.132 - - [13/Jun/2025:08:35:58 -0400] "GET /?d=111419424260&filter=8ac724&share_to_url=shopdetail.php%3Fid%3D3773336%26name%3Dutah+jazz+rings+2024 HTTP/1.1" 200 24607 "-" "Mozilla/5.0 (Linux; Android 6.0.1; Nexus 5X Build/MMB29P) AppleWebKit/537.36 (KHTML, like Gecko) Chrome/136.0.7103.113 Mobile Safari/537.36 (compatible; Googlebot/2.1; +http://www.google.com/bot.html)"
66.249.64.131 - - [13/Jun/2025:08:35:58 -0400] "GET /?d=102958796260&filter=2ac9b2&share_to_url=discover.php%3Fid%3D3489269%26name%3Dround+black+framed+analog+clock HTTP/1.1" 200 23383 "-" "Mozilla/5.0 (Linux; Android 6.0.1; Nexus 5X Build/MMB29P) AppleWebKit/537.36 (KHTML, like Gecko) Chrome/136.0.7103.113 Mobile Safari/537.36 (compatible; Googlebot/2.1; +http://www.google.com/bot.html)"
66.249.64.128 - - [13/Jun/2025:08:36:00 -0400] "GET /?/css_2afddd5a36ce27199bca6b34e2ff151c/custom-pages HTTP/1.1" 200 2930 "https://churchmr.com/?d=99366422260&filter=fc397e&share_to_url=product-page.php%3Fid%3D3367768%26name%3Dbarbie+beach+day+dolls+and" "Mozilla/5.0 (Linux; Android 6.0.1; Nexus 5X Build/MMB29P) AppleWebKit/537.36 (KHTML, like Gecko) Chrome/136.0.7103.113 Mobile Safari/537.36 (compatible; Googlebot/2.1; +http://www.google.com/bot.html)"
52.167.144.209 - - [13/Jun/2025:08:36:00 -0400] "GET /?d=113066176260&filter=bfc81f&share_to_url=discover.php%3Fid%3D3829241%26name%3Dhonda+shine+best+bike+for HTTP/1.1" 200 23267 "-" "Mozilla/5.0 AppleWebKit/537.36 (KHTML, like Gecko; compatible; bingbot/2.0; +http://www.bing.com/bingbot.htm) Chrome/116.0.1938.76 Safari/537.36"
66.249.64.131 - - [13/Jun/2025:08:36:01 -0400] "GET /?d=117390740260&filter=ab67d8&share_to_url=discover.php%3Fid%3D3975557%26name%3D21+gorgeous+recliner+chairs HTTP/1.1" 200 24333 "-" "Mozilla/5.0 (Linux; Android 6.0.1; Nexus 5X Build/MMB29P) AppleWebKit/537.36 (KHTML, like Gecko) Chrome/136.0.7103.113 Mobile Safari/537.36 (compatible; Googlebot/2.1; +http://www.google.com/bot.html)"
52.167.144.209 - - [13/Jun/2025:08:36:01 -0400] "GET /?d=94855589260&filter=469540&share_to_url=model.php%3Fid%3D3214059%26name%3Dautonomous+2024+balance+board HTTP/1.1" 200 24226 "-" "Mozilla/5.0 AppleWebKit/537.36 (KHTML, like Gecko; compatible; bingbot/2.0; +http://www.bing.com/bingbot.htm) Chrome/116.0.1938.76 Safari/537.36"
52.167.144.209 - - [13/Jun/2025:08:36:02 -0400] "GET /?d=105615435260&filter=203e31&share_to_url=detail.php?id=3577749&name=sxv%20039%20never%20give%20up%20039%20printed HTTP/1.1" 200 23626 "-" "Mozilla/5.0 AppleWebKit/537.36 (KHTML, like Gecko; compatible; bingbot/2.0; +http://www.bing.com/bingbot.htm) Chrome/116.0.1938.76 Safari/537.36"
66.249.64.131 - - [13/Jun/2025:08:36:04 -0400] "GET /?d=109874251260&filter=54d420&share_to_url=shopdetail.php%3Fid%3D3718784%26name%3Dwetbike+wikipedia HTTP/1.1" 200 23731 "-" "Mozilla/5.0 (Linux; Android 6.0.1; Nexus 5X Build/MMB29P) AppleWebKit/537.36 (KHTML, like Gecko) Chrome/136.0.7103.113 Mobile Safari/537.36 (compatible; Googlebot/2.1; +http://www.google.com/bot.html)"
66.249.64.131 - - [13/Jun/2025:08:36:06 -0400] "GET /?d=108736172260&filter=03c587&share_to_url=detail.php%3Fid%3D3681633%26name%3Dpackaging+mesh+clearance HTTP/1.1" 200 23111 "-" "Mozilla/5.0 (Linux; Android 6.0.1; Nexus 5X Build/MMB29P) AppleWebKit/537.36 (KHTML, like Gecko) Chrome/136.0.7103.113 Mobile Safari/537.36 (compatible; Googlebot/2.1; +http://www.google.com/bot.html)"
66.249.64.131 - - [13/Jun/2025:08:36:09 -0400] "GET /?d=92473361260&filter=6abf87&share_to_url=model.php%3Fid%3D3132795%26name%3Dmtb+schuhe+rennradschuhe HTTP/1.1" 200 21810 "-" "Mozilla/5.0 (Linux; Android 6.0.1; Nexus 5X Build/MMB29P) AppleWebKit/537.36 (KHTML, like Gecko) Chrome/136.0.7103.113 Mobile Safari/537.36 (compatible; Googlebot/2.1; +http://www.google.com/bot.html)"
52.167.144.159 - - [13/Jun/2025:08:36:10 -0400] "GET /?d=1543016260&filter=4d7b9c&share_to_url=model.php%3Fid%3D53355%26name%3Dother+stone+pickaxe HTTP/1.1" 200 24370 "-" "Mozilla/5.0 AppleWebKit/537.36 (KHTML, like Gecko; compatible; bingbot/2.0; +http://www.bing.com/bingbot.htm) Chrome/116.0.1938.76 Safari/537.36"
207.46.13.51 - - [13/Jun/2025:08:36:10 -0400] "GET /?d=98341893260&filter=557f05&share_to_url=pin.php?id=3332778&name=nike%20sb%20edici%C3%B3n HTTP/1.1" 200 22385 "-" "Mozilla/5.0 AppleWebKit/537.36 (KHTML, like Gecko; compatible; bingbot/2.0; +http://www.bing.com/bingbot.htm) Chrome/116.0.1938.76 Safari/537.36"
52.167.144.159 - - [13/Jun/2025:08:36:10 -0400] "GET /?d=10325848260&filter=edd546&share_to_url=shopdetail.php%3Fid%3D354212%26name%3D1more+design+crystal HTTP/1.1" 200 24107 "-" "Mozilla/5.0 AppleWebKit/537.36 (KHTML, like Gecko; compatible; bingbot/2.0; +http://www.bing.com/bingbot.htm) Chrome/116.0.1938.76 Safari/537.36"
52.167.144.159 - - [13/Jun/2025:08:36:11 -0400] "GET /?d=90397344260&filter=fd45ef&share_to_url=item.php%3Fid%3D3063673%26name%3Dfastest+store+nitro+car HTTP/1.1" 200 23131 "-" "Mozilla/5.0 AppleWebKit/537.36 (KHTML, like Gecko; compatible; bingbot/2.0; +http://www.bing.com/bingbot.htm) Chrome/116.0.1938.76 Safari/537.36"
66.249.64.131 - - [13/Jun/2025:08:36:12 -0400] "GET /?d=100173539260&filter=ab67d8&share_to_url=ideas.php%3Fid%3D3395064%26name%3Dcamelia+teak+and+leather HTTP/1.1" 200 24376 "-" "Mozilla/5.0 (Linux; Android 6.0.1; Nexus 5X Build/MMB29P) AppleWebKit/537.36 (KHTML, like Gecko) Chrome/136.0.7103.113 Mobile Safari/537.36 (compatible; Googlebot/2.1; +http://www.google.com/bot.html)"
66.249.64.131 - - [13/Jun/2025:08:36:12 -0400] "GET /?d=111544503260&filter=7bb540&share_to_url=product-page.php%3Fid%3D3777760%26name%3Dswaffham+motorcycles+honda+cbr1100xx HTTP/1.1" 200 22861 "-" "Mozilla/5.0 (Linux; Android 6.0.1; Nexus 5X Build/MMB29P) AppleWebKit/537.36 (KHTML, like Gecko) Chrome/136.0.7103.113 Mobile Safari/537.36 (compatible; Googlebot/2.1; +http://www.google.com/bot.html)"
52.167.144.159 - - [13/Jun/2025:08:36:12 -0400] "GET /?d=102057065260&filter=31254a&share_to_url=goods.php%3Fid%3D3459371%26name%3Dpiercing+de+nariz+crystal HTTP/1.1" 200 24032 "-" "Mozilla/5.0 AppleWebKit/537.36 (KHTML, like Gecko; compatible; bingbot/2.0; +http://www.bing.com/bingbot.htm) Chrome/116.0.1938.76 Safari/537.36"
66.249.64.131 - - [13/Jun/2025:08:36:12 -0400] "GET /?d=94954629260&filter=a19632&share_to_url=item.php%3Fid%3D3217285%26name%3Douinch+power+lift+recliner+for HTTP/1.1" 200 23385 "-" "Mozilla/5.0 (Linux; Android 6.0.1; Nexus 5X Build/MMB29P) AppleWebKit/537.36 (KHTML, like Gecko) Chrome/136.0.7103.113 Mobile Safari/537.36 (compatible; Googlebot/2.1; +http://www.google.com/bot.html)"
52.167.144.159 - - [13/Jun/2025:08:36:13 -0400] "GET /?d=46856482260&filter=edd546&share_to_url=item.php%3Fid%3D1591333%26name%3Doriginal+akg+discount+headphone HTTP/1.1" 200 24040 "-" "Mozilla/5.0 AppleWebKit/537.36 (KHTML, like Gecko; compatible; bingbot/2.0; +http://www.bing.com/bingbot.htm) Chrome/116.0.1938.76 Safari/537.36"
66.249.64.131 - - [13/Jun/2025:08:36:15 -0400] "GET /?d=115285402260&filter=690ccf&share_to_url=item.php%3Fid%3D3903961%26name%3Dbrooks+beast+store HTTP/1.1" 200 22855 "-" "Mozilla/5.0 (Linux; Android 6.0.1; Nexus 5X Build/MMB29P) AppleWebKit/537.36 (KHTML, like Gecko) Chrome/136.0.7103.113 Mobile Safari/537.36 (compatible; Googlebot/2.1; +http://www.google.com/bot.html)"
52.167.144.159 - - [13/Jun/2025:08:36:17 -0400] "GET /?d=95535617260&filter=2baa40&share_to_url=discover.php%3Fid%3D3236849%26name%3Dnice+sneakers+aaa+fashion HTTP/1.1" 200 23300 "-" "Mozilla/5.0 AppleWebKit/537.36 (KHTML, like Gecko; compatible; bingbot/2.0; +http://www.bing.com/bingbot.htm) Chrome/116.0.1938.76 Safari/537.36"
66.249.64.131 - - [13/Jun/2025:08:36:18 -0400] "GET /?d=94125380260&filter=b32929&share_to_url=detail.php%3Fid%3D3189273%26name%3Dbuy+samsung+10000mah HTTP/1.1" 200 22798 "-" "Mozilla/5.0 (Linux; Android 6.0.1; Nexus 5X Build/MMB29P) AppleWebKit/537.36 (KHTML, like Gecko) Chrome/136.0.7103.113 Mobile Safari/537.36 (compatible; Googlebot/2.1; +http://www.google.com/bot.html)"
207.46.13.154 - - [13/Jun/2025:08:36:19 -0400] "GET /?d=70508866260&filter=edd546&share_to_url=article.php%3Fid%3D2389070%26name%3Dspeaker+microphone+ws+1816 HTTP/1.1" 200 23031 "-" "Mozilla/5.0 AppleWebKit/537.36 (KHTML, like Gecko; compatible; bingbot/2.0; +http://www.bing.com/bingbot.htm) Chrome/116.0.1938.76 Safari/537.36"
66.249.64.131 - - [13/Jun/2025:08:36:20 -0400] "GET /?d=99025721260&filter=1d0c54&share_to_url=ideas.php%3Fid%3D3356232%26name%3Dmichael+kors+silver+runway+purple HTTP/1.1" 200 22073 "-" "Mozilla/5.0 (Linux; Android 6.0.1; Nexus 5X Build/MMB29P) AppleWebKit/537.36 (KHTML, like Gecko) Chrome/136.0.7103.113 Mobile Safari/537.36 (compatible; Googlebot/2.1; +http://www.google.com/bot.html)"
40.77.167.151 - - [13/Jun/2025:08:36:21 -0400] "GET /?d=88859511260&filter=1cbf7a&share_to_url=shop.php%3Fid%3D3011575%26name%3Dkissair+nugget+ice+makers+countertop HTTP/1.1" 200 23539 "-" "Mozilla/5.0 AppleWebKit/537.36 (KHTML, like Gecko; compatible; bingbot/2.0; +http://www.bing.com/bingbot.htm) Chrome/116.0.1938.76 Safari/537.36"
52.167.144.156 - - [13/Jun/2025:08:36:21 -0400] "GET /?d=113087873260&filter=a229e9&share_to_url=detail.php%3Fid%3D3830049%26name%3Ddiamondback+mission+bike+bicycles HTTP/1.1" 200 22346 "-" "Mozilla/5.0 AppleWebKit/537.36 (KHTML, like Gecko; compatible; bingbot/2.0; +http://www.bing.com/bingbot.htm) Chrome/116.0.1938.76 Safari/537.36"
40.77.167.151 - - [13/Jun/2025:08:36:21 -0400] "GET /?d=88794852260&filter=1c33e9&share_to_url=pin.php%3Fid%3D3009306%26name%3Daussalier+australian+shepherd HTTP/1.1" 200 23597 "-" "Mozilla/5.0 AppleWebKit/537.36 (KHTML, like Gecko; compatible; bingbot/2.0; +http://www.bing.com/bingbot.htm) Chrome/116.0.1938.76 Safari/537.36"
66.249.64.131 - - [13/Jun/2025:08:36:23 -0400] "GET /?d=107887780260&filter=6b68de&share_to_url=model.php%3Fid%3D3653043%26name%3Dclicker+training+mark HTTP/1.1" 200 23119 "-" "Mozilla/5.0 (Linux; Android 6.0.1; Nexus 5X Build/MMB29P) AppleWebKit/537.36 (KHTML, like Gecko) Chrome/136.0.7103.113 Mobile Safari/537.36 (compatible; Googlebot/2.1; +http://www.google.com/bot.html)"
40.77.167.151 - - [13/Jun/2025:08:36:23 -0400] "GET /?d=101418608260&filter=628e2a&share_to_url=article.php%3Fid%3D3438026%26name%3Dsunflair+city+beach+dress HTTP/1.1" 200 23112 "-" "Mozilla/5.0 AppleWebKit/537.36 (KHTML, like Gecko; compatible; bingbot/2.0; +http://www.bing.com/bingbot.htm) Chrome/116.0.1938.76 Safari/537.36"
52.167.144.156 - - [13/Jun/2025:08:36:24 -0400] "GET /?d=100502652260&filter=032fe0&share_to_url=product-page.php%3Fid%3D3406420%26name%3Dbaggu+flowerbed HTTP/1.1" 200 22787 "-" "Mozilla/5.0 AppleWebKit/537.36 (KHTML, like Gecko; compatible; bingbot/2.0; +http://www.bing.com/bingbot.htm) Chrome/116.0.1938.76 Safari/537.36"
52.167.144.156 - - [13/Jun/2025:08:36:24 -0400] "GET /?d=102441322260&filter=5af742&share_to_url=product-page.php%3Fid%3D3472492%26name%3Dthe+maggot+man HTTP/1.1" 200 23687 "-" "Mozilla/5.0 AppleWebKit/537.36 (KHTML, like Gecko; compatible; bingbot/2.0; +http://www.bing.com/bingbot.htm) Chrome/116.0.1938.76 Safari/537.36"
52.167.144.156 - - [13/Jun/2025:08:36:25 -0400] "GET /?d=54067674260&filter=6f993e&share_to_url=product-page.php%3Fid%3D1836628%26name%3D2006+250+twostroke HTTP/1.1" 200 24347 "-" "Mozilla/5.0 AppleWebKit/537.36 (KHTML, like Gecko; compatible; bingbot/2.0; +http://www.bing.com/bingbot.htm) Chrome/116.0.1938.76 Safari/537.36"
66.249.64.131 - - [13/Jun/2025:08:36:25 -0400] "GET /?d=101710377260&filter=c08dc8&share_to_url=model.php%3Fid%3D3448239%26name%3Dcamiseta+lebron+james+los HTTP/1.1" 200 23007 "-" "Mozilla/5.0 (Linux; Android 6.0.1; Nexus 5X Build/MMB29P) AppleWebKit/537.36 (KHTML, like Gecko) Chrome/136.0.7103.113 Mobile Safari/537.36 (compatible; Googlebot/2.1; +http://www.google.com/bot.html)"
66.249.64.6 - - [13/Jun/2025:08:36:25 -0400] "GET /?d=109637196260&filter=3bdd0d&share_to_url=shopdetail.php%3Fid%3D3710840%26name%3Dadda+footwear+thailand HTTP/1.1" 200 23538 "-" "Mozilla/5.0 (Linux; Android 6.0.1; Nexus 5X Build/MMB29P) AppleWebKit/537.36 (KHTML, like Gecko) Chrome/136.0.7103.113 Mobile Safari/537.36 (compatible; Googlebot/2.1; +http://www.google.com/bot.html)"
207.46.13.51 - - [13/Jun/2025:08:36:28 -0400] "GET /?d=86332542260&filter=d98b3e&share_to_url=shopdetail.php%3Fid%3D2925308%26name%3Dxsr+155+yamaha+2021 HTTP/1.1" 200 24307 "-" "Mozilla/5.0 AppleWebKit/537.36 (KHTML, like Gecko; compatible; bingbot/2.0; +http://www.bing.com/bingbot.htm) Chrome/116.0.1938.76 Safari/537.36"
