66.249.64.131 - - [13/Jun/2025:08:45:46 -0400] "GET /?d=109713173260&filter=5837f7&share_to_url=shopdetail.php%3Fid%3D3713432%26name%3Dnamperfume+l+%83n HTTP/1.1" 200 22989 "-" "Mozilla/5.0 (Linux; Android 6.0.1; Nexus 5X Build/MMB29P) AppleWebKit/537.36 (KHTML, like Gecko) Chrome/136.0.7103.113 Mobile Safari/537.36 (compatible; Googlebot/2.1; +http://www.google.com/bot.html)"
40.77.167.14 - - [13/Jun/2025:08:45:46 -0400] "GET /?d=114891205260&filter=ab67d8&share_to_url=pin.php%3Fid%3D3890274%26name%3D16+fascinating+wooden HTTP/1.1" 200 24847 "-" "Mozilla/5.0 AppleWebKit/537.36 (KHTML, like Gecko; compatible; bingbot/2.0; +http://www.bing.com/bingbot.htm) Chrome/116.0.1938.76 Safari/537.36"
66.249.64.5 - - [13/Jun/2025:08:45:47 -0400] "GET /?d=97339704260&filter=58ce6a&share_to_url=item.php%3Fid%3D3298453%26name%3Dmod%C3%88le+poncho+femme+delhia HTTP/1.1" 200 24944 "-" "Mozilla/5.0 (Linux; Android 6.0.1; Nexus 5X Build/MMB29P) AppleWebKit/537.36 (KHTML, like Gecko) Chrome/136.0.7103.113 Mobile Safari/537.36 (compatible; Googlebot/2.1; +http://www.google.com/bot.html)"
40.77.167.14 - - [13/Jun/2025:08:45:48 -0400] "GET /?d=59142817260&filter=132c35&share_to_url=model.php%3Fid%3D2007279%26name%3Decw+hardcore+wrestling HTTP/1.1" 200 23640 "-" "Mozilla/5.0 AppleWebKit/537.36 (KHTML, like Gecko; compatible; bingbot/2.0; +http://www.bing.com/bingbot.htm) Chrome/116.0.1938.76 Safari/537.36"
40.77.167.14 - - [13/Jun/2025:08:45:48 -0400] "GET /?d=91795464260&filter=7602bb&share_to_url=discover.php%3Fid%3D3110561%26name%3Dcalvin+klein+finley+saffiano HTTP/1.1" 200 22515 "-" "Mozilla/5.0 AppleWebKit/537.36 (KHTML, like Gecko; compatible; bingbot/2.0; +http://www.bing.com/bingbot.htm) Chrome/116.0.1938.76 Safari/537.36"
66.249.64.131 - - [13/Jun/2025:08:45:49 -0400] "GET /?d=95083383260&filter=2acddb&share_to_url=pin.php%3Fid%3D3221358%26name%3Dbracciale+trilogy+cartier+in HTTP/1.1" 200 22475 "-" "Mozilla/5.0 (Linux; Android 6.0.1; Nexus 5X Build/MMB29P) AppleWebKit/537.36 (KHTML, like Gecko) Chrome/136.0.7103.113 Mobile Safari/537.36 (compatible; Googlebot/2.1; +http://www.google.com/bot.html)"
66.249.64.131 - - [13/Jun/2025:08:45:50 -0400] "GET /?d=101633686260&filter=7bb540&share_to_url=shopdetail.php%3Fid%3D3445880%26name%3Dmotorino+di+avviamento+motore+honda HTTP/1.1" 200 24651 "-" "Mozilla/5.0 (Linux; Android 6.0.1; Nexus 5X Build/MMB29P) AppleWebKit/537.36 (KHTML, like Gecko) Chrome/136.0.7103.113 Mobile Safari/537.36 (compatible; Googlebot/2.1; +http://www.google.com/bot.html)"
157.55.39.12 - - [13/Jun/2025:08:45:50 -0400] "GET /?d=110299614260&filter=6593d3&share_to_url=goods.php%3Fid%3D3733511%26name%3Dchanel+rouge+allure+laque+71 HTTP/1.1" 200 22353 "-" "Mozilla/5.0 AppleWebKit/537.36 (KHTML, like Gecko; compatible; bingbot/2.0; +http://www.bing.com/bingbot.htm) Chrome/116.0.1938.76 Safari/537.36"
40.77.167.77 - - [13/Jun/2025:08:45:52 -0400] "GET /?d=40635922260&filter=14708a&share_to_url=product.php%3Fid%3D1380130%26name%3Dkona+dream+builds+worth HTTP/1.1" 200 22416 "-" "Mozilla/5.0 AppleWebKit/537.36 (KHTML, like Gecko; compatible; bingbot/2.0; +http://www.bing.com/bingbot.htm) Chrome/116.0.1938.76 Safari/537.36"
66.249.64.132 - - [13/Jun/2025:08:45:52 -0400] "GET /?d=107223152260&filter=a75ffa&share_to_url=product-page.php%3Fid%3D3631000%26name%3Dfall+winter+autumn+luxury HTTP/1.1" 200 23487 "-" "Mozilla/5.0 (Linux; Android 6.0.1; Nexus 5X Build/MMB29P) AppleWebKit/537.36 (KHTML, like Gecko) Chrome/136.0.7103.113 Mobile Safari/537.36 (compatible; Googlebot/2.1; +http://www.google.com/bot.html)"
66.249.64.6 - - [13/Jun/2025:08:45:52 -0400] "GET /?d=103867567260&filter=754b31&share_to_url=ideas.php%3Fid%3D3519300%26name%3Dexciting+hbo+the+last HTTP/1.1" 200 23597 "-" "Mozilla/5.0 (Linux; Android 6.0.1; Nexus 5X Build/MMB29P) AppleWebKit/537.36 (KHTML, like Gecko) Chrome/136.0.7103.113 Mobile Safari/537.36 (compatible; Googlebot/2.1; +http://www.google.com/bot.html)"
66.249.64.5 - - [13/Jun/2025:08:45:54 -0400] "GET /?d=115676220260&filter=f6c5dc&share_to_url=ideas.php%3Fid%3D3917424%26name%3Dbride+t+shirt+dress HTTP/1.1" 200 23739 "-" "Mozilla/5.0 (Linux; Android 6.0.1; Nexus 5X Build/MMB29P) AppleWebKit/537.36 (KHTML, like Gecko) Chrome/136.0.7103.113 Mobile Safari/537.36 (compatible; Googlebot/2.1; +http://www.google.com/bot.html)"
66.249.64.131 - - [13/Jun/2025:08:45:55 -0400] "GET /?d=96425055260&filter=271d11&share_to_url=detail.php%3Fid%3D3266973%26name%3Dselling+nike+hyperko HTTP/1.1" 200 22547 "-" "Mozilla/5.0 (Linux; Android 6.0.1; Nexus 5X Build/MMB29P) AppleWebKit/537.36 (KHTML, like Gecko) Chrome/136.0.7103.113 Mobile Safari/537.36 (compatible; Googlebot/2.1; +http://www.google.com/bot.html)"
66.249.64.132 - - [13/Jun/2025:08:45:57 -0400] "GET /?d=108564039260&filter=758412&share_to_url=shopdetail.php%3Fid%3D3675896%26name%3Dbms+organics+petaling+jaya HTTP/1.1" 200 24797 "-" "Mozilla/5.0 (Linux; Android 6.0.1; Nexus 5X Build/MMB29P) AppleWebKit/537.36 (KHTML, like Gecko) Chrome/136.0.7103.113 Mobile Safari/537.36 (compatible; Googlebot/2.1; +http://www.google.com/bot.html)"
66.249.64.6 - - [13/Jun/2025:08:45:59 -0400] "GET /?d=111451469260&filter=dc5fb7&share_to_url=detail.php%3Fid%3D3774405%26name%3Dwent+from+ryzen HTTP/1.1" 200 22131 "-" "Mozilla/5.0 (Linux; Android 6.0.1; Nexus 5X Build/MMB29P) AppleWebKit/537.36 (KHTML, like Gecko) Chrome/136.0.7103.113 Mobile Safari/537.36 (compatible; Googlebot/2.1; +http://www.google.com/bot.html)"
157.55.39.205 - - [13/Jun/2025:08:45:59 -0400] "GET /?d=21627131260&filter=cb7031&share_to_url=goods.php%3Fid%3D733799%26name%3Dintersport+pac%C3%A9+les+nouveaux HTTP/1.1" 200 23445 "-" "Mozilla/5.0 AppleWebKit/537.36 (KHTML, like Gecko; compatible; bingbot/2.0; +http://www.bing.com/bingbot.htm) Chrome/116.0.1938.76 Safari/537.36"
66.249.64.132 - - [13/Jun/2025:08:45:59 -0400] "GET /?d=91853542260&filter=87ac67&share_to_url=ideas.php%3Fid%3D3112332%26name%3Dloose+fit+jeans+jeans HTTP/1.1" 200 24450 "-" "Mozilla/5.0 (Linux; Android 6.0.1; Nexus 5X Build/MMB29P) AppleWebKit/537.36 (KHTML, like Gecko) Chrome/136.0.7103.113 Mobile Safari/537.36 (compatible; Googlebot/2.1; +http://www.google.com/bot.html)"
66.249.64.6 - - [13/Jun/2025:08:45:59 -0400] "GET /?d=97275178260&filter=ca372c&share_to_url=shop.php%3Fid%3D3296179%26name%3Dtomica+31+64 HTTP/1.1" 200 23246 "-" "Mozilla/5.0 (Linux; Android 6.0.1; Nexus 5X Build/MMB29P) AppleWebKit/537.36 (KHTML, like Gecko) Chrome/136.0.7103.113 Mobile Safari/537.36 (compatible; Googlebot/2.1; +http://www.google.com/bot.html)"
66.249.64.132 - - [13/Jun/2025:08:46:00 -0400] "GET /?d=109194733260&filter=750d75&share_to_url=goods.php%3Fid%3D3696539%26name%3Dsiksilk+white+rose+tee HTTP/1.1" 200 23384 "-" "Mozilla/5.0 (Linux; Android 6.0.1; Nexus 5X Build/MMB29P) AppleWebKit/537.36 (KHTML, like Gecko) Chrome/136.0.7103.113 Mobile Safari/537.36 (compatible; Googlebot/2.1; +http://www.google.com/bot.html)"
157.55.39.12 - - [13/Jun/2025:08:46:01 -0400] "GET /?d=101029664260&filter=e0510c&share_to_url=detail.php%3Fid%3D3424605%26name%3Dgesichtsausdruck+hase+hoodie+unisex HTTP/1.1" 200 24239 "-" "Mozilla/5.0 AppleWebKit/537.36 (KHTML, like Gecko; compatible; bingbot/2.0; +http://www.bing.com/bingbot.htm) Chrome/116.0.1938.76 Safari/537.36"
66.249.64.6 - - [13/Jun/2025:08:46:01 -0400] "GET /?d=108607057260&filter=fefd24&share_to_url=ideas.php%3Fid%3D3677280%26name%3Dsuper+cute+handmade+bead HTTP/1.1" 200 24623 "-" "Mozilla/5.0 (Linux; Android 6.0.1; Nexus 5X Build/MMB29P) AppleWebKit/537.36 (KHTML, like Gecko) Chrome/136.0.7103.113 Mobile Safari/537.36 (compatible; Googlebot/2.1; +http://www.google.com/bot.html)"
66.249.64.131 - - [13/Jun/2025:08:46:03 -0400] "GET /?d=96188612260&filter=aa858d&share_to_url=goods.php%3Fid%3D3258899%26name%3Dvintage+gray+horse+hat+bridle HTTP/1.1" 200 24529 "-" "Mozilla/5.0 (Linux; Android 6.0.1; Nexus 5X Build/MMB29P) AppleWebKit/537.36 (KHTML, like Gecko) Chrome/136.0.7103.113 Mobile Safari/537.36 (compatible; Googlebot/2.1; +http://www.google.com/bot.html)"
66.249.64.5 - - [13/Jun/2025:08:46:04 -0400] "GET /?d=96246055260&filter=c31721&share_to_url=product.php%3Fid%3D3260878%26name%3Dfasiaou+thickened+coarse+cotton HTTP/1.1" 200 23734 "-" "Mozilla/5.0 (Linux; Android 6.0.1; Nexus 5X Build/MMB29P) AppleWebKit/537.36 (KHTML, like Gecko) Chrome/136.0.7103.113 Mobile Safari/537.36 (compatible; Googlebot/2.1; +http://www.google.com/bot.html)"
66.249.64.131 - - [13/Jun/2025:08:46:05 -0400] "GET /?d=100448667260&filter=95bbf7&share_to_url=shop.php%3Fid%3D3404515%26name%3Dnike+vaporfly+next HTTP/1.1" 200 21671 "-" "Mozilla/5.0 (Linux; Android 6.0.1; Nexus 5X Build/MMB29P) AppleWebKit/537.36 (KHTML, like Gecko) Chrome/136.0.7103.113 Mobile Safari/537.36 (compatible; Googlebot/2.1; +http://www.google.com/bot.html)"
66.249.64.5 - - [13/Jun/2025:08:46:06 -0400] "GET /?d=106810527260&filter=138133&share_to_url=detail.php%3Fid%3D3617505%26name%3Dstone+island+shadow+project+classic HTTP/1.1" 200 22334 "-" "Mozilla/5.0 (Linux; Android 6.0.1; Nexus 5X Build/MMB29P) AppleWebKit/537.36 (KHTML, like Gecko) Chrome/136.0.7103.113 Mobile Safari/537.36 (compatible; Googlebot/2.1; +http://www.google.com/bot.html)"
66.249.64.131 - - [13/Jun/2025:08:46:08 -0400] "GET /?d=99683682260&filter=d8c2fe&share_to_url=ideas.php%3Fid%3D3378324%26name%3Dbicicleta+monta%C3%91esa+marca+genio HTTP/1.1" 200 23276 "-" "Mozilla/5.0 (Linux; Android 6.0.1; Nexus 5X Build/MMB29P) AppleWebKit/537.36 (KHTML, like Gecko) Chrome/136.0.7103.113 Mobile Safari/537.36 (compatible; Googlebot/2.1; +http://www.google.com/bot.html)"
66.249.64.131 - - [13/Jun/2025:08:46:09 -0400] "GET /?d=109699080260&filter=ec7398&share_to_url=goods.php%3Fid%3D3712919%26name%3Dwinway+communication+pvt+ltd HTTP/1.1" 200 24776 "-" "Mozilla/5.0 (Linux; Android 6.0.1; Nexus 5X Build/MMB29P) AppleWebKit/537.36 (KHTML, like Gecko) Chrome/136.0.7103.113 Mobile Safari/537.36 (compatible; Googlebot/2.1; +http://www.google.com/bot.html)"
66.249.64.5 - - [13/Jun/2025:08:46:09 -0400] "GET /?d=115263953260&filter=1066c7&share_to_url=shop.php%3Fid%3D3903175%26name%3Dorologi+eberhard+anni+store+40 HTTP/1.1" 200 23755 "-" "Mozilla/5.0 (Linux; Android 6.0.1; Nexus 5X Build/MMB29P) AppleWebKit/537.36 (KHTML, like Gecko) Chrome/136.0.7103.113 Mobile Safari/537.36 (compatible; Googlebot/2.1; +http://www.google.com/bot.html)"
66.249.64.5 - - [13/Jun/2025:08:46:09 -0400] "GET /?d=117247892260&filter=b50421&share_to_url=shopdetail.php%3Fid%3D3970952%26name%3Dhp+laptop+accessories+today+039+s HTTP/1.1" 200 24089 "-" "Mozilla/5.0 (Linux; Android 6.0.1; Nexus 5X Build/MMB29P) AppleWebKit/537.36 (KHTML, like Gecko) Chrome/136.0.7103.113 Mobile Safari/537.36 (compatible; Googlebot/2.1; +http://www.google.com/bot.html)"
157.55.39.12 - - [13/Jun/2025:08:46:10 -0400] "GET /?d=38715365260&filter=f4b633&share_to_url=ideas.php%3Fid%3D1314408%26name%3Daddison+gliding+recliner HTTP/1.1" 200 23523 "-" "Mozilla/5.0 AppleWebKit/537.36 (KHTML, like Gecko; compatible; bingbot/2.0; +http://www.bing.com/bingbot.htm) Chrome/116.0.1938.76 Safari/537.36"
66.249.64.131 - - [13/Jun/2025:08:46:11 -0400] "GET /?d=115971313260&filter=95c78c&share_to_url=detail.php%3Fid%3D3927273%26name%3Dkit+bolsa+santa HTTP/1.1" 200 24445 "-" "Mozilla/5.0 (Linux; Android 6.0.1; Nexus 5X Build/MMB29P) AppleWebKit/537.36 (KHTML, like Gecko) Chrome/136.0.7103.113 Mobile Safari/537.36 (compatible; Googlebot/2.1; +http://www.google.com/bot.html)"
66.249.64.5 - - [13/Jun/2025:08:46:11 -0400] "GET /?d=98056033260&filter=2b3734&share_to_url=item.php%3Fid%3D3323053%26name%3Drolla+039+s+all+deals HTTP/1.1" 200 24126 "-" "Mozilla/5.0 (Linux; Android 6.0.1; Nexus 5X Build/MMB29P) AppleWebKit/537.36 (KHTML, like Gecko) Chrome/136.0.7103.113 Mobile Safari/537.36 (compatible; Googlebot/2.1; +http://www.google.com/bot.html)"
40.77.167.77 - - [13/Jun/2025:08:46:12 -0400] "GET /?d=33795909260&filter=fd45ef&share_to_url=model.php%3Fid%3D1149315%26name%3Dwheels+on+the+sale+bus HTTP/1.1" 200 24943 "-" "Mozilla/5.0 AppleWebKit/537.36 (KHTML, like Gecko; compatible; bingbot/2.0; +http://www.bing.com/bingbot.htm) Chrome/116.0.1938.76 Safari/537.36"
40.77.167.13 - - [13/Jun/2025:08:46:13 -0400] "GET /?d=96181408260&filter=1066c7&share_to_url=shopdetail.php%3Fid%3D3258668%26name%3Dacquista+ora+raymond HTTP/1.1" 200 23186 "-" "Mozilla/5.0 AppleWebKit/537.36 (KHTML, like Gecko; compatible; bingbot/2.0; +http://www.bing.com/bingbot.htm) Chrome/116.0.1938.76 Safari/537.36"
66.249.64.131 - - [13/Jun/2025:08:46:13 -0400] "GET /?d=99602888260&filter=cc63b6&share_to_url=product.php%3Fid%3D3375598%26name%3Dtumi+black+nylon+arrive+kingsford HTTP/1.1" 200 23176 "-" "Mozilla/5.0 (Linux; Android 6.0.1; Nexus 5X Build/MMB29P) AppleWebKit/537.36 (KHTML, like Gecko) Chrome/136.0.7103.113 Mobile Safari/537.36 (compatible; Googlebot/2.1; +http://www.google.com/bot.html)"
40.77.167.13 - - [13/Jun/2025:08:46:14 -0400] "GET /?d=104731592260&filter=c1aa4c&share_to_url=pin.php%3Fid%3D3548766%26name%3Dvodafone+multiservizi+castellana HTTP/1.1" 200 23331 "-" "Mozilla/5.0 AppleWebKit/537.36 (KHTML, like Gecko; compatible; bingbot/2.0; +http://www.bing.com/bingbot.htm) Chrome/116.0.1938.76 Safari/537.36"
40.77.167.13 - - [13/Jun/2025:08:46:15 -0400] "GET /?d=114107624260&filter=b73ac7&share_to_url=model.php?id=3864183&name=qtree%20neoprene%20kiora%20waist HTTP/1.1" 200 22621 "-" "Mozilla/5.0 AppleWebKit/537.36 (KHTML, like Gecko; compatible; bingbot/2.0; +http://www.bing.com/bingbot.htm) Chrome/116.0.1938.76 Safari/537.36"
66.249.64.5 - - [13/Jun/2025:08:46:15 -0400] "GET /?d=96980963260&filter=f4213a&share_to_url=item.php%3Fid%3D3285781%26name%3Dasics+hot HTTP/1.1" 200 22219 "-" "Mozilla/5.0 (Linux; Android 6.0.1; Nexus 5X Build/MMB29P) AppleWebKit/537.36 (KHTML, like Gecko) Chrome/136.0.7103.113 Mobile Safari/537.36 (compatible; Googlebot/2.1; +http://www.google.com/bot.html)"
40.77.167.13 - - [13/Jun/2025:08:46:15 -0400] "GET /?d=117068221260&filter=30d85f&share_to_url=article.php?id=3964406&name=mylovecosmetics%20ylat%C3%AC%20cosmetici HTTP/1.1" 200 22140 "-" "Mozilla/5.0 AppleWebKit/537.36 (KHTML, like Gecko; compatible; bingbot/2.0; +http://www.bing.com/bingbot.htm) Chrome/116.0.1938.76 Safari/537.36"
66.249.64.131 - - [13/Jun/2025:08:46:16 -0400] "GET /?d=98902684260&filter=d6a214&share_to_url=article.php%3Fid%3D3351626%26name%3Dpetite+sapphire+engagement+ring+in HTTP/1.1" 200 23369 "-" "Mozilla/5.0 (Linux; Android 6.0.1; Nexus 5X Build/MMB29P) AppleWebKit/537.36 (KHTML, like Gecko) Chrome/136.0.7103.113 Mobile Safari/537.36 (compatible; Googlebot/2.1; +http://www.google.com/bot.html)"
66.249.64.5 - - [13/Jun/2025:08:46:17 -0400] "GET /?d=112838337260&filter=ee9e19&share_to_url=discover.php%3Fid%3D3821669%26name%3Dmens+saucony+velocity+mp HTTP/1.1" 200 22017 "-" "Mozilla/5.0 (Linux; Android 6.0.1; Nexus 5X Build/MMB29P) AppleWebKit/537.36 (KHTML, like Gecko) Chrome/136.0.7103.113 Mobile Safari/537.36 (compatible; Googlebot/2.1; +http://www.google.com/bot.html)"
157.55.39.205 - - [13/Jun/2025:08:46:19 -0400] "GET /?d=38078100260&filter=492e03&share_to_url=product-page.php%3Fid%3D1292428%26name%3Drathdrum+animal+clinic HTTP/1.1" 200 22055 "-" "Mozilla/5.0 AppleWebKit/537.36 (KHTML, like Gecko; compatible; bingbot/2.0; +http://www.bing.com/bingbot.htm) Chrome/116.0.1938.76 Safari/537.36"
157.55.39.205 - - [13/Jun/2025:08:46:20 -0400] "GET /?d=87554470260&filter=a5069b&share_to_url=detail.php%3Fid%3D2966841%26name%3Dconverse+tracksuits+for+kids HTTP/1.1" 200 24257 "-" "Mozilla/5.0 AppleWebKit/537.36 (KHTML, like Gecko; compatible; bingbot/2.0; +http://www.bing.com/bingbot.htm) Chrome/116.0.1938.76 Safari/537.36"
66.249.64.5 - - [13/Jun/2025:08:46:20 -0400] "GET /?d=105923974260&filter=4fdca8&share_to_url=product.php%3Fid%3D3587902%26name%3D1500w+hub+motor+kit+battery HTTP/1.1" 200 24243 "-" "Mozilla/5.0 (Linux; Android 6.0.1; Nexus 5X Build/MMB29P) AppleWebKit/537.36 (KHTML, like Gecko) Chrome/136.0.7103.113 Mobile Safari/537.36 (compatible; Googlebot/2.1; +http://www.google.com/bot.html)"
40.77.167.77 - - [13/Jun/2025:08:46:21 -0400] "GET /?d=39657258260&filter=3d3b19&share_to_url=pin.php%3Fid%3D1346358%26name%3Dsugiero+una+de HTTP/1.1" 200 23995 "-" "Mozilla/5.0 AppleWebKit/537.36 (KHTML, like Gecko; compatible; bingbot/2.0; +http://www.bing.com/bingbot.htm) Chrome/116.0.1938.76 Safari/537.36"
66.249.64.131 - - [13/Jun/2025:08:46:21 -0400] "GET /?d=100922052260&filter=e287cc&share_to_url=product.php%3Fid%3D3420766%26name%3Dimitaci%C3%B3n+de+nubuck+de+tela HTTP/1.1" 200 24187 "-" "Mozilla/5.0 (Linux; Android 6.0.1; Nexus 5X Build/MMB29P) AppleWebKit/537.36 (KHTML, like Gecko) Chrome/136.0.7103.113 Mobile Safari/537.36 (compatible; Googlebot/2.1; +http://www.google.com/bot.html)"
40.77.167.14 - - [13/Jun/2025:08:46:22 -0400] "GET /?d=40684257260&filter=e09080&share_to_url=product-page.php%3Fid%3D1381636%26name%3Dnew+strap HTTP/1.1" 200 24213 "-" "Mozilla/5.0 AppleWebKit/537.36 (KHTML, like Gecko; compatible; bingbot/2.0; +http://www.bing.com/bingbot.htm) Chrome/116.0.1938.76 Safari/537.36"
66.249.64.5 - - [13/Jun/2025:08:46:22 -0400] "GET /?d=95856985260&filter=a06510&share_to_url=detail.php%3Fid%3D3247773%26name%3Dhelly+hansen+isolabella HTTP/1.1" 200 23612 "-" "Mozilla/5.0 (Linux; Android 6.0.1; Nexus 5X Build/MMB29P) AppleWebKit/537.36 (KHTML, like Gecko) Chrome/136.0.7103.113 Mobile Safari/537.36 (compatible; Googlebot/2.1; +http://www.google.com/bot.html)"
66.249.64.5 - - [13/Jun/2025:08:46:22 -0400] "GET /?d=101431002260&filter=a24220&share_to_url=goods.php%3Fid%3D3438491%26name%3Dmen+039+s+invader+mecha+composite+toe HTTP/1.1" 200 23204 "-" "Mozilla/5.0 (Linux; Android 6.0.1; Nexus 5X Build/MMB29P) AppleWebKit/537.36 (KHTML, like Gecko) Chrome/136.0.7103.113 Mobile Safari/537.36 (compatible; Googlebot/2.1; +http://www.google.com/bot.html)"
40.77.167.14 - - [13/Jun/2025:08:46:23 -0400] "GET /?d=62304358260&filter=99857c&share_to_url=pin.php%3Fid%3D2112510%26name%3Ddubarry+outdoor+laarzen+kleding HTTP/1.1" 200 23219 "-" "Mozilla/5.0 AppleWebKit/537.36 (KHTML, like Gecko; compatible; bingbot/2.0; +http://www.bing.com/bingbot.htm) Chrome/116.0.1938.76 Safari/537.36"
66.249.64.131 - - [13/Jun/2025:08:46:24 -0400] "GET /?d=94258676260&filter=78ff4e&share_to_url=ideas.php%3Fid%3D3194160%26name%3D38+what+not+to+wear HTTP/1.1" 200 24048 "-" "Mozilla/5.0 (Linux; Android 6.0.1; Nexus 5X Build/MMB29P) AppleWebKit/537.36 (KHTML, like Gecko) Chrome/136.0.7103.113 Mobile Safari/537.36 (compatible; Googlebot/2.1; +http://www.google.com/bot.html)"
40.77.167.14 - - [13/Jun/2025:08:46:24 -0400] "GET /?d=59792476260&filter=14708a&share_to_url=article.php%3Fid%3D2029322%26name%3D2023+bmw+x7 HTTP/1.1" 200 22770 "-" "Mozilla/5.0 AppleWebKit/537.36 (KHTML, like Gecko; compatible; bingbot/2.0; +http://www.bing.com/bingbot.htm) Chrome/116.0.1938.76 Safari/537.36"
40.77.167.14 - - [13/Jun/2025:08:46:25 -0400] "GET /?d=25228561260&filter=2aa707&share_to_url=item.php%3Fid%3D854977%26name%3Dbig+save+usb HTTP/1.1" 200 24676 "-" "Mozilla/5.0 AppleWebKit/537.36 (KHTML, like Gecko; compatible; bingbot/2.0; +http://www.bing.com/bingbot.htm) Chrome/116.0.1938.76 Safari/537.36"
66.249.64.131 - - [13/Jun/2025:08:46:25 -0400] "GET /?d=114967603260&filter=9c8c90&share_to_url=goods.php%3Fid%3D3893135%26name%3Dderek+lam+jayde HTTP/1.1" 200 23009 "-" "Mozilla/5.0 (Linux; Android 6.0.1; Nexus 5X Build/MMB29P) AppleWebKit/537.36 (KHTML, like Gecko) Chrome/136.0.7103.113 Mobile Safari/537.36 (compatible; Googlebot/2.1; +http://www.google.com/bot.html)"
66.249.64.5 - - [13/Jun/2025:08:46:25 -0400] "GET /?d=110789527260&filter=7f045f&share_to_url=pin.php%3Fid%3D3751026%26name%3Dssc783p1+an+early+bday HTTP/1.1" 200 23107 "-" "Mozilla/5.0 (Linux; Android 6.0.1; Nexus 5X Build/MMB29P) AppleWebKit/537.36 (KHTML, like Gecko) Chrome/136.0.7103.113 Mobile Safari/537.36 (compatible; Googlebot/2.1; +http://www.google.com/bot.html)"
66.249.64.5 - - [13/Jun/2025:08:46:28 -0400] "GET /?d=101661389260&filter=063578&share_to_url=shopdetail.php%3Fid%3D3446780%26name%3Dadidas+mens+freelift+primeblue HTTP/1.1" 200 22950 "-" "Mozilla/5.0 (Linux; Android 6.0.1; Nexus 5X Build/MMB29P) AppleWebKit/537.36 (KHTML, like Gecko) Chrome/136.0.7103.113 Mobile Safari/537.36 (compatible; Googlebot/2.1; +http://www.google.com/bot.html)"
66.249.64.131 - - [13/Jun/2025:08:46:29 -0400] "GET /?d=88526872260&filter=5bdc14&share_to_url=shop.php%3Fid%3D3000343%26name%3Dfoodpanda+ph+foodpandaph HTTP/1.1" 200 23339 "-" "Mozilla/5.0 (Linux; Android 6.0.1; Nexus 5X Build/MMB29P) AppleWebKit/537.36 (KHTML, like Gecko) Chrome/136.0.7103.113 Mobile Safari/537.36 (compatible; Googlebot/2.1; +http://www.google.com/bot.html)"
66.249.64.131 - - [13/Jun/2025:08:46:29 -0400] "GET /?d=112572645260&filter=9e846e&share_to_url=item.php%3Fid%3D3813157%26name%3Dshop+muttnation HTTP/1.1" 200 22371 "-" "Mozilla/5.0 (Linux; Android 6.0.1; Nexus 5X Build/MMB29P) AppleWebKit/537.36 (KHTML, like Gecko) Chrome/136.0.7103.113 Mobile Safari/537.36 (compatible; Googlebot/2.1; +http://www.google.com/bot.html)"
66.249.64.131 - - [13/Jun/2025:08:46:29 -0400] "GET /?d=107821864260&filter=199e58&share_to_url=model.php%3Fid%3D3650979%26name%3Dand+carhartt+wip HTTP/1.1" 200 23860 "-" "Mozilla/5.0 (Linux; Android 6.0.1; Nexus 5X Build/MMB29P) AppleWebKit/537.36 (KHTML, like Gecko) Chrome/136.0.7103.113 Mobile Safari/537.36 (compatible; Googlebot/2.1; +http://www.google.com/bot.html)"
157.55.39.12 - - [13/Jun/2025:08:46:30 -0400] "GET /?d=101334375260&filter=c55e26&share_to_url=shopdetail.php%3Fid%3D3435212%26name%3Dnumero+pie+hotsell+ni%C3%B1o HTTP/1.1" 200 22860 "-" "Mozilla/5.0 AppleWebKit/537.36 (KHTML, like Gecko; compatible; bingbot/2.0; +http://www.bing.com/bingbot.htm) Chrome/116.0.1938.76 Safari/537.36"
66.249.64.5 - - [13/Jun/2025:08:46:31 -0400] "GET /?d=102526908260&filter=a19797&share_to_url=discover.php%3Fid%3D3475157%26name%3Dunique+dainty+sapphire HTTP/1.1" 200 23393 "-" "Mozilla/5.0 (Linux; Android 6.0.1; Nexus 5X Build/MMB29P) AppleWebKit/537.36 (KHTML, like Gecko) Chrome/136.0.7103.113 Mobile Safari/537.36 (compatible; Googlebot/2.1; +http://www.google.com/bot.html)"
40.77.167.77 - - [13/Jun/2025:08:46:31 -0400] "GET /?d=107294927260&filter=71b8c7&share_to_url=detail.php%3Fid%3D3633321%26name%3Dthe+perfume+shop+discover HTTP/1.1" 200 22416 "-" "Mozilla/5.0 AppleWebKit/537.36 (KHTML, like Gecko; compatible; bingbot/2.0; +http://www.bing.com/bingbot.htm) Chrome/116.0.1938.76 Safari/537.36"
157.55.39.12 - - [13/Jun/2025:08:46:32 -0400] "GET /?d=104939520260&filter=febea6&share_to_url=detail.php%3Fid%3D3555309%26name%3Dbrand+new+xiro+xplorer+4k HTTP/1.1" 200 23022 "-" "Mozilla/5.0 AppleWebKit/537.36 (KHTML, like Gecko; compatible; bingbot/2.0; +http://www.bing.com/bingbot.htm) Chrome/116.0.1938.76 Safari/537.36"
40.77.167.77 - - [13/Jun/2025:08:46:32 -0400] "GET /?d=32272139260&filter=fec9b7&share_to_url=detail.php%3Fid%3D1096821%26name%3Dthis+gold+plated HTTP/1.1" 200 24544 "-" "Mozilla/5.0 AppleWebKit/537.36 (KHTML, like Gecko; compatible; bingbot/2.0; +http://www.bing.com/bingbot.htm) Chrome/116.0.1938.76 Safari/537.36"
66.249.64.132 - - [13/Jun/2025:08:46:33 -0400] "GET /?d=102566549260&filter=ab67d8&share_to_url=item.php%3Fid%3D3476473%26name%3Dthese+plastic+chairs HTTP/1.1" 200 24592 "-" "Mozilla/5.0 (Linux; Android 6.0.1; Nexus 5X Build/MMB29P) AppleWebKit/537.36 (KHTML, like Gecko) Chrome/136.0.7103.113 Mobile Safari/537.36 (compatible; Googlebot/2.1; +http://www.google.com/bot.html)"
66.249.64.5 - - [13/Jun/2025:08:46:33 -0400] "GET /?d=90578505260&filter=e82715&share_to_url=article.php%3Fid%3D3069950%26name%3Dbuy+wooden+handicraft+indian+khaat HTTP/1.1" 200 23791 "-" "Mozilla/5.0 (Linux; Android 6.0.1; Nexus 5X Build/MMB29P) AppleWebKit/537.36 (KHTML, like Gecko) Chrome/136.0.7103.113 Mobile Safari/537.36 (compatible; Googlebot/2.1; +http://www.google.com/bot.html)"
40.77.167.77 - - [13/Jun/2025:08:46:33 -0400] "GET /?d=83576934260&filter=5fc7a9&share_to_url=shopdetail.php%3Fid%3D2831264%26name%3Droadhawk HTTP/1.1" 200 23191 "-" "Mozilla/5.0 AppleWebKit/537.36 (KHTML, like Gecko; compatible; bingbot/2.0; +http://www.bing.com/bingbot.htm) Chrome/116.0.1938.76 Safari/537.36"
66.249.64.132 - - [13/Jun/2025:08:46:35 -0400] "GET /?d=100009003260&filter=844de8&share_to_url=goods.php%3Fid%3D3389519%26name%3Dwatch+skechers+online HTTP/1.1" 200 22834 "-" "Mozilla/5.0 (Linux; Android 6.0.1; Nexus 5X Build/MMB29P) AppleWebKit/537.36 (KHTML, like Gecko) Chrome/136.0.7103.113 Mobile Safari/537.36 (compatible; Googlebot/2.1; +http://www.google.com/bot.html)"
52.167.144.141 - - [13/Jun/2025:08:46:35 -0400] "GET /?d=92994768260&filter=e341e1&share_to_url=model.php%3Fid%3D3150879%26name%3Dbasically+a+tinted+lip HTTP/1.1" 200 22865 "-" "Mozilla/5.0 AppleWebKit/537.36 (KHTML, like Gecko; compatible; bingbot/2.0; +http://www.bing.com/bingbot.htm) Chrome/116.0.1938.76 Safari/537.36"
66.249.64.132 - - [13/Jun/2025:08:46:36 -0400] "GET /?d=104757512260&filter=14708a&share_to_url=pin.php%3Fid%3D3549666%26name%3Dwethepeople+doomsayer+hot+sale HTTP/1.1" 200 23599 "-" "Mozilla/5.0 (Linux; Android 6.0.1; Nexus 5X Build/MMB29P) AppleWebKit/537.36 (KHTML, like Gecko) Chrome/136.0.7103.113 Mobile Safari/537.36 (compatible; Googlebot/2.1; +http://www.google.com/bot.html)"
40.77.167.77 - - [13/Jun/2025:08:46:36 -0400] "GET /?d=95005047260&filter=aa7737&share_to_url=goods.php%3Fid%3D3218939%26name%3Dbirkenstock+fashion+island HTTP/1.1" 200 23058 "-" "Mozilla/5.0 AppleWebKit/537.36 (KHTML, like Gecko; compatible; bingbot/2.0; +http://www.bing.com/bingbot.htm) Chrome/116.0.1938.76 Safari/537.36"
66.249.64.5 - - [13/Jun/2025:08:46:36 -0400] "GET /?d=100329628260&filter=2ae663&share_to_url=shop.php%3Fid%3D3400543%26name%3Dschwalbe+cx+comp+sales HTTP/1.1" 200 22315 "-" "Mozilla/5.0 (Linux; Android 6.0.1; Nexus 5X Build/MMB29P) AppleWebKit/537.36 (KHTML, like Gecko) Chrome/136.0.7103.113 Mobile Safari/537.36 (compatible; Googlebot/2.1; +http://www.google.com/bot.html)"
66.249.64.132 - - [13/Jun/2025:08:46:37 -0400] "GET /?d=103356108260&filter=b873a7&share_to_url=discover.php%3Fid%3D3502397%26name%3Dashrae+handbook+2023+hvac HTTP/1.1" 200 23311 "-" "Mozilla/5.0 (Linux; Android 6.0.1; Nexus 5X Build/MMB29P) AppleWebKit/537.36 (KHTML, like Gecko) Chrome/136.0.7103.113 Mobile Safari/537.36 (compatible; Googlebot/2.1; +http://www.google.com/bot.html)"
66.249.64.132 - - [13/Jun/2025:08:46:37 -0400] "GET /?d=105666653260&filter=1dbe8b&share_to_url=discover.php%3Fid%3D3579401%26name%3Dvans+old+skool+shop+sac HTTP/1.1" 200 22911 "-" "Mozilla/5.0 (Linux; Android 6.0.1; Nexus 5X Build/MMB29P) AppleWebKit/537.36 (KHTML, like Gecko) Chrome/136.0.7103.113 Mobile Safari/537.36 (compatible; Googlebot/2.1; +http://www.google.com/bot.html)"
157.55.39.12 - - [13/Jun/2025:08:46:39 -0400] "GET /?d=116078884260&filter=86816a&share_to_url=goods.php%3Fid%3D3930863%26name%3Dnew+balance+bape+multi+uk HTTP/1.1" 200 22578 "-" "Mozilla/5.0 AppleWebKit/537.36 (KHTML, like Gecko; compatible; bingbot/2.0; +http://www.bing.com/bingbot.htm) Chrome/116.0.1938.76 Safari/537.36"
66.249.64.131 - - [13/Jun/2025:08:46:39 -0400] "GET /?d=98813871260&filter=91ba7f&share_to_url=pin.php%3Fid%3D3348714%26name%3Dpaolo+pecora+maglia+girocollo HTTP/1.1" 200 23182 "-" "Mozilla/5.0 (Linux; Android 6.0.1; Nexus 5X Build/MMB29P) AppleWebKit/537.36 (KHTML, like Gecko) Chrome/136.0.7103.113 Mobile Safari/537.36 (compatible; Googlebot/2.1; +http://www.google.com/bot.html)"
66.249.64.5 - - [13/Jun/2025:08:46:40 -0400] "GET /?d=90103254260&filter=310282&share_to_url=detail.php%3Fid%3D3053661%26name%3Dstarfish+swimwear HTTP/1.1" 200 24527 "-" "Mozilla/5.0 (Linux; Android 6.0.1; Nexus 5X Build/MMB29P) AppleWebKit/537.36 (KHTML, like Gecko) Chrome/136.0.7103.113 Mobile Safari/537.36 (compatible; Googlebot/2.1; +http://www.google.com/bot.html)"
66.249.64.132 - - [13/Jun/2025:08:46:41 -0400] "GET /?d=102077662260&filter=65c35a&share_to_url=detail.php%3Fid%3D3460005%26name%3Dmoncler+enfant+berretto+baby HTTP/1.1" 200 23448 "-" "Mozilla/5.0 (Linux; Android 6.0.1; Nexus 5X Build/MMB29P) AppleWebKit/537.36 (KHTML, like Gecko) Chrome/136.0.7103.113 Mobile Safari/537.36 (compatible; Googlebot/2.1; +http://www.google.com/bot.html)"
40.77.167.14 - - [13/Jun/2025:08:46:42 -0400] "GET /?d=76963954260&filter=cdc800&share_to_url=shopdetail.php%3Fid%3D2607932%26name%3Djolly+roger+pullover+hoodie HTTP/1.1" 200 23454 "-" "Mozilla/5.0 AppleWebKit/537.36 (KHTML, like Gecko; compatible; bingbot/2.0; +http://www.bing.com/bingbot.htm) Chrome/116.0.1938.76 Safari/537.36"
40.77.167.13 - - [13/Jun/2025:08:46:42 -0400] "GET /?d=114664148260&filter=c8e773&share_to_url=article.php%3Fid%3D3882818%26name%3Dmobile+stairlift+battery HTTP/1.1" 200 22910 "-" "Mozilla/5.0 AppleWebKit/537.36 (KHTML, like Gecko; compatible; bingbot/2.0; +http://www.bing.com/bingbot.htm) Chrome/116.0.1938.76 Safari/537.36"
66.249.64.5 - - [13/Jun/2025:08:46:43 -0400] "GET /?d=90044255260&filter=d9247f&share_to_url=product.php%3Fid%3D3051598%26name%3Dzoomer+kitty+the+toy HTTP/1.1" 200 23292 "-" "Mozilla/5.0 (Linux; Android 6.0.1; Nexus 5X Build/MMB29P) AppleWebKit/537.36 (KHTML, like Gecko) Chrome/136.0.7103.113 Mobile Safari/537.36 (compatible; Googlebot/2.1; +http://www.google.com/bot.html)"
40.77.167.14 - - [13/Jun/2025:08:46:43 -0400] "GET /?d=117024060260&filter=a0cecc&share_to_url=item.php%3Fid%3D3963013%26name%3Deverly+and+monet+interior HTTP/1.1" 200 24273 "-" "Mozilla/5.0 AppleWebKit/537.36 (KHTML, like Gecko; compatible; bingbot/2.0; +http://www.bing.com/bingbot.htm) Chrome/116.0.1938.76 Safari/537.36"
66.249.64.132 - - [13/Jun/2025:08:46:43 -0400] "GET /?d=95427052260&filter=ae4ca1&share_to_url=shopdetail.php%3Fid%3D3232964%26name%3Dhead+padel+pro HTTP/1.1" 200 22370 "-" "Mozilla/5.0 (Linux; Android 6.0.1; Nexus 5X Build/MMB29P) AppleWebKit/537.36 (KHTML, like Gecko) Chrome/136.0.7103.113 Mobile Safari/537.36 (compatible; Googlebot/2.1; +http://www.google.com/bot.html)"
40.77.167.14 - - [13/Jun/2025:08:46:44 -0400] "GET /?d=25868722260&filter=2aa707&share_to_url=ideas.php%3Fid%3D876984%26name%3Dmartin+logan+script+speakers HTTP/1.1" 200 23498 "-" "Mozilla/5.0 AppleWebKit/537.36 (KHTML, like Gecko; compatible; bingbot/2.0; +http://www.bing.com/bingbot.htm) Chrome/116.0.1938.76 Safari/537.36"
66.249.64.131 - - [13/Jun/2025:08:46:44 -0400] "GET /?d=107204730260&filter=fc397e&share_to_url=article.php%3Fid%3D3630410%26name%3D2002+flower+surprise+barbie HTTP/1.1" 200 23234 "-" "Mozilla/5.0 (Linux; Android 6.0.1; Nexus 5X Build/MMB29P) AppleWebKit/537.36 (KHTML, like Gecko) Chrome/136.0.7103.113 Mobile Safari/537.36 (compatible; Googlebot/2.1; +http://www.google.com/bot.html)"
66.249.64.131 - - [13/Jun/2025:08:46:44 -0400] "GET /?d=96827309260&filter=674674&share_to_url=goods.php%3Fid%3D3280871%26name%3Dlavaggio+dei+capi+colorati HTTP/1.1" 200 23750 "-" "Mozilla/5.0 (Linux; Android 6.0.1; Nexus 5X Build/MMB29P) AppleWebKit/537.36 (KHTML, like Gecko) Chrome/136.0.7103.113 Mobile Safari/537.36 (compatible; Googlebot/2.1; +http://www.google.com/bot.html)"
66.249.64.6 - - [13/Jun/2025:08:46:45 -0400] "GET /?d=91998022260&filter=ea2dc1&share_to_url=model.php%3Fid%3D3116691%26name%3Dalice+in+wonderland+inspired HTTP/1.1" 200 24071 "-" "Mozilla/5.0 (Linux; Android 6.0.1; Nexus 5X Build/MMB29P) AppleWebKit/537.36 (KHTML, like Gecko) Chrome/136.0.7103.113 Mobile Safari/537.36 (compatible; Googlebot/2.1; +http://www.google.com/bot.html)"
66.249.64.131 - - [13/Jun/2025:08:46:46 -0400] "GET /?d=92135268260&filter=677cca&share_to_url=shopdetail.php%3Fid%3D3121196%26name%3Dluggage+robust+abs+hard HTTP/1.1" 200 24240 "-" "Mozilla/5.0 (Linux; Android 6.0.1; Nexus 5X Build/MMB29P) AppleWebKit/537.36 (KHTML, like Gecko) Chrome/136.0.7103.113 Mobile Safari/537.36 (compatible; Googlebot/2.1; +http://www.google.com/bot.html)"
52.167.144.141 - - [13/Jun/2025:08:46:47 -0400] "GET /?d=96661401260&filter=6d6f21&share_to_url=shop.php%3Fid%3D3275191%26name%3Dcal%C3%A7a+xadrez+casual+masculina+cal%C3%A7a HTTP/1.1" 200 23806 "-" "Mozilla/5.0 AppleWebKit/537.36 (KHTML, like Gecko; compatible; bingbot/2.0; +http://www.bing.com/bingbot.htm) Chrome/116.0.1938.76 Safari/537.36"
66.249.64.5 - - [13/Jun/2025:08:46:47 -0400] "GET /?d=113689729260&filter=4ef04f&share_to_url=pin.php%3Fid%3D3850014%26name%3D40mm+55mm+70mm+wooden+rings HTTP/1.1" 200 23462 "-" "Mozilla/5.0 (Linux; Android 6.0.1; Nexus 5X Build/MMB29P) AppleWebKit/537.36 (KHTML, like Gecko) Chrome/136.0.7103.113 Mobile Safari/537.36 (compatible; Googlebot/2.1; +http://www.google.com/bot.html)"
52.167.144.141 - - [13/Jun/2025:08:46:48 -0400] "GET /?d=93175738260&filter=f3166a&share_to_url=model.php%3Fid%3D3156903%26name%3Drage+rc+vintage HTTP/1.1" 200 22175 "-" "Mozilla/5.0 AppleWebKit/537.36 (KHTML, like Gecko; compatible; bingbot/2.0; +http://www.bing.com/bingbot.htm) Chrome/116.0.1938.76 Safari/537.36"
66.249.64.131 - - [13/Jun/2025:08:46:49 -0400] "GET /?d=98557914260&filter=6a67bd&share_to_url=discover.php%3Fid%3D3340241%26name%3Dwinterstiefel+arbeitsstiefel+gef%C3%BCttert HTTP/1.1" 200 23768 "-" "Mozilla/5.0 (Linux; Android 6.0.1; Nexus 5X Build/MMB29P) AppleWebKit/537.36 (KHTML, like Gecko) Chrome/136.0.7103.113 Mobile Safari/537.36 (compatible; Googlebot/2.1; +http://www.google.com/bot.html)"
157.55.39.205 - - [13/Jun/2025:08:46:50 -0400] "GET /?d=56622807260&filter=4ba749&share_to_url=shop.php%3Fid%3D1922611%26name%3Dkitchen+accessories+daraz+store HTTP/1.1" 200 23414 "-" "Mozilla/5.0 AppleWebKit/537.36 (KHTML, like Gecko; compatible; bingbot/2.0; +http://www.bing.com/bingbot.htm) Chrome/116.0.1938.76 Safari/537.36"
157.55.39.12 - - [13/Jun/2025:08:46:50 -0400] "GET /?d=99356706260&filter=7e48cd&share_to_url=item.php%3Fid%3D3367417%26name%3Dshop+bar+stools+counter HTTP/1.1" 200 23279 "-" "Mozilla/5.0 AppleWebKit/537.36 (KHTML, like Gecko; compatible; bingbot/2.0; +http://www.bing.com/bingbot.htm) Chrome/116.0.1938.76 Safari/537.36"
157.55.39.12 - - [13/Jun/2025:08:46:52 -0400] "GET /?d=99418686260&filter=97eb76&share_to_url=shop.php%3Fid%3D3369559%26name%3Dcalvin+klein+maglia HTTP/1.1" 200 24097 "-" "Mozilla/5.0 AppleWebKit/537.36 (KHTML, like Gecko; compatible; bingbot/2.0; +http://www.bing.com/bingbot.htm) Chrome/116.0.1938.76 Safari/537.36"
66.249.64.131 - - [13/Jun/2025:08:46:52 -0400] "GET /?d=116444899260&filter=ef2428&share_to_url=item.php%3Fid%3D3943261%26name%3Ddescuentos+en+juguetes+lego HTTP/1.1" 200 22889 "-" "Mozilla/5.0 (Linux; Android 6.0.1; Nexus 5X Build/MMB29P) AppleWebKit/537.36 (KHTML, like Gecko) Chrome/136.0.7103.113 Mobile Safari/537.36 (compatible; Googlebot/2.1; +http://www.google.com/bot.html)"
66.249.64.6 - - [13/Jun/2025:08:46:52 -0400] "GET /?d=87858536260&filter=dbe72e&share_to_url=product.php%3Fid%3D2977162%26name%3Dnew+balance+1080+v14+review HTTP/1.1" 200 22375 "-" "Mozilla/5.0 (Linux; Android 6.0.1; Nexus 5X Build/MMB29P) AppleWebKit/537.36 (KHTML, like Gecko) Chrome/136.0.7103.113 Mobile Safari/537.36 (compatible; Googlebot/2.1; +http://www.google.com/bot.html)"
66.249.64.131 - - [13/Jun/2025:08:46:53 -0400] "GET /?d=90498248260&filter=f7abf7&share_to_url=shopdetail.php%3Fid%3D3067352%26name%3Dtrending+wholesale+wool HTTP/1.1" 200 23920 "-" "Mozilla/5.0 (Linux; Android 6.0.1; Nexus 5X Build/MMB29P) AppleWebKit/537.36 (KHTML, like Gecko) Chrome/136.0.7103.113 Mobile Safari/537.36 (compatible; Googlebot/2.1; +http://www.google.com/bot.html)"
157.55.39.12 - - [13/Jun/2025:08:46:53 -0400] "GET /?d=97394930260&filter=3c4ce6&share_to_url=article.php%3Fid%3D3300518%26name%3Dstream+moon+mix HTTP/1.1" 200 23673 "-" "Mozilla/5.0 AppleWebKit/537.36 (KHTML, like Gecko; compatible; bingbot/2.0; +http://www.bing.com/bingbot.htm) Chrome/116.0.1938.76 Safari/537.36"
66.249.64.6 - - [13/Jun/2025:08:46:54 -0400] "GET /?d=116827156260&filter=b50421&share_to_url=discover.php%3Fid%3D3956273%26name%3Dintel+core+i5+10400f+%B0ncelemesi HTTP/1.1" 200 23719 "-" "Mozilla/5.0 (Linux; Android 6.0.1; Nexus 5X Build/MMB29P) AppleWebKit/537.36 (KHTML, like Gecko) Chrome/136.0.7103.113 Mobile Safari/537.36 (compatible; Googlebot/2.1; +http://www.google.com/bot.html)"
66.249.64.132 - - [13/Jun/2025:08:46:54 -0400] "GET /?d=98403080260&filter=cab71d&share_to_url=shop.php%3Fid%3D3335071%26name%3Dadventure HTTP/1.1" 200 23865 "-" "Mozilla/5.0 (Linux; Android 6.0.1; Nexus 5X Build/MMB29P) AppleWebKit/537.36 (KHTML, like Gecko) Chrome/136.0.7103.113 Mobile Safari/537.36 (compatible; Googlebot/2.1; +http://www.google.com/bot.html)"
66.249.64.132 - - [13/Jun/2025:08:46:57 -0400] "GET /?d=107741556260&filter=b873a7&share_to_url=pin.php%3Fid%3D3648438%26name%3Dlas+vegas+air+conditioning HTTP/1.1" 200 24285 "-" "Mozilla/5.0 (Linux; Android 6.0.1; Nexus 5X Build/MMB29P) AppleWebKit/537.36 (KHTML, like Gecko) Chrome/136.0.7103.113 Mobile Safari/537.36 (compatible; Googlebot/2.1; +http://www.google.com/bot.html)"
66.249.64.5 - - [13/Jun/2025:08:46:58 -0400] "GET /?d=94258716260&filter=662838&share_to_url=item.php%3Fid%3D3194161%26name%3Dgamma+ray+large+area+space+telescope HTTP/1.1" 200 23175 "-" "Mozilla/5.0 (Linux; Android 6.0.1; Nexus 5X Build/MMB29P) AppleWebKit/537.36 (KHTML, like Gecko) Chrome/136.0.7103.113 Mobile Safari/537.36 (compatible; Googlebot/2.1; +http://www.google.com/bot.html)"
66.249.64.5 - - [13/Jun/2025:08:46:59 -0400] "GET /?d=100125859260&filter=14d9f6&share_to_url=model.php%3Fid%3D3393411%26name%3Dbarbie+a+girl HTTP/1.1" 200 24209 "-" "Mozilla/5.0 (Linux; Android 6.0.1; Nexus 5X Build/MMB29P) AppleWebKit/537.36 (KHTML, like Gecko) Chrome/136.0.7103.113 Mobile Safari/537.36 (compatible; Googlebot/2.1; +http://www.google.com/bot.html)"
66.249.64.131 - - [13/Jun/2025:08:47:00 -0400] "GET /?d=103443803260&filter=14a695&share_to_url=item.php%3Fid%3D3505213%26name%3D15+meaningful+mother+s+day+gifts HTTP/1.1" 200 23993 "-" "Mozilla/5.0 (Linux; Android 6.0.1; Nexus 5X Build/MMB29P) AppleWebKit/537.36 (KHTML, like Gecko) Chrome/136.0.7103.113 Mobile Safari/537.36 (compatible; Googlebot/2.1; +http://www.google.com/bot.html)"
66.249.64.132 - - [13/Jun/2025:08:47:01 -0400] "GET /?d=101402460260&filter=aa9826&share_to_url=ideas.php%3Fid%3D3437532%26name%3Dmontblanc+star+4810+chronograph HTTP/1.1" 200 22990 "-" "Mozilla/5.0 (Linux; Android 6.0.1; Nexus 5X Build/MMB29P) AppleWebKit/537.36 (KHTML, like Gecko) Chrome/136.0.7103.113 Mobile Safari/537.36 (compatible; Googlebot/2.1; +http://www.google.com/bot.html)"
66.249.64.5 - - [13/Jun/2025:08:47:02 -0400] "GET /?d=93203074260&filter=9131c3&share_to_url=discover.php%3Fid%3D3157901%26name%3Dthe+hugl+body HTTP/1.1" 200 22840 "-" "Mozilla/5.0 (Linux; Android 6.0.1; Nexus 5X Build/MMB29P) AppleWebKit/537.36 (KHTML, like Gecko) Chrome/136.0.7103.113 Mobile Safari/537.36 (compatible; Googlebot/2.1; +http://www.google.com/bot.html)"
40.77.167.14 - - [13/Jun/2025:08:47:02 -0400] "GET /?d=108898710260&filter=4cc099&share_to_url=shop.php%3Fid%3D3686899%26name%3Dtupperware+has+been HTTP/1.1" 200 24050 "-" "Mozilla/5.0 AppleWebKit/537.36 (KHTML, like Gecko; compatible; bingbot/2.0; +http://www.bing.com/bingbot.htm) Chrome/116.0.1938.76 Safari/537.36"
66.249.64.132 - - [13/Jun/2025:08:47:03 -0400] "GET /?d=94299049260&filter=a93973&share_to_url=product.php%3Fid%3D3195682%26name%3Drush+jacke+damen HTTP/1.1" 200 22120 "-" "Mozilla/5.0 (Linux; Android 6.0.1; Nexus 5X Build/MMB29P) AppleWebKit/537.36 (KHTML, like Gecko) Chrome/136.0.7103.113 Mobile Safari/537.36 (compatible; Googlebot/2.1; +http://www.google.com/bot.html)"
66.249.64.5 - - [13/Jun/2025:08:47:05 -0400] "GET /?d=100173930260&filter=f4b633&share_to_url=ideas.php%3Fid%3D3395076%26name%3Dcounter+height+piece+farmhouse HTTP/1.1" 200 23554 "-" "Mozilla/5.0 (Linux; Android 6.0.1; Nexus 5X Build/MMB29P) AppleWebKit/537.36 (KHTML, like Gecko) Chrome/136.0.7103.113 Mobile Safari/537.36 (compatible; Googlebot/2.1; +http://www.google.com/bot.html)"
66.249.64.132 - - [13/Jun/2025:08:47:06 -0400] "GET /?d=99656452260&filter=57096d&share_to_url=discover.php%3Fid%3D3377333%26name%3Dglove+glu+spray+soccerworld HTTP/1.1" 200 21671 "-" "Mozilla/5.0 (Linux; Android 6.0.1; Nexus 5X Build/MMB29P) AppleWebKit/537.36 (KHTML, like Gecko) Chrome/136.0.7103.113 Mobile Safari/537.36 (compatible; Googlebot/2.1; +http://www.google.com/bot.html)"
66.249.64.5 - - [13/Jun/2025:08:47:07 -0400] "GET /?d=88177173260&filter=01758e&share_to_url=shopdetail.php%3Fid%3D2988188%26name%3Dmademoiselle+rabbit+a HTTP/1.1" 200 22967 "-" "Mozilla/5.0 (Linux; Android 6.0.1; Nexus 5X Build/MMB29P) AppleWebKit/537.36 (KHTML, like Gecko) Chrome/136.0.7103.113 Mobile Safari/537.36 (compatible; Googlebot/2.1; +http://www.google.com/bot.html)"
66.249.64.131 - - [13/Jun/2025:08:47:09 -0400] "GET /?d=98620443260&filter=e80e68&share_to_url=ideas.php%3Fid%3D3342336%26name%3Dkurto+pajamo HTTP/1.1" 200 23724 "-" "Mozilla/5.0 (Linux; Android 6.0.1; Nexus 5X Build/MMB29P) AppleWebKit/537.36 (KHTML, like Gecko) Chrome/136.0.7103.113 Mobile Safari/537.36 (compatible; Googlebot/2.1; +http://www.google.com/bot.html)"
66.249.64.131 - - [13/Jun/2025:08:47:09 -0400] "GET /?d=91905390260&filter=e6f0ee&share_to_url=discover.php%3Fid%3D3113813%26name%3Dpleather+skirt+sale+plus HTTP/1.1" 200 22654 "-" "Mozilla/5.0 (Linux; Android 6.0.1; Nexus 5X Build/MMB29P) AppleWebKit/537.36 (KHTML, like Gecko) Chrome/136.0.7103.113 Mobile Safari/537.36 (compatible; Googlebot/2.1; +http://www.google.com/bot.html)"
66.249.64.131 - - [13/Jun/2025:08:47:11 -0400] "GET /?d=115859481260&filter=b4da41&share_to_url=discover.php%3Fid%3D3923525%26name%3Dparticolare+geode+di HTTP/1.1" 200 23071 "-" "Mozilla/5.0 (Linux; Android 6.0.1; Nexus 5X Build/MMB29P) AppleWebKit/537.36 (KHTML, like Gecko) Chrome/136.0.7103.113 Mobile Safari/537.36 (compatible; Googlebot/2.1; +http://www.google.com/bot.html)"
66.249.64.5 - - [13/Jun/2025:08:47:13 -0400] "GET /?d=100881585260&filter=920ea1&share_to_url=product-page.php%3Fid%3D3419476%26name%3Dartesplash+couple+goals+buzos HTTP/1.1" 200 22672 "-" "Mozilla/5.0 (Linux; Android 6.0.1; Nexus 5X Build/MMB29P) AppleWebKit/537.36 (KHTML, like Gecko) Chrome/136.0.7103.113 Mobile Safari/537.36 (compatible; Googlebot/2.1; +http://www.google.com/bot.html)"
66.249.64.131 - - [13/Jun/2025:08:47:13 -0400] "GET /?d=111553629260&filter=a40b9d&share_to_url=goods.php%3Fid%3D3778067%26name%3Dmarduk+t+shirt HTTP/1.1" 200 23067 "-" "Mozilla/5.0 (Linux; Android 6.0.1; Nexus 5X Build/MMB29P) AppleWebKit/537.36 (KHTML, like Gecko) Chrome/136.0.7103.113 Mobile Safari/537.36 (compatible; Googlebot/2.1; +http://www.google.com/bot.html)"
66.249.64.5 - - [13/Jun/2025:08:47:14 -0400] "GET /?d=91855198260&filter=877558&share_to_url=goods.php%3Fid%3D3112379%26name%3Ddenim+size HTTP/1.1" 200 24204 "-" "Mozilla/5.0 (Linux; Android 6.0.1; Nexus 5X Build/MMB29P) AppleWebKit/537.36 (KHTML, like Gecko) Chrome/136.0.7103.113 Mobile Safari/537.36 (compatible; Googlebot/2.1; +http://www.google.com/bot.html)"
52.167.144.141 - - [13/Jun/2025:08:47:14 -0400] "GET /?d=111807584260&filter=577ef4&share_to_url=item.php%3Fid%3D3786985%26name%3Dblack+caviar+small+duma HTTP/1.1" 200 23925 "-" "Mozilla/5.0 AppleWebKit/537.36 (KHTML, like Gecko; compatible; bingbot/2.0; +http://www.bing.com/bingbot.htm) Chrome/116.0.1938.76 Safari/537.36"
52.167.144.141 - - [13/Jun/2025:08:47:15 -0400] "GET /?d=109512849260&filter=c19a1f&share_to_url=discover.php%3Fid%3D3706793%26name%3Dbuy+women+039+s+g+shock HTTP/1.1" 200 23508 "-" "Mozilla/5.0 AppleWebKit/537.36 (KHTML, like Gecko; compatible; bingbot/2.0; +http://www.bing.com/bingbot.htm) Chrome/116.0.1938.76 Safari/537.36"
66.249.64.131 - - [13/Jun/2025:08:47:16 -0400] "GET /?d=111296102260&filter=a40b9d&share_to_url=item.php%3Fid%3D3769153%26name%3Ddc+comics+batman+logo+glow HTTP/1.1" 200 23654 "-" "Mozilla/5.0 (Linux; Android 6.0.1; Nexus 5X Build/MMB29P) AppleWebKit/537.36 (KHTML, like Gecko) Chrome/136.0.7103.113 Mobile Safari/537.36 (compatible; Googlebot/2.1; +http://www.google.com/bot.html)"
66.249.64.5 - - [13/Jun/2025:08:47:17 -0400] "GET /?d=89589575260&filter=4a8509&share_to_url=article.php%3Fid%3D3036614%26name%3D32+ideas+de+barbie+la HTTP/1.1" 200 23316 "-" "Mozilla/5.0 (Linux; Android 6.0.1; Nexus 5X Build/MMB29P) AppleWebKit/537.36 (KHTML, like Gecko) Chrome/136.0.7103.113 Mobile Safari/537.36 (compatible; Googlebot/2.1; +http://www.google.com/bot.html)"
66.249.64.131 - - [13/Jun/2025:08:47:19 -0400] "GET /?d=109251987260&filter=c79531&share_to_url=product-page.php%3Fid%3D3698560%26name%3Dshop+infantino+bath+duck HTTP/1.1" 200 22604 "-" "Mozilla/5.0 (Linux; Android 6.0.1; Nexus 5X Build/MMB29P) AppleWebKit/537.36 (KHTML, like Gecko) Chrome/136.0.7103.113 Mobile Safari/537.36 (compatible; Googlebot/2.1; +http://www.google.com/bot.html)"
66.249.64.5 - - [13/Jun/2025:08:47:20 -0400] "GET /?d=89888356260&filter=d50c1d&share_to_url=goods.php%3Fid%3D3046619%26name%3Df1+2021+has+been+removed HTTP/1.1" 200 23486 "-" "Mozilla/5.0 (Linux; Android 6.0.1; Nexus 5X Build/MMB29P) AppleWebKit/537.36 (KHTML, like Gecko) Chrome/136.0.7103.113 Mobile Safari/537.36 (compatible; Googlebot/2.1; +http://www.google.com/bot.html)"
157.55.39.205 - - [13/Jun/2025:08:47:20 -0400] "GET /?d=18116706260&filter=edd546&share_to_url=model.php%3Fid%3D615759%26name%3Dcasque+audio+wireless+cat HTTP/1.1" 200 24086 "-" "Mozilla/5.0 AppleWebKit/537.36 (KHTML, like Gecko; compatible; bingbot/2.0; +http://www.bing.com/bingbot.htm) Chrome/116.0.1938.76 Safari/537.36"
40.77.167.77 - - [13/Jun/2025:08:47:21 -0400] "GET /?d=14315603260&filter=5837f7&share_to_url=goods.php%3Fid%3D488087%26name%3Dfm+fragrances+with+alex HTTP/1.1" 200 23802 "-" "Mozilla/5.0 AppleWebKit/537.36 (KHTML, like Gecko; compatible; bingbot/2.0; +http://www.bing.com/bingbot.htm) Chrome/116.0.1938.76 Safari/537.36"
157.55.39.205 - - [13/Jun/2025:08:47:21 -0400] "GET /?d=91433992260&filter=2de970&share_to_url=shopdetail.php%3Fid%3D3098600%26name%3Dmy+switch+stares HTTP/1.1" 200 22430 "-" "Mozilla/5.0 AppleWebKit/537.36 (KHTML, like Gecko; compatible; bingbot/2.0; +http://www.bing.com/bingbot.htm) Chrome/116.0.1938.76 Safari/537.36"
66.249.64.131 - - [13/Jun/2025:08:47:22 -0400] "GET /?d=98954951260&filter=61fa9d&share_to_url=item.php%3Fid%3D3353437%26name%3Dinfinix+note+cover+case HTTP/1.1" 200 23919 "-" "Mozilla/5.0 (Linux; Android 6.0.1; Nexus 5X Build/MMB29P) AppleWebKit/537.36 (KHTML, like Gecko) Chrome/136.0.7103.113 Mobile Safari/537.36 (compatible; Googlebot/2.1; +http://www.google.com/bot.html)"
66.249.64.131 - - [13/Jun/2025:08:47:22 -0400] "GET /?d=100353267260&filter=efdc85&share_to_url=model.php%3Fid%3D3401355%26name%3Dbellabeam+ground+stake HTTP/1.1" 200 22471 "-" "Mozilla/5.0 (Linux; Android 6.0.1; Nexus 5X Build/MMB29P) AppleWebKit/537.36 (KHTML, like Gecko) Chrome/136.0.7103.113 Mobile Safari/537.36 (compatible; Googlebot/2.1; +http://www.google.com/bot.html)"
66.249.64.131 - - [13/Jun/2025:08:47:23 -0400] "GET /?d=111941261260&filter=ca0c5c&share_to_url=item.php%3Fid%3D3791497%26name%3Dtitan+1506ym01+shop HTTP/1.1" 200 23155 "-" "Mozilla/5.0 (Linux; Android 6.0.1; Nexus 5X Build/MMB29P) AppleWebKit/537.36 (KHTML, like Gecko) Chrome/136.0.7103.113 Mobile Safari/537.36 (compatible; Googlebot/2.1; +http://www.google.com/bot.html)"
66.249.64.5 - - [13/Jun/2025:08:47:23 -0400] "GET /?d=81040050260&filter=8f2b55&share_to_url=product.php%3Fid%3D2744506%26name%3D14+inch+hd+bed HTTP/1.1" 200 23400 "-" "Mozilla/5.0 (Linux; Android 6.0.1; Nexus 5X Build/MMB29P) AppleWebKit/537.36 (KHTML, like Gecko) Chrome/136.0.7103.113 Mobile Safari/537.36 (compatible; Googlebot/2.1; +http://www.google.com/bot.html)"
52.167.144.141 - - [13/Jun/2025:08:47:23 -0400] "GET /?d=88279532260&filter=424c0d&share_to_url=model.php%3Fid%3D2991915%26name%3Dktm+2023+ultra HTTP/1.1" 200 21570 "-" "Mozilla/5.0 AppleWebKit/537.36 (KHTML, like Gecko; compatible; bingbot/2.0; +http://www.bing.com/bingbot.htm) Chrome/116.0.1938.76 Safari/537.36"
40.77.167.14 - - [13/Jun/2025:08:47:24 -0400] "GET /?d=24379607260&filter=ab67d8&share_to_url=product.php%3Fid%3D826210%26name%3Dsteelcase+siento+used+highback HTTP/1.1" 200 23534 "-" "Mozilla/5.0 AppleWebKit/537.36 (KHTML, like Gecko; compatible; bingbot/2.0; +http://www.bing.com/bingbot.htm) Chrome/116.0.1938.76 Safari/537.36"
66.249.64.131 - - [13/Jun/2025:08:47:24 -0400] "GET /?d=100538138260&filter=aca228&share_to_url=ideas.php%3Fid%3D3407592%26name%3Dmen+039+s+quilted+shop+jacket HTTP/1.1" 200 22740 "-" "Mozilla/5.0 (Linux; Android 6.0.1; Nexus 5X Build/MMB29P) AppleWebKit/537.36 (KHTML, like Gecko) Chrome/136.0.7103.113 Mobile Safari/537.36 (compatible; Googlebot/2.1; +http://www.google.com/bot.html)"
66.249.64.131 - - [13/Jun/2025:08:47:25 -0400] "GET /?d=93923804260&filter=2b8e35&share_to_url=model.php%3Fid%3D3182511%26name%3Dshein+men+contrast+tape+tee HTTP/1.1" 200 23231 "-" "Mozilla/5.0 (Linux; Android 6.0.1; Nexus 5X Build/MMB29P) AppleWebKit/537.36 (KHTML, like Gecko) Chrome/136.0.7103.113 Mobile Safari/537.36 (compatible; Googlebot/2.1; +http://www.google.com/bot.html)"
66.249.64.131 - - [13/Jun/2025:08:47:27 -0400] "GET /?d=97985570260&filter=955928&share_to_url=item.php%3Fid%3D3320605%26name%3Dnew+furla+hot+pink HTTP/1.1" 200 23496 "-" "Mozilla/5.0 (Linux; Android 6.0.1; Nexus 5X Build/MMB29P) AppleWebKit/537.36 (KHTML, like Gecko) Chrome/136.0.7103.113 Mobile Safari/537.36 (compatible; Googlebot/2.1; +http://www.google.com/bot.html)"
40.77.167.13 - - [13/Jun/2025:08:47:28 -0400] "GET /?d=114419324260&filter=c1fae4&share_to_url=shopdetail.php%3Fid%3D3874424%26name%3Dcubby+bear+crib+sheet HTTP/1.1" 200 22570 "-" "Mozilla/5.0 AppleWebKit/537.36 (KHTML, like Gecko; compatible; bingbot/2.0; +http://www.bing.com/bingbot.htm) Chrome/116.0.1938.76 Safari/537.36"
