66.249.64.5 - - [13/Jun/2025:08:14:45 -0400] "GET /?d=106001219260&filter=42b544&share_to_url=pin.php%3Fid%3D3590610%26name%3Def3738+000+crompton HTTP/1.1" 200 22545 "-" "Mozilla/5.0 (Linux; Android 6.0.1; Nexus 5X Build/MMB29P) AppleWebKit/537.36 (KHTML, like Gecko) Chrome/136.0.7103.113 Mobile Safari/537.36 (compatible; Googlebot/2.1; +http://www.google.com/bot.html)"
66.249.64.5 - - [13/Jun/2025:08:14:46 -0400] "GET /?d=102607923260&filter=29bf04&share_to_url=pin.php%3Fid%3D3477786%26name%3Dadidas+ultimate+365+stretch+tapered HTTP/1.1" 200 22570 "-" "Mozilla/5.0 (Linux; Android 6.0.1; Nexus 5X Build/MMB29P) AppleWebKit/537.36 (KHTML, like Gecko) Chrome/136.0.7103.113 Mobile Safari/537.36 (compatible; Googlebot/2.1; +http://www.google.com/bot.html)"
207.46.13.31 - - [13/Jun/2025:08:14:48 -0400] "GET /?d=20677323260&filter=ada5f8&share_to_url=shop.php%3Fid%3D702571%26name%3Dbellagio+dining+table HTTP/1.1" 200 23828 "-" "Mozilla/5.0 AppleWebKit/537.36 (KHTML, like Gecko; compatible; bingbot/2.0; +http://www.bing.com/bingbot.htm) Chrome/116.0.1938.76 Safari/537.36"
52.167.144.163 - - [13/Jun/2025:08:14:48 -0400] "GET /?d=103576927260&filter=1876cd&share_to_url=shop.php?id=3509599&name=powerwolf%20wolf HTTP/1.1" 200 23368 "-" "Mozilla/5.0 AppleWebKit/537.36 (KHTML, like Gecko; compatible; bingbot/2.0; +http://www.bing.com/bingbot.htm) Chrome/116.0.1938.76 Safari/537.36"
207.46.13.31 - - [13/Jun/2025:08:14:49 -0400] "GET /?d=56016356260&filter=cdc800&share_to_url=product-page.php%3Fid%3D1902016%26name%3Djordan+y2k+big HTTP/1.1" 200 25030 "-" "Mozilla/5.0 AppleWebKit/537.36 (KHTML, like Gecko; compatible; bingbot/2.0; +http://www.bing.com/bingbot.htm) Chrome/116.0.1938.76 Safari/537.36"
66.249.64.6 - - [13/Jun/2025:08:14:49 -0400] "GET /?d=71218429260&filter=1876cd&share_to_url=detail.php%3Fid%3D2413485%26name%3Dnike+windrunner+wild+run HTTP/1.1" 200 22847 "-" "Mozilla/5.0 (Linux; Android 6.0.1; Nexus 5X Build/MMB29P) AppleWebKit/537.36 (KHTML, like Gecko) Chrome/136.0.7103.113 Mobile Safari/537.36 (compatible; Googlebot/2.1; +http://www.google.com/bot.html)"
66.249.64.6 - - [13/Jun/2025:08:14:52 -0400] "GET /?d=104908047260&filter=9cab11&share_to_url=shopdetail.php%3Fid%3D3554312%26name%3Dsize+black+cargo+denim HTTP/1.1" 200 23859 "-" "Mozilla/5.0 (Linux; Android 6.0.1; Nexus 5X Build/MMB29P) AppleWebKit/537.36 (KHTML, like Gecko) Chrome/136.0.7103.113 Mobile Safari/537.36 (compatible; Googlebot/2.1; +http://www.google.com/bot.html)"
40.77.167.51 - - [13/Jun/2025:08:14:53 -0400] "GET /?d=86616094260&filter=f4b633&share_to_url=detail.php%3Fid%3D2934705%26name%3Dkn%C3%BA+by+la+z+boy+550+series HTTP/1.1" 200 23017 "-" "Mozilla/5.0 AppleWebKit/537.36 (KHTML, like Gecko; compatible; bingbot/2.0; +http://www.bing.com/bingbot.htm) Chrome/116.0.1938.76 Safari/537.36"
40.77.167.51 - - [13/Jun/2025:08:14:55 -0400] "GET /?d=87352114260&filter=09f6df&share_to_url=ideas.php%3Fid%3D2960196%26name%3Dcartier+unboxing+cartier HTTP/1.1" 200 22085 "-" "Mozilla/5.0 AppleWebKit/537.36 (KHTML, like Gecko; compatible; bingbot/2.0; +http://www.bing.com/bingbot.htm) Chrome/116.0.1938.76 Safari/537.36"
66.249.64.6 - - [13/Jun/2025:08:14:55 -0400] "GET /?d=103918293260&filter=b0af71&share_to_url=ideas.php%3Fid%3D3521028%26name%3Dzapatillas+de+aproximaci+latest HTTP/1.1" 200 23031 "-" "Mozilla/5.0 (Linux; Android 6.0.1; Nexus 5X Build/MMB29P) AppleWebKit/537.36 (KHTML, like Gecko) Chrome/136.0.7103.113 Mobile Safari/537.36 (compatible; Googlebot/2.1; +http://www.google.com/bot.html)"
66.249.64.5 - - [13/Jun/2025:08:14:58 -0400] "GET /?d=106911093260&filter=190ccd&share_to_url=product.php%3Fid%3D3620854%26name%3Dseiko+spring+drive HTTP/1.1" 200 23145 "-" "Mozilla/5.0 (Linux; Android 6.0.1; Nexus 5X Build/MMB29P) AppleWebKit/537.36 (KHTML, like Gecko) Chrome/136.0.7103.113 Mobile Safari/537.36 (compatible; Googlebot/2.1; +http://www.google.com/bot.html)"
207.46.13.52 - - [13/Jun/2025:08:14:59 -0400] "GET /?d=95230024260&filter=d48726&share_to_url=shop.php%3Fid%3D3226051%26name%3Ddr+martens+939+ben HTTP/1.1" 200 22405 "-" "Mozilla/5.0 AppleWebKit/537.36 (KHTML, like Gecko; compatible; bingbot/2.0; +http://www.bing.com/bingbot.htm) Chrome/116.0.1938.76 Safari/537.36"
66.249.64.5 - - [13/Jun/2025:08:14:59 -0400] "GET /?d=108008057260&filter=5e40a7&share_to_url=detail.php%3Fid%3D3656913%26name%3Dmy+life+doll+karaoke HTTP/1.1" 200 23298 "-" "Mozilla/5.0 (Linux; Android 6.0.1; Nexus 5X Build/MMB29P) AppleWebKit/537.36 (KHTML, like Gecko) Chrome/136.0.7103.113 Mobile Safari/537.36 (compatible; Googlebot/2.1; +http://www.google.com/bot.html)"
52.167.144.163 - - [13/Jun/2025:08:15:02 -0400] "GET /?d=103234497260&filter=fd4510&share_to_url=shopdetail.php%3Fid%3D3498416%26name%3Dcore+green+organic+fairtrade HTTP/1.1" 200 24113 "-" "Mozilla/5.0 AppleWebKit/537.36 (KHTML, like Gecko; compatible; bingbot/2.0; +http://www.bing.com/bingbot.htm) Chrome/116.0.1938.76 Safari/537.36"
66.249.64.5 - - [13/Jun/2025:08:15:03 -0400] "GET /?d=116459146260&filter=f7447b&share_to_url=discover.php%3Fid%3D3943745%26name%3Dalcanc%C3%ADas+musicales+peluche HTTP/1.1" 200 24217 "-" "Mozilla/5.0 (Linux; Android 6.0.1; Nexus 5X Build/MMB29P) AppleWebKit/537.36 (KHTML, like Gecko) Chrome/136.0.7103.113 Mobile Safari/537.36 (compatible; Googlebot/2.1; +http://www.google.com/bot.html)"
52.167.144.163 - - [13/Jun/2025:08:15:04 -0400] "GET /?d=116161811260&filter=6593d3&share_to_url=product.php%3Fid%3D3933958%26name%3Dvintage+patou+pour+homme HTTP/1.1" 200 22632 "-" "Mozilla/5.0 AppleWebKit/537.36 (KHTML, like Gecko; compatible; bingbot/2.0; +http://www.bing.com/bingbot.htm) Chrome/116.0.1938.76 Safari/537.36"
52.167.144.194 - - [13/Jun/2025:08:15:07 -0400] "GET /?d=107357737260&filter=b71637&share_to_url=model.php%3Fid%3D3635523%26name%3Dratatouille+edit+anyone+can HTTP/1.1" 200 23502 "-" "Mozilla/5.0 AppleWebKit/537.36 (KHTML, like Gecko; compatible; bingbot/2.0; +http://www.bing.com/bingbot.htm) Chrome/116.0.1938.76 Safari/537.36"
66.249.64.5 - - [13/Jun/2025:08:15:08 -0400] "GET /?d=104287173260&filter=128aa4&share_to_url=product.php%3Fid%3D3533410%26name%3Ddaiwa+lexa+wn+300hs+and HTTP/1.1" 200 23011 "-" "Mozilla/5.0 (Linux; Android 6.0.1; Nexus 5X Build/MMB29P) AppleWebKit/537.36 (KHTML, like Gecko) Chrome/136.0.7103.113 Mobile Safari/537.36 (compatible; Googlebot/2.1; +http://www.google.com/bot.html)"
52.167.144.194 - - [13/Jun/2025:08:15:08 -0400] "GET /?d=68543711260&filter=514077&share_to_url=discover.php%3Fid%3D2323085%26name%3Dcamisas+top+denim+hombre HTTP/1.1" 200 22911 "-" "Mozilla/5.0 AppleWebKit/537.36 (KHTML, like Gecko; compatible; bingbot/2.0; +http://www.bing.com/bingbot.htm) Chrome/116.0.1938.76 Safari/537.36"
52.167.144.194 - - [13/Jun/2025:08:15:08 -0400] "GET /?d=32912582260&filter=14708a&share_to_url=product.php%3Fid%3D1119142%26name%3Dgiant+diversion+bib+tight HTTP/1.1" 200 23289 "-" "Mozilla/5.0 AppleWebKit/537.36 (KHTML, like Gecko; compatible; bingbot/2.0; +http://www.bing.com/bingbot.htm) Chrome/116.0.1938.76 Safari/537.36"
40.77.167.51 - - [13/Jun/2025:08:15:09 -0400] "GET /?d=114826058260&filter=99bfb5&share_to_url=product.php%3Fid%3D3888262%26name%3Dsending+a+binding+signal+from HTTP/1.1" 200 24058 "-" "Mozilla/5.0 AppleWebKit/537.36 (KHTML, like Gecko; compatible; bingbot/2.0; +http://www.bing.com/bingbot.htm) Chrome/116.0.1938.76 Safari/537.36"
207.46.13.31 - - [13/Jun/2025:08:15:10 -0400] "GET /?d=88776130260&filter=f764f4&share_to_url=goods.php%3Fid%3D3008723%26name%3Dmejuri+constellation+necklace HTTP/1.1" 200 23456 "-" "Mozilla/5.0 AppleWebKit/537.36 (KHTML, like Gecko; compatible; bingbot/2.0; +http://www.bing.com/bingbot.htm) Chrome/116.0.1938.76 Safari/537.36"
66.249.64.5 - - [13/Jun/2025:08:15:10 -0400] "GET /?d=116032715260&filter=1625a7&share_to_url=discover.php%3Fid%3D3929273%26name%3Dcollier+infini+scintillant+m%C3%A9tal HTTP/1.1" 200 22920 "-" "Mozilla/5.0 (Linux; Android 6.0.1; Nexus 5X Build/MMB29P) AppleWebKit/537.36 (KHTML, like Gecko) Chrome/136.0.7103.113 Mobile Safari/537.36 (compatible; Googlebot/2.1; +http://www.google.com/bot.html)"
207.46.13.31 - - [13/Jun/2025:08:15:12 -0400] "GET /?d=70350712260&filter=758412&share_to_url=detail.php%3Fid%3D2383881%26name%3Dcuban+mojo+inspired+carnitas HTTP/1.1" 200 23048 "-" "Mozilla/5.0 AppleWebKit/537.36 (KHTML, like Gecko; compatible; bingbot/2.0; +http://www.bing.com/bingbot.htm) Chrome/116.0.1938.76 Safari/537.36"
66.249.64.5 - - [13/Jun/2025:08:15:15 -0400] "GET /?d=104484501260&filter=16dc78&share_to_url=goods.php%3Fid%3D3540383%26name%3Ddarshan+raval+039+ye+baarish+039 HTTP/1.1" 200 23935 "-" "Mozilla/5.0 (Linux; Android 6.0.1; Nexus 5X Build/MMB29P) AppleWebKit/537.36 (KHTML, like Gecko) Chrome/136.0.7103.113 Mobile Safari/537.36 (compatible; Googlebot/2.1; +http://www.google.com/bot.html)"
207.46.13.31 - - [13/Jun/2025:08:15:16 -0400] "GET /?d=95392577260&filter=bc40a5&share_to_url=product.php%3Fid%3D3231862%26name%3Dnissan+rogue+ski+rack HTTP/1.1" 200 23026 "-" "Mozilla/5.0 AppleWebKit/537.36 (KHTML, like Gecko; compatible; bingbot/2.0; +http://www.bing.com/bingbot.htm) Chrome/116.0.1938.76 Safari/537.36"
66.249.64.5 - - [13/Jun/2025:08:15:17 -0400] "GET /?d=107041307260&filter=2fbbdb&share_to_url=article.php%3Fid%3D3625022%26name%3Dnorwich+city+2021+2022+home+shirt HTTP/1.1" 200 23923 "-" "Mozilla/5.0 (Linux; Android 6.0.1; Nexus 5X Build/MMB29P) AppleWebKit/537.36 (KHTML, like Gecko) Chrome/136.0.7103.113 Mobile Safari/537.36 (compatible; Googlebot/2.1; +http://www.google.com/bot.html)"
40.77.167.241 - - [13/Jun/2025:08:15:18 -0400] "GET /?d=10249090260&filter=71e9aa&share_to_url=goods.php%3Fid%3D351575%26name%3Dgucci+micro+fantastic HTTP/1.1" 200 23574 "-" "Mozilla/5.0 AppleWebKit/537.36 (KHTML, like Gecko; compatible; bingbot/2.0; +http://www.bing.com/bingbot.htm) Chrome/116.0.1938.76 Safari/537.36"
40.77.167.241 - - [13/Jun/2025:08:15:19 -0400] "GET /?d=32986213260&filter=956610&share_to_url=item.php%3Fid%3D1121617%26name%3Dgaladriel+caresse HTTP/1.1" 200 23762 "-" "Mozilla/5.0 AppleWebKit/537.36 (KHTML, like Gecko; compatible; bingbot/2.0; +http://www.bing.com/bingbot.htm) Chrome/116.0.1938.76 Safari/537.36"
52.167.144.163 - - [13/Jun/2025:08:15:19 -0400] "GET /?d=105985261260&filter=6afb2d&share_to_url=product.php%3Fid%3D3590026%26name%3Dshark+helmets+inside HTTP/1.1" 200 23095 "-" "Mozilla/5.0 AppleWebKit/537.36 (KHTML, like Gecko; compatible; bingbot/2.0; +http://www.bing.com/bingbot.htm) Chrome/116.0.1938.76 Safari/537.36"
66.249.64.5 - - [13/Jun/2025:08:15:19 -0400] "GET /?d=104925352260&filter=9cab11&share_to_url=model.php%3Fid%3D3554835%26name%3Dsusan+graver+my+brand HTTP/1.1" 200 23312 "-" "Mozilla/5.0 (Linux; Android 6.0.1; Nexus 5X Build/MMB29P) AppleWebKit/537.36 (KHTML, like Gecko) Chrome/136.0.7103.113 Mobile Safari/537.36 (compatible; Googlebot/2.1; +http://www.google.com/bot.html)"
66.249.64.131 - - [13/Jun/2025:08:15:20 -0400] "GET /?d=95998181260&filter=c79531&share_to_url=detail.php%3Fid%3D3252597%26name%3Dreborn+adeline HTTP/1.1" 200 23852 "-" "Mozilla/5.0 (Linux; Android 6.0.1; Nexus 5X Build/MMB29P) AppleWebKit/537.36 (KHTML, like Gecko) Chrome/136.0.7103.113 Mobile Safari/537.36 (compatible; Googlebot/2.1; +http://www.google.com/bot.html)"
66.249.64.5 - - [13/Jun/2025:08:15:22 -0400] "GET /?d=115035845260&filter=704690&share_to_url=model.php%3Fid%3D3895479%26name%3Ddifferent+color+bracelets+meaning+2024 HTTP/1.1" 200 24148 "-" "Mozilla/5.0 (Linux; Android 6.0.1; Nexus 5X Build/MMB29P) AppleWebKit/537.36 (KHTML, like Gecko) Chrome/136.0.7103.113 Mobile Safari/537.36 (compatible; Googlebot/2.1; +http://www.google.com/bot.html)"
66.249.64.5 - - [13/Jun/2025:08:15:24 -0400] "GET /?d=110405230260&filter=74e00d&share_to_url=discover.php%3Fid%3D3737285%26name%3Dburberry+amber+clearance HTTP/1.1" 200 23361 "-" "Mozilla/5.0 (Linux; Android 6.0.1; Nexus 5X Build/MMB29P) AppleWebKit/537.36 (KHTML, like Gecko) Chrome/136.0.7103.113 Mobile Safari/537.36 (compatible; Googlebot/2.1; +http://www.google.com/bot.html)"
66.249.64.5 - - [13/Jun/2025:08:15:27 -0400] "GET /?d=100863250260&filter=d50c1d&share_to_url=product.php%3Fid%3D3418882%26name%3Dbts+039+s+dynamite+just+shattered+another HTTP/1.1" 200 21931 "-" "Mozilla/5.0 (Linux; Android 6.0.1; Nexus 5X Build/MMB29P) AppleWebKit/537.36 (KHTML, like Gecko) Chrome/136.0.7103.113 Mobile Safari/537.36 (compatible; Googlebot/2.1; +http://www.google.com/bot.html)"
207.46.13.52 - - [13/Jun/2025:08:15:29 -0400] "GET /?d=107593641260&filter=62bca5&share_to_url=article.php?id=3643622&name=the%20proper%20way%20to%20store HTTP/1.1" 200 23781 "-" "Mozilla/5.0 AppleWebKit/537.36 (KHTML, like Gecko; compatible; bingbot/2.0; +http://www.bing.com/bingbot.htm) Chrome/116.0.1938.76 Safari/537.36"
207.46.13.31 - - [13/Jun/2025:08:15:30 -0400] "GET /?d=105973150260&filter=1f7643&share_to_url=product.php%3Fid%3D3589594%26name%3Dcole+clark+fl1ec+bm+dreadnaught+acoustic HTTP/1.1" 200 23098 "-" "Mozilla/5.0 AppleWebKit/537.36 (KHTML, like Gecko; compatible; bingbot/2.0; +http://www.bing.com/bingbot.htm) Chrome/116.0.1938.76 Safari/537.36"
52.167.144.194 - - [13/Jun/2025:08:15:30 -0400] "GET /?d=87400843260&filter=80976d&share_to_url=article.php%3Fid%3D2961638%26name%3Dmadison+softshell+flo HTTP/1.1" 200 23021 "-" "Mozilla/5.0 AppleWebKit/537.36 (KHTML, like Gecko; compatible; bingbot/2.0; +http://www.bing.com/bingbot.htm) Chrome/116.0.1938.76 Safari/537.36"
40.77.167.241 - - [13/Jun/2025:08:15:30 -0400] "GET /?d=117467825260&filter=0cb8e1&share_to_url=item.php%3Fid%3D3978193%26name%3Dninety+two+sneakers HTTP/1.1" 200 23448 "-" "Mozilla/5.0 AppleWebKit/537.36 (KHTML, like Gecko; compatible; bingbot/2.0; +http://www.bing.com/bingbot.htm) Chrome/116.0.1938.76 Safari/537.36"
66.249.64.5 - - [13/Jun/2025:08:15:31 -0400] "GET /?d=105204499260&filter=4d89e2&share_to_url=pin.php%3Fid%3D3564126%26name%3Dhaier+cu+ft+portable+impeller HTTP/1.1" 200 23168 "-" "Mozilla/5.0 (Linux; Android 6.0.1; Nexus 5X Build/MMB29P) AppleWebKit/537.36 (KHTML, like Gecko) Chrome/136.0.7103.113 Mobile Safari/537.36 (compatible; Googlebot/2.1; +http://www.google.com/bot.html)"
207.46.13.31 - - [13/Jun/2025:08:15:32 -0400] "GET /?d=21170479260&filter=2aa707&share_to_url=product.php%3Fid%3D718762%26name%3Dh+tech+store HTTP/1.1" 200 24708 "-" "Mozilla/5.0 AppleWebKit/537.36 (KHTML, like Gecko; compatible; bingbot/2.0; +http://www.bing.com/bingbot.htm) Chrome/116.0.1938.76 Safari/537.36"
207.46.13.31 - - [13/Jun/2025:08:15:33 -0400] "GET /?d=86102732260&filter=5e3718&share_to_url=shopdetail.php%3Fid%3D2917184%26name%3Dsergio+tacchini+infinita+tracksuit HTTP/1.1" 200 23527 "-" "Mozilla/5.0 AppleWebKit/537.36 (KHTML, like Gecko; compatible; bingbot/2.0; +http://www.bing.com/bingbot.htm) Chrome/116.0.1938.76 Safari/537.36"
66.249.64.5 - - [13/Jun/2025:08:15:33 -0400] "GET /?d=104178228260&filter=4766bb&share_to_url=product.php%3Fid%3D3529690%26name%3Dnavegando+pelos+c%C3%A9us+os HTTP/1.1" 200 24197 "-" "Mozilla/5.0 (Linux; Android 6.0.1; Nexus 5X Build/MMB29P) AppleWebKit/537.36 (KHTML, like Gecko) Chrome/136.0.7103.113 Mobile Safari/537.36 (compatible; Googlebot/2.1; +http://www.google.com/bot.html)"
207.46.13.31 - - [13/Jun/2025:08:15:33 -0400] "GET /?d=115352153260&filter=1b6d6c&share_to_url=article.php%3Fid%3D3906230%26name%3Dmad+rock+athletic HTTP/1.1" 200 22762 "-" "Mozilla/5.0 AppleWebKit/537.36 (KHTML, like Gecko; compatible; bingbot/2.0; +http://www.bing.com/bingbot.htm) Chrome/116.0.1938.76 Safari/537.36"
66.249.64.5 - - [13/Jun/2025:08:15:36 -0400] "GET /?d=97265014260&filter=3648b8&share_to_url=shopdetail.php%3Fid%3D3295796%26name%3Dglofx+black+goggles HTTP/1.1" 200 22655 "-" "Mozilla/5.0 (Linux; Android 6.0.1; Nexus 5X Build/MMB29P) AppleWebKit/537.36 (KHTML, like Gecko) Chrome/136.0.7103.113 Mobile Safari/537.36 (compatible; Googlebot/2.1; +http://www.google.com/bot.html)"
40.77.167.241 - - [13/Jun/2025:08:15:38 -0400] "GET /?d=51287415260&filter=199e58&share_to_url=discover.php%3Fid%3D1742921%26name%3Djanie+mills+of HTTP/1.1" 200 23702 "-" "Mozilla/5.0 AppleWebKit/537.36 (KHTML, like Gecko; compatible; bingbot/2.0; +http://www.bing.com/bingbot.htm) Chrome/116.0.1938.76 Safari/537.36"
66.249.64.5 - - [13/Jun/2025:08:15:38 -0400] "GET /?d=110595999260&filter=62bca5&share_to_url=model.php%3Fid%3D3744195%26name%3Dcup+paper+towel HTTP/1.1" 200 24789 "-" "Mozilla/5.0 (Linux; Android 6.0.1; Nexus 5X Build/MMB29P) AppleWebKit/537.36 (KHTML, like Gecko) Chrome/136.0.7103.113 Mobile Safari/537.36 (compatible; Googlebot/2.1; +http://www.google.com/bot.html)"
40.77.167.51 - - [13/Jun/2025:08:15:40 -0400] "GET /?d=100888871260&filter=920ea1&share_to_url=discover.php%3Fid%3D3419681%26name%3Dindumentaria+colo+colo+polera HTTP/1.1" 200 24284 "-" "Mozilla/5.0 AppleWebKit/537.36 (KHTML, like Gecko; compatible; bingbot/2.0; +http://www.bing.com/bingbot.htm) Chrome/116.0.1938.76 Safari/537.36"
40.77.167.51 - - [13/Jun/2025:08:15:40 -0400] "GET /?d=91899999260&filter=8cfd8c&share_to_url=discover.php%3Fid%3D3113657%26name%3Dmy+house+of HTTP/1.1" 200 23465 "-" "Mozilla/5.0 AppleWebKit/537.36 (KHTML, like Gecko; compatible; bingbot/2.0; +http://www.bing.com/bingbot.htm) Chrome/116.0.1938.76 Safari/537.36"
66.249.64.5 - - [13/Jun/2025:08:15:41 -0400] "GET /?d=107581641260&filter=62bca5&share_to_url=detail.php%3Fid%3D3643245%26name%3Dumbrosa+wall+mounted+umbrella HTTP/1.1" 200 21892 "-" "Mozilla/5.0 (Linux; Android 6.0.1; Nexus 5X Build/MMB29P) AppleWebKit/537.36 (KHTML, like Gecko) Chrome/136.0.7103.113 Mobile Safari/537.36 (compatible; Googlebot/2.1; +http://www.google.com/bot.html)"
40.77.167.51 - - [13/Jun/2025:08:15:41 -0400] "GET /?d=115410533260&filter=14f4ff&share_to_url=article.php%3Fid%3D3908294%26name%3Dmary+kay+cotton+2024 HTTP/1.1" 200 24394 "-" "Mozilla/5.0 AppleWebKit/537.36 (KHTML, like Gecko; compatible; bingbot/2.0; +http://www.bing.com/bingbot.htm) Chrome/116.0.1938.76 Safari/537.36"
52.167.144.194 - - [13/Jun/2025:08:15:43 -0400] "GET /?d=64305861260&filter=5837f7&share_to_url=pin.php%3Fid%3D2180382%26name%3Dmore+than+words+edp HTTP/1.1" 200 22838 "-" "Mozilla/5.0 AppleWebKit/537.36 (KHTML, like Gecko; compatible; bingbot/2.0; +http://www.bing.com/bingbot.htm) Chrome/116.0.1938.76 Safari/537.36"
52.167.144.194 - - [13/Jun/2025:08:15:43 -0400] "GET /?d=18728413260&filter=b190c6&share_to_url=discover.php%3Fid%3D636437%26name%3Dlee+discount+luke+zalando HTTP/1.1" 200 23164 "-" "Mozilla/5.0 AppleWebKit/537.36 (KHTML, like Gecko; compatible; bingbot/2.0; +http://www.bing.com/bingbot.htm) Chrome/116.0.1938.76 Safari/537.36"
66.249.64.5 - - [13/Jun/2025:08:15:44 -0400] "GET /?d=97846157260&filter=790b4d&share_to_url=item.php%3Fid%3D3316225%26name%3Dvintage+neon+pink+raincoat+70s HTTP/1.1" 200 23767 "-" "Mozilla/5.0 (Linux; Android 6.0.1; Nexus 5X Build/MMB29P) AppleWebKit/537.36 (KHTML, like Gecko) Chrome/136.0.7103.113 Mobile Safari/537.36 (compatible; Googlebot/2.1; +http://www.google.com/bot.html)"
40.77.167.51 - - [13/Jun/2025:08:15:44 -0400] "GET /?d=92758064260&filter=ea3a47&share_to_url=pin.php?id=3142794&name=fantastici%20lavoretti%20e HTTP/1.1" 200 23987 "-" "Mozilla/5.0 AppleWebKit/537.36 (KHTML, like Gecko; compatible; bingbot/2.0; +http://www.bing.com/bingbot.htm) Chrome/116.0.1938.76 Safari/537.36"
66.249.64.5 - - [13/Jun/2025:08:15:46 -0400] "GET /?d=102422905260&filter=162259&share_to_url=item.php%3Fid%3D3471865%26name%3Dwhat+is+a+salamander+oven HTTP/1.1" 200 24487 "-" "Mozilla/5.0 (Linux; Android 6.0.1; Nexus 5X Build/MMB29P) AppleWebKit/537.36 (KHTML, like Gecko) Chrome/136.0.7103.113 Mobile Safari/537.36 (compatible; Googlebot/2.1; +http://www.google.com/bot.html)"
207.46.13.31 - - [13/Jun/2025:08:15:48 -0400] "GET /?d=20667636260&filter=ada5f8&share_to_url=shop.php%3Fid%3D702283%26name%3Ddine+inside+these HTTP/1.1" 200 24403 "-" "Mozilla/5.0 AppleWebKit/537.36 (KHTML, like Gecko; compatible; bingbot/2.0; +http://www.bing.com/bingbot.htm) Chrome/116.0.1938.76 Safari/537.36"
66.249.64.5 - - [13/Jun/2025:08:15:49 -0400] "GET /?d=101217201260&filter=62bca5&share_to_url=shop.php%3Fid%3D3431155%26name%3Deastvita+girls+dress+up+storage+with HTTP/1.1" 200 24212 "-" "Mozilla/5.0 (Linux; Android 6.0.1; Nexus 5X Build/MMB29P) AppleWebKit/537.36 (KHTML, like Gecko) Chrome/136.0.7103.113 Mobile Safari/537.36 (compatible; Googlebot/2.1; +http://www.google.com/bot.html)"
66.249.64.6 - - [13/Jun/2025:08:15:52 -0400] "GET /?d=92037553260&filter=ac057d&share_to_url=pin.php%3Fid%3D3118050%26name%3Dd%C3%A9collet%C3%A9+nere+comode HTTP/1.1" 200 22471 "-" "Mozilla/5.0 (Linux; Android 6.0.1; Nexus 5X Build/MMB29P) AppleWebKit/537.36 (KHTML, like Gecko) Chrome/136.0.7103.113 Mobile Safari/537.36 (compatible; Googlebot/2.1; +http://www.google.com/bot.html)"
66.249.64.6 - - [13/Jun/2025:08:15:54 -0400] "GET /?d=116870219260&filter=bcf072&share_to_url=product-page.php%3Fid%3D3957748%26name%3Dnew+era+cap+earth HTTP/1.1" 200 23767 "-" "Mozilla/5.0 (Linux; Android 6.0.1; Nexus 5X Build/MMB29P) AppleWebKit/537.36 (KHTML, like Gecko) Chrome/136.0.7103.113 Mobile Safari/537.36 (compatible; Googlebot/2.1; +http://www.google.com/bot.html)"
52.167.144.194 - - [13/Jun/2025:08:15:57 -0400] "GET /?d=23116335260&filter=d60d32&share_to_url=model.php%3Fid%3D784587%26name%3Dunique+stylish+red HTTP/1.1" 200 24318 "-" "Mozilla/5.0 AppleWebKit/537.36 (KHTML, like Gecko; compatible; bingbot/2.0; +http://www.bing.com/bingbot.htm) Chrome/116.0.1938.76 Safari/537.36"
66.249.64.5 - - [13/Jun/2025:08:15:58 -0400] "GET /?d=98740562260&filter=58ce6a&share_to_url=shopdetail.php%3Fid%3D3346388%26name%3Dle+magasin+boss+du HTTP/1.1" 200 23394 "-" "Mozilla/5.0 (Linux; Android 6.0.1; Nexus 5X Build/MMB29P) AppleWebKit/537.36 (KHTML, like Gecko) Chrome/136.0.7103.113 Mobile Safari/537.36 (compatible; Googlebot/2.1; +http://www.google.com/bot.html)"
52.167.144.163 - - [13/Jun/2025:08:15:59 -0400] "GET /?d=94153305260&filter=a5b6c0&share_to_url=detail.php%3Fid%3D3190401%26name%3Dunboxing+nike+air HTTP/1.1" 200 23268 "-" "Mozilla/5.0 AppleWebKit/537.36 (KHTML, like Gecko; compatible; bingbot/2.0; +http://www.bing.com/bingbot.htm) Chrome/116.0.1938.76 Safari/537.36"
40.77.167.51 - - [13/Jun/2025:08:15:59 -0400] "GET /?d=92860535260&filter=1c3e5e&share_to_url=product-page.php%3Fid%3D3146080%26name%3Dgoldenear+t66+tower+speaker HTTP/1.1" 200 23528 "-" "Mozilla/5.0 AppleWebKit/537.36 (KHTML, like Gecko; compatible; bingbot/2.0; +http://www.bing.com/bingbot.htm) Chrome/116.0.1938.76 Safari/537.36"
66.249.64.6 - - [13/Jun/2025:08:16:00 -0400] "GET /?d=108456843260&filter=593d11&share_to_url=goods.php%3Fid%3D3672167%26name%3Dnike+cage+rafa HTTP/1.1" 200 22890 "-" "Mozilla/5.0 (Linux; Android 6.0.1; Nexus 5X Build/MMB29P) AppleWebKit/537.36 (KHTML, like Gecko) Chrome/136.0.7103.113 Mobile Safari/537.36 (compatible; Googlebot/2.1; +http://www.google.com/bot.html)"
52.167.144.163 - - [13/Jun/2025:08:16:00 -0400] "GET /?d=112612502260&filter=d473fe&share_to_url=pin.php%3Fid%3D3814434%26name%3Din+pippi+calzelunghe HTTP/1.1" 200 23858 "-" "Mozilla/5.0 AppleWebKit/537.36 (KHTML, like Gecko; compatible; bingbot/2.0; +http://www.bing.com/bingbot.htm) Chrome/116.0.1938.76 Safari/537.36"
66.249.64.5 - - [13/Jun/2025:08:16:03 -0400] "GET /?d=107589057260&filter=62bca5&share_to_url=model.php%3Fid%3D3643479%26name%3Dhere+is+the+completely+ikea HTTP/1.1" 200 23911 "-" "Mozilla/5.0 (Linux; Android 6.0.1; Nexus 5X Build/MMB29P) AppleWebKit/537.36 (KHTML, like Gecko) Chrome/136.0.7103.113 Mobile Safari/537.36 (compatible; Googlebot/2.1; +http://www.google.com/bot.html)"
207.46.13.52 - - [13/Jun/2025:08:16:03 -0400] "GET /?d=99544285260&filter=ed0729&share_to_url=article.php%3Fid%3D3373802%26name%3Dvarsity+numbers+parker+charm+gorjana HTTP/1.1" 200 22667 "-" "Mozilla/5.0 AppleWebKit/537.36 (KHTML, like Gecko; compatible; bingbot/2.0; +http://www.bing.com/bingbot.htm) Chrome/116.0.1938.76 Safari/537.36"
66.249.64.5 - - [13/Jun/2025:08:16:06 -0400] "GET /?d=114219875260&filter=353642&share_to_url=product.php%3Fid%3D3867970%26name%3Dzoe+platform+4827+208+87+sand+black HTTP/1.1" 200 22616 "-" "Mozilla/5.0 (Linux; Android 6.0.1; Nexus 5X Build/MMB29P) AppleWebKit/537.36 (KHTML, like Gecko) Chrome/136.0.7103.113 Mobile Safari/537.36 (compatible; Googlebot/2.1; +http://www.google.com/bot.html)"
207.46.13.52 - - [13/Jun/2025:08:16:06 -0400] "GET /?d=106228506260&filter=3fa24f&share_to_url=goods.php?id=3597839&name=rails%20sweater%20womens HTTP/1.1" 200 23137 "-" "Mozilla/5.0 AppleWebKit/537.36 (KHTML, like Gecko; compatible; bingbot/2.0; +http://www.bing.com/bingbot.htm) Chrome/116.0.1938.76 Safari/537.36"
207.46.13.31 - - [13/Jun/2025:08:16:08 -0400] "GET /?d=88649538260&filter=6563e1&share_to_url=model.php%3Fid%3D3004467%26name%3Drubco+rubwood+furniture+added HTTP/1.1" 200 23767 "-" "Mozilla/5.0 AppleWebKit/537.36 (KHTML, like Gecko; compatible; bingbot/2.0; +http://www.bing.com/bingbot.htm) Chrome/116.0.1938.76 Safari/537.36"
66.249.64.5 - - [13/Jun/2025:08:16:10 -0400] "GET /?d=102284853260&filter=28d59e&share_to_url=shop.php%3Fid%3D3467227%26name%3Dbabyliss+titanium+expression HTTP/1.1" 200 23211 "-" "Mozilla/5.0 (Linux; Android 6.0.1; Nexus 5X Build/MMB29P) AppleWebKit/537.36 (KHTML, like Gecko) Chrome/136.0.7103.113 Mobile Safari/537.36 (compatible; Googlebot/2.1; +http://www.google.com/bot.html)"
40.77.167.51 - - [13/Jun/2025:08:16:10 -0400] "GET /?d=93779657260&filter=6e89d3&share_to_url=shop.php%3Fid%3D3177235%26name%3Dminky+bamboo+charcoal+diaper HTTP/1.1" 200 24660 "-" "Mozilla/5.0 AppleWebKit/537.36 (KHTML, like Gecko; compatible; bingbot/2.0; +http://www.bing.com/bingbot.htm) Chrome/116.0.1938.76 Safari/537.36"
207.46.13.31 - - [13/Jun/2025:08:16:11 -0400] "GET /?d=108599915260&filter=b0f8bb&share_to_url=shopdetail.php%3Fid%3D3677072%26name%3Dvintage+heavy+9ct HTTP/1.1" 200 22957 "-" "Mozilla/5.0 AppleWebKit/537.36 (KHTML, like Gecko; compatible; bingbot/2.0; +http://www.bing.com/bingbot.htm) Chrome/116.0.1938.76 Safari/537.36"
40.77.167.51 - - [13/Jun/2025:08:16:11 -0400] "GET /?d=105243649260&filter=e4b9aa&share_to_url=shopdetail.php%3Fid%3D3565592%26name%3Descada+collarless+car HTTP/1.1" 200 23397 "-" "Mozilla/5.0 AppleWebKit/537.36 (KHTML, like Gecko; compatible; bingbot/2.0; +http://www.bing.com/bingbot.htm) Chrome/116.0.1938.76 Safari/537.36"
40.77.167.51 - - [13/Jun/2025:08:16:12 -0400] "GET /?d=91643155260&filter=117b29&share_to_url=pin.php%3Fid%3D3105438%26name%3Dprofoto+a1+for+canon HTTP/1.1" 200 23268 "-" "Mozilla/5.0 AppleWebKit/537.36 (KHTML, like Gecko; compatible; bingbot/2.0; +http://www.bing.com/bingbot.htm) Chrome/116.0.1938.76 Safari/537.36"
207.46.13.31 - - [13/Jun/2025:08:16:12 -0400] "GET /?d=63867953260&filter=99857c&share_to_url=detail.php%3Fid%3D2165769%26name%3Dvrouwen+body+shaping+bodysuit HTTP/1.1" 200 24157 "-" "Mozilla/5.0 AppleWebKit/537.36 (KHTML, like Gecko; compatible; bingbot/2.0; +http://www.bing.com/bingbot.htm) Chrome/116.0.1938.76 Safari/537.36"
40.77.167.51 - - [13/Jun/2025:08:16:12 -0400] "GET /?d=95188984260&filter=8de18d&share_to_url=shop.php%3Fid%3D3224707%26name%3Dmegaphone+torque+black HTTP/1.1" 200 24282 "-" "Mozilla/5.0 AppleWebKit/537.36 (KHTML, like Gecko; compatible; bingbot/2.0; +http://www.bing.com/bingbot.htm) Chrome/116.0.1938.76 Safari/537.36"
66.249.64.5 - - [13/Jun/2025:08:16:12 -0400] "GET /?d=33558624260&filter=ca372c&share_to_url=shopdetail.php%3Fid%3D1141184%26name%3Dpost+toys+r+us+retailers HTTP/1.1" 200 23908 "-" "Mozilla/5.0 (Linux; Android 6.0.1; Nexus 5X Build/MMB29P) AppleWebKit/537.36 (KHTML, like Gecko) Chrome/136.0.7103.113 Mobile Safari/537.36 (compatible; Googlebot/2.1; +http://www.google.com/bot.html)"
52.167.144.194 - - [13/Jun/2025:08:16:13 -0400] "GET /?d=1543016260&filter=4d7b9c&share_to_url=model.php%3Fid%3D53355%26name%3Dother+stone+pickaxe HTTP/1.1" 200 24425 "-" "Mozilla/5.0 AppleWebKit/537.36 (KHTML, like Gecko; compatible; bingbot/2.0; +http://www.bing.com/bingbot.htm) Chrome/116.0.1938.76 Safari/537.36"
207.46.13.31 - - [13/Jun/2025:08:16:13 -0400] "GET /?d=68244399260&filter=efc4ff&share_to_url=product.php%3Fid%3D2313262%26name%3Dlarge+footed+cachepot+w HTTP/1.1" 200 24139 "-" "Mozilla/5.0 AppleWebKit/537.36 (KHTML, like Gecko; compatible; bingbot/2.0; +http://www.bing.com/bingbot.htm) Chrome/116.0.1938.76 Safari/537.36"
52.167.144.194 - - [13/Jun/2025:08:16:14 -0400] "GET /?d=10325848260&filter=edd546&share_to_url=shopdetail.php%3Fid%3D354212%26name%3D1more+design+crystal HTTP/1.1" 200 23934 "-" "Mozilla/5.0 AppleWebKit/537.36 (KHTML, like Gecko; compatible; bingbot/2.0; +http://www.bing.com/bingbot.htm) Chrome/116.0.1938.76 Safari/537.36"
40.77.167.51 - - [13/Jun/2025:08:16:14 -0400] "GET /?d=109100844260&filter=6d6f21&share_to_url=shop.php?id=3693451&name=cala%20orange%20handbag HTTP/1.1" 200 24436 "-" "Mozilla/5.0 AppleWebKit/537.36 (KHTML, like Gecko; compatible; bingbot/2.0; +http://www.bing.com/bingbot.htm) Chrome/116.0.1938.76 Safari/537.36"
66.249.64.5 - - [13/Jun/2025:08:16:15 -0400] "GET /?d=100558710260&filter=5919d3&share_to_url=goods.php%3Fid%3D3408287%26name%3Dnike+therma+fit+pullover HTTP/1.1" 200 23123 "-" "Mozilla/5.0 (Linux; Android 6.0.1; Nexus 5X Build/MMB29P) AppleWebKit/537.36 (KHTML, like Gecko) Chrome/136.0.7103.113 Mobile Safari/537.36 (compatible; Googlebot/2.1; +http://www.google.com/bot.html)"
52.167.144.194 - - [13/Jun/2025:08:16:15 -0400] "GET /?d=88102467260&filter=ec7398&share_to_url=goods.php%3Fid%3D2985407%26name%3Dmini+air+cooler+poratable HTTP/1.1" 200 24134 "-" "Mozilla/5.0 AppleWebKit/537.36 (KHTML, like Gecko; compatible; bingbot/2.0; +http://www.bing.com/bingbot.htm) Chrome/116.0.1938.76 Safari/537.36"
40.77.167.241 - - [13/Jun/2025:08:16:18 -0400] "GET /?d=15715054260&filter=edd546&share_to_url=discover.php%3Fid%3D535553%26name%3Dlogitech+astro+a10+wired HTTP/1.1" 200 22995 "-" "Mozilla/5.0 AppleWebKit/537.36 (KHTML, like Gecko; compatible; bingbot/2.0; +http://www.bing.com/bingbot.htm) Chrome/116.0.1938.76 Safari/537.36"
66.249.64.5 - - [13/Jun/2025:08:16:19 -0400] "GET /?d=104890903260&filter=a84eac&share_to_url=shop.php%3Fid%3D3553771%26name%3Ddockers+sale+winter HTTP/1.1" 200 24074 "-" "Mozilla/5.0 (Linux; Android 6.0.1; Nexus 5X Build/MMB29P) AppleWebKit/537.36 (KHTML, like Gecko) Chrome/136.0.7103.113 Mobile Safari/537.36 (compatible; Googlebot/2.1; +http://www.google.com/bot.html)"
52.167.144.163 - - [13/Jun/2025:08:16:20 -0400] "GET /?d=109381945260&filter=527c62&share_to_url=item.php%3Fid%3D3702709%26name%3Dbuy+35+diy+printable+love HTTP/1.1" 200 24514 "-" "Mozilla/5.0 AppleWebKit/537.36 (KHTML, like Gecko; compatible; bingbot/2.0; +http://www.bing.com/bingbot.htm) Chrome/116.0.1938.76 Safari/537.36"
52.167.144.163 - - [13/Jun/2025:08:16:22 -0400] "GET /?d=117599502260&filter=edc3db&share_to_url=article.php?id=3982622&name=30%20low%20carb%20air HTTP/1.1" 200 23773 "-" "Mozilla/5.0 AppleWebKit/537.36 (KHTML, like Gecko; compatible; bingbot/2.0; +http://www.bing.com/bingbot.htm) Chrome/116.0.1938.76 Safari/537.36"
52.167.144.163 - - [13/Jun/2025:08:16:24 -0400] "GET /?d=104158518260&filter=a8e0e6&share_to_url=model.php%3Fid%3D3529035%26name%3Dbest+dog+ever+popart HTTP/1.1" 200 24421 "-" "Mozilla/5.0 AppleWebKit/537.36 (KHTML, like Gecko; compatible; bingbot/2.0; +http://www.bing.com/bingbot.htm) Chrome/116.0.1938.76 Safari/537.36"
66.249.64.5 - - [13/Jun/2025:08:16:25 -0400] "GET /?d=114233233260&filter=f3b098&share_to_url=product.php%3Fid%3D3868390%26name%3Dcute+puppy+of HTTP/1.1" 200 24342 "-" "Mozilla/5.0 (Linux; Android 6.0.1; Nexus 5X Build/MMB29P) AppleWebKit/537.36 (KHTML, like Gecko) Chrome/136.0.7103.113 Mobile Safari/537.36 (compatible; Googlebot/2.1; +http://www.google.com/bot.html)"
207.46.13.31 - - [13/Jun/2025:08:16:29 -0400] "GET /?d=21672333260&filter=71e9aa&share_to_url=product.php%3Fid%3D735250%26name%3Dburberry+the+mini+leather HTTP/1.1" 200 23061 "-" "Mozilla/5.0 AppleWebKit/537.36 (KHTML, like Gecko; compatible; bingbot/2.0; +http://www.bing.com/bingbot.htm) Chrome/116.0.1938.76 Safari/537.36"
40.77.167.51 - - [13/Jun/2025:08:16:30 -0400] "GET /?d=92819838260&filter=4125cd&share_to_url=pin.php%3Fid%3D3144690%26name%3Dcinthol+menthol+talcum+powder HTTP/1.1" 200 23740 "-" "Mozilla/5.0 AppleWebKit/537.36 (KHTML, like Gecko; compatible; bingbot/2.0; +http://www.bing.com/bingbot.htm) Chrome/116.0.1938.76 Safari/537.36"
207.46.13.31 - - [13/Jun/2025:08:16:30 -0400] "GET /?d=107649648260&filter=4e3d0a&share_to_url=ideas.php%3Fid%3D3645240%26name%3Dsayfut+women+039+s+activewear+yoga HTTP/1.1" 200 23018 "-" "Mozilla/5.0 AppleWebKit/537.36 (KHTML, like Gecko; compatible; bingbot/2.0; +http://www.bing.com/bingbot.htm) Chrome/116.0.1938.76 Safari/537.36"
66.249.64.5 - - [13/Jun/2025:08:16:30 -0400] "GET /?d=112940820260&filter=f352db&share_to_url=pin.php%3Fid%3D3824958%26name%3Dproart+p16+h7606+laptops+for HTTP/1.1" 200 22526 "-" "Mozilla/5.0 (Linux; Android 6.0.1; Nexus 5X Build/MMB29P) AppleWebKit/537.36 (KHTML, like Gecko) Chrome/136.0.7103.113 Mobile Safari/537.36 (compatible; Googlebot/2.1; +http://www.google.com/bot.html)"
40.77.167.51 - - [13/Jun/2025:08:16:31 -0400] "GET /?d=113772561260&filter=cbedea&share_to_url=shop.php?id=3852799&name=berghaus%20kepler%202025%20air HTTP/1.1" 200 21641 "-" "Mozilla/5.0 AppleWebKit/537.36 (KHTML, like Gecko; compatible; bingbot/2.0; +http://www.bing.com/bingbot.htm) Chrome/116.0.1938.76 Safari/537.36"
207.46.13.52 - - [13/Jun/2025:08:16:35 -0400] "GET /?d=102028420260&filter=8f0945&share_to_url=product.php%3Fid%3D3458518%26name%3Dy2k+black+and HTTP/1.1" 200 24363 "-" "Mozilla/5.0 AppleWebKit/537.36 (KHTML, like Gecko; compatible; bingbot/2.0; +http://www.bing.com/bingbot.htm) Chrome/116.0.1938.76 Safari/537.36"
66.249.64.5 - - [13/Jun/2025:08:16:36 -0400] "GET /?d=55226902260&filter=8c70c3&share_to_url=product.php%3Fid%3D1875418%26name%3Dadidas+rom+eatmoreshoes HTTP/1.1" 200 21965 "-" "Mozilla/5.0 (Linux; Android 6.0.1; Nexus 5X Build/MMB29P) AppleWebKit/537.36 (KHTML, like Gecko) Chrome/136.0.7103.113 Mobile Safari/537.36 (compatible; Googlebot/2.1; +http://www.google.com/bot.html)"
66.249.64.5 - - [13/Jun/2025:08:16:37 -0400] "GET /?d=90706138260&filter=38bb7f&share_to_url=ideas.php%3Fid%3D3074280%26name%3Dkinder+sportschuhe+f+c3+bcr+m+c3+a4dchen HTTP/1.1" 200 23630 "-" "Mozilla/5.0 (Linux; Android 6.0.1; Nexus 5X Build/MMB29P) AppleWebKit/537.36 (KHTML, like Gecko) Chrome/136.0.7103.113 Mobile Safari/537.36 (compatible; Googlebot/2.1; +http://www.google.com/bot.html)"
52.167.144.194 - - [13/Jun/2025:08:16:39 -0400] "GET /?d=89284104260&filter=03bb2d&share_to_url=ideas.php%3Fid%3D3026424%26name%3Dpendleton+quilted+cpo+shirt HTTP/1.1" 200 24157 "-" "Mozilla/5.0 AppleWebKit/537.36 (KHTML, like Gecko; compatible; bingbot/2.0; +http://www.bing.com/bingbot.htm) Chrome/116.0.1938.76 Safari/537.36"
66.249.64.5 - - [13/Jun/2025:08:16:39 -0400] "GET /?d=84705822260&filter=853889&share_to_url=article.php%3Fid%3D2868878%26name%3Dfrancisco+lindor+s+new+balance HTTP/1.1" 200 21550 "-" "Mozilla/5.0 (Linux; Android 6.0.1; Nexus 5X Build/MMB29P) AppleWebKit/537.36 (KHTML, like Gecko) Chrome/136.0.7103.113 Mobile Safari/537.36 (compatible; Googlebot/2.1; +http://www.google.com/bot.html)"
66.249.64.131 - - [13/Jun/2025:08:16:42 -0400] "GET /?d=116248052260&filter=cc3603&share_to_url=detail.php%3Fid%3D3936909%26name%3Dclarks+blake+store HTTP/1.1" 200 22627 "-" "Mozilla/5.0 (Linux; Android 6.0.1; Nexus 5X Build/MMB29P) AppleWebKit/537.36 (KHTML, like Gecko) Chrome/136.0.7103.113 Mobile Safari/537.36 (compatible; Googlebot/2.1; +http://www.google.com/bot.html)"
207.46.13.31 - - [13/Jun/2025:08:16:44 -0400] "GET /?d=32271029260&filter=fec9b7&share_to_url=model.php%3Fid%3D1096791%26name%3Ddouble+scorpion+necklace HTTP/1.1" 200 23897 "-" "Mozilla/5.0 AppleWebKit/537.36 (KHTML, like Gecko; compatible; bingbot/2.0; +http://www.bing.com/bingbot.htm) Chrome/116.0.1938.76 Safari/537.36"
66.249.64.131 - - [13/Jun/2025:08:16:44 -0400] "GET /?d=99983708260&filter=8dea3f&share_to_url=shop.php%3Fid%3D3388591%26name%3Dvector+illustration+of+two HTTP/1.1" 200 23168 "-" "Mozilla/5.0 (Linux; Android 6.0.1; Nexus 5X Build/MMB29P) AppleWebKit/537.36 (KHTML, like Gecko) Chrome/136.0.7103.113 Mobile Safari/537.36 (compatible; Googlebot/2.1; +http://www.google.com/bot.html)"
66.249.64.131 - - [13/Jun/2025:08:16:47 -0400] "GET /?d=98972331260&filter=ea8803&share_to_url=product.php%3Fid%3D3354154%26name%3Dostrich+backpack HTTP/1.1" 200 23192 "-" "Mozilla/5.0 (Linux; Android 6.0.1; Nexus 5X Build/MMB29P) AppleWebKit/537.36 (KHTML, like Gecko) Chrome/136.0.7103.113 Mobile Safari/537.36 (compatible; Googlebot/2.1; +http://www.google.com/bot.html)"
52.167.144.194 - - [13/Jun/2025:08:16:48 -0400] "GET /?d=43696721260&filter=2aa707&share_to_url=ideas.php%3Fid%3D1482948%26name%3Dfill+your+house HTTP/1.1" 200 24112 "-" "Mozilla/5.0 AppleWebKit/537.36 (KHTML, like Gecko; compatible; bingbot/2.0; +http://www.bing.com/bingbot.htm) Chrome/116.0.1938.76 Safari/537.36"
52.167.144.194 - - [13/Jun/2025:08:16:48 -0400] "GET /?d=67246545260&filter=95c78c&share_to_url=pin.php%3Fid%3D2279502%26name%3Dblusa+feminina+bata+com HTTP/1.1" 200 23861 "-" "Mozilla/5.0 AppleWebKit/537.36 (KHTML, like Gecko; compatible; bingbot/2.0; +http://www.bing.com/bingbot.htm) Chrome/116.0.1938.76 Safari/537.36"
40.77.167.241 - - [13/Jun/2025:08:16:48 -0400] "GET /?d=96277552260&filter=b4da41&share_to_url=shop.php%3Fid%3D3261835%26name%3Dmoda+tubino+nero HTTP/1.1" 200 22990 "-" "Mozilla/5.0 AppleWebKit/537.36 (KHTML, like Gecko; compatible; bingbot/2.0; +http://www.bing.com/bingbot.htm) Chrome/116.0.1938.76 Safari/537.36"
66.249.64.131 - - [13/Jun/2025:08:16:49 -0400] "GET /?d=98276602260&filter=1377c9&share_to_url=product-page.php%3Fid%3D3330268%26name%3Dcoffret+12+montres+en+cuir HTTP/1.1" 200 22641 "-" "Mozilla/5.0 (Linux; Android 6.0.1; Nexus 5X Build/MMB29P) AppleWebKit/537.36 (KHTML, like Gecko) Chrome/136.0.7103.113 Mobile Safari/537.36 (compatible; Googlebot/2.1; +http://www.google.com/bot.html)"
52.167.144.163 - - [13/Jun/2025:08:16:49 -0400] "GET /?d=111821836260&filter=80d279&share_to_url=model.php%3Fid%3D3787443%26name%3Dkitchen+riffs+oven+slow+cooked HTTP/1.1" 200 23272 "-" "Mozilla/5.0 AppleWebKit/537.36 (KHTML, like Gecko; compatible; bingbot/2.0; +http://www.bing.com/bingbot.htm) Chrome/116.0.1938.76 Safari/537.36"
66.249.64.131 - - [13/Jun/2025:08:16:52 -0400] "GET /?d=102494135260&filter=8928c2&share_to_url=model.php%3Fid%3D3474075%26name%3Dtorrid+collarless+cropped+stretch+jean HTTP/1.1" 200 23668 "-" "Mozilla/5.0 (Linux; Android 6.0.1; Nexus 5X Build/MMB29P) AppleWebKit/537.36 (KHTML, like Gecko) Chrome/136.0.7103.113 Mobile Safari/537.36 (compatible; Googlebot/2.1; +http://www.google.com/bot.html)"
66.249.64.131 - - [13/Jun/2025:08:16:54 -0400] "GET /?d=113433852260&filter=9e9754&share_to_url=model.php%3Fid%3D3841635%26name%3Dskinnytaste+chicken HTTP/1.1" 200 23609 "-" "Mozilla/5.0 (Linux; Android 6.0.1; Nexus 5X Build/MMB29P) AppleWebKit/537.36 (KHTML, like Gecko) Chrome/136.0.7103.113 Mobile Safari/537.36 (compatible; Googlebot/2.1; +http://www.google.com/bot.html)"
66.249.64.131 - - [13/Jun/2025:08:16:57 -0400] "GET /?d=109311595260&filter=0325d7&share_to_url=product-page.php%3Fid%3D3700480%26name%3Drcm+gold+chudi HTTP/1.1" 200 22554 "-" "Mozilla/5.0 (Linux; Android 6.0.1; Nexus 5X Build/MMB29P) AppleWebKit/537.36 (KHTML, like Gecko) Chrome/136.0.7103.113 Mobile Safari/537.36 (compatible; Googlebot/2.1; +http://www.google.com/bot.html)"
66.249.64.131 - - [13/Jun/2025:08:16:58 -0400] "GET /?d=100135201260&filter=ab7dfe&share_to_url=detail.php%3Fid%3D3393729%26name%3D804+baby+brand+diapers HTTP/1.1" 200 22878 "-" "Mozilla/5.0 (Linux; Android 6.0.1; Nexus 5X Build/MMB29P) AppleWebKit/537.36 (KHTML, like Gecko) Chrome/136.0.7103.113 Mobile Safari/537.36 (compatible; Googlebot/2.1; +http://www.google.com/bot.html)"
40.77.167.241 - - [13/Jun/2025:08:16:58 -0400] "GET /?d=93748095260&filter=be3b7c&share_to_url=item.php%3Fid%3D3176053%26name%3Dporteur+top+remorque HTTP/1.1" 200 23218 "-" "Mozilla/5.0 AppleWebKit/537.36 (KHTML, like Gecko; compatible; bingbot/2.0; +http://www.bing.com/bingbot.htm) Chrome/116.0.1938.76 Safari/537.36"
40.77.167.241 - - [13/Jun/2025:08:16:59 -0400] "GET /?d=91689968260&filter=d07a8e&share_to_url=discover.php%3Fid%3D3106985%26name%3Dyashica+mf+35mm+film HTTP/1.1" 200 22278 "-" "Mozilla/5.0 AppleWebKit/537.36 (KHTML, like Gecko; compatible; bingbot/2.0; +http://www.bing.com/bingbot.htm) Chrome/116.0.1938.76 Safari/537.36"
40.77.167.241 - - [13/Jun/2025:08:17:00 -0400] "GET /?d=24761345260&filter=2aa707&share_to_url=ideas.php%3Fid%3D838992%26name%3Dintex+music+streaming+made HTTP/1.1" 200 23879 "-" "Mozilla/5.0 AppleWebKit/537.36 (KHTML, like Gecko; compatible; bingbot/2.0; +http://www.bing.com/bingbot.htm) Chrome/116.0.1938.76 Safari/537.36"
207.46.13.52 - - [13/Jun/2025:08:17:00 -0400] "GET /?d=94625352260&filter=44b0ce&share_to_url=item.php%3Fid%3D3206269%26name%3Drag+bone+carter+penny HTTP/1.1" 200 22706 "-" "Mozilla/5.0 AppleWebKit/537.36 (KHTML, like Gecko; compatible; bingbot/2.0; +http://www.bing.com/bingbot.htm) Chrome/116.0.1938.76 Safari/537.36"
66.249.64.132 - - [13/Jun/2025:08:17:02 -0400] "GET /?d=117347985260&filter=cdc800&share_to_url=discover.php%3Fid%3D3974213%26name%3Dlotus+tiger+pyjama+shirt HTTP/1.1" 200 24218 "-" "Mozilla/5.0 (Linux; Android 6.0.1; Nexus 5X Build/MMB29P) AppleWebKit/537.36 (KHTML, like Gecko) Chrome/136.0.7103.113 Mobile Safari/537.36 (compatible; Googlebot/2.1; +http://www.google.com/bot.html)"
207.46.13.52 - - [13/Jun/2025:08:17:03 -0400] "GET /?d=93380173260&filter=882616&share_to_url=product-page.php%3Fid%3D3163648%26name%3Dhollister+zip+2025+hoodie HTTP/1.1" 200 22484 "-" "Mozilla/5.0 AppleWebKit/537.36 (KHTML, like Gecko; compatible; bingbot/2.0; +http://www.bing.com/bingbot.htm) Chrome/116.0.1938.76 Safari/537.36"
52.167.144.194 - - [13/Jun/2025:08:17:03 -0400] "GET /?d=12681646260&filter=21c061&share_to_url=discover.php%3Fid%3D433085%26name%3Dtilley+t3+wanderer+hat HTTP/1.1" 200 21907 "-" "Mozilla/5.0 AppleWebKit/537.36 (KHTML, like Gecko; compatible; bingbot/2.0; +http://www.bing.com/bingbot.htm) Chrome/116.0.1938.76 Safari/537.36"
52.167.144.194 - - [13/Jun/2025:08:17:04 -0400] "GET /?d=89137730260&filter=343282&share_to_url=product.php%3Fid%3D3021334%26name%3Dreport+michael+porter HTTP/1.1" 200 22098 "-" "Mozilla/5.0 AppleWebKit/537.36 (KHTML, like Gecko; compatible; bingbot/2.0; +http://www.bing.com/bingbot.htm) Chrome/116.0.1938.76 Safari/537.36"
66.249.64.131 - - [13/Jun/2025:08:17:06 -0400] "GET /?d=108960442260&filter=aca5ca&share_to_url=discover.php%3Fid%3D3688937%26name%3Dgodrej+5mp+16+ch HTTP/1.1" 200 24207 "-" "Mozilla/5.0 (Linux; Android 6.0.1; Nexus 5X Build/MMB29P) AppleWebKit/537.36 (KHTML, like Gecko) Chrome/136.0.7103.113 Mobile Safari/537.36 (compatible; Googlebot/2.1; +http://www.google.com/bot.html)"
66.249.64.132 - - [13/Jun/2025:08:17:06 -0400] "GET /?d=91990417260&filter=437220&share_to_url=discover.php%3Fid%3D3116441%26name%3Dallen+edmonds+33+039+039+glazed HTTP/1.1" 200 23036 "-" "Mozilla/5.0 (Linux; Android 6.0.1; Nexus 5X Build/MMB29P) AppleWebKit/537.36 (KHTML, like Gecko) Chrome/136.0.7103.113 Mobile Safari/537.36 (compatible; Googlebot/2.1; +http://www.google.com/bot.html)"
66.249.64.131 - - [13/Jun/2025:08:17:08 -0400] "GET /?d=94197316260&filter=5b8aed&share_to_url=product-page.php%3Fid%3D3191980%26name%3Dlove+me+my+hero HTTP/1.1" 200 24487 "-" "Mozilla/5.0 (Linux; Android 6.0.1; Nexus 5X Build/MMB29P) AppleWebKit/537.36 (KHTML, like Gecko) Chrome/136.0.7103.113 Mobile Safari/537.36 (compatible; Googlebot/2.1; +http://www.google.com/bot.html)"
66.249.64.131 - - [13/Jun/2025:08:17:11 -0400] "GET /?d=104797115260&filter=473a61&share_to_url=shopdetail.php%3Fid%3D3550868%26name%3Dpersonalized+initial+alphabet+necklace+with HTTP/1.1" 200 22973 "-" "Mozilla/5.0 (Linux; Android 6.0.1; Nexus 5X Build/MMB29P) AppleWebKit/537.36 (KHTML, like Gecko) Chrome/136.0.7103.113 Mobile Safari/537.36 (compatible; Googlebot/2.1; +http://www.google.com/bot.html)"
66.249.64.6 - - [13/Jun/2025:08:17:14 -0400] "GET /?d=82972406260&filter=5e40a7&share_to_url=article.php%3Fid%3D2810510%26name%3Dfrench+sfbj+doll+marked HTTP/1.1" 200 24152 "-" "Mozilla/5.0 (Linux; Android 6.0.1; Nexus 5X Build/MMB29P) AppleWebKit/537.36 (KHTML, like Gecko) Chrome/136.0.7103.113 Mobile Safari/537.36 (compatible; Googlebot/2.1; +http://www.google.com/bot.html)"
66.249.64.131 - - [13/Jun/2025:08:17:14 -0400] "GET /?d=117127983260&filter=83f648&share_to_url=detail.php%3Fid%3D3966633%26name%3Dlentes+para+cara+sales HTTP/1.1" 200 22844 "-" "Mozilla/5.0 (Linux; Android 6.0.1; Nexus 5X Build/MMB29P) AppleWebKit/537.36 (KHTML, like Gecko) Chrome/136.0.7103.113 Mobile Safari/537.36 (compatible; Googlebot/2.1; +http://www.google.com/bot.html)"
66.249.64.131 - - [13/Jun/2025:08:17:16 -0400] "GET /?d=97700976260&filter=02c089&share_to_url=shop.php%3Fid%3D3311179%26name%3D50+off HTTP/1.1" 200 24001 "-" "Mozilla/5.0 (Linux; Android 6.0.1; Nexus 5X Build/MMB29P) AppleWebKit/537.36 (KHTML, like Gecko) Chrome/136.0.7103.113 Mobile Safari/537.36 (compatible; Googlebot/2.1; +http://www.google.com/bot.html)"
40.77.167.241 - - [13/Jun/2025:08:17:18 -0400] "GET /?d=86591555260&filter=997939&share_to_url=shop.php%3Fid%3D2933947%26name%3Dpre+owned+mario+kart HTTP/1.1" 200 22347 "-" "Mozilla/5.0 AppleWebKit/537.36 (KHTML, like Gecko; compatible; bingbot/2.0; +http://www.bing.com/bingbot.htm) Chrome/116.0.1938.76 Safari/537.36"
207.46.13.52 - - [13/Jun/2025:08:17:19 -0400] "GET /?d=110744840260&filter=967b54&share_to_url=shopdetail.php?id=3749492&name=simple%20tips%20to%20get HTTP/1.1" 200 24332 "-" "Mozilla/5.0 AppleWebKit/537.36 (KHTML, like Gecko; compatible; bingbot/2.0; +http://www.bing.com/bingbot.htm) Chrome/116.0.1938.76 Safari/537.36"
66.249.64.131 - - [13/Jun/2025:08:17:19 -0400] "GET /?d=102177837260&filter=437220&share_to_url=ideas.php%3Fid%3D3463404%26name%3Dshoe+charms+jibbitz HTTP/1.1" 200 24146 "-" "Mozilla/5.0 (Linux; Android 6.0.1; Nexus 5X Build/MMB29P) AppleWebKit/537.36 (KHTML, like Gecko) Chrome/136.0.7103.113 Mobile Safari/537.36 (compatible; Googlebot/2.1; +http://www.google.com/bot.html)"
207.46.13.52 - - [13/Jun/2025:08:17:19 -0400] "GET /?d=99706552260&filter=967b54&share_to_url=detail.php%3Fid%3D3379233%26name%3Dpets+avenue+veterinary+clinic HTTP/1.1" 200 23679 "-" "Mozilla/5.0 AppleWebKit/537.36 (KHTML, like Gecko; compatible; bingbot/2.0; +http://www.bing.com/bingbot.htm) Chrome/116.0.1938.76 Safari/537.36"
66.249.64.131 - - [13/Jun/2025:08:17:22 -0400] "GET /?d=99092378260&filter=cdc800&share_to_url=ideas.php%3Fid%3D3358368%26name%3Dgifts+for+men+pajamas+personalized HTTP/1.1" 200 24143 "-" "Mozilla/5.0 (Linux; Android 6.0.1; Nexus 5X Build/MMB29P) AppleWebKit/537.36 (KHTML, like Gecko) Chrome/136.0.7103.113 Mobile Safari/537.36 (compatible; Googlebot/2.1; +http://www.google.com/bot.html)"
207.46.13.31 - - [13/Jun/2025:08:17:22 -0400] "GET /?d=14614773260&filter=6f993e&share_to_url=item.php%3Fid%3D498193%26name%3Dassos+mercedes+sale HTTP/1.1" 200 23358 "-" "Mozilla/5.0 AppleWebKit/537.36 (KHTML, like Gecko; compatible; bingbot/2.0; +http://www.bing.com/bingbot.htm) Chrome/116.0.1938.76 Safari/537.36"
207.46.13.31 - - [13/Jun/2025:08:17:23 -0400] "GET /?d=78015480260&filter=7ffa06&share_to_url=product.php%3Fid%3D2642734%26name%3Dnine+animal+welfare HTTP/1.1" 200 24447 "-" "Mozilla/5.0 AppleWebKit/537.36 (KHTML, like Gecko; compatible; bingbot/2.0; +http://www.bing.com/bingbot.htm) Chrome/116.0.1938.76 Safari/537.36"
52.167.144.163 - - [13/Jun/2025:08:17:23 -0400] "GET /?d=88962145260&filter=bfc81f&share_to_url=article.php%3Fid%3D3015182%26name%3Dthe+best+mountain+biking HTTP/1.1" 200 23873 "-" "Mozilla/5.0 AppleWebKit/537.36 (KHTML, like Gecko; compatible; bingbot/2.0; +http://www.bing.com/bingbot.htm) Chrome/116.0.1938.76 Safari/537.36"
66.249.64.5 - - [13/Jun/2025:08:17:25 -0400] "GET /?d=99668151260&filter=d14653&share_to_url=model.php%3Fid%3D3377763%26name%3Dreusch+attract+sg+goalkeeper+gloves HTTP/1.1" 200 22893 "-" "Mozilla/5.0 (Linux; Android 6.0.1; Nexus 5X Build/MMB29P) AppleWebKit/537.36 (KHTML, like Gecko) Chrome/136.0.7103.113 Mobile Safari/537.36 (compatible; Googlebot/2.1; +http://www.google.com/bot.html)"
66.249.64.131 - - [13/Jun/2025:08:17:26 -0400] "GET /?d=117786193260&filter=ff01e2&share_to_url=goods.php%3Fid%3D3989003%26name%3Dmodern+y68+smartwatch HTTP/1.1" 200 23579 "-" "Mozilla/5.0 (Linux; Android 6.0.1; Nexus 5X Build/MMB29P) AppleWebKit/537.36 (KHTML, like Gecko) Chrome/136.0.7103.113 Mobile Safari/537.36 (compatible; Googlebot/2.1; +http://www.google.com/bot.html)"
66.249.64.131 - - [13/Jun/2025:08:17:27 -0400] "GET /?d=112374671260&filter=132c35&share_to_url=shop.php%3Fid%3D3806323%26name%3Dty+beanie+baby+chinook HTTP/1.1" 200 23031 "-" "Mozilla/5.0 (Linux; Android 6.0.1; Nexus 5X Build/MMB29P) AppleWebKit/537.36 (KHTML, like Gecko) Chrome/136.0.7103.113 Mobile Safari/537.36 (compatible; Googlebot/2.1; +http://www.google.com/bot.html)"
207.46.13.52 - - [13/Jun/2025:08:17:29 -0400] "GET /?d=105871110260&filter=47786d&share_to_url=shop.php?id=3586027&name=chaussures%20homme%20zamberlan%20ull%20gtx HTTP/1.1" 200 22479 "-" "Mozilla/5.0 AppleWebKit/537.36 (KHTML, like Gecko; compatible; bingbot/2.0; +http://www.bing.com/bingbot.htm) Chrome/116.0.1938.76 Safari/537.36"
66.249.64.5 - - [13/Jun/2025:08:17:30 -0400] "GET /?d=108138172260&filter=315f2d&share_to_url=article.php%3Fid%3D3661334%26name%3Dearphones+mini+usb+stock+photo HTTP/1.1" 200 24180 "-" "Mozilla/5.0 (Linux; Android 6.0.1; Nexus 5X Build/MMB29P) AppleWebKit/537.36 (KHTML, like Gecko) Chrome/136.0.7103.113 Mobile Safari/537.36 (compatible; Googlebot/2.1; +http://www.google.com/bot.html)"
