207.46.13.52 - - [13/Jun/2025:08:22:55 -0400] "GET /?d=92565800260&filter=3699f1&share_to_url=goods.php%3Fid%3D3136175%26name%3Dperuvian+lily+aspca HTTP/1.1" 200 23178 "-" "Mozilla/5.0 AppleWebKit/537.36 (KHTML, like Gecko; compatible; bingbot/2.0; +http://www.bing.com/bingbot.htm) Chrome/116.0.1938.76 Safari/537.36"
66.249.64.131 - - [13/Jun/2025:08:22:56 -0400] "GET /?d=97494661260&filter=8c36c9&share_to_url=article.php%3Fid%3D3303830%26name%3Dwhy+sprite+brought+back HTTP/1.1" 200 22308 "-" "Mozilla/5.0 (Linux; Android 6.0.1; Nexus 5X Build/MMB29P) AppleWebKit/537.36 (KHTML, like Gecko) Chrome/136.0.7103.113 Mobile Safari/537.36 (compatible; Googlebot/2.1; +http://www.google.com/bot.html)"
66.249.64.132 - - [13/Jun/2025:08:22:59 -0400] "GET /?d=118036869260&filter=b3fa34&share_to_url=shop.php%3Fid%3D3997231%26name%3Dyouth+premier+short+baseball HTTP/1.1" 200 22461 "-" "Mozilla/5.0 (Linux; Android 6.0.1; Nexus 5X Build/MMB29P) AppleWebKit/537.36 (KHTML, like Gecko) Chrome/136.0.7103.113 Mobile Safari/537.36 (compatible; Googlebot/2.1; +http://www.google.com/bot.html)"
66.249.64.131 - - [13/Jun/2025:08:23:01 -0400] "GET /?d=113957173260&filter=4fcc39&share_to_url=item.php%3Fid%3D3859357%26name%3Deverlast+double+end+heavy+bag HTTP/1.1" 200 23406 "-" "Mozilla/5.0 (Linux; Android 6.0.1; Nexus 5X Build/MMB29P) AppleWebKit/537.36 (KHTML, like Gecko) Chrome/136.0.7103.113 Mobile Safari/537.36 (compatible; Googlebot/2.1; +http://www.google.com/bot.html)"
66.249.64.132 - - [13/Jun/2025:08:23:01 -0400] "GET /?d=116057892260&filter=704f9f&share_to_url=ideas.php%3Fid%3D3930132%26name%3Dpuma+thunder+desert HTTP/1.1" 200 21916 "-" "Mozilla/5.0 (Linux; Android 6.0.1; Nexus 5X Build/MMB29P) AppleWebKit/537.36 (KHTML, like Gecko) Chrome/136.0.7103.113 Mobile Safari/537.36 (compatible; Googlebot/2.1; +http://www.google.com/bot.html)"
66.249.64.131 - - [13/Jun/2025:08:23:04 -0400] "GET /?d=94703368260&filter=2de970&share_to_url=pin.php%3Fid%3D3208938%26name%3Dnintendo+celebrating+super HTTP/1.1" 200 22673 "-" "Mozilla/5.0 (Linux; Android 6.0.1; Nexus 5X Build/MMB29P) AppleWebKit/537.36 (KHTML, like Gecko) Chrome/136.0.7103.113 Mobile Safari/537.36 (compatible; Googlebot/2.1; +http://www.google.com/bot.html)"
66.249.64.132 - - [13/Jun/2025:08:23:07 -0400] "GET /?d=96557466260&filter=8628ab&share_to_url=shop.php%3Fid%3D3271615%26name%3Dcostume+john+richmond+x+swimboxer HTTP/1.1" 200 22326 "-" "Mozilla/5.0 (Linux; Android 6.0.1; Nexus 5X Build/MMB29P) AppleWebKit/537.36 (KHTML, like Gecko) Chrome/136.0.7103.113 Mobile Safari/537.36 (compatible; Googlebot/2.1; +http://www.google.com/bot.html)"
52.167.144.194 - - [13/Jun/2025:08:23:09 -0400] "GET /?d=17460652260&filter=f7abf7&share_to_url=article.php%3Fid%3D594410%26name%3Dlizzie+store+wedge HTTP/1.1" 200 23913 "-" "Mozilla/5.0 AppleWebKit/537.36 (KHTML, like Gecko; compatible; bingbot/2.0; +http://www.bing.com/bingbot.htm) Chrome/116.0.1938.76 Safari/537.36"
52.167.144.163 - - [13/Jun/2025:08:23:09 -0400] "GET /?d=115189603260&filter=761695&share_to_url=product.php?id=3900586&name=pet%20first%20aid%20how HTTP/1.1" 200 23617 "-" "Mozilla/5.0 AppleWebKit/537.36 (KHTML, like Gecko; compatible; bingbot/2.0; +http://www.bing.com/bingbot.htm) Chrome/116.0.1938.76 Safari/537.36"
52.167.144.186 - - [13/Jun/2025:08:23:10 -0400] "GET /?d=69746555260&filter=c08dc8&share_to_url=discover.php%3Fid%3D2363549%26name%3Damazon+prime+day+las+mejores HTTP/1.1" 200 23154 "-" "Mozilla/5.0 AppleWebKit/537.36 (KHTML, like Gecko; compatible; bingbot/2.0; +http://www.bing.com/bingbot.htm) Chrome/116.0.1938.76 Safari/537.36"
66.249.64.131 - - [13/Jun/2025:08:23:10 -0400] "GET /?d=110497182260&filter=90e35c&share_to_url=model.php%3Fid%3D3740631%26name%3Dbicicleta+est%C3%A1tica+pt+324 HTTP/1.1" 200 22473 "-" "Mozilla/5.0 (Linux; Android 6.0.1; Nexus 5X Build/MMB29P) AppleWebKit/537.36 (KHTML, like Gecko) Chrome/136.0.7103.113 Mobile Safari/537.36 (compatible; Googlebot/2.1; +http://www.google.com/bot.html)"
52.167.144.186 - - [13/Jun/2025:08:23:11 -0400] "GET /?d=17775004260&filter=c0d598&share_to_url=pin.php%3Fid%3D604446%26name%3Dshort+de+bain+faguo HTTP/1.1" 200 23330 "-" "Mozilla/5.0 AppleWebKit/537.36 (KHTML, like Gecko; compatible; bingbot/2.0; +http://www.bing.com/bingbot.htm) Chrome/116.0.1938.76 Safari/537.36"
52.167.144.186 - - [13/Jun/2025:08:23:11 -0400] "GET /?d=16512443260&filter=c79531&share_to_url=detail.php%3Fid%3D562797%26name%3Dthis+year+s+hot HTTP/1.1" 200 24417 "-" "Mozilla/5.0 AppleWebKit/537.36 (KHTML, like Gecko; compatible; bingbot/2.0; +http://www.bing.com/bingbot.htm) Chrome/116.0.1938.76 Safari/537.36"
207.46.13.31 - - [13/Jun/2025:08:23:11 -0400] "GET /?d=21693007260&filter=ada5f8&share_to_url=goods.php%3Fid%3D736019%26name%3Ddenia+wooden HTTP/1.1" 200 23557 "-" "Mozilla/5.0 AppleWebKit/537.36 (KHTML, like Gecko; compatible; bingbot/2.0; +http://www.bing.com/bingbot.htm) Chrome/116.0.1938.76 Safari/537.36"
207.46.13.52 - - [13/Jun/2025:08:23:11 -0400] "GET /?d=87884830260&filter=fa5724&share_to_url=pin.php%3Fid%3D2978082%26name%3Dchains+all HTTP/1.1" 200 24785 "-" "Mozilla/5.0 AppleWebKit/537.36 (KHTML, like Gecko; compatible; bingbot/2.0; +http://www.bing.com/bingbot.htm) Chrome/116.0.1938.76 Safari/537.36"
40.77.167.241 - - [13/Jun/2025:08:23:11 -0400] "GET /?d=100948672260&filter=fd45ef&share_to_url=product-page.php%3Fid%3D3421792%26name%3Denjoy+some+classic+thomas+promotion HTTP/1.1" 200 23250 "-" "Mozilla/5.0 AppleWebKit/537.36 (KHTML, like Gecko; compatible; bingbot/2.0; +http://www.bing.com/bingbot.htm) Chrome/116.0.1938.76 Safari/537.36"
52.167.144.186 - - [13/Jun/2025:08:23:12 -0400] "GET /?d=76481052260&filter=14708a&share_to_url=ideas.php%3Fid%3D2591892%26name%3Dfsa+bike+components HTTP/1.1" 200 23153 "-" "Mozilla/5.0 AppleWebKit/537.36 (KHTML, like Gecko; compatible; bingbot/2.0; +http://www.bing.com/bingbot.htm) Chrome/116.0.1938.76 Safari/537.36"
66.249.64.131 - - [13/Jun/2025:08:23:12 -0400] "GET /?d=69123423260&filter=9e9754&share_to_url=item.php%3Fid%3D2342245%26name%3Damazing+benefits HTTP/1.1" 200 23902 "-" "Mozilla/5.0 (Linux; Android 6.0.1; Nexus 5X Build/MMB29P) AppleWebKit/537.36 (KHTML, like Gecko) Chrome/136.0.7103.113 Mobile Safari/537.36 (compatible; Googlebot/2.1; +http://www.google.com/bot.html)"
40.77.167.241 - - [13/Jun/2025:08:23:13 -0400] "GET /?d=65671498260&filter=8ac724&share_to_url=pin.php%3Fid%3D2226762%26name%3Ddiy+home+depot+bracelet HTTP/1.1" 200 24676 "-" "Mozilla/5.0 AppleWebKit/537.36 (KHTML, like Gecko; compatible; bingbot/2.0; +http://www.bing.com/bingbot.htm) Chrome/116.0.1938.76 Safari/537.36"
40.77.167.51 - - [13/Jun/2025:08:23:14 -0400] "GET /?d=109223320260&filter=593d11&share_to_url=pin.php%3Fid%3D3697554%26name%3Dadidas+cleat+white+white+silver HTTP/1.1" 200 23038 "-" "Mozilla/5.0 AppleWebKit/537.36 (KHTML, like Gecko; compatible; bingbot/2.0; +http://www.bing.com/bingbot.htm) Chrome/116.0.1938.76 Safari/537.36"
40.77.167.241 - - [13/Jun/2025:08:23:14 -0400] "GET /?d=87603036260&filter=cdc800&share_to_url=product.php%3Fid%3D2968366%26name%3Dcotton+us+size HTTP/1.1" 200 25113 "-" "Mozilla/5.0 AppleWebKit/537.36 (KHTML, like Gecko; compatible; bingbot/2.0; +http://www.bing.com/bingbot.htm) Chrome/116.0.1938.76 Safari/537.36"
40.77.167.241 - - [13/Jun/2025:08:23:15 -0400] "GET /?d=87631111260&filter=5837f7&share_to_url=item.php%3Fid%3D2969461%26name%3Dthomson+carter+unisex HTTP/1.1" 200 24093 "-" "Mozilla/5.0 AppleWebKit/537.36 (KHTML, like Gecko; compatible; bingbot/2.0; +http://www.bing.com/bingbot.htm) Chrome/116.0.1938.76 Safari/537.36"
66.249.64.131 - - [13/Jun/2025:08:23:15 -0400] "GET /?d=110543402260&filter=f7053f&share_to_url=ideas.php%3Fid%3D3742368%26name%3Dteacher+gift+bag+thank+you HTTP/1.1" 200 22849 "-" "Mozilla/5.0 (Linux; Android 6.0.1; Nexus 5X Build/MMB29P) AppleWebKit/537.36 (KHTML, like Gecko) Chrome/136.0.7103.113 Mobile Safari/537.36 (compatible; Googlebot/2.1; +http://www.google.com/bot.html)"
66.249.64.131 - - [13/Jun/2025:08:23:18 -0400] "GET /?d=117013075260&filter=649af0&share_to_url=product.php%3Fid%3D3962578%26name%3Darmbanduhr+damen+vintage+stil+uhren+damen+geschenk+f%C3%BCr HTTP/1.1" 200 23252 "-" "Mozilla/5.0 (Linux; Android 6.0.1; Nexus 5X Build/MMB29P) AppleWebKit/537.36 (KHTML, like Gecko) Chrome/136.0.7103.113 Mobile Safari/537.36 (compatible; Googlebot/2.1; +http://www.google.com/bot.html)"
52.167.144.186 - - [13/Jun/2025:08:23:19 -0400] "GET /?d=68195679260&filter=bdaf2f&share_to_url=pin.php%3Fid%3D2311650%26name%3Ditalian+furniture+twist+196 HTTP/1.1" 200 24484 "-" "Mozilla/5.0 AppleWebKit/537.36 (KHTML, like Gecko; compatible; bingbot/2.0; +http://www.bing.com/bingbot.htm) Chrome/116.0.1938.76 Safari/537.36"
40.77.167.51 - - [13/Jun/2025:08:23:20 -0400] "GET /?d=104962849260&filter=fd4510&share_to_url=shop.php%3Fid%3D3556111%26name%3Dsw+800 HTTP/1.1" 200 22986 "-" "Mozilla/5.0 AppleWebKit/537.36 (KHTML, like Gecko; compatible; bingbot/2.0; +http://www.bing.com/bingbot.htm) Chrome/116.0.1938.76 Safari/537.36"
66.249.64.131 - - [13/Jun/2025:08:23:21 -0400] "GET /?d=112255982260&filter=e92320&share_to_url=detail.php%3Fid%3D3802449%26name%3Dropa+y+pijamas HTTP/1.1" 200 23458 "-" "Mozilla/5.0 (Linux; Android 6.0.1; Nexus 5X Build/MMB29P) AppleWebKit/537.36 (KHTML, like Gecko) Chrome/136.0.7103.113 Mobile Safari/537.36 (compatible; Googlebot/2.1; +http://www.google.com/bot.html)"
66.249.64.7 - - [13/Jun/2025:08:23:21 -0400] "GET /?d=110618977260&filter=e2d2b7&share_to_url=detail.php%3Fid%3D3744945%26name%3Dsudadera+betis+f%C3%BAtbol+b%C3%A9tico HTTP/1.1" 200 24124 "-" "Mozilla/5.0 (Linux; Android 6.0.1; Nexus 5X Build/MMB29P) AppleWebKit/537.36 (KHTML, like Gecko) Chrome/136.0.7103.113 Mobile Safari/537.36 (compatible; Googlebot/2.1; +http://www.google.com/bot.html)"
66.249.64.131 - - [13/Jun/2025:08:23:21 -0400] "GET /?d=59923250260&filter=d6afcf&share_to_url=model.php%3Fid%3D2033691%26name%3Dfuel+injector+bajaj+dominar HTTP/1.1" 200 23813 "-" "Mozilla/5.0 (Linux; Android 6.0.1; Nexus 5X Build/MMB29P) AppleWebKit/537.36 (KHTML, like Gecko) Chrome/136.0.7103.113 Mobile Safari/537.36 (compatible; Googlebot/2.1; +http://www.google.com/bot.html)"
66.249.64.131 - - [13/Jun/2025:08:23:23 -0400] "GET /?d=110385093260&filter=9e9754&share_to_url=article.php%3Fid%3D3736610%26name%3Dbpz820bss+by+breville HTTP/1.1" 200 23069 "-" "Mozilla/5.0 (Linux; Android 6.0.1; Nexus 5X Build/MMB29P) AppleWebKit/537.36 (KHTML, like Gecko) Chrome/136.0.7103.113 Mobile Safari/537.36 (compatible; Googlebot/2.1; +http://www.google.com/bot.html)"
207.46.13.31 - - [13/Jun/2025:08:23:24 -0400] "GET /?d=110957833260&filter=b85c2d&share_to_url=item.php%3Fid%3D3757417%26name%3Dcleor+shop+bague+ceramique HTTP/1.1" 200 22663 "-" "Mozilla/5.0 AppleWebKit/537.36 (KHTML, like Gecko; compatible; bingbot/2.0; +http://www.bing.com/bingbot.htm) Chrome/116.0.1938.76 Safari/537.36"
207.46.13.31 - - [13/Jun/2025:08:23:25 -0400] "GET /?d=41183139260&filter=98d47d&share_to_url=ideas.php%3Fid%3D1398396%26name%3Dsuzuki+gs750+motorcycle+1978 HTTP/1.1" 200 23426 "-" "Mozilla/5.0 AppleWebKit/537.36 (KHTML, like Gecko; compatible; bingbot/2.0; +http://www.bing.com/bingbot.htm) Chrome/116.0.1938.76 Safari/537.36"
66.249.64.131 - - [13/Jun/2025:08:23:26 -0400] "GET /?d=92552292260&filter=2d2e9f&share_to_url=article.php%3Fid%3D3135662%26name%3Dliz+sublime+o+botic%C3%A1rio+perfume HTTP/1.1" 200 23219 "-" "Mozilla/5.0 (Linux; Android 6.0.1; Nexus 5X Build/MMB29P) AppleWebKit/537.36 (KHTML, like Gecko) Chrome/136.0.7103.113 Mobile Safari/537.36 (compatible; Googlebot/2.1; +http://www.google.com/bot.html)"
66.249.64.131 - - [13/Jun/2025:08:23:27 -0400] "GET /?d=91374476260&filter=08fd38&share_to_url=item.php%3Fid%3D3096685%26name%3D%A3+%BC+%BD+%8B+%B5+%87+%B0+%81+%8B+fossil HTTP/1.1" 200 21727 "-" "Mozilla/5.0 (Linux; Android 6.0.1; Nexus 5X Build/MMB29P) AppleWebKit/537.36 (KHTML, like Gecko) Chrome/136.0.7103.113 Mobile Safari/537.36 (compatible; Googlebot/2.1; +http://www.google.com/bot.html)"
66.249.64.131 - - [13/Jun/2025:08:23:28 -0400] "GET /?d=89223721260&filter=dc973f&share_to_url=discover.php%3Fid%3D3024341%26name%3Dspaceman+6210+c HTTP/1.1" 200 23282 "-" "Mozilla/5.0 (Linux; Android 6.0.1; Nexus 5X Build/MMB29P) AppleWebKit/537.36 (KHTML, like Gecko) Chrome/136.0.7103.113 Mobile Safari/537.36 (compatible; Googlebot/2.1; +http://www.google.com/bot.html)"
66.249.64.131 - - [13/Jun/2025:08:23:31 -0400] "GET /?d=91841259260&filter=7e07ed&share_to_url=discover.php%3Fid%3D3111977%26name%3Dcolorblock+pebble+crossbody+created+for HTTP/1.1" 200 22114 "-" "Mozilla/5.0 (Linux; Android 6.0.1; Nexus 5X Build/MMB29P) AppleWebKit/537.36 (KHTML, like Gecko) Chrome/136.0.7103.113 Mobile Safari/537.36 (compatible; Googlebot/2.1; +http://www.google.com/bot.html)"
207.46.13.52 - - [13/Jun/2025:08:23:33 -0400] "GET /?d=99774728260&filter=ee0841&share_to_url=article.php%3Fid%3D3381566%26name%3Dcamiseta+hombre+tommy+2024+hilfiger HTTP/1.1" 200 24015 "-" "Mozilla/5.0 AppleWebKit/537.36 (KHTML, like Gecko; compatible; bingbot/2.0; +http://www.bing.com/bingbot.htm) Chrome/116.0.1938.76 Safari/537.36"
66.249.64.132 - - [13/Jun/2025:08:23:34 -0400] "GET /?d=117894089260&filter=ab67d8&share_to_url=ideas.php%3Fid%3D3992712%26name%3Dbuy+style+upholstering+1204+classic HTTP/1.1" 200 24813 "-" "Mozilla/5.0 (Linux; Android 6.0.1; Nexus 5X Build/MMB29P) AppleWebKit/537.36 (KHTML, like Gecko) Chrome/136.0.7103.113 Mobile Safari/537.36 (compatible; Googlebot/2.1; +http://www.google.com/bot.html)"
207.46.13.52 - - [13/Jun/2025:08:23:34 -0400] "GET /?d=89039813260&filter=1c8ef9&share_to_url=discover.php%3Fid%3D3017789%26name%3Dsella+per+bicicletta+ultraleggera HTTP/1.1" 200 23916 "-" "Mozilla/5.0 AppleWebKit/537.36 (KHTML, like Gecko; compatible; bingbot/2.0; +http://www.bing.com/bingbot.htm) Chrome/116.0.1938.76 Safari/537.36"
66.249.64.132 - - [13/Jun/2025:08:23:34 -0400] "GET /?d=92401805260&filter=2de970&share_to_url=model.php%3Fid%3D3130251%26name%3Dwhat+vertical+device+do HTTP/1.1" 200 24493 "-" "Mozilla/5.0 (Linux; Android 6.0.1; Nexus 5X Build/MMB29P) AppleWebKit/537.36 (KHTML, like Gecko) Chrome/136.0.7103.113 Mobile Safari/537.36 (compatible; Googlebot/2.1; +http://www.google.com/bot.html)"
66.249.64.132 - - [13/Jun/2025:08:23:37 -0400] "GET /?d=114376190260&filter=6dd394&share_to_url=shop.php%3Fid%3D3873067%26name%3Dbest+12+round+neck+side HTTP/1.1" 200 23989 "-" "Mozilla/5.0 (Linux; Android 6.0.1; Nexus 5X Build/MMB29P) AppleWebKit/537.36 (KHTML, like Gecko) Chrome/136.0.7103.113 Mobile Safari/537.36 (compatible; Googlebot/2.1; +http://www.google.com/bot.html)"
66.249.64.132 - - [13/Jun/2025:08:23:40 -0400] "GET /?d=100635318260&filter=e8c74f&share_to_url=ideas.php%3Fid%3D3411084%26name%3Dabrigo+marinero+negro HTTP/1.1" 200 22844 "-" "Mozilla/5.0 (Linux; Android 6.0.1; Nexus 5X Build/MMB29P) AppleWebKit/537.36 (KHTML, like Gecko) Chrome/136.0.7103.113 Mobile Safari/537.36 (compatible; Googlebot/2.1; +http://www.google.com/bot.html)"
52.167.144.186 - - [13/Jun/2025:08:23:40 -0400] "GET /?d=107652603260&filter=4e3d0a&share_to_url=model.php%3Fid%3D3645327%26name%3Dwhite+tulle+short HTTP/1.1" 200 22965 "-" "Mozilla/5.0 AppleWebKit/537.36 (KHTML, like Gecko; compatible; bingbot/2.0; +http://www.bing.com/bingbot.htm) Chrome/116.0.1938.76 Safari/537.36"
66.249.64.132 - - [13/Jun/2025:08:23:43 -0400] "GET /?d=106648457260&filter=1891d2&share_to_url=pin.php%3Fid%3D3611898%26name%3Dadidas+radlershorts+mit+spitze HTTP/1.1" 200 24002 "-" "Mozilla/5.0 (Linux; Android 6.0.1; Nexus 5X Build/MMB29P) AppleWebKit/537.36 (KHTML, like Gecko) Chrome/136.0.7103.113 Mobile Safari/537.36 (compatible; Googlebot/2.1; +http://www.google.com/bot.html)"
207.46.13.31 - - [13/Jun/2025:08:23:45 -0400] "GET /?d=78174115260&filter=c00a86&share_to_url=article.php%3Fid%3D2648066%26name%3Ddisfraces+lol+los HTTP/1.1" 200 21787 "-" "Mozilla/5.0 AppleWebKit/537.36 (KHTML, like Gecko; compatible; bingbot/2.0; +http://www.bing.com/bingbot.htm) Chrome/116.0.1938.76 Safari/537.36"
66.249.64.132 - - [13/Jun/2025:08:23:45 -0400] "GET /?d=113808410260&filter=7a102c&share_to_url=detail.php%3Fid%3D3854037%26name%3Dlas+mismas+v%C3%ADas+los HTTP/1.1" 200 23528 "-" "Mozilla/5.0 (Linux; Android 6.0.1; Nexus 5X Build/MMB29P) AppleWebKit/537.36 (KHTML, like Gecko) Chrome/136.0.7103.113 Mobile Safari/537.36 (compatible; Googlebot/2.1; +http://www.google.com/bot.html)"
66.249.64.132 - - [13/Jun/2025:08:23:48 -0400] "GET /?d=113228523260&filter=546691&share_to_url=ideas.php%3Fid%3D3834744%26name%3Dpepe+jeans+trunks HTTP/1.1" 200 23668 "-" "Mozilla/5.0 (Linux; Android 6.0.1; Nexus 5X Build/MMB29P) AppleWebKit/537.36 (KHTML, like Gecko) Chrome/136.0.7103.113 Mobile Safari/537.36 (compatible; Googlebot/2.1; +http://www.google.com/bot.html)"
40.77.167.51 - - [13/Jun/2025:08:23:49 -0400] "GET /?d=87306104260&filter=831c8f&share_to_url=model.php%3Fid%3D2958663%26name%3Dbattery+bomber+jacket HTTP/1.1" 200 23043 "-" "Mozilla/5.0 AppleWebKit/537.36 (KHTML, like Gecko; compatible; bingbot/2.0; +http://www.bing.com/bingbot.htm) Chrome/116.0.1938.76 Safari/537.36"
52.167.144.186 - - [13/Jun/2025:08:23:50 -0400] "GET /?d=107357737260&filter=b71637&share_to_url=model.php%3Fid%3D3635523%26name%3Dratatouille+edit+anyone+can HTTP/1.1" 200 23488 "-" "Mozilla/5.0 AppleWebKit/537.36 (KHTML, like Gecko; compatible; bingbot/2.0; +http://www.bing.com/bingbot.htm) Chrome/116.0.1938.76 Safari/537.36"
40.77.167.51 - - [13/Jun/2025:08:23:50 -0400] "GET /?d=92230900260&filter=d3c690&share_to_url=model.php%3Fid%3D3124347%26name%3Dbuy+codechaos+25 HTTP/1.1" 200 22673 "-" "Mozilla/5.0 AppleWebKit/537.36 (KHTML, like Gecko; compatible; bingbot/2.0; +http://www.bing.com/bingbot.htm) Chrome/116.0.1938.76 Safari/537.36"
66.249.64.131 - - [13/Jun/2025:08:23:50 -0400] "GET /?d=102547391260&filter=80df0f&share_to_url=product-page.php%3Fid%3D3475768%26name%3Dbadgley+mischka+accessories HTTP/1.1" 200 23386 "-" "Mozilla/5.0 (Linux; Android 6.0.1; Nexus 5X Build/MMB29P) AppleWebKit/537.36 (KHTML, like Gecko) Chrome/136.0.7103.113 Mobile Safari/537.36 (compatible; Googlebot/2.1; +http://www.google.com/bot.html)"
40.77.167.24 - - [13/Jun/2025:08:23:54 -0400] "GET /?d=110910508260&filter=7dfe8b&share_to_url=goods.php%3Fid%3D3755699%26name%3Dthe+messi+leo+s+new HTTP/1.1" 200 22381 "-" "Mozilla/5.0 AppleWebKit/537.36 (KHTML, like Gecko; compatible; bingbot/2.0; +http://www.bing.com/bingbot.htm) Chrome/116.0.1938.76 Safari/537.36"
66.249.64.132 - - [13/Jun/2025:08:23:54 -0400] "GET /?d=112732062260&filter=adeec8&share_to_url=shopdetail.php%3Fid%3D3818360%26name%3Dlimited+edition+official+black HTTP/1.1" 200 24573 "-" "Mozilla/5.0 (Linux; Android 6.0.1; Nexus 5X Build/MMB29P) AppleWebKit/537.36 (KHTML, like Gecko) Chrome/136.0.7103.113 Mobile Safari/537.36 (compatible; Googlebot/2.1; +http://www.google.com/bot.html)"
66.249.64.132 - - [13/Jun/2025:08:23:56 -0400] "GET /?d=88715425260&filter=be57a3&share_to_url=ideas.php%3Fid%3D3006864%26name%3Dbassinet+infiant+mobile+create HTTP/1.1" 200 22815 "-" "Mozilla/5.0 (Linux; Android 6.0.1; Nexus 5X Build/MMB29P) AppleWebKit/537.36 (KHTML, like Gecko) Chrome/136.0.7103.113 Mobile Safari/537.36 (compatible; Googlebot/2.1; +http://www.google.com/bot.html)"
40.77.167.51 - - [13/Jun/2025:08:23:56 -0400] "GET /?d=96387239260&filter=d9247f&share_to_url=product-page.php?id=3265660&name=medicom%20toy%20drops HTTP/1.1" 200 24227 "-" "Mozilla/5.0 AppleWebKit/537.36 (KHTML, like Gecko; compatible; bingbot/2.0; +http://www.bing.com/bingbot.htm) Chrome/116.0.1938.76 Safari/537.36"
66.249.64.6 - - [13/Jun/2025:08:23:57 -0400] "GET /?d=94965841260&filter=36b850&share_to_url=shop.php%3Fid%3D3217639%26name%3Dmagellan+outdoors+collapsible+high+back HTTP/1.1" 200 23140 "-" "Mozilla/5.0 (Linux; Android 6.0.1; Nexus 5X Build/MMB29P) AppleWebKit/537.36 (KHTML, like Gecko) Chrome/136.0.7103.113 Mobile Safari/537.36 (compatible; Googlebot/2.1; +http://www.google.com/bot.html)"
66.249.64.131 - - [13/Jun/2025:08:23:59 -0400] "GET /?d=107261418260&filter=067ded&share_to_url=shop.php%3Fid%3D3632239%26name%3Dbook+review+lewis+leathers HTTP/1.1" 200 23146 "-" "Mozilla/5.0 (Linux; Android 6.0.1; Nexus 5X Build/MMB29P) AppleWebKit/537.36 (KHTML, like Gecko) Chrome/136.0.7103.113 Mobile Safari/537.36 (compatible; Googlebot/2.1; +http://www.google.com/bot.html)"
40.77.167.241 - - [13/Jun/2025:08:23:59 -0400] "GET /?d=32674226260&filter=016c7a&share_to_url=item.php%3Fid%3D1110901%26name%3Dgafas+presbicia+mujer+hotsell HTTP/1.1" 200 23243 "-" "Mozilla/5.0 AppleWebKit/537.36 (KHTML, like Gecko; compatible; bingbot/2.0; +http://www.bing.com/bingbot.htm) Chrome/116.0.1938.76 Safari/537.36"
40.77.167.51 - - [13/Jun/2025:08:23:59 -0400] "GET /?d=114678198260&filter=1c3e5e&share_to_url=detail.php?id=3883281&name=itrak%20bluetooth%20soundbar%20speaker%20for HTTP/1.1" 200 23586 "-" "Mozilla/5.0 AppleWebKit/537.36 (KHTML, like Gecko; compatible; bingbot/2.0; +http://www.bing.com/bingbot.htm) Chrome/116.0.1938.76 Safari/537.36"
40.77.167.241 - - [13/Jun/2025:08:24:00 -0400] "GET /?d=87944637260&filter=564fa1&share_to_url=article.php%3Fid%3D2979938%26name%3Dhonda+jazz+2018 HTTP/1.1" 200 22511 "-" "Mozilla/5.0 AppleWebKit/537.36 (KHTML, like Gecko; compatible; bingbot/2.0; +http://www.bing.com/bingbot.htm) Chrome/116.0.1938.76 Safari/537.36"
207.46.13.31 - - [13/Jun/2025:08:24:02 -0400] "GET /?d=87705086260&filter=debef5&share_to_url=item.php%3Fid%3D2972005%26name%3Dscarpe+di+tela+uomo HTTP/1.1" 200 22941 "-" "Mozilla/5.0 AppleWebKit/537.36 (KHTML, like Gecko; compatible; bingbot/2.0; +http://www.bing.com/bingbot.htm) Chrome/116.0.1938.76 Safari/537.36"
66.249.64.132 - - [13/Jun/2025:08:24:02 -0400] "GET /?d=114860602260&filter=9bda19&share_to_url=discover.php%3Fid%3D3889349%26name%3Dnbd+2018+specialized+venge+elite HTTP/1.1" 200 21929 "-" "Mozilla/5.0 (Linux; Android 6.0.1; Nexus 5X Build/MMB29P) AppleWebKit/537.36 (KHTML, like Gecko) Chrome/136.0.7103.113 Mobile Safari/537.36 (compatible; Googlebot/2.1; +http://www.google.com/bot.html)"
52.167.144.186 - - [13/Jun/2025:08:24:02 -0400] "GET /?d=98601499260&filter=6f993e&share_to_url=detail.php%3Fid%3D3341709%26name%3Dchain+for+razor+mini+chopper HTTP/1.1" 200 24302 "-" "Mozilla/5.0 AppleWebKit/537.36 (KHTML, like Gecko; compatible; bingbot/2.0; +http://www.bing.com/bingbot.htm) Chrome/116.0.1938.76 Safari/537.36"
52.167.144.186 - - [13/Jun/2025:08:24:03 -0400] "GET /?d=114598968260&filter=80976d&share_to_url=model.php%3Fid%3D3880623%26name%3Dgirls+velvet+blazer HTTP/1.1" 200 23311 "-" "Mozilla/5.0 AppleWebKit/537.36 (KHTML, like Gecko; compatible; bingbot/2.0; +http://www.bing.com/bingbot.htm) Chrome/116.0.1938.76 Safari/537.36"
66.249.64.132 - - [13/Jun/2025:08:24:04 -0400] "GET /?d=104559393260&filter=939d51&share_to_url=product-page.php%3Fid%3D3542920%26name%3Deasy+disk+dog+frisbee HTTP/1.1" 200 22890 "-" "Mozilla/5.0 (Linux; Android 6.0.1; Nexus 5X Build/MMB29P) AppleWebKit/537.36 (KHTML, like Gecko) Chrome/136.0.7103.113 Mobile Safari/537.36 (compatible; Googlebot/2.1; +http://www.google.com/bot.html)"
207.46.13.52 - - [13/Jun/2025:08:24:04 -0400] "GET /?d=84002160260&filter=b3e07f&share_to_url=product.php%3Fid%3D2845162%26name%3Dlenovo+e41+55+82fj00agih+laptop+athlon HTTP/1.1" 200 24537 "-" "Mozilla/5.0 AppleWebKit/537.36 (KHTML, like Gecko; compatible; bingbot/2.0; +http://www.bing.com/bingbot.htm) Chrome/116.0.1938.76 Safari/537.36"
66.249.64.131 - - [13/Jun/2025:08:24:07 -0400] "GET /?d=101535114260&filter=cb8b04&share_to_url=detail.php%3Fid%3D3442137%26name%3Dliliana+banks+clear HTTP/1.1" 200 22800 "-" "Mozilla/5.0 (Linux; Android 6.0.1; Nexus 5X Build/MMB29P) AppleWebKit/537.36 (KHTML, like Gecko) Chrome/136.0.7103.113 Mobile Safari/537.36 (compatible; Googlebot/2.1; +http://www.google.com/bot.html)"
40.77.167.241 - - [13/Jun/2025:08:24:09 -0400] "GET /?d=90038848260&filter=132c35&share_to_url=shopdetail.php%3Fid%3D3051416%26name%3Dmy+mystery+ufo+calcoast HTTP/1.1" 200 23119 "-" "Mozilla/5.0 AppleWebKit/537.36 (KHTML, like Gecko; compatible; bingbot/2.0; +http://www.bing.com/bingbot.htm) Chrome/116.0.1938.76 Safari/537.36"
66.249.64.131 - - [13/Jun/2025:08:24:09 -0400] "GET /?d=88474840260&filter=dc973f&share_to_url=pin.php%3Fid%3D2998674%26name%3Dsarlo+high+wheel+push HTTP/1.1" 200 23584 "-" "Mozilla/5.0 (Linux; Android 6.0.1; Nexus 5X Build/MMB29P) AppleWebKit/537.36 (KHTML, like Gecko) Chrome/136.0.7103.113 Mobile Safari/537.36 (compatible; Googlebot/2.1; +http://www.google.com/bot.html)"
40.77.167.55 - - [13/Jun/2025:08:24:10 -0400] "GET /?d=97865246260&filter=e3650e&share_to_url=model.php?id=3316875&name=ekoneem%20oil%20top HTTP/1.1" 200 22310 "-" "Mozilla/5.0 AppleWebKit/537.36 (KHTML, like Gecko; compatible; bingbot/2.0; +http://www.bing.com/bingbot.htm) Chrome/116.0.1938.76 Safari/537.36"
66.249.64.131 - - [13/Jun/2025:08:24:10 -0400] "GET /?d=100776354260&filter=15d3b1&share_to_url=model.php%3Fid%3D3415599%26name%3Di+designed+a+switch HTTP/1.1" 200 24789 "-" "Mozilla/5.0 (Linux; Android 6.0.1; Nexus 5X Build/MMB29P) AppleWebKit/537.36 (KHTML, like Gecko) Chrome/136.0.7103.113 Mobile Safari/537.36 (compatible; Googlebot/2.1; +http://www.google.com/bot.html)"
66.249.64.131 - - [13/Jun/2025:08:24:11 -0400] "GET /?d=117721403260&filter=058227&share_to_url=discover.php%3Fid%3D3986789%26name%3Deukanuba+junior+large+breed HTTP/1.1" 200 22483 "-" "Mozilla/5.0 (Linux; Android 6.0.1; Nexus 5X Build/MMB29P) AppleWebKit/537.36 (KHTML, like Gecko) Chrome/136.0.7103.113 Mobile Safari/537.36 (compatible; Googlebot/2.1; +http://www.google.com/bot.html)"
66.249.64.131 - - [13/Jun/2025:08:24:12 -0400] "GET /?d=93099497260&filter=7f9220&share_to_url=goods.php%3Fid%3D3154367%26name%3Dblack+obsidian+arrowhead HTTP/1.1" 200 22406 "-" "Mozilla/5.0 (Linux; Android 6.0.1; Nexus 5X Build/MMB29P) AppleWebKit/537.36 (KHTML, like Gecko) Chrome/136.0.7103.113 Mobile Safari/537.36 (compatible; Googlebot/2.1; +http://www.google.com/bot.html)"
207.46.13.52 - - [13/Jun/2025:08:24:14 -0400] "GET /?d=95852908260&filter=a06510&share_to_url=pin.php?id=3247626&name=great%20white%20wine%20lcbo HTTP/1.1" 200 24047 "-" "Mozilla/5.0 AppleWebKit/537.36 (KHTML, like Gecko; compatible; bingbot/2.0; +http://www.bing.com/bingbot.htm) Chrome/116.0.1938.76 Safari/537.36"
207.46.13.31 - - [13/Jun/2025:08:24:14 -0400] "GET /?d=87002696260&filter=4a33b7&share_to_url=item.php%3Fid%3D2948029%26name%3Dminolta+minolta+xg+price+guide HTTP/1.1" 200 22259 "-" "Mozilla/5.0 AppleWebKit/537.36 (KHTML, like Gecko; compatible; bingbot/2.0; +http://www.bing.com/bingbot.htm) Chrome/116.0.1938.76 Safari/537.36"
66.249.64.131 - - [13/Jun/2025:08:24:15 -0400] "GET /?d=92966051260&filter=7602bb&share_to_url=product.php%3Fid%3D3149854%26name%3Dmichael+kors+purses+shop+2014 HTTP/1.1" 200 22971 "-" "Mozilla/5.0 (Linux; Android 6.0.1; Nexus 5X Build/MMB29P) AppleWebKit/537.36 (KHTML, like Gecko) Chrome/136.0.7103.113 Mobile Safari/537.36 (compatible; Googlebot/2.1; +http://www.google.com/bot.html)"
207.46.13.31 - - [13/Jun/2025:08:24:16 -0400] "GET /?d=21691776260&filter=c79531&share_to_url=shop.php%3Fid%3D735979%26name%3Dpolly+pocket+go+clearance HTTP/1.1" 200 21803 "-" "Mozilla/5.0 AppleWebKit/537.36 (KHTML, like Gecko; compatible; bingbot/2.0; +http://www.bing.com/bingbot.htm) Chrome/116.0.1938.76 Safari/537.36"
207.46.13.31 - - [13/Jun/2025:08:24:16 -0400] "GET /?d=11116371260&filter=6c0d32&share_to_url=goods.php%3Fid%3D380723%26name%3Dfranchi+sedie HTTP/1.1" 200 24431 "-" "Mozilla/5.0 AppleWebKit/537.36 (KHTML, like Gecko; compatible; bingbot/2.0; +http://www.bing.com/bingbot.htm) Chrome/116.0.1938.76 Safari/537.36"
207.46.13.31 - - [13/Jun/2025:08:24:18 -0400] "GET /?d=63794615260&filter=14708a&share_to_url=product.php%3Fid%3D2163394%26name%3Dbeaverguard+mudguards HTTP/1.1" 200 23356 "-" "Mozilla/5.0 AppleWebKit/537.36 (KHTML, like Gecko; compatible; bingbot/2.0; +http://www.bing.com/bingbot.htm) Chrome/116.0.1938.76 Safari/537.36"
66.249.64.131 - - [13/Jun/2025:08:24:18 -0400] "GET /?d=98046175260&filter=ee7a7b&share_to_url=shopdetail.php%3Fid%3D3322688%26name%3Dridge+taobao HTTP/1.1" 200 23296 "-" "Mozilla/5.0 (Linux; Android 6.0.1; Nexus 5X Build/MMB29P) AppleWebKit/537.36 (KHTML, like Gecko) Chrome/136.0.7103.113 Mobile Safari/537.36 (compatible; Googlebot/2.1; +http://www.google.com/bot.html)"
207.46.13.31 - - [13/Jun/2025:08:24:19 -0400] "GET /?d=103829547260&filter=a8fc1c&share_to_url=shop.php%3Fid%3D3517855%26name%3Doutfits+authentic+with+platform HTTP/1.1" 200 24110 "-" "Mozilla/5.0 AppleWebKit/537.36 (KHTML, like Gecko; compatible; bingbot/2.0; +http://www.bing.com/bingbot.htm) Chrome/116.0.1938.76 Safari/537.36"
52.167.144.186 - - [13/Jun/2025:08:24:20 -0400] "GET /?d=98195622260&filter=4d7b9c&share_to_url=pin.php%3Fid%3D3327378%26name%3Dlego+kurama+nine+tails HTTP/1.1" 200 22122 "-" "Mozilla/5.0 AppleWebKit/537.36 (KHTML, like Gecko; compatible; bingbot/2.0; +http://www.bing.com/bingbot.htm) Chrome/116.0.1938.76 Safari/537.36"
66.249.64.131 - - [13/Jun/2025:08:24:20 -0400] "GET /?d=83498046260&filter=9e9754&share_to_url=article.php%3Fid%3D2828678%26name%3Dchilli+ginger+sauce HTTP/1.1" 200 23835 "-" "Mozilla/5.0 (Linux; Android 6.0.1; Nexus 5X Build/MMB29P) AppleWebKit/537.36 (KHTML, like Gecko) Chrome/136.0.7103.113 Mobile Safari/537.36 (compatible; Googlebot/2.1; +http://www.google.com/bot.html)"
52.167.144.186 - - [13/Jun/2025:08:24:21 -0400] "GET /?d=104323627260&filter=9c85fa&share_to_url=detail.php%3Fid%3D3534681%26name%3Dpremiata+lander+6906 HTTP/1.1" 200 23079 "-" "Mozilla/5.0 AppleWebKit/537.36 (KHTML, like Gecko; compatible; bingbot/2.0; +http://www.bing.com/bingbot.htm) Chrome/116.0.1938.76 Safari/537.36"
40.77.167.24 - - [13/Jun/2025:08:24:22 -0400] "GET /?d=101917607260&filter=8c4686&share_to_url=product-page.php%3Fid%3D3454948%26name%3D15+plus+size+fashion+pieces+to HTTP/1.1" 200 24600 "-" "Mozilla/5.0 AppleWebKit/537.36 (KHTML, like Gecko; compatible; bingbot/2.0; +http://www.bing.com/bingbot.htm) Chrome/116.0.1938.76 Safari/537.36"
52.167.144.186 - - [13/Jun/2025:08:24:23 -0400] "GET /?d=89121378260&filter=7bb540&share_to_url=goods.php%3Fid%3D3020687%26name%3Dargon+18+go HTTP/1.1" 200 23303 "-" "Mozilla/5.0 AppleWebKit/537.36 (KHTML, like Gecko; compatible; bingbot/2.0; +http://www.bing.com/bingbot.htm) Chrome/116.0.1938.76 Safari/537.36"
66.249.64.131 - - [13/Jun/2025:08:24:23 -0400] "GET /?d=99888427260&filter=16d759&share_to_url=product-page.php%3Fid%3D3385384%26name%3Dvbiger+waterproof+maternity+nappy+bag HTTP/1.1" 200 22622 "-" "Mozilla/5.0 (Linux; Android 6.0.1; Nexus 5X Build/MMB29P) AppleWebKit/537.36 (KHTML, like Gecko) Chrome/136.0.7103.113 Mobile Safari/537.36 (compatible; Googlebot/2.1; +http://www.google.com/bot.html)"
66.249.64.5 - - [13/Jun/2025:08:24:24 -0400] "GET /?d=106065785260&filter=ec40a3&share_to_url=pin.php%3Fid%3D3592686%26name%3Dzizi+grote+maten+2024+mode HTTP/1.1" 200 24221 "-" "Mozilla/5.0 (Linux; Android 6.0.1; Nexus 5X Build/MMB29P) AppleWebKit/537.36 (KHTML, like Gecko) Chrome/136.0.7103.113 Mobile Safari/537.36 (compatible; Googlebot/2.1; +http://www.google.com/bot.html)"
207.46.13.31 - - [13/Jun/2025:08:24:25 -0400] "GET /?d=23391614260&filter=14708a&share_to_url=shopdetail.php%3Fid%3D793652%26name%3Dgreg+callaghan+reveals+2024 HTTP/1.1" 200 24943 "-" "Mozilla/5.0 AppleWebKit/537.36 (KHTML, like Gecko; compatible; bingbot/2.0; +http://www.bing.com/bingbot.htm) Chrome/116.0.1938.76 Safari/537.36"
204.12.252.98 - - [13/Jun/2025:08:24:25 -0400] "GET /wp-includes/edit.php HTTP/1.1" 302 6 "https://churchmr.com/wp-includes/edit.php" "Mozilla/5.0 (Windows NT 10.0; Win64; x64) AppleWebKit/537.36 (KHTML, like Gecko) Chrome/58.0.3029.110 Safari/537.3"
207.46.13.31 - - [13/Jun/2025:08:24:26 -0400] "GET /?d=112685037260&filter=d69439&share_to_url=shop.php%3Fid%3D3816787%26name%3Dnike+set+completo+da HTTP/1.1" 200 23550 "-" "Mozilla/5.0 AppleWebKit/537.36 (KHTML, like Gecko; compatible; bingbot/2.0; +http://www.bing.com/bingbot.htm) Chrome/116.0.1938.76 Safari/537.36"
204.12.252.98 - - [13/Jun/2025:08:24:26 -0400] "GET /wp-includes/loginn.php HTTP/1.1" 302 6 "https://churchmr.com/wp-includes/edit.php" "Mozilla/5.0 (Windows NT 10.0; Win64; x64) AppleWebKit/537.36 (KHTML, like Gecko) Chrome/58.0.3029.110 Safari/537.3"
66.249.64.131 - - [13/Jun/2025:08:24:27 -0400] "GET /?d=116583741260&filter=95c78c&share_to_url=product-page.php%3Fid%3D3948004%26name%3Droupa+bebe+baby+sale HTTP/1.1" 200 24289 "-" "Mozilla/5.0 (Linux; Android 6.0.1; Nexus 5X Build/MMB29P) AppleWebKit/537.36 (KHTML, like Gecko) Chrome/136.0.7103.113 Mobile Safari/537.36 (compatible; Googlebot/2.1; +http://www.google.com/bot.html)"
204.12.252.98 - - [13/Jun/2025:08:24:27 -0400] "GET /wp-includes/loginn.php HTTP/1.1" 302 6 "https://churchmr.com/wp-includes/edit.php" "Mozilla/5.0 (Windows NT 10.0; Win64; x64) AppleWebKit/537.36 (KHTML, like Gecko) Chrome/58.0.3029.110 Safari/537.3"
204.12.252.98 - - [13/Jun/2025:08:24:27 -0400] "GET /wp-includes/loginn.php HTTP/1.1" 302 6 "https://churchmr.com/wp-includes/edit.php" "Mozilla/5.0 (Windows NT 10.0; Win64; x64) AppleWebKit/537.36 (KHTML, like Gecko) Chrome/58.0.3029.110 Safari/537.3"
204.12.252.98 - - [13/Jun/2025:08:24:28 -0400] "GET /wp-includes/loginn.php HTTP/1.1" 302 6 "https://churchmr.com/wp-includes/edit.php" "Mozilla/5.0 (Windows NT 10.0; Win64; x64) AppleWebKit/537.36 (KHTML, like Gecko) Chrome/58.0.3029.110 Safari/537.3"
66.249.64.131 - - [13/Jun/2025:08:24:28 -0400] "GET /?d=101488190260&filter=91ba7f&share_to_url=ideas.php%3Fid%3D3440508%26name%3Dover+the+head+ski HTTP/1.1" 200 23802 "-" "Mozilla/5.0 (Linux; Android 6.0.1; Nexus 5X Build/MMB29P) AppleWebKit/537.36 (KHTML, like Gecko) Chrome/136.0.7103.113 Mobile Safari/537.36 (compatible; Googlebot/2.1; +http://www.google.com/bot.html)"
40.77.167.241 - - [13/Jun/2025:08:24:29 -0400] "GET /?d=83634546260&filter=fd45ef&share_to_url=item.php%3Fid%3D2833093%26name%3Dsuper+twin+mill HTTP/1.1" 200 23655 "-" "Mozilla/5.0 AppleWebKit/537.36 (KHTML, like Gecko; compatible; bingbot/2.0; +http://www.bing.com/bingbot.htm) Chrome/116.0.1938.76 Safari/537.36"
204.12.252.98 - - [13/Jun/2025:08:24:29 -0400] "GET /wp-includes/loginn.php HTTP/1.1" 302 6 "https://churchmr.com/wp-includes/edit.php" "Mozilla/5.0 (Windows NT 10.0; Win64; x64) AppleWebKit/537.36 (KHTML, like Gecko) Chrome/58.0.3029.110 Safari/537.3"
66.249.64.131 - - [13/Jun/2025:08:24:29 -0400] "GET /?d=89229471260&filter=5837f7&share_to_url=product-page.php%3Fid%3D3024544%26name%3Dperfume+lattitude+expedition HTTP/1.1" 200 23146 "-" "Mozilla/5.0 (Linux; Android 6.0.1; Nexus 5X Build/MMB29P) AppleWebKit/537.36 (KHTML, like Gecko) Chrome/136.0.7103.113 Mobile Safari/537.36 (compatible; Googlebot/2.1; +http://www.google.com/bot.html)"
204.12.252.98 - - [13/Jun/2025:08:24:29 -0400] "GET /wp-includes/loginn.php HTTP/1.1" 302 6 "https://churchmr.com/wp-includes/edit.php" "Mozilla/5.0 (Windows NT 10.0; Win64; x64) AppleWebKit/537.36 (KHTML, like Gecko) Chrome/58.0.3029.110 Safari/537.3"
40.77.167.241 - - [13/Jun/2025:08:24:30 -0400] "GET /?d=92495445260&filter=307de2&share_to_url=detail.php%3Fid%3D3133725%26name%3Dset+12+brochas+redondas HTTP/1.1" 200 22940 "-" "Mozilla/5.0 AppleWebKit/537.36 (KHTML, like Gecko; compatible; bingbot/2.0; +http://www.bing.com/bingbot.htm) Chrome/116.0.1938.76 Safari/537.36"
204.12.252.98 - - [13/Jun/2025:08:24:30 -0400] "GET /wp-includes/loginn.php HTTP/1.1" 302 6 "https://churchmr.com/wp-includes/edit.php" "Mozilla/5.0 (Windows NT 10.0; Win64; x64) AppleWebKit/537.36 (KHTML, like Gecko) Chrome/58.0.3029.110 Safari/537.3"
204.12.252.98 - - [13/Jun/2025:08:24:31 -0400] "GET /wp-includes/loginn.php HTTP/1.1" 302 6 "https://churchmr.com/wp-includes/edit.php" "Mozilla/5.0 (Windows NT 10.0; Win64; x64) AppleWebKit/537.36 (KHTML, like Gecko) Chrome/58.0.3029.110 Safari/537.3"
40.77.167.241 - - [13/Jun/2025:08:24:31 -0400] "GET /?d=111602188260&filter=eb41aa&share_to_url=ideas.php%3Fid%3D3779604%26name%3Dthe+hidden+gay+history HTTP/1.1" 200 22644 "-" "Mozilla/5.0 AppleWebKit/537.36 (KHTML, like Gecko; compatible; bingbot/2.0; +http://www.bing.com/bingbot.htm) Chrome/116.0.1938.76 Safari/537.36"
66.249.64.131 - - [13/Jun/2025:08:24:31 -0400] "GET /?d=108472869260&filter=98d47d&share_to_url=ideas.php%3Fid%3D3672684%26name%3Dortlieb+coffee+filter+2024 HTTP/1.1" 200 23655 "-" "Mozilla/5.0 (Linux; Android 6.0.1; Nexus 5X Build/MMB29P) AppleWebKit/537.36 (KHTML, like Gecko) Chrome/136.0.7103.113 Mobile Safari/537.36 (compatible; Googlebot/2.1; +http://www.google.com/bot.html)"
40.77.167.24 - - [13/Jun/2025:08:24:31 -0400] "GET /?d=108765479260&filter=dbaec5&share_to_url=item.php%3Fid%3D3682513%26name%3Docsxa+camouflage+skull+for HTTP/1.1" 200 24822 "-" "Mozilla/5.0 AppleWebKit/537.36 (KHTML, like Gecko; compatible; bingbot/2.0; +http://www.bing.com/bingbot.htm) Chrome/116.0.1938.76 Safari/537.36"
204.12.252.98 - - [13/Jun/2025:08:24:32 -0400] "GET /wp-includes/loginn.php HTTP/1.1" 302 6 "https://churchmr.com/wp-includes/edit.php" "Mozilla/5.0 (Windows NT 10.0; Win64; x64) AppleWebKit/537.36 (KHTML, like Gecko) Chrome/58.0.3029.110 Safari/537.3"
204.12.252.98 - - [13/Jun/2025:08:24:32 -0400] "GET /wp-includes/loginn.php HTTP/1.1" 302 6 "https://churchmr.com/wp-includes/edit.php" "Mozilla/5.0 (Windows NT 10.0; Win64; x64) AppleWebKit/537.36 (KHTML, like Gecko) Chrome/58.0.3029.110 Safari/537.3"
204.12.252.98 - - [13/Jun/2025:08:24:33 -0400] "GET /wp-includes/loginn.php HTTP/1.1" 302 6 "https://churchmr.com/wp-includes/edit.php" "Mozilla/5.0 (Windows NT 10.0; Win64; x64) AppleWebKit/537.36 (KHTML, like Gecko) Chrome/58.0.3029.110 Safari/537.3"
66.249.64.131 - - [13/Jun/2025:08:24:34 -0400] "GET /?d=90529778260&filter=ab67d8&share_to_url=goods.php%3Fid%3D3068327%26name%3D9to5+seating+cydia+300 HTTP/1.1" 200 24041 "-" "Mozilla/5.0 (Linux; Android 6.0.1; Nexus 5X Build/MMB29P) AppleWebKit/537.36 (KHTML, like Gecko) Chrome/136.0.7103.113 Mobile Safari/537.36 (compatible; Googlebot/2.1; +http://www.google.com/bot.html)"
204.12.252.98 - - [13/Jun/2025:08:24:34 -0400] "GET /wp-includes/loginn.php HTTP/1.1" 302 6 "https://churchmr.com/wp-includes/edit.php" "Mozilla/5.0 (Windows NT 10.0; Win64; x64) AppleWebKit/537.36 (KHTML, like Gecko) Chrome/58.0.3029.110 Safari/537.3"
204.12.252.98 - - [13/Jun/2025:08:24:35 -0400] "GET /wp-includes/loginn.php HTTP/1.1" 302 6 "https://churchmr.com/wp-includes/edit.php" "Mozilla/5.0 (Windows NT 10.0; Win64; x64) AppleWebKit/537.36 (KHTML, like Gecko) Chrome/58.0.3029.110 Safari/537.3"
204.12.252.98 - - [13/Jun/2025:08:24:36 -0400] "GET /wp-includes/loginn.php HTTP/1.1" 302 6 "https://churchmr.com/wp-includes/edit.php" "Mozilla/5.0 (Windows NT 10.0; Win64; x64) AppleWebKit/537.36 (KHTML, like Gecko) Chrome/58.0.3029.110 Safari/537.3"
66.249.64.131 - - [13/Jun/2025:08:24:36 -0400] "GET /?d=111298058260&filter=a40b9d&share_to_url=model.php%3Fid%3D3769227%26name%3Dkyuss+concert+kyuss HTTP/1.1" 200 23501 "-" "Mozilla/5.0 (Linux; Android 6.0.1; Nexus 5X Build/MMB29P) AppleWebKit/537.36 (KHTML, like Gecko) Chrome/136.0.7103.113 Mobile Safari/537.36 (compatible; Googlebot/2.1; +http://www.google.com/bot.html)"
204.12.252.98 - - [13/Jun/2025:08:24:36 -0400] "GET /wp-includes/loginn.php HTTP/1.1" 302 6 "https://churchmr.com/wp-includes/edit.php" "Mozilla/5.0 (Windows NT 10.0; Win64; x64) AppleWebKit/537.36 (KHTML, like Gecko) Chrome/58.0.3029.110 Safari/537.3"
204.12.252.98 - - [13/Jun/2025:08:24:37 -0400] "GET /wp-includes/loginn.php HTTP/1.1" 302 6 "https://churchmr.com/wp-includes/edit.php" "Mozilla/5.0 (Windows NT 10.0; Win64; x64) AppleWebKit/537.36 (KHTML, like Gecko) Chrome/58.0.3029.110 Safari/537.3"
204.12.252.98 - - [13/Jun/2025:08:24:38 -0400] "GET /wp-includes/loginn.php HTTP/1.1" 302 6 "https://churchmr.com/wp-includes/edit.php" "Mozilla/5.0 (Windows NT 10.0; Win64; x64) AppleWebKit/537.36 (KHTML, like Gecko) Chrome/58.0.3029.110 Safari/537.3"
204.12.252.98 - - [13/Jun/2025:08:24:39 -0400] "GET /wp-includes/loginn.php HTTP/1.1" 302 6 "https://churchmr.com/wp-includes/edit.php" "Mozilla/5.0 (Windows NT 10.0; Win64; x64) AppleWebKit/537.36 (KHTML, like Gecko) Chrome/58.0.3029.110 Safari/537.3"
52.167.144.186 - - [13/Jun/2025:08:24:39 -0400] "GET /?d=22927364260&filter=132c35&share_to_url=product.php%3Fid%3D777994%26name%3Dfunko+pop HTTP/1.1" 200 23393 "-" "Mozilla/5.0 AppleWebKit/537.36 (KHTML, like Gecko; compatible; bingbot/2.0; +http://www.bing.com/bingbot.htm) Chrome/116.0.1938.76 Safari/537.36"
204.12.252.98 - - [13/Jun/2025:08:24:39 -0400] "GET /wp-includes/loginn.php HTTP/1.1" 302 6 "https://churchmr.com/wp-includes/edit.php" "Mozilla/5.0 (Windows NT 10.0; Win64; x64) AppleWebKit/537.36 (KHTML, like Gecko) Chrome/58.0.3029.110 Safari/537.3"
40.77.167.241 - - [13/Jun/2025:08:24:39 -0400] "GET /?d=60283043260&filter=03c587&share_to_url=model.php%3Fid%3D2045691%26name%3Dbayswater+thin+bracelet HTTP/1.1" 200 22714 "-" "Mozilla/5.0 AppleWebKit/537.36 (KHTML, like Gecko; compatible; bingbot/2.0; +http://www.bing.com/bingbot.htm) Chrome/116.0.1938.76 Safari/537.36"
66.249.64.131 - - [13/Jun/2025:08:24:40 -0400] "GET /?d=110874031260&filter=aa7737&share_to_url=discover.php%3Fid%3D3754361%26name%3Dbuy+roxy+women+039+s+brayden+slip+on HTTP/1.1" 200 23257 "-" "Mozilla/5.0 (Linux; Android 6.0.1; Nexus 5X Build/MMB29P) AppleWebKit/537.36 (KHTML, like Gecko) Chrome/136.0.7103.113 Mobile Safari/537.36 (compatible; Googlebot/2.1; +http://www.google.com/bot.html)"
204.12.252.98 - - [13/Jun/2025:08:24:40 -0400] "GET /wp-includes/loginn.php HTTP/1.1" 302 6 "https://churchmr.com/wp-includes/edit.php" "Mozilla/5.0 (Windows NT 10.0; Win64; x64) AppleWebKit/537.36 (KHTML, like Gecko) Chrome/58.0.3029.110 Safari/537.3"
204.12.252.98 - - [13/Jun/2025:08:24:41 -0400] "GET /wp-includes/loginn.php HTTP/1.1" 302 6 "https://churchmr.com/wp-includes/edit.php" "Mozilla/5.0 (Windows NT 10.0; Win64; x64) AppleWebKit/537.36 (KHTML, like Gecko) Chrome/58.0.3029.110 Safari/537.3"
52.167.144.186 - - [13/Jun/2025:08:24:41 -0400] "GET /?d=95023235260&filter=78ff4e&share_to_url=discover.php%3Fid%3D3219533%26name%3Done+and+done+waist HTTP/1.1" 200 24400 "-" "Mozilla/5.0 AppleWebKit/537.36 (KHTML, like Gecko; compatible; bingbot/2.0; +http://www.bing.com/bingbot.htm) Chrome/116.0.1938.76 Safari/537.36"
204.12.252.98 - - [13/Jun/2025:08:24:41 -0400] "GET /wp-includes/loginn.php HTTP/1.1" 302 6 "https://churchmr.com/wp-includes/edit.php" "Mozilla/5.0 (Windows NT 10.0; Win64; x64) AppleWebKit/537.36 (KHTML, like Gecko) Chrome/58.0.3029.110 Safari/537.3"
52.167.144.186 - - [13/Jun/2025:08:24:42 -0400] "GET /?d=109859496260&filter=54d420&share_to_url=discover.php%3Fid%3D3718193%26name%3Dtata+stryder+gear+shop+cycle HTTP/1.1" 200 23911 "-" "Mozilla/5.0 AppleWebKit/537.36 (KHTML, like Gecko; compatible; bingbot/2.0; +http://www.bing.com/bingbot.htm) Chrome/116.0.1938.76 Safari/537.36"
204.12.252.98 - - [13/Jun/2025:08:24:42 -0400] "GET /wp-includes/loginn.php HTTP/1.1" 302 6 "https://churchmr.com/wp-includes/edit.php" "Mozilla/5.0 (Windows NT 10.0; Win64; x64) AppleWebKit/537.36 (KHTML, like Gecko) Chrome/58.0.3029.110 Safari/537.3"
66.249.64.131 - - [13/Jun/2025:08:24:43 -0400] "GET /?d=111340042260&filter=dace4d&share_to_url=model.php%3Fid%3D3770715%26name%3Dalden+9794+snuff HTTP/1.1" 200 22556 "-" "Mozilla/5.0 (Linux; Android 6.0.1; Nexus 5X Build/MMB29P) AppleWebKit/537.36 (KHTML, like Gecko) Chrome/136.0.7103.113 Mobile Safari/537.36 (compatible; Googlebot/2.1; +http://www.google.com/bot.html)"
204.12.252.98 - - [13/Jun/2025:08:24:43 -0400] "GET /wp-includes/loginn.php HTTP/1.1" 302 6 "https://churchmr.com/wp-includes/edit.php" "Mozilla/5.0 (Windows NT 10.0; Win64; x64) AppleWebKit/537.36 (KHTML, like Gecko) Chrome/58.0.3029.110 Safari/537.3"
204.12.252.98 - - [13/Jun/2025:08:24:44 -0400] "GET /wp-includes/loginn.php HTTP/1.1" 302 6 "https://churchmr.com/wp-includes/edit.php" "Mozilla/5.0 (Windows NT 10.0; Win64; x64) AppleWebKit/537.36 (KHTML, like Gecko) Chrome/58.0.3029.110 Safari/537.3"
66.249.64.131 - - [13/Jun/2025:08:24:44 -0400] "GET /?d=92753698260&filter=5e2df4&share_to_url=item.php%3Fid%3D3142621%26name%3Dfila+tivka HTTP/1.1" 200 22606 "-" "Mozilla/5.0 (Linux; Android 6.0.1; Nexus 5X Build/MMB29P) AppleWebKit/537.36 (KHTML, like Gecko) Chrome/136.0.7103.113 Mobile Safari/537.36 (compatible; Googlebot/2.1; +http://www.google.com/bot.html)"
204.12.252.98 - - [13/Jun/2025:08:24:44 -0400] "GET /wp-includes/loginn.php HTTP/1.1" 302 6 "https://churchmr.com/wp-includes/edit.php" "Mozilla/5.0 (Windows NT 10.0; Win64; x64) AppleWebKit/537.36 (KHTML, like Gecko) Chrome/58.0.3029.110 Safari/537.3"
66.249.64.131 - - [13/Jun/2025:08:24:45 -0400] "GET /?d=116888608260&filter=cdc800&share_to_url=ideas.php%3Fid%3D3958356%26name%3Dvictoria+039+s+secret+hot HTTP/1.1" 200 24159 "-" "Mozilla/5.0 (Linux; Android 6.0.1; Nexus 5X Build/MMB29P) AppleWebKit/537.36 (KHTML, like Gecko) Chrome/136.0.7103.113 Mobile Safari/537.36 (compatible; Googlebot/2.1; +http://www.google.com/bot.html)"
204.12.252.98 - - [13/Jun/2025:08:24:45 -0400] "GET /wp-includes/loginn.php HTTP/1.1" 302 6 "https://churchmr.com/wp-includes/edit.php" "Mozilla/5.0 (Windows NT 10.0; Win64; x64) AppleWebKit/537.36 (KHTML, like Gecko) Chrome/58.0.3029.110 Safari/537.3"
204.12.252.98 - - [13/Jun/2025:08:24:46 -0400] "GET /wp-includes/loginn.php HTTP/1.1" 302 6 "https://churchmr.com/wp-includes/edit.php" "Mozilla/5.0 (Windows NT 10.0; Win64; x64) AppleWebKit/537.36 (KHTML, like Gecko) Chrome/58.0.3029.110 Safari/537.3"
204.12.252.98 - - [13/Jun/2025:08:24:46 -0400] "GET /wp-includes/loginn.php HTTP/1.1" 302 6 "https://churchmr.com/wp-includes/edit.php" "Mozilla/5.0 (Windows NT 10.0; Win64; x64) AppleWebKit/537.36 (KHTML, like Gecko) Chrome/58.0.3029.110 Safari/537.3"
204.12.252.98 - - [13/Jun/2025:08:24:47 -0400] "GET /wp-includes/loginn.php HTTP/1.1" 302 6 "https://churchmr.com/wp-includes/edit.php" "Mozilla/5.0 (Windows NT 10.0; Win64; x64) AppleWebKit/537.36 (KHTML, like Gecko) Chrome/58.0.3029.110 Safari/537.3"
66.249.64.132 - - [13/Jun/2025:08:24:48 -0400] "GET /?d=99631762260&filter=1bac50&share_to_url=goods.php%3Fid%3D3376511%26name%3Dwomen+039+s+belted+asymmetrical+zip+front HTTP/1.1" 200 23756 "-" "Mozilla/5.0 (Linux; Android 6.0.1; Nexus 5X Build/MMB29P) AppleWebKit/537.36 (KHTML, like Gecko) Chrome/136.0.7103.113 Mobile Safari/537.36 (compatible; Googlebot/2.1; +http://www.google.com/bot.html)"
40.77.167.24 - - [13/Jun/2025:08:24:50 -0400] "GET /?d=95180567260&filter=8de18d&share_to_url=pin.php%3Fid%3D3224442%26name%3Dgc+1000+wheeler HTTP/1.1" 200 25251 "-" "Mozilla/5.0 AppleWebKit/537.36 (KHTML, like Gecko; compatible; bingbot/2.0; +http://www.bing.com/bingbot.htm) Chrome/116.0.1938.76 Safari/537.36"
66.249.64.131 - - [13/Jun/2025:08:24:51 -0400] "GET /?d=98740009260&filter=70c827&share_to_url=item.php%3Fid%3D3346369%26name%3Dg+shock+goods+casio HTTP/1.1" 200 24012 "-" "Mozilla/5.0 (Linux; Android 6.0.1; Nexus 5X Build/MMB29P) AppleWebKit/537.36 (KHTML, like Gecko) Chrome/136.0.7103.113 Mobile Safari/537.36 (compatible; Googlebot/2.1; +http://www.google.com/bot.html)"
66.249.64.132 - - [13/Jun/2025:08:24:54 -0400] "GET /?d=113911216260&filter=6563e1&share_to_url=detail.php%3Fid%3D3857901%26name%3Dterrazzo+corner+chaise+lounge HTTP/1.1" 200 24259 "-" "Mozilla/5.0 (Linux; Android 6.0.1; Nexus 5X Build/MMB29P) AppleWebKit/537.36 (KHTML, like Gecko) Chrome/136.0.7103.113 Mobile Safari/537.36 (compatible; Googlebot/2.1; +http://www.google.com/bot.html)"
40.77.167.55 - - [13/Jun/2025:08:24:54 -0400] "GET /?d=117459262260&filter=aa1f1e&share_to_url=article.php%3Fid%3D3977906%26name%3Daxel+denim+chore+coat HTTP/1.1" 200 24185 "-" "Mozilla/5.0 AppleWebKit/537.36 (KHTML, like Gecko; compatible; bingbot/2.0; +http://www.bing.com/bingbot.htm) Chrome/116.0.1938.76 Safari/537.36"
66.249.64.132 - - [13/Jun/2025:08:24:56 -0400] "GET /?d=94088257260&filter=152323&share_to_url=article.php%3Fid%3D3188018%26name%3Dcamis%C3%B3n+de+sat%C3%A9n+negro HTTP/1.1" 200 24073 "-" "Mozilla/5.0 (Linux; Android 6.0.1; Nexus 5X Build/MMB29P) AppleWebKit/537.36 (KHTML, like Gecko) Chrome/136.0.7103.113 Mobile Safari/537.36 (compatible; Googlebot/2.1; +http://www.google.com/bot.html)"
66.249.64.132 - - [13/Jun/2025:08:24:59 -0400] "GET /?d=107235260260&filter=d60d32&share_to_url=item.php%3Fid%3D3631429%26name%3Ddansk+winterfest+collection HTTP/1.1" 200 24027 "-" "Mozilla/5.0 (Linux; Android 6.0.1; Nexus 5X Build/MMB29P) AppleWebKit/537.36 (KHTML, like Gecko) Chrome/136.0.7103.113 Mobile Safari/537.36 (compatible; Googlebot/2.1; +http://www.google.com/bot.html)"
52.167.144.186 - - [13/Jun/2025:08:24:59 -0400] "GET /?d=22453637260&filter=116a77&share_to_url=goods.php%3Fid%3D761687%26name%3Dplanar+heaters HTTP/1.1" 200 23576 "-" "Mozilla/5.0 AppleWebKit/537.36 (KHTML, like Gecko; compatible; bingbot/2.0; +http://www.bing.com/bingbot.htm) Chrome/116.0.1938.76 Safari/537.36"
40.77.167.24 - - [13/Jun/2025:08:25:00 -0400] "GET /?d=106767918260&filter=25e9e2&share_to_url=shop.php%3Fid%3D3616039%26name%3Dwatchgecko+039+s+unexpected+future+classic+watches HTTP/1.1" 200 22903 "-" "Mozilla/5.0 AppleWebKit/537.36 (KHTML, like Gecko; compatible; bingbot/2.0; +http://www.bing.com/bingbot.htm) Chrome/116.0.1938.76 Safari/537.36"
52.167.144.186 - - [13/Jun/2025:08:25:00 -0400] "GET /?d=93894652260&filter=d44514&share_to_url=ideas.php%3Fid%3D3181440%26name%3Dflaconi+hier+geht HTTP/1.1" 200 22202 "-" "Mozilla/5.0 AppleWebKit/537.36 (KHTML, like Gecko; compatible; bingbot/2.0; +http://www.bing.com/bingbot.htm) Chrome/116.0.1938.76 Safari/537.36"
40.77.167.24 - - [13/Jun/2025:08:25:00 -0400] "GET /?d=110796472260&filter=74e00d&share_to_url=product.php?id=3751306&name=cin%C3%A9%20watch%20emily HTTP/1.1" 200 23005 "-" "Mozilla/5.0 AppleWebKit/537.36 (KHTML, like Gecko; compatible; bingbot/2.0; +http://www.bing.com/bingbot.htm) Chrome/116.0.1938.76 Safari/537.36"
