66.249.64.131 - - [13/Jun/2025:08:38:56 -0400] "GET /?d=104160119260&filter=003cf2&share_to_url=model.php%3Fid%3D3529095%26name%3Dmountain+dog+harness HTTP/1.1" 200 23572 "-" "Mozilla/5.0 (Linux; Android 6.0.1; Nexus 5X Build/MMB29P) AppleWebKit/537.36 (KHTML, like Gecko) Chrome/136.0.7103.113 Mobile Safari/537.36 (compatible; Googlebot/2.1; +http://www.google.com/bot.html)"
66.249.64.132 - - [13/Jun/2025:08:38:58 -0400] "GET /?d=101744898260&filter=b1c088&share_to_url=shop.php%3Fid%3D3449275%26name%3Dpan+carr%C3%A8+ideale HTTP/1.1" 200 22999 "-" "Mozilla/5.0 (Linux; Android 6.0.1; Nexus 5X Build/MMB29P) AppleWebKit/537.36 (KHTML, like Gecko) Chrome/136.0.7103.113 Mobile Safari/537.36 (compatible; Googlebot/2.1; +http://www.google.com/bot.html)"
40.77.167.151 - - [13/Jun/2025:08:39:01 -0400] "GET /?d=103877299260&filter=c1fae4&share_to_url=article.php%3Fid%3D3519650%26name%3Dshl171+natural+rattan+baby HTTP/1.1" 200 23660 "-" "Mozilla/5.0 AppleWebKit/537.36 (KHTML, like Gecko; compatible; bingbot/2.0; +http://www.bing.com/bingbot.htm) Chrome/116.0.1938.76 Safari/537.36"
40.77.167.14 - - [13/Jun/2025:08:39:01 -0400] "GET /?d=32796539260&filter=14708a&share_to_url=ideas.php%3Fid%3D1115220%26name%3Dcycling+group+pictures HTTP/1.1" 200 24013 "-" "Mozilla/5.0 AppleWebKit/537.36 (KHTML, like Gecko; compatible; bingbot/2.0; +http://www.bing.com/bingbot.htm) Chrome/116.0.1938.76 Safari/537.36"
66.249.64.132 - - [13/Jun/2025:08:39:01 -0400] "GET /?d=115811256260&filter=cd6685&share_to_url=model.php%3Fid%3D3921771%26name%3Dgrayson+hobby+the+best+fpv HTTP/1.1" 200 23070 "-" "Mozilla/5.0 (Linux; Android 6.0.1; Nexus 5X Build/MMB29P) AppleWebKit/537.36 (KHTML, like Gecko) Chrome/136.0.7103.113 Mobile Safari/537.36 (compatible; Googlebot/2.1; +http://www.google.com/bot.html)"
66.249.64.6 - - [13/Jun/2025:08:39:02 -0400] "GET /?d=100111792260&filter=be1eff&share_to_url=model.php%3Fid%3D3392931%26name%3Dcoach+039+s+new+horse+and HTTP/1.1" 200 24393 "-" "Mozilla/5.0 (Linux; Android 6.0.1; Nexus 5X Build/MMB29P) AppleWebKit/537.36 (KHTML, like Gecko) Chrome/136.0.7103.113 Mobile Safari/537.36 (compatible; Googlebot/2.1; +http://www.google.com/bot.html)"
40.77.167.151 - - [13/Jun/2025:08:39:02 -0400] "GET /?d=110288928260&filter=6593d3&share_to_url=shop.php?id=3733051&name=fleurs%20d%20039%20orlane%20edt HTTP/1.1" 200 23563 "-" "Mozilla/5.0 AppleWebKit/537.36 (KHTML, like Gecko; compatible; bingbot/2.0; +http://www.bing.com/bingbot.htm) Chrome/116.0.1938.76 Safari/537.36"
52.167.144.209 - - [13/Jun/2025:08:39:05 -0400] "GET /?d=111835845260&filter=80d279&share_to_url=article.php?id=3787946&name=frangos%20charcoal%20chicken%20petersham HTTP/1.1" 200 23605 "-" "Mozilla/5.0 AppleWebKit/537.36 (KHTML, like Gecko; compatible; bingbot/2.0; +http://www.bing.com/bingbot.htm) Chrome/116.0.1938.76 Safari/537.36"
66.249.64.131 - - [13/Jun/2025:08:39:05 -0400] "GET /?d=105617162260&filter=b45fad&share_to_url=goods.php%3Fid%3D3577799%26name%3Dbackpacks+and+rucksacks HTTP/1.1" 200 23516 "-" "Mozilla/5.0 (Linux; Android 6.0.1; Nexus 5X Build/MMB29P) AppleWebKit/537.36 (KHTML, like Gecko) Chrome/136.0.7103.113 Mobile Safari/537.36 (compatible; Googlebot/2.1; +http://www.google.com/bot.html)"
66.249.64.132 - - [13/Jun/2025:08:39:07 -0400] "GET /?d=113601393260&filter=6f993e&share_to_url=product-page.php%3Fid%3D3847192%26name%3Davs+top+mtb HTTP/1.1" 200 23588 "-" "Mozilla/5.0 (Linux; Android 6.0.1; Nexus 5X Build/MMB29P) AppleWebKit/537.36 (KHTML, like Gecko) Chrome/136.0.7103.113 Mobile Safari/537.36 (compatible; Googlebot/2.1; +http://www.google.com/bot.html)"
157.55.39.205 - - [13/Jun/2025:08:39:07 -0400] "GET /?d=89219313260&filter=5837f7&share_to_url=discover.php%3Fid%3D3024197%26name%3Dsilver+scent+deep+edt+alsharif HTTP/1.1" 200 22555 "-" "Mozilla/5.0 AppleWebKit/537.36 (KHTML, like Gecko; compatible; bingbot/2.0; +http://www.bing.com/bingbot.htm) Chrome/116.0.1938.76 Safari/537.36"
66.249.64.132 - - [13/Jun/2025:08:39:09 -0400] "GET /?d=110444822260&filter=fd377f&share_to_url=shopdetail.php%3Fid%3D3738872%26name%3Dfor+vivo+y31+phone+case+shockproof HTTP/1.1" 200 22619 "-" "Mozilla/5.0 (Linux; Android 6.0.1; Nexus 5X Build/MMB29P) AppleWebKit/537.36 (KHTML, like Gecko) Chrome/136.0.7103.113 Mobile Safari/537.36 (compatible; Googlebot/2.1; +http://www.google.com/bot.html)"
40.77.167.14 - - [13/Jun/2025:08:39:10 -0400] "GET /?d=17287711260&filter=bd924d&share_to_url=product-page.php%3Fid%3D588808%26name%3Dsong+get+down HTTP/1.1" 200 22245 "-" "Mozilla/5.0 AppleWebKit/537.36 (KHTML, like Gecko; compatible; bingbot/2.0; +http://www.bing.com/bingbot.htm) Chrome/116.0.1938.76 Safari/537.36"
66.249.64.132 - - [13/Jun/2025:08:39:10 -0400] "GET /?d=112165358260&filter=860ef6&share_to_url=model.php%3Fid%3D3799527%26name%3Dtommy+hilfiger+cristobal+plus+reversible HTTP/1.1" 200 22281 "-" "Mozilla/5.0 (Linux; Android 6.0.1; Nexus 5X Build/MMB29P) AppleWebKit/537.36 (KHTML, like Gecko) Chrome/136.0.7103.113 Mobile Safari/537.36 (compatible; Googlebot/2.1; +http://www.google.com/bot.html)"
157.55.39.205 - - [13/Jun/2025:08:39:11 -0400] "GET /?d=91368053260&filter=08fd38&share_to_url=article.php%3Fid%3D3096422%26name%3Dlin+manuel+miranda+to+reprise HTTP/1.1" 200 22696 "-" "Mozilla/5.0 AppleWebKit/537.36 (KHTML, like Gecko; compatible; bingbot/2.0; +http://www.bing.com/bingbot.htm) Chrome/116.0.1938.76 Safari/537.36"
66.249.64.131 - - [13/Jun/2025:08:39:12 -0400] "GET /?d=87937086260&filter=b45778&share_to_url=article.php%3Fid%3D2979650%26name%3Dbuy+blue+sun HTTP/1.1" 200 23718 "-" "Mozilla/5.0 (Linux; Android 6.0.1; Nexus 5X Build/MMB29P) AppleWebKit/537.36 (KHTML, like Gecko) Chrome/136.0.7103.113 Mobile Safari/537.36 (compatible; Googlebot/2.1; +http://www.google.com/bot.html)"
157.55.39.205 - - [13/Jun/2025:08:39:14 -0400] "GET /?d=59754092260&filter=95c78c&share_to_url=product-page.php%3Fid%3D2028184%26name%3Dsem+costas+princesa HTTP/1.1" 200 23916 "-" "Mozilla/5.0 AppleWebKit/537.36 (KHTML, like Gecko; compatible; bingbot/2.0; +http://www.bing.com/bingbot.htm) Chrome/116.0.1938.76 Safari/537.36"
157.55.39.205 - - [13/Jun/2025:08:39:14 -0400] "GET /?d=19272363260&filter=2aa707&share_to_url=pin.php%3Fid%3D654858%26name%3Dbluetooth+guaranteed+speaker HTTP/1.1" 200 24182 "-" "Mozilla/5.0 AppleWebKit/537.36 (KHTML, like Gecko; compatible; bingbot/2.0; +http://www.bing.com/bingbot.htm) Chrome/116.0.1938.76 Safari/537.36"
157.55.39.205 - - [13/Jun/2025:08:39:15 -0400] "GET /?d=12381601260&filter=14708a&share_to_url=detail.php%3Fid%3D423333%26name%3Dask+tessa+what+bike HTTP/1.1" 200 24427 "-" "Mozilla/5.0 AppleWebKit/537.36 (KHTML, like Gecko; compatible; bingbot/2.0; +http://www.bing.com/bingbot.htm) Chrome/116.0.1938.76 Safari/537.36"
66.249.64.131 - - [13/Jun/2025:08:39:15 -0400] "GET /?d=99267627260&filter=90aab7&share_to_url=detail.php%3Fid%3D3364293%26name%3Dkangaroo+carry+tutorial HTTP/1.1" 200 22541 "-" "Mozilla/5.0 (Linux; Android 6.0.1; Nexus 5X Build/MMB29P) AppleWebKit/537.36 (KHTML, like Gecko) Chrome/136.0.7103.113 Mobile Safari/537.36 (compatible; Googlebot/2.1; +http://www.google.com/bot.html)"
66.249.68.131 - - [13/Jun/2025:08:39:18 -0400] "GET /?d=92984326260&filter=133aea&share_to_url=article.php%3Fid%3D3150494%26name%3Dkate+middleton+replica+ring+2024 HTTP/1.1" 200 23792 "-" "Mozilla/5.0 (Linux; Android 6.0.1; Nexus 5X Build/MMB29P) AppleWebKit/537.36 (KHTML, like Gecko) Chrome/136.0.7103.113 Mobile Safari/537.36 (compatible; Googlebot/2.1; +http://www.google.com/bot.html)"
66.249.64.5 - - [13/Jun/2025:08:39:19 -0400] "GET /?d=115771430260&filter=80d279&share_to_url=pin.php%3Fid%3D3920418%26name%3Dguayaba+cali+aji HTTP/1.1" 200 23666 "-" "Mozilla/5.0 (Linux; Android 6.0.1; Nexus 5X Build/MMB29P) AppleWebKit/537.36 (KHTML, like Gecko) Chrome/136.0.7103.113 Mobile Safari/537.36 (compatible; Googlebot/2.1; +http://www.google.com/bot.html)"
52.167.144.159 - - [13/Jun/2025:08:39:20 -0400] "GET /?d=88898722260&filter=1377c9&share_to_url=model.php%3Fid%3D3012915%26name%3Dmontre+fabriqu%C3%A9e+en HTTP/1.1" 200 23087 "-" "Mozilla/5.0 AppleWebKit/537.36 (KHTML, like Gecko; compatible; bingbot/2.0; +http://www.bing.com/bingbot.htm) Chrome/116.0.1938.76 Safari/537.36"
66.249.64.131 - - [13/Jun/2025:08:39:20 -0400] "GET /?d=101070723260&filter=1753ee&share_to_url=shop.php%3Fid%3D3425935%26name%3Dveste+hiver+imperm%C3%A9able+de HTTP/1.1" 200 23474 "-" "Mozilla/5.0 (Linux; Android 6.0.1; Nexus 5X Build/MMB29P) AppleWebKit/537.36 (KHTML, like Gecko) Chrome/136.0.7103.113 Mobile Safari/537.36 (compatible; Googlebot/2.1; +http://www.google.com/bot.html)"
66.249.64.131 - - [13/Jun/2025:08:39:21 -0400] "GET /?d=71442177260&filter=a8fc1c&share_to_url=ideas.php%3Fid%3D2421300%26name%3Dchristian+louboutin+christeriva HTTP/1.1" 200 23960 "-" "Mozilla/5.0 (Linux; Android 6.0.1; Nexus 5X Build/MMB29P) AppleWebKit/537.36 (KHTML, like Gecko) Chrome/136.0.7103.113 Mobile Safari/537.36 (compatible; Googlebot/2.1; +http://www.google.com/bot.html)"
66.249.64.5 - - [13/Jun/2025:08:39:21 -0400] "GET /?d=101818582260&filter=9ece33&share_to_url=shopdetail.php%3Fid%3D3451760%26name%3Dreclining+armchair+with+pouf HTTP/1.1" 200 23789 "-" "Mozilla/5.0 (Linux; Android 6.0.1; Nexus 5X Build/MMB29P) AppleWebKit/537.36 (KHTML, like Gecko) Chrome/136.0.7103.113 Mobile Safari/537.36 (compatible; Googlebot/2.1; +http://www.google.com/bot.html)"
52.167.144.159 - - [13/Jun/2025:08:39:21 -0400] "GET /?d=103388399260&filter=758412&share_to_url=shop.php%3Fid%3D3503527%26name%3Dcan+moringa HTTP/1.1" 200 24498 "-" "Mozilla/5.0 AppleWebKit/537.36 (KHTML, like Gecko; compatible; bingbot/2.0; +http://www.bing.com/bingbot.htm) Chrome/116.0.1938.76 Safari/537.36"
52.167.144.209 - - [13/Jun/2025:08:39:21 -0400] "GET /?d=99703571260&filter=27287d&share_to_url=shopdetail.php%3Fid%3D3379136%26name%3Dprenda+de+outlet HTTP/1.1" 200 23347 "-" "Mozilla/5.0 AppleWebKit/537.36 (KHTML, like Gecko; compatible; bingbot/2.0; +http://www.bing.com/bingbot.htm) Chrome/116.0.1938.76 Safari/537.36"
66.249.64.5 - - [13/Jun/2025:08:39:22 -0400] "GET /?d=111677356260&filter=353642&share_to_url=item.php%3Fid%3D3782365%26name%3Dadidas+ultraboost+dna HTTP/1.1" 200 22639 "-" "Mozilla/5.0 (Linux; Android 6.0.1; Nexus 5X Build/MMB29P) AppleWebKit/537.36 (KHTML, like Gecko) Chrome/136.0.7103.113 Mobile Safari/537.36 (compatible; Googlebot/2.1; +http://www.google.com/bot.html)"
66.249.64.131 - - [13/Jun/2025:08:39:23 -0400] "GET /?d=113703892260&filter=f935ba&share_to_url=goods.php%3Fid%3D3850439%26name%3D77103+14k+yellow HTTP/1.1" 200 23433 "-" "Mozilla/5.0 (Linux; Android 6.0.1; Nexus 5X Build/MMB29P) AppleWebKit/537.36 (KHTML, like Gecko) Chrome/136.0.7103.113 Mobile Safari/537.36 (compatible; Googlebot/2.1; +http://www.google.com/bot.html)"
66.249.64.131 - - [13/Jun/2025:08:39:23 -0400] "GET /?d=110302515260&filter=5ba468&share_to_url=shop.php%3Fid%3D3733627%26name%3Djuicy+couture+set+makeup HTTP/1.1" 200 22787 "-" "Mozilla/5.0 (Linux; Android 6.0.1; Nexus 5X Build/MMB29P) AppleWebKit/537.36 (KHTML, like Gecko) Chrome/136.0.7103.113 Mobile Safari/537.36 (compatible; Googlebot/2.1; +http://www.google.com/bot.html)"
40.77.167.14 - - [13/Jun/2025:08:39:24 -0400] "GET /?d=60120089260&filter=9fddd6&share_to_url=goods.php%3Fid%3D2040239%26name%3Dprimark+ropa+nueva+novedades HTTP/1.1" 200 23824 "-" "Mozilla/5.0 AppleWebKit/537.36 (KHTML, like Gecko; compatible; bingbot/2.0; +http://www.bing.com/bingbot.htm) Chrome/116.0.1938.76 Safari/537.36"
66.249.64.131 - - [13/Jun/2025:08:39:24 -0400] "GET /?d=104825628260&filter=d69439&share_to_url=article.php%3Fid%3D3551786%26name%3Dfor+sale+womens+black HTTP/1.1" 200 23408 "-" "Mozilla/5.0 (Linux; Android 6.0.1; Nexus 5X Build/MMB29P) AppleWebKit/537.36 (KHTML, like Gecko) Chrome/136.0.7103.113 Mobile Safari/537.36 (compatible; Googlebot/2.1; +http://www.google.com/bot.html)"
66.249.64.5 - - [13/Jun/2025:08:39:24 -0400] "GET /?d=109421958260&filter=e0b3ef&share_to_url=model.php%3Fid%3D3703863%26name%3Djuwelier+fridrich+arnold+werner HTTP/1.1" 200 23528 "-" "Mozilla/5.0 (Linux; Android 6.0.1; Nexus 5X Build/MMB29P) AppleWebKit/537.36 (KHTML, like Gecko) Chrome/136.0.7103.113 Mobile Safari/537.36 (compatible; Googlebot/2.1; +http://www.google.com/bot.html)"
40.77.167.14 - - [13/Jun/2025:08:39:25 -0400] "GET /?d=6382229260&filter=99857c&share_to_url=detail.php%3Fid%3D219765%26name%3Dpendleton+stripe+button HTTP/1.1" 200 23939 "-" "Mozilla/5.0 AppleWebKit/537.36 (KHTML, like Gecko; compatible; bingbot/2.0; +http://www.bing.com/bingbot.htm) Chrome/116.0.1938.76 Safari/537.36"
40.77.167.14 - - [13/Jun/2025:08:39:25 -0400] "GET /?d=62389445260&filter=ab67d8&share_to_url=product.php%3Fid%3D2115514%26name%3Dsven+modern+velvet+wing HTTP/1.1" 200 24296 "-" "Mozilla/5.0 AppleWebKit/537.36 (KHTML, like Gecko; compatible; bingbot/2.0; +http://www.bing.com/bingbot.htm) Chrome/116.0.1938.76 Safari/537.36"
66.249.64.131 - - [13/Jun/2025:08:39:26 -0400] "GET /?d=109737470260&filter=300ae4&share_to_url=shopdetail.php%3Fid%3D3714320%26name%3D14k+gold+xo+jewelry+set HTTP/1.1" 200 23886 "-" "Mozilla/5.0 (Linux; Android 6.0.1; Nexus 5X Build/MMB29P) AppleWebKit/537.36 (KHTML, like Gecko) Chrome/136.0.7103.113 Mobile Safari/537.36 (compatible; Googlebot/2.1; +http://www.google.com/bot.html)"
40.77.167.14 - - [13/Jun/2025:08:39:27 -0400] "GET /?d=36468457260&filter=14708a&share_to_url=article.php%3Fid%3D1238774%26name%3Dduck+bike+bell+kids HTTP/1.1" 200 24220 "-" "Mozilla/5.0 AppleWebKit/537.36 (KHTML, like Gecko; compatible; bingbot/2.0; +http://www.bing.com/bingbot.htm) Chrome/116.0.1938.76 Safari/537.36"
66.249.64.131 - - [13/Jun/2025:08:39:29 -0400] "GET /?d=112404312260&filter=f764f4&share_to_url=pin.php%3Fid%3D3807270%26name%3Dthis+will+be+my+new HTTP/1.1" 200 24018 "-" "Mozilla/5.0 (Linux; Android 6.0.1; Nexus 5X Build/MMB29P) AppleWebKit/537.36 (KHTML, like Gecko) Chrome/136.0.7103.113 Mobile Safari/537.36 (compatible; Googlebot/2.1; +http://www.google.com/bot.html)"
157.55.39.205 - - [13/Jun/2025:08:39:30 -0400] "GET /?d=77889057260&filter=14708a&share_to_url=product.php%3Fid%3D2638762%26name%3Dventum+one+frameset HTTP/1.1" 200 23608 "-" "Mozilla/5.0 AppleWebKit/537.36 (KHTML, like Gecko; compatible; bingbot/2.0; +http://www.bing.com/bingbot.htm) Chrome/116.0.1938.76 Safari/537.36"
66.249.64.131 - - [13/Jun/2025:08:39:31 -0400] "GET /?d=100354371260&filter=efdc85&share_to_url=shopdetail.php%3Fid%3D3401396%26name%3Dbuy+vaquita+feet+trampoline HTTP/1.1" 200 23287 "-" "Mozilla/5.0 (Linux; Android 6.0.1; Nexus 5X Build/MMB29P) AppleWebKit/537.36 (KHTML, like Gecko) Chrome/136.0.7103.113 Mobile Safari/537.36 (compatible; Googlebot/2.1; +http://www.google.com/bot.html)"
40.77.167.14 - - [13/Jun/2025:08:39:33 -0400] "GET /?d=96724608260&filter=339338&share_to_url=discover.php%3Fid%3D3277433%26name%3Dpolice+sunglasses+police HTTP/1.1" 200 22441 "-" "Mozilla/5.0 AppleWebKit/537.36 (KHTML, like Gecko; compatible; bingbot/2.0; +http://www.bing.com/bingbot.htm) Chrome/116.0.1938.76 Safari/537.36"
66.249.64.132 - - [13/Jun/2025:08:39:34 -0400] "GET /?d=102568617260&filter=dff52c&share_to_url=model.php%3Fid%3D3476547%26name%3Di3+4150+i3+4150+ghz HTTP/1.1" 200 22749 "-" "Mozilla/5.0 (Linux; Android 6.0.1; Nexus 5X Build/MMB29P) AppleWebKit/537.36 (KHTML, like Gecko) Chrome/136.0.7103.113 Mobile Safari/537.36 (compatible; Googlebot/2.1; +http://www.google.com/bot.html)"
52.167.144.159 - - [13/Jun/2025:08:39:34 -0400] "GET /?d=116834453260&filter=8bc2c5&share_to_url=ideas.php%3Fid%3D3956532%26name%3Dryzen+4800h+vs+ryzen HTTP/1.1" 200 22957 "-" "Mozilla/5.0 AppleWebKit/537.36 (KHTML, like Gecko; compatible; bingbot/2.0; +http://www.bing.com/bingbot.htm) Chrome/116.0.1938.76 Safari/537.36"
66.249.64.132 - - [13/Jun/2025:08:39:37 -0400] "GET /?d=91062853260&filter=fd45ef&share_to_url=product-page.php%3Fid%3D3086092%26name%3Dhot+wheels+40th+anniversary+65 HTTP/1.1" 200 23588 "-" "Mozilla/5.0 (Linux; Android 6.0.1; Nexus 5X Build/MMB29P) AppleWebKit/537.36 (KHTML, like Gecko) Chrome/136.0.7103.113 Mobile Safari/537.36 (compatible; Googlebot/2.1; +http://www.google.com/bot.html)"
66.249.64.132 - - [13/Jun/2025:08:39:40 -0400] "GET /?d=115736638260&filter=e86b2c&share_to_url=pin.php%3Fid%3D3919302%26name%3Dtropical+salem+dress HTTP/1.1" 200 24650 "-" "Mozilla/5.0 (Linux; Android 6.0.1; Nexus 5X Build/MMB29P) AppleWebKit/537.36 (KHTML, like Gecko) Chrome/136.0.7103.113 Mobile Safari/537.36 (compatible; Googlebot/2.1; +http://www.google.com/bot.html)"
66.249.64.131 - - [13/Jun/2025:08:39:40 -0400] "GET /?d=114511732260&filter=5bdc14&share_to_url=shopdetail.php%3Fid%3D3877700%26name%3Don+running+nyc HTTP/1.1" 200 22906 "-" "Mozilla/5.0 (Linux; Android 6.0.1; Nexus 5X Build/MMB29P) AppleWebKit/537.36 (KHTML, like Gecko) Chrome/136.0.7103.113 Mobile Safari/537.36 (compatible; Googlebot/2.1; +http://www.google.com/bot.html)"
40.77.167.151 - - [13/Jun/2025:08:39:42 -0400] "GET /?d=87696087260&filter=63784b&share_to_url=product.php%3Fid%3D2971678%26name%3Dpiece+astley HTTP/1.1" 200 23302 "-" "Mozilla/5.0 AppleWebKit/537.36 (KHTML, like Gecko; compatible; bingbot/2.0; +http://www.bing.com/bingbot.htm) Chrome/116.0.1938.76 Safari/537.36"
66.249.64.132 - - [13/Jun/2025:08:39:43 -0400] "GET /?d=106461508260&filter=cc9ad4&share_to_url=article.php%3Fid%3D3605594%26name%3Dleeds+repreve+ocean+commuter+15 HTTP/1.1" 200 22599 "-" "Mozilla/5.0 (Linux; Android 6.0.1; Nexus 5X Build/MMB29P) AppleWebKit/537.36 (KHTML, like Gecko) Chrome/136.0.7103.113 Mobile Safari/537.36 (compatible; Googlebot/2.1; +http://www.google.com/bot.html)"
66.249.64.132 - - [13/Jun/2025:08:39:43 -0400] "GET /?d=112758488260&filter=c9616d&share_to_url=shopdetail.php%3Fid%3D3819188%26name%3Dchristian+louboutin+men+039+s+loubiflip+rubber HTTP/1.1" 200 23254 "-" "Mozilla/5.0 (Linux; Android 6.0.1; Nexus 5X Build/MMB29P) AppleWebKit/537.36 (KHTML, like Gecko) Chrome/136.0.7103.113 Mobile Safari/537.36 (compatible; Googlebot/2.1; +http://www.google.com/bot.html)"
66.249.64.132 - - [13/Jun/2025:08:39:45 -0400] "GET /?d=107831506260&filter=750d75&share_to_url=pin.php%3Fid%3D3651318%26name%3Ddouble+breasted+jacket+by HTTP/1.1" 200 23776 "-" "Mozilla/5.0 (Linux; Android 6.0.1; Nexus 5X Build/MMB29P) AppleWebKit/537.36 (KHTML, like Gecko) Chrome/136.0.7103.113 Mobile Safari/537.36 (compatible; Googlebot/2.1; +http://www.google.com/bot.html)"
52.167.144.209 - - [13/Jun/2025:08:39:46 -0400] "GET /?d=92714212260&filter=ed3d47&share_to_url=article.php%3Fid%3D3141302%26name%3Dattilio+giusti+shoes+repair+resoling HTTP/1.1" 200 23290 "-" "Mozilla/5.0 AppleWebKit/537.36 (KHTML, like Gecko; compatible; bingbot/2.0; +http://www.bing.com/bingbot.htm) Chrome/116.0.1938.76 Safari/537.36"
52.167.144.209 - - [13/Jun/2025:08:39:47 -0400] "GET /?d=92842075260&filter=25e9e2&share_to_url=shopdetail.php%3Fid%3D3145424%26name%3Dhow+can+apps HTTP/1.1" 200 24041 "-" "Mozilla/5.0 AppleWebKit/537.36 (KHTML, like Gecko; compatible; bingbot/2.0; +http://www.bing.com/bingbot.htm) Chrome/116.0.1938.76 Safari/537.36"
157.55.39.205 - - [13/Jun/2025:08:39:47 -0400] "GET /?d=106352134260&filter=35c404&share_to_url=pin.php%3Fid%3D3602082%26name%3Dchaise+haute+grow+and+go HTTP/1.1" 200 22376 "-" "Mozilla/5.0 AppleWebKit/537.36 (KHTML, like Gecko; compatible; bingbot/2.0; +http://www.bing.com/bingbot.htm) Chrome/116.0.1938.76 Safari/537.36"
66.249.64.132 - - [13/Jun/2025:08:39:48 -0400] "GET /?d=108172755260&filter=7d890e&share_to_url=article.php%3Fid%3D3662522%26name%3Dbritish+military+canvas+tent HTTP/1.1" 200 23356 "-" "Mozilla/5.0 (Linux; Android 6.0.1; Nexus 5X Build/MMB29P) AppleWebKit/537.36 (KHTML, like Gecko) Chrome/136.0.7103.113 Mobile Safari/537.36 (compatible; Googlebot/2.1; +http://www.google.com/bot.html)"
66.249.64.5 - - [13/Jun/2025:08:39:48 -0400] "GET /?d=99537607260&filter=21c56e&share_to_url=discover.php%3Fid%3D3373601%26name%3Dhoodie+college+frauen HTTP/1.1" 200 22946 "-" "Mozilla/5.0 (Linux; Android 6.0.1; Nexus 5X Build/MMB29P) AppleWebKit/537.36 (KHTML, like Gecko) Chrome/136.0.7103.113 Mobile Safari/537.36 (compatible; Googlebot/2.1; +http://www.google.com/bot.html)"
157.55.39.205 - - [13/Jun/2025:08:39:48 -0400] "GET /?d=92642462260&filter=9e9754&share_to_url=item.php%3Fid%3D3138997%26name%3Dle+tauci+ceramic+pie+pans HTTP/1.1" 200 23503 "-" "Mozilla/5.0 AppleWebKit/537.36 (KHTML, like Gecko; compatible; bingbot/2.0; +http://www.bing.com/bingbot.htm) Chrome/116.0.1938.76 Safari/537.36"
66.249.64.132 - - [13/Jun/2025:08:39:48 -0400] "GET /?d=95414541260&filter=b2e434&share_to_url=goods.php%3Fid%3D3232559%26name%3D80s+hits+dance+fitness HTTP/1.1" 200 24256 "-" "Mozilla/5.0 (Linux; Android 6.0.1; Nexus 5X Build/MMB29P) AppleWebKit/537.36 (KHTML, like Gecko) Chrome/136.0.7103.113 Mobile Safari/537.36 (compatible; Googlebot/2.1; +http://www.google.com/bot.html)"
157.55.39.205 - - [13/Jun/2025:08:39:49 -0400] "GET /?d=22036732260&filter=956610&share_to_url=discover.php%3Fid%3D747437%26name%3Dpista+conexiones+plus+hobby HTTP/1.1" 200 22177 "-" "Mozilla/5.0 AppleWebKit/537.36 (KHTML, like Gecko; compatible; bingbot/2.0; +http://www.bing.com/bingbot.htm) Chrome/116.0.1938.76 Safari/537.36"
157.55.39.205 - - [13/Jun/2025:08:39:50 -0400] "GET /?d=72369427260&filter=132c35&share_to_url=ideas.php%3Fid%3D2452704%26name%3Dnew+hybrid+indominus HTTP/1.1" 200 22641 "-" "Mozilla/5.0 AppleWebKit/537.36 (KHTML, like Gecko; compatible; bingbot/2.0; +http://www.bing.com/bingbot.htm) Chrome/116.0.1938.76 Safari/537.36"
52.167.144.159 - - [13/Jun/2025:08:39:50 -0400] "GET /?d=40900111260&filter=b873a7&share_to_url=ideas.php%3Fid%3D1388856%26name%3Dfishing+pliers+sheath+for HTTP/1.1" 200 24504 "-" "Mozilla/5.0 AppleWebKit/537.36 (KHTML, like Gecko; compatible; bingbot/2.0; +http://www.bing.com/bingbot.htm) Chrome/116.0.1938.76 Safari/537.36"
40.77.167.14 - - [13/Jun/2025:08:39:51 -0400] "GET /?d=106678705260&filter=df5914&share_to_url=shop.php%3Fid%3D3612907%26name%3Dpremature+baby+christmas+store HTTP/1.1" 200 23434 "-" "Mozilla/5.0 AppleWebKit/537.36 (KHTML, like Gecko; compatible; bingbot/2.0; +http://www.bing.com/bingbot.htm) Chrome/116.0.1938.76 Safari/537.36"
66.249.64.132 - - [13/Jun/2025:08:39:51 -0400] "GET /?d=91817993260&filter=c9616d&share_to_url=ideas.php%3Fid%3D3111264%26name%3Djewellery+design+free+3d HTTP/1.1" 200 23450 "-" "Mozilla/5.0 (Linux; Android 6.0.1; Nexus 5X Build/MMB29P) AppleWebKit/537.36 (KHTML, like Gecko) Chrome/136.0.7103.113 Mobile Safari/537.36 (compatible; Googlebot/2.1; +http://www.google.com/bot.html)"
157.55.39.205 - - [13/Jun/2025:08:39:51 -0400] "GET /?d=99527645260&filter=d31813&share_to_url=item.php%3Fid%3D3373309%26name%3Dsweatshirt+judi+in HTTP/1.1" 200 23043 "-" "Mozilla/5.0 AppleWebKit/537.36 (KHTML, like Gecko; compatible; bingbot/2.0; +http://www.bing.com/bingbot.htm) Chrome/116.0.1938.76 Safari/537.36"
157.55.39.205 - - [13/Jun/2025:08:39:52 -0400] "GET /?d=60789858260&filter=43927c&share_to_url=detail.php%3Fid%3D2062461%26name%3Djogger+batik HTTP/1.1" 200 23665 "-" "Mozilla/5.0 AppleWebKit/537.36 (KHTML, like Gecko; compatible; bingbot/2.0; +http://www.bing.com/bingbot.htm) Chrome/116.0.1938.76 Safari/537.36"
157.55.39.12 - - [13/Jun/2025:08:39:52 -0400] "GET /?d=105281817260&filter=f61d34&share_to_url=shopdetail.php%3Fid%3D3566744%26name%3Dreplying+to+mariana+lopez+run HTTP/1.1" 200 22492 "-" "Mozilla/5.0 AppleWebKit/537.36 (KHTML, like Gecko; compatible; bingbot/2.0; +http://www.bing.com/bingbot.htm) Chrome/116.0.1938.76 Safari/537.36"
157.55.39.12 - - [13/Jun/2025:08:39:53 -0400] "GET /?d=87025450260&filter=19a15a&share_to_url=article.php%3Fid%3D2948978%26name%3Dval+stefani+d8265+lisbon HTTP/1.1" 200 22521 "-" "Mozilla/5.0 AppleWebKit/537.36 (KHTML, like Gecko; compatible; bingbot/2.0; +http://www.bing.com/bingbot.htm) Chrome/116.0.1938.76 Safari/537.36"
157.55.39.205 - - [13/Jun/2025:08:39:53 -0400] "GET /?d=118040394260&filter=b3fa34&share_to_url=detail.php%3Fid%3D3997365%26name%3Dpuma+to+bring HTTP/1.1" 200 23169 "-" "Mozilla/5.0 AppleWebKit/537.36 (KHTML, like Gecko; compatible; bingbot/2.0; +http://www.bing.com/bingbot.htm) Chrome/116.0.1938.76 Safari/537.36"
66.249.64.131 - - [13/Jun/2025:08:39:54 -0400] "GET /?d=108105068260&filter=d4169b&share_to_url=detail.php%3Fid%3D3660069%26name%3Dbrett+gardner+ladies HTTP/1.1" 200 22178 "-" "Mozilla/5.0 (Linux; Android 6.0.1; Nexus 5X Build/MMB29P) AppleWebKit/537.36 (KHTML, like Gecko) Chrome/136.0.7103.113 Mobile Safari/537.36 (compatible; Googlebot/2.1; +http://www.google.com/bot.html)"
66.249.64.132 - - [13/Jun/2025:08:39:56 -0400] "GET /?d=102984401260&filter=14708a&share_to_url=pin.php%3Fid%3D3490206%26name%3Dhero+salamander+27 HTTP/1.1" 200 24007 "-" "Mozilla/5.0 (Linux; Android 6.0.1; Nexus 5X Build/MMB29P) AppleWebKit/537.36 (KHTML, like Gecko) Chrome/136.0.7103.113 Mobile Safari/537.36 (compatible; Googlebot/2.1; +http://www.google.com/bot.html)"
66.249.64.131 - - [13/Jun/2025:08:39:58 -0400] "GET /?d=93479087260&filter=65c35a&share_to_url=goods.php%3Fid%3D3166883%26name%3Dbuy+men+grey+solid+single+ed HTTP/1.1" 200 24687 "-" "Mozilla/5.0 (Linux; Android 6.0.1; Nexus 5X Build/MMB29P) AppleWebKit/537.36 (KHTML, like Gecko) Chrome/136.0.7103.113 Mobile Safari/537.36 (compatible; Googlebot/2.1; +http://www.google.com/bot.html)"
52.167.144.159 - - [13/Jun/2025:08:40:00 -0400] "GET /?d=83300425260&filter=12e607&share_to_url=product.php%3Fid%3D2821858%26name%3Dvelo+hotsell+optimalp+cora HTTP/1.1" 200 22765 "-" "Mozilla/5.0 AppleWebKit/537.36 (KHTML, like Gecko; compatible; bingbot/2.0; +http://www.bing.com/bingbot.htm) Chrome/116.0.1938.76 Safari/537.36"
52.167.144.159 - - [13/Jun/2025:08:40:01 -0400] "GET /?d=10468024260&filter=6f993e&share_to_url=model.php%3Fid%3D358935%26name%3Dhonda+shine+scooter HTTP/1.1" 200 23150 "-" "Mozilla/5.0 AppleWebKit/537.36 (KHTML, like Gecko; compatible; bingbot/2.0; +http://www.bing.com/bingbot.htm) Chrome/116.0.1938.76 Safari/537.36"
52.167.144.159 - - [13/Jun/2025:08:40:01 -0400] "GET /?d=55213588260&filter=b2e434&share_to_url=shopdetail.php%3Fid%3D1874912%26name%3Dnordictrack+c2255+treadmill HTTP/1.1" 200 23755 "-" "Mozilla/5.0 AppleWebKit/537.36 (KHTML, like Gecko; compatible; bingbot/2.0; +http://www.bing.com/bingbot.htm) Chrome/116.0.1938.76 Safari/537.36"
66.249.64.128 - - [13/Jun/2025:08:40:01 -0400] "GET /?d=117424197260&filter=1fda49&share_to_url=product-page.php%3Fid%3D3976684%26name%3Dinches+lacing+sneakers HTTP/1.1" 200 23296 "-" "Mozilla/5.0 (Linux; Android 6.0.1; Nexus 5X Build/MMB29P) AppleWebKit/537.36 (KHTML, like Gecko) Chrome/136.0.7103.113 Mobile Safari/537.36 (compatible; Googlebot/2.1; +http://www.google.com/bot.html)"
66.249.64.128 - - [13/Jun/2025:08:40:04 -0400] "GET /?d=117471822260&filter=e6ed3d&share_to_url=product.php%3Fid%3D3978322%26name%3Dpentagon+softshell+jacket HTTP/1.1" 200 22863 "-" "Mozilla/5.0 (Linux; Android 6.0.1; Nexus 5X Build/MMB29P) AppleWebKit/537.36 (KHTML, like Gecko) Chrome/136.0.7103.113 Mobile Safari/537.36 (compatible; Googlebot/2.1; +http://www.google.com/bot.html)"
40.77.167.14 - - [13/Jun/2025:08:40:05 -0400] "GET /?d=18048840260&filter=b32929&share_to_url=pin.php%3Fid%3D613338%26name%3Dcheap+ac+adapter+apple HTTP/1.1" 200 23462 "-" "Mozilla/5.0 AppleWebKit/537.36 (KHTML, like Gecko; compatible; bingbot/2.0; +http://www.bing.com/bingbot.htm) Chrome/116.0.1938.76 Safari/537.36"
66.249.64.132 - - [13/Jun/2025:08:40:07 -0400] "GET /?d=102721132260&filter=b3603f&share_to_url=product-page.php%3Fid%3D3481744%26name%3D809208+b21+hpe HTTP/1.1" 200 22686 "-" "Mozilla/5.0 (Linux; Android 6.0.1; Nexus 5X Build/MMB29P) AppleWebKit/537.36 (KHTML, like Gecko) Chrome/136.0.7103.113 Mobile Safari/537.36 (compatible; Googlebot/2.1; +http://www.google.com/bot.html)"
52.167.144.159 - - [13/Jun/2025:08:40:09 -0400] "GET /?d=10260203260&filter=71e9aa&share_to_url=shopdetail.php%3Fid%3D351944%26name%3Dquilted+mini+store HTTP/1.1" 200 23720 "-" "Mozilla/5.0 AppleWebKit/537.36 (KHTML, like Gecko; compatible; bingbot/2.0; +http://www.bing.com/bingbot.htm) Chrome/116.0.1938.76 Safari/537.36"
66.249.64.132 - - [13/Jun/2025:08:40:10 -0400] "GET /?d=93233905260&filter=e86b2c&share_to_url=goods.php%3Fid%3D3158867%26name%3Dknitting+and+designing HTTP/1.1" 200 24192 "-" "Mozilla/5.0 (Linux; Android 6.0.1; Nexus 5X Build/MMB29P) AppleWebKit/537.36 (KHTML, like Gecko) Chrome/136.0.7103.113 Mobile Safari/537.36 (compatible; Googlebot/2.1; +http://www.google.com/bot.html)"
52.167.144.159 - - [13/Jun/2025:08:40:10 -0400] "GET /?d=104481268260&filter=5837f7&share_to_url=product-page.php%3Fid%3D3540280%26name%3Damber+lime+bergamot HTTP/1.1" 200 23790 "-" "Mozilla/5.0 AppleWebKit/537.36 (KHTML, like Gecko; compatible; bingbot/2.0; +http://www.bing.com/bingbot.htm) Chrome/116.0.1938.76 Safari/537.36"
66.249.64.131 - - [13/Jun/2025:08:40:10 -0400] "GET /?d=98121424260&filter=674674&share_to_url=article.php%3Fid%3D3325082%26name%3Dmj+100+bikini+2019+costume HTTP/1.1" 200 23601 "-" "Mozilla/5.0 (Linux; Android 6.0.1; Nexus 5X Build/MMB29P) AppleWebKit/537.36 (KHTML, like Gecko) Chrome/136.0.7103.113 Mobile Safari/537.36 (compatible; Googlebot/2.1; +http://www.google.com/bot.html)"
40.77.167.151 - - [13/Jun/2025:08:40:11 -0400] "GET /?d=91006841260&filter=7bc818&share_to_url=item.php%3Fid%3D3084229%26name%3Dhessimy+slip+on+orthopedic+wide HTTP/1.1" 200 23300 "-" "Mozilla/5.0 AppleWebKit/537.36 (KHTML, like Gecko; compatible; bingbot/2.0; +http://www.bing.com/bingbot.htm) Chrome/116.0.1938.76 Safari/537.36"
66.249.64.6 - - [13/Jun/2025:08:40:12 -0400] "GET /?d=107353652260&filter=7f045f&share_to_url=discover.php%3Fid%3D3635309%26name%3Dsony+india+watching HTTP/1.1" 200 23844 "-" "Mozilla/5.0 (Linux; Android 6.0.1; Nexus 5X Build/MMB29P) AppleWebKit/537.36 (KHTML, like Gecko) Chrome/136.0.7103.113 Mobile Safari/537.36 (compatible; Googlebot/2.1; +http://www.google.com/bot.html)"
52.167.144.159 - - [13/Jun/2025:08:40:12 -0400] "GET /?d=68098634260&filter=132c35&share_to_url=item.php%3Fid%3D2308333%26name%3Dps+sequence HTTP/1.1" 200 24408 "-" "Mozilla/5.0 AppleWebKit/537.36 (KHTML, like Gecko; compatible; bingbot/2.0; +http://www.bing.com/bingbot.htm) Chrome/116.0.1938.76 Safari/537.36"
66.249.64.131 - - [13/Jun/2025:08:40:12 -0400] "GET /?d=94308015260&filter=952e3f&share_to_url=discover.php%3Fid%3D3196001%26name%3Dnew+balance+890v7+review HTTP/1.1" 200 21667 "-" "Mozilla/5.0 (Linux; Android 6.0.1; Nexus 5X Build/MMB29P) AppleWebKit/537.36 (KHTML, like Gecko) Chrome/136.0.7103.113 Mobile Safari/537.36 (compatible; Googlebot/2.1; +http://www.google.com/bot.html)"
66.249.64.131 - - [13/Jun/2025:08:40:15 -0400] "GET /?d=96328845260&filter=7bb540&share_to_url=shop.php%3Fid%3D3263623%26name%3Dthe+new+bmw+c+evolution HTTP/1.1" 200 22802 "-" "Mozilla/5.0 (Linux; Android 6.0.1; Nexus 5X Build/MMB29P) AppleWebKit/537.36 (KHTML, like Gecko) Chrome/136.0.7103.113 Mobile Safari/537.36 (compatible; Googlebot/2.1; +http://www.google.com/bot.html)"
66.249.64.131 - - [13/Jun/2025:08:40:15 -0400] "GET /?d=88528546260&filter=2aa707&share_to_url=product-page.php%3Fid%3D3000400%26name%3Dpanduan+pengguna+speaker+rumah+bluetooth HTTP/1.1" 200 24452 "-" "Mozilla/5.0 (Linux; Android 6.0.1; Nexus 5X Build/MMB29P) AppleWebKit/537.36 (KHTML, like Gecko) Chrome/136.0.7103.113 Mobile Safari/537.36 (compatible; Googlebot/2.1; +http://www.google.com/bot.html)"
66.249.64.131 - - [13/Jun/2025:08:40:17 -0400] "GET /?d=104521213260&filter=a1d9b2&share_to_url=model.php%3Fid%3D3541539%26name%3Dkasha+chiffon+tie HTTP/1.1" 200 23278 "-" "Mozilla/5.0 (Linux; Android 6.0.1; Nexus 5X Build/MMB29P) AppleWebKit/537.36 (KHTML, like Gecko) Chrome/136.0.7103.113 Mobile Safari/537.36 (compatible; Googlebot/2.1; +http://www.google.com/bot.html)"
157.55.39.12 - - [13/Jun/2025:08:40:20 -0400] "GET /?d=11697521260&filter=1a214e&share_to_url=article.php%3Fid%3D400586%26name%3Dcoats+at+sale HTTP/1.1" 200 23566 "-" "Mozilla/5.0 AppleWebKit/537.36 (KHTML, like Gecko; compatible; bingbot/2.0; +http://www.bing.com/bingbot.htm) Chrome/116.0.1938.76 Safari/537.36"
40.77.167.14 - - [13/Jun/2025:08:40:20 -0400] "GET /?d=37170627260&filter=b2e434&share_to_url=ideas.php%3Fid%3D1262196%26name%3Donline+programs+invictus HTTP/1.1" 200 23338 "-" "Mozilla/5.0 AppleWebKit/537.36 (KHTML, like Gecko; compatible; bingbot/2.0; +http://www.bing.com/bingbot.htm) Chrome/116.0.1938.76 Safari/537.36"
157.55.39.12 - - [13/Jun/2025:08:40:20 -0400] "GET /?d=86308157260&filter=6b2bc0&share_to_url=detail.php%3Fid%3D2924385%26name%3Dinvicta+22551+shop HTTP/1.1" 200 22781 "-" "Mozilla/5.0 AppleWebKit/537.36 (KHTML, like Gecko; compatible; bingbot/2.0; +http://www.bing.com/bingbot.htm) Chrome/116.0.1938.76 Safari/537.36"
157.55.39.205 - - [13/Jun/2025:08:40:20 -0400] "GET /?d=94901242260&filter=63444b&share_to_url=article.php%3Fid%3D3215558%26name%3Dexclusive+mesh+top HTTP/1.1" 200 23342 "-" "Mozilla/5.0 AppleWebKit/537.36 (KHTML, like Gecko; compatible; bingbot/2.0; +http://www.bing.com/bingbot.htm) Chrome/116.0.1938.76 Safari/537.36"
66.249.64.131 - - [13/Jun/2025:08:40:21 -0400] "GET /?d=102213113260&filter=77dcc0&share_to_url=ideas.php%3Fid%3D3464652%26name%3Dtraje+d%C3%ADa+de+los HTTP/1.1" 200 23200 "-" "Mozilla/5.0 (Linux; Android 6.0.1; Nexus 5X Build/MMB29P) AppleWebKit/537.36 (KHTML, like Gecko) Chrome/136.0.7103.113 Mobile Safari/537.36 (compatible; Googlebot/2.1; +http://www.google.com/bot.html)"
66.249.64.131 - - [13/Jun/2025:08:40:24 -0400] "GET /?d=103544499260&filter=494c5b&share_to_url=goods.php%3Fid%3D3508595%26name%3Dus+polo+shirts HTTP/1.1" 200 23142 "-" "Mozilla/5.0 (Linux; Android 6.0.1; Nexus 5X Build/MMB29P) AppleWebKit/537.36 (KHTML, like Gecko) Chrome/136.0.7103.113 Mobile Safari/537.36 (compatible; Googlebot/2.1; +http://www.google.com/bot.html)"
40.77.167.14 - - [13/Jun/2025:08:40:24 -0400] "GET /?d=42269746260&filter=116a77&share_to_url=ideas.php%3Fid%3D1434960%26name%3Dsmall+town+heating HTTP/1.1" 200 24049 "-" "Mozilla/5.0 AppleWebKit/537.36 (KHTML, like Gecko; compatible; bingbot/2.0; +http://www.bing.com/bingbot.htm) Chrome/116.0.1938.76 Safari/537.36"
40.77.167.14 - - [13/Jun/2025:08:40:25 -0400] "GET /?d=87662424260&filter=e69463&share_to_url=article.php%3Fid%3D2970578%26name%3D1978+cz+minsk HTTP/1.1" 200 24003 "-" "Mozilla/5.0 AppleWebKit/537.36 (KHTML, like Gecko; compatible; bingbot/2.0; +http://www.bing.com/bingbot.htm) Chrome/116.0.1938.76 Safari/537.36"
66.249.64.131 - - [13/Jun/2025:08:40:26 -0400] "GET /?d=49005017260&filter=116a77&share_to_url=detail.php%3Fid%3D1666221%26name%3Dshould+a+roof+vent HTTP/1.1" 200 23161 "-" "Mozilla/5.0 (Linux; Android 6.0.1; Nexus 5X Build/MMB29P) AppleWebKit/537.36 (KHTML, like Gecko) Chrome/136.0.7103.113 Mobile Safari/537.36 (compatible; Googlebot/2.1; +http://www.google.com/bot.html)"
157.55.39.205 - - [13/Jun/2025:08:40:27 -0400] "GET /?d=35903591260&filter=f25e61&share_to_url=ideas.php%3Fid%3D1219812%26name%3Dlogo+package+swatch HTTP/1.1" 200 23950 "-" "Mozilla/5.0 AppleWebKit/537.36 (KHTML, like Gecko; compatible; bingbot/2.0; +http://www.bing.com/bingbot.htm) Chrome/116.0.1938.76 Safari/537.36"
157.55.39.205 - - [13/Jun/2025:08:40:28 -0400] "GET /?d=16507923260&filter=c79531&share_to_url=detail.php%3Fid%3D562641%26name%3Dpunk+boy+hot HTTP/1.1" 200 24473 "-" "Mozilla/5.0 AppleWebKit/537.36 (KHTML, like Gecko; compatible; bingbot/2.0; +http://www.bing.com/bingbot.htm) Chrome/116.0.1938.76 Safari/537.36"
157.55.39.205 - - [13/Jun/2025:08:40:28 -0400] "GET /?d=85472064260&filter=5837f7&share_to_url=pin.php%3Fid%3D2895342%26name%3Dblue+plus+kolonjska HTTP/1.1" 200 23748 "-" "Mozilla/5.0 AppleWebKit/537.36 (KHTML, like Gecko; compatible; bingbot/2.0; +http://www.bing.com/bingbot.htm) Chrome/116.0.1938.76 Safari/537.36"
66.249.64.131 - - [13/Jun/2025:08:40:29 -0400] "GET /?d=107687848260&filter=b2e434&share_to_url=article.php%3Fid%3D3646574%26name%3Dnordictrack+vr19+sales+recumbent+exercise HTTP/1.1" 200 23515 "-" "Mozilla/5.0 (Linux; Android 6.0.1; Nexus 5X Build/MMB29P) AppleWebKit/537.36 (KHTML, like Gecko) Chrome/136.0.7103.113 Mobile Safari/537.36 (compatible; Googlebot/2.1; +http://www.google.com/bot.html)"
157.55.39.205 - - [13/Jun/2025:08:40:30 -0400] "GET /?d=13716590260&filter=14708a&share_to_url=shop.php%3Fid%3D467935%26name%3Dhero+winner+deals HTTP/1.1" 200 23724 "-" "Mozilla/5.0 AppleWebKit/537.36 (KHTML, like Gecko; compatible; bingbot/2.0; +http://www.bing.com/bingbot.htm) Chrome/116.0.1938.76 Safari/537.36"
52.167.144.159 - - [13/Jun/2025:08:40:31 -0400] "GET /?d=108106492260&filter=1f5f6f&share_to_url=ideas.php%3Fid%3D3660120%26name%3Dthe+crew+motorfest+kawasaki HTTP/1.1" 200 23080 "-" "Mozilla/5.0 AppleWebKit/537.36 (KHTML, like Gecko; compatible; bingbot/2.0; +http://www.bing.com/bingbot.htm) Chrome/116.0.1938.76 Safari/537.36"
66.249.64.131 - - [13/Jun/2025:08:40:32 -0400] "GET /?d=95337858260&filter=fd45ef&share_to_url=ideas.php%3Fid%3D3229884%26name%3Dsesame+street+sand HTTP/1.1" 200 23729 "-" "Mozilla/5.0 (Linux; Android 6.0.1; Nexus 5X Build/MMB29P) AppleWebKit/537.36 (KHTML, like Gecko) Chrome/136.0.7103.113 Mobile Safari/537.36 (compatible; Googlebot/2.1; +http://www.google.com/bot.html)"
52.167.144.159 - - [13/Jun/2025:08:40:32 -0400] "GET /?d=100085482260&filter=1bac50&share_to_url=shopdetail.php%3Fid%3D3392072%26name%3Dstormrace+jacket+clearance HTTP/1.1" 200 22944 "-" "Mozilla/5.0 AppleWebKit/537.36 (KHTML, like Gecko; compatible; bingbot/2.0; +http://www.bing.com/bingbot.htm) Chrome/116.0.1938.76 Safari/537.36"
40.77.167.151 - - [13/Jun/2025:08:40:33 -0400] "GET /?d=102711509260&filter=b3e07f&share_to_url=shopdetail.php%3Fid%3D3481328%26name%3Dsilicon+power+x+power+xs70 HTTP/1.1" 200 22849 "-" "Mozilla/5.0 AppleWebKit/537.36 (KHTML, like Gecko; compatible; bingbot/2.0; +http://www.bing.com/bingbot.htm) Chrome/116.0.1938.76 Safari/537.36"
66.249.64.131 - - [13/Jun/2025:08:40:34 -0400] "GET /?d=110615906260&filter=a7a978&share_to_url=shopdetail.php%3Fid%3D3744824%26name%3Dfile+2008+vauxhall+corsavan+cdti HTTP/1.1" 200 22855 "-" "Mozilla/5.0 (Linux; Android 6.0.1; Nexus 5X Build/MMB29P) AppleWebKit/537.36 (KHTML, like Gecko) Chrome/136.0.7103.113 Mobile Safari/537.36 (compatible; Googlebot/2.1; +http://www.google.com/bot.html)"
66.249.64.131 - - [13/Jun/2025:08:40:35 -0400] "GET /?d=114685632260&filter=35c404&share_to_url=shopdetail.php%3Fid%3D3883556%26name%3Duppababy+mesa+fashion+kit HTTP/1.1" 200 21861 "-" "Mozilla/5.0 (Linux; Android 6.0.1; Nexus 5X Build/MMB29P) AppleWebKit/537.36 (KHTML, like Gecko) Chrome/136.0.7103.113 Mobile Safari/537.36 (compatible; Googlebot/2.1; +http://www.google.com/bot.html)"
66.249.64.131 - - [13/Jun/2025:08:40:37 -0400] "GET /?d=111305966260&filter=a40b9d&share_to_url=pin.php%3Fid%3D3769554%26name%3Dvintage+90s+marduk HTTP/1.1" 200 23493 "-" "Mozilla/5.0 (Linux; Android 6.0.1; Nexus 5X Build/MMB29P) AppleWebKit/537.36 (KHTML, like Gecko) Chrome/136.0.7103.113 Mobile Safari/537.36 (compatible; Googlebot/2.1; +http://www.google.com/bot.html)"
66.249.64.6 - - [13/Jun/2025:08:40:38 -0400] "GET /?d=34022766260&filter=00a8d6&share_to_url=shopdetail.php%3Fid%3D1157276%26name%3Dlouis+vuitton+men+s+ss21 HTTP/1.1" 200 24456 "-" "Mozilla/5.0 (Linux; Android 6.0.1; Nexus 5X Build/MMB29P) AppleWebKit/537.36 (KHTML, like Gecko) Chrome/136.0.7103.113 Mobile Safari/537.36 (compatible; Googlebot/2.1; +http://www.google.com/bot.html)"
66.249.64.6 - - [13/Jun/2025:08:40:40 -0400] "GET /?d=103090751260&filter=dd928e&share_to_url=model.php%3Fid%3D3493515%26name%3Dcomo+hacer+casa+de+perro HTTP/1.1" 200 23617 "-" "Mozilla/5.0 (Linux; Android 6.0.1; Nexus 5X Build/MMB29P) AppleWebKit/537.36 (KHTML, like Gecko) Chrome/136.0.7103.113 Mobile Safari/537.36 (compatible; Googlebot/2.1; +http://www.google.com/bot.html)"
66.249.64.131 - - [13/Jun/2025:08:40:40 -0400] "GET /?d=105219692260&filter=15d3b1&share_to_url=product-page.php%3Fid%3D3564748%26name%3Dtop+load+washer+with+agitator HTTP/1.1" 200 22799 "-" "Mozilla/5.0 (Linux; Android 6.0.1; Nexus 5X Build/MMB29P) AppleWebKit/537.36 (KHTML, like Gecko) Chrome/136.0.7103.113 Mobile Safari/537.36 (compatible; Googlebot/2.1; +http://www.google.com/bot.html)"
40.77.167.14 - - [13/Jun/2025:08:40:40 -0400] "GET /?d=19193829260&filter=bc40a5&share_to_url=shop.php%3Fid%3D652219%26name%3Dcustom+wine+racks+new HTTP/1.1" 200 23303 "-" "Mozilla/5.0 AppleWebKit/537.36 (KHTML, like Gecko; compatible; bingbot/2.0; +http://www.bing.com/bingbot.htm) Chrome/116.0.1938.76 Safari/537.36"
40.77.167.14 - - [13/Jun/2025:08:40:41 -0400] "GET /?d=34060300260&filter=b00345&share_to_url=pin.php%3Fid%3D1158558%26name%3Dbahaya+nonton+layar HTTP/1.1" 200 23975 "-" "Mozilla/5.0 AppleWebKit/537.36 (KHTML, like Gecko; compatible; bingbot/2.0; +http://www.bing.com/bingbot.htm) Chrome/116.0.1938.76 Safari/537.36"
52.167.144.209 - - [13/Jun/2025:08:40:41 -0400] "GET /?d=111566712260&filter=577ef4&share_to_url=model.php%3Fid%3D3778443%26name%3Dguess+elliana+clearance+bag HTTP/1.1" 200 23202 "-" "Mozilla/5.0 AppleWebKit/537.36 (KHTML, like Gecko; compatible; bingbot/2.0; +http://www.bing.com/bingbot.htm) Chrome/116.0.1938.76 Safari/537.36"
40.77.167.14 - - [13/Jun/2025:08:40:42 -0400] "GET /?d=85433421260&filter=b32929&share_to_url=discover.php%3Fid%3D2893997%26name%3D210m+pink+at+t HTTP/1.1" 200 23094 "-" "Mozilla/5.0 AppleWebKit/537.36 (KHTML, like Gecko; compatible; bingbot/2.0; +http://www.bing.com/bingbot.htm) Chrome/116.0.1938.76 Safari/537.36"
52.167.144.209 - - [13/Jun/2025:08:40:42 -0400] "GET /?d=85323713260&filter=8dd5e9&share_to_url=product.php%3Fid%3D2890294%26name%3Dsymphony+replacement+tubing HTTP/1.1" 200 22528 "-" "Mozilla/5.0 AppleWebKit/537.36 (KHTML, like Gecko; compatible; bingbot/2.0; +http://www.bing.com/bingbot.htm) Chrome/116.0.1938.76 Safari/537.36"
66.249.64.5 - - [13/Jun/2025:08:40:42 -0400] "GET /?d=89200492260&filter=572624&share_to_url=shop.php%3Fid%3D3023611%26name%3Dgiubbotto+uomo+giubbino+double HTTP/1.1" 200 24362 "-" "Mozilla/5.0 (Linux; Android 6.0.1; Nexus 5X Build/MMB29P) AppleWebKit/537.36 (KHTML, like Gecko) Chrome/136.0.7103.113 Mobile Safari/537.36 (compatible; Googlebot/2.1; +http://www.google.com/bot.html)"
66.249.64.132 - - [13/Jun/2025:08:40:42 -0400] "GET /?d=112151525260&filter=860ef6&share_to_url=pin.php%3Fid%3D3799086%26name%3Daa8+casual+shoes+fashion HTTP/1.1" 200 23652 "-" "Mozilla/5.0 (Linux; Android 6.0.1; Nexus 5X Build/MMB29P) AppleWebKit/537.36 (KHTML, like Gecko) Chrome/136.0.7103.113 Mobile Safari/537.36 (compatible; Googlebot/2.1; +http://www.google.com/bot.html)"
40.77.167.14 - - [13/Jun/2025:08:40:43 -0400] "GET /?d=20998305260&filter=6c3290&share_to_url=goods.php%3Fid%3D713339%26name%3Dle+tute+brutte HTTP/1.1" 200 24762 "-" "Mozilla/5.0 AppleWebKit/537.36 (KHTML, like Gecko; compatible; bingbot/2.0; +http://www.bing.com/bingbot.htm) Chrome/116.0.1938.76 Safari/537.36"
40.77.167.14 - - [13/Jun/2025:08:40:44 -0400] "GET /?d=98081161260&filter=1377c9&share_to_url=goods.php%3Fid%3D3323807%26name%3Dantevis%C3%A3o+folheto+auchan+tecnologia+promo%C3%A7%C3%B5es HTTP/1.1" 200 22685 "-" "Mozilla/5.0 AppleWebKit/537.36 (KHTML, like Gecko; compatible; bingbot/2.0; +http://www.bing.com/bingbot.htm) Chrome/116.0.1938.76 Safari/537.36"
40.77.167.14 - - [13/Jun/2025:08:40:44 -0400] "GET /?d=89040905260&filter=7bb540&share_to_url=detail.php%3Fid%3D3017829%26name%3Dfondriest+lampre HTTP/1.1" 200 22902 "-" "Mozilla/5.0 AppleWebKit/537.36 (KHTML, like Gecko; compatible; bingbot/2.0; +http://www.bing.com/bingbot.htm) Chrome/116.0.1938.76 Safari/537.36"
66.249.64.132 - - [13/Jun/2025:08:40:46 -0400] "GET /?d=115227090260&filter=fd45ef&share_to_url=pin.php%3Fid%3D3901926%26name%3Db+d+50+limited HTTP/1.1" 200 24538 "-" "Mozilla/5.0 (Linux; Android 6.0.1; Nexus 5X Build/MMB29P) AppleWebKit/537.36 (KHTML, like Gecko) Chrome/136.0.7103.113 Mobile Safari/537.36 (compatible; Googlebot/2.1; +http://www.google.com/bot.html)"
157.55.39.205 - - [13/Jun/2025:08:40:48 -0400] "GET /?d=19822397260&filter=14708a&share_to_url=model.php%3Fid%3D673479%26name%3D45+wheels+purple HTTP/1.1" 200 24743 "-" "Mozilla/5.0 AppleWebKit/537.36 (KHTML, like Gecko; compatible; bingbot/2.0; +http://www.bing.com/bingbot.htm) Chrome/116.0.1938.76 Safari/537.36"
157.55.39.12 - - [13/Jun/2025:08:40:48 -0400] "GET /?d=115062172260&filter=b21bf4&share_to_url=shopdetail.php?id=3896336&name=stella%20mccartney%20gold%20platform%20block HTTP/1.1" 200 24274 "-" "Mozilla/5.0 AppleWebKit/537.36 (KHTML, like Gecko; compatible; bingbot/2.0; +http://www.bing.com/bingbot.htm) Chrome/116.0.1938.76 Safari/537.36"
66.249.64.131 - - [13/Jun/2025:08:40:49 -0400] "GET /?d=105462342260&filter=36f86c&share_to_url=discover.php%3Fid%3D3572681%26name%3Dfigura+de+buzz+lightyear+signature HTTP/1.1" 200 22270 "-" "Mozilla/5.0 (Linux; Android 6.0.1; Nexus 5X Build/MMB29P) AppleWebKit/537.36 (KHTML, like Gecko) Chrome/136.0.7103.113 Mobile Safari/537.36 (compatible; Googlebot/2.1; +http://www.google.com/bot.html)"
157.55.39.205 - - [13/Jun/2025:08:40:50 -0400] "GET /?d=113501598260&filter=00f09d&share_to_url=article.php%3Fid%3D3843878%26name%3Dmoto+news+piaggio+urban HTTP/1.1" 200 22969 "-" "Mozilla/5.0 AppleWebKit/537.36 (KHTML, like Gecko; compatible; bingbot/2.0; +http://www.bing.com/bingbot.htm) Chrome/116.0.1938.76 Safari/537.36"
66.249.75.68 - - [13/Jun/2025:08:40:51 -0400] "GET /?d=113054132260&filter=e33535&share_to_url=pin.php%3Fid%3D3828798%26name%3Dmen+hotsell+jordan+slippers HTTP/1.1" 200 22379 "-" "Mozilla/5.0 (Linux; Android 6.0.1; Nexus 5X Build/MMB29P) AppleWebKit/537.36 (KHTML, like Gecko) Chrome/136.0.7103.113 Mobile Safari/537.36 (compatible; Googlebot/2.1; +http://www.google.com/bot.html)"
66.249.64.131 - - [13/Jun/2025:08:40:54 -0400] "GET /?d=110004236260&filter=fd45ef&share_to_url=model.php%3Fid%3D3723015%26name%3Djanod+magnetic+diary HTTP/1.1" 200 23450 "-" "Mozilla/5.0 (Linux; Android 6.0.1; Nexus 5X Build/MMB29P) AppleWebKit/537.36 (KHTML, like Gecko) Chrome/136.0.7103.113 Mobile Safari/537.36 (compatible; Googlebot/2.1; +http://www.google.com/bot.html)"
66.249.64.132 - - [13/Jun/2025:08:40:55 -0400] "GET /?d=97123443260&filter=0f9aff&share_to_url=pin.php%3Fid%3D3290694%26name%3Dejercicios+para+brazos+y+antebrazo HTTP/1.1" 200 23354 "-" "Mozilla/5.0 (Linux; Android 6.0.1; Nexus 5X Build/MMB29P) AppleWebKit/537.36 (KHTML, like Gecko) Chrome/136.0.7103.113 Mobile Safari/537.36 (compatible; Googlebot/2.1; +http://www.google.com/bot.html)"
52.167.144.159 - - [13/Jun/2025:08:40:55 -0400] "GET /?d=101469614260&filter=2b61a2&share_to_url=model.php%3Fid%3D3439935%26name%3Dflight+jacket+from HTTP/1.1" 200 23755 "-" "Mozilla/5.0 AppleWebKit/537.36 (KHTML, like Gecko; compatible; bingbot/2.0; +http://www.bing.com/bingbot.htm) Chrome/116.0.1938.76 Safari/537.36"
52.167.144.159 - - [13/Jun/2025:08:40:56 -0400] "GET /?d=15579208260&filter=c79531&share_to_url=discover.php%3Fid%3D530993%26name%3Dlol+doll+moving+truck HTTP/1.1" 200 23005 "-" "Mozilla/5.0 AppleWebKit/537.36 (KHTML, like Gecko; compatible; bingbot/2.0; +http://www.bing.com/bingbot.htm) Chrome/116.0.1938.76 Safari/537.36"
66.249.64.132 - - [13/Jun/2025:08:40:56 -0400] "GET /?d=111448072260&filter=0e419f&share_to_url=ideas.php%3Fid%3D3774276%26name%3Dradeon+rx+5700+xt+opencl HTTP/1.1" 200 21901 "-" "Mozilla/5.0 (Linux; Android 6.0.1; Nexus 5X Build/MMB29P) AppleWebKit/537.36 (KHTML, like Gecko) Chrome/136.0.7103.113 Mobile Safari/537.36 (compatible; Googlebot/2.1; +http://www.google.com/bot.html)"
52.167.144.159 - - [13/Jun/2025:08:40:57 -0400] "GET /?d=63875542260&filter=99857c&share_to_url=detail.php%3Fid%3D2165997%26name%3Dalabastine+voorstrijk+sneldrogend+transparant HTTP/1.1" 200 23599 "-" "Mozilla/5.0 AppleWebKit/537.36 (KHTML, like Gecko; compatible; bingbot/2.0; +http://www.bing.com/bingbot.htm) Chrome/116.0.1938.76 Safari/537.36"
66.249.64.5 - - [13/Jun/2025:08:40:58 -0400] "GET /?d=79022853260&filter=dea2ef&share_to_url=item.php%3Fid%3D2676697%26name%3Dbackpacking+tents+big HTTP/1.1" 200 22539 "-" "Mozilla/5.0 (Linux; Android 6.0.1; Nexus 5X Build/MMB29P) AppleWebKit/537.36 (KHTML, like Gecko) Chrome/136.0.7103.113 Mobile Safari/537.36 (compatible; Googlebot/2.1; +http://www.google.com/bot.html)"
66.249.64.132 - - [13/Jun/2025:08:40:59 -0400] "GET /?d=87936936260&filter=b45778&share_to_url=detail.php%3Fid%3D2979645%26name%3Dmen+s+beaded+bracelet+with HTTP/1.1" 200 23032 "-" "Mozilla/5.0 (Linux; Android 6.0.1; Nexus 5X Build/MMB29P) AppleWebKit/537.36 (KHTML, like Gecko) Chrome/136.0.7103.113 Mobile Safari/537.36 (compatible; Googlebot/2.1; +http://www.google.com/bot.html)"
66.249.64.131 - - [13/Jun/2025:08:41:02 -0400] "GET /?d=112136574260&filter=472c16&share_to_url=discover.php%3Fid%3D3798593%26name%3Dx+kds HTTP/1.1" 200 23143 "-" "Mozilla/5.0 (Linux; Android 6.0.1; Nexus 5X Build/MMB29P) AppleWebKit/537.36 (KHTML, like Gecko) Chrome/136.0.7103.113 Mobile Safari/537.36 (compatible; Googlebot/2.1; +http://www.google.com/bot.html)"
66.249.64.131 - - [13/Jun/2025:08:41:05 -0400] "GET /?d=100545509260&filter=76a1b7&share_to_url=ideas.php%3Fid%3D3407856%26name%3Dnuova+o+nell+039+ambito+della HTTP/1.1" 200 22638 "-" "Mozilla/5.0 (Linux; Android 6.0.1; Nexus 5X Build/MMB29P) AppleWebKit/537.36 (KHTML, like Gecko) Chrome/136.0.7103.113 Mobile Safari/537.36 (compatible; Googlebot/2.1; +http://www.google.com/bot.html)"
157.55.39.205 - - [13/Jun/2025:08:41:07 -0400] "GET /?d=24780273260&filter=953c46&share_to_url=product.php%3Fid%3D839674%26name%3Dtmvn7+0tmvn7+dell HTTP/1.1" 200 23561 "-" "Mozilla/5.0 AppleWebKit/537.36 (KHTML, like Gecko; compatible; bingbot/2.0; +http://www.bing.com/bingbot.htm) Chrome/116.0.1938.76 Safari/537.36"
66.249.64.131 - - [13/Jun/2025:08:41:08 -0400] "GET /?d=104145266260&filter=5ae98b&share_to_url=discover.php%3Fid%3D3528593%26name%3Dctw+double+halo+engagement HTTP/1.1" 200 22653 "-" "Mozilla/5.0 (Linux; Android 6.0.1; Nexus 5X Build/MMB29P) AppleWebKit/537.36 (KHTML, like Gecko) Chrome/136.0.7103.113 Mobile Safari/537.36 (compatible; Googlebot/2.1; +http://www.google.com/bot.html)"
