207.46.13.51 - - [13/Jun/2025:08:29:55 -0400] "GET /?d=99383001260&filter=8104cb&share_to_url=item.php%3Fid%3D3368413%26name%3Djuicer+machine+stainless HTTP/1.1" 200 24179 "-" "Mozilla/5.0 AppleWebKit/537.36 (KHTML, like Gecko; compatible; bingbot/2.0; +http://www.bing.com/bingbot.htm) Chrome/116.0.1938.76 Safari/537.36"
66.249.64.132 - - [13/Jun/2025:08:29:55 -0400] "GET /?d=106463264260&filter=be57a3&share_to_url=goods.php%3Fid%3D3605651%26name%3Dsafer+paints+for+your HTTP/1.1" 200 23862 "-" "Mozilla/5.0 (Linux; Android 6.0.1; Nexus 5X Build/MMB29P) AppleWebKit/537.36 (KHTML, like Gecko) Chrome/136.0.7103.113 Mobile Safari/537.36 (compatible; Googlebot/2.1; +http://www.google.com/bot.html)"
207.46.13.51 - - [13/Jun/2025:08:29:56 -0400] "GET /?d=86821301260&filter=315f2d&share_to_url=detail.php%3Fid%3D2941605%26name%3Dvtin+swan+bluetooth+wireless HTTP/1.1" 200 23655 "-" "Mozilla/5.0 AppleWebKit/537.36 (KHTML, like Gecko; compatible; bingbot/2.0; +http://www.bing.com/bingbot.htm) Chrome/116.0.1938.76 Safari/537.36"
52.167.144.156 - - [13/Jun/2025:08:29:56 -0400] "GET /?d=110443656260&filter=758412&share_to_url=item.php%3Fid%3D3738829%26name%3Ddad+039+s+4th+of+july+ribs HTTP/1.1" 200 22895 "-" "Mozilla/5.0 AppleWebKit/537.36 (KHTML, like Gecko; compatible; bingbot/2.0; +http://www.bing.com/bingbot.htm) Chrome/116.0.1938.76 Safari/537.36"
66.249.64.132 - - [13/Jun/2025:08:29:58 -0400] "GET /?d=110860109260&filter=d19c31&share_to_url=model.php%3Fid%3D3753771%26name%3Dpre+owned+cartier+santos+galbee+w20040d6 HTTP/1.1" 200 22023 "-" "Mozilla/5.0 (Linux; Android 6.0.1; Nexus 5X Build/MMB29P) AppleWebKit/537.36 (KHTML, like Gecko) Chrome/136.0.7103.113 Mobile Safari/537.36 (compatible; Googlebot/2.1; +http://www.google.com/bot.html)"
66.249.64.131 - - [13/Jun/2025:08:29:59 -0400] "GET /?d=111708033260&filter=ccd34e&share_to_url=article.php%3Fid%3D3783482%26name%3Dsuck+pads+drool+pads+strap HTTP/1.1" 200 23046 "-" "Mozilla/5.0 (Linux; Android 6.0.1; Nexus 5X Build/MMB29P) AppleWebKit/537.36 (KHTML, like Gecko) Chrome/136.0.7103.113 Mobile Safari/537.36 (compatible; Googlebot/2.1; +http://www.google.com/bot.html)"
52.167.144.156 - - [13/Jun/2025:08:29:59 -0400] "GET /?d=19193829260&filter=bc40a5&share_to_url=shop.php%3Fid%3D652219%26name%3Dcustom+wine+racks+new HTTP/1.1" 200 23201 "-" "Mozilla/5.0 AppleWebKit/537.36 (KHTML, like Gecko; compatible; bingbot/2.0; +http://www.bing.com/bingbot.htm) Chrome/116.0.1938.76 Safari/537.36"
52.167.144.156 - - [13/Jun/2025:08:30:00 -0400] "GET /?d=34060300260&filter=b00345&share_to_url=pin.php%3Fid%3D1158558%26name%3Dbahaya+nonton+layar HTTP/1.1" 200 24080 "-" "Mozilla/5.0 AppleWebKit/537.36 (KHTML, like Gecko; compatible; bingbot/2.0; +http://www.bing.com/bingbot.htm) Chrome/116.0.1938.76 Safari/537.36"
52.167.144.156 - - [13/Jun/2025:08:30:00 -0400] "GET /?d=85433421260&filter=b32929&share_to_url=discover.php%3Fid%3D2893997%26name%3D210m+pink+at+t HTTP/1.1" 200 23276 "-" "Mozilla/5.0 AppleWebKit/537.36 (KHTML, like Gecko; compatible; bingbot/2.0; +http://www.bing.com/bingbot.htm) Chrome/116.0.1938.76 Safari/537.36"
66.249.64.131 - - [13/Jun/2025:08:30:01 -0400] "GET /?d=95896899260&filter=6f993e&share_to_url=product.php%3Fid%3D3249058%26name%3Dhonda+dio+jepang+mileage HTTP/1.1" 200 22807 "-" "Mozilla/5.0 (Linux; Android 6.0.1; Nexus 5X Build/MMB29P) AppleWebKit/537.36 (KHTML, like Gecko) Chrome/136.0.7103.113 Mobile Safari/537.36 (compatible; Googlebot/2.1; +http://www.google.com/bot.html)"
40.77.167.55 - - [13/Jun/2025:08:30:03 -0400] "GET /?d=108946896260&filter=89626b&share_to_url=shopdetail.php%3Fid%3D3688472%26name%3Dmegapixels+wifi+pan HTTP/1.1" 200 24061 "-" "Mozilla/5.0 AppleWebKit/537.36 (KHTML, like Gecko; compatible; bingbot/2.0; +http://www.bing.com/bingbot.htm) Chrome/116.0.1938.76 Safari/537.36"
66.249.64.132 - - [13/Jun/2025:08:30:04 -0400] "GET /?d=104525155260&filter=78f7d2&share_to_url=detail.php%3Fid%3D3541677%26name%3Dbvlgari+on+x+crafted+in HTTP/1.1" 200 22168 "-" "Mozilla/5.0 (Linux; Android 6.0.1; Nexus 5X Build/MMB29P) AppleWebKit/537.36 (KHTML, like Gecko) Chrome/136.0.7103.113 Mobile Safari/537.36 (compatible; Googlebot/2.1; +http://www.google.com/bot.html)"
207.46.13.154 - - [13/Jun/2025:08:30:04 -0400] "GET /?d=117016481260&filter=649af0&share_to_url=detail.php%3Fid%3D3962721%26name%3Ddugena+herren+armbanduhr+dessau HTTP/1.1" 200 22812 "-" "Mozilla/5.0 AppleWebKit/537.36 (KHTML, like Gecko; compatible; bingbot/2.0; +http://www.bing.com/bingbot.htm) Chrome/116.0.1938.76 Safari/537.36"
207.46.13.154 - - [13/Jun/2025:08:30:05 -0400] "GET /?d=101473186260&filter=91ba7f&share_to_url=detail.php%3Fid%3D3440049%26name%3Dcraft+2025+bike+jersey HTTP/1.1" 200 24179 "-" "Mozilla/5.0 AppleWebKit/537.36 (KHTML, like Gecko; compatible; bingbot/2.0; +http://www.bing.com/bingbot.htm) Chrome/116.0.1938.76 Safari/537.36"
66.249.64.131 - - [13/Jun/2025:08:30:07 -0400] "GET /?d=98352071260&filter=6e62fe&share_to_url=product.php%3Fid%3D3333130%26name%3D2018+merida+eone+sixty HTTP/1.1" 200 22103 "-" "Mozilla/5.0 (Linux; Android 6.0.1; Nexus 5X Build/MMB29P) AppleWebKit/537.36 (KHTML, like Gecko) Chrome/136.0.7103.113 Mobile Safari/537.36 (compatible; Googlebot/2.1; +http://www.google.com/bot.html)"
207.46.13.154 - - [13/Jun/2025:08:30:07 -0400] "GET /?d=32745722260&filter=c66852&share_to_url=model.php%3Fid%3D1113471%26name%3Dbarra+de+abdominales+port%C3%A1til HTTP/1.1" 200 22468 "-" "Mozilla/5.0 AppleWebKit/537.36 (KHTML, like Gecko; compatible; bingbot/2.0; +http://www.bing.com/bingbot.htm) Chrome/116.0.1938.76 Safari/537.36"
66.249.64.131 - - [13/Jun/2025:08:30:08 -0400] "GET /?d=103149934260&filter=56e2eb&share_to_url=pin.php%3Fid%3D3495570%26name%3Dachetez+peluche+chien+carlin HTTP/1.1" 200 24246 "-" "Mozilla/5.0 (Linux; Android 6.0.1; Nexus 5X Build/MMB29P) AppleWebKit/537.36 (KHTML, like Gecko) Chrome/136.0.7103.113 Mobile Safari/537.36 (compatible; Googlebot/2.1; +http://www.google.com/bot.html)"
207.46.13.154 - - [13/Jun/2025:08:30:08 -0400] "GET /?d=59103674260&filter=132c35&share_to_url=pin.php%3Fid%3D2005830%26name%3Dbuy+ernie+ball+3220 HTTP/1.1" 200 22644 "-" "Mozilla/5.0 AppleWebKit/537.36 (KHTML, like Gecko; compatible; bingbot/2.0; +http://www.bing.com/bingbot.htm) Chrome/116.0.1938.76 Safari/537.36"
66.249.64.132 - - [13/Jun/2025:08:30:09 -0400] "GET /?d=106786473260&filter=9e9754&share_to_url=product-page.php%3Fid%3D3616720%26name%3Daubergine+feta+bake+jules HTTP/1.1" 200 23896 "-" "Mozilla/5.0 (Linux; Android 6.0.1; Nexus 5X Build/MMB29P) AppleWebKit/537.36 (KHTML, like Gecko) Chrome/136.0.7103.113 Mobile Safari/537.36 (compatible; Googlebot/2.1; +http://www.google.com/bot.html)"
52.167.144.156 - - [13/Jun/2025:08:30:09 -0400] "GET /?d=87574211260&filter=199e58&share_to_url=detail.php%3Fid%3D2967465%26name%3Dkarnataka+high+court+all HTTP/1.1" 200 22867 "-" "Mozilla/5.0 AppleWebKit/537.36 (KHTML, like Gecko; compatible; bingbot/2.0; +http://www.bing.com/bingbot.htm) Chrome/116.0.1938.76 Safari/537.36"
52.167.144.186 - - [13/Jun/2025:08:30:11 -0400] "GET /?d=86613261260&filter=8a0e81&share_to_url=detail.php%3Fid%3D2934621%26name%3Dblack+cat+astronaut+nasa+employee HTTP/1.1" 200 24223 "-" "Mozilla/5.0 AppleWebKit/537.36 (KHTML, like Gecko; compatible; bingbot/2.0; +http://www.bing.com/bingbot.htm) Chrome/116.0.1938.76 Safari/537.36"
66.249.64.131 - - [13/Jun/2025:08:30:12 -0400] "GET /?d=88616034260&filter=ae4ca1&share_to_url=shop.php%3Fid%3D3003259%26name%3Dpower+traveller+page+2175 HTTP/1.1" 200 23987 "-" "Mozilla/5.0 (Linux; Android 6.0.1; Nexus 5X Build/MMB29P) AppleWebKit/537.36 (KHTML, like Gecko) Chrome/136.0.7103.113 Mobile Safari/537.36 (compatible; Googlebot/2.1; +http://www.google.com/bot.html)"
66.249.64.131 - - [13/Jun/2025:08:30:14 -0400] "GET /?d=102183255260&filter=9e9754&share_to_url=item.php%3Fid%3D3463621%26name%3Dhere+is+a+recipe HTTP/1.1" 200 24642 "-" "Mozilla/5.0 (Linux; Android 6.0.1; Nexus 5X Build/MMB29P) AppleWebKit/537.36 (KHTML, like Gecko) Chrome/136.0.7103.113 Mobile Safari/537.36 (compatible; Googlebot/2.1; +http://www.google.com/bot.html)"
52.167.144.186 - - [13/Jun/2025:08:30:15 -0400] "GET /?d=94398345260&filter=8c36c9&share_to_url=article.php%3Fid%3D3198986%26name%3Dst+george+tower+bto HTTP/1.1" 200 23247 "-" "Mozilla/5.0 AppleWebKit/537.36 (KHTML, like Gecko; compatible; bingbot/2.0; +http://www.bing.com/bingbot.htm) Chrome/116.0.1938.76 Safari/537.36"
207.46.13.154 - - [13/Jun/2025:08:30:15 -0400] "GET /?d=108881270260&filter=4cc099&share_to_url=shop.php%3Fid%3D3686299%26name%3Dla+ugt+denuncia HTTP/1.1" 200 24663 "-" "Mozilla/5.0 AppleWebKit/537.36 (KHTML, like Gecko; compatible; bingbot/2.0; +http://www.bing.com/bingbot.htm) Chrome/116.0.1938.76 Safari/537.36"
52.167.144.186 - - [13/Jun/2025:08:30:15 -0400] "GET /?d=88567611260&filter=b2e434&share_to_url=ideas.php%3Fid%3D3001704%26name%3Dgirl+doing+biceps HTTP/1.1" 200 24587 "-" "Mozilla/5.0 AppleWebKit/537.36 (KHTML, like Gecko; compatible; bingbot/2.0; +http://www.bing.com/bingbot.htm) Chrome/116.0.1938.76 Safari/537.36"
207.46.13.51 - - [13/Jun/2025:08:30:15 -0400] "GET /?d=118021343260&filter=03bf8c&share_to_url=article.php%3Fid%3D3996710%26name%3Dsydney+evan+14k+gold HTTP/1.1" 200 23004 "-" "Mozilla/5.0 AppleWebKit/537.36 (KHTML, like Gecko; compatible; bingbot/2.0; +http://www.bing.com/bingbot.htm) Chrome/116.0.1938.76 Safari/537.36"
52.167.144.186 - - [13/Jun/2025:08:30:16 -0400] "GET /?d=55808482260&filter=2aa707&share_to_url=model.php%3Fid%3D1894599%26name%3Dgoogle+assistant+and+sonos HTTP/1.1" 200 22825 "-" "Mozilla/5.0 AppleWebKit/537.36 (KHTML, like Gecko; compatible; bingbot/2.0; +http://www.bing.com/bingbot.htm) Chrome/116.0.1938.76 Safari/537.36"
66.249.64.131 - - [13/Jun/2025:08:30:17 -0400] "GET /?d=110900205260&filter=374c11&share_to_url=article.php%3Fid%3D3755270%26name%3Dfluffy+pitbull+keeps+getting HTTP/1.1" 200 23868 "-" "Mozilla/5.0 (Linux; Android 6.0.1; Nexus 5X Build/MMB29P) AppleWebKit/537.36 (KHTML, like Gecko) Chrome/136.0.7103.113 Mobile Safari/537.36 (compatible; Googlebot/2.1; +http://www.google.com/bot.html)"
40.77.167.24 - - [13/Jun/2025:08:30:19 -0400] "GET /?d=116560186260&filter=1876cd&share_to_url=model.php?id=3947259&name=train%20ride%20christmas HTTP/1.1" 200 24550 "-" "Mozilla/5.0 AppleWebKit/537.36 (KHTML, like Gecko; compatible; bingbot/2.0; +http://www.bing.com/bingbot.htm) Chrome/116.0.1938.76 Safari/537.36"
66.249.64.131 - - [13/Jun/2025:08:30:20 -0400] "GET /?d=116653600260&filter=704f9f&share_to_url=pin.php%3Fid%3D3950394%26name%3Dwmns+puma+suede+classic+sock HTTP/1.1" 200 22936 "-" "Mozilla/5.0 (Linux; Android 6.0.1; Nexus 5X Build/MMB29P) AppleWebKit/537.36 (KHTML, like Gecko) Chrome/136.0.7103.113 Mobile Safari/537.36 (compatible; Googlebot/2.1; +http://www.google.com/bot.html)"
66.249.64.7 - - [13/Jun/2025:08:30:20 -0400] "GET /?d=107925758260&filter=190ccd&share_to_url=model.php%3Fid%3D3654327%26name%3Dorient+star+modern+skeleton HTTP/1.1" 200 22971 "-" "Mozilla/5.0 (Linux; Android 6.0.1; Nexus 5X Build/MMB29P) AppleWebKit/537.36 (KHTML, like Gecko) Chrome/136.0.7103.113 Mobile Safari/537.36 (compatible; Googlebot/2.1; +http://www.google.com/bot.html)"
66.249.64.131 - - [13/Jun/2025:08:30:21 -0400] "GET /?d=115643604260&filter=95c78c&share_to_url=product-page.php%3Fid%3D3916408%26name%3Dmenina+vestida+como HTTP/1.1" 200 23594 "-" "Mozilla/5.0 (Linux; Android 6.0.1; Nexus 5X Build/MMB29P) AppleWebKit/537.36 (KHTML, like Gecko) Chrome/136.0.7103.113 Mobile Safari/537.36 (compatible; Googlebot/2.1; +http://www.google.com/bot.html)"
66.249.64.131 - - [13/Jun/2025:08:30:21 -0400] "GET /?d=93036405260&filter=98d47d&share_to_url=article.php%3Fid%3D3152282%26name%3Dyamaha+fz+rear+2024+brake HTTP/1.1" 200 23974 "-" "Mozilla/5.0 (Linux; Android 6.0.1; Nexus 5X Build/MMB29P) AppleWebKit/537.36 (KHTML, like Gecko) Chrome/136.0.7103.113 Mobile Safari/537.36 (compatible; Googlebot/2.1; +http://www.google.com/bot.html)"
66.249.64.7 - - [13/Jun/2025:08:30:21 -0400] "GET /?d=109611485260&filter=4125cd&share_to_url=ideas.php%3Fid%3D3710052%26name%3Dfree+baby+stuff+summer+love HTTP/1.1" 200 24557 "-" "Mozilla/5.0 (Linux; Android 6.0.1; Nexus 5X Build/MMB29P) AppleWebKit/537.36 (KHTML, like Gecko) Chrome/136.0.7103.113 Mobile Safari/537.36 (compatible; Googlebot/2.1; +http://www.google.com/bot.html)"
66.249.64.131 - - [13/Jun/2025:08:30:23 -0400] "GET /?d=88436802260&filter=e47c38&share_to_url=detail.php%3Fid%3D2997429%26name%3Dround+wood+glasses HTTP/1.1" 200 23301 "-" "Mozilla/5.0 (Linux; Android 6.0.1; Nexus 5X Build/MMB29P) AppleWebKit/537.36 (KHTML, like Gecko) Chrome/136.0.7103.113 Mobile Safari/537.36 (compatible; Googlebot/2.1; +http://www.google.com/bot.html)"
66.249.64.131 - - [13/Jun/2025:08:30:26 -0400] "GET /?d=88373830260&filter=e673c7&share_to_url=shop.php%3Fid%3D2995099%26name%3Dsamsung+dw60h9970+series+manuals HTTP/1.1" 200 22293 "-" "Mozilla/5.0 (Linux; Android 6.0.1; Nexus 5X Build/MMB29P) AppleWebKit/537.36 (KHTML, like Gecko) Chrome/136.0.7103.113 Mobile Safari/537.36 (compatible; Googlebot/2.1; +http://www.google.com/bot.html)"
66.249.64.131 - - [13/Jun/2025:08:30:28 -0400] "GET /?d=116263502260&filter=7b931f&share_to_url=ideas.php%3Fid%3D3937452%26name%3Dmoteur+de+moyeu+arri%C3%A8re+personnalis%C3%A9 HTTP/1.1" 200 24444 "-" "Mozilla/5.0 (Linux; Android 6.0.1; Nexus 5X Build/MMB29P) AppleWebKit/537.36 (KHTML, like Gecko) Chrome/136.0.7103.113 Mobile Safari/537.36 (compatible; Googlebot/2.1; +http://www.google.com/bot.html)"
40.77.167.55 - - [13/Jun/2025:08:30:31 -0400] "GET /?d=90426678260&filter=71e57e&share_to_url=item.php%3Fid%3D3064657%26name%3Dfree+shipping+retro+fighters+brawler64 HTTP/1.1" 200 23721 "-" "Mozilla/5.0 AppleWebKit/537.36 (KHTML, like Gecko; compatible; bingbot/2.0; +http://www.bing.com/bingbot.htm) Chrome/116.0.1938.76 Safari/537.36"
40.77.167.55 - - [13/Jun/2025:08:30:31 -0400] "GET /?d=108976374260&filter=edc3db&share_to_url=product-page.php%3Fid%3D3689512%26name%3Dfryers+12l HTTP/1.1" 200 23993 "-" "Mozilla/5.0 AppleWebKit/537.36 (KHTML, like Gecko; compatible; bingbot/2.0; +http://www.bing.com/bingbot.htm) Chrome/116.0.1938.76 Safari/537.36"
66.249.64.131 - - [13/Jun/2025:08:30:31 -0400] "GET /?d=116712715260&filter=cdc800&share_to_url=pin.php%3Fid%3D3952398%26name%3Dblue+blush+off HTTP/1.1" 200 24769 "-" "Mozilla/5.0 (Linux; Android 6.0.1; Nexus 5X Build/MMB29P) AppleWebKit/537.36 (KHTML, like Gecko) Chrome/136.0.7103.113 Mobile Safari/537.36 (compatible; Googlebot/2.1; +http://www.google.com/bot.html)"
40.77.167.55 - - [13/Jun/2025:08:30:32 -0400] "GET /?d=98968304260&filter=56a28e&share_to_url=product.php%3Fid%3D3353986%26name%3Dfairy+tail+dakimakura HTTP/1.1" 200 22581 "-" "Mozilla/5.0 AppleWebKit/537.36 (KHTML, like Gecko; compatible; bingbot/2.0; +http://www.bing.com/bingbot.htm) Chrome/116.0.1938.76 Safari/537.36"
207.46.13.154 - - [13/Jun/2025:08:30:34 -0400] "GET /?d=502459260&filter=b85c2d&share_to_url=shop.php%3Fid%3D17467%26name%3Devan+bague+or+et HTTP/1.1" 200 23095 "-" "Mozilla/5.0 AppleWebKit/537.36 (KHTML, like Gecko; compatible; bingbot/2.0; +http://www.bing.com/bingbot.htm) Chrome/116.0.1938.76 Safari/537.36"
66.249.64.132 - - [13/Jun/2025:08:30:34 -0400] "GET /?d=116775542260&filter=b90049&share_to_url=product-page.php%3Fid%3D3954580%26name%3Dfull+body+winter+suit HTTP/1.1" 200 23196 "-" "Mozilla/5.0 (Linux; Android 6.0.1; Nexus 5X Build/MMB29P) AppleWebKit/537.36 (KHTML, like Gecko) Chrome/136.0.7103.113 Mobile Safari/537.36 (compatible; Googlebot/2.1; +http://www.google.com/bot.html)"
207.46.13.51 - - [13/Jun/2025:08:30:35 -0400] "GET /?d=102681960260&filter=063578&share_to_url=article.php%3Fid%3D3480374%26name%3Dcrocs+35+hasta+44 HTTP/1.1" 200 23394 "-" "Mozilla/5.0 AppleWebKit/537.36 (KHTML, like Gecko; compatible; bingbot/2.0; +http://www.bing.com/bingbot.htm) Chrome/116.0.1938.76 Safari/537.36"
66.249.64.132 - - [13/Jun/2025:08:30:36 -0400] "GET /?d=104802306260&filter=aa04d1&share_to_url=product-page.php%3Fid%3D3551020%26name%3Dwhy+your+teenager HTTP/1.1" 200 23839 "-" "Mozilla/5.0 (Linux; Android 6.0.1; Nexus 5X Build/MMB29P) AppleWebKit/537.36 (KHTML, like Gecko) Chrome/136.0.7103.113 Mobile Safari/537.36 (compatible; Googlebot/2.1; +http://www.google.com/bot.html)"
66.249.64.6 - - [13/Jun/2025:08:30:36 -0400] "GET /?d=106072297260&filter=ec40a3&share_to_url=product.php%3Fid%3D3592882%26name%3Dbjorn+large+borg+ondergoed+sale HTTP/1.1" 200 23672 "-" "Mozilla/5.0 (Linux; Android 6.0.1; Nexus 5X Build/MMB29P) AppleWebKit/537.36 (KHTML, like Gecko) Chrome/136.0.7103.113 Mobile Safari/537.36 (compatible; Googlebot/2.1; +http://www.google.com/bot.html)"
52.167.144.156 - - [13/Jun/2025:08:30:39 -0400] "GET /?d=37170627260&filter=b2e434&share_to_url=ideas.php%3Fid%3D1262196%26name%3Donline+programs+invictus HTTP/1.1" 200 23367 "-" "Mozilla/5.0 AppleWebKit/537.36 (KHTML, like Gecko; compatible; bingbot/2.0; +http://www.bing.com/bingbot.htm) Chrome/116.0.1938.76 Safari/537.36"
66.249.64.5 - - [13/Jun/2025:08:30:39 -0400] "GET /?d=105032439260&filter=ca372c&share_to_url=product-page.php%3Fid%3D3558568%26name%3Dsylvanian+families+mini+series HTTP/1.1" 200 22928 "-" "Mozilla/5.0 (Linux; Android 6.0.1; Nexus 5X Build/MMB29P) AppleWebKit/537.36 (KHTML, like Gecko) Chrome/136.0.7103.113 Mobile Safari/537.36 (compatible; Googlebot/2.1; +http://www.google.com/bot.html)"
66.249.64.131 - - [13/Jun/2025:08:30:39 -0400] "GET /?d=100840153260&filter=1dbe8b&share_to_url=shopdetail.php%3Fid%3D3418004%26name%3Dyuje+bijoux+sac+bess HTTP/1.1" 200 23199 "-" "Mozilla/5.0 (Linux; Android 6.0.1; Nexus 5X Build/MMB29P) AppleWebKit/537.36 (KHTML, like Gecko) Chrome/136.0.7103.113 Mobile Safari/537.36 (compatible; Googlebot/2.1; +http://www.google.com/bot.html)"
52.167.144.156 - - [13/Jun/2025:08:30:40 -0400] "GET /?d=86618739260&filter=ab67d8&share_to_url=shopdetail.php%3Fid%3D2934788%26name%3Doakfair+chair+round+table HTTP/1.1" 200 22942 "-" "Mozilla/5.0 AppleWebKit/537.36 (KHTML, like Gecko; compatible; bingbot/2.0; +http://www.bing.com/bingbot.htm) Chrome/116.0.1938.76 Safari/537.36"
52.167.144.156 - - [13/Jun/2025:08:30:41 -0400] "GET /?d=51738815260&filter=2aa707&share_to_url=article.php%3Fid%3D1758818%26name%3Daudiotone+professional+all HTTP/1.1" 200 23967 "-" "Mozilla/5.0 AppleWebKit/537.36 (KHTML, like Gecko; compatible; bingbot/2.0; +http://www.bing.com/bingbot.htm) Chrome/116.0.1938.76 Safari/537.36"
66.249.64.132 - - [13/Jun/2025:08:30:42 -0400] "GET /?d=103828317260&filter=a8fc1c&share_to_url=goods.php%3Fid%3D3517811%26name%3Dadidas+b37423+clearance HTTP/1.1" 200 22713 "-" "Mozilla/5.0 (Linux; Android 6.0.1; Nexus 5X Build/MMB29P) AppleWebKit/537.36 (KHTML, like Gecko) Chrome/136.0.7103.113 Mobile Safari/537.36 (compatible; Googlebot/2.1; +http://www.google.com/bot.html)"
207.46.13.154 - - [13/Jun/2025:08:30:43 -0400] "GET /?d=19385545260&filter=c08dc8&share_to_url=goods.php%3Fid%3D658835%26name%3Dhbo+max+returns+to HTTP/1.1" 200 23682 "-" "Mozilla/5.0 AppleWebKit/537.36 (KHTML, like Gecko; compatible; bingbot/2.0; +http://www.bing.com/bingbot.htm) Chrome/116.0.1938.76 Safari/537.36"
52.167.144.186 - - [13/Jun/2025:08:30:44 -0400] "GET /?d=85261863260&filter=b2e434&share_to_url=article.php%3Fid%3D2888174%26name%3Dsingle+arm+landmine+handle HTTP/1.1" 200 22996 "-" "Mozilla/5.0 AppleWebKit/537.36 (KHTML, like Gecko; compatible; bingbot/2.0; +http://www.bing.com/bingbot.htm) Chrome/116.0.1938.76 Safari/537.36"
66.249.64.132 - - [13/Jun/2025:08:30:44 -0400] "GET /?d=104151234260&filter=0325d7&share_to_url=product.php%3Fid%3D3528790%26name%3Dshakha+pola+2024+gold+tanishq HTTP/1.1" 200 22565 "-" "Mozilla/5.0 (Linux; Android 6.0.1; Nexus 5X Build/MMB29P) AppleWebKit/537.36 (KHTML, like Gecko) Chrome/136.0.7103.113 Mobile Safari/537.36 (compatible; Googlebot/2.1; +http://www.google.com/bot.html)"
66.249.64.5 - - [13/Jun/2025:08:30:45 -0400] "GET /?d=99043883260&filter=d42553&share_to_url=shopdetail.php%3Fid%3D3356864%26name%3Dbuy+collectible+captain+america HTTP/1.1" 200 22662 "-" "Mozilla/5.0 (Linux; Android 6.0.1; Nexus 5X Build/MMB29P) AppleWebKit/537.36 (KHTML, like Gecko) Chrome/136.0.7103.113 Mobile Safari/537.36 (compatible; Googlebot/2.1; +http://www.google.com/bot.html)"
66.249.64.132 - - [13/Jun/2025:08:30:47 -0400] "GET /?d=93402646260&filter=472c16&share_to_url=shop.php%3Fid%3D3164323%26name%3Dscott+4214787701324+maschera+prospect+large HTTP/1.1" 200 21857 "-" "Mozilla/5.0 (Linux; Android 6.0.1; Nexus 5X Build/MMB29P) AppleWebKit/537.36 (KHTML, like Gecko) Chrome/136.0.7103.113 Mobile Safari/537.36 (compatible; Googlebot/2.1; +http://www.google.com/bot.html)"
52.167.144.186 - - [13/Jun/2025:08:30:50 -0400] "GET /?d=87532297260&filter=68b708&share_to_url=model.php%3Fid%3D2966139%26name%3Du+smile+rotating+magic HTTP/1.1" 200 24549 "-" "Mozilla/5.0 AppleWebKit/537.36 (KHTML, like Gecko; compatible; bingbot/2.0; +http://www.bing.com/bingbot.htm) Chrome/116.0.1938.76 Safari/537.36"
66.249.64.131 - - [13/Jun/2025:08:30:50 -0400] "GET /?d=89324046260&filter=b2809b&share_to_url=discover.php%3Fid%3D3027797%26name%3Dsuperstar+80s+shop HTTP/1.1" 200 21882 "-" "Mozilla/5.0 (Linux; Android 6.0.1; Nexus 5X Build/MMB29P) AppleWebKit/537.36 (KHTML, like Gecko) Chrome/136.0.7103.113 Mobile Safari/537.36 (compatible; Googlebot/2.1; +http://www.google.com/bot.html)"
66.249.64.132 - - [13/Jun/2025:08:30:54 -0400] "GET /?d=104762937260&filter=14708a&share_to_url=shopdetail.php%3Fid%3D3549872%26name%3Dcolnago+concept+50s+frameset HTTP/1.1" 200 23533 "-" "Mozilla/5.0 (Linux; Android 6.0.1; Nexus 5X Build/MMB29P) AppleWebKit/537.36 (KHTML, like Gecko) Chrome/136.0.7103.113 Mobile Safari/537.36 (compatible; Googlebot/2.1; +http://www.google.com/bot.html)"
207.46.13.154 - - [13/Jun/2025:08:30:55 -0400] "GET /?d=93972529260&filter=a2cbea&share_to_url=item.php%3Fid%3D3183961%26name%3Dmenbur+blush+sandals HTTP/1.1" 200 24165 "-" "Mozilla/5.0 AppleWebKit/537.36 (KHTML, like Gecko; compatible; bingbot/2.0; +http://www.bing.com/bingbot.htm) Chrome/116.0.1938.76 Safari/537.36"
66.249.64.132 - - [13/Jun/2025:08:30:55 -0400] "GET /?d=93429691260&filter=83f648&share_to_url=discover.php%3Fid%3D3165281%26name%3Dlentes+en+tendencia+celine HTTP/1.1" 200 23775 "-" "Mozilla/5.0 (Linux; Android 6.0.1; Nexus 5X Build/MMB29P) AppleWebKit/537.36 (KHTML, like Gecko) Chrome/136.0.7103.113 Mobile Safari/537.36 (compatible; Googlebot/2.1; +http://www.google.com/bot.html)"
207.46.13.51 - - [13/Jun/2025:08:30:56 -0400] "GET /?d=85693687260&filter=14f4ff&share_to_url=shopdetail.php%3Fid%3D2903024%26name%3Dyouneed+kiosk HTTP/1.1" 200 24166 "-" "Mozilla/5.0 AppleWebKit/537.36 (KHTML, like Gecko; compatible; bingbot/2.0; +http://www.bing.com/bingbot.htm) Chrome/116.0.1938.76 Safari/537.36"
207.46.13.154 - - [13/Jun/2025:08:30:56 -0400] "GET /?d=12375270260&filter=14708a&share_to_url=shop.php%3Fid%3D423127%26name%3Dlauf+bottle+opener HTTP/1.1" 200 24066 "-" "Mozilla/5.0 AppleWebKit/537.36 (KHTML, like Gecko; compatible; bingbot/2.0; +http://www.bing.com/bingbot.htm) Chrome/116.0.1938.76 Safari/537.36"
207.46.13.154 - - [13/Jun/2025:08:30:57 -0400] "GET /?d=73538868260&filter=14708a&share_to_url=product.php%3Fid%3D2492794%26name%3D2021+giant+stp HTTP/1.1" 200 22780 "-" "Mozilla/5.0 AppleWebKit/537.36 (KHTML, like Gecko; compatible; bingbot/2.0; +http://www.bing.com/bingbot.htm) Chrome/116.0.1938.76 Safari/537.36"
66.249.64.131 - - [13/Jun/2025:08:30:59 -0400] "GET /?d=95083780260&filter=78f7d2&share_to_url=pin.php%3Fid%3D3221370%26name%3Dcome+arrivare+a+via+ostiense HTTP/1.1" 200 22495 "-" "Mozilla/5.0 (Linux; Android 6.0.1; Nexus 5X Build/MMB29P) AppleWebKit/537.36 (KHTML, like Gecko) Chrome/136.0.7103.113 Mobile Safari/537.36 (compatible; Googlebot/2.1; +http://www.google.com/bot.html)"
52.167.144.156 - - [13/Jun/2025:08:31:00 -0400] "GET /?d=23237111260&filter=71e9aa&share_to_url=model.php%3Fid%3D788511%26name%3Dysl+official+kate+small HTTP/1.1" 200 23881 "-" "Mozilla/5.0 AppleWebKit/537.36 (KHTML, like Gecko; compatible; bingbot/2.0; +http://www.bing.com/bingbot.htm) Chrome/116.0.1938.76 Safari/537.36"
66.249.64.5 - - [13/Jun/2025:08:31:00 -0400] "GET /?d=107674094260&filter=23178a&share_to_url=article.php%3Fid%3D3646022%26name%3Dmycharge+hub+mini+portable HTTP/1.1" 200 23047 "-" "Mozilla/5.0 (Linux; Android 6.0.1; Nexus 5X Build/MMB29P) AppleWebKit/537.36 (KHTML, like Gecko) Chrome/136.0.7103.113 Mobile Safari/537.36 (compatible; Googlebot/2.1; +http://www.google.com/bot.html)"
66.249.64.132 - - [13/Jun/2025:08:31:01 -0400] "GET /?d=100861900260&filter=3ebd99&share_to_url=goods.php%3Fid%3D3418835%26name%3Dexcitable+penguin+loves+christmas HTTP/1.1" 200 22357 "-" "Mozilla/5.0 (Linux; Android 6.0.1; Nexus 5X Build/MMB29P) AppleWebKit/537.36 (KHTML, like Gecko) Chrome/136.0.7103.113 Mobile Safari/537.36 (compatible; Googlebot/2.1; +http://www.google.com/bot.html)"
52.167.144.156 - - [13/Jun/2025:08:31:03 -0400] "GET /?d=95774461260&filter=828875&share_to_url=item.php%3Fid%3D3244969%26name%3Dnew+bs6+royal+enfield+standard HTTP/1.1" 200 22774 "-" "Mozilla/5.0 AppleWebKit/537.36 (KHTML, like Gecko; compatible; bingbot/2.0; +http://www.bing.com/bingbot.htm) Chrome/116.0.1938.76 Safari/537.36"
52.167.144.156 - - [13/Jun/2025:08:31:04 -0400] "GET /?d=27267257260&filter=f0b082&share_to_url=discover.php%3Fid%3D925277%26name%3Dfaceted+bezel+single HTTP/1.1" 200 23183 "-" "Mozilla/5.0 AppleWebKit/537.36 (KHTML, like Gecko; compatible; bingbot/2.0; +http://www.bing.com/bingbot.htm) Chrome/116.0.1938.76 Safari/537.36"
66.249.64.131 - - [13/Jun/2025:08:31:04 -0400] "GET /?d=93633274260&filter=30b959&share_to_url=item.php%3Fid%3D3172033%26name%3Dgear+test+the+ultimate HTTP/1.1" 200 24251 "-" "Mozilla/5.0 (Linux; Android 6.0.1; Nexus 5X Build/MMB29P) AppleWebKit/537.36 (KHTML, like Gecko) Chrome/136.0.7103.113 Mobile Safari/537.36 (compatible; Googlebot/2.1; +http://www.google.com/bot.html)"
207.46.13.51 - - [13/Jun/2025:08:31:06 -0400] "GET /?d=88570734260&filter=469540&share_to_url=discover.php%3Fid%3D3001805%26name%3Dmillionaires+health+club HTTP/1.1" 200 24108 "-" "Mozilla/5.0 AppleWebKit/537.36 (KHTML, like Gecko; compatible; bingbot/2.0; +http://www.bing.com/bingbot.htm) Chrome/116.0.1938.76 Safari/537.36"
66.249.64.131 - - [13/Jun/2025:08:31:07 -0400] "GET /?d=116906754260&filter=fd45ef&share_to_url=product.php%3Fid%3D3958954%26name%3Dschleich+fjord+foal+2024 HTTP/1.1" 200 22979 "-" "Mozilla/5.0 (Linux; Android 6.0.1; Nexus 5X Build/MMB29P) AppleWebKit/537.36 (KHTML, like Gecko) Chrome/136.0.7103.113 Mobile Safari/537.36 (compatible; Googlebot/2.1; +http://www.google.com/bot.html)"
52.167.144.156 - - [13/Jun/2025:08:31:07 -0400] "GET /?d=19099215260&filter=6ca228&share_to_url=pin.php%3Fid%3D649122%26name%3Dalbertosaurus+hand+painted+dinosaur HTTP/1.1" 200 23203 "-" "Mozilla/5.0 AppleWebKit/537.36 (KHTML, like Gecko; compatible; bingbot/2.0; +http://www.bing.com/bingbot.htm) Chrome/116.0.1938.76 Safari/537.36"
52.167.144.156 - - [13/Jun/2025:08:31:08 -0400] "GET /?d=15002845260&filter=14708a&share_to_url=product.php%3Fid%3D511654%26name%3Dnew+update+yamaha HTTP/1.1" 200 22778 "-" "Mozilla/5.0 AppleWebKit/537.36 (KHTML, like Gecko; compatible; bingbot/2.0; +http://www.bing.com/bingbot.htm) Chrome/116.0.1938.76 Safari/537.36"
207.46.13.154 - - [13/Jun/2025:08:31:09 -0400] "GET /?d=109168185260&filter=bdaf2f&share_to_url=model.php%3Fid%3D3695679%26name%3Dcoppia+di+divani+con+struttura HTTP/1.1" 200 24337 "-" "Mozilla/5.0 AppleWebKit/537.36 (KHTML, like Gecko; compatible; bingbot/2.0; +http://www.bing.com/bingbot.htm) Chrome/116.0.1938.76 Safari/537.36"
52.167.144.186 - - [13/Jun/2025:08:31:09 -0400] "GET /?d=26406508260&filter=199e58&share_to_url=goods.php%3Fid%3D895139%26name%3Dformer+cji+ranjan+gogoi HTTP/1.1" 200 23293 "-" "Mozilla/5.0 AppleWebKit/537.36 (KHTML, like Gecko; compatible; bingbot/2.0; +http://www.bing.com/bingbot.htm) Chrome/116.0.1938.76 Safari/537.36"
66.249.64.131 - - [13/Jun/2025:08:31:09 -0400] "GET /?d=104720849260&filter=431379&share_to_url=shopdetail.php%3Fid%3D3548372%26name%3Djarang+ada+motor+balap+50 HTTP/1.1" 200 24077 "-" "Mozilla/5.0 (Linux; Android 6.0.1; Nexus 5X Build/MMB29P) AppleWebKit/537.36 (KHTML, like Gecko) Chrome/136.0.7103.113 Mobile Safari/537.36 (compatible; Googlebot/2.1; +http://www.google.com/bot.html)"
207.46.13.154 - - [13/Jun/2025:08:31:09 -0400] "GET /?d=88022987260&filter=14708a&share_to_url=shop.php%3Fid%3D2982511%26name%3D10+best+themed+coleco HTTP/1.1" 200 24358 "-" "Mozilla/5.0 AppleWebKit/537.36 (KHTML, like Gecko; compatible; bingbot/2.0; +http://www.bing.com/bingbot.htm) Chrome/116.0.1938.76 Safari/537.36"
207.46.13.154 - - [13/Jun/2025:08:31:11 -0400] "GET /?d=115575314260&filter=eb8c1b&share_to_url=shop.php%3Fid%3D3913951%26name%3Dhousings+for+sony+cameras HTTP/1.1" 200 22481 "-" "Mozilla/5.0 AppleWebKit/537.36 (KHTML, like Gecko; compatible; bingbot/2.0; +http://www.bing.com/bingbot.htm) Chrome/116.0.1938.76 Safari/537.36"
66.249.64.131 - - [13/Jun/2025:08:31:12 -0400] "GET /?d=118032898260&filter=aca5ca&share_to_url=product-page.php%3Fid%3D3997072%26name%3Ddigital+clock+wi+fi+hd HTTP/1.1" 200 24408 "-" "Mozilla/5.0 (Linux; Android 6.0.1; Nexus 5X Build/MMB29P) AppleWebKit/537.36 (KHTML, like Gecko) Chrome/136.0.7103.113 Mobile Safari/537.36 (compatible; Googlebot/2.1; +http://www.google.com/bot.html)"
52.167.144.186 - - [13/Jun/2025:08:31:14 -0400] "GET /?d=7133769260&filter=132c35&share_to_url=product-page.php%3Fid%3D244408%26name%3Doverview+of+rpa HTTP/1.1" 200 23709 "-" "Mozilla/5.0 AppleWebKit/537.36 (KHTML, like Gecko; compatible; bingbot/2.0; +http://www.bing.com/bingbot.htm) Chrome/116.0.1938.76 Safari/537.36"
66.249.64.131 - - [13/Jun/2025:08:31:15 -0400] "GET /?d=113288690260&filter=14708a&share_to_url=item.php%3Fid%3D3837025%26name%3Dbike+starting HTTP/1.1" 200 24457 "-" "Mozilla/5.0 (Linux; Android 6.0.1; Nexus 5X Build/MMB29P) AppleWebKit/537.36 (KHTML, like Gecko) Chrome/136.0.7103.113 Mobile Safari/537.36 (compatible; Googlebot/2.1; +http://www.google.com/bot.html)"
66.249.64.131 - - [13/Jun/2025:08:31:18 -0400] "GET /?d=101775178260&filter=d1cff9&share_to_url=item.php%3Fid%3D3450217%26name%3Dslippers+archives+dan+the HTTP/1.1" 200 23565 "-" "Mozilla/5.0 (Linux; Android 6.0.1; Nexus 5X Build/MMB29P) AppleWebKit/537.36 (KHTML, like Gecko) Chrome/136.0.7103.113 Mobile Safari/537.36 (compatible; Googlebot/2.1; +http://www.google.com/bot.html)"
66.249.64.5 - - [13/Jun/2025:08:31:19 -0400] "GET /?d=94617817260&filter=44b0ce&share_to_url=shopdetail.php%3Fid%3D3206024%26name%3Djefferson+block+folio HTTP/1.1" 200 22614 "-" "Mozilla/5.0 (Linux; Android 6.0.1; Nexus 5X Build/MMB29P) AppleWebKit/537.36 (KHTML, like Gecko) Chrome/136.0.7103.113 Mobile Safari/537.36 (compatible; Googlebot/2.1; +http://www.google.com/bot.html)"
40.77.167.24 - - [13/Jun/2025:08:31:23 -0400] "GET /?d=106583917260&filter=190ccd&share_to_url=pin.php%3Fid%3D3609966%26name%3Dwenger+accessories+wenger HTTP/1.1" 200 23718 "-" "Mozilla/5.0 AppleWebKit/537.36 (KHTML, like Gecko; compatible; bingbot/2.0; +http://www.bing.com/bingbot.htm) Chrome/116.0.1938.76 Safari/537.36"
66.249.64.131 - - [13/Jun/2025:08:31:23 -0400] "GET /?d=112279267260&filter=aca228&share_to_url=item.php%3Fid%3D3803161%26name%3Dfleecejacke+fleecejacke+tonttu+zip HTTP/1.1" 200 22924 "-" "Mozilla/5.0 (Linux; Android 6.0.1; Nexus 5X Build/MMB29P) AppleWebKit/537.36 (KHTML, like Gecko) Chrome/136.0.7103.113 Mobile Safari/537.36 (compatible; Googlebot/2.1; +http://www.google.com/bot.html)"
66.249.64.131 - - [13/Jun/2025:08:31:26 -0400] "GET /?d=93430636260&filter=01bb35&share_to_url=article.php%3Fid%3D3165314%26name%3Dmis+nuevas+zapatillas+favs HTTP/1.1" 200 22629 "-" "Mozilla/5.0 (Linux; Android 6.0.1; Nexus 5X Build/MMB29P) AppleWebKit/537.36 (KHTML, like Gecko) Chrome/136.0.7103.113 Mobile Safari/537.36 (compatible; Googlebot/2.1; +http://www.google.com/bot.html)"
207.46.13.51 - - [13/Jun/2025:08:31:27 -0400] "GET /?d=112454894260&filter=c19a1f&share_to_url=goods.php%3Fid%3D3809063%26name%3Dseiko+recently+picked HTTP/1.1" 200 23298 "-" "Mozilla/5.0 AppleWebKit/537.36 (KHTML, like Gecko; compatible; bingbot/2.0; +http://www.bing.com/bingbot.htm) Chrome/116.0.1938.76 Safari/537.36"
66.249.64.131 - - [13/Jun/2025:08:31:28 -0400] "GET /?d=113511472260&filter=db86bd&share_to_url=item.php%3Fid%3D3844213%26name%3Dwomen+039+s+pants+page HTTP/1.1" 200 23071 "-" "Mozilla/5.0 (Linux; Android 6.0.1; Nexus 5X Build/MMB29P) AppleWebKit/537.36 (KHTML, like Gecko) Chrome/136.0.7103.113 Mobile Safari/537.36 (compatible; Googlebot/2.1; +http://www.google.com/bot.html)"
52.167.144.156 - - [13/Jun/2025:08:31:30 -0400] "GET /?d=41894225260&filter=03bb2d&share_to_url=product.php%3Fid%3D1422226%26name%3Dtsla+pants+for+men HTTP/1.1" 200 23184 "-" "Mozilla/5.0 AppleWebKit/537.36 (KHTML, like Gecko; compatible; bingbot/2.0; +http://www.bing.com/bingbot.htm) Chrome/116.0.1938.76 Safari/537.36"
66.249.64.131 - - [13/Jun/2025:08:31:33 -0400] "GET /?d=117085935260&filter=9288a0&share_to_url=model.php%3Fid%3D3965019%26name%3Dstar+print+plush HTTP/1.1" 200 23935 "-" "Mozilla/5.0 (Linux; Android 6.0.1; Nexus 5X Build/MMB29P) AppleWebKit/537.36 (KHTML, like Gecko) Chrome/136.0.7103.113 Mobile Safari/537.36 (compatible; Googlebot/2.1; +http://www.google.com/bot.html)"
66.249.64.131 - - [13/Jun/2025:08:31:34 -0400] "GET /?d=109398217260&filter=8fd9e2&share_to_url=product.php%3Fid%3D3703174%26name%3Dblock+heel+sandals+for HTTP/1.1" 200 23776 "-" "Mozilla/5.0 (Linux; Android 6.0.1; Nexus 5X Build/MMB29P) AppleWebKit/537.36 (KHTML, like Gecko) Chrome/136.0.7103.113 Mobile Safari/537.36 (compatible; Googlebot/2.1; +http://www.google.com/bot.html)"
207.46.13.154 - - [13/Jun/2025:08:31:36 -0400] "GET /?d=95835449260&filter=e8c74f&share_to_url=product.php%3Fid%3D3246994%26name%3Dpluma+estilogr%C3%A1fica+lamy HTTP/1.1" 200 21506 "-" "Mozilla/5.0 AppleWebKit/537.36 (KHTML, like Gecko; compatible; bingbot/2.0; +http://www.bing.com/bingbot.htm) Chrome/116.0.1938.76 Safari/537.36"
66.249.64.131 - - [13/Jun/2025:08:31:36 -0400] "GET /?d=105331998260&filter=f7abf7&share_to_url=detail.php%3Fid%3D3568245%26name%3Dvince+kalina+slipper HTTP/1.1" 200 23457 "-" "Mozilla/5.0 (Linux; Android 6.0.1; Nexus 5X Build/MMB29P) AppleWebKit/537.36 (KHTML, like Gecko) Chrome/136.0.7103.113 Mobile Safari/537.36 (compatible; Googlebot/2.1; +http://www.google.com/bot.html)"
66.249.64.131 - - [13/Jun/2025:08:31:38 -0400] "GET /?d=114739881260&filter=ea3efa&share_to_url=shopdetail.php%3Fid%3D3885356%26name%3Dhogan+white+men+039+s HTTP/1.1" 200 22332 "-" "Mozilla/5.0 (Linux; Android 6.0.1; Nexus 5X Build/MMB29P) AppleWebKit/537.36 (KHTML, like Gecko) Chrome/136.0.7103.113 Mobile Safari/537.36 (compatible; Googlebot/2.1; +http://www.google.com/bot.html)"
52.167.144.186 - - [13/Jun/2025:08:31:40 -0400] "GET /?d=98085678260&filter=64a9bc&share_to_url=product.php%3Fid%3D3323938%26name%3Dveste+cuir+v%C3%A9ritable+mcs HTTP/1.1" 200 23829 "-" "Mozilla/5.0 AppleWebKit/537.36 (KHTML, like Gecko; compatible; bingbot/2.0; +http://www.bing.com/bingbot.htm) Chrome/116.0.1938.76 Safari/537.36"
40.77.167.55 - - [13/Jun/2025:08:31:40 -0400] "GET /?d=110543657260&filter=0f1ecd&share_to_url=detail.php%3Fid%3D3742377%26name%3Dhp+carry+sleeve HTTP/1.1" 200 22665 "-" "Mozilla/5.0 AppleWebKit/537.36 (KHTML, like Gecko; compatible; bingbot/2.0; +http://www.bing.com/bingbot.htm) Chrome/116.0.1938.76 Safari/537.36"
52.167.144.156 - - [13/Jun/2025:08:31:40 -0400] "GET /?d=20670302260&filter=ada5f8&share_to_url=ideas.php%3Fid%3D702360%26name%3Ddesign+within+reach+how HTTP/1.1" 200 23334 "-" "Mozilla/5.0 AppleWebKit/537.36 (KHTML, like Gecko; compatible; bingbot/2.0; +http://www.bing.com/bingbot.htm) Chrome/116.0.1938.76 Safari/537.36"
52.167.144.186 - - [13/Jun/2025:08:31:40 -0400] "GET /?d=15551315260&filter=b4da41&share_to_url=shop.php%3Fid%3D530071%26name%3Dcalzedonia+tights+will+always HTTP/1.1" 200 24078 "-" "Mozilla/5.0 AppleWebKit/537.36 (KHTML, like Gecko; compatible; bingbot/2.0; +http://www.bing.com/bingbot.htm) Chrome/116.0.1938.76 Safari/537.36"
66.249.64.131 - - [13/Jun/2025:08:31:41 -0400] "GET /?d=114903704260&filter=271d11&share_to_url=goods.php%3Fid%3D3890723%26name%3Dnubikk+laarsjes+2024 HTTP/1.1" 200 23916 "-" "Mozilla/5.0 (Linux; Android 6.0.1; Nexus 5X Build/MMB29P) AppleWebKit/537.36 (KHTML, like Gecko) Chrome/136.0.7103.113 Mobile Safari/537.36 (compatible; Googlebot/2.1; +http://www.google.com/bot.html)"
52.167.144.186 - - [13/Jun/2025:08:31:41 -0400] "GET /?d=117680089260&filter=e17faf&share_to_url=item.php%3Fid%3D3985441%26name%3Dbuy+for+oppo+a83 HTTP/1.1" 200 23348 "-" "Mozilla/5.0 AppleWebKit/537.36 (KHTML, like Gecko; compatible; bingbot/2.0; +http://www.bing.com/bingbot.htm) Chrome/116.0.1938.76 Safari/537.36"
66.249.64.131 - - [13/Jun/2025:08:31:43 -0400] "GET /?d=108093326260&filter=0f9aff&share_to_url=shop.php%3Fid%3D3659695%26name%3Dlos+10+mejores+etf+039+s+para HTTP/1.1" 200 23964 "-" "Mozilla/5.0 (Linux; Android 6.0.1; Nexus 5X Build/MMB29P) AppleWebKit/537.36 (KHTML, like Gecko) Chrome/136.0.7103.113 Mobile Safari/537.36 (compatible; Googlebot/2.1; +http://www.google.com/bot.html)"
207.46.13.154 - - [13/Jun/2025:08:31:45 -0400] "GET /?d=117943385260&filter=494c5b&share_to_url=discover.php%3Fid%3D3994217%26name%3Dbruce+koepka+top+wholeselling HTTP/1.1" 200 22306 "-" "Mozilla/5.0 AppleWebKit/537.36 (KHTML, like Gecko; compatible; bingbot/2.0; +http://www.bing.com/bingbot.htm) Chrome/116.0.1938.76 Safari/537.36"
66.249.64.132 - - [13/Jun/2025:08:31:47 -0400] "GET /?d=110241484260&filter=eab85f&share_to_url=item.php%3Fid%3D3731317%26name%3Danabela+salto+hot+sale HTTP/1.1" 200 23733 "-" "Mozilla/5.0 (Linux; Android 6.0.1; Nexus 5X Build/MMB29P) AppleWebKit/537.36 (KHTML, like Gecko) Chrome/136.0.7103.113 Mobile Safari/537.36 (compatible; Googlebot/2.1; +http://www.google.com/bot.html)"
66.249.64.132 - - [13/Jun/2025:08:31:49 -0400] "GET /?d=95449248260&filter=2aa707&share_to_url=goods.php%3Fid%3D3233807%26name%3Dmmats+ls3+10 HTTP/1.1" 200 23212 "-" "Mozilla/5.0 (Linux; Android 6.0.1; Nexus 5X Build/MMB29P) AppleWebKit/537.36 (KHTML, like Gecko) Chrome/136.0.7103.113 Mobile Safari/537.36 (compatible; Googlebot/2.1; +http://www.google.com/bot.html)"
66.249.64.132 - - [13/Jun/2025:08:31:50 -0400] "GET /?d=94202263260&filter=bdaf2f&share_to_url=shop.php%3Fid%3D3192139%26name%3Dconnubia+maya+cb+1919+chair HTTP/1.1" 200 22602 "-" "Mozilla/5.0 (Linux; Android 6.0.1; Nexus 5X Build/MMB29P) AppleWebKit/537.36 (KHTML, like Gecko) Chrome/136.0.7103.113 Mobile Safari/537.36 (compatible; Googlebot/2.1; +http://www.google.com/bot.html)"
40.77.167.55 - - [13/Jun/2025:08:31:52 -0400] "GET /?d=97978644260&filter=46c16b&share_to_url=discover.php%3Fid%3D3320393%26name%3Dsamsonite+leather+briefcase+laptop HTTP/1.1" 200 23911 "-" "Mozilla/5.0 AppleWebKit/537.36 (KHTML, like Gecko; compatible; bingbot/2.0; +http://www.bing.com/bingbot.htm) Chrome/116.0.1938.76 Safari/537.36"
66.249.64.132 - - [13/Jun/2025:08:31:52 -0400] "GET /?d=113631562260&filter=2caa12&share_to_url=ideas.php%3Fid%3D3848256%26name%3Deno+double+hammock+from HTTP/1.1" 200 21908 "-" "Mozilla/5.0 (Linux; Android 6.0.1; Nexus 5X Build/MMB29P) AppleWebKit/537.36 (KHTML, like Gecko) Chrome/136.0.7103.113 Mobile Safari/537.36 (compatible; Googlebot/2.1; +http://www.google.com/bot.html)"
66.249.64.131 - - [13/Jun/2025:08:31:55 -0400] "GET /?d=103933491260&filter=1f7643&share_to_url=shopdetail.php%3Fid%3D3521564%26name%3Dsafari+keplar+4w HTTP/1.1" 200 23488 "-" "Mozilla/5.0 (Linux; Android 6.0.1; Nexus 5X Build/MMB29P) AppleWebKit/537.36 (KHTML, like Gecko) Chrome/136.0.7103.113 Mobile Safari/537.36 (compatible; Googlebot/2.1; +http://www.google.com/bot.html)"
40.77.167.24 - - [13/Jun/2025:08:31:56 -0400] "GET /?d=114068218260&filter=9ca3b3&share_to_url=goods.php%3Fid%3D3862967%26name%3Dsequin+fitted+thumbhole+jumpsuit HTTP/1.1" 200 24172 "-" "Mozilla/5.0 AppleWebKit/537.36 (KHTML, like Gecko; compatible; bingbot/2.0; +http://www.bing.com/bingbot.htm) Chrome/116.0.1938.76 Safari/537.36"
66.249.64.131 - - [13/Jun/2025:08:31:57 -0400] "GET /?d=102777121260&filter=4da842&share_to_url=model.php%3Fid%3D3483447%26name%3Dfootball+jacket+training HTTP/1.1" 200 24303 "-" "Mozilla/5.0 (Linux; Android 6.0.1; Nexus 5X Build/MMB29P) AppleWebKit/537.36 (KHTML, like Gecko) Chrome/136.0.7103.113 Mobile Safari/537.36 (compatible; Googlebot/2.1; +http://www.google.com/bot.html)"
66.249.64.131 - - [13/Jun/2025:08:32:00 -0400] "GET /?d=91140493260&filter=4b33d3&share_to_url=product.php%3Fid%3D3088858%26name%3Dmulti+battery+adaptor HTTP/1.1" 200 23666 "-" "Mozilla/5.0 (Linux; Android 6.0.1; Nexus 5X Build/MMB29P) AppleWebKit/537.36 (KHTML, like Gecko) Chrome/136.0.7103.113 Mobile Safari/537.36 (compatible; Googlebot/2.1; +http://www.google.com/bot.html)"
66.249.64.128 - - [13/Jun/2025:08:32:00 -0400] "GET /?d=111036884260&filter=b873a7&share_to_url=model.php%3Fid%3D3760011%26name%3Ddelonghi+pinguino+pac+el112+portable HTTP/1.1" 200 23103 "-" "Mozilla/5.0 (Linux; Android 6.0.1; Nexus 5X Build/MMB29P) AppleWebKit/537.36 (KHTML, like Gecko) Chrome/136.0.7103.113 Mobile Safari/537.36 (compatible; Googlebot/2.1; +http://www.google.com/bot.html)"
66.249.64.131 - - [13/Jun/2025:08:32:01 -0400] "GET /?d=75884296260&filter=8ac724&share_to_url=model.php%3Fid%3D2571783%26name%3Djewelry+by+kevin+n HTTP/1.1" 200 24097 "-" "Mozilla/5.0 (Linux; Android 6.0.1; Nexus 5X Build/MMB29P) AppleWebKit/537.36 (KHTML, like Gecko) Chrome/136.0.7103.113 Mobile Safari/537.36 (compatible; Googlebot/2.1; +http://www.google.com/bot.html)"
52.167.144.186 - - [13/Jun/2025:08:32:02 -0400] "GET /?d=90489709260&filter=5b8aed&share_to_url=product-page.php%3Fid%3D3067048%26name%3Dmanju+virattu HTTP/1.1" 200 23479 "-" "Mozilla/5.0 AppleWebKit/537.36 (KHTML, like Gecko; compatible; bingbot/2.0; +http://www.bing.com/bingbot.htm) Chrome/116.0.1938.76 Safari/537.36"
66.249.64.131 - - [13/Jun/2025:08:32:03 -0400] "GET /?d=109135359260&filter=b3603f&share_to_url=model.php%3Fid%3D3694599%26name%3Dautocad+civil+3d HTTP/1.1" 200 22669 "-" "Mozilla/5.0 (Linux; Android 6.0.1; Nexus 5X Build/MMB29P) AppleWebKit/537.36 (KHTML, like Gecko) Chrome/136.0.7103.113 Mobile Safari/537.36 (compatible; Googlebot/2.1; +http://www.google.com/bot.html)"
66.249.64.131 - - [13/Jun/2025:08:32:06 -0400] "GET /?d=110275712260&filter=00f09d&share_to_url=ideas.php%3Fid%3D3732540%26name%3Dluci+per+ruote HTTP/1.1" 200 24336 "-" "Mozilla/5.0 (Linux; Android 6.0.1; Nexus 5X Build/MMB29P) AppleWebKit/537.36 (KHTML, like Gecko) Chrome/136.0.7103.113 Mobile Safari/537.36 (compatible; Googlebot/2.1; +http://www.google.com/bot.html)"
66.249.64.7 - - [13/Jun/2025:08:32:07 -0400] "GET /?d=97151253260&filter=c6d084&share_to_url=detail.php%3Fid%3D3291729%26name%3Dasus+wifi+amd+am5 HTTP/1.1" 200 22656 "-" "Mozilla/5.0 (Linux; Android 6.0.1; Nexus 5X Build/MMB29P) AppleWebKit/537.36 (KHTML, like Gecko) Chrome/136.0.7103.113 Mobile Safari/537.36 (compatible; Googlebot/2.1; +http://www.google.com/bot.html)"
66.249.64.131 - - [13/Jun/2025:08:32:08 -0400] "GET /?d=94224195260&filter=dc973f&share_to_url=ideas.php%3Fid%3D3192984%26name%3Dbrushless HTTP/1.1" 200 23923 "-" "Mozilla/5.0 (Linux; Android 6.0.1; Nexus 5X Build/MMB29P) AppleWebKit/537.36 (KHTML, like Gecko) Chrome/136.0.7103.113 Mobile Safari/537.36 (compatible; Googlebot/2.1; +http://www.google.com/bot.html)"
40.77.167.55 - - [13/Jun/2025:08:32:10 -0400] "GET /?d=106660850260&filter=605939&share_to_url=item.php%3Fid%3D3612349%26name%3Dproject+k+korean+frames HTTP/1.1" 200 23963 "-" "Mozilla/5.0 AppleWebKit/537.36 (KHTML, like Gecko; compatible; bingbot/2.0; +http://www.bing.com/bingbot.htm) Chrome/116.0.1938.76 Safari/537.36"
52.167.144.186 - - [13/Jun/2025:08:32:10 -0400] "GET /?d=87397291260&filter=66fc0b&share_to_url=discover.php%3Fid%3D2961533%26name%3Dlola+amara+ofrece+bolsos HTTP/1.1" 200 23761 "-" "Mozilla/5.0 AppleWebKit/537.36 (KHTML, like Gecko; compatible; bingbot/2.0; +http://www.bing.com/bingbot.htm) Chrome/116.0.1938.76 Safari/537.36"
40.77.167.55 - - [13/Jun/2025:08:32:11 -0400] "GET /?d=105380802260&filter=8de18d&share_to_url=item.php?id=3569845&name=2022%20lvwr%20live HTTP/1.1" 200 25165 "-" "Mozilla/5.0 AppleWebKit/537.36 (KHTML, like Gecko; compatible; bingbot/2.0; +http://www.bing.com/bingbot.htm) Chrome/116.0.1938.76 Safari/537.36"
52.167.144.186 - - [13/Jun/2025:08:32:11 -0400] "GET /?d=105834776260&filter=ea09de&share_to_url=item.php%3Fid%3D3584917%26name%3D830+ideas+de+randa HTTP/1.1" 200 23936 "-" "Mozilla/5.0 AppleWebKit/537.36 (KHTML, like Gecko; compatible; bingbot/2.0; +http://www.bing.com/bingbot.htm) Chrome/116.0.1938.76 Safari/537.36"
66.249.64.131 - - [13/Jun/2025:08:32:11 -0400] "GET /?d=106316893260&filter=aca5ca&share_to_url=item.php%3Fid%3D3600901%26name%3Dmotorola+solutions+new HTTP/1.1" 200 23151 "-" "Mozilla/5.0 (Linux; Android 6.0.1; Nexus 5X Build/MMB29P) AppleWebKit/537.36 (KHTML, like Gecko) Chrome/136.0.7103.113 Mobile Safari/537.36 (compatible; Googlebot/2.1; +http://www.google.com/bot.html)"
207.46.13.154 - - [13/Jun/2025:08:32:14 -0400] "GET /?d=76742754260&filter=14708a&share_to_url=ideas.php%3Fid%3D2600616%26name%3D2017+ktm+duke+unveiled HTTP/1.1" 200 22151 "-" "Mozilla/5.0 AppleWebKit/537.36 (KHTML, like Gecko; compatible; bingbot/2.0; +http://www.bing.com/bingbot.htm) Chrome/116.0.1938.76 Safari/537.36"
66.249.64.131 - - [13/Jun/2025:08:32:14 -0400] "GET /?d=103080720260&filter=c34718&share_to_url=goods.php%3Fid%3D3493163%26name%3Dgamme+prestige+femme HTTP/1.1" 200 22558 "-" "Mozilla/5.0 (Linux; Android 6.0.1; Nexus 5X Build/MMB29P) AppleWebKit/537.36 (KHTML, like Gecko) Chrome/136.0.7103.113 Mobile Safari/537.36 (compatible; Googlebot/2.1; +http://www.google.com/bot.html)"
52.167.144.156 - - [13/Jun/2025:08:32:15 -0400] "GET /?d=68682605260&filter=ab67d8&share_to_url=detail.php%3Fid%3D2327553%26name%3Dcovers+for+bar HTTP/1.1" 200 23586 "-" "Mozilla/5.0 AppleWebKit/537.36 (KHTML, like Gecko; compatible; bingbot/2.0; +http://www.bing.com/bingbot.htm) Chrome/116.0.1938.76 Safari/537.36"
52.167.144.156 - - [13/Jun/2025:08:32:16 -0400] "GET /?d=11285291260&filter=fd45ef&share_to_url=goods.php%3Fid%3D386375%26name%3Dcars+mack+truck+playset HTTP/1.1" 200 22630 "-" "Mozilla/5.0 AppleWebKit/537.36 (KHTML, like Gecko; compatible; bingbot/2.0; +http://www.bing.com/bingbot.htm) Chrome/116.0.1938.76 Safari/537.36"
66.249.64.131 - - [13/Jun/2025:08:32:16 -0400] "GET /?d=109592660260&filter=8ac724&share_to_url=product.php%3Fid%3D3709438%26name%3Dbennie+ration+maidens+hespera+jewelry HTTP/1.1" 200 21789 "-" "Mozilla/5.0 (Linux; Android 6.0.1; Nexus 5X Build/MMB29P) AppleWebKit/537.36 (KHTML, like Gecko) Chrome/136.0.7103.113 Mobile Safari/537.36 (compatible; Googlebot/2.1; +http://www.google.com/bot.html)"
207.46.13.51 - - [13/Jun/2025:08:32:20 -0400] "GET /?d=91143486260&filter=4c20f0&share_to_url=item.php%3Fid%3D3088981%26name%3Dsony+65w HTTP/1.1" 200 23786 "-" "Mozilla/5.0 AppleWebKit/537.36 (KHTML, like Gecko; compatible; bingbot/2.0; +http://www.bing.com/bingbot.htm) Chrome/116.0.1938.76 Safari/537.36"
66.249.64.131 - - [13/Jun/2025:08:32:20 -0400] "GET /?d=99939767260&filter=cdc800&share_to_url=goods.php%3Fid%3D3387011%26name%3D2024women+039+s+casual+printed+piece+tracksuit HTTP/1.1" 200 24490 "-" "Mozilla/5.0 (Linux; Android 6.0.1; Nexus 5X Build/MMB29P) AppleWebKit/537.36 (KHTML, like Gecko) Chrome/136.0.7103.113 Mobile Safari/537.36 (compatible; Googlebot/2.1; +http://www.google.com/bot.html)"
40.77.167.24 - - [13/Jun/2025:08:32:20 -0400] "GET /?d=93093505260&filter=e874f3&share_to_url=pin.php%3Fid%3D3154194%26name%3Druby+pendant+carat HTTP/1.1" 200 24323 "-" "Mozilla/5.0 AppleWebKit/537.36 (KHTML, like Gecko; compatible; bingbot/2.0; +http://www.bing.com/bingbot.htm) Chrome/116.0.1938.76 Safari/537.36"
52.167.144.186 - - [13/Jun/2025:08:32:20 -0400] "GET /?d=107491099260&filter=54d420&share_to_url=pin.php%3Fid%3D3640230%26name%3Dshimano+level+groupset HTTP/1.1" 200 23413 "-" "Mozilla/5.0 AppleWebKit/537.36 (KHTML, like Gecko; compatible; bingbot/2.0; +http://www.bing.com/bingbot.htm) Chrome/116.0.1938.76 Safari/537.36"
66.249.64.5 - - [13/Jun/2025:08:32:20 -0400] "GET /?d=96303269260&filter=ca372c&share_to_url=model.php%3Fid%3D3262671%26name%3Dboy+hefei+sublime HTTP/1.1" 200 24387 "-" "Mozilla/5.0 (Linux; Android 6.0.1; Nexus 5X Build/MMB29P) AppleWebKit/537.36 (KHTML, like Gecko) Chrome/136.0.7103.113 Mobile Safari/537.36 (compatible; Googlebot/2.1; +http://www.google.com/bot.html)"
52.167.144.186 - - [13/Jun/2025:08:32:21 -0400] "GET /?d=35263317260&filter=ab67d8&share_to_url=item.php%3Fid%3D1198609%26name%3Dvivienne+cheap+armchair+wayfair HTTP/1.1" 200 23968 "-" "Mozilla/5.0 AppleWebKit/537.36 (KHTML, like Gecko; compatible; bingbot/2.0; +http://www.bing.com/bingbot.htm) Chrome/116.0.1938.76 Safari/537.36"
66.249.64.5 - - [13/Jun/2025:08:32:21 -0400] "GET /?d=115486175260&filter=589730&share_to_url=item.php%3Fid%3D3910981%26name%3Dcelana+jeans+anak+perempuan+pakaian HTTP/1.1" 200 23342 "-" "Mozilla/5.0 (Linux; Android 6.0.1; Nexus 5X Build/MMB29P) AppleWebKit/537.36 (KHTML, like Gecko) Chrome/136.0.7103.113 Mobile Safari/537.36 (compatible; Googlebot/2.1; +http://www.google.com/bot.html)"
52.167.144.186 - - [13/Jun/2025:08:32:21 -0400] "GET /?d=12215893260&filter=8ac724&share_to_url=item.php%3Fid%3D417913%26name%3Dgeff+house+square HTTP/1.1" 200 24674 "-" "Mozilla/5.0 AppleWebKit/537.36 (KHTML, like Gecko; compatible; bingbot/2.0; +http://www.bing.com/bingbot.htm) Chrome/116.0.1938.76 Safari/537.36"
66.249.64.131 - - [13/Jun/2025:08:32:22 -0400] "GET /?d=77163622260&filter=50365e&share_to_url=shopdetail.php%3Fid%3D2614940%26name%3Dpava+jarra+electrica+2l HTTP/1.1" 200 24174 "-" "Mozilla/5.0 (Linux; Android 6.0.1; Nexus 5X Build/MMB29P) AppleWebKit/537.36 (KHTML, like Gecko) Chrome/136.0.7103.113 Mobile Safari/537.36 (compatible; Googlebot/2.1; +http://www.google.com/bot.html)"
