66.249.64.6 - - [13/Jun/2025:09:03:34 -0400] "GET /?d=99947041260&filter=90bdfb&share_to_url=pin.php%3Fid%3D3387246%26name%3Dbarley+at+webs HTTP/1.1" 200 24111 "-" "Mozilla/5.0 (Linux; Android 6.0.1; Nexus 5X Build/MMB29P) AppleWebKit/537.36 (KHTML, like Gecko) Chrome/136.0.7103.113 Mobile Safari/537.36 (compatible; Googlebot/2.1; +http://www.google.com/bot.html)"
69.197.182.50 - - [13/Jun/2025:09:03:34 -0400] "GET /wp-includes/loginn.php HTTP/1.1" 302 6 "https://churchmr.com/wp-includes/edit.php" "Mozilla/5.0 (Windows NT 10.0; Win64; x64) AppleWebKit/537.36 (KHTML, like Gecko) Chrome/58.0.3029.110 Safari/537.3"
69.197.182.50 - - [13/Jun/2025:09:03:35 -0400] "GET /wp-includes/loginn.php HTTP/1.1" 302 6 "https://churchmr.com/wp-includes/edit.php" "Mozilla/5.0 (Windows NT 10.0; Win64; x64) AppleWebKit/537.36 (KHTML, like Gecko) Chrome/58.0.3029.110 Safari/537.3"
52.167.144.136 - - [13/Jun/2025:09:03:36 -0400] "GET /?d=116163926260&filter=fd45ef&share_to_url=detail.php%3Fid%3D3934041%26name%3Dathearn+ho+dash+44cw+locomotive HTTP/1.1" 200 22954 "-" "Mozilla/5.0 AppleWebKit/537.36 (KHTML, like Gecko; compatible; bingbot/2.0; +http://www.bing.com/bingbot.htm) Chrome/116.0.1938.76 Safari/537.36"
69.197.182.50 - - [13/Jun/2025:09:03:36 -0400] "GET /wp-includes/loginn.php HTTP/1.1" 302 6 "https://churchmr.com/wp-includes/edit.php" "Mozilla/5.0 (Windows NT 10.0; Win64; x64) AppleWebKit/537.36 (KHTML, like Gecko) Chrome/58.0.3029.110 Safari/537.3"
66.249.64.131 - - [13/Jun/2025:09:03:36 -0400] "GET /?d=93800174260&filter=b45565&share_to_url=item.php%3Fid%3D3178021%26name%3Dmanga+nike+us HTTP/1.1" 200 23850 "-" "Mozilla/5.0 (Linux; Android 6.0.1; Nexus 5X Build/MMB29P) AppleWebKit/537.36 (KHTML, like Gecko) Chrome/136.0.7103.113 Mobile Safari/537.36 (compatible; Googlebot/2.1; +http://www.google.com/bot.html)"
66.249.64.5 - - [13/Jun/2025:09:03:36 -0400] "GET /?d=99006180260&filter=6373db&share_to_url=item.php%3Fid%3D3355513%26name%3Dchaussons+lapin+moulin HTTP/1.1" 200 23692 "-" "Mozilla/5.0 (Linux; Android 6.0.1; Nexus 5X Build/MMB29P) AppleWebKit/537.36 (KHTML, like Gecko) Chrome/136.0.7103.113 Mobile Safari/537.36 (compatible; Googlebot/2.1; +http://www.google.com/bot.html)"
69.197.182.50 - - [13/Jun/2025:09:03:36 -0400] "GET /wp-includes/loginn.php HTTP/1.1" 302 6 "https://churchmr.com/wp-includes/edit.php" "Mozilla/5.0 (Windows NT 10.0; Win64; x64) AppleWebKit/537.36 (KHTML, like Gecko) Chrome/58.0.3029.110 Safari/537.3"
52.167.144.136 - - [13/Jun/2025:09:03:36 -0400] "GET /?d=97340202260&filter=cb7031&share_to_url=discover.php%3Fid%3D3298469%26name%3Dr%C3%A9volution+du+hijab HTTP/1.1" 200 23437 "-" "Mozilla/5.0 AppleWebKit/537.36 (KHTML, like Gecko; compatible; bingbot/2.0; +http://www.bing.com/bingbot.htm) Chrome/116.0.1938.76 Safari/537.36"
69.197.182.50 - - [13/Jun/2025:09:03:37 -0400] "GET /wp-includes/loginn.php HTTP/1.1" 302 6 "https://churchmr.com/wp-includes/edit.php" "Mozilla/5.0 (Windows NT 10.0; Win64; x64) AppleWebKit/537.36 (KHTML, like Gecko) Chrome/58.0.3029.110 Safari/537.3"
207.46.13.156 - - [13/Jun/2025:09:03:37 -0400] "GET /?d=104489409260&filter=154cf3&share_to_url=shopdetail.php%3Fid%3D3540536%26name%3Dthe+candy+corn+cocktail HTTP/1.1" 200 23284 "-" "Mozilla/5.0 AppleWebKit/537.36 (KHTML, like Gecko; compatible; bingbot/2.0; +http://www.bing.com/bingbot.htm) Chrome/116.0.1938.76 Safari/537.36"
52.167.144.136 - - [13/Jun/2025:09:03:37 -0400] "GET /?d=104959229260&filter=fd45ef&share_to_url=model.php%3Fid%3D3555987%26name%3Dkolorae+abc+magnets HTTP/1.1" 200 22685 "-" "Mozilla/5.0 AppleWebKit/537.36 (KHTML, like Gecko; compatible; bingbot/2.0; +http://www.bing.com/bingbot.htm) Chrome/116.0.1938.76 Safari/537.36"
69.197.182.50 - - [13/Jun/2025:09:03:37 -0400] "GET /wp-includes/loginn.php HTTP/1.1" 302 6 "https://churchmr.com/wp-includes/edit.php" "Mozilla/5.0 (Windows NT 10.0; Win64; x64) AppleWebKit/537.36 (KHTML, like Gecko) Chrome/58.0.3029.110 Safari/537.3"
52.167.144.136 - - [13/Jun/2025:09:03:38 -0400] "GET /?d=108995980260&filter=dd4e5e&share_to_url=detail.php%3Fid%3D3690213%26name%3Droberto+clemente+hoodie+trending HTTP/1.1" 200 22339 "-" "Mozilla/5.0 AppleWebKit/537.36 (KHTML, like Gecko; compatible; bingbot/2.0; +http://www.bing.com/bingbot.htm) Chrome/116.0.1938.76 Safari/537.36"
207.46.13.156 - - [13/Jun/2025:09:03:38 -0400] "GET /?d=89059889260&filter=eef298&share_to_url=article.php%3Fid%3D3018530%26name%3Dfelt+tip+pens HTTP/1.1" 200 22723 "-" "Mozilla/5.0 AppleWebKit/537.36 (KHTML, like Gecko; compatible; bingbot/2.0; +http://www.bing.com/bingbot.htm) Chrome/116.0.1938.76 Safari/537.36"
66.249.64.132 - - [13/Jun/2025:09:03:39 -0400] "GET /?d=109091912260&filter=95c78c&share_to_url=product.php%3Fid%3D3693130%26name%3Dsaia+jeans+envelope HTTP/1.1" 200 23917 "-" "Mozilla/5.0 (Linux; Android 6.0.1; Nexus 5X Build/MMB29P) AppleWebKit/537.36 (KHTML, like Gecko) Chrome/136.0.7103.113 Mobile Safari/537.36 (compatible; Googlebot/2.1; +http://www.google.com/bot.html)"
66.249.64.6 - - [13/Jun/2025:09:03:39 -0400] "GET /?d=116478693260&filter=f6c5dc&share_to_url=product.php%3Fid%3D3944362%26name%3Dpurusham+bespoke+menswear HTTP/1.1" 200 22846 "-" "Mozilla/5.0 (Linux; Android 6.0.1; Nexus 5X Build/MMB29P) AppleWebKit/537.36 (KHTML, like Gecko) Chrome/136.0.7103.113 Mobile Safari/537.36 (compatible; Googlebot/2.1; +http://www.google.com/bot.html)"
207.46.13.156 - - [13/Jun/2025:09:03:39 -0400] "GET /?d=86568378260&filter=de1f77&share_to_url=item.php%3Fid%3D2933173%26name%3Dvip+spykar+clearance+hard+trolley HTTP/1.1" 200 22849 "-" "Mozilla/5.0 AppleWebKit/537.36 (KHTML, like Gecko; compatible; bingbot/2.0; +http://www.bing.com/bingbot.htm) Chrome/116.0.1938.76 Safari/537.36"
207.46.13.51 - - [13/Jun/2025:09:03:40 -0400] "GET /?d=20126285260&filter=d60d32&share_to_url=ideas.php%3Fid%3D683868%26name%3Dchicken+junglee+kabab+2024 HTTP/1.1" 200 23734 "-" "Mozilla/5.0 AppleWebKit/537.36 (KHTML, like Gecko; compatible; bingbot/2.0; +http://www.bing.com/bingbot.htm) Chrome/116.0.1938.76 Safari/537.36"
207.46.13.156 - - [13/Jun/2025:09:03:41 -0400] "GET /?d=105243877260&filter=65e9c5&share_to_url=model.php?id=3565599&name=baby%20eco%20jackets HTTP/1.1" 200 24189 "-" "Mozilla/5.0 AppleWebKit/537.36 (KHTML, like Gecko; compatible; bingbot/2.0; +http://www.bing.com/bingbot.htm) Chrome/116.0.1938.76 Safari/537.36"
66.249.64.131 - - [13/Jun/2025:09:03:41 -0400] "GET /?d=108111968260&filter=1f5f6f&share_to_url=article.php%3Fid%3D3660326%26name%3Dupcoming+ns+250 HTTP/1.1" 200 22714 "-" "Mozilla/5.0 (Linux; Android 6.0.1; Nexus 5X Build/MMB29P) AppleWebKit/537.36 (KHTML, like Gecko) Chrome/136.0.7103.113 Mobile Safari/537.36 (compatible; Googlebot/2.1; +http://www.google.com/bot.html)"
66.249.64.5 - - [13/Jun/2025:09:03:42 -0400] "GET /?d=91959075260&filter=75d149&share_to_url=ideas.php%3Fid%3D3115392%26name%3Dwomen+ribbed+crop HTTP/1.1" 200 22783 "-" "Mozilla/5.0 (Linux; Android 6.0.1; Nexus 5X Build/MMB29P) AppleWebKit/537.36 (KHTML, like Gecko) Chrome/136.0.7103.113 Mobile Safari/537.36 (compatible; Googlebot/2.1; +http://www.google.com/bot.html)"
52.167.144.232 - - [13/Jun/2025:09:03:44 -0400] "GET /?d=117642471260&filter=45b8ec&share_to_url=shopdetail.php%3Fid%3D3984080%26name%3Dtudor+glamour+double HTTP/1.1" 200 22742 "-" "Mozilla/5.0 AppleWebKit/537.36 (KHTML, like Gecko; compatible; bingbot/2.0; +http://www.bing.com/bingbot.htm) Chrome/116.0.1938.76 Safari/537.36"
66.249.64.132 - - [13/Jun/2025:09:03:44 -0400] "GET /?d=112252800260&filter=7eb81d&share_to_url=pin.php%3Fid%3D3802350%26name%3Dthree+saynsberry+light HTTP/1.1" 200 23216 "-" "Mozilla/5.0 (Linux; Android 6.0.1; Nexus 5X Build/MMB29P) AppleWebKit/537.36 (KHTML, like Gecko) Chrome/136.0.7103.113 Mobile Safari/537.36 (compatible; Googlebot/2.1; +http://www.google.com/bot.html)"
66.249.64.6 - - [13/Jun/2025:09:03:45 -0400] "GET /?d=100509161260&filter=bcf072&share_to_url=detail.php%3Fid%3D3406641%26name%3Dsan+diego+padres+panama+tan HTTP/1.1" 200 23809 "-" "Mozilla/5.0 (Linux; Android 6.0.1; Nexus 5X Build/MMB29P) AppleWebKit/537.36 (KHTML, like Gecko) Chrome/136.0.7103.113 Mobile Safari/537.36 (compatible; Googlebot/2.1; +http://www.google.com/bot.html)"
52.167.144.216 - - [13/Jun/2025:09:03:45 -0400] "GET /?d=13033006260&filter=03bb2d&share_to_url=item.php%3Fid%3D444757%26name%3Dmountain+expeditions+flannel+jacket HTTP/1.1" 200 24410 "-" "Mozilla/5.0 AppleWebKit/537.36 (KHTML, like Gecko; compatible; bingbot/2.0; +http://www.bing.com/bingbot.htm) Chrome/116.0.1938.76 Safari/537.36"
66.249.64.131 - - [13/Jun/2025:09:03:47 -0400] "GET /?d=96412854260&filter=b873a7&share_to_url=product.php%3Fid%3D3266554%26name%3Ddaiwa+tael100hsl+tatula+elite HTTP/1.1" 200 22856 "-" "Mozilla/5.0 (Linux; Android 6.0.1; Nexus 5X Build/MMB29P) AppleWebKit/537.36 (KHTML, like Gecko) Chrome/136.0.7103.113 Mobile Safari/537.36 (compatible; Googlebot/2.1; +http://www.google.com/bot.html)"
66.249.64.6 - - [13/Jun/2025:09:03:48 -0400] "GET /?d=114434443260&filter=07837b&share_to_url=ideas.php%3Fid%3D3874944%26name%3Dhow+to+become+a+section HTTP/1.1" 200 24702 "-" "Mozilla/5.0 (Linux; Android 6.0.1; Nexus 5X Build/MMB29P) AppleWebKit/537.36 (KHTML, like Gecko) Chrome/136.0.7103.113 Mobile Safari/537.36 (compatible; Googlebot/2.1; +http://www.google.com/bot.html)"
66.249.64.5 - - [13/Jun/2025:09:03:48 -0400] "GET /?d=107229138260&filter=073822&share_to_url=ideas.php%3Fid%3D3631200%26name%3Dunbrush+detangling+bursh HTTP/1.1" 200 23733 "-" "Mozilla/5.0 (Linux; Android 6.0.1; Nexus 5X Build/MMB29P) AppleWebKit/537.36 (KHTML, like Gecko) Chrome/136.0.7103.113 Mobile Safari/537.36 (compatible; Googlebot/2.1; +http://www.google.com/bot.html)"
40.77.167.255 - - [13/Jun/2025:09:03:48 -0400] "GET /?d=98997300260&filter=315f2d&share_to_url=shopdetail.php%3Fid%3D3355160%26name%3Dpanduan+instruksi+headphone+stereo HTTP/1.1" 200 24154 "-" "Mozilla/5.0 AppleWebKit/537.36 (KHTML, like Gecko; compatible; bingbot/2.0; +http://www.bing.com/bingbot.htm) Chrome/116.0.1938.76 Safari/537.36"
66.249.64.5 - - [13/Jun/2025:09:03:49 -0400] "GET /?d=11151077260&filter=8de18d&share_to_url=discover.php%3Fid%3D381809%26name%3Dnew+birdy+mudguard+set+fender HTTP/1.1" 200 24122 "-" "Mozilla/5.0 (Linux; Android 6.0.1; Nexus 5X Build/MMB29P) AppleWebKit/537.36 (KHTML, like Gecko) Chrome/136.0.7103.113 Mobile Safari/537.36 (compatible; Googlebot/2.1; +http://www.google.com/bot.html)"
66.249.64.132 - - [13/Jun/2025:09:03:49 -0400] "GET /?d=96284948260&filter=d5ec51&share_to_url=product-page.php%3Fid%3D3262048%26name%3Dgeox+alpargatas+panarea HTTP/1.1" 200 22601 "-" "Mozilla/5.0 (Linux; Android 6.0.1; Nexus 5X Build/MMB29P) AppleWebKit/537.36 (KHTML, like Gecko) Chrome/136.0.7103.113 Mobile Safari/537.36 (compatible; Googlebot/2.1; +http://www.google.com/bot.html)"
66.249.64.131 - - [13/Jun/2025:09:03:50 -0400] "GET /?d=115615621260&filter=b0eb26&share_to_url=detail.php%3Fid%3D3915393%26name%3Dzapato+casual+adidas+ozelle HTTP/1.1" 200 21867 "-" "Mozilla/5.0 (Linux; Android 6.0.1; Nexus 5X Build/MMB29P) AppleWebKit/537.36 (KHTML, like Gecko) Chrome/136.0.7103.113 Mobile Safari/537.36 (compatible; Googlebot/2.1; +http://www.google.com/bot.html)"
66.249.64.132 - - [13/Jun/2025:09:03:52 -0400] "GET /?d=115593803260&filter=c79531&share_to_url=discover.php%3Fid%3D3914609%26name%3D1995+precious+moments+my HTTP/1.1" 200 23658 "-" "Mozilla/5.0 (Linux; Android 6.0.1; Nexus 5X Build/MMB29P) AppleWebKit/537.36 (KHTML, like Gecko) Chrome/136.0.7103.113 Mobile Safari/537.36 (compatible; Googlebot/2.1; +http://www.google.com/bot.html)"
66.249.64.6 - - [13/Jun/2025:09:03:53 -0400] "GET /?d=115649178260&filter=e82715&share_to_url=discover.php%3Fid%3D3916589%26name%3Dcot+bed+sale+done HTTP/1.1" 200 24515 "-" "Mozilla/5.0 (Linux; Android 6.0.1; Nexus 5X Build/MMB29P) AppleWebKit/537.36 (KHTML, like Gecko) Chrome/136.0.7103.113 Mobile Safari/537.36 (compatible; Googlebot/2.1; +http://www.google.com/bot.html)"
66.249.64.132 - - [13/Jun/2025:09:03:55 -0400] "GET /?d=90442045260&filter=d007b0&share_to_url=detail.php%3Fid%3D3065157%26name%3Dfootball+helmet+market+analysis HTTP/1.1" 200 24588 "-" "Mozilla/5.0 (Linux; Android 6.0.1; Nexus 5X Build/MMB29P) AppleWebKit/537.36 (KHTML, like Gecko) Chrome/136.0.7103.113 Mobile Safari/537.36 (compatible; Googlebot/2.1; +http://www.google.com/bot.html)"
66.249.64.5 - - [13/Jun/2025:09:03:55 -0400] "GET /?d=115079131260&filter=afcfc9&share_to_url=product.php%3Fid%3D3896950%26name%3Dmaleta+deportiva+nanwei+maleta+nanwei HTTP/1.1" 200 23319 "-" "Mozilla/5.0 (Linux; Android 6.0.1; Nexus 5X Build/MMB29P) AppleWebKit/537.36 (KHTML, like Gecko) Chrome/136.0.7103.113 Mobile Safari/537.36 (compatible; Googlebot/2.1; +http://www.google.com/bot.html)"
207.46.13.51 - - [13/Jun/2025:09:03:58 -0400] "GET /?d=59805157260&filter=14708a&share_to_url=shopdetail.php%3Fid%3D2029736%26name%3Dmontague+military+technology+bike HTTP/1.1" 200 23089 "-" "Mozilla/5.0 AppleWebKit/537.36 (KHTML, like Gecko; compatible; bingbot/2.0; +http://www.bing.com/bingbot.htm) Chrome/116.0.1938.76 Safari/537.36"
207.46.13.156 - - [13/Jun/2025:09:03:58 -0400] "GET /?d=108000692260&filter=5e40a7&share_to_url=article.php%3Fid%3D3656642%26name%3Dopen+dollhouse+cartoon HTTP/1.1" 200 23798 "-" "Mozilla/5.0 AppleWebKit/537.36 (KHTML, like Gecko; compatible; bingbot/2.0; +http://www.bing.com/bingbot.htm) Chrome/116.0.1938.76 Safari/537.36"
66.249.64.128 - - [13/Jun/2025:09:03:58 -0400] "GET /?d=115651294260&filter=95c78c&share_to_url=pin.php%3Fid%3D3916662%26name%3Dcolete+jeans+longline+newest HTTP/1.1" 200 23938 "-" "Mozilla/5.0 (Linux; Android 6.0.1; Nexus 5X Build/MMB29P) AppleWebKit/537.36 (KHTML, like Gecko) Chrome/136.0.7103.113 Mobile Safari/537.36 (compatible; Googlebot/2.1; +http://www.google.com/bot.html)"
207.46.13.51 - - [13/Jun/2025:09:03:59 -0400] "GET /?d=58827593260&filter=6f993e&share_to_url=product.php%3Fid%3D1996462%26name%3Dtvs+jupiter+2015 HTTP/1.1" 200 23588 "-" "Mozilla/5.0 AppleWebKit/537.36 (KHTML, like Gecko; compatible; bingbot/2.0; +http://www.bing.com/bingbot.htm) Chrome/116.0.1938.76 Safari/537.36"
66.249.64.6 - - [13/Jun/2025:09:03:59 -0400] "GET /?d=89831228260&filter=af4b8a&share_to_url=ideas.php%3Fid%3D3044760%26name%3Dpantaloni+ampi+in HTTP/1.1" 200 23939 "-" "Mozilla/5.0 (Linux; Android 6.0.1; Nexus 5X Build/MMB29P) AppleWebKit/537.36 (KHTML, like Gecko) Chrome/136.0.7103.113 Mobile Safari/537.36 (compatible; Googlebot/2.1; +http://www.google.com/bot.html)"
66.249.64.128 - - [13/Jun/2025:09:04:00 -0400] "GET /?d=116249591260&filter=5361cb&share_to_url=detail.php%3Fid%3D3936957%26name%3Df%C3%A9lix+augeraliassime+on+x+be HTTP/1.1" 200 21864 "-" "Mozilla/5.0 (Linux; Android 6.0.1; Nexus 5X Build/MMB29P) AppleWebKit/537.36 (KHTML, like Gecko) Chrome/136.0.7103.113 Mobile Safari/537.36 (compatible; Googlebot/2.1; +http://www.google.com/bot.html)"
66.249.64.131 - - [13/Jun/2025:09:04:00 -0400] "GET /?d=116452443260&filter=ef2428&share_to_url=discover.php%3Fid%3D3943517%26name%3Djuguettos+estiu HTTP/1.1" 200 23423 "-" "Mozilla/5.0 (Linux; Android 6.0.1; Nexus 5X Build/MMB29P) AppleWebKit/537.36 (KHTML, like Gecko) Chrome/136.0.7103.113 Mobile Safari/537.36 (compatible; Googlebot/2.1; +http://www.google.com/bot.html)"
66.249.64.7 - - [13/Jun/2025:09:04:01 -0400] "GET /?d=99427045260&filter=97eb76&share_to_url=shopdetail.php%3Fid%3D3369812%26name%3Dlight+blue+stary+jeans HTTP/1.1" 200 23740 "-" "Mozilla/5.0 (Linux; Android 6.0.1; Nexus 5X Build/MMB29P) AppleWebKit/537.36 (KHTML, like Gecko) Chrome/136.0.7103.113 Mobile Safari/537.36 (compatible; Googlebot/2.1; +http://www.google.com/bot.html)"
66.249.64.5 - - [13/Jun/2025:09:04:01 -0400] "GET /?d=94665987260&filter=6ee5b0&share_to_url=product.php%3Fid%3D3207622%26name%3Dleather+flats+agl HTTP/1.1" 200 24048 "-" "Mozilla/5.0 (Linux; Android 6.0.1; Nexus 5X Build/MMB29P) AppleWebKit/537.36 (KHTML, like Gecko) Chrome/136.0.7103.113 Mobile Safari/537.36 (compatible; Googlebot/2.1; +http://www.google.com/bot.html)"
52.167.144.136 - - [13/Jun/2025:09:04:03 -0400] "GET /?d=10994231260&filter=f2d324&share_to_url=product.php%3Fid%3D376642%26name%3Drespondendo+a+camisa+i HTTP/1.1" 200 23191 "-" "Mozilla/5.0 AppleWebKit/537.36 (KHTML, like Gecko; compatible; bingbot/2.0; +http://www.bing.com/bingbot.htm) Chrome/116.0.1938.76 Safari/537.36"
66.249.64.131 - - [13/Jun/2025:09:04:03 -0400] "GET /?d=107385801260&filter=f7abf7&share_to_url=pin.php%3Fid%3D3636690%26name%3Dlucca+lane+haldene+wedge HTTP/1.1" 200 23359 "-" "Mozilla/5.0 (Linux; Android 6.0.1; Nexus 5X Build/MMB29P) AppleWebKit/537.36 (KHTML, like Gecko) Chrome/136.0.7103.113 Mobile Safari/537.36 (compatible; Googlebot/2.1; +http://www.google.com/bot.html)"
66.249.64.7 - - [13/Jun/2025:09:04:04 -0400] "GET /?d=102827649260&filter=dd928e&share_to_url=model.php%3Fid%3D3485007%26name%3Dpop+it+gigante+cuadrado HTTP/1.1" 200 23573 "-" "Mozilla/5.0 (Linux; Android 6.0.1; Nexus 5X Build/MMB29P) AppleWebKit/537.36 (KHTML, like Gecko) Chrome/136.0.7103.113 Mobile Safari/537.36 (compatible; Googlebot/2.1; +http://www.google.com/bot.html)"
66.249.64.131 - - [13/Jun/2025:09:04:06 -0400] "GET /?d=116628682260&filter=2aa707&share_to_url=discover.php%3Fid%3D3949541%26name%3Dimpex+portable+soundbar HTTP/1.1" 200 24113 "-" "Mozilla/5.0 (Linux; Android 6.0.1; Nexus 5X Build/MMB29P) AppleWebKit/537.36 (KHTML, like Gecko) Chrome/136.0.7103.113 Mobile Safari/537.36 (compatible; Googlebot/2.1; +http://www.google.com/bot.html)"
66.249.64.5 - - [13/Jun/2025:09:04:06 -0400] "GET /?d=115821923260&filter=6f69da&share_to_url=shop.php%3Fid%3D3922183%26name%3Dbaya+lined+clog+chai HTTP/1.1" 200 23301 "-" "Mozilla/5.0 (Linux; Android 6.0.1; Nexus 5X Build/MMB29P) AppleWebKit/537.36 (KHTML, like Gecko) Chrome/136.0.7103.113 Mobile Safari/537.36 (compatible; Googlebot/2.1; +http://www.google.com/bot.html)"
66.249.64.131 - - [13/Jun/2025:09:04:07 -0400] "GET /?d=93126333260&filter=c29bf6&share_to_url=discover.php%3Fid%3D3155237%26name%3Dderby+boots+loake HTTP/1.1" 200 23581 "-" "Mozilla/5.0 (Linux; Android 6.0.1; Nexus 5X Build/MMB29P) AppleWebKit/537.36 (KHTML, like Gecko) Chrome/136.0.7103.113 Mobile Safari/537.36 (compatible; Googlebot/2.1; +http://www.google.com/bot.html)"
66.249.64.131 - - [13/Jun/2025:09:04:08 -0400] "GET /?d=93662433260&filter=419c13&share_to_url=shopdetail.php%3Fid%3D3173000%26name%3Dknotted+sleeper+cookie+cutter HTTP/1.1" 200 23030 "-" "Mozilla/5.0 (Linux; Android 6.0.1; Nexus 5X Build/MMB29P) AppleWebKit/537.36 (KHTML, like Gecko) Chrome/136.0.7103.113 Mobile Safari/537.36 (compatible; Googlebot/2.1; +http://www.google.com/bot.html)"
66.249.64.6 - - [13/Jun/2025:09:04:09 -0400] "GET /?d=106080145260&filter=3c6ceb&share_to_url=goods.php%3Fid%3D3593135%26name%3Dmocassim+moleca+shop+preto HTTP/1.1" 200 22772 "-" "Mozilla/5.0 (Linux; Android 6.0.1; Nexus 5X Build/MMB29P) AppleWebKit/537.36 (KHTML, like Gecko) Chrome/136.0.7103.113 Mobile Safari/537.36 (compatible; Googlebot/2.1; +http://www.google.com/bot.html)"
66.249.64.131 - - [13/Jun/2025:09:04:11 -0400] "GET /?d=109909940260&filter=e92320&share_to_url=shop.php%3Fid%3D3720055%26name%3Dwatch+here+is+the+street HTTP/1.1" 200 22892 "-" "Mozilla/5.0 (Linux; Android 6.0.1; Nexus 5X Build/MMB29P) AppleWebKit/537.36 (KHTML, like Gecko) Chrome/136.0.7103.113 Mobile Safari/537.36 (compatible; Googlebot/2.1; +http://www.google.com/bot.html)"
66.249.64.5 - - [13/Jun/2025:09:04:11 -0400] "GET /?d=109882870260&filter=2fbbdb&share_to_url=pin.php%3Fid%3D3719094%26name%3Dalex+gordon+signed+jersey HTTP/1.1" 200 23042 "-" "Mozilla/5.0 (Linux; Android 6.0.1; Nexus 5X Build/MMB29P) AppleWebKit/537.36 (KHTML, like Gecko) Chrome/136.0.7103.113 Mobile Safari/537.36 (compatible; Googlebot/2.1; +http://www.google.com/bot.html)"
52.167.144.216 - - [13/Jun/2025:09:04:13 -0400] "GET /?d=110707246260&filter=9d2131&share_to_url=ideas.php%3Fid%3D3748188%26name%3Dfaking+it+3x05+promo+third HTTP/1.1" 200 22181 "-" "Mozilla/5.0 AppleWebKit/537.36 (KHTML, like Gecko; compatible; bingbot/2.0; +http://www.bing.com/bingbot.htm) Chrome/116.0.1938.76 Safari/537.36"
52.167.144.216 - - [13/Jun/2025:09:04:13 -0400] "GET /?d=109819294260&filter=99923c&share_to_url=ideas.php%3Fid%3D3716928%26name%3Djordan+rosse+scarpe HTTP/1.1" 200 22405 "-" "Mozilla/5.0 AppleWebKit/537.36 (KHTML, like Gecko; compatible; bingbot/2.0; +http://www.bing.com/bingbot.htm) Chrome/116.0.1938.76 Safari/537.36"
66.249.64.5 - - [13/Jun/2025:09:04:14 -0400] "GET /?d=102313272260&filter=f66717&share_to_url=ideas.php%3Fid%3D3468216%26name%3Dw+arctic+parka+the HTTP/1.1" 200 21848 "-" "Mozilla/5.0 (Linux; Android 6.0.1; Nexus 5X Build/MMB29P) AppleWebKit/537.36 (KHTML, like Gecko) Chrome/136.0.7103.113 Mobile Safari/537.36 (compatible; Googlebot/2.1; +http://www.google.com/bot.html)"
66.249.64.131 - - [13/Jun/2025:09:04:15 -0400] "GET /?d=104015811260&filter=4fcc39&share_to_url=detail.php%3Fid%3D3524433%26name%3Dyellow+gardening+gloves HTTP/1.1" 200 23041 "-" "Mozilla/5.0 (Linux; Android 6.0.1; Nexus 5X Build/MMB29P) AppleWebKit/537.36 (KHTML, like Gecko) Chrome/136.0.7103.113 Mobile Safari/537.36 (compatible; Googlebot/2.1; +http://www.google.com/bot.html)"
66.249.64.131 - - [13/Jun/2025:09:04:17 -0400] "GET /?d=101107196260&filter=e17faf&share_to_url=shopdetail.php%3Fid%3D3427292%26name%3Dspigen+realme+x2 HTTP/1.1" 200 23616 "-" "Mozilla/5.0 (Linux; Android 6.0.1; Nexus 5X Build/MMB29P) AppleWebKit/537.36 (KHTML, like Gecko) Chrome/136.0.7103.113 Mobile Safari/537.36 (compatible; Googlebot/2.1; +http://www.google.com/bot.html)"
66.249.64.5 - - [13/Jun/2025:09:04:18 -0400] "GET /?d=88420526260&filter=b6fea1&share_to_url=ideas.php%3Fid%3D2996904%26name%3Dz87+horisun+safety+eyewear HTTP/1.1" 200 22325 "-" "Mozilla/5.0 (Linux; Android 6.0.1; Nexus 5X Build/MMB29P) AppleWebKit/537.36 (KHTML, like Gecko) Chrome/136.0.7103.113 Mobile Safari/537.36 (compatible; Googlebot/2.1; +http://www.google.com/bot.html)"
66.249.64.5 - - [13/Jun/2025:09:04:20 -0400] "GET /?d=103478205260&filter=b00edb&share_to_url=ideas.php%3Fid%3D3506364%26name%3Dcanon+zr65+mc+a HTTP/1.1" 200 23448 "-" "Mozilla/5.0 (Linux; Android 6.0.1; Nexus 5X Build/MMB29P) AppleWebKit/537.36 (KHTML, like Gecko) Chrome/136.0.7103.113 Mobile Safari/537.36 (compatible; Googlebot/2.1; +http://www.google.com/bot.html)"
66.249.64.131 - - [13/Jun/2025:09:04:20 -0400] "GET /?d=106114529260&filter=137223&share_to_url=ideas.php%3Fid%3D3594192%26name%3Dmocasines+sin+cordones+penny HTTP/1.1" 200 23020 "-" "Mozilla/5.0 (Linux; Android 6.0.1; Nexus 5X Build/MMB29P) AppleWebKit/537.36 (KHTML, like Gecko) Chrome/136.0.7103.113 Mobile Safari/537.36 (compatible; Googlebot/2.1; +http://www.google.com/bot.html)"
207.46.13.51 - - [13/Jun/2025:09:04:21 -0400] "GET /?d=92909254260&filter=5046c4&share_to_url=product.php%3Fid%3D3147934%26name%3Dnew+look+mustard+teddy HTTP/1.1" 200 23963 "-" "Mozilla/5.0 AppleWebKit/537.36 (KHTML, like Gecko; compatible; bingbot/2.0; +http://www.bing.com/bingbot.htm) Chrome/116.0.1938.76 Safari/537.36"
66.249.64.131 - - [13/Jun/2025:09:04:22 -0400] "GET /?d=96779334260&filter=6bd939&share_to_url=discover.php%3Fid%3D3279209%26name%3Dlarge+quantity+of+modern+collectable HTTP/1.1" 200 24712 "-" "Mozilla/5.0 (Linux; Android 6.0.1; Nexus 5X Build/MMB29P) AppleWebKit/537.36 (KHTML, like Gecko) Chrome/136.0.7103.113 Mobile Safari/537.36 (compatible; Googlebot/2.1; +http://www.google.com/bot.html)"
66.249.64.5 - - [13/Jun/2025:09:04:23 -0400] "GET /?d=116363325260&filter=138133&share_to_url=model.php%3Fid%3D3940527%26name%3Dkendra+figurbetonter+cardigan+damen HTTP/1.1" 200 24211 "-" "Mozilla/5.0 (Linux; Android 6.0.1; Nexus 5X Build/MMB29P) AppleWebKit/537.36 (KHTML, like Gecko) Chrome/136.0.7103.113 Mobile Safari/537.36 (compatible; Googlebot/2.1; +http://www.google.com/bot.html)"
52.167.144.136 - - [13/Jun/2025:09:04:23 -0400] "GET /?d=92011545260&filter=cd6685&share_to_url=goods.php%3Fid%3D3117167%26name%3Dheiyrc+3pcs+remote HTTP/1.1" 200 22922 "-" "Mozilla/5.0 AppleWebKit/537.36 (KHTML, like Gecko; compatible; bingbot/2.0; +http://www.bing.com/bingbot.htm) Chrome/116.0.1938.76 Safari/537.36"
52.167.144.136 - - [13/Jun/2025:09:04:24 -0400] "GET /?d=96863037260&filter=4d7b9c&share_to_url=model.php%3Fid%3D3282087%26name%3Dminifigure+series+complete HTTP/1.1" 200 23685 "-" "Mozilla/5.0 AppleWebKit/537.36 (KHTML, like Gecko; compatible; bingbot/2.0; +http://www.bing.com/bingbot.htm) Chrome/116.0.1938.76 Safari/537.36"
66.249.64.131 - - [13/Jun/2025:09:04:25 -0400] "GET /?d=111884016260&filter=1b6d6c&share_to_url=detail.php%3Fid%3D3789633%26name%3Dmens+overshoes+lusso HTTP/1.1" 200 23535 "-" "Mozilla/5.0 (Linux; Android 6.0.1; Nexus 5X Build/MMB29P) AppleWebKit/537.36 (KHTML, like Gecko) Chrome/136.0.7103.113 Mobile Safari/537.36 (compatible; Googlebot/2.1; +http://www.google.com/bot.html)"
66.249.64.5 - - [13/Jun/2025:09:04:25 -0400] "GET /?d=111168174260&filter=88b0bd&share_to_url=shop.php%3Fid%3D3764383%26name%3Daspennigeriashops+retro+white+nike HTTP/1.1" 200 23186 "-" "Mozilla/5.0 (Linux; Android 6.0.1; Nexus 5X Build/MMB29P) AppleWebKit/537.36 (KHTML, like Gecko) Chrome/136.0.7103.113 Mobile Safari/537.36 (compatible; Googlebot/2.1; +http://www.google.com/bot.html)"
52.167.144.136 - - [13/Jun/2025:09:04:25 -0400] "GET /?d=35439593260&filter=b00345&share_to_url=article.php%3Fid%3D1204226%26name%3Dhow+to+delete+google HTTP/1.1" 200 23744 "-" "Mozilla/5.0 AppleWebKit/537.36 (KHTML, like Gecko; compatible; bingbot/2.0; +http://www.bing.com/bingbot.htm) Chrome/116.0.1938.76 Safari/537.36"
40.77.167.255 - - [13/Jun/2025:09:04:26 -0400] "GET /?d=90320057260&filter=26a884&share_to_url=detail.php%3Fid%3D3061005%26name%3Dkeprotec+gloves+2024 HTTP/1.1" 200 24363 "-" "Mozilla/5.0 AppleWebKit/537.36 (KHTML, like Gecko; compatible; bingbot/2.0; +http://www.bing.com/bingbot.htm) Chrome/116.0.1938.76 Safari/537.36"
40.77.167.255 - - [13/Jun/2025:09:04:27 -0400] "GET /?d=95457813260&filter=7e60e7&share_to_url=pin.php%3Fid%3D3234138%26name%3Dguess+dare+edt+sp HTTP/1.1" 200 21587 "-" "Mozilla/5.0 AppleWebKit/537.36 (KHTML, like Gecko; compatible; bingbot/2.0; +http://www.bing.com/bingbot.htm) Chrome/116.0.1938.76 Safari/537.36"
66.249.64.131 - - [13/Jun/2025:09:04:28 -0400] "GET /?d=96109533260&filter=eab85f&share_to_url=item.php%3Fid%3D3256225%26name%3Dscarpin+slingback+napa HTTP/1.1" 200 22832 "-" "Mozilla/5.0 (Linux; Android 6.0.1; Nexus 5X Build/MMB29P) AppleWebKit/537.36 (KHTML, like Gecko) Chrome/136.0.7103.113 Mobile Safari/537.36 (compatible; Googlebot/2.1; +http://www.google.com/bot.html)"
52.167.144.216 - - [13/Jun/2025:09:04:28 -0400] "GET /?d=99593909260&filter=cc63b6&share_to_url=discover.php%3Fid%3D3375317%26name%3Dbottega+veneta+alumna+bag HTTP/1.1" 200 22910 "-" "Mozilla/5.0 AppleWebKit/537.36 (KHTML, like Gecko; compatible; bingbot/2.0; +http://www.bing.com/bingbot.htm) Chrome/116.0.1938.76 Safari/537.36"
66.249.64.5 - - [13/Jun/2025:09:04:28 -0400] "GET /?d=106757695260&filter=9f50ed&share_to_url=product.php%3Fid%3D3615682%26name%3Dclassic+nylon+og HTTP/1.1" 200 21927 "-" "Mozilla/5.0 (Linux; Android 6.0.1; Nexus 5X Build/MMB29P) AppleWebKit/537.36 (KHTML, like Gecko) Chrome/136.0.7103.113 Mobile Safari/537.36 (compatible; Googlebot/2.1; +http://www.google.com/bot.html)"
66.249.64.131 - - [13/Jun/2025:09:04:29 -0400] "GET /?d=100902043260&filter=8c36c9&share_to_url=shop.php%3Fid%3D3420067%26name%3Dwomen+039+color+stiletto+heels HTTP/1.1" 200 24738 "-" "Mozilla/5.0 (Linux; Android 6.0.1; Nexus 5X Build/MMB29P) AppleWebKit/537.36 (KHTML, like Gecko) Chrome/136.0.7103.113 Mobile Safari/537.36 (compatible; Googlebot/2.1; +http://www.google.com/bot.html)"
66.249.64.131 - - [13/Jun/2025:09:04:30 -0400] "GET /?d=95233818260&filter=dc973f&share_to_url=shopdetail.php%3Fid%3D3226220%26name%3Dpolishing+sanding HTTP/1.1" 200 24481 "-" "Mozilla/5.0 (Linux; Android 6.0.1; Nexus 5X Build/MMB29P) AppleWebKit/537.36 (KHTML, like Gecko) Chrome/136.0.7103.113 Mobile Safari/537.36 (compatible; Googlebot/2.1; +http://www.google.com/bot.html)"
66.249.64.5 - - [13/Jun/2025:09:04:31 -0400] "GET /?d=96233851260&filter=62bca5&share_to_url=shop.php%3Fid%3D3260347%26name%3Dsears+roof+box HTTP/1.1" 200 23840 "-" "Mozilla/5.0 (Linux; Android 6.0.1; Nexus 5X Build/MMB29P) AppleWebKit/537.36 (KHTML, like Gecko) Chrome/136.0.7103.113 Mobile Safari/537.36 (compatible; Googlebot/2.1; +http://www.google.com/bot.html)"
66.249.64.131 - - [13/Jun/2025:09:04:33 -0400] "GET /?d=96127044260&filter=eab85f&share_to_url=product-page.php%3Fid%3D3256864%26name%3Dcoturno+feminino+confort%C3%A1vel+cano HTTP/1.1" 200 21953 "-" "Mozilla/5.0 (Linux; Android 6.0.1; Nexus 5X Build/MMB29P) AppleWebKit/537.36 (KHTML, like Gecko) Chrome/136.0.7103.113 Mobile Safari/537.36 (compatible; Googlebot/2.1; +http://www.google.com/bot.html)"
66.249.64.5 - - [13/Jun/2025:09:04:34 -0400] "GET /?d=103030295260&filter=b6fea1&share_to_url=detail.php%3Fid%3D3491637%26name%3Donline+shopping+free HTTP/1.1" 200 23814 "-" "Mozilla/5.0 (Linux; Android 6.0.1; Nexus 5X Build/MMB29P) AppleWebKit/537.36 (KHTML, like Gecko) Chrome/136.0.7103.113 Mobile Safari/537.36 (compatible; Googlebot/2.1; +http://www.google.com/bot.html)"
66.249.64.132 - - [13/Jun/2025:09:04:36 -0400] "GET /?d=102279611260&filter=649884&share_to_url=ideas.php%3Fid%3D3467016%26name%3Dspotify+and+apple+again+clash HTTP/1.1" 200 23421 "-" "Mozilla/5.0 (Linux; Android 6.0.1; Nexus 5X Build/MMB29P) AppleWebKit/537.36 (KHTML, like Gecko) Chrome/136.0.7103.113 Mobile Safari/537.36 (compatible; Googlebot/2.1; +http://www.google.com/bot.html)"
66.249.64.5 - - [13/Jun/2025:09:04:36 -0400] "GET /?d=109111854260&filter=dd87d9&share_to_url=article.php%3Fid%3D3693878%26name%3Dmoose+knuckles+westmore+quilted+shirt HTTP/1.1" 200 23403 "-" "Mozilla/5.0 (Linux; Android 6.0.1; Nexus 5X Build/MMB29P) AppleWebKit/537.36 (KHTML, like Gecko) Chrome/136.0.7103.113 Mobile Safari/537.36 (compatible; Googlebot/2.1; +http://www.google.com/bot.html)"
52.167.144.136 - - [13/Jun/2025:09:04:36 -0400] "GET /?d=93886372260&filter=d44514&share_to_url=item.php%3Fid%3D3181081%26name%3Daroma+lamp+yankee HTTP/1.1" 200 23434 "-" "Mozilla/5.0 AppleWebKit/537.36 (KHTML, like Gecko; compatible; bingbot/2.0; +http://www.bing.com/bingbot.htm) Chrome/116.0.1938.76 Safari/537.36"
66.249.64.131 - - [13/Jun/2025:09:04:39 -0400] "GET /?d=112374820260&filter=78ff4e&share_to_url=ideas.php%3Fid%3D3806328%26name%3Dprimark+sale+girls+skirts HTTP/1.1" 200 24427 "-" "Mozilla/5.0 (Linux; Android 6.0.1; Nexus 5X Build/MMB29P) AppleWebKit/537.36 (KHTML, like Gecko) Chrome/136.0.7103.113 Mobile Safari/537.36 (compatible; Googlebot/2.1; +http://www.google.com/bot.html)"
66.249.64.6 - - [13/Jun/2025:09:04:39 -0400] "GET /?d=100563877260&filter=5919d3&share_to_url=shopdetail.php%3Fid%3D3408452%26name%3Dalexander+mcqueen+sweatshirt+deals+black HTTP/1.1" 200 24454 "-" "Mozilla/5.0 (Linux; Android 6.0.1; Nexus 5X Build/MMB29P) AppleWebKit/537.36 (KHTML, like Gecko) Chrome/136.0.7103.113 Mobile Safari/537.36 (compatible; Googlebot/2.1; +http://www.google.com/bot.html)"
66.249.64.131 - - [13/Jun/2025:09:04:41 -0400] "GET /?d=109810012260&filter=819980&share_to_url=model.php%3Fid%3D3716607%26name%3Dgucci+ya1265061 HTTP/1.1" 200 22017 "-" "Mozilla/5.0 (Linux; Android 6.0.1; Nexus 5X Build/MMB29P) AppleWebKit/537.36 (KHTML, like Gecko) Chrome/136.0.7103.113 Mobile Safari/537.36 (compatible; Googlebot/2.1; +http://www.google.com/bot.html)"
66.249.64.6 - - [13/Jun/2025:09:04:41 -0400] "GET /?d=20219693260&filter=8de18d&share_to_url=shopdetail.php%3Fid%3D686792%26name%3D2002+fxdx+133hp HTTP/1.1" 200 23790 "-" "Mozilla/5.0 (Linux; Android 6.0.1; Nexus 5X Build/MMB29P) AppleWebKit/537.36 (KHTML, like Gecko) Chrome/136.0.7103.113 Mobile Safari/537.36 (compatible; Googlebot/2.1; +http://www.google.com/bot.html)"
207.46.13.51 - - [13/Jun/2025:09:04:42 -0400] "GET /?d=16030197260&filter=080c26&share_to_url=shop.php%3Fid%3D546403%26name%3Dadidas+19+20+juventus HTTP/1.1" 200 24160 "-" "Mozilla/5.0 AppleWebKit/537.36 (KHTML, like Gecko; compatible; bingbot/2.0; +http://www.bing.com/bingbot.htm) Chrome/116.0.1938.76 Safari/537.36"
40.77.167.255 - - [13/Jun/2025:09:04:43 -0400] "GET /?d=86938579260&filter=25e9e2&share_to_url=pin.php%3Fid%3D2945778%26name%3Dshiv+shakti+bhakti+geet HTTP/1.1" 200 24374 "-" "Mozilla/5.0 AppleWebKit/537.36 (KHTML, like Gecko; compatible; bingbot/2.0; +http://www.bing.com/bingbot.htm) Chrome/116.0.1938.76 Safari/537.36"
52.167.144.136 - - [13/Jun/2025:09:04:43 -0400] "GET /?d=45422817260&filter=54d420&share_to_url=shop.php%3Fid%3D1541071%26name%3Dztto+bicycle+pump+160psi HTTP/1.1" 200 23771 "-" "Mozilla/5.0 AppleWebKit/537.36 (KHTML, like Gecko; compatible; bingbot/2.0; +http://www.bing.com/bingbot.htm) Chrome/116.0.1938.76 Safari/537.36"
40.77.167.255 - - [13/Jun/2025:09:04:44 -0400] "GET /?d=109054697260&filter=128aa4&share_to_url=shopdetail.php%3Fid%3D3692012%26name%3Dutv+fish+houses HTTP/1.1" 200 23950 "-" "Mozilla/5.0 AppleWebKit/537.36 (KHTML, like Gecko; compatible; bingbot/2.0; +http://www.bing.com/bingbot.htm) Chrome/116.0.1938.76 Safari/537.36"
207.46.13.51 - - [13/Jun/2025:09:04:44 -0400] "GET /?d=110638430260&filter=f764f4&share_to_url=detail.php%3Fid%3D3745617%26name%3D2pack+heart+mermaid HTTP/1.1" 200 23274 "-" "Mozilla/5.0 AppleWebKit/537.36 (KHTML, like Gecko; compatible; bingbot/2.0; +http://www.bing.com/bingbot.htm) Chrome/116.0.1938.76 Safari/537.36"
66.249.64.131 - - [13/Jun/2025:09:04:44 -0400] "GET /?d=103574805260&filter=aa7737&share_to_url=item.php%3Fid%3D3509533%26name%3Dversace+snakeskin+purple HTTP/1.1" 200 23951 "-" "Mozilla/5.0 (Linux; Android 6.0.1; Nexus 5X Build/MMB29P) AppleWebKit/537.36 (KHTML, like Gecko) Chrome/136.0.7103.113 Mobile Safari/537.36 (compatible; Googlebot/2.1; +http://www.google.com/bot.html)"
52.167.144.232 - - [13/Jun/2025:09:04:44 -0400] "GET /?d=95315852260&filter=307e75&share_to_url=shop.php%3Fid%3D3229063%26name%3Dnew+balance+unisex+574+v2 HTTP/1.1" 200 22014 "-" "Mozilla/5.0 AppleWebKit/537.36 (KHTML, like Gecko; compatible; bingbot/2.0; +http://www.bing.com/bingbot.htm) Chrome/116.0.1938.76 Safari/537.36"
66.249.64.132 - - [13/Jun/2025:09:04:44 -0400] "GET /?d=105198169260&filter=583eef&share_to_url=detail.php%3Fid%3D3563901%26name%3Dthe+jungle+book+catchplay+watch+full HTTP/1.1" 200 22813 "-" "Mozilla/5.0 (Linux; Android 6.0.1; Nexus 5X Build/MMB29P) AppleWebKit/537.36 (KHTML, like Gecko) Chrome/136.0.7103.113 Mobile Safari/537.36 (compatible; Googlebot/2.1; +http://www.google.com/bot.html)"
66.249.64.5 - - [13/Jun/2025:09:04:44 -0400] "GET /?d=9092587260&filter=8de18d&share_to_url=detail.php%3Fid%3D312513%26name%3Dcina+disesuaikan+2023+produsen+pabrik HTTP/1.1" 200 25054 "-" "Mozilla/5.0 (Linux; Android 6.0.1; Nexus 5X Build/MMB29P) AppleWebKit/537.36 (KHTML, like Gecko) Chrome/136.0.7103.113 Mobile Safari/537.36 (compatible; Googlebot/2.1; +http://www.google.com/bot.html)"
207.46.13.51 - - [13/Jun/2025:09:04:45 -0400] "GET /?d=26366278260&filter=ada5f8&share_to_url=model.php%3Fid%3D893799%26name%3Dteak+outdoor+furniture+bali HTTP/1.1" 200 23415 "-" "Mozilla/5.0 AppleWebKit/537.36 (KHTML, like Gecko; compatible; bingbot/2.0; +http://www.bing.com/bingbot.htm) Chrome/116.0.1938.76 Safari/537.36"
52.167.144.216 - - [13/Jun/2025:09:04:46 -0400] "GET /?d=80025698260&filter=e86b2c&share_to_url=discover.php%3Fid%3D2710289%26name%3Dvilde+knitted+vest HTTP/1.1" 200 24171 "-" "Mozilla/5.0 AppleWebKit/537.36 (KHTML, like Gecko; compatible; bingbot/2.0; +http://www.bing.com/bingbot.htm) Chrome/116.0.1938.76 Safari/537.36"
207.46.13.51 - - [13/Jun/2025:09:04:46 -0400] "GET /?d=58813643260&filter=132c35&share_to_url=discover.php%3Fid%3D1995929%26name%3Dschubert+baby+grand HTTP/1.1" 200 24001 "-" "Mozilla/5.0 AppleWebKit/537.36 (KHTML, like Gecko; compatible; bingbot/2.0; +http://www.bing.com/bingbot.htm) Chrome/116.0.1938.76 Safari/537.36"
52.167.144.216 - - [13/Jun/2025:09:04:46 -0400] "GET /?d=36505846260&filter=91ba7f&share_to_url=shopdetail.php%3Fid%3D1239884%26name%3Dadult+halloween+cosplay+costume HTTP/1.1" 200 24170 "-" "Mozilla/5.0 AppleWebKit/537.36 (KHTML, like Gecko; compatible; bingbot/2.0; +http://www.bing.com/bingbot.htm) Chrome/116.0.1938.76 Safari/537.36"
66.249.64.6 - - [13/Jun/2025:09:04:47 -0400] "GET /?d=113768953260&filter=cbedea&share_to_url=shop.php%3Fid%3D3852655%26name%3Dberghaus+mmps+centurio+iv+30 HTTP/1.1" 200 22616 "-" "Mozilla/5.0 (Linux; Android 6.0.1; Nexus 5X Build/MMB29P) AppleWebKit/537.36 (KHTML, like Gecko) Chrome/136.0.7103.113 Mobile Safari/537.36 (compatible; Googlebot/2.1; +http://www.google.com/bot.html)"
66.249.64.132 - - [13/Jun/2025:09:04:47 -0400] "GET /?d=93493516260&filter=ce52f2&share_to_url=goods.php%3Fid%3D3167327%26name%3Dcoyote+fur+and HTTP/1.1" 200 23951 "-" "Mozilla/5.0 (Linux; Android 6.0.1; Nexus 5X Build/MMB29P) AppleWebKit/537.36 (KHTML, like Gecko) Chrome/136.0.7103.113 Mobile Safari/537.36 (compatible; Googlebot/2.1; +http://www.google.com/bot.html)"
66.249.64.6 - - [13/Jun/2025:09:04:47 -0400] "GET /?d=110438014260&filter=80d279&share_to_url=discover.php%3Fid%3D3738629%26name%3Dpit+boss+sportsman+series HTTP/1.1" 200 22080 "-" "Mozilla/5.0 (Linux; Android 6.0.1; Nexus 5X Build/MMB29P) AppleWebKit/537.36 (KHTML, like Gecko) Chrome/136.0.7103.113 Mobile Safari/537.36 (compatible; Googlebot/2.1; +http://www.google.com/bot.html)"
52.167.144.232 - - [13/Jun/2025:09:04:48 -0400] "GET /?d=101903011260&filter=8c4686&share_to_url=shopdetail.php%3Fid%3D3454532%26name%3Dnewborn+spiderman HTTP/1.1" 200 23049 "-" "Mozilla/5.0 AppleWebKit/537.36 (KHTML, like Gecko; compatible; bingbot/2.0; +http://www.bing.com/bingbot.htm) Chrome/116.0.1938.76 Safari/537.36"
207.46.13.156 - - [13/Jun/2025:09:04:48 -0400] "GET /?d=113154568260&filter=704690&share_to_url=detail.php%3Fid%3D3832437%26name%3Dvideographer+price+list+template HTTP/1.1" 200 23061 "-" "Mozilla/5.0 AppleWebKit/537.36 (KHTML, like Gecko; compatible; bingbot/2.0; +http://www.bing.com/bingbot.htm) Chrome/116.0.1938.76 Safari/537.36"
52.167.144.232 - - [13/Jun/2025:09:04:48 -0400] "GET /?d=102148898260&filter=a4c9b9&share_to_url=article.php%3Fid%3D3462326%26name%3Dscvf007+a+gift HTTP/1.1" 200 23718 "-" "Mozilla/5.0 AppleWebKit/537.36 (KHTML, like Gecko; compatible; bingbot/2.0; +http://www.bing.com/bingbot.htm) Chrome/116.0.1938.76 Safari/537.36"
66.249.64.131 - - [13/Jun/2025:09:04:50 -0400] "GET /?d=109926476260&filter=f935ba&share_to_url=goods.php%3Fid%3D3720539%26name%3Djudith+ripka+ambrosia+multi+stone HTTP/1.1" 200 22765 "-" "Mozilla/5.0 (Linux; Android 6.0.1; Nexus 5X Build/MMB29P) AppleWebKit/537.36 (KHTML, like Gecko) Chrome/136.0.7103.113 Mobile Safari/537.36 (compatible; Googlebot/2.1; +http://www.google.com/bot.html)"
66.249.64.6 - - [13/Jun/2025:09:04:50 -0400] "GET /?d=109166427260&filter=a35f77&share_to_url=shopdetail.php%3Fid%3D3695624%26name%3Dersatzglieder+f%C3%BCr+apple HTTP/1.1" 200 23545 "-" "Mozilla/5.0 (Linux; Android 6.0.1; Nexus 5X Build/MMB29P) AppleWebKit/537.36 (KHTML, like Gecko) Chrome/136.0.7103.113 Mobile Safari/537.36 (compatible; Googlebot/2.1; +http://www.google.com/bot.html)"
66.249.64.6 - - [13/Jun/2025:09:04:50 -0400] "GET /?d=107573878260&filter=dd928e&share_to_url=shopdetail.php%3Fid%3D3642992%26name%3Dcoche+bebesitos+deluxe HTTP/1.1" 200 23724 "-" "Mozilla/5.0 (Linux; Android 6.0.1; Nexus 5X Build/MMB29P) AppleWebKit/537.36 (KHTML, like Gecko) Chrome/136.0.7103.113 Mobile Safari/537.36 (compatible; Googlebot/2.1; +http://www.google.com/bot.html)"
52.167.144.136 - - [13/Jun/2025:09:04:52 -0400] "GET /?d=86591555260&filter=997939&share_to_url=shop.php%3Fid%3D2933947%26name%3Dpre+owned+mario+kart HTTP/1.1" 200 22348 "-" "Mozilla/5.0 AppleWebKit/537.36 (KHTML, like Gecko; compatible; bingbot/2.0; +http://www.bing.com/bingbot.htm) Chrome/116.0.1938.76 Safari/537.36"
66.249.64.6 - - [13/Jun/2025:09:04:52 -0400] "GET /?d=112363800260&filter=ba570e&share_to_url=shopdetail.php%3Fid%3D3805940%26name%3Dmens+blazer+top HTTP/1.1" 200 24848 "-" "Mozilla/5.0 (Linux; Android 6.0.1; Nexus 5X Build/MMB29P) AppleWebKit/537.36 (KHTML, like Gecko) Chrome/136.0.7103.113 Mobile Safari/537.36 (compatible; Googlebot/2.1; +http://www.google.com/bot.html)"
52.167.144.136 - - [13/Jun/2025:09:04:52 -0400] "GET /?d=22258927260&filter=8628ab&share_to_url=shopdetail.php%3Fid%3D754916%26name%3Dsuperdry+women+official+s+shine HTTP/1.1" 200 23437 "-" "Mozilla/5.0 AppleWebKit/537.36 (KHTML, like Gecko; compatible; bingbot/2.0; +http://www.bing.com/bingbot.htm) Chrome/116.0.1938.76 Safari/537.36"
66.249.64.132 - - [13/Jun/2025:09:04:52 -0400] "GET /?d=102759129260&filter=cdc800&share_to_url=pin.php%3Fid%3D3482898%26name%3Dpajamas+target+kids HTTP/1.1" 200 24203 "-" "Mozilla/5.0 (Linux; Android 6.0.1; Nexus 5X Build/MMB29P) AppleWebKit/537.36 (KHTML, like Gecko) Chrome/136.0.7103.113 Mobile Safari/537.36 (compatible; Googlebot/2.1; +http://www.google.com/bot.html)"
207.46.13.156 - - [13/Jun/2025:09:04:52 -0400] "GET /?d=86599708260&filter=128aa4&share_to_url=product-page.php%3Fid%3D2934208%26name%3Dreddy+heater+air+filter+kit HTTP/1.1" 200 23256 "-" "Mozilla/5.0 AppleWebKit/537.36 (KHTML, like Gecko; compatible; bingbot/2.0; +http://www.bing.com/bingbot.htm) Chrome/116.0.1938.76 Safari/537.36"
66.249.64.6 - - [13/Jun/2025:09:04:53 -0400] "GET /?d=100786955260&filter=400a61&share_to_url=product-page.php%3Fid%3D3416020%26name%3Di+migliori+blog+di HTTP/1.1" 200 24633 "-" "Mozilla/5.0 (Linux; Android 6.0.1; Nexus 5X Build/MMB29P) AppleWebKit/537.36 (KHTML, like Gecko) Chrome/136.0.7103.113 Mobile Safari/537.36 (compatible; Googlebot/2.1; +http://www.google.com/bot.html)"
52.167.144.136 - - [13/Jun/2025:09:04:53 -0400] "GET /?d=20288480260&filter=14708a&share_to_url=shopdetail.php%3Fid%3D689156%26name%3Decosport+21+speed HTTP/1.1" 200 22809 "-" "Mozilla/5.0 AppleWebKit/537.36 (KHTML, like Gecko; compatible; bingbot/2.0; +http://www.bing.com/bingbot.htm) Chrome/116.0.1938.76 Safari/537.36"
52.167.144.136 - - [13/Jun/2025:09:04:54 -0400] "GET /?d=115812201260&filter=cd6685&share_to_url=model.php%3Fid%3D3921807%26name%3Donline+drone+landing HTTP/1.1" 200 23757 "-" "Mozilla/5.0 AppleWebKit/537.36 (KHTML, like Gecko; compatible; bingbot/2.0; +http://www.bing.com/bingbot.htm) Chrome/116.0.1938.76 Safari/537.36"
66.249.64.5 - - [13/Jun/2025:09:04:55 -0400] "GET /?d=104075554260&filter=40f37c&share_to_url=goods.php%3Fid%3D3526271%26name%3Dlarge+capacity+hairdressing+bag HTTP/1.1" 200 24204 "-" "Mozilla/5.0 (Linux; Android 6.0.1; Nexus 5X Build/MMB29P) AppleWebKit/537.36 (KHTML, like Gecko) Chrome/136.0.7103.113 Mobile Safari/537.36 (compatible; Googlebot/2.1; +http://www.google.com/bot.html)"
66.249.64.132 - - [13/Jun/2025:09:04:55 -0400] "GET /?d=93162318260&filter=78ff4e&share_to_url=article.php%3Fid%3D3156458%26name%3Dmaternity+modal+sleep+dress HTTP/1.1" 200 24114 "-" "Mozilla/5.0 (Linux; Android 6.0.1; Nexus 5X Build/MMB29P) AppleWebKit/537.36 (KHTML, like Gecko) Chrome/136.0.7103.113 Mobile Safari/537.36 (compatible; Googlebot/2.1; +http://www.google.com/bot.html)"
66.249.64.6 - - [13/Jun/2025:09:04:55 -0400] "GET /?d=110231194260&filter=91dbaa&share_to_url=article.php%3Fid%3D3730970%26name%3Dshiraleah+merry+bauble HTTP/1.1" 200 24053 "-" "Mozilla/5.0 (Linux; Android 6.0.1; Nexus 5X Build/MMB29P) AppleWebKit/537.36 (KHTML, like Gecko) Chrome/136.0.7103.113 Mobile Safari/537.36 (compatible; Googlebot/2.1; +http://www.google.com/bot.html)"
66.249.64.5 - - [13/Jun/2025:09:04:57 -0400] "GET /?d=73170719260&filter=a19797&share_to_url=product.php%3Fid%3D2480686%26name%3Dupside+down+cross+earrings+mens HTTP/1.1" 200 22967 "-" "Mozilla/5.0 (Linux; Android 6.0.1; Nexus 5X Build/MMB29P) AppleWebKit/537.36 (KHTML, like Gecko) Chrome/136.0.7103.113 Mobile Safari/537.36 (compatible; Googlebot/2.1; +http://www.google.com/bot.html)"
66.249.64.6 - - [13/Jun/2025:09:04:57 -0400] "GET /?d=92934258260&filter=eef298&share_to_url=product-page.php%3Fid%3D3148708%26name%3Daurora+888+plutone+fountain HTTP/1.1" 200 23271 "-" "Mozilla/5.0 (Linux; Android 6.0.1; Nexus 5X Build/MMB29P) AppleWebKit/537.36 (KHTML, like Gecko) Chrome/136.0.7103.113 Mobile Safari/537.36 (compatible; Googlebot/2.1; +http://www.google.com/bot.html)"
66.249.64.132 - - [13/Jun/2025:09:04:58 -0400] "GET /?d=99906195260&filter=16d759&share_to_url=product-page.php%3Fid%3D3385972%26name%3Djansport+vamos+gear+sporting HTTP/1.1" 200 21677 "-" "Mozilla/5.0 (Linux; Android 6.0.1; Nexus 5X Build/MMB29P) AppleWebKit/537.36 (KHTML, like Gecko) Chrome/136.0.7103.113 Mobile Safari/537.36 (compatible; Googlebot/2.1; +http://www.google.com/bot.html)"
66.249.64.6 - - [13/Jun/2025:09:04:58 -0400] "GET /?d=93265283260&filter=c8fca0&share_to_url=goods.php%3Fid%3D3159851%26name%3Dez+inflate+quick+inflate+waterproof HTTP/1.1" 200 24596 "-" "Mozilla/5.0 (Linux; Android 6.0.1; Nexus 5X Build/MMB29P) AppleWebKit/537.36 (KHTML, like Gecko) Chrome/136.0.7103.113 Mobile Safari/537.36 (compatible; Googlebot/2.1; +http://www.google.com/bot.html)"
66.249.64.7 - - [13/Jun/2025:09:05:00 -0400] "GET /?d=109377304260&filter=a151d9&share_to_url=pin.php%3Fid%3D3702582%26name%3Ddisney+039+s+most+stylish HTTP/1.1" 200 24243 "-" "Mozilla/5.0 (Linux; Android 6.0.1; Nexus 5X Build/MMB29P) AppleWebKit/537.36 (KHTML, like Gecko) Chrome/136.0.7103.113 Mobile Safari/537.36 (compatible; Googlebot/2.1; +http://www.google.com/bot.html)"
66.249.64.132 - - [13/Jun/2025:09:05:00 -0400] "GET /?d=97008854260&filter=cb7031&share_to_url=product-page.php%3Fid%3D3286660%26name%3Demma+l%C3%A9opard+supernasty HTTP/1.1" 200 23434 "-" "Mozilla/5.0 (Linux; Android 6.0.1; Nexus 5X Build/MMB29P) AppleWebKit/537.36 (KHTML, like Gecko) Chrome/136.0.7103.113 Mobile Safari/537.36 (compatible; Googlebot/2.1; +http://www.google.com/bot.html)"
66.249.64.7 - - [13/Jun/2025:09:05:01 -0400] "GET /?d=110332960260&filter=a61e7f&share_to_url=product.php%3Fid%3D3734770%26name%3Dnike+lebron+19+big HTTP/1.1" 200 22277 "-" "Mozilla/5.0 (Linux; Android 6.0.1; Nexus 5X Build/MMB29P) AppleWebKit/537.36 (KHTML, like Gecko) Chrome/136.0.7103.113 Mobile Safari/537.36 (compatible; Googlebot/2.1; +http://www.google.com/bot.html)"
52.167.144.216 - - [13/Jun/2025:09:05:02 -0400] "GET /?d=86474859260&filter=5cc95c&share_to_url=product.php%3Fid%3D2930050%26name%3Dsneakers+stringate+in+ecopelle HTTP/1.1" 200 23355 "-" "Mozilla/5.0 AppleWebKit/537.36 (KHTML, like Gecko; compatible; bingbot/2.0; +http://www.bing.com/bingbot.htm) Chrome/116.0.1938.76 Safari/537.36"
66.249.64.6 - - [13/Jun/2025:09:05:03 -0400] "GET /?d=112235917260&filter=6fbab5&share_to_url=pin.php%3Fid%3D3801834%26name%3Daranmanai+2014+all+video+songs HTTP/1.1" 200 23344 "-" "Mozilla/5.0 (Linux; Android 6.0.1; Nexus 5X Build/MMB29P) AppleWebKit/537.36 (KHTML, like Gecko) Chrome/136.0.7103.113 Mobile Safari/537.36 (compatible; Googlebot/2.1; +http://www.google.com/bot.html)"
66.249.64.131 - - [13/Jun/2025:09:05:03 -0400] "GET /?d=103277350260&filter=e98728&share_to_url=item.php%3Fid%3D3499933%26name%3Dschott+nyc+police+leather+jacket HTTP/1.1" 200 22526 "-" "Mozilla/5.0 (Linux; Android 6.0.1; Nexus 5X Build/MMB29P) AppleWebKit/537.36 (KHTML, like Gecko) Chrome/136.0.7103.113 Mobile Safari/537.36 (compatible; Googlebot/2.1; +http://www.google.com/bot.html)"
66.249.64.5 - - [13/Jun/2025:09:05:04 -0400] "GET /?d=117850063260&filter=6373db&share_to_url=product-page.php%3Fid%3D3991276%26name%3Dteam+rollers+abidjan HTTP/1.1" 200 24059 "-" "Mozilla/5.0 (Linux; Android 6.0.1; Nexus 5X Build/MMB29P) AppleWebKit/537.36 (KHTML, like Gecko) Chrome/136.0.7103.113 Mobile Safari/537.36 (compatible; Googlebot/2.1; +http://www.google.com/bot.html)"
66.249.64.5 - - [13/Jun/2025:09:05:05 -0400] "GET /?d=116567707260&filter=1876cd&share_to_url=product.php%3Fid%3D3947470%26name%3Dpersonalised+navy+check+pyjama+bottoms HTTP/1.1" 200 24245 "-" "Mozilla/5.0 (Linux; Android 6.0.1; Nexus 5X Build/MMB29P) AppleWebKit/537.36 (KHTML, like Gecko) Chrome/136.0.7103.113 Mobile Safari/537.36 (compatible; Googlebot/2.1; +http://www.google.com/bot.html)"
66.249.64.131 - - [13/Jun/2025:09:05:06 -0400] "GET /?d=107581741260&filter=f7abf7&share_to_url=item.php%3Fid%3D3643249%26name%3Djimmy+choo+isra HTTP/1.1" 200 23254 "-" "Mozilla/5.0 (Linux; Android 6.0.1; Nexus 5X Build/MMB29P) AppleWebKit/537.36 (KHTML, like Gecko) Chrome/136.0.7103.113 Mobile Safari/537.36 (compatible; Googlebot/2.1; +http://www.google.com/bot.html)"
66.249.64.5 - - [13/Jun/2025:09:05:06 -0400] "GET /?d=94116025260&filter=346d3e&share_to_url=shopdetail.php%3Fid%3D3188900%26name%3Dzeppa+scamosciata+vinted HTTP/1.1" 200 24056 "-" "Mozilla/5.0 (Linux; Android 6.0.1; Nexus 5X Build/MMB29P) AppleWebKit/537.36 (KHTML, like Gecko) Chrome/136.0.7103.113 Mobile Safari/537.36 (compatible; Googlebot/2.1; +http://www.google.com/bot.html)"
66.249.64.5 - - [13/Jun/2025:09:05:08 -0400] "GET /?d=95278233260&filter=9baa02&share_to_url=article.php%3Fid%3D3227750%26name%3Dfabienne+cheap+chapot HTTP/1.1" 200 23881 "-" "Mozilla/5.0 (Linux; Android 6.0.1; Nexus 5X Build/MMB29P) AppleWebKit/537.36 (KHTML, like Gecko) Chrome/136.0.7103.113 Mobile Safari/537.36 (compatible; Googlebot/2.1; +http://www.google.com/bot.html)"
66.249.64.131 - - [13/Jun/2025:09:05:09 -0400] "GET /?d=117287545260&filter=ba886d&share_to_url=ideas.php%3Fid%3D3972288%26name%3Dhow+to+sell+used+ice HTTP/1.1" 200 23876 "-" "Mozilla/5.0 (Linux; Android 6.0.1; Nexus 5X Build/MMB29P) AppleWebKit/537.36 (KHTML, like Gecko) Chrome/136.0.7103.113 Mobile Safari/537.36 (compatible; Googlebot/2.1; +http://www.google.com/bot.html)"
66.249.64.5 - - [13/Jun/2025:09:05:10 -0400] "GET /?d=110873656260&filter=4d89e2&share_to_url=model.php%3Fid%3D3754347%26name%3Dgolden+nugget+64+value HTTP/1.1" 200 23533 "-" "Mozilla/5.0 (Linux; Android 6.0.1; Nexus 5X Build/MMB29P) AppleWebKit/537.36 (KHTML, like Gecko) Chrome/136.0.7103.113 Mobile Safari/537.36 (compatible; Googlebot/2.1; +http://www.google.com/bot.html)"
