52.167.144.216 - - [13/Jun/2025:08:58:53 -0400] "GET /?d=26155843260&filter=ada5f8&share_to_url=ideas.php%3Fid%3D886620%26name%3Dnatural+woven+wicker+hanging HTTP/1.1" 200 24099 "-" "Mozilla/5.0 AppleWebKit/537.36 (KHTML, like Gecko; compatible; bingbot/2.0; +http://www.bing.com/bingbot.htm) Chrome/116.0.1938.76 Safari/537.36"
52.167.144.232 - - [13/Jun/2025:08:58:53 -0400] "GET /?d=98587266260&filter=569f3b&share_to_url=product-page.php%3Fid%3D3341248%26name%3Dhappy+easter+tshirt HTTP/1.1" 200 24110 "-" "Mozilla/5.0 AppleWebKit/537.36 (KHTML, like Gecko; compatible; bingbot/2.0; +http://www.bing.com/bingbot.htm) Chrome/116.0.1938.76 Safari/537.36"
52.167.144.232 - - [13/Jun/2025:08:58:54 -0400] "GET /?d=115734707260&filter=f4b633&share_to_url=article.php?id=3919238&name=hbada%20chair HTTP/1.1" 200 23116 "-" "Mozilla/5.0 AppleWebKit/537.36 (KHTML, like Gecko; compatible; bingbot/2.0; +http://www.bing.com/bingbot.htm) Chrome/116.0.1938.76 Safari/537.36"
52.167.144.136 - - [13/Jun/2025:08:58:54 -0400] "GET /?d=87303721260&filter=3e65b5&share_to_url=shop.php%3Fid%3D2958595%26name%3Dtesco+forever+full+sale HTTP/1.1" 200 23245 "-" "Mozilla/5.0 AppleWebKit/537.36 (KHTML, like Gecko; compatible; bingbot/2.0; +http://www.bing.com/bingbot.htm) Chrome/116.0.1938.76 Safari/537.36"
66.249.64.5 - - [13/Jun/2025:08:58:54 -0400] "GET /?d=113068456260&filter=a4c9b9&share_to_url=ideas.php%3Fid%3D3829320%26name%3Dhello+my+teacher HTTP/1.1" 200 25207 "-" "Mozilla/5.0 (Linux; Android 6.0.1; Nexus 5X Build/MMB29P) AppleWebKit/537.36 (KHTML, like Gecko) Chrome/136.0.7103.113 Mobile Safari/537.36 (compatible; Googlebot/2.1; +http://www.google.com/bot.html)"
66.249.64.132 - - [13/Jun/2025:08:58:55 -0400] "GET /?d=116934431260&filter=b2e434&share_to_url=discover.php%3Fid%3D3959933%26name%3Dhp+walking+treadmill+with HTTP/1.1" 200 23801 "-" "Mozilla/5.0 (Linux; Android 6.0.1; Nexus 5X Build/MMB29P) AppleWebKit/537.36 (KHTML, like Gecko) Chrome/136.0.7103.113 Mobile Safari/537.36 (compatible; Googlebot/2.1; +http://www.google.com/bot.html)"
66.249.64.6 - - [13/Jun/2025:08:58:57 -0400] "GET /?d=108880313260&filter=dd928e&share_to_url=detail.php%3Fid%3D3686265%26name%3Dpeonzas+peque%C3%83+as HTTP/1.1" 200 23527 "-" "Mozilla/5.0 (Linux; Android 6.0.1; Nexus 5X Build/MMB29P) AppleWebKit/537.36 (KHTML, like Gecko) Chrome/136.0.7103.113 Mobile Safari/537.36 (compatible; Googlebot/2.1; +http://www.google.com/bot.html)"
66.249.64.132 - - [13/Jun/2025:08:58:57 -0400] "GET /?d=95125280260&filter=c987b7&share_to_url=ideas.php%3Fid%3D3222744%26name%3Dlips+rouge+volupt%C3%A9 HTTP/1.1" 200 21760 "-" "Mozilla/5.0 (Linux; Android 6.0.1; Nexus 5X Build/MMB29P) AppleWebKit/537.36 (KHTML, like Gecko) Chrome/136.0.7103.113 Mobile Safari/537.36 (compatible; Googlebot/2.1; +http://www.google.com/bot.html)"
52.167.144.136 - - [13/Jun/2025:08:58:57 -0400] "GET /?d=93666457260&filter=9b73d6&share_to_url=discover.php%3Fid%3D3173129%26name%3Dbeige+brown+air HTTP/1.1" 200 22028 "-" "Mozilla/5.0 AppleWebKit/537.36 (KHTML, like Gecko; compatible; bingbot/2.0; +http://www.bing.com/bingbot.htm) Chrome/116.0.1938.76 Safari/537.36"
66.249.64.132 - - [13/Jun/2025:08:58:59 -0400] "GET /?d=112206658260&filter=7eb81d&share_to_url=shopdetail.php%3Fid%3D3800840%26name%3Drecluse+spider+bite+eats HTTP/1.1" 200 22832 "-" "Mozilla/5.0 (Linux; Android 6.0.1; Nexus 5X Build/MMB29P) AppleWebKit/537.36 (KHTML, like Gecko) Chrome/136.0.7103.113 Mobile Safari/537.36 (compatible; Googlebot/2.1; +http://www.google.com/bot.html)"
66.249.64.6 - - [13/Jun/2025:08:58:59 -0400] "GET /?d=118112814260&filter=fd70c5&share_to_url=shopdetail.php%3Fid%3D3999896%26name%3Dpeak+performance+scoot HTTP/1.1" 200 22547 "-" "Mozilla/5.0 (Linux; Android 6.0.1; Nexus 5X Build/MMB29P) AppleWebKit/537.36 (KHTML, like Gecko) Chrome/136.0.7103.113 Mobile Safari/537.36 (compatible; Googlebot/2.1; +http://www.google.com/bot.html)"
66.249.64.132 - - [13/Jun/2025:08:59:00 -0400] "GET /?d=118091181260&filter=831dc9&share_to_url=pin.php%3Fid%3D3999150%26name%3Dsloth+duffle+bag HTTP/1.1" 200 23646 "-" "Mozilla/5.0 (Linux; Android 6.0.1; Nexus 5X Build/MMB29P) AppleWebKit/537.36 (KHTML, like Gecko) Chrome/136.0.7103.113 Mobile Safari/537.36 (compatible; Googlebot/2.1; +http://www.google.com/bot.html)"
66.249.64.5 - - [13/Jun/2025:08:59:03 -0400] "GET /?d=117202729260&filter=eb33f2&share_to_url=goods.php%3Fid%3D3969287%26name%3Dkeep+those+thanksgiving HTTP/1.1" 200 23651 "-" "Mozilla/5.0 (Linux; Android 6.0.1; Nexus 5X Build/MMB29P) AppleWebKit/537.36 (KHTML, like Gecko) Chrome/136.0.7103.113 Mobile Safari/537.36 (compatible; Googlebot/2.1; +http://www.google.com/bot.html)"
66.249.64.131 - - [13/Jun/2025:08:59:03 -0400] "GET /?d=110842463260&filter=116a77&share_to_url=product-page.php%3Fid%3D3753076%26name%3Dtinley+park+il+air HTTP/1.1" 200 23773 "-" "Mozilla/5.0 (Linux; Android 6.0.1; Nexus 5X Build/MMB29P) AppleWebKit/537.36 (KHTML, like Gecko) Chrome/136.0.7103.113 Mobile Safari/537.36 (compatible; Googlebot/2.1; +http://www.google.com/bot.html)"
66.249.64.5 - - [13/Jun/2025:08:59:05 -0400] "GET /?d=112346821260&filter=eb8c21&share_to_url=goods.php%3Fid%3D3805403%26name%3Dbicicleta+r20+usada+2024 HTTP/1.1" 200 23205 "-" "Mozilla/5.0 (Linux; Android 6.0.1; Nexus 5X Build/MMB29P) AppleWebKit/537.36 (KHTML, like Gecko) Chrome/136.0.7103.113 Mobile Safari/537.36 (compatible; Googlebot/2.1; +http://www.google.com/bot.html)"
66.249.64.131 - - [13/Jun/2025:08:59:06 -0400] "GET /?d=104212750260&filter=132c35&share_to_url=goods.php%3Fid%3D3530807%26name%3Dbiohazard+jill+valentine HTTP/1.1" 200 22697 "-" "Mozilla/5.0 (Linux; Android 6.0.1; Nexus 5X Build/MMB29P) AppleWebKit/537.36 (KHTML, like Gecko) Chrome/136.0.7103.113 Mobile Safari/537.36 (compatible; Googlebot/2.1; +http://www.google.com/bot.html)"
66.249.64.5 - - [13/Jun/2025:08:59:07 -0400] "GET /?d=21888199260&filter=9c413b&share_to_url=goods.php%3Fid%3D742451%26name%3Dtv+magic+school+slytherin+horcrux+locket+snake HTTP/1.1" 200 23643 "-" "Mozilla/5.0 (Linux; Android 6.0.1; Nexus 5X Build/MMB29P) AppleWebKit/537.36 (KHTML, like Gecko) Chrome/136.0.7103.113 Mobile Safari/537.36 (compatible; Googlebot/2.1; +http://www.google.com/bot.html)"
66.249.64.131 - - [13/Jun/2025:08:59:08 -0400] "GET /?d=102402289260&filter=144bde&share_to_url=discover.php%3Fid%3D3471149%26name%3Dkinsley+cotton+candy+floral HTTP/1.1" 200 23618 "-" "Mozilla/5.0 (Linux; Android 6.0.1; Nexus 5X Build/MMB29P) AppleWebKit/537.36 (KHTML, like Gecko) Chrome/136.0.7103.113 Mobile Safari/537.36 (compatible; Googlebot/2.1; +http://www.google.com/bot.html)"
66.249.64.131 - - [13/Jun/2025:08:59:09 -0400] "GET /?d=115479015260&filter=9e9754&share_to_url=discover.php%3Fid%3D3910733%26name%3Dwhat+is+a+hatch+chile HTTP/1.1" 200 23372 "-" "Mozilla/5.0 (Linux; Android 6.0.1; Nexus 5X Build/MMB29P) AppleWebKit/537.36 (KHTML, like Gecko) Chrome/136.0.7103.113 Mobile Safari/537.36 (compatible; Googlebot/2.1; +http://www.google.com/bot.html)"
207.46.13.51 - - [13/Jun/2025:08:59:09 -0400] "GET /?d=95758562260&filter=828875&share_to_url=model.php%3Fid%3D3244347%26name%3Dyamaha+genuine+stock+parts HTTP/1.1" 200 23995 "-" "Mozilla/5.0 AppleWebKit/537.36 (KHTML, like Gecko; compatible; bingbot/2.0; +http://www.bing.com/bingbot.htm) Chrome/116.0.1938.76 Safari/537.36"
66.249.64.131 - - [13/Jun/2025:08:59:09 -0400] "GET /?d=97731402260&filter=93ffb4&share_to_url=shop.php%3Fid%3D3312307%26name%3Dbuy+wiwu+touch+screen+stylus HTTP/1.1" 200 22263 "-" "Mozilla/5.0 (Linux; Android 6.0.1; Nexus 5X Build/MMB29P) AppleWebKit/537.36 (KHTML, like Gecko) Chrome/136.0.7103.113 Mobile Safari/537.36 (compatible; Googlebot/2.1; +http://www.google.com/bot.html)"
66.249.64.5 - - [13/Jun/2025:08:59:10 -0400] "GET /?d=97877290260&filter=1c33e9&share_to_url=discover.php%3Fid%3D3317261%26name%3Dtalking+dog+on HTTP/1.1" 200 24289 "-" "Mozilla/5.0 (Linux; Android 6.0.1; Nexus 5X Build/MMB29P) AppleWebKit/537.36 (KHTML, like Gecko) Chrome/136.0.7103.113 Mobile Safari/537.36 (compatible; Googlebot/2.1; +http://www.google.com/bot.html)"
66.249.64.131 - - [13/Jun/2025:08:59:10 -0400] "GET /?d=101789162260&filter=132c35&share_to_url=ideas.php%3Fid%3D3450744%26name%3Dthe+value+of+your+kaws HTTP/1.1" 200 24115 "-" "Mozilla/5.0 (Linux; Android 6.0.1; Nexus 5X Build/MMB29P) AppleWebKit/537.36 (KHTML, like Gecko) Chrome/136.0.7103.113 Mobile Safari/537.36 (compatible; Googlebot/2.1; +http://www.google.com/bot.html)"
52.167.144.232 - - [13/Jun/2025:08:59:12 -0400] "GET /?d=98510074260&filter=9152db&share_to_url=model.php%3Fid%3D3338643%26name%3Dbest+buy+homedics HTTP/1.1" 200 21556 "-" "Mozilla/5.0 AppleWebKit/537.36 (KHTML, like Gecko; compatible; bingbot/2.0; +http://www.bing.com/bingbot.htm) Chrome/116.0.1938.76 Safari/537.36"
66.249.64.5 - - [13/Jun/2025:08:59:13 -0400] "GET /?d=110442087260&filter=80d279&share_to_url=pin.php%3Fid%3D3738774%26name%3Dstop+struggling+with HTTP/1.1" 200 23248 "-" "Mozilla/5.0 (Linux; Android 6.0.1; Nexus 5X Build/MMB29P) AppleWebKit/537.36 (KHTML, like Gecko) Chrome/136.0.7103.113 Mobile Safari/537.36 (compatible; Googlebot/2.1; +http://www.google.com/bot.html)"
52.167.144.136 - - [13/Jun/2025:08:59:13 -0400] "GET /?d=60249122260&filter=14708a&share_to_url=shop.php%3Fid%3D2044591%26name%3Dridgeback+discount+motion+ladies HTTP/1.1" 200 23468 "-" "Mozilla/5.0 AppleWebKit/537.36 (KHTML, like Gecko; compatible; bingbot/2.0; +http://www.bing.com/bingbot.htm) Chrome/116.0.1938.76 Safari/537.36"
52.167.144.216 - - [13/Jun/2025:08:59:13 -0400] "GET /?d=55140411260&filter=c9616d&share_to_url=model.php%3Fid%3D1872687%26name%3Ddance+keychain+dennett HTTP/1.1" 200 22988 "-" "Mozilla/5.0 AppleWebKit/537.36 (KHTML, like Gecko; compatible; bingbot/2.0; +http://www.bing.com/bingbot.htm) Chrome/116.0.1938.76 Safari/537.36"
66.249.64.131 - - [13/Jun/2025:08:59:13 -0400] "GET /?d=112789758260&filter=137223&share_to_url=model.php%3Fid%3D3820131%26name%3Dart+rhodes+coral HTTP/1.1" 200 23484 "-" "Mozilla/5.0 (Linux; Android 6.0.1; Nexus 5X Build/MMB29P) AppleWebKit/537.36 (KHTML, like Gecko) Chrome/136.0.7103.113 Mobile Safari/537.36 (compatible; Googlebot/2.1; +http://www.google.com/bot.html)"
52.167.144.232 - - [13/Jun/2025:08:59:13 -0400] "GET /?d=112991078260&filter=531ea9&share_to_url=ideas.php?id=3826548&name=bandura%20et%201961 HTTP/1.1" 200 23906 "-" "Mozilla/5.0 AppleWebKit/537.36 (KHTML, like Gecko; compatible; bingbot/2.0; +http://www.bing.com/bingbot.htm) Chrome/116.0.1938.76 Safari/537.36"
52.167.144.136 - - [13/Jun/2025:08:59:13 -0400] "GET /?d=67952026260&filter=99857c&share_to_url=pin.php%3Fid%3D2303382%26name%3D10+days+store HTTP/1.1" 200 24646 "-" "Mozilla/5.0 AppleWebKit/537.36 (KHTML, like Gecko; compatible; bingbot/2.0; +http://www.bing.com/bingbot.htm) Chrome/116.0.1938.76 Safari/537.36"
207.46.13.51 - - [13/Jun/2025:08:59:13 -0400] "GET /?d=117614659260&filter=a1f8ef&share_to_url=shopdetail.php%3Fid%3D3983144%26name%3Dlatest+diamond+bangle HTTP/1.1" 200 23077 "-" "Mozilla/5.0 AppleWebKit/537.36 (KHTML, like Gecko; compatible; bingbot/2.0; +http://www.bing.com/bingbot.htm) Chrome/116.0.1938.76 Safari/537.36"
52.167.144.232 - - [13/Jun/2025:08:59:14 -0400] "GET /?d=93966766260&filter=144b1a&share_to_url=product.php%3Fid%3D3183790%26name%3Dprimichi+zapateria+2024 HTTP/1.1" 200 24648 "-" "Mozilla/5.0 AppleWebKit/537.36 (KHTML, like Gecko; compatible; bingbot/2.0; +http://www.bing.com/bingbot.htm) Chrome/116.0.1938.76 Safari/537.36"
207.46.13.156 - - [13/Jun/2025:08:59:15 -0400] "GET /?d=105210962260&filter=4d89e2&share_to_url=product.php%3Fid%3D3564382%26name%3Dpanasonic+washing+machine HTTP/1.1" 200 23776 "-" "Mozilla/5.0 AppleWebKit/537.36 (KHTML, like Gecko; compatible; bingbot/2.0; +http://www.bing.com/bingbot.htm) Chrome/116.0.1938.76 Safari/537.36"
66.249.64.5 - - [13/Jun/2025:08:59:16 -0400] "GET /?d=22422940260&filter=9c413b&share_to_url=shop.php%3Fid%3D760675%26name%3Dtrue+love+waits+girls+purity HTTP/1.1" 200 23550 "-" "Mozilla/5.0 (Linux; Android 6.0.1; Nexus 5X Build/MMB29P) AppleWebKit/537.36 (KHTML, like Gecko) Chrome/136.0.7103.113 Mobile Safari/537.36 (compatible; Googlebot/2.1; +http://www.google.com/bot.html)"
66.249.64.131 - - [13/Jun/2025:08:59:16 -0400] "GET /?d=114833001260&filter=0b0473&share_to_url=item.php%3Fid%3D3888481%26name%3Danly+kiss+baby HTTP/1.1" 200 24060 "-" "Mozilla/5.0 (Linux; Android 6.0.1; Nexus 5X Build/MMB29P) AppleWebKit/537.36 (KHTML, like Gecko) Chrome/136.0.7103.113 Mobile Safari/537.36 (compatible; Googlebot/2.1; +http://www.google.com/bot.html)"
66.249.64.131 - - [13/Jun/2025:08:59:19 -0400] "GET /?d=107794999260&filter=03c587&share_to_url=goods.php%3Fid%3D3650063%26name%3Dblueberry+sky+slingbag+maisha HTTP/1.1" 200 23242 "-" "Mozilla/5.0 (Linux; Android 6.0.1; Nexus 5X Build/MMB29P) AppleWebKit/537.36 (KHTML, like Gecko) Chrome/136.0.7103.113 Mobile Safari/537.36 (compatible; Googlebot/2.1; +http://www.google.com/bot.html)"
66.249.64.5 - - [13/Jun/2025:08:59:19 -0400] "GET /?d=103843356260&filter=54c241&share_to_url=discover.php%3Fid%3D3518345%26name%3Dpantalones+de+mujer+by+city HTTP/1.1" 200 24185 "-" "Mozilla/5.0 (Linux; Android 6.0.1; Nexus 5X Build/MMB29P) AppleWebKit/537.36 (KHTML, like Gecko) Chrome/136.0.7103.113 Mobile Safari/537.36 (compatible; Googlebot/2.1; +http://www.google.com/bot.html)"
66.249.64.131 - - [13/Jun/2025:08:59:20 -0400] "GET /?d=105425422260&filter=53d519&share_to_url=model.php%3Fid%3D3571407%26name%3D%B9+%B7+%B1+%87+%88+%BA+%88+%A8+%88+%B3+%B0+%A7+%B3+%86+%AA HTTP/1.1" 200 21427 "-" "Mozilla/5.0 (Linux; Android 6.0.1; Nexus 5X Build/MMB29P) AppleWebKit/537.36 (KHTML, like Gecko) Chrome/136.0.7103.113 Mobile Safari/537.36 (compatible; Googlebot/2.1; +http://www.google.com/bot.html)"
66.249.64.131 - - [13/Jun/2025:08:59:21 -0400] "GET /?d=115103739260&filter=fec9b7&share_to_url=article.php%3Fid%3D3897818%26name%3Dalex+gonzaga+engagement HTTP/1.1" 200 23483 "-" "Mozilla/5.0 (Linux; Android 6.0.1; Nexus 5X Build/MMB29P) AppleWebKit/537.36 (KHTML, like Gecko) Chrome/136.0.7103.113 Mobile Safari/537.36 (compatible; Googlebot/2.1; +http://www.google.com/bot.html)"
66.249.64.5 - - [13/Jun/2025:08:59:22 -0400] "GET /?d=116621668260&filter=d9247f&share_to_url=detail.php%3Fid%3D3949257%26name%3Dbaby+alive+goodnight+peppa+doll HTTP/1.1" 200 22924 "-" "Mozilla/5.0 (Linux; Android 6.0.1; Nexus 5X Build/MMB29P) AppleWebKit/537.36 (KHTML, like Gecko) Chrome/136.0.7103.113 Mobile Safari/537.36 (compatible; Googlebot/2.1; +http://www.google.com/bot.html)"
52.167.144.216 - - [13/Jun/2025:08:59:22 -0400] "GET /?d=115951290260&filter=0c7b35&share_to_url=goods.php%3Fid%3D3926651%26name%3Dww+ii+army+m43 HTTP/1.1" 200 23355 "-" "Mozilla/5.0 AppleWebKit/537.36 (KHTML, like Gecko; compatible; bingbot/2.0; +http://www.bing.com/bingbot.htm) Chrome/116.0.1938.76 Safari/537.36"
66.249.64.5 - - [13/Jun/2025:08:59:22 -0400] "GET /?d=90640528260&filter=91c27d&share_to_url=product-page.php%3Fid%3D3071908%26name%3Dconociendo+el+bonaire HTTP/1.1" 200 23116 "-" "Mozilla/5.0 (Linux; Android 6.0.1; Nexus 5X Build/MMB29P) AppleWebKit/537.36 (KHTML, like Gecko) Chrome/136.0.7103.113 Mobile Safari/537.36 (compatible; Googlebot/2.1; +http://www.google.com/bot.html)"
66.249.64.131 - - [13/Jun/2025:08:59:23 -0400] "GET /?d=101899928260&filter=4eb82a&share_to_url=discover.php%3Fid%3D3454445%26name%3Ddanskin+women+039+s+activewear+high HTTP/1.1" 200 22939 "-" "Mozilla/5.0 (Linux; Android 6.0.1; Nexus 5X Build/MMB29P) AppleWebKit/537.36 (KHTML, like Gecko) Chrome/136.0.7103.113 Mobile Safari/537.36 (compatible; Googlebot/2.1; +http://www.google.com/bot.html)"
52.167.144.216 - - [13/Jun/2025:08:59:23 -0400] "GET /?d=56894259260&filter=0c7b35&share_to_url=product.php%3Fid%3D1931386%26name%3Dcrocodile+green+icon+box HTTP/1.1" 200 23405 "-" "Mozilla/5.0 AppleWebKit/537.36 (KHTML, like Gecko; compatible; bingbot/2.0; +http://www.bing.com/bingbot.htm) Chrome/116.0.1938.76 Safari/537.36"
66.249.64.5 - - [13/Jun/2025:08:59:23 -0400] "GET /?d=91794488260&filter=58c743&share_to_url=detail.php%3Fid%3D3110529%26name%3Dfirst+images+of+heung+min HTTP/1.1" 200 24417 "-" "Mozilla/5.0 (Linux; Android 6.0.1; Nexus 5X Build/MMB29P) AppleWebKit/537.36 (KHTML, like Gecko) Chrome/136.0.7103.113 Mobile Safari/537.36 (compatible; Googlebot/2.1; +http://www.google.com/bot.html)"
52.167.144.216 - - [13/Jun/2025:08:59:24 -0400] "GET /?d=10108812260&filter=e69463&share_to_url=model.php%3Fid%3D346611%26name%3Dthe+definitive+streetfighter+street HTTP/1.1" 200 22845 "-" "Mozilla/5.0 AppleWebKit/537.36 (KHTML, like Gecko; compatible; bingbot/2.0; +http://www.bing.com/bingbot.htm) Chrome/116.0.1938.76 Safari/537.36"
66.249.64.131 - - [13/Jun/2025:08:59:24 -0400] "GET /?d=115130597260&filter=5af742&share_to_url=goods.php%3Fid%3D3898715%26name%3Dclean+white+jeff+039+s+bait+and HTTP/1.1" 200 24063 "-" "Mozilla/5.0 (Linux; Android 6.0.1; Nexus 5X Build/MMB29P) AppleWebKit/537.36 (KHTML, like Gecko) Chrome/136.0.7103.113 Mobile Safari/537.36 (compatible; Googlebot/2.1; +http://www.google.com/bot.html)"
207.46.13.51 - - [13/Jun/2025:08:59:25 -0400] "GET /?d=63712546260&filter=6bbbea&share_to_url=product-page.php%3Fid%3D2160772%26name%3Dsac+angela+franges HTTP/1.1" 200 22825 "-" "Mozilla/5.0 AppleWebKit/537.36 (KHTML, like Gecko; compatible; bingbot/2.0; +http://www.bing.com/bingbot.htm) Chrome/116.0.1938.76 Safari/537.36"
66.249.64.131 - - [13/Jun/2025:08:59:27 -0400] "GET /?d=114756585260&filter=ea3efa&share_to_url=shop.php%3Fid%3D3885955%26name%3Dthere+039+s+another+banned HTTP/1.1" 200 23208 "-" "Mozilla/5.0 (Linux; Android 6.0.1; Nexus 5X Build/MMB29P) AppleWebKit/537.36 (KHTML, like Gecko) Chrome/136.0.7103.113 Mobile Safari/537.36 (compatible; Googlebot/2.1; +http://www.google.com/bot.html)"
66.249.64.5 - - [13/Jun/2025:08:59:27 -0400] "GET /?d=103779373260&filter=6d6f21&share_to_url=shopdetail.php%3Fid%3D3516236%26name%3Dsaia+midi+para+outlet HTTP/1.1" 200 24144 "-" "Mozilla/5.0 (Linux; Android 6.0.1; Nexus 5X Build/MMB29P) AppleWebKit/537.36 (KHTML, like Gecko) Chrome/136.0.7103.113 Mobile Safari/537.36 (compatible; Googlebot/2.1; +http://www.google.com/bot.html)"
66.249.64.131 - - [13/Jun/2025:08:59:30 -0400] "GET /?d=104803523260&filter=eb41aa&share_to_url=ideas.php%3Fid%3D3551064%26name%3Dmy+latest+sega+bundle HTTP/1.1" 200 23271 "-" "Mozilla/5.0 (Linux; Android 6.0.1; Nexus 5X Build/MMB29P) AppleWebKit/537.36 (KHTML, like Gecko) Chrome/136.0.7103.113 Mobile Safari/537.36 (compatible; Googlebot/2.1; +http://www.google.com/bot.html)"
66.249.64.5 - - [13/Jun/2025:08:59:30 -0400] "GET /?d=112746474260&filter=34e834&share_to_url=discover.php%3Fid%3D3818801%26name%3Dchampion+life+clearance+reverse HTTP/1.1" 200 23625 "-" "Mozilla/5.0 (Linux; Android 6.0.1; Nexus 5X Build/MMB29P) AppleWebKit/537.36 (KHTML, like Gecko) Chrome/136.0.7103.113 Mobile Safari/537.36 (compatible; Googlebot/2.1; +http://www.google.com/bot.html)"
66.249.64.132 - - [13/Jun/2025:08:59:30 -0400] "GET /?d=91897139260&filter=0e447f&share_to_url=pin.php%3Fid%3D3113574%26name%3Dconfrontation+of+queens+victoria HTTP/1.1" 200 24174 "-" "Mozilla/5.0 (Linux; Android 6.0.1; Nexus 5X Build/MMB29P) AppleWebKit/537.36 (KHTML, like Gecko) Chrome/136.0.7103.113 Mobile Safari/537.36 (compatible; Googlebot/2.1; +http://www.google.com/bot.html)"
66.249.64.132 - - [13/Jun/2025:08:59:31 -0400] "GET /?d=93411277260&filter=472c16&share_to_url=detail.php%3Fid%3D3164589%26name%3Dnuova+collezione+john HTTP/1.1" 200 22907 "-" "Mozilla/5.0 (Linux; Android 6.0.1; Nexus 5X Build/MMB29P) AppleWebKit/537.36 (KHTML, like Gecko) Chrome/136.0.7103.113 Mobile Safari/537.36 (compatible; Googlebot/2.1; +http://www.google.com/bot.html)"
66.249.64.5 - - [13/Jun/2025:08:59:32 -0400] "GET /?d=21903049260&filter=9c413b&share_to_url=product-page.php%3Fid%3D742888%26name%3Ddiamond+bow HTTP/1.1" 200 24104 "-" "Mozilla/5.0 (Linux; Android 6.0.1; Nexus 5X Build/MMB29P) AppleWebKit/537.36 (KHTML, like Gecko) Chrome/136.0.7103.113 Mobile Safari/537.36 (compatible; Googlebot/2.1; +http://www.google.com/bot.html)"
52.167.144.232 - - [13/Jun/2025:08:59:33 -0400] "GET /?d=115967995260&filter=6d6f21&share_to_url=article.php%3Fid%3D3927170%26name%3Dmulti+dot+print+short HTTP/1.1" 200 24598 "-" "Mozilla/5.0 AppleWebKit/537.36 (KHTML, like Gecko; compatible; bingbot/2.0; +http://www.bing.com/bingbot.htm) Chrome/116.0.1938.76 Safari/537.36"
66.249.64.131 - - [13/Jun/2025:08:59:33 -0400] "GET /?d=113225443260&filter=0e447f&share_to_url=model.php%3Fid%3D3834651%26name%3Danna+campbell+ivory HTTP/1.1" 200 22748 "-" "Mozilla/5.0 (Linux; Android 6.0.1; Nexus 5X Build/MMB29P) AppleWebKit/537.36 (KHTML, like Gecko) Chrome/136.0.7103.113 Mobile Safari/537.36 (compatible; Googlebot/2.1; +http://www.google.com/bot.html)"
52.167.144.232 - - [13/Jun/2025:08:59:34 -0400] "GET /?d=95786722260&filter=eb45ff&share_to_url=shopdetail.php?id=3245408&name=mawi%20pantalone%20felpa%20basico HTTP/1.1" 200 22979 "-" "Mozilla/5.0 AppleWebKit/537.36 (KHTML, like Gecko; compatible; bingbot/2.0; +http://www.bing.com/bingbot.htm) Chrome/116.0.1938.76 Safari/537.36"
52.167.144.232 - - [13/Jun/2025:08:59:34 -0400] "GET /?d=106579841260&filter=190ccd&share_to_url=item.php%3Fid%3D3609817%26name%3Dkate+spade+leading HTTP/1.1" 200 24032 "-" "Mozilla/5.0 AppleWebKit/537.36 (KHTML, like Gecko; compatible; bingbot/2.0; +http://www.bing.com/bingbot.htm) Chrome/116.0.1938.76 Safari/537.36"
66.249.64.5 - - [13/Jun/2025:08:59:35 -0400] "GET /?d=102337742260&filter=4125cd&share_to_url=detail.php%3Fid%3D3469053%26name%3Dchicco+next2me+air HTTP/1.1" 200 23472 "-" "Mozilla/5.0 (Linux; Android 6.0.1; Nexus 5X Build/MMB29P) AppleWebKit/537.36 (KHTML, like Gecko) Chrome/136.0.7103.113 Mobile Safari/537.36 (compatible; Googlebot/2.1; +http://www.google.com/bot.html)"
207.46.13.51 - - [13/Jun/2025:08:59:35 -0400] "GET /?d=101511632260&filter=14708a&share_to_url=product.php%3Fid%3D3441274%26name%3Dtrek+850+2025+mountain HTTP/1.1" 200 23414 "-" "Mozilla/5.0 AppleWebKit/537.36 (KHTML, like Gecko; compatible; bingbot/2.0; +http://www.bing.com/bingbot.htm) Chrome/116.0.1938.76 Safari/537.36"
66.249.64.131 - - [13/Jun/2025:08:59:36 -0400] "GET /?d=115880514260&filter=b85c2d&share_to_url=shopdetail.php%3Fid%3D3924212%26name%3Dbuy+turkish+men+ring+pure HTTP/1.1" 200 23251 "-" "Mozilla/5.0 (Linux; Android 6.0.1; Nexus 5X Build/MMB29P) AppleWebKit/537.36 (KHTML, like Gecko) Chrome/136.0.7103.113 Mobile Safari/537.36 (compatible; Googlebot/2.1; +http://www.google.com/bot.html)"
207.46.13.156 - - [13/Jun/2025:08:59:37 -0400] "GET /?d=109777143260&filter=49e5cd&share_to_url=pin.php%3Fid%3D3715530%26name%3Dglass+kettle+daewoo HTTP/1.1" 200 23187 "-" "Mozilla/5.0 AppleWebKit/537.36 (KHTML, like Gecko; compatible; bingbot/2.0; +http://www.bing.com/bingbot.htm) Chrome/116.0.1938.76 Safari/537.36"
66.249.64.132 - - [13/Jun/2025:08:59:38 -0400] "GET /?d=117780396260&filter=edd546&share_to_url=pin.php%3Fid%3D3988818%26name%3Drealme+rma101+stereo+earphone HTTP/1.1" 200 24065 "-" "Mozilla/5.0 (Linux; Android 6.0.1; Nexus 5X Build/MMB29P) AppleWebKit/537.36 (KHTML, like Gecko) Chrome/136.0.7103.113 Mobile Safari/537.36 (compatible; Googlebot/2.1; +http://www.google.com/bot.html)"
66.249.64.5 - - [13/Jun/2025:08:59:38 -0400] "GET /?d=101653404260&filter=063578&share_to_url=model.php%3Fid%3D3446511%26name%3Dsandalias+nike+con+camara HTTP/1.1" 200 23676 "-" "Mozilla/5.0 (Linux; Android 6.0.1; Nexus 5X Build/MMB29P) AppleWebKit/537.36 (KHTML, like Gecko) Chrome/136.0.7103.113 Mobile Safari/537.36 (compatible; Googlebot/2.1; +http://www.google.com/bot.html)"
207.46.13.51 - - [13/Jun/2025:08:59:39 -0400] "GET /?d=107299178260&filter=71b8c7&share_to_url=shop.php%3Fid%3D3633487%26name%3Ddior+burgundy+oblique HTTP/1.1" 200 23013 "-" "Mozilla/5.0 AppleWebKit/537.36 (KHTML, like Gecko; compatible; bingbot/2.0; +http://www.bing.com/bingbot.htm) Chrome/116.0.1938.76 Safari/537.36"
66.249.64.132 - - [13/Jun/2025:08:59:41 -0400] "GET /?d=117488397260&filter=870789&share_to_url=product.php%3Fid%3D3978850%26name%3Dwwii+themed+indian HTTP/1.1" 200 24533 "-" "Mozilla/5.0 (Linux; Android 6.0.1; Nexus 5X Build/MMB29P) AppleWebKit/537.36 (KHTML, like Gecko) Chrome/136.0.7103.113 Mobile Safari/537.36 (compatible; Googlebot/2.1; +http://www.google.com/bot.html)"
66.249.64.6 - - [13/Jun/2025:08:59:42 -0400] "GET /?d=108301217260&filter=f5b74d&share_to_url=product.php%3Fid%3D3666946%26name%3Dt%C3%AAnis+sale+e HTTP/1.1" 200 24140 "-" "Mozilla/5.0 (Linux; Android 6.0.1; Nexus 5X Build/MMB29P) AppleWebKit/537.36 (KHTML, like Gecko) Chrome/136.0.7103.113 Mobile Safari/537.36 (compatible; Googlebot/2.1; +http://www.google.com/bot.html)"
52.167.144.136 - - [13/Jun/2025:08:59:43 -0400] "GET /?d=98089440260&filter=319ac6&share_to_url=article.php%3Fid%3D3324062%26name%3Dcarrs+kings+stainless HTTP/1.1" 200 22797 "-" "Mozilla/5.0 AppleWebKit/537.36 (KHTML, like Gecko; compatible; bingbot/2.0; +http://www.bing.com/bingbot.htm) Chrome/116.0.1938.76 Safari/537.36"
66.249.64.6 - - [13/Jun/2025:08:59:43 -0400] "GET /?d=107819133260&filter=bf6004&share_to_url=ideas.php%3Fid%3D3650880%26name%3Dmessi+botas+amarillas HTTP/1.1" 200 22764 "-" "Mozilla/5.0 (Linux; Android 6.0.1; Nexus 5X Build/MMB29P) AppleWebKit/537.36 (KHTML, like Gecko) Chrome/136.0.7103.113 Mobile Safari/537.36 (compatible; Googlebot/2.1; +http://www.google.com/bot.html)"
66.249.64.131 - - [13/Jun/2025:08:59:44 -0400] "GET /?d=93292104260&filter=a51a63&share_to_url=product-page.php%3Fid%3D3160696%26name%3Dshimano+acera+2025+speed HTTP/1.1" 200 22001 "-" "Mozilla/5.0 (Linux; Android 6.0.1; Nexus 5X Build/MMB29P) AppleWebKit/537.36 (KHTML, like Gecko) Chrome/136.0.7103.113 Mobile Safari/537.36 (compatible; Googlebot/2.1; +http://www.google.com/bot.html)"
52.167.144.216 - - [13/Jun/2025:08:59:44 -0400] "GET /?d=44623563260&filter=ada5f8&share_to_url=product.php%3Fid%3D1513798%26name%3Dtable+size+for HTTP/1.1" 200 24559 "-" "Mozilla/5.0 AppleWebKit/537.36 (KHTML, like Gecko; compatible; bingbot/2.0; +http://www.bing.com/bingbot.htm) Chrome/116.0.1938.76 Safari/537.36"
52.167.144.216 - - [13/Jun/2025:08:59:45 -0400] "GET /?d=62293531260&filter=99857c&share_to_url=shop.php%3Fid%3D2112175%26name%3Doutfit+hotsell+inspiratie+mannen HTTP/1.1" 200 23710 "-" "Mozilla/5.0 AppleWebKit/537.36 (KHTML, like Gecko; compatible; bingbot/2.0; +http://www.bing.com/bingbot.htm) Chrome/116.0.1938.76 Safari/537.36"
207.46.13.156 - - [13/Jun/2025:08:59:45 -0400] "GET /?d=96401996260&filter=882db7&share_to_url=model.php%3Fid%3D3266199%26name%3D20+lol+surprises HTTP/1.1" 200 22732 "-" "Mozilla/5.0 AppleWebKit/537.36 (KHTML, like Gecko; compatible; bingbot/2.0; +http://www.bing.com/bingbot.htm) Chrome/116.0.1938.76 Safari/537.36"
66.249.64.6 - - [13/Jun/2025:08:59:46 -0400] "GET /?d=103712408260&filter=75d149&share_to_url=goods.php%3Fid%3D3514127%26name%3Dmehndi+cheap+dress+frock HTTP/1.1" 200 24195 "-" "Mozilla/5.0 (Linux; Android 6.0.1; Nexus 5X Build/MMB29P) AppleWebKit/537.36 (KHTML, like Gecko) Chrome/136.0.7103.113 Mobile Safari/537.36 (compatible; Googlebot/2.1; +http://www.google.com/bot.html)"
66.249.64.6 - - [13/Jun/2025:08:59:46 -0400] "GET /?d=107339064260&filter=9c413b&share_to_url=ideas.php%3Fid%3D3634764%26name%3Dhis+and+wholesalers+hers+viking HTTP/1.1" 200 24254 "-" "Mozilla/5.0 (Linux; Android 6.0.1; Nexus 5X Build/MMB29P) AppleWebKit/537.36 (KHTML, like Gecko) Chrome/136.0.7103.113 Mobile Safari/537.36 (compatible; Googlebot/2.1; +http://www.google.com/bot.html)"
66.249.64.6 - - [13/Jun/2025:08:59:47 -0400] "GET /?d=97203997260&filter=d98b3e&share_to_url=product-page.php%3Fid%3D3293728%26name%3Dktm+rc+200+clearance+mileage HTTP/1.1" 200 23013 "-" "Mozilla/5.0 (Linux; Android 6.0.1; Nexus 5X Build/MMB29P) AppleWebKit/537.36 (KHTML, like Gecko) Chrome/136.0.7103.113 Mobile Safari/537.36 (compatible; Googlebot/2.1; +http://www.google.com/bot.html)"
66.249.64.132 - - [13/Jun/2025:08:59:47 -0400] "GET /?d=105011270260&filter=5837f7&share_to_url=product.php%3Fid%3D3557854%26name%3Dbuy+perfume+book+at HTTP/1.1" 200 22297 "-" "Mozilla/5.0 (Linux; Android 6.0.1; Nexus 5X Build/MMB29P) AppleWebKit/537.36 (KHTML, like Gecko) Chrome/136.0.7103.113 Mobile Safari/537.36 (compatible; Googlebot/2.1; +http://www.google.com/bot.html)"
66.249.64.131 - - [13/Jun/2025:08:59:49 -0400] "GET /?d=101431261260&filter=b21aee&share_to_url=product.php%3Fid%3D3438502%26name%3Dnike+dualtone+racer+runnerclick HTTP/1.1" 200 22512 "-" "Mozilla/5.0 (Linux; Android 6.0.1; Nexus 5X Build/MMB29P) AppleWebKit/537.36 (KHTML, like Gecko) Chrome/136.0.7103.113 Mobile Safari/537.36 (compatible; Googlebot/2.1; +http://www.google.com/bot.html)"
66.249.64.5 - - [13/Jun/2025:08:59:49 -0400] "GET /?d=109585067260&filter=a4c9b9&share_to_url=goods.php%3Fid%3D3709139%26name%3Dkingwear+kw10+smart+watch HTTP/1.1" 200 23983 "-" "Mozilla/5.0 (Linux; Android 6.0.1; Nexus 5X Build/MMB29P) AppleWebKit/537.36 (KHTML, like Gecko) Chrome/136.0.7103.113 Mobile Safari/537.36 (compatible; Googlebot/2.1; +http://www.google.com/bot.html)"
66.249.64.6 - - [13/Jun/2025:08:59:51 -0400] "GET /?d=101039270260&filter=bfc81f&share_to_url=product-page.php%3Fid%3D3424900%26name%3Dconverting+from HTTP/1.1" 200 24382 "-" "Mozilla/5.0 (Linux; Android 6.0.1; Nexus 5X Build/MMB29P) AppleWebKit/537.36 (KHTML, like Gecko) Chrome/136.0.7103.113 Mobile Safari/537.36 (compatible; Googlebot/2.1; +http://www.google.com/bot.html)"
52.167.144.216 - - [13/Jun/2025:08:59:51 -0400] "GET /?d=12805485260&filter=3ebd99&share_to_url=pin.php%3Fid%3D437214%26name%3Dashfall HTTP/1.1" 200 23386 "-" "Mozilla/5.0 AppleWebKit/537.36 (KHTML, like Gecko; compatible; bingbot/2.0; +http://www.bing.com/bingbot.htm) Chrome/116.0.1938.76 Safari/537.36"
66.249.64.132 - - [13/Jun/2025:08:59:52 -0400] "GET /?d=90782731260&filter=2b2900&share_to_url=shop.php%3Fid%3D3076771%26name%3Dcute+unicorn+throw+pillow HTTP/1.1" 200 23539 "-" "Mozilla/5.0 (Linux; Android 6.0.1; Nexus 5X Build/MMB29P) AppleWebKit/537.36 (KHTML, like Gecko) Chrome/136.0.7103.113 Mobile Safari/537.36 (compatible; Googlebot/2.1; +http://www.google.com/bot.html)"
207.46.13.51 - - [13/Jun/2025:08:59:55 -0400] "GET /?d=112451295260&filter=6b68de&share_to_url=discover.php%3Fid%3D3808937%26name%3Dsandy+a+boxer HTTP/1.1" 200 23702 "-" "Mozilla/5.0 AppleWebKit/537.36 (KHTML, like Gecko; compatible; bingbot/2.0; +http://www.bing.com/bingbot.htm) Chrome/116.0.1938.76 Safari/537.36"
66.249.64.131 - - [13/Jun/2025:08:59:55 -0400] "GET /?d=96320475260&filter=2aa707&share_to_url=goods.php%3Fid%3D3263303%26name%3D2x+jbl+gt+series+gt+x1200 HTTP/1.1" 200 22647 "-" "Mozilla/5.0 (Linux; Android 6.0.1; Nexus 5X Build/MMB29P) AppleWebKit/537.36 (KHTML, like Gecko) Chrome/136.0.7103.113 Mobile Safari/537.36 (compatible; Googlebot/2.1; +http://www.google.com/bot.html)"
66.249.64.5 - - [13/Jun/2025:08:59:55 -0400] "GET /?d=102018936260&filter=a0f21d&share_to_url=detail.php%3Fid%3D3458229%26name%3Dadidas+reebok+m+%99skie HTTP/1.1" 200 23354 "-" "Mozilla/5.0 (Linux; Android 6.0.1; Nexus 5X Build/MMB29P) AppleWebKit/537.36 (KHTML, like Gecko) Chrome/136.0.7103.113 Mobile Safari/537.36 (compatible; Googlebot/2.1; +http://www.google.com/bot.html)"
52.167.144.136 - - [13/Jun/2025:08:59:56 -0400] "GET /?d=77351760260&filter=24c490&share_to_url=goods.php%3Fid%3D2621339%26name%3Dcheapest+webcams+smartprix HTTP/1.1" 200 23397 "-" "Mozilla/5.0 AppleWebKit/537.36 (KHTML, like Gecko; compatible; bingbot/2.0; +http://www.bing.com/bingbot.htm) Chrome/116.0.1938.76 Safari/537.36"
52.167.144.232 - - [13/Jun/2025:08:59:56 -0400] "GET /?d=85988265260&filter=a4f79d&share_to_url=product-page.php%3Fid%3D2913040%26name%3Dplantar+fasciitis+medical+devices HTTP/1.1" 200 22788 "-" "Mozilla/5.0 AppleWebKit/537.36 (KHTML, like Gecko; compatible; bingbot/2.0; +http://www.bing.com/bingbot.htm) Chrome/116.0.1938.76 Safari/537.36"
66.249.64.6 - - [13/Jun/2025:08:59:57 -0400] "GET /?d=111231411260&filter=38b690&share_to_url=article.php%3Fid%3D3766754%26name%3Dbinnys+2023+embroidery HTTP/1.1" 200 23443 "-" "Mozilla/5.0 (Linux; Android 6.0.1; Nexus 5X Build/MMB29P) AppleWebKit/537.36 (KHTML, like Gecko) Chrome/136.0.7103.113 Mobile Safari/537.36 (compatible; Googlebot/2.1; +http://www.google.com/bot.html)"
52.167.144.232 - - [13/Jun/2025:08:59:57 -0400] "GET /?d=101657906260&filter=063578&share_to_url=shop.php%3Fid%3D3446659%26name%3Dbordados+sobre+ojotas HTTP/1.1" 200 24009 "-" "Mozilla/5.0 AppleWebKit/537.36 (KHTML, like Gecko; compatible; bingbot/2.0; +http://www.bing.com/bingbot.htm) Chrome/116.0.1938.76 Safari/537.36"
66.249.64.131 - - [13/Jun/2025:08:59:57 -0400] "GET /?d=97724432260&filter=953c46&share_to_url=shopdetail.php%3Fid%3D3312020%26name%3Dnvme+ssd HTTP/1.1" 200 23674 "-" "Mozilla/5.0 (Linux; Android 6.0.1; Nexus 5X Build/MMB29P) AppleWebKit/537.36 (KHTML, like Gecko) Chrome/136.0.7103.113 Mobile Safari/537.36 (compatible; Googlebot/2.1; +http://www.google.com/bot.html)"
66.249.64.5 - - [13/Jun/2025:08:59:59 -0400] "GET /?d=117547530260&filter=fd5064&share_to_url=ideas.php%3Fid%3D3980808%26name%3Dsacs+%C3%A0+bout+en+cuir HTTP/1.1" 200 24539 "-" "Mozilla/5.0 (Linux; Android 6.0.1; Nexus 5X Build/MMB29P) AppleWebKit/537.36 (KHTML, like Gecko) Chrome/136.0.7103.113 Mobile Safari/537.36 (compatible; Googlebot/2.1; +http://www.google.com/bot.html)"
66.249.64.131 - - [13/Jun/2025:08:59:59 -0400] "GET /?d=96460737260&filter=5837f7&share_to_url=shopdetail.php%3Fid%3D3268124%26name%3Dcoco+chanel+kick+started+these HTTP/1.1" 200 23233 "-" "Mozilla/5.0 (Linux; Android 6.0.1; Nexus 5X Build/MMB29P) AppleWebKit/537.36 (KHTML, like Gecko) Chrome/136.0.7103.113 Mobile Safari/537.36 (compatible; Googlebot/2.1; +http://www.google.com/bot.html)"
66.249.64.132 - - [13/Jun/2025:09:00:00 -0400] "GET /?d=90419542260&filter=9b3982&share_to_url=shop.php%3Fid%3D3064435%26name%3Dwestern+cat+eye+sunglasses+for+women HTTP/1.1" 200 23989 "-" "Mozilla/5.0 (Linux; Android 6.0.1; Nexus 5X Build/MMB29P) AppleWebKit/537.36 (KHTML, like Gecko) Chrome/136.0.7103.113 Mobile Safari/537.36 (compatible; Googlebot/2.1; +http://www.google.com/bot.html)"
66.249.64.131 - - [13/Jun/2025:09:00:02 -0400] "GET /?d=115623029260&filter=fd45ef&share_to_url=ideas.php%3Fid%3D3915660%26name%3Dcp00055124+learning+resources+spike HTTP/1.1" 200 22555 "-" "Mozilla/5.0 (Linux; Android 6.0.1; Nexus 5X Build/MMB29P) AppleWebKit/537.36 (KHTML, like Gecko) Chrome/136.0.7103.113 Mobile Safari/537.36 (compatible; Googlebot/2.1; +http://www.google.com/bot.html)"
66.249.64.5 - - [13/Jun/2025:09:00:03 -0400] "GET /?d=113541690260&filter=1a45ec&share_to_url=goods.php%3Fid%3D3845255%26name%3Dvery+goods+buy+gosha HTTP/1.1" 200 23046 "-" "Mozilla/5.0 (Linux; Android 6.0.1; Nexus 5X Build/MMB29P) AppleWebKit/537.36 (KHTML, like Gecko) Chrome/136.0.7103.113 Mobile Safari/537.36 (compatible; Googlebot/2.1; +http://www.google.com/bot.html)"
52.167.144.216 - - [13/Jun/2025:09:00:03 -0400] "GET /?d=28608469260&filter=016c7a&share_to_url=shop.php%3Fid%3D971599%26name%3Dmatrix+small+sunglasses HTTP/1.1" 200 22776 "-" "Mozilla/5.0 AppleWebKit/537.36 (KHTML, like Gecko; compatible; bingbot/2.0; +http://www.bing.com/bingbot.htm) Chrome/116.0.1938.76 Safari/537.36"
66.249.64.5 - - [13/Jun/2025:09:00:03 -0400] "GET /?d=110598037260&filter=6f69da&share_to_url=goods.php%3Fid%3D3744263%26name%3Dif+you+love+nordstrom HTTP/1.1" 200 24771 "-" "Mozilla/5.0 (Linux; Android 6.0.1; Nexus 5X Build/MMB29P) AppleWebKit/537.36 (KHTML, like Gecko) Chrome/136.0.7103.113 Mobile Safari/537.36 (compatible; Googlebot/2.1; +http://www.google.com/bot.html)"
52.167.144.216 - - [13/Jun/2025:09:00:04 -0400] "GET /?d=24675235260&filter=116a77&share_to_url=article.php%3Fid%3D835898%26name%3Dhitachi+ton HTTP/1.1" 200 23472 "-" "Mozilla/5.0 AppleWebKit/537.36 (KHTML, like Gecko; compatible; bingbot/2.0; +http://www.bing.com/bingbot.htm) Chrome/116.0.1938.76 Safari/537.36"
66.249.64.5 - - [13/Jun/2025:09:00:05 -0400] "GET /?d=113200633260&filter=8fab27&share_to_url=item.php%3Fid%3D3833893%26name%3Dtoo+big+bindings HTTP/1.1" 200 22484 "-" "Mozilla/5.0 (Linux; Android 6.0.1; Nexus 5X Build/MMB29P) AppleWebKit/537.36 (KHTML, like Gecko) Chrome/136.0.7103.113 Mobile Safari/537.36 (compatible; Googlebot/2.1; +http://www.google.com/bot.html)"
66.249.64.131 - - [13/Jun/2025:09:00:06 -0400] "GET /?d=101591186260&filter=f4040b&share_to_url=discover.php%3Fid%3D3444317%26name%3Dscatola+gigante+di+lego HTTP/1.1" 200 23529 "-" "Mozilla/5.0 (Linux; Android 6.0.1; Nexus 5X Build/MMB29P) AppleWebKit/537.36 (KHTML, like Gecko) Chrome/136.0.7103.113 Mobile Safari/537.36 (compatible; Googlebot/2.1; +http://www.google.com/bot.html)"
52.167.144.232 - - [13/Jun/2025:09:00:06 -0400] "GET /?d=100301919260&filter=ee0841&share_to_url=shop.php%3Fid%3D3399655%26name%3Dmale+summer+casual+solid HTTP/1.1" 200 24060 "-" "Mozilla/5.0 AppleWebKit/537.36 (KHTML, like Gecko; compatible; bingbot/2.0; +http://www.bing.com/bingbot.htm) Chrome/116.0.1938.76 Safari/537.36"
66.249.64.5 - - [13/Jun/2025:09:00:08 -0400] "GET /?d=116708019260&filter=6d99a5&share_to_url=pin.php%3Fid%3D3952254%26name%3Dhippo+9522+gufoos+kiddos HTTP/1.1" 200 22472 "-" "Mozilla/5.0 (Linux; Android 6.0.1; Nexus 5X Build/MMB29P) AppleWebKit/537.36 (KHTML, like Gecko) Chrome/136.0.7103.113 Mobile Safari/537.36 (compatible; Googlebot/2.1; +http://www.google.com/bot.html)"
207.46.13.51 - - [13/Jun/2025:09:00:08 -0400] "GET /?d=12253810260&filter=ada5f8&share_to_url=goods.php%3Fid%3D419183%26name%3Dironside+100cm+fold+in HTTP/1.1" 200 22330 "-" "Mozilla/5.0 AppleWebKit/537.36 (KHTML, like Gecko; compatible; bingbot/2.0; +http://www.bing.com/bingbot.htm) Chrome/116.0.1938.76 Safari/537.36"
66.249.64.131 - - [13/Jun/2025:09:00:08 -0400] "GET /?d=112513147260&filter=b240e2&share_to_url=goods.php%3Fid%3D3811091%26name%3Dfile+space+invader+by HTTP/1.1" 200 24172 "-" "Mozilla/5.0 (Linux; Android 6.0.1; Nexus 5X Build/MMB29P) AppleWebKit/537.36 (KHTML, like Gecko) Chrome/136.0.7103.113 Mobile Safari/537.36 (compatible; Googlebot/2.1; +http://www.google.com/bot.html)"
66.249.64.5 - - [13/Jun/2025:09:00:08 -0400] "GET /?d=109595865260&filter=d50c1d&share_to_url=product.php%3Fid%3D3709558%26name%3Dnickalive+nickelodeon+star+noah+munck HTTP/1.1" 200 23126 "-" "Mozilla/5.0 (Linux; Android 6.0.1; Nexus 5X Build/MMB29P) AppleWebKit/537.36 (KHTML, like Gecko) Chrome/136.0.7103.113 Mobile Safari/537.36 (compatible; Googlebot/2.1; +http://www.google.com/bot.html)"
207.46.13.51 - - [13/Jun/2025:09:00:09 -0400] "GET /?d=90766658260&filter=1dbe8b&share_to_url=goods.php%3Fid%3D3076283%26name%3Dmaje+sac+m HTTP/1.1" 200 22099 "-" "Mozilla/5.0 AppleWebKit/537.36 (KHTML, like Gecko; compatible; bingbot/2.0; +http://www.bing.com/bingbot.htm) Chrome/116.0.1938.76 Safari/537.36"
66.249.64.5 - - [13/Jun/2025:09:00:10 -0400] "GET /?d=108364216260&filter=400a61&share_to_url=product-page.php%3Fid%3D3668944%26name%3Dcassetta+mz80 HTTP/1.1" 200 22858 "-" "Mozilla/5.0 (Linux; Android 6.0.1; Nexus 5X Build/MMB29P) AppleWebKit/537.36 (KHTML, like Gecko) Chrome/136.0.7103.113 Mobile Safari/537.36 (compatible; Googlebot/2.1; +http://www.google.com/bot.html)"
207.46.13.51 - - [13/Jun/2025:09:00:10 -0400] "GET /?d=78336045260&filter=14708a&share_to_url=article.php%3Fid%3D2653526%26name%3Dsqlab+homepage HTTP/1.1" 200 23031 "-" "Mozilla/5.0 AppleWebKit/537.36 (KHTML, like Gecko; compatible; bingbot/2.0; +http://www.bing.com/bingbot.htm) Chrome/116.0.1938.76 Safari/537.36"
207.46.13.51 - - [13/Jun/2025:09:00:11 -0400] "GET /?d=96082165260&filter=dc5f8b&share_to_url=article.php%3Fid%3D3255326%26name%3Dduplicate+gold+chain+clearance HTTP/1.1" 200 22698 "-" "Mozilla/5.0 AppleWebKit/537.36 (KHTML, like Gecko; compatible; bingbot/2.0; +http://www.bing.com/bingbot.htm) Chrome/116.0.1938.76 Safari/537.36"
66.249.64.131 - - [13/Jun/2025:09:00:11 -0400] "GET /?d=94475578260&filter=14708a&share_to_url=product-page.php%3Fid%3D3201484%26name%3Dbike+trails+in+raleigh+north HTTP/1.1" 200 23268 "-" "Mozilla/5.0 (Linux; Android 6.0.1; Nexus 5X Build/MMB29P) AppleWebKit/537.36 (KHTML, like Gecko) Chrome/136.0.7103.113 Mobile Safari/537.36 (compatible; Googlebot/2.1; +http://www.google.com/bot.html)"
66.249.64.131 - - [13/Jun/2025:09:00:12 -0400] "GET /?d=114713796260&filter=4ba749&share_to_url=detail.php%3Fid%3D3884457%26name%3Dspeacial+mum+925vsterling+silver+mum HTTP/1.1" 200 23192 "-" "Mozilla/5.0 (Linux; Android 6.0.1; Nexus 5X Build/MMB29P) AppleWebKit/537.36 (KHTML, like Gecko) Chrome/136.0.7103.113 Mobile Safari/537.36 (compatible; Googlebot/2.1; +http://www.google.com/bot.html)"
207.46.13.51 - - [13/Jun/2025:09:00:12 -0400] "GET /?d=27054789260&filter=8aa5a3&share_to_url=product.php%3Fid%3D917998%26name%3Dwhere+home+prices+rose HTTP/1.1" 200 24238 "-" "Mozilla/5.0 AppleWebKit/537.36 (KHTML, like Gecko; compatible; bingbot/2.0; +http://www.bing.com/bingbot.htm) Chrome/116.0.1938.76 Safari/537.36"
52.167.144.136 - - [13/Jun/2025:09:00:12 -0400] "GET /?d=19193829260&filter=bc40a5&share_to_url=shop.php%3Fid%3D652219%26name%3Dcustom+wine+racks+new HTTP/1.1" 200 23379 "-" "Mozilla/5.0 AppleWebKit/537.36 (KHTML, like Gecko; compatible; bingbot/2.0; +http://www.bing.com/bingbot.htm) Chrome/116.0.1938.76 Safari/537.36"
52.167.144.232 - - [13/Jun/2025:09:00:12 -0400] "GET /?d=106051750260&filter=bfc81f&share_to_url=shopdetail.php%3Fid%3D3592256%26name%3Dpuncture+proof+mountain+2024+bike HTTP/1.1" 200 24148 "-" "Mozilla/5.0 AppleWebKit/537.36 (KHTML, like Gecko; compatible; bingbot/2.0; +http://www.bing.com/bingbot.htm) Chrome/116.0.1938.76 Safari/537.36"
52.167.144.136 - - [13/Jun/2025:09:00:13 -0400] "GET /?d=34060300260&filter=b00345&share_to_url=pin.php%3Fid%3D1158558%26name%3Dbahaya+nonton+layar HTTP/1.1" 200 24077 "-" "Mozilla/5.0 AppleWebKit/537.36 (KHTML, like Gecko; compatible; bingbot/2.0; +http://www.bing.com/bingbot.htm) Chrome/116.0.1938.76 Safari/537.36"
66.249.64.5 - - [13/Jun/2025:09:00:13 -0400] "GET /?d=113724698260&filter=10689a&share_to_url=shopdetail.php%3Fid%3D3851072%26name%3Dumbro+outlet+bumpy+men HTTP/1.1" 200 22661 "-" "Mozilla/5.0 (Linux; Android 6.0.1; Nexus 5X Build/MMB29P) AppleWebKit/537.36 (KHTML, like Gecko) Chrome/136.0.7103.113 Mobile Safari/537.36 (compatible; Googlebot/2.1; +http://www.google.com/bot.html)"
52.167.144.232 - - [13/Jun/2025:09:00:13 -0400] "GET /?d=87274551260&filter=7bc818&share_to_url=detail.php%3Fid%3D2957673%26name%3Ddansko+kane+molded+eva HTTP/1.1" 200 23717 "-" "Mozilla/5.0 AppleWebKit/537.36 (KHTML, like Gecko; compatible; bingbot/2.0; +http://www.bing.com/bingbot.htm) Chrome/116.0.1938.76 Safari/537.36"
52.167.144.136 - - [13/Jun/2025:09:00:13 -0400] "GET /?d=85433421260&filter=b32929&share_to_url=discover.php%3Fid%3D2893997%26name%3D210m+pink+at+t HTTP/1.1" 200 23233 "-" "Mozilla/5.0 AppleWebKit/537.36 (KHTML, like Gecko; compatible; bingbot/2.0; +http://www.bing.com/bingbot.htm) Chrome/116.0.1938.76 Safari/537.36"
66.249.64.131 - - [13/Jun/2025:09:00:14 -0400] "GET /?d=97593830260&filter=93ffb4&share_to_url=shopdetail.php%3Fid%3D3307328%26name%3Dpens+for+drawing+on+ceramics HTTP/1.1" 200 23961 "-" "Mozilla/5.0 (Linux; Android 6.0.1; Nexus 5X Build/MMB29P) AppleWebKit/537.36 (KHTML, like Gecko) Chrome/136.0.7103.113 Mobile Safari/537.36 (compatible; Googlebot/2.1; +http://www.google.com/bot.html)"
52.167.144.136 - - [13/Jun/2025:09:00:14 -0400] "GET /?d=17473427260&filter=e69463&share_to_url=discover.php%3Fid%3D594821%26name%3Daffordable+wholesale+india+sport HTTP/1.1" 200 23315 "-" "Mozilla/5.0 AppleWebKit/537.36 (KHTML, like Gecko; compatible; bingbot/2.0; +http://www.bing.com/bingbot.htm) Chrome/116.0.1938.76 Safari/537.36"
52.167.144.232 - - [13/Jun/2025:09:00:14 -0400] "GET /?d=91814366260&filter=3f5a6d&share_to_url=article.php%3Fid%3D3111158%26name%3Dguess+alanna+convertible+crossbody+flap HTTP/1.1" 200 23525 "-" "Mozilla/5.0 AppleWebKit/537.36 (KHTML, like Gecko; compatible; bingbot/2.0; +http://www.bing.com/bingbot.htm) Chrome/116.0.1938.76 Safari/537.36"
52.167.144.136 - - [13/Jun/2025:09:00:14 -0400] "GET /?d=107046275260&filter=649884&share_to_url=pin.php%3Fid%3D3625194%26name%3Dnew+to+tv+see HTTP/1.1" 200 23185 "-" "Mozilla/5.0 AppleWebKit/537.36 (KHTML, like Gecko; compatible; bingbot/2.0; +http://www.bing.com/bingbot.htm) Chrome/116.0.1938.76 Safari/537.36"
66.249.64.5 - - [13/Jun/2025:09:00:16 -0400] "GET /?d=108626382260&filter=c19a1f&share_to_url=pin.php%3Fid%3D3677958%26name%3Drolex+179+2024 HTTP/1.1" 200 22978 "-" "Mozilla/5.0 (Linux; Android 6.0.1; Nexus 5X Build/MMB29P) AppleWebKit/537.36 (KHTML, like Gecko) Chrome/136.0.7103.113 Mobile Safari/537.36 (compatible; Googlebot/2.1; +http://www.google.com/bot.html)"
66.249.64.131 - - [13/Jun/2025:09:00:16 -0400] "GET /?d=112331361260&filter=116a77&share_to_url=product-page.php%3Fid%3D3804916%26name%3Dthe+chs+boiler HTTP/1.1" 200 24490 "-" "Mozilla/5.0 (Linux; Android 6.0.1; Nexus 5X Build/MMB29P) AppleWebKit/537.36 (KHTML, like Gecko) Chrome/136.0.7103.113 Mobile Safari/537.36 (compatible; Googlebot/2.1; +http://www.google.com/bot.html)"
40.77.167.255 - - [13/Jun/2025:09:00:16 -0400] "GET /?d=89412280260&filter=6f69da&share_to_url=product.php%3Fid%3D3030658%26name%3Dcrossed+my+mind HTTP/1.1" 200 24182 "-" "Mozilla/5.0 AppleWebKit/537.36 (KHTML, like Gecko; compatible; bingbot/2.0; +http://www.bing.com/bingbot.htm) Chrome/116.0.1938.76 Safari/537.36"
40.77.167.255 - - [13/Jun/2025:09:00:17 -0400] "GET /?d=105677327260&filter=8fc68b&share_to_url=article.php%3Fid%3D3579746%26name%3Dgabol+canada+extensible HTTP/1.1" 200 23710 "-" "Mozilla/5.0 AppleWebKit/537.36 (KHTML, like Gecko; compatible; bingbot/2.0; +http://www.bing.com/bingbot.htm) Chrome/116.0.1938.76 Safari/537.36"
40.77.167.255 - - [13/Jun/2025:09:00:18 -0400] "GET /?d=117001894260&filter=80ae2a&share_to_url=ideas.php%3Fid%3D3962112%26name%3Duhr+dg7+leo HTTP/1.1" 200 22814 "-" "Mozilla/5.0 AppleWebKit/537.36 (KHTML, like Gecko; compatible; bingbot/2.0; +http://www.bing.com/bingbot.htm) Chrome/116.0.1938.76 Safari/537.36"
40.77.167.255 - - [13/Jun/2025:09:00:18 -0400] "GET /?d=100273042260&filter=b3e07f&share_to_url=item.php%3Fid%3D3398617%26name%3Dindilinx+ssd+sata HTTP/1.1" 200 24022 "-" "Mozilla/5.0 AppleWebKit/537.36 (KHTML, like Gecko; compatible; bingbot/2.0; +http://www.bing.com/bingbot.htm) Chrome/116.0.1938.76 Safari/537.36"
66.249.64.131 - - [13/Jun/2025:09:00:19 -0400] "GET /?d=116164073260&filter=fd45ef&share_to_url=discover.php%3Fid%3D3934049%26name%3Dtomica+60+nissan HTTP/1.1" 200 22942 "-" "Mozilla/5.0 (Linux; Android 6.0.1; Nexus 5X Build/MMB29P) AppleWebKit/537.36 (KHTML, like Gecko) Chrome/136.0.7103.113 Mobile Safari/537.36 (compatible; Googlebot/2.1; +http://www.google.com/bot.html)"
66.249.64.5 - - [13/Jun/2025:09:00:19 -0400] "GET /?d=112837941260&filter=d98b3e&share_to_url=ideas.php%3Fid%3D3821652%26name%3Dtektro+rem HTTP/1.1" 200 23490 "-" "Mozilla/5.0 (Linux; Android 6.0.1; Nexus 5X Build/MMB29P) AppleWebKit/537.36 (KHTML, like Gecko) Chrome/136.0.7103.113 Mobile Safari/537.36 (compatible; Googlebot/2.1; +http://www.google.com/bot.html)"
66.249.65.164 - - [13/Jun/2025:09:00:21 -0400] "GET /?d=97792338260&filter=53a569&share_to_url=product-page.php%3Fid%3D3314368%26name%3Dconverse+x+invincible+x HTTP/1.1" 200 23467 "-" "Mozilla/5.0 (Linux; Android 6.0.1; Nexus 5X Build/MMB29P) AppleWebKit/537.36 (KHTML, like Gecko) Chrome/136.0.7103.113 Mobile Safari/537.36 (compatible; Googlebot/2.1; +http://www.google.com/bot.html)"
66.249.64.131 - - [13/Jun/2025:09:00:22 -0400] "GET /?d=102261096260&filter=93ffb4&share_to_url=product.php%3Fid%3D3466354%26name%3Dposca+uni+chalk HTTP/1.1" 200 23526 "-" "Mozilla/5.0 (Linux; Android 6.0.1; Nexus 5X Build/MMB29P) AppleWebKit/537.36 (KHTML, like Gecko) Chrome/136.0.7103.113 Mobile Safari/537.36 (compatible; Googlebot/2.1; +http://www.google.com/bot.html)"
66.249.64.5 - - [13/Jun/2025:09:00:21 -0400] "GET /?d=117832177260&filter=229fd8&share_to_url=goods.php%3Fid%3D3990635%26name%3Dmsi+039+s+geforce+rtx+2070+aero HTTP/1.1" 200 22515 "-" "Mozilla/5.0 (Linux; Android 6.0.1; Nexus 5X Build/MMB29P) AppleWebKit/537.36 (KHTML, like Gecko) Chrome/136.0.7103.113 Mobile Safari/537.36 (compatible; Googlebot/2.1; +http://www.google.com/bot.html)"
52.167.144.216 - - [13/Jun/2025:09:00:22 -0400] "GET /?d=84175368260&filter=ab67d8&share_to_url=shopdetail.php%3Fid%3D2851136%26name%3Dtwo+tone+walnut+and HTTP/1.1" 200 24548 "-" "Mozilla/5.0 AppleWebKit/537.36 (KHTML, like Gecko; compatible; bingbot/2.0; +http://www.bing.com/bingbot.htm) Chrome/116.0.1938.76 Safari/537.36"
66.249.64.5 - - [13/Jun/2025:09:00:24 -0400] "GET /?d=108928893260&filter=af4b8a&share_to_url=item.php%3Fid%3D3687841%26name%3Dwinnie+the+pooh+disney+bear HTTP/1.1" 200 22816 "-" "Mozilla/5.0 (Linux; Android 6.0.1; Nexus 5X Build/MMB29P) AppleWebKit/537.36 (KHTML, like Gecko) Chrome/136.0.7103.113 Mobile Safari/537.36 (compatible; Googlebot/2.1; +http://www.google.com/bot.html)"
66.249.64.131 - - [13/Jun/2025:09:00:24 -0400] "GET /?d=105001139260&filter=bc19d7&share_to_url=detail.php%3Fid%3D3557469%26name%3Dshop+high+quality+adidas+football HTTP/1.1" 200 22444 "-" "Mozilla/5.0 (Linux; Android 6.0.1; Nexus 5X Build/MMB29P) AppleWebKit/537.36 (KHTML, like Gecko) Chrome/136.0.7103.113 Mobile Safari/537.36 (compatible; Googlebot/2.1; +http://www.google.com/bot.html)"
52.167.144.136 - - [13/Jun/2025:09:00:26 -0400] "GET /?d=9249148260&filter=21c061&share_to_url=pin.php%3Fid%3D317646%26name%3Dtennis+hats+shop HTTP/1.1" 200 23283 "-" "Mozilla/5.0 AppleWebKit/537.36 (KHTML, like Gecko; compatible; bingbot/2.0; +http://www.bing.com/bingbot.htm) Chrome/116.0.1938.76 Safari/537.36"
52.167.144.136 - - [13/Jun/2025:09:00:26 -0400] "GET /?d=108425235260&filter=ca0c5c&share_to_url=item.php%3Fid%3D3671125%26name%3Dgc+flair+z01004l1mf HTTP/1.1" 200 22161 "-" "Mozilla/5.0 AppleWebKit/537.36 (KHTML, like Gecko; compatible; bingbot/2.0; +http://www.bing.com/bingbot.htm) Chrome/116.0.1938.76 Safari/537.36"
