66.249.64.5 - - [13/Jun/2025:09:16:01 -0400] "GET /?d=96464543260&filter=4e2715&share_to_url=detail.php%3Fid%3D3268281%26name%3Dbosch+series+hotsell+semi HTTP/1.1" 200 23833 "-" "Mozilla/5.0 (Linux; Android 6.0.1; Nexus 5X Build/MMB29P) AppleWebKit/537.36 (KHTML, like Gecko) Chrome/136.0.7103.113 Mobile Safari/537.36 (compatible; Googlebot/2.1; +http://www.google.com/bot.html)"
66.249.64.131 - - [13/Jun/2025:09:16:02 -0400] "GET /?d=98009795260&filter=adeec8&share_to_url=detail.php%3Fid%3D3321393%26name%3Dsunflower+store+cropped+hoodie HTTP/1.1" 200 23679 "-" "Mozilla/5.0 (Linux; Android 6.0.1; Nexus 5X Build/MMB29P) AppleWebKit/537.36 (KHTML, like Gecko) Chrome/136.0.7103.113 Mobile Safari/537.36 (compatible; Googlebot/2.1; +http://www.google.com/bot.html)"
52.167.144.169 - - [13/Jun/2025:09:16:03 -0400] "GET /?d=17287711260&filter=bd924d&share_to_url=product-page.php%3Fid%3D588808%26name%3Dsong+get+down HTTP/1.1" 200 22132 "-" "Mozilla/5.0 AppleWebKit/537.36 (KHTML, like Gecko; compatible; bingbot/2.0; +http://www.bing.com/bingbot.htm) Chrome/116.0.1938.76 Safari/537.36"
66.249.64.5 - - [13/Jun/2025:09:16:05 -0400] "GET /?d=95971090260&filter=8da685&share_to_url=goods.php%3Fid%3D3251639%26name%3Dfilmtools+junior+camera HTTP/1.1" 200 23598 "-" "Mozilla/5.0 (Linux; Android 6.0.1; Nexus 5X Build/MMB29P) AppleWebKit/537.36 (KHTML, like Gecko) Chrome/136.0.7103.113 Mobile Safari/537.36 (compatible; Googlebot/2.1; +http://www.google.com/bot.html)"
66.249.64.131 - - [13/Jun/2025:09:16:04 -0400] "GET /?d=117779167260&filter=edd546&share_to_url=product.php%3Fid%3D3988774%26name%3Dbuy+realme+highest HTTP/1.1" 200 23575 "-" "Mozilla/5.0 (Linux; Android 6.0.1; Nexus 5X Build/MMB29P) AppleWebKit/537.36 (KHTML, like Gecko) Chrome/136.0.7103.113 Mobile Safari/537.36 (compatible; Googlebot/2.1; +http://www.google.com/bot.html)"
52.167.144.169 - - [13/Jun/2025:09:16:05 -0400] "GET /?d=114525089260&filter=cab71d&share_to_url=article.php%3Fid%3D3878162%26name%3Dtip+down+tune+up HTTP/1.1" 200 23926 "-" "Mozilla/5.0 AppleWebKit/537.36 (KHTML, like Gecko; compatible; bingbot/2.0; +http://www.bing.com/bingbot.htm) Chrome/116.0.1938.76 Safari/537.36"
52.167.144.169 - - [13/Jun/2025:09:16:06 -0400] "GET /?d=75747169260&filter=408ae0&share_to_url=goods.php%3Fid%3D2566787%26name%3Dbest+50+funny HTTP/1.1" 200 24134 "-" "Mozilla/5.0 AppleWebKit/537.36 (KHTML, like Gecko; compatible; bingbot/2.0; +http://www.bing.com/bingbot.htm) Chrome/116.0.1938.76 Safari/537.36"
66.249.64.131 - - [13/Jun/2025:09:16:07 -0400] "GET /?d=115315788260&filter=1f7643&share_to_url=discover.php%3Fid%3D3905057%26name%3Dpeonies+pars+women+039+s+stand HTTP/1.1" 200 24145 "-" "Mozilla/5.0 (Linux; Android 6.0.1; Nexus 5X Build/MMB29P) AppleWebKit/537.36 (KHTML, like Gecko) Chrome/136.0.7103.113 Mobile Safari/537.36 (compatible; Googlebot/2.1; +http://www.google.com/bot.html)"
66.249.64.5 - - [13/Jun/2025:09:16:08 -0400] "GET /?d=94213724260&filter=1a45ec&share_to_url=model.php%3Fid%3D3192555%26name%3Dlenovo+g580+g585 HTTP/1.1" 200 22817 "-" "Mozilla/5.0 (Linux; Android 6.0.1; Nexus 5X Build/MMB29P) AppleWebKit/537.36 (KHTML, like Gecko) Chrome/136.0.7103.113 Mobile Safari/537.36 (compatible; Googlebot/2.1; +http://www.google.com/bot.html)"
66.249.64.131 - - [13/Jun/2025:09:16:10 -0400] "GET /?d=97418499260&filter=750d75&share_to_url=pin.php%3Fid%3D3301374%26name%3Dcrew+neck+sweater+in+cotton HTTP/1.1" 200 22889 "-" "Mozilla/5.0 (Linux; Android 6.0.1; Nexus 5X Build/MMB29P) AppleWebKit/537.36 (KHTML, like Gecko) Chrome/136.0.7103.113 Mobile Safari/537.36 (compatible; Googlebot/2.1; +http://www.google.com/bot.html)"
66.249.64.5 - - [13/Jun/2025:09:16:10 -0400] "GET /?d=104756716260&filter=bfc81f&share_to_url=item.php%3Fid%3D3549637%26name%3Dsaracen+launches+ariel+emtb+and HTTP/1.1" 200 23142 "-" "Mozilla/5.0 (Linux; Android 6.0.1; Nexus 5X Build/MMB29P) AppleWebKit/537.36 (KHTML, like Gecko) Chrome/136.0.7103.113 Mobile Safari/537.36 (compatible; Googlebot/2.1; +http://www.google.com/bot.html)"
66.249.64.131 - - [13/Jun/2025:09:16:13 -0400] "GET /?d=111369554260&filter=c9be96&share_to_url=product-page.php%3Fid%3D3771664%26name%3Damelia+en+negro+de+mujer HTTP/1.1" 200 23390 "-" "Mozilla/5.0 (Linux; Android 6.0.1; Nexus 5X Build/MMB29P) AppleWebKit/537.36 (KHTML, like Gecko) Chrome/136.0.7103.113 Mobile Safari/537.36 (compatible; Googlebot/2.1; +http://www.google.com/bot.html)"
207.46.13.125 - - [13/Jun/2025:09:16:13 -0400] "GET /?d=14297466260&filter=9e9754&share_to_url=goods.php%3Fid%3D487439%26name%3Ddry+storage+pantry HTTP/1.1" 200 23798 "-" "Mozilla/5.0 AppleWebKit/537.36 (KHTML, like Gecko; compatible; bingbot/2.0; +http://www.bing.com/bingbot.htm) Chrome/116.0.1938.76 Safari/537.36"
66.249.64.5 - - [13/Jun/2025:09:16:13 -0400] "GET /?d=108059938260&filter=2ca54d&share_to_url=discover.php%3Fid%3D3658649%26name%3Dfila+on+instagram+fila+disruptor HTTP/1.1" 200 22368 "-" "Mozilla/5.0 (Linux; Android 6.0.1; Nexus 5X Build/MMB29P) AppleWebKit/537.36 (KHTML, like Gecko) Chrome/136.0.7103.113 Mobile Safari/537.36 (compatible; Googlebot/2.1; +http://www.google.com/bot.html)"
52.167.144.204 - - [13/Jun/2025:09:16:15 -0400] "GET /?d=28733364260&filter=bfc81f&share_to_url=shop.php%3Fid%3D976027%26name%3Da+mechanic+of+motorcycles HTTP/1.1" 200 23809 "-" "Mozilla/5.0 AppleWebKit/537.36 (KHTML, like Gecko; compatible; bingbot/2.0; +http://www.bing.com/bingbot.htm) Chrome/116.0.1938.76 Safari/537.36"
66.249.64.5 - - [13/Jun/2025:09:16:15 -0400] "GET /?d=97405314260&filter=637771&share_to_url=shopdetail.php%3Fid%3D3300932%26name%3Dmontre+connect%C3%A9e+smartwatch+pour HTTP/1.1" 200 23233 "-" "Mozilla/5.0 (Linux; Android 6.0.1; Nexus 5X Build/MMB29P) AppleWebKit/537.36 (KHTML, like Gecko) Chrome/136.0.7103.113 Mobile Safari/537.36 (compatible; Googlebot/2.1; +http://www.google.com/bot.html)"
66.249.64.131 - - [13/Jun/2025:09:16:16 -0400] "GET /?d=92900547260&filter=5046c4&share_to_url=discover.php%3Fid%3D3147581%26name%3Dmakita+12v+max+long HTTP/1.1" 200 21772 "-" "Mozilla/5.0 (Linux; Android 6.0.1; Nexus 5X Build/MMB29P) AppleWebKit/537.36 (KHTML, like Gecko) Chrome/136.0.7103.113 Mobile Safari/537.36 (compatible; Googlebot/2.1; +http://www.google.com/bot.html)"
52.167.144.194 - - [13/Jun/2025:09:16:18 -0400] "GET /?d=35194941260&filter=c7968e&share_to_url=ideas.php%3Fid%3D1196364%26name%3Dwrangler+cow+print+trolley HTTP/1.1" 200 24041 "-" "Mozilla/5.0 AppleWebKit/537.36 (KHTML, like Gecko; compatible; bingbot/2.0; +http://www.bing.com/bingbot.htm) Chrome/116.0.1938.76 Safari/537.36"
66.249.64.131 - - [13/Jun/2025:09:16:18 -0400] "GET /?d=107178450260&filter=aca5ca&share_to_url=product-page.php%3Fid%3D3629560%26name%3Dring+doorbell+flashing+white HTTP/1.1" 200 23665 "-" "Mozilla/5.0 (Linux; Android 6.0.1; Nexus 5X Build/MMB29P) AppleWebKit/537.36 (KHTML, like Gecko) Chrome/136.0.7103.113 Mobile Safari/537.36 (compatible; Googlebot/2.1; +http://www.google.com/bot.html)"
52.167.144.194 - - [13/Jun/2025:09:16:19 -0400] "GET /?d=72180008260&filter=61fa9d&share_to_url=model.php%3Fid%3D2446287%26name%3Dstable+global+android+10 HTTP/1.1" 200 23705 "-" "Mozilla/5.0 AppleWebKit/537.36 (KHTML, like Gecko; compatible; bingbot/2.0; +http://www.bing.com/bingbot.htm) Chrome/116.0.1938.76 Safari/537.36"
66.249.64.5 - - [13/Jun/2025:09:16:19 -0400] "GET /?d=93042096260&filter=8de18d&share_to_url=detail.php%3Fid%3D3152469%26name%3D1986+honda+xr600r+motorcycles HTTP/1.1" 200 23103 "-" "Mozilla/5.0 (Linux; Android 6.0.1; Nexus 5X Build/MMB29P) AppleWebKit/537.36 (KHTML, like Gecko) Chrome/136.0.7103.113 Mobile Safari/537.36 (compatible; Googlebot/2.1; +http://www.google.com/bot.html)"
52.167.144.194 - - [13/Jun/2025:09:16:19 -0400] "GET /?d=19780841260&filter=397f34&share_to_url=item.php%3Fid%3D672073%26name%3D10th+day+after+birth HTTP/1.1" 200 24508 "-" "Mozilla/5.0 AppleWebKit/537.36 (KHTML, like Gecko; compatible; bingbot/2.0; +http://www.bing.com/bingbot.htm) Chrome/116.0.1938.76 Safari/537.36"
52.167.144.194 - - [13/Jun/2025:09:16:20 -0400] "GET /?d=48272563260&filter=256877&share_to_url=shopdetail.php%3Fid%3D1641116%26name%3Dfour+hands+alice HTTP/1.1" 200 24238 "-" "Mozilla/5.0 AppleWebKit/537.36 (KHTML, like Gecko; compatible; bingbot/2.0; +http://www.bing.com/bingbot.htm) Chrome/116.0.1938.76 Safari/537.36"
52.167.144.194 - - [13/Jun/2025:09:16:20 -0400] "GET /?d=40900111260&filter=b873a7&share_to_url=ideas.php%3Fid%3D1388856%26name%3Dfishing+pliers+sheath+for HTTP/1.1" 200 24489 "-" "Mozilla/5.0 AppleWebKit/537.36 (KHTML, like Gecko; compatible; bingbot/2.0; +http://www.bing.com/bingbot.htm) Chrome/116.0.1938.76 Safari/537.36"
66.249.64.131 - - [13/Jun/2025:09:16:21 -0400] "GET /?d=11992651260&filter=fd45ef&share_to_url=item.php%3Fid%3D410569%26name%3Dmean+machines+nkok HTTP/1.1" 200 22921 "-" "Mozilla/5.0 (Linux; Android 6.0.1; Nexus 5X Build/MMB29P) AppleWebKit/537.36 (KHTML, like Gecko) Chrome/136.0.7103.113 Mobile Safari/537.36 (compatible; Googlebot/2.1; +http://www.google.com/bot.html)"
66.249.64.5 - - [13/Jun/2025:09:16:22 -0400] "GET /?d=116817985260&filter=4e2715&share_to_url=ideas.php%3Fid%3D3955920%26name%3D464+industrial+dishwasher HTTP/1.1" 200 23917 "-" "Mozilla/5.0 (Linux; Android 6.0.1; Nexus 5X Build/MMB29P) AppleWebKit/537.36 (KHTML, like Gecko) Chrome/136.0.7103.113 Mobile Safari/537.36 (compatible; Googlebot/2.1; +http://www.google.com/bot.html)"
66.249.64.131 - - [13/Jun/2025:09:16:24 -0400] "GET /?d=20509839260&filter=fd45ef&share_to_url=detail.php%3Fid%3D697017%26name%3Dcozy+coupe+fairy HTTP/1.1" 200 22511 "-" "Mozilla/5.0 (Linux; Android 6.0.1; Nexus 5X Build/MMB29P) AppleWebKit/537.36 (KHTML, like Gecko) Chrome/136.0.7103.113 Mobile Safari/537.36 (compatible; Googlebot/2.1; +http://www.google.com/bot.html)"
52.167.144.194 - - [13/Jun/2025:09:16:24 -0400] "GET /?d=21704270260&filter=ada5f8&share_to_url=discover.php%3Fid%3D736361%26name%3Dfincati+piece HTTP/1.1" 200 23710 "-" "Mozilla/5.0 AppleWebKit/537.36 (KHTML, like Gecko; compatible; bingbot/2.0; +http://www.bing.com/bingbot.htm) Chrome/116.0.1938.76 Safari/537.36"
66.249.64.5 - - [13/Jun/2025:09:16:24 -0400] "GET /?d=111195727260&filter=6f7032&share_to_url=item.php%3Fid%3D3765409%26name%3Dcostco+pura+vida HTTP/1.1" 200 23777 "-" "Mozilla/5.0 (Linux; Android 6.0.1; Nexus 5X Build/MMB29P) AppleWebKit/537.36 (KHTML, like Gecko) Chrome/136.0.7103.113 Mobile Safari/537.36 (compatible; Googlebot/2.1; +http://www.google.com/bot.html)"
52.167.144.194 - - [13/Jun/2025:09:16:25 -0400] "GET /?d=26254642260&filter=583eef&share_to_url=ideas.php%3Fid%3D889884%26name%3Dopening+15+diamond+packs HTTP/1.1" 200 24085 "-" "Mozilla/5.0 AppleWebKit/537.36 (KHTML, like Gecko; compatible; bingbot/2.0; +http://www.bing.com/bingbot.htm) Chrome/116.0.1938.76 Safari/537.36"
52.167.144.194 - - [13/Jun/2025:09:16:26 -0400] "GET /?d=55251606260&filter=dc973f&share_to_url=product.php%3Fid%3D1876486%26name%3Dmilwaukee+2866+20+m18+fuel HTTP/1.1" 200 22667 "-" "Mozilla/5.0 AppleWebKit/537.36 (KHTML, like Gecko; compatible; bingbot/2.0; +http://www.bing.com/bingbot.htm) Chrome/116.0.1938.76 Safari/537.36"
52.167.144.204 - - [13/Jun/2025:09:16:26 -0400] "GET /?d=99993528260&filter=5f1948&share_to_url=detail.php%3Fid%3D3389001%26name%3Dmedias+largas+altas+bucaneras HTTP/1.1" 200 23020 "-" "Mozilla/5.0 AppleWebKit/537.36 (KHTML, like Gecko; compatible; bingbot/2.0; +http://www.bing.com/bingbot.htm) Chrome/116.0.1938.76 Safari/537.36"
52.167.144.194 - - [13/Jun/2025:09:16:26 -0400] "GET /?d=86811231260&filter=edd546&share_to_url=model.php%3Fid%3D2941275%26name%3Dsoundtec+by+porodo+portable HTTP/1.1" 200 23923 "-" "Mozilla/5.0 AppleWebKit/537.36 (KHTML, like Gecko; compatible; bingbot/2.0; +http://www.bing.com/bingbot.htm) Chrome/116.0.1938.76 Safari/537.36"
66.249.64.131 - - [13/Jun/2025:09:16:26 -0400] "GET /?d=97996283260&filter=ce52f2&share_to_url=shopdetail.php%3Fid%3D3320948%26name%3Dblack+leather+backpack+rick+owens HTTP/1.1" 200 23062 "-" "Mozilla/5.0 (Linux; Android 6.0.1; Nexus 5X Build/MMB29P) AppleWebKit/537.36 (KHTML, like Gecko) Chrome/136.0.7103.113 Mobile Safari/537.36 (compatible; Googlebot/2.1; +http://www.google.com/bot.html)"
66.249.64.5 - - [13/Jun/2025:09:16:27 -0400] "GET /?d=114407159260&filter=589730&share_to_url=pin.php%3Fid%3D3874026%26name%3Dvarsha+elan+e HTTP/1.1" 200 24166 "-" "Mozilla/5.0 (Linux; Android 6.0.1; Nexus 5X Build/MMB29P) AppleWebKit/537.36 (KHTML, like Gecko) Chrome/136.0.7103.113 Mobile Safari/537.36 (compatible; Googlebot/2.1; +http://www.google.com/bot.html)"
66.249.64.131 - - [13/Jun/2025:09:16:29 -0400] "GET /?d=111421119260&filter=8ac724&share_to_url=model.php%3Fid%3D3773391%26name%3Dchina+agate+beads+agate HTTP/1.1" 200 24792 "-" "Mozilla/5.0 (Linux; Android 6.0.1; Nexus 5X Build/MMB29P) AppleWebKit/537.36 (KHTML, like Gecko) Chrome/136.0.7103.113 Mobile Safari/537.36 (compatible; Googlebot/2.1; +http://www.google.com/bot.html)"
66.249.64.5 - - [13/Jun/2025:09:16:29 -0400] "GET /?d=107445134260&filter=ebf321&share_to_url=detail.php%3Fid%3D3638865%26name%3Dplus+size+hi+lo HTTP/1.1" 200 23910 "-" "Mozilla/5.0 (Linux; Android 6.0.1; Nexus 5X Build/MMB29P) AppleWebKit/537.36 (KHTML, like Gecko) Chrome/136.0.7103.113 Mobile Safari/537.36 (compatible; Googlebot/2.1; +http://www.google.com/bot.html)"
207.46.13.125 - - [13/Jun/2025:09:16:31 -0400] "GET /?d=104534116260&filter=50365e&share_to_url=product.php%3Fid%3D3542026%26name%3Dcu%C3%A1l+es+el+consumo HTTP/1.1" 200 24497 "-" "Mozilla/5.0 AppleWebKit/537.36 (KHTML, like Gecko; compatible; bingbot/2.0; +http://www.bing.com/bingbot.htm) Chrome/116.0.1938.76 Safari/537.36"
66.249.64.131 - - [13/Jun/2025:09:16:32 -0400] "GET /?d=111156181260&filter=6ca228&share_to_url=article.php%3Fid%3D3763982%26name%3Dbest+sweatshirts+under HTTP/1.1" 200 24244 "-" "Mozilla/5.0 (Linux; Android 6.0.1; Nexus 5X Build/MMB29P) AppleWebKit/537.36 (KHTML, like Gecko) Chrome/136.0.7103.113 Mobile Safari/537.36 (compatible; Googlebot/2.1; +http://www.google.com/bot.html)"
66.249.64.5 - - [13/Jun/2025:09:16:33 -0400] "GET /?d=105967981260&filter=00a8d6&share_to_url=goods.php%3Fid%3D3589403%26name%3Dpre+owned+calton+cases+dreadnought HTTP/1.1" 200 24209 "-" "Mozilla/5.0 (Linux; Android 6.0.1; Nexus 5X Build/MMB29P) AppleWebKit/537.36 (KHTML, like Gecko) Chrome/136.0.7103.113 Mobile Safari/537.36 (compatible; Googlebot/2.1; +http://www.google.com/bot.html)"
52.167.144.194 - - [13/Jun/2025:09:16:34 -0400] "GET /?d=19770327260&filter=b52794&share_to_url=pin.php%3Fid%3D671778%26name%3Dtommy+bahama+men+s HTTP/1.1" 200 23279 "-" "Mozilla/5.0 AppleWebKit/537.36 (KHTML, like Gecko; compatible; bingbot/2.0; +http://www.bing.com/bingbot.htm) Chrome/116.0.1938.76 Safari/537.36"
66.249.64.131 - - [13/Jun/2025:09:16:34 -0400] "GET /?d=92258112260&filter=5348bb&share_to_url=article.php%3Fid%3D3125498%26name%3Dmy+iphone+14+pro+keeps HTTP/1.1" 200 22600 "-" "Mozilla/5.0 (Linux; Android 6.0.1; Nexus 5X Build/MMB29P) AppleWebKit/537.36 (KHTML, like Gecko) Chrome/136.0.7103.113 Mobile Safari/537.36 (compatible; Googlebot/2.1; +http://www.google.com/bot.html)"
66.249.64.5 - - [13/Jun/2025:09:16:36 -0400] "GET /?d=98042458260&filter=a06510&share_to_url=product.php%3Fid%3D3322546%26name%3Dhorner+wines+wine+tasting+experience HTTP/1.1" 200 23875 "-" "Mozilla/5.0 (Linux; Android 6.0.1; Nexus 5X Build/MMB29P) AppleWebKit/537.36 (KHTML, like Gecko) Chrome/136.0.7103.113 Mobile Safari/537.36 (compatible; Googlebot/2.1; +http://www.google.com/bot.html)"
52.167.144.169 - - [13/Jun/2025:09:16:36 -0400] "GET /?d=37170627260&filter=b2e434&share_to_url=ideas.php%3Fid%3D1262196%26name%3Donline+programs+invictus HTTP/1.1" 200 23246 "-" "Mozilla/5.0 AppleWebKit/537.36 (KHTML, like Gecko; compatible; bingbot/2.0; +http://www.bing.com/bingbot.htm) Chrome/116.0.1938.76 Safari/537.36"
52.167.144.169 - - [13/Jun/2025:09:16:37 -0400] "GET /?d=20592205260&filter=ada5f8&share_to_url=item.php%3Fid%3D699949%26name%3Dheritage+oval+extension HTTP/1.1" 200 24230 "-" "Mozilla/5.0 AppleWebKit/537.36 (KHTML, like Gecko; compatible; bingbot/2.0; +http://www.bing.com/bingbot.htm) Chrome/116.0.1938.76 Safari/537.36"
52.167.144.188 - - [13/Jun/2025:09:16:37 -0400] "GET /?d=95875751260&filter=b11d37&share_to_url=goods.php%3Fid%3D3248399%26name%3Djunior+boys+flat+50 HTTP/1.1" 200 24593 "-" "Mozilla/5.0 AppleWebKit/537.36 (KHTML, like Gecko; compatible; bingbot/2.0; +http://www.bing.com/bingbot.htm) Chrome/116.0.1938.76 Safari/537.36"
66.249.64.131 - - [13/Jun/2025:09:16:37 -0400] "GET /?d=105232244260&filter=0b5f0b&share_to_url=product.php%3Fid%3D3565210%26name%3Dlivestreams+ufc+311 HTTP/1.1" 200 23217 "-" "Mozilla/5.0 (Linux; Android 6.0.1; Nexus 5X Build/MMB29P) AppleWebKit/537.36 (KHTML, like Gecko) Chrome/136.0.7103.113 Mobile Safari/537.36 (compatible; Googlebot/2.1; +http://www.google.com/bot.html)"
66.249.64.5 - - [13/Jun/2025:09:16:38 -0400] "GET /?d=96168292260&filter=1066c7&share_to_url=product-page.php%3Fid%3D3258208%26name%3Domega+the+geneva HTTP/1.1" 200 23708 "-" "Mozilla/5.0 (Linux; Android 6.0.1; Nexus 5X Build/MMB29P) AppleWebKit/537.36 (KHTML, like Gecko) Chrome/136.0.7103.113 Mobile Safari/537.36 (compatible; Googlebot/2.1; +http://www.google.com/bot.html)"
66.249.64.5 - - [13/Jun/2025:09:16:40 -0400] "GET /?d=103769686260&filter=afcfc9&share_to_url=pin.php%3Fid%3D3515898%26name%3Dmochila+infantil+grande+miraculous HTTP/1.1" 200 23899 "-" "Mozilla/5.0 (Linux; Android 6.0.1; Nexus 5X Build/MMB29P) AppleWebKit/537.36 (KHTML, like Gecko) Chrome/136.0.7103.113 Mobile Safari/537.36 (compatible; Googlebot/2.1; +http://www.google.com/bot.html)"
66.249.64.131 - - [13/Jun/2025:09:16:40 -0400] "GET /?d=94879960260&filter=fec9b7&share_to_url=shopdetail.php%3Fid%3D3214868%26name%3Dreplacing+glue+with+resin+for HTTP/1.1" 200 24611 "-" "Mozilla/5.0 (Linux; Android 6.0.1; Nexus 5X Build/MMB29P) AppleWebKit/537.36 (KHTML, like Gecko) Chrome/136.0.7103.113 Mobile Safari/537.36 (compatible; Googlebot/2.1; +http://www.google.com/bot.html)"
66.249.64.6 - - [13/Jun/2025:09:16:42 -0400] "GET /?d=114685684260&filter=cc4f00&share_to_url=goods.php%3Fid%3D3883559%26name%3Dnew+design+wholesale+price HTTP/1.1" 200 23891 "-" "Mozilla/5.0 (Linux; Android 6.0.1; Nexus 5X Build/MMB29P) AppleWebKit/537.36 (KHTML, like Gecko) Chrome/136.0.7103.113 Mobile Safari/537.36 (compatible; Googlebot/2.1; +http://www.google.com/bot.html)"
66.249.64.5 - - [13/Jun/2025:09:16:43 -0400] "GET /?d=117061755260&filter=531ea9&share_to_url=pin.php%3Fid%3D3964182%26name%3D130+days+go+calendar HTTP/1.1" 200 24809 "-" "Mozilla/5.0 (Linux; Android 6.0.1; Nexus 5X Build/MMB29P) AppleWebKit/537.36 (KHTML, like Gecko) Chrome/136.0.7103.113 Mobile Safari/537.36 (compatible; Googlebot/2.1; +http://www.google.com/bot.html)"
66.249.64.132 - - [13/Jun/2025:09:16:44 -0400] "GET /?d=108516034260&filter=85a479&share_to_url=item.php%3Fid%3D3674197%26name%3Deurosoft+store+black HTTP/1.1" 200 22817 "-" "Mozilla/5.0 (Linux; Android 6.0.1; Nexus 5X Build/MMB29P) AppleWebKit/537.36 (KHTML, like Gecko) Chrome/136.0.7103.113 Mobile Safari/537.36 (compatible; Googlebot/2.1; +http://www.google.com/bot.html)"
66.249.64.5 - - [13/Jun/2025:09:16:45 -0400] "GET /?d=106530711260&filter=99bfb5&share_to_url=ideas.php%3Fid%3D3608016%26name%3D50pcs+carp+fishing+accessory HTTP/1.1" 200 23867 "-" "Mozilla/5.0 (Linux; Android 6.0.1; Nexus 5X Build/MMB29P) AppleWebKit/537.36 (KHTML, like Gecko) Chrome/136.0.7103.113 Mobile Safari/537.36 (compatible; Googlebot/2.1; +http://www.google.com/bot.html)"
66.249.64.131 - - [13/Jun/2025:09:16:46 -0400] "GET /?d=18434575260&filter=fd45ef&share_to_url=shopdetail.php%3Fid%3D626528%26name%3Dstar+wars+express HTTP/1.1" 200 23586 "-" "Mozilla/5.0 (Linux; Android 6.0.1; Nexus 5X Build/MMB29P) AppleWebKit/537.36 (KHTML, like Gecko) Chrome/136.0.7103.113 Mobile Safari/537.36 (compatible; Googlebot/2.1; +http://www.google.com/bot.html)"
207.46.13.125 - - [13/Jun/2025:09:16:46 -0400] "GET /?d=14702671260&filter=5837f7&share_to_url=item.php%3Fid%3D501289%26name%3Dv+specific HTTP/1.1" 200 24804 "-" "Mozilla/5.0 AppleWebKit/537.36 (KHTML, like Gecko; compatible; bingbot/2.0; +http://www.bing.com/bingbot.htm) Chrome/116.0.1938.76 Safari/537.36"
66.249.64.5 - - [13/Jun/2025:09:16:47 -0400] "GET /?d=97558748260&filter=16dc78&share_to_url=ideas.php%3Fid%3D3305868%26name%3Dkela+mor+gor+jalebi HTTP/1.1" 200 22731 "-" "Mozilla/5.0 (Linux; Android 6.0.1; Nexus 5X Build/MMB29P) AppleWebKit/537.36 (KHTML, like Gecko) Chrome/136.0.7103.113 Mobile Safari/537.36 (compatible; Googlebot/2.1; +http://www.google.com/bot.html)"
66.249.64.132 - - [13/Jun/2025:09:16:48 -0400] "GET /?d=89024892260&filter=d07a8e&share_to_url=product-page.php%3Fid%3D3017188%26name%3Dbdo+fashion+wizard+grunil HTTP/1.1" 200 22555 "-" "Mozilla/5.0 (Linux; Android 6.0.1; Nexus 5X Build/MMB29P) AppleWebKit/537.36 (KHTML, like Gecko) Chrome/136.0.7103.113 Mobile Safari/537.36 (compatible; Googlebot/2.1; +http://www.google.com/bot.html)"
66.249.64.5 - - [13/Jun/2025:09:16:50 -0400] "GET /?d=112694917260&filter=b00edb&share_to_url=goods.php%3Fid%3D3817103%26name%3Dnikon+ed+200mm HTTP/1.1" 200 22879 "-" "Mozilla/5.0 (Linux; Android 6.0.1; Nexus 5X Build/MMB29P) AppleWebKit/537.36 (KHTML, like Gecko) Chrome/136.0.7103.113 Mobile Safari/537.36 (compatible; Googlebot/2.1; +http://www.google.com/bot.html)"
66.249.64.131 - - [13/Jun/2025:09:16:53 -0400] "GET /?d=115382437260&filter=6624f9&share_to_url=model.php%3Fid%3D3907311%26name%3Dwholesale+kaka+hot+style+waterproof HTTP/1.1" 200 23487 "-" "Mozilla/5.0 (Linux; Android 6.0.1; Nexus 5X Build/MMB29P) AppleWebKit/537.36 (KHTML, like Gecko) Chrome/136.0.7103.113 Mobile Safari/537.36 (compatible; Googlebot/2.1; +http://www.google.com/bot.html)"
66.249.64.6 - - [13/Jun/2025:09:16:53 -0400] "GET /?d=107671598260&filter=02899f&share_to_url=goods.php%3Fid%3D3645935%26name%3Dsingam+non+stop+comedy HTTP/1.1" 200 23228 "-" "Mozilla/5.0 (Linux; Android 6.0.1; Nexus 5X Build/MMB29P) AppleWebKit/537.36 (KHTML, like Gecko) Chrome/136.0.7103.113 Mobile Safari/537.36 (compatible; Googlebot/2.1; +http://www.google.com/bot.html)"
66.249.64.131 - - [13/Jun/2025:09:16:54 -0400] "GET /?d=18569539260&filter=fd45ef&share_to_url=shop.php%3Fid%3D631003%26name%3Dsimulator+racing+vr+games+virtual HTTP/1.1" 200 24030 "-" "Mozilla/5.0 (Linux; Android 6.0.1; Nexus 5X Build/MMB29P) AppleWebKit/537.36 (KHTML, like Gecko) Chrome/136.0.7103.113 Mobile Safari/537.36 (compatible; Googlebot/2.1; +http://www.google.com/bot.html)"
52.167.144.194 - - [13/Jun/2025:09:16:54 -0400] "GET /?d=101942229260&filter=0b0473&share_to_url=discover.php%3Fid%3D3455765%26name%3Dboogie+sterile+and+non+medicated HTTP/1.1" 200 22657 "-" "Mozilla/5.0 AppleWebKit/537.36 (KHTML, like Gecko; compatible; bingbot/2.0; +http://www.bing.com/bingbot.htm) Chrome/116.0.1938.76 Safari/537.36"
52.167.144.194 - - [13/Jun/2025:09:16:55 -0400] "GET /?d=21125613260&filter=6f993e&share_to_url=ideas.php%3Fid%3D717120%26name%3Drockshox+sidluxe HTTP/1.1" 200 22909 "-" "Mozilla/5.0 AppleWebKit/537.36 (KHTML, like Gecko; compatible; bingbot/2.0; +http://www.bing.com/bingbot.htm) Chrome/116.0.1938.76 Safari/537.36"
66.249.64.6 - - [13/Jun/2025:09:16:55 -0400] "GET /?d=90337456260&filter=9b64ac&share_to_url=product-page.php%3Fid%3D3061540%26name%3Djeans+buenos+y+baratos HTTP/1.1" 200 24488 "-" "Mozilla/5.0 (Linux; Android 6.0.1; Nexus 5X Build/MMB29P) AppleWebKit/537.36 (KHTML, like Gecko) Chrome/136.0.7103.113 Mobile Safari/537.36 (compatible; Googlebot/2.1; +http://www.google.com/bot.html)"
52.167.144.194 - - [13/Jun/2025:09:16:56 -0400] "GET /?d=86718742260&filter=6a0c50&share_to_url=ideas.php%3Fid%3D2938056%26name%3Dmaine+halter HTTP/1.1" 200 23021 "-" "Mozilla/5.0 AppleWebKit/537.36 (KHTML, like Gecko; compatible; bingbot/2.0; +http://www.bing.com/bingbot.htm) Chrome/116.0.1938.76 Safari/537.36"
66.249.64.132 - - [13/Jun/2025:09:16:57 -0400] "GET /?d=105057909260&filter=b0f8bb&share_to_url=discover.php%3Fid%3D3559325%26name%3Dmedical+epilepsy+identification HTTP/1.1" 200 23238 "-" "Mozilla/5.0 (Linux; Android 6.0.1; Nexus 5X Build/MMB29P) AppleWebKit/537.36 (KHTML, like Gecko) Chrome/136.0.7103.113 Mobile Safari/537.36 (compatible; Googlebot/2.1; +http://www.google.com/bot.html)"
66.249.64.5 - - [13/Jun/2025:09:16:59 -0400] "GET /?d=113682683260&filter=f4b633&share_to_url=product-page.php%3Fid%3D3849808%26name%3Dcoaster+bucknell+piece+natural+tan HTTP/1.1" 200 23620 "-" "Mozilla/5.0 (Linux; Android 6.0.1; Nexus 5X Build/MMB29P) AppleWebKit/537.36 (KHTML, like Gecko) Chrome/136.0.7103.113 Mobile Safari/537.36 (compatible; Googlebot/2.1; +http://www.google.com/bot.html)"
66.249.64.5 - - [13/Jun/2025:09:17:02 -0400] "GET /?d=91638551260&filter=20c71b&share_to_url=discover.php%3Fid%3D3105257%26name%3Dstores+that+use+afterpay HTTP/1.1" 200 24153 "-" "Mozilla/5.0 (Linux; Android 6.0.1; Nexus 5X Build/MMB29P) AppleWebKit/537.36 (KHTML, like Gecko) Chrome/136.0.7103.113 Mobile Safari/537.36 (compatible; Googlebot/2.1; +http://www.google.com/bot.html)"
66.249.64.6 - - [13/Jun/2025:09:17:02 -0400] "GET /?d=93120746260&filter=75d149&share_to_url=goods.php%3Fid%3D3155051%26name%3Djngsa+plus+size+dress+for HTTP/1.1" 200 23892 "-" "Mozilla/5.0 (Linux; Android 6.0.1; Nexus 5X Build/MMB29P) AppleWebKit/537.36 (KHTML, like Gecko) Chrome/136.0.7103.113 Mobile Safari/537.36 (compatible; Googlebot/2.1; +http://www.google.com/bot.html)"
207.46.13.153 - - [13/Jun/2025:09:17:03 -0400] "GET /?d=92155406260&filter=363c48&share_to_url=article.php%3Fid%3D3121826%26name%3Dnwt+michael+kors+hamilton HTTP/1.1" 200 23090 "-" "Mozilla/5.0 AppleWebKit/537.36 (KHTML, like Gecko; compatible; bingbot/2.0; +http://www.bing.com/bingbot.htm) Chrome/116.0.1938.76 Safari/537.36"
66.249.64.5 - - [13/Jun/2025:09:17:04 -0400] "GET /?d=92372341260&filter=cb3c4a&share_to_url=item.php%3Fid%3D3129313%26name%3Dafdah+a+podcast+on+spotify HTTP/1.1" 200 22730 "-" "Mozilla/5.0 (Linux; Android 6.0.1; Nexus 5X Build/MMB29P) AppleWebKit/537.36 (KHTML, like Gecko) Chrome/136.0.7103.113 Mobile Safari/537.36 (compatible; Googlebot/2.1; +http://www.google.com/bot.html)"
207.46.13.153 - - [13/Jun/2025:09:17:05 -0400] "GET /?d=100667094260&filter=469540&share_to_url=discover.php%3Fid%3D3412025%26name%3Ddumbbell+set+10kg+dumbbells HTTP/1.1" 200 23373 "-" "Mozilla/5.0 AppleWebKit/537.36 (KHTML, like Gecko; compatible; bingbot/2.0; +http://www.bing.com/bingbot.htm) Chrome/116.0.1938.76 Safari/537.36"
52.167.144.169 - - [13/Jun/2025:09:17:06 -0400] "GET /?d=110087105260&filter=1f5f6f&share_to_url=item.php%3Fid%3D3725977%26name%3Dnew+trp+rg957+dual+pivot HTTP/1.1" 200 22497 "-" "Mozilla/5.0 AppleWebKit/537.36 (KHTML, like Gecko; compatible; bingbot/2.0; +http://www.bing.com/bingbot.htm) Chrome/116.0.1938.76 Safari/537.36"
66.249.64.5 - - [13/Jun/2025:09:17:06 -0400] "GET /?d=116204050260&filter=995e37&share_to_url=model.php%3Fid%3D3935403%26name%3Djean+louis+scherrer+bracelet HTTP/1.1" 200 23025 "-" "Mozilla/5.0 (Linux; Android 6.0.1; Nexus 5X Build/MMB29P) AppleWebKit/537.36 (KHTML, like Gecko) Chrome/136.0.7103.113 Mobile Safari/537.36 (compatible; Googlebot/2.1; +http://www.google.com/bot.html)"
66.249.64.5 - - [13/Jun/2025:09:17:09 -0400] "GET /?d=91706250260&filter=968bb9&share_to_url=product-page.php%3Fid%3D3107500%26name%3D250+ecuador+olympic HTTP/1.1" 200 24972 "-" "Mozilla/5.0 (Linux; Android 6.0.1; Nexus 5X Build/MMB29P) AppleWebKit/537.36 (KHTML, like Gecko) Chrome/136.0.7103.113 Mobile Safari/537.36 (compatible; Googlebot/2.1; +http://www.google.com/bot.html)"
207.46.13.125 - - [13/Jun/2025:09:17:12 -0400] "GET /?d=33575679260&filter=fd45ef&share_to_url=shopdetail.php%3Fid%3D1141796%26name%3Delectronic+toys+in HTTP/1.1" 200 24471 "-" "Mozilla/5.0 AppleWebKit/537.36 (KHTML, like Gecko; compatible; bingbot/2.0; +http://www.bing.com/bingbot.htm) Chrome/116.0.1938.76 Safari/537.36"
66.249.64.5 - - [13/Jun/2025:09:17:12 -0400] "GET /?d=112375643260&filter=6c80e4&share_to_url=item.php%3Fid%3D3806353%26name%3Dusain+bolt+t HTTP/1.1" 200 24010 "-" "Mozilla/5.0 (Linux; Android 6.0.1; Nexus 5X Build/MMB29P) AppleWebKit/537.36 (KHTML, like Gecko) Chrome/136.0.7103.113 Mobile Safari/537.36 (compatible; Googlebot/2.1; +http://www.google.com/bot.html)"
66.249.64.5 - - [13/Jun/2025:09:17:15 -0400] "GET /?d=86663413260&filter=74e00d&share_to_url=product.php%3Fid%3D2936326%26name%3Done+or+my+favorite HTTP/1.1" 200 24162 "-" "Mozilla/5.0 (Linux; Android 6.0.1; Nexus 5X Build/MMB29P) AppleWebKit/537.36 (KHTML, like Gecko) Chrome/136.0.7103.113 Mobile Safari/537.36 (compatible; Googlebot/2.1; +http://www.google.com/bot.html)"
66.249.64.5 - - [13/Jun/2025:09:17:15 -0400] "GET /?d=91114288260&filter=a4c9b9&share_to_url=shop.php%3Fid%3D3087907%26name%3Detymology+dictionary+ellen HTTP/1.1" 200 23420 "-" "Mozilla/5.0 (Linux; Android 6.0.1; Nexus 5X Build/MMB29P) AppleWebKit/537.36 (KHTML, like Gecko) Chrome/136.0.7103.113 Mobile Safari/537.36 (compatible; Googlebot/2.1; +http://www.google.com/bot.html)"
52.167.144.169 - - [13/Jun/2025:09:17:16 -0400] "GET /?d=56680986260&filter=271d11&share_to_url=product.php%3Fid%3D1924534%26name%3Droze+store+adidas HTTP/1.1" 200 23746 "-" "Mozilla/5.0 AppleWebKit/537.36 (KHTML, like Gecko; compatible; bingbot/2.0; +http://www.bing.com/bingbot.htm) Chrome/116.0.1938.76 Safari/537.36"
52.167.144.188 - - [13/Jun/2025:09:17:16 -0400] "GET /?d=98991149260&filter=1066c7&share_to_url=discover.php%3Fid%3D3354929%26name%3Drolex+oyster+perpetual+15200 HTTP/1.1" 200 23362 "-" "Mozilla/5.0 AppleWebKit/537.36 (KHTML, like Gecko; compatible; bingbot/2.0; +http://www.bing.com/bingbot.htm) Chrome/116.0.1938.76 Safari/537.36"
52.167.144.188 - - [13/Jun/2025:09:17:17 -0400] "GET /?d=98454825260&filter=58ce6a&share_to_url=shop.php%3Fid%3D3336631%26name%3Dle+centre+commercial+namurois HTTP/1.1" 200 23908 "-" "Mozilla/5.0 AppleWebKit/537.36 (KHTML, like Gecko; compatible; bingbot/2.0; +http://www.bing.com/bingbot.htm) Chrome/116.0.1938.76 Safari/537.36"
66.249.64.5 - - [13/Jun/2025:09:17:17 -0400] "GET /?d=108868042260&filter=856393&share_to_url=discover.php%3Fid%3D3685853%26name%3Dyves+saint+laurent+rive+gauche HTTP/1.1" 200 22238 "-" "Mozilla/5.0 (Linux; Android 6.0.1; Nexus 5X Build/MMB29P) AppleWebKit/537.36 (KHTML, like Gecko) Chrome/136.0.7103.113 Mobile Safari/537.36 (compatible; Googlebot/2.1; +http://www.google.com/bot.html)"
52.167.144.204 - - [13/Jun/2025:09:17:18 -0400] "GET /?d=89179538260&filter=df484e&share_to_url=article.php%3Fid%3D3022958%26name%3Dsalom%C3%A9s+dor%C3%A9es+et+argent%C3%A9es+%C3%A0 HTTP/1.1" 200 24491 "-" "Mozilla/5.0 AppleWebKit/537.36 (KHTML, like Gecko; compatible; bingbot/2.0; +http://www.bing.com/bingbot.htm) Chrome/116.0.1938.76 Safari/537.36"
52.167.144.188 - - [13/Jun/2025:09:17:18 -0400] "GET /?d=87798888260&filter=6f69da&share_to_url=product.php%3Fid%3D2975266%26name%3Dgirls+crocs+top HTTP/1.1" 200 23937 "-" "Mozilla/5.0 AppleWebKit/537.36 (KHTML, like Gecko; compatible; bingbot/2.0; +http://www.bing.com/bingbot.htm) Chrome/116.0.1938.76 Safari/537.36"
52.167.144.204 - - [13/Jun/2025:09:17:20 -0400] "GET /?d=94019401260&filter=01899d&share_to_url=article.php%3Fid%3D3185498%26name%3Dgucci+pink+soho+disco HTTP/1.1" 200 22864 "-" "Mozilla/5.0 AppleWebKit/537.36 (KHTML, like Gecko; compatible; bingbot/2.0; +http://www.bing.com/bingbot.htm) Chrome/116.0.1938.76 Safari/537.36"
66.249.64.5 - - [13/Jun/2025:09:17:20 -0400] "GET /?d=100109538260&filter=ee0841&share_to_url=product-page.php%3Fid%3D3392860%26name%3Dsoldado+romano+armadura+escutum+g%C3%A1lico HTTP/1.1" 200 24127 "-" "Mozilla/5.0 (Linux; Android 6.0.1; Nexus 5X Build/MMB29P) AppleWebKit/537.36 (KHTML, like Gecko) Chrome/136.0.7103.113 Mobile Safari/537.36 (compatible; Googlebot/2.1; +http://www.google.com/bot.html)"
66.249.64.5 - - [13/Jun/2025:09:17:23 -0400] "GET /?d=108600628260&filter=fefd24&share_to_url=product-page.php%3Fid%3D3677092%26name%3Dshamballa+18k+white+gold HTTP/1.1" 200 22796 "-" "Mozilla/5.0 (Linux; Android 6.0.1; Nexus 5X Build/MMB29P) AppleWebKit/537.36 (KHTML, like Gecko) Chrome/136.0.7103.113 Mobile Safari/537.36 (compatible; Googlebot/2.1; +http://www.google.com/bot.html)"
52.167.144.169 - - [13/Jun/2025:09:17:25 -0400] "GET /?d=88950845260&filter=bd924d&share_to_url=detail.php%3Fid%3D3014805%26name%3D2025+salomon+s+lab HTTP/1.1" 200 23087 "-" "Mozilla/5.0 AppleWebKit/537.36 (KHTML, like Gecko; compatible; bingbot/2.0; +http://www.bing.com/bingbot.htm) Chrome/116.0.1938.76 Safari/537.36"
66.249.64.5 - - [13/Jun/2025:09:17:26 -0400] "GET /?d=107443821260&filter=613fe7&share_to_url=model.php%3Fid%3D3638823%26name%3Djackets+woodland+tactical HTTP/1.1" 200 23771 "-" "Mozilla/5.0 (Linux; Android 6.0.1; Nexus 5X Build/MMB29P) AppleWebKit/537.36 (KHTML, like Gecko) Chrome/136.0.7103.113 Mobile Safari/537.36 (compatible; Googlebot/2.1; +http://www.google.com/bot.html)"
207.46.13.153 - - [13/Jun/2025:09:17:26 -0400] "GET /?d=87184457260&filter=705f8c&share_to_url=article.php%3Fid%3D2954642%26name%3Ddrive+chain+420+102 HTTP/1.1" 200 24242 "-" "Mozilla/5.0 AppleWebKit/537.36 (KHTML, like Gecko; compatible; bingbot/2.0; +http://www.bing.com/bingbot.htm) Chrome/116.0.1938.76 Safari/537.36"
66.249.64.5 - - [13/Jun/2025:09:17:29 -0400] "GET /?d=108720472260&filter=dbe72e&share_to_url=goods.php%3Fid%3D3681155%26name%3Dmartens+doc+1460+j HTTP/1.1" 200 22112 "-" "Mozilla/5.0 (Linux; Android 6.0.1; Nexus 5X Build/MMB29P) AppleWebKit/537.36 (KHTML, like Gecko) Chrome/136.0.7103.113 Mobile Safari/537.36 (compatible; Googlebot/2.1; +http://www.google.com/bot.html)"
66.249.64.5 - - [13/Jun/2025:09:17:31 -0400] "GET /?d=93977533260&filter=7bde5e&share_to_url=product-page.php%3Fid%3D3184120%26name%3Dincase+shop+range+backpack HTTP/1.1" 200 22680 "-" "Mozilla/5.0 (Linux; Android 6.0.1; Nexus 5X Build/MMB29P) AppleWebKit/537.36 (KHTML, like Gecko) Chrome/136.0.7103.113 Mobile Safari/537.36 (compatible; Googlebot/2.1; +http://www.google.com/bot.html)"
66.249.64.128 - - [13/Jun/2025:09:17:32 -0400] "GET /?d=97571523260&filter=435636&share_to_url=discover.php%3Fid%3D3306377%26name%3Dstar+wars+sith HTTP/1.1" 200 21950 "-" "Mozilla/5.0 (Linux; Android 6.0.1; Nexus 5X Build/MMB29P) AppleWebKit/537.36 (KHTML, like Gecko) Chrome/136.0.7103.113 Mobile Safari/537.36 (compatible; Googlebot/2.1; +http://www.google.com/bot.html)"
66.249.64.5 - - [13/Jun/2025:09:17:34 -0400] "GET /?d=100722594260&filter=14d9f6&share_to_url=shop.php%3Fid%3D3413743%26name%3Dmizuno+x+edwin HTTP/1.1" 200 23274 "-" "Mozilla/5.0 (Linux; Android 6.0.1; Nexus 5X Build/MMB29P) AppleWebKit/537.36 (KHTML, like Gecko) Chrome/136.0.7103.113 Mobile Safari/537.36 (compatible; Googlebot/2.1; +http://www.google.com/bot.html)"
52.167.144.194 - - [13/Jun/2025:09:17:34 -0400] "GET /?d=90068193260&filter=b3603f&share_to_url=item.php%3Fid%3D3052465%26name%3Dsrigs+intel+core+i5 HTTP/1.1" 200 23222 "-" "Mozilla/5.0 AppleWebKit/537.36 (KHTML, like Gecko; compatible; bingbot/2.0; +http://www.bing.com/bingbot.htm) Chrome/116.0.1938.76 Safari/537.36"
52.167.144.194 - - [13/Jun/2025:09:17:35 -0400] "GET /?d=118047365260&filter=05d6a9&share_to_url=discover.php%3Fid%3D3997625%26name%3Ddos+mujeres+jovenes+felices HTTP/1.1" 200 23971 "-" "Mozilla/5.0 AppleWebKit/537.36 (KHTML, like Gecko; compatible; bingbot/2.0; +http://www.bing.com/bingbot.htm) Chrome/116.0.1938.76 Safari/537.36"
66.249.64.5 - - [13/Jun/2025:09:17:35 -0400] "GET /?d=94587631260&filter=967b54&share_to_url=model.php%3Fid%3D3205035%26name%3Dainsworth+pet+nutrition+rachael HTTP/1.1" 200 22904 "-" "Mozilla/5.0 (Linux; Android 6.0.1; Nexus 5X Build/MMB29P) AppleWebKit/537.36 (KHTML, like Gecko) Chrome/136.0.7103.113 Mobile Safari/537.36 (compatible; Googlebot/2.1; +http://www.google.com/bot.html)"
52.167.144.204 - - [13/Jun/2025:09:17:35 -0400] "GET /?d=98724839260&filter=a4c9b9&share_to_url=item.php%3Fid%3D3345817%26name%3Dbad+boys+life HTTP/1.1" 200 23083 "-" "Mozilla/5.0 AppleWebKit/537.36 (KHTML, like Gecko; compatible; bingbot/2.0; +http://www.bing.com/bingbot.htm) Chrome/116.0.1938.76 Safari/537.36"
52.167.144.194 - - [13/Jun/2025:09:17:35 -0400] "GET /?d=102344518260&filter=c266f8&share_to_url=article.php%3Fid%3D3469238%26name%3Dwomen+disco+halloween+costume HTTP/1.1" 200 23291 "-" "Mozilla/5.0 AppleWebKit/537.36 (KHTML, like Gecko; compatible; bingbot/2.0; +http://www.bing.com/bingbot.htm) Chrome/116.0.1938.76 Safari/537.36"
52.167.144.194 - - [13/Jun/2025:09:17:36 -0400] "GET /?d=65772669260&filter=99857c&share_to_url=shopdetail.php%3Fid%3D2229968%26name%3Daangepaste+luxe+witte+bloemen HTTP/1.1" 200 24531 "-" "Mozilla/5.0 AppleWebKit/537.36 (KHTML, like Gecko; compatible; bingbot/2.0; +http://www.bing.com/bingbot.htm) Chrome/116.0.1938.76 Safari/537.36"
66.249.64.5 - - [13/Jun/2025:09:17:36 -0400] "GET /?d=90638970260&filter=8ad6ef&share_to_url=detail.php%3Fid%3D3071853%26name%3Di+love+mr HTTP/1.1" 200 24194 "-" "Mozilla/5.0 (Linux; Android 6.0.1; Nexus 5X Build/MMB29P) AppleWebKit/537.36 (KHTML, like Gecko) Chrome/136.0.7103.113 Mobile Safari/537.36 (compatible; Googlebot/2.1; +http://www.google.com/bot.html)"
52.167.144.194 - - [13/Jun/2025:09:17:37 -0400] "GET /?d=114361662260&filter=ab67d8&share_to_url=item.php%3Fid%3D3872641%26name%3Dformal+dining+room+hutch HTTP/1.1" 200 23951 "-" "Mozilla/5.0 AppleWebKit/537.36 (KHTML, like Gecko; compatible; bingbot/2.0; +http://www.bing.com/bingbot.htm) Chrome/116.0.1938.76 Safari/537.36"
52.167.144.188 - - [13/Jun/2025:09:17:38 -0400] "GET /?d=105380308260&filter=b0370e&share_to_url=discover.php%3Fid%3D3569825%26name%3Dled+fahrradleuchtenset+teilig+mit+akku HTTP/1.1" 200 22991 "-" "Mozilla/5.0 AppleWebKit/537.36 (KHTML, like Gecko; compatible; bingbot/2.0; +http://www.bing.com/bingbot.htm) Chrome/116.0.1938.76 Safari/537.36"
52.167.144.169 - - [13/Jun/2025:09:17:38 -0400] "GET /?d=17656607260&filter=bdaf2f&share_to_url=article.php%3Fid%3D600806%26name%3Dfidelio+console+roberto HTTP/1.1" 200 23012 "-" "Mozilla/5.0 AppleWebKit/537.36 (KHTML, like Gecko; compatible; bingbot/2.0; +http://www.bing.com/bingbot.htm) Chrome/116.0.1938.76 Safari/537.36"
52.167.144.169 - - [13/Jun/2025:09:17:39 -0400] "GET /?d=19832762260&filter=14708a&share_to_url=ideas.php%3Fid%3D673824%26name%3Dmens+red+cycling+socks HTTP/1.1" 200 24536 "-" "Mozilla/5.0 AppleWebKit/537.36 (KHTML, like Gecko; compatible; bingbot/2.0; +http://www.bing.com/bingbot.htm) Chrome/116.0.1938.76 Safari/537.36"
52.167.144.169 - - [13/Jun/2025:09:17:40 -0400] "GET /?d=107313873260&filter=95c78c&share_to_url=item.php%3Fid%3D3633997%26name%3Dvestido+bege+linha+anne HTTP/1.1" 200 23698 "-" "Mozilla/5.0 AppleWebKit/537.36 (KHTML, like Gecko; compatible; bingbot/2.0; +http://www.bing.com/bingbot.htm) Chrome/116.0.1938.76 Safari/537.36"
66.249.64.5 - - [13/Jun/2025:09:17:40 -0400] "GET /?d=93061598260&filter=c8e773&share_to_url=model.php%3Fid%3D3153087%26name%3Dtook+one+whole HTTP/1.1" 200 24364 "-" "Mozilla/5.0 (Linux; Android 6.0.1; Nexus 5X Build/MMB29P) AppleWebKit/537.36 (KHTML, like Gecko) Chrome/136.0.7103.113 Mobile Safari/537.36 (compatible; Googlebot/2.1; +http://www.google.com/bot.html)"
66.249.64.132 - - [13/Jun/2025:09:17:43 -0400] "GET /?d=114853457260&filter=03c587&share_to_url=detail.php%3Fid%3D3889125%26name%3Deco+canvas+shoulder HTTP/1.1" 200 24287 "-" "Mozilla/5.0 (Linux; Android 6.0.1; Nexus 5X Build/MMB29P) AppleWebKit/537.36 (KHTML, like Gecko) Chrome/136.0.7103.113 Mobile Safari/537.36 (compatible; Googlebot/2.1; +http://www.google.com/bot.html)"
66.249.64.6 - - [13/Jun/2025:09:17:43 -0400] "GET /?d=89605869260&filter=43f41d&share_to_url=detail.php%3Fid%3D3037137%26name%3Dbitto+properties HTTP/1.1" 200 23976 "-" "Mozilla/5.0 (Linux; Android 6.0.1; Nexus 5X Build/MMB29P) AppleWebKit/537.36 (KHTML, like Gecko) Chrome/136.0.7103.113 Mobile Safari/537.36 (compatible; Googlebot/2.1; +http://www.google.com/bot.html)"
52.167.144.194 - - [13/Jun/2025:09:17:44 -0400] "GET /?d=91936430260&filter=7c48f8&share_to_url=detail.php%3Fid%3D3114729%26name%3Dcher+luxe+borsa+media HTTP/1.1" 200 23291 "-" "Mozilla/5.0 AppleWebKit/537.36 (KHTML, like Gecko; compatible; bingbot/2.0; +http://www.bing.com/bingbot.htm) Chrome/116.0.1938.76 Safari/537.36"
66.249.64.132 - - [13/Jun/2025:09:17:44 -0400] "GET /?d=117011683260&filter=649af0&share_to_url=pin.php%3Fid%3D3962526%26name%3Ddamenuhr+scarlette+zeiger+datum+edelstahl+ros%C3%A9gold HTTP/1.1" 200 22924 "-" "Mozilla/5.0 (Linux; Android 6.0.1; Nexus 5X Build/MMB29P) AppleWebKit/537.36 (KHTML, like Gecko) Chrome/136.0.7103.113 Mobile Safari/537.36 (compatible; Googlebot/2.1; +http://www.google.com/bot.html)"
66.249.64.6 - - [13/Jun/2025:09:17:45 -0400] "GET /?d=89693703260&filter=80d279&share_to_url=shop.php%3Fid%3D3040075%26name%3Dhomemade+green+apple HTTP/1.1" 200 24438 "-" "Mozilla/5.0 (Linux; Android 6.0.1; Nexus 5X Build/MMB29P) AppleWebKit/537.36 (KHTML, like Gecko) Chrome/136.0.7103.113 Mobile Safari/537.36 (compatible; Googlebot/2.1; +http://www.google.com/bot.html)"
52.167.144.194 - - [13/Jun/2025:09:17:45 -0400] "GET /?d=109137861260&filter=3d3b19&share_to_url=discover.php%3Fid%3D3694673%26name%3Ddivas+shop+ropa+y HTTP/1.1" 200 24182 "-" "Mozilla/5.0 AppleWebKit/537.36 (KHTML, like Gecko; compatible; bingbot/2.0; +http://www.bing.com/bingbot.htm) Chrome/116.0.1938.76 Safari/537.36"
66.249.64.5 - - [13/Jun/2025:09:17:48 -0400] "GET /?d=113873443260&filter=353642&share_to_url=article.php%3Fid%3D3856682%26name%3Dmen+039+s+adidas HTTP/1.1" 200 23216 "-" "Mozilla/5.0 (Linux; Android 6.0.1; Nexus 5X Build/MMB29P) AppleWebKit/537.36 (KHTML, like Gecko) Chrome/136.0.7103.113 Mobile Safari/537.36 (compatible; Googlebot/2.1; +http://www.google.com/bot.html)"
66.249.64.5 - - [13/Jun/2025:09:17:49 -0400] "GET /?d=88677437260&filter=dbedf0&share_to_url=goods.php%3Fid%3D3005519%26name%3Dwts+1940+039+s+delbana+military+style HTTP/1.1" 200 23512 "-" "Mozilla/5.0 (Linux; Android 6.0.1; Nexus 5X Build/MMB29P) AppleWebKit/537.36 (KHTML, like Gecko) Chrome/136.0.7103.113 Mobile Safari/537.36 (compatible; Googlebot/2.1; +http://www.google.com/bot.html)"
66.249.64.6 - - [13/Jun/2025:09:17:51 -0400] "GET /?d=101126657260&filter=f5b74d&share_to_url=shop.php%3Fid%3D3428011%26name%3Dhigh+quality+shoes+galore HTTP/1.1" 200 24257 "-" "Mozilla/5.0 (Linux; Android 6.0.1; Nexus 5X Build/MMB29P) AppleWebKit/537.36 (KHTML, like Gecko) Chrome/136.0.7103.113 Mobile Safari/537.36 (compatible; Googlebot/2.1; +http://www.google.com/bot.html)"
66.249.64.131 - - [13/Jun/2025:09:17:53 -0400] "GET /?/css_2afddd5a36ce27199bca6b34e2ff151c/header__top-bar HTTP/1.1" 200 306 "https://churchmr.com/?d=97996283260&filter=ce52f2&share_to_url=shopdetail.php%3Fid%3D3320948%26name%3Dblack+leather+backpack+rick+owens" "Mozilla/5.0 (Linux; Android 6.0.1; Nexus 5X Build/MMB29P) AppleWebKit/537.36 (KHTML, like Gecko) Chrome/136.0.7103.113 Mobile Safari/537.36 (compatible; Googlebot/2.1; +http://www.google.com/bot.html)"
66.249.64.131 - - [13/Jun/2025:09:17:53 -0400] "GET /?d=87963849260&filter=3c96b6&share_to_url=pin.php%3Fid%3D2980530%26name%3Dborsa+le+chiquito+noeud+in HTTP/1.1" 200 22644 "-" "Mozilla/5.0 (Linux; Android 6.0.1; Nexus 5X Build/MMB29P) AppleWebKit/537.36 (KHTML, like Gecko) Chrome/136.0.7103.113 Mobile Safari/537.36 (compatible; Googlebot/2.1; +http://www.google.com/bot.html)"
66.249.64.5 - - [13/Jun/2025:09:17:54 -0400] "GET /?d=103531731260&filter=469540&share_to_url=detail.php%3Fid%3D3508197%26name%3Dpeloton+barre+class+review HTTP/1.1" 200 24052 "-" "Mozilla/5.0 (Linux; Android 6.0.1; Nexus 5X Build/MMB29P) AppleWebKit/537.36 (KHTML, like Gecko) Chrome/136.0.7103.113 Mobile Safari/537.36 (compatible; Googlebot/2.1; +http://www.google.com/bot.html)"
52.167.144.169 - - [13/Jun/2025:09:17:54 -0400] "GET /?d=35687936260&filter=953c46&share_to_url=discover.php%3Fid%3D1212341%26name%3Dfake+micro+sd HTTP/1.1" 200 24179 "-" "Mozilla/5.0 AppleWebKit/537.36 (KHTML, like Gecko; compatible; bingbot/2.0; +http://www.bing.com/bingbot.htm) Chrome/116.0.1938.76 Safari/537.36"
52.167.144.204 - - [13/Jun/2025:09:17:54 -0400] "GET /?d=110923344260&filter=577259&share_to_url=ideas.php%3Fid%3D3756228%26name%3Dava+white+pink+pastel HTTP/1.1" 200 23651 "-" "Mozilla/5.0 AppleWebKit/537.36 (KHTML, like Gecko; compatible; bingbot/2.0; +http://www.bing.com/bingbot.htm) Chrome/116.0.1938.76 Safari/537.36"
52.167.144.169 - - [13/Jun/2025:09:17:56 -0400] "GET /?d=111561127260&filter=c9be96&share_to_url=item.php%3Fid%3D3778285%26name%3Dlook+casual+73+outfits HTTP/1.1" 200 24329 "-" "Mozilla/5.0 AppleWebKit/537.36 (KHTML, like Gecko; compatible; bingbot/2.0; +http://www.bing.com/bingbot.htm) Chrome/116.0.1938.76 Safari/537.36"
66.249.64.6 - - [13/Jun/2025:09:17:57 -0400] "GET /?d=99883555260&filter=8408eb&share_to_url=discover.php%3Fid%3D3385229%26name%3Dgenuine+leather+laptop+sleeve+for HTTP/1.1" 200 23584 "-" "Mozilla/5.0 (Linux; Android 6.0.1; Nexus 5X Build/MMB29P) AppleWebKit/537.36 (KHTML, like Gecko) Chrome/136.0.7103.113 Mobile Safari/537.36 (compatible; Googlebot/2.1; +http://www.google.com/bot.html)"
52.167.144.169 - - [13/Jun/2025:09:17:57 -0400] "GET /?d=86611516260&filter=694186&share_to_url=pin.php%3Fid%3D2934570%26name%3Dnba+on+tbs+logo HTTP/1.1" 200 24729 "-" "Mozilla/5.0 AppleWebKit/537.36 (KHTML, like Gecko; compatible; bingbot/2.0; +http://www.bing.com/bingbot.htm) Chrome/116.0.1938.76 Safari/537.36"
66.249.64.131 - - [13/Jun/2025:09:17:57 -0400] "GET /?/css_2afddd5a36ce27199bca6b34e2ff151c/header__top-bar HTTP/1.1" 200 306 "https://churchmr.com/?d=95262896260&filter=275deb&share_to_url=shopdetail.php%3Fid%3D3227240%26name%3Dross+job+application+online+2024" "Mozilla/5.0 (Linux; Android 6.0.1; Nexus 5X Build/MMB29P) AppleWebKit/537.36 (KHTML, like Gecko) Chrome/136.0.7103.113 Mobile Safari/537.36 (compatible; Googlebot/2.1; +http://www.google.com/bot.html)"
66.249.64.5 - - [13/Jun/2025:09:17:58 -0400] "GET /?d=102932489260&filter=f4b633&share_to_url=pin.php%3Fid%3D3488394%26name%3Dsalg+herman+miller HTTP/1.1" 200 23095 "-" "Mozilla/5.0 (Linux; Android 6.0.1; Nexus 5X Build/MMB29P) AppleWebKit/537.36 (KHTML, like Gecko) Chrome/136.0.7103.113 Mobile Safari/537.36 (compatible; Googlebot/2.1; +http://www.google.com/bot.html)"
52.167.144.169 - - [13/Jun/2025:09:17:58 -0400] "GET /?d=10470996260&filter=71e9aa&share_to_url=discover.php%3Fid%3D359033%26name%3Dcanvas+medium+tote HTTP/1.1" 200 23070 "-" "Mozilla/5.0 AppleWebKit/537.36 (KHTML, like Gecko; compatible; bingbot/2.0; +http://www.bing.com/bingbot.htm) Chrome/116.0.1938.76 Safari/537.36"
66.249.64.131 - - [13/Jun/2025:09:17:59 -0400] "GET /?d=94071882260&filter=4d7b9c&share_to_url=model.php%3Fid%3D3187359%26name%3Dmore+weird+lego HTTP/1.1" 200 23102 "-" "Mozilla/5.0 (Linux; Android 6.0.1; Nexus 5X Build/MMB29P) AppleWebKit/537.36 (KHTML, like Gecko) Chrome/136.0.7103.113 Mobile Safari/537.36 (compatible; Googlebot/2.1; +http://www.google.com/bot.html)"
66.249.64.5 - - [13/Jun/2025:09:18:02 -0400] "GET /?d=95661353260&filter=b3e07f&share_to_url=goods.php%3Fid%3D3241199%26name%3Dthis+hack+gives HTTP/1.1" 200 25043 "-" "Mozilla/5.0 (Linux; Android 6.0.1; Nexus 5X Build/MMB29P) AppleWebKit/537.36 (KHTML, like Gecko) Chrome/136.0.7103.113 Mobile Safari/537.36 (compatible; Googlebot/2.1; +http://www.google.com/bot.html)"
207.46.13.153 - - [13/Jun/2025:09:18:04 -0400] "GET /?d=104567019260&filter=dd87d9&share_to_url=discover.php%3Fid%3D3543185%26name%3Dmoose+knuckles+original+3q+padded HTTP/1.1" 200 23227 "-" "Mozilla/5.0 AppleWebKit/537.36 (KHTML, like Gecko; compatible; bingbot/2.0; +http://www.bing.com/bingbot.htm) Chrome/116.0.1938.76 Safari/537.36"
66.249.64.5 - - [13/Jun/2025:09:18:04 -0400] "GET /?d=107095053260&filter=8de18d&share_to_url=product-page.php%3Fid%3D3626848%26name%3Dbirdy+bicycle+north+america HTTP/1.1" 200 22887 "-" "Mozilla/5.0 (Linux; Android 6.0.1; Nexus 5X Build/MMB29P) AppleWebKit/537.36 (KHTML, like Gecko) Chrome/136.0.7103.113 Mobile Safari/537.36 (compatible; Googlebot/2.1; +http://www.google.com/bot.html)"
52.167.144.194 - - [13/Jun/2025:09:18:04 -0400] "GET /?d=107009907260&filter=92edf0&share_to_url=article.php%3Fid%3D3624110%26name%3Dfalke+long+tights+w HTTP/1.1" 200 22449 "-" "Mozilla/5.0 AppleWebKit/537.36 (KHTML, like Gecko; compatible; bingbot/2.0; +http://www.bing.com/bingbot.htm) Chrome/116.0.1938.76 Safari/537.36"
52.167.144.194 - - [13/Jun/2025:09:18:05 -0400] "GET /?d=65784881260&filter=15d3b1&share_to_url=shopdetail.php%3Fid%3D2230376%26name%3Dwonder+washer+mini+clothes HTTP/1.1" 200 22623 "-" "Mozilla/5.0 AppleWebKit/537.36 (KHTML, like Gecko; compatible; bingbot/2.0; +http://www.bing.com/bingbot.htm) Chrome/116.0.1938.76 Safari/537.36"
66.249.64.5 - - [13/Jun/2025:09:18:07 -0400] "GET /?d=101160982260&filter=3b312b&share_to_url=item.php%3Fid%3D3429181%26name%3Ddecoraci%C3%B3n+de+bicicleta HTTP/1.1" 200 23520 "-" "Mozilla/5.0 (Linux; Android 6.0.1; Nexus 5X Build/MMB29P) AppleWebKit/537.36 (KHTML, like Gecko) Chrome/136.0.7103.113 Mobile Safari/537.36 (compatible; Googlebot/2.1; +http://www.google.com/bot.html)"
52.167.144.204 - - [13/Jun/2025:09:18:08 -0400] "GET /?d=95949243260&filter=b00edb&share_to_url=goods.php%3Fid%3D3250907%26name%3Dsony+handycam+usb+drivers HTTP/1.1" 200 23298 "-" "Mozilla/5.0 AppleWebKit/537.36 (KHTML, like Gecko; compatible; bingbot/2.0; +http://www.bing.com/bingbot.htm) Chrome/116.0.1938.76 Safari/537.36"
52.167.144.204 - - [13/Jun/2025:09:18:08 -0400] "GET /?d=103001163260&filter=bfc81f&share_to_url=item.php%3Fid%3D3490777%26name%3Dbenelli+launching+600cc+bike HTTP/1.1" 200 23153 "-" "Mozilla/5.0 AppleWebKit/537.36 (KHTML, like Gecko; compatible; bingbot/2.0; +http://www.bing.com/bingbot.htm) Chrome/116.0.1938.76 Safari/537.36"
66.249.64.5 - - [13/Jun/2025:09:18:10 -0400] "GET /?d=98900067260&filter=a19797&share_to_url=goods.php%3Fid%3D3351551%26name%3Demerald+lab+created+white+sapphire HTTP/1.1" 200 23666 "-" "Mozilla/5.0 (Linux; Android 6.0.1; Nexus 5X Build/MMB29P) AppleWebKit/537.36 (KHTML, like Gecko) Chrome/136.0.7103.113 Mobile Safari/537.36 (compatible; Googlebot/2.1; +http://www.google.com/bot.html)"
