66.249.64.5 - - [13/Jun/2025:09:05:11 -0400] "GET /?d=95916481260&filter=01758e&share_to_url=model.php%3Fid%3D3249687%26name%3Dcamioneta+y+caravana HTTP/1.1" 200 24677 "-" "Mozilla/5.0 (Linux; Android 6.0.1; Nexus 5X Build/MMB29P) AppleWebKit/537.36 (KHTML, like Gecko) Chrome/136.0.7103.113 Mobile Safari/537.36 (compatible; Googlebot/2.1; +http://www.google.com/bot.html)"
66.249.64.131 - - [13/Jun/2025:09:05:12 -0400] "GET /?d=102066947260&filter=31254a&share_to_url=shopdetail.php%3Fid%3D3459668%26name%3Dkollam+supreme+clearance HTTP/1.1" 200 22951 "-" "Mozilla/5.0 (Linux; Android 6.0.1; Nexus 5X Build/MMB29P) AppleWebKit/537.36 (KHTML, like Gecko) Chrome/136.0.7103.113 Mobile Safari/537.36 (compatible; Googlebot/2.1; +http://www.google.com/bot.html)"
66.249.64.5 - - [13/Jun/2025:09:05:13 -0400] "GET /?d=91755692260&filter=3d4903&share_to_url=shop.php%3Fid%3D3109195%26name%3Dropa+interior+de+ilusi%C3%B3n HTTP/1.1" 200 23723 "-" "Mozilla/5.0 (Linux; Android 6.0.1; Nexus 5X Build/MMB29P) AppleWebKit/537.36 (KHTML, like Gecko) Chrome/136.0.7103.113 Mobile Safari/537.36 (compatible; Googlebot/2.1; +http://www.google.com/bot.html)"
66.249.64.131 - - [13/Jun/2025:09:05:15 -0400] "GET /?d=62260934260&filter=2baa40&share_to_url=ideas.php%3Fid%3D2111172%26name%3Dmultiple+airlines+on+expedia HTTP/1.1" 200 22528 "-" "Mozilla/5.0 (Linux; Android 6.0.1; Nexus 5X Build/MMB29P) AppleWebKit/537.36 (KHTML, like Gecko) Chrome/136.0.7103.113 Mobile Safari/537.36 (compatible; Googlebot/2.1; +http://www.google.com/bot.html)"
66.249.64.5 - - [13/Jun/2025:09:05:15 -0400] "GET /?d=95029301260&filter=d9247f&share_to_url=pin.php%3Fid%3D3219726%26name%3Dtaking+the+leap+from HTTP/1.1" 200 24253 "-" "Mozilla/5.0 (Linux; Android 6.0.1; Nexus 5X Build/MMB29P) AppleWebKit/537.36 (KHTML, like Gecko) Chrome/136.0.7103.113 Mobile Safari/537.36 (compatible; Googlebot/2.1; +http://www.google.com/bot.html)"
40.77.167.255 - - [13/Jun/2025:09:05:16 -0400] "GET /?d=95152186260&filter=20ae0e&share_to_url=article.php%3Fid%3D3223610%26name%3Dalo+yoga+clearance+capri HTTP/1.1" 200 23185 "-" "Mozilla/5.0 AppleWebKit/537.36 (KHTML, like Gecko; compatible; bingbot/2.0; +http://www.bing.com/bingbot.htm) Chrome/116.0.1938.76 Safari/537.36"
66.249.64.131 - - [13/Jun/2025:09:05:16 -0400] "GET /?d=104945216260&filter=fd45ef&share_to_url=item.php%3Fid%3D3555505%26name%3Dgloue+wokashaka+magnetic+building+blocks+64 HTTP/1.1" 200 22494 "-" "Mozilla/5.0 (Linux; Android 6.0.1; Nexus 5X Build/MMB29P) AppleWebKit/537.36 (KHTML, like Gecko) Chrome/136.0.7103.113 Mobile Safari/537.36 (compatible; Googlebot/2.1; +http://www.google.com/bot.html)"
66.249.64.5 - - [13/Jun/2025:09:05:16 -0400] "GET /?d=108093010260&filter=57d610&share_to_url=detail.php%3Fid%3D3659685%26name%3Dacto+de+valor+2012 HTTP/1.1" 200 23624 "-" "Mozilla/5.0 (Linux; Android 6.0.1; Nexus 5X Build/MMB29P) AppleWebKit/537.36 (KHTML, like Gecko) Chrome/136.0.7103.113 Mobile Safari/537.36 (compatible; Googlebot/2.1; +http://www.google.com/bot.html)"
66.249.64.131 - - [13/Jun/2025:09:05:17 -0400] "GET /?d=107134932260&filter=95c78c&share_to_url=model.php%3Fid%3D3628119%26name%3Droupas+infantis+por+atacado HTTP/1.1" 200 24012 "-" "Mozilla/5.0 (Linux; Android 6.0.1; Nexus 5X Build/MMB29P) AppleWebKit/537.36 (KHTML, like Gecko) Chrome/136.0.7103.113 Mobile Safari/537.36 (compatible; Googlebot/2.1; +http://www.google.com/bot.html)"
66.249.64.131 - - [13/Jun/2025:09:05:17 -0400] "GET /?d=92377120260&filter=aa7737&share_to_url=pin.php%3Fid%3D3129474%26name%3Dtimberland+women+039+s+boots+size HTTP/1.1" 200 23991 "-" "Mozilla/5.0 (Linux; Android 6.0.1; Nexus 5X Build/MMB29P) AppleWebKit/537.36 (KHTML, like Gecko) Chrome/136.0.7103.113 Mobile Safari/537.36 (compatible; Googlebot/2.1; +http://www.google.com/bot.html)"
66.249.64.131 - - [13/Jun/2025:09:05:17 -0400] "GET /?d=108874486260&filter=4cc099&share_to_url=ideas.php%3Fid%3D3686076%26name%3Dcoche+cuna+para+beb%C3%89 HTTP/1.1" 200 24041 "-" "Mozilla/5.0 (Linux; Android 6.0.1; Nexus 5X Build/MMB29P) AppleWebKit/537.36 (KHTML, like Gecko) Chrome/136.0.7103.113 Mobile Safari/537.36 (compatible; Googlebot/2.1; +http://www.google.com/bot.html)"
66.249.64.5 - - [13/Jun/2025:09:05:17 -0400] "GET /?d=111177706260&filter=88b0bd&share_to_url=shop.php%3Fid%3D3764695%26name%3Dpierre+dumas+cheap+slip HTTP/1.1" 200 22473 "-" "Mozilla/5.0 (Linux; Android 6.0.1; Nexus 5X Build/MMB29P) AppleWebKit/537.36 (KHTML, like Gecko) Chrome/136.0.7103.113 Mobile Safari/537.36 (compatible; Googlebot/2.1; +http://www.google.com/bot.html)"
66.249.64.5 - - [13/Jun/2025:09:05:18 -0400] "GET /?d=99804805260&filter=bce36f&share_to_url=product-page.php%3Fid%3D3382528%26name%3Dsunnylife+support+base+for HTTP/1.1" 200 24149 "-" "Mozilla/5.0 (Linux; Android 6.0.1; Nexus 5X Build/MMB29P) AppleWebKit/537.36 (KHTML, like Gecko) Chrome/136.0.7103.113 Mobile Safari/537.36 (compatible; Googlebot/2.1; +http://www.google.com/bot.html)"
66.249.64.5 - - [13/Jun/2025:09:05:18 -0400] "GET /?d=93926475260&filter=50ca6e&share_to_url=product.php%3Fid%3D3182590%26name%3Dshein+sxy+solid+high+waist HTTP/1.1" 200 22565 "-" "Mozilla/5.0 (Linux; Android 6.0.1; Nexus 5X Build/MMB29P) AppleWebKit/537.36 (KHTML, like Gecko) Chrome/136.0.7103.113 Mobile Safari/537.36 (compatible; Googlebot/2.1; +http://www.google.com/bot.html)"
66.249.64.5 - - [13/Jun/2025:09:05:19 -0400] "GET /?d=110245011260&filter=3c6ceb&share_to_url=pin.php%3Fid%3D3731430%26name%3Danabela+de+discount HTTP/1.1" 200 23688 "-" "Mozilla/5.0 (Linux; Android 6.0.1; Nexus 5X Build/MMB29P) AppleWebKit/537.36 (KHTML, like Gecko) Chrome/136.0.7103.113 Mobile Safari/537.36 (compatible; Googlebot/2.1; +http://www.google.com/bot.html)"
66.249.64.131 - - [13/Jun/2025:09:05:20 -0400] "GET /?d=106844115260&filter=c7968e&share_to_url=article.php%3Fid%3D3618626%26name%3Dralph+lauren+jetty+2024 HTTP/1.1" 200 24491 "-" "Mozilla/5.0 (Linux; Android 6.0.1; Nexus 5X Build/MMB29P) AppleWebKit/537.36 (KHTML, like Gecko) Chrome/136.0.7103.113 Mobile Safari/537.36 (compatible; Googlebot/2.1; +http://www.google.com/bot.html)"
66.249.64.5 - - [13/Jun/2025:09:05:20 -0400] "GET /?d=112265797260&filter=500ad1&share_to_url=discover.php%3Fid%3D3802745%26name%3Dpantalon+tacticos+women+039+s HTTP/1.1" 200 22903 "-" "Mozilla/5.0 (Linux; Android 6.0.1; Nexus 5X Build/MMB29P) AppleWebKit/537.36 (KHTML, like Gecko) Chrome/136.0.7103.113 Mobile Safari/537.36 (compatible; Googlebot/2.1; +http://www.google.com/bot.html)"
66.249.64.131 - - [13/Jun/2025:09:05:20 -0400] "GET /?d=98318757260&filter=aeebcc&share_to_url=item.php%3Fid%3D3332005%26name%3Dwhat+stores+have+you+found HTTP/1.1" 200 23064 "-" "Mozilla/5.0 (Linux; Android 6.0.1; Nexus 5X Build/MMB29P) AppleWebKit/537.36 (KHTML, like Gecko) Chrome/136.0.7103.113 Mobile Safari/537.36 (compatible; Googlebot/2.1; +http://www.google.com/bot.html)"
66.249.64.6 - - [13/Jun/2025:09:05:22 -0400] "GET /?d=111116886260&filter=f4b633&share_to_url=shopdetail.php%3Fid%3D3762692%26name%3Disland+square+classic HTTP/1.1" 200 24710 "-" "Mozilla/5.0 (Linux; Android 6.0.1; Nexus 5X Build/MMB29P) AppleWebKit/537.36 (KHTML, like Gecko) Chrome/136.0.7103.113 Mobile Safari/537.36 (compatible; Googlebot/2.1; +http://www.google.com/bot.html)"
66.249.64.6 - - [13/Jun/2025:09:05:23 -0400] "GET /?d=97575429260&filter=ea87ba&share_to_url=model.php%3Fid%3D3306543%26name%3Dchakroun+watch+elegance+in HTTP/1.1" 200 23005 "-" "Mozilla/5.0 (Linux; Android 6.0.1; Nexus 5X Build/MMB29P) AppleWebKit/537.36 (KHTML, like Gecko) Chrome/136.0.7103.113 Mobile Safari/537.36 (compatible; Googlebot/2.1; +http://www.google.com/bot.html)"
66.249.64.131 - - [13/Jun/2025:09:05:23 -0400] "GET /?d=105620325260&filter=b45fad&share_to_url=shopdetail.php%3Fid%3D3577892%26name%3Dtimberland+middle+east+a HTTP/1.1" 200 22706 "-" "Mozilla/5.0 (Linux; Android 6.0.1; Nexus 5X Build/MMB29P) AppleWebKit/537.36 (KHTML, like Gecko) Chrome/136.0.7103.113 Mobile Safari/537.36 (compatible; Googlebot/2.1; +http://www.google.com/bot.html)"
52.167.144.136 - - [13/Jun/2025:09:05:24 -0400] "GET /?d=73546523260&filter=7bb540&share_to_url=pin.php%3Fid%3D2493054%26name%3D HTTP/1.1" 200 22671 "-" "Mozilla/5.0 AppleWebKit/537.36 (KHTML, like Gecko; compatible; bingbot/2.0; +http://www.bing.com/bingbot.htm) Chrome/116.0.1938.76 Safari/537.36"
66.249.64.5 - - [13/Jun/2025:09:05:25 -0400] "GET /?d=112410142260&filter=edc994&share_to_url=shop.php%3Fid%3D3807463%26name%3Dguess+schultertasche+davika+kunstfell HTTP/1.1" 200 23228 "-" "Mozilla/5.0 (Linux; Android 6.0.1; Nexus 5X Build/MMB29P) AppleWebKit/537.36 (KHTML, like Gecko) Chrome/136.0.7103.113 Mobile Safari/537.36 (compatible; Googlebot/2.1; +http://www.google.com/bot.html)"
66.249.64.131 - - [13/Jun/2025:09:05:25 -0400] "GET /?d=109892325260&filter=b70501&share_to_url=discover.php%3Fid%3D3719429%26name%3Dthe+brewers+team+store+at HTTP/1.1" 200 23518 "-" "Mozilla/5.0 (Linux; Android 6.0.1; Nexus 5X Build/MMB29P) AppleWebKit/537.36 (KHTML, like Gecko) Chrome/136.0.7103.113 Mobile Safari/537.36 (compatible; Googlebot/2.1; +http://www.google.com/bot.html)"
66.249.64.6 - - [13/Jun/2025:09:05:26 -0400] "GET /?d=107900675260&filter=efc4d6&share_to_url=pin.php%3Fid%3D3653502%26name%3Dtressa+automatic+17+jewels HTTP/1.1" 200 23891 "-" "Mozilla/5.0 (Linux; Android 6.0.1; Nexus 5X Build/MMB29P) AppleWebKit/537.36 (KHTML, like Gecko) Chrome/136.0.7103.113 Mobile Safari/537.36 (compatible; Googlebot/2.1; +http://www.google.com/bot.html)"
66.249.64.131 - - [13/Jun/2025:09:05:27 -0400] "GET /?d=99439207260&filter=a56f57&share_to_url=goods.php%3Fid%3D3370271%26name%3Dchloe+eau HTTP/1.1" 200 22405 "-" "Mozilla/5.0 (Linux; Android 6.0.1; Nexus 5X Build/MMB29P) AppleWebKit/537.36 (KHTML, like Gecko) Chrome/136.0.7103.113 Mobile Safari/537.36 (compatible; Googlebot/2.1; +http://www.google.com/bot.html)"
66.249.64.6 - - [13/Jun/2025:09:05:28 -0400] "GET /?d=94648703260&filter=ea641e&share_to_url=product.php%3Fid%3D3207010%26name%3Dfacestudio+master+blush HTTP/1.1" 200 21992 "-" "Mozilla/5.0 (Linux; Android 6.0.1; Nexus 5X Build/MMB29P) AppleWebKit/537.36 (KHTML, like Gecko) Chrome/136.0.7103.113 Mobile Safari/537.36 (compatible; Googlebot/2.1; +http://www.google.com/bot.html)"
66.249.64.131 - - [13/Jun/2025:09:05:28 -0400] "GET /?d=95045334260&filter=036924&share_to_url=detail.php%3Fid%3D3220197%26name%3Dfashion+trends+from HTTP/1.1" 200 23166 "-" "Mozilla/5.0 (Linux; Android 6.0.1; Nexus 5X Build/MMB29P) AppleWebKit/537.36 (KHTML, like Gecko) Chrome/136.0.7103.113 Mobile Safari/537.36 (compatible; Googlebot/2.1; +http://www.google.com/bot.html)"
66.249.64.5 - - [13/Jun/2025:09:05:30 -0400] "GET /?d=109222885260&filter=593d11&share_to_url=model.php%3Fid%3D3697539%26name%3Ddunk+low+piece+laser+varsity HTTP/1.1" 200 23142 "-" "Mozilla/5.0 (Linux; Android 6.0.1; Nexus 5X Build/MMB29P) AppleWebKit/537.36 (KHTML, like Gecko) Chrome/136.0.7103.113 Mobile Safari/537.36 (compatible; Googlebot/2.1; +http://www.google.com/bot.html)"
207.46.13.156 - - [13/Jun/2025:09:05:30 -0400] "GET /?d=94176779260&filter=2b1037&share_to_url=article.php%3Fid%3D3191234%26name%3Dthe+most+popular+stars HTTP/1.1" 200 22972 "-" "Mozilla/5.0 AppleWebKit/537.36 (KHTML, like Gecko; compatible; bingbot/2.0; +http://www.bing.com/bingbot.htm) Chrome/116.0.1938.76 Safari/537.36"
66.249.64.6 - - [13/Jun/2025:09:05:30 -0400] "GET /?d=111553900260&filter=37fa66&share_to_url=detail.php%3Fid%3D3778077%26name%3Dchaquetas+informales+cmp HTTP/1.1" 200 24854 "-" "Mozilla/5.0 (Linux; Android 6.0.1; Nexus 5X Build/MMB29P) AppleWebKit/537.36 (KHTML, like Gecko) Chrome/136.0.7103.113 Mobile Safari/537.36 (compatible; Googlebot/2.1; +http://www.google.com/bot.html)"
66.249.64.132 - - [13/Jun/2025:09:05:31 -0400] "GET /?d=103935763260&filter=1f7643&share_to_url=ideas.php%3Fid%3D3521640%26name%3Dmachine+needle+hitting HTTP/1.1" 200 24568 "-" "Mozilla/5.0 (Linux; Android 6.0.1; Nexus 5X Build/MMB29P) AppleWebKit/537.36 (KHTML, like Gecko) Chrome/136.0.7103.113 Mobile Safari/537.36 (compatible; Googlebot/2.1; +http://www.google.com/bot.html)"
66.249.64.5 - - [13/Jun/2025:09:05:32 -0400] "GET /?d=113223071260&filter=38b690&share_to_url=article.php%3Fid%3D3834578%26name%3Dshorty+gainant+maintien HTTP/1.1" 200 23987 "-" "Mozilla/5.0 (Linux; Android 6.0.1; Nexus 5X Build/MMB29P) AppleWebKit/537.36 (KHTML, like Gecko) Chrome/136.0.7103.113 Mobile Safari/537.36 (compatible; Googlebot/2.1; +http://www.google.com/bot.html)"
52.167.144.136 - - [13/Jun/2025:09:05:32 -0400] "GET /?d=32828715260&filter=9b06fe&share_to_url=model.php%3Fid%3D1116471%26name%3Ddonjoy+arch+rival+one HTTP/1.1" 200 23275 "-" "Mozilla/5.0 AppleWebKit/537.36 (KHTML, like Gecko; compatible; bingbot/2.0; +http://www.bing.com/bingbot.htm) Chrome/116.0.1938.76 Safari/537.36"
52.167.144.136 - - [13/Jun/2025:09:05:33 -0400] "GET /?d=39973991260&filter=99857c&share_to_url=detail.php%3Fid%3D1357101%26name%3Dzeeman+meisjes+ondergoed+verkrijgbaar HTTP/1.1" 200 23175 "-" "Mozilla/5.0 AppleWebKit/537.36 (KHTML, like Gecko; compatible; bingbot/2.0; +http://www.bing.com/bingbot.htm) Chrome/116.0.1938.76 Safari/537.36"
66.249.64.5 - - [13/Jun/2025:09:05:33 -0400] "GET /?d=100200571260&filter=b0370e&share_to_url=detail.php%3Fid%3D3395937%26name%3Dshimano+105+r7000+optislick+shift HTTP/1.1" 200 22764 "-" "Mozilla/5.0 (Linux; Android 6.0.1; Nexus 5X Build/MMB29P) AppleWebKit/537.36 (KHTML, like Gecko) Chrome/136.0.7103.113 Mobile Safari/537.36 (compatible; Googlebot/2.1; +http://www.google.com/bot.html)"
66.249.64.131 - - [13/Jun/2025:09:05:33 -0400] "GET /?d=94342201260&filter=494c5b&share_to_url=model.php%3Fid%3D3197187%26name%3Dtravis+mathew+byob+top+for HTTP/1.1" 200 23140 "-" "Mozilla/5.0 (Linux; Android 6.0.1; Nexus 5X Build/MMB29P) AppleWebKit/537.36 (KHTML, like Gecko) Chrome/136.0.7103.113 Mobile Safari/537.36 (compatible; Googlebot/2.1; +http://www.google.com/bot.html)"
40.77.167.255 - - [13/Jun/2025:09:05:34 -0400] "GET /?d=111918328260&filter=7af24f&share_to_url=goods.php%3Fid%3D3790703%26name%3Dvego+appliances+ice+box HTTP/1.1" 200 23104 "-" "Mozilla/5.0 AppleWebKit/537.36 (KHTML, like Gecko; compatible; bingbot/2.0; +http://www.bing.com/bingbot.htm) Chrome/116.0.1938.76 Safari/537.36"
66.249.64.6 - - [13/Jun/2025:09:05:35 -0400] "GET /?d=110725618260&filter=1c3e5e&share_to_url=shop.php%3Fid%3D3748879%26name%3Desmart+srl+jbl+control HTTP/1.1" 200 22805 "-" "Mozilla/5.0 (Linux; Android 6.0.1; Nexus 5X Build/MMB29P) AppleWebKit/537.36 (KHTML, like Gecko) Chrome/136.0.7103.113 Mobile Safari/537.36 (compatible; Googlebot/2.1; +http://www.google.com/bot.html)"
66.249.64.5 - - [13/Jun/2025:09:05:36 -0400] "GET /?d=101202688260&filter=b00edb&share_to_url=product.php%3Fid%3D3430642%26name%3Dcanon+eos+hdmi+streaming+removing HTTP/1.1" 200 23065 "-" "Mozilla/5.0 (Linux; Android 6.0.1; Nexus 5X Build/MMB29P) AppleWebKit/537.36 (KHTML, like Gecko) Chrome/136.0.7103.113 Mobile Safari/537.36 (compatible; Googlebot/2.1; +http://www.google.com/bot.html)"
66.249.64.131 - - [13/Jun/2025:09:05:36 -0400] "GET /?d=116641635260&filter=7ffa06&share_to_url=product.php%3Fid%3D3949978%26name%3Dmannerly+mutts+certified+1157+cec HTTP/1.1" 200 22851 "-" "Mozilla/5.0 (Linux; Android 6.0.1; Nexus 5X Build/MMB29P) AppleWebKit/537.36 (KHTML, like Gecko) Chrome/136.0.7103.113 Mobile Safari/537.36 (compatible; Googlebot/2.1; +http://www.google.com/bot.html)"
66.249.64.6 - - [13/Jun/2025:09:05:37 -0400] "GET /?d=107175175260&filter=89626b&share_to_url=ideas.php%3Fid%3D3629448%26name%3Dphysical+home+security+with HTTP/1.1" 200 24077 "-" "Mozilla/5.0 (Linux; Android 6.0.1; Nexus 5X Build/MMB29P) AppleWebKit/537.36 (KHTML, like Gecko) Chrome/136.0.7103.113 Mobile Safari/537.36 (compatible; Googlebot/2.1; +http://www.google.com/bot.html)"
66.249.64.132 - - [13/Jun/2025:09:05:37 -0400] "GET /?d=96137506260&filter=cdc800&share_to_url=shopdetail.php%3Fid%3D3257204%26name%3Dset+of+short HTTP/1.1" 200 24985 "-" "Mozilla/5.0 (Linux; Android 6.0.1; Nexus 5X Build/MMB29P) AppleWebKit/537.36 (KHTML, like Gecko) Chrome/136.0.7103.113 Mobile Safari/537.36 (compatible; Googlebot/2.1; +http://www.google.com/bot.html)"
66.249.64.6 - - [13/Jun/2025:09:05:38 -0400] "GET /?d=88411320260&filter=b6fea1&share_to_url=model.php%3Fid%3D2996571%26name%3Dwomen+s+petite+glasses HTTP/1.1" 200 23050 "-" "Mozilla/5.0 (Linux; Android 6.0.1; Nexus 5X Build/MMB29P) AppleWebKit/537.36 (KHTML, like Gecko) Chrome/136.0.7103.113 Mobile Safari/537.36 (compatible; Googlebot/2.1; +http://www.google.com/bot.html)"
207.46.13.51 - - [13/Jun/2025:09:05:38 -0400] "GET /?d=56756269260&filter=66fc0b&share_to_url=pin.php%3Fid%3D1927122%26name%3Dmochila+cooler+copec HTTP/1.1" 200 22314 "-" "Mozilla/5.0 AppleWebKit/537.36 (KHTML, like Gecko; compatible; bingbot/2.0; +http://www.bing.com/bingbot.htm) Chrome/116.0.1938.76 Safari/537.36"
66.249.64.131 - - [13/Jun/2025:09:05:39 -0400] "GET /?d=16976720260&filter=f7abf7&share_to_url=goods.php%3Fid%3D579095%26name%3Dtory+burch+black+white+polka HTTP/1.1" 200 24253 "-" "Mozilla/5.0 (Linux; Android 6.0.1; Nexus 5X Build/MMB29P) AppleWebKit/537.36 (KHTML, like Gecko) Chrome/136.0.7103.113 Mobile Safari/537.36 (compatible; Googlebot/2.1; +http://www.google.com/bot.html)"
52.167.144.232 - - [13/Jun/2025:09:05:39 -0400] "GET /?d=100224746260&filter=151a9a&share_to_url=detail.php%3Fid%3D3396849%26name%3Dnew+balance+530+store+floral HTTP/1.1" 200 21412 "-" "Mozilla/5.0 AppleWebKit/537.36 (KHTML, like Gecko; compatible; bingbot/2.0; +http://www.bing.com/bingbot.htm) Chrome/116.0.1938.76 Safari/537.36"
207.46.13.51 - - [13/Jun/2025:09:05:39 -0400] "GET /?d=88274838260&filter=d6afcf&share_to_url=discover.php%3Fid%3D2991737%26name%3Daro+roval+traverse HTTP/1.1" 200 22144 "-" "Mozilla/5.0 AppleWebKit/537.36 (KHTML, like Gecko; compatible; bingbot/2.0; +http://www.bing.com/bingbot.htm) Chrome/116.0.1938.76 Safari/537.36"
66.249.64.5 - - [13/Jun/2025:09:05:40 -0400] "GET /?d=109955958260&filter=63784b&share_to_url=discover.php%3Fid%3D3721493%26name%3Dwhere+are+mechanical HTTP/1.1" 200 22803 "-" "Mozilla/5.0 (Linux; Android 6.0.1; Nexus 5X Build/MMB29P) AppleWebKit/537.36 (KHTML, like Gecko) Chrome/136.0.7103.113 Mobile Safari/537.36 (compatible; Googlebot/2.1; +http://www.google.com/bot.html)"
66.249.64.6 - - [13/Jun/2025:09:05:40 -0400] "GET /?d=99965336260&filter=d473fe&share_to_url=discover.php%3Fid%3D3387893%26name%3Dsneaker+vans+knu HTTP/1.1" 200 22734 "-" "Mozilla/5.0 (Linux; Android 6.0.1; Nexus 5X Build/MMB29P) AppleWebKit/537.36 (KHTML, like Gecko) Chrome/136.0.7103.113 Mobile Safari/537.36 (compatible; Googlebot/2.1; +http://www.google.com/bot.html)"
52.167.144.232 - - [13/Jun/2025:09:05:40 -0400] "GET /?d=114660843260&filter=c8e773&share_to_url=product-page.php%3Fid%3D3882712%26name%3Dplastic+blue+pvc HTTP/1.1" 200 24768 "-" "Mozilla/5.0 AppleWebKit/537.36 (KHTML, like Gecko; compatible; bingbot/2.0; +http://www.bing.com/bingbot.htm) Chrome/116.0.1938.76 Safari/537.36"
52.167.144.232 - - [13/Jun/2025:09:05:41 -0400] "GET /?d=101616062260&filter=1c8ef9&share_to_url=article.php%3Fid%3D3445238%26name%3Dporta+cellulare+integra+750 HTTP/1.1" 200 24009 "-" "Mozilla/5.0 AppleWebKit/537.36 (KHTML, like Gecko; compatible; bingbot/2.0; +http://www.bing.com/bingbot.htm) Chrome/116.0.1938.76 Safari/537.36"
207.46.13.51 - - [13/Jun/2025:09:05:41 -0400] "GET /?d=66104072260&filter=7bb540&share_to_url=shop.php%3Fid%3D2241019%26name%3Desperienza+unica+provo+un HTTP/1.1" 200 23110 "-" "Mozilla/5.0 AppleWebKit/537.36 (KHTML, like Gecko; compatible; bingbot/2.0; +http://www.bing.com/bingbot.htm) Chrome/116.0.1938.76 Safari/537.36"
52.167.144.232 - - [13/Jun/2025:09:05:42 -0400] "GET /?d=103934694260&filter=00a8d6&share_to_url=article.php?id=3521606&name=ashton%20apwcc%20acoustic HTTP/1.1" 200 23572 "-" "Mozilla/5.0 AppleWebKit/537.36 (KHTML, like Gecko; compatible; bingbot/2.0; +http://www.bing.com/bingbot.htm) Chrome/116.0.1938.76 Safari/537.36"
66.249.64.7 - - [13/Jun/2025:09:05:42 -0400] "GET /?d=95863525260&filter=b3ceb7&share_to_url=goods.php%3Fid%3D3248003%26name%3Dfor+lg+k62+2020 HTTP/1.1" 200 22795 "-" "Mozilla/5.0 (Linux; Android 6.0.1; Nexus 5X Build/MMB29P) AppleWebKit/537.36 (KHTML, like Gecko) Chrome/136.0.7103.113 Mobile Safari/537.36 (compatible; Googlebot/2.1; +http://www.google.com/bot.html)"
66.249.64.132 - - [13/Jun/2025:09:05:42 -0400] "GET /?d=102283963260&filter=eb5cd6&share_to_url=goods.php%3Fid%3D3467195%26name%3Dhow+to+get+spiral+curls HTTP/1.1" 200 23358 "-" "Mozilla/5.0 (Linux; Android 6.0.1; Nexus 5X Build/MMB29P) AppleWebKit/537.36 (KHTML, like Gecko) Chrome/136.0.7103.113 Mobile Safari/537.36 (compatible; Googlebot/2.1; +http://www.google.com/bot.html)"
52.167.144.216 - - [13/Jun/2025:09:05:42 -0400] "GET /?d=84995414260&filter=93ffb4&share_to_url=item.php%3Fid%3D2878753%26name%3Dbuy+pierre+cardin+marshal HTTP/1.1" 200 23434 "-" "Mozilla/5.0 AppleWebKit/537.36 (KHTML, like Gecko; compatible; bingbot/2.0; +http://www.bing.com/bingbot.htm) Chrome/116.0.1938.76 Safari/537.36"
66.249.64.6 - - [13/Jun/2025:09:05:42 -0400] "GET /?d=109516335260&filter=c19a1f&share_to_url=shopdetail.php%3Fid%3D3706928%26name%3Drolex+wynn HTTP/1.1" 200 23022 "-" "Mozilla/5.0 (Linux; Android 6.0.1; Nexus 5X Build/MMB29P) AppleWebKit/537.36 (KHTML, like Gecko) Chrome/136.0.7103.113 Mobile Safari/537.36 (compatible; Googlebot/2.1; +http://www.google.com/bot.html)"
207.46.13.51 - - [13/Jun/2025:09:05:43 -0400] "GET /?d=21627131260&filter=cb7031&share_to_url=goods.php%3Fid%3D733799%26name%3Dintersport+pac%C3%A9+les+nouveaux HTTP/1.1" 200 23319 "-" "Mozilla/5.0 AppleWebKit/537.36 (KHTML, like Gecko; compatible; bingbot/2.0; +http://www.bing.com/bingbot.htm) Chrome/116.0.1938.76 Safari/537.36"
52.167.144.216 - - [13/Jun/2025:09:05:43 -0400] "GET /?d=114219306260&filter=e8bd0f&share_to_url=item.php%3Fid%3D3867949%26name%3Daria+wedge+ankle+bootie HTTP/1.1" 200 22747 "-" "Mozilla/5.0 AppleWebKit/537.36 (KHTML, like Gecko; compatible; bingbot/2.0; +http://www.bing.com/bingbot.htm) Chrome/116.0.1938.76 Safari/537.36"
52.167.144.216 - - [13/Jun/2025:09:05:44 -0400] "GET /?d=46254670260&filter=6f993e&share_to_url=shop.php%3Fid%3D1569799%26name%3Dion+200+rt+front HTTP/1.1" 200 23314 "-" "Mozilla/5.0 AppleWebKit/537.36 (KHTML, like Gecko; compatible; bingbot/2.0; +http://www.bing.com/bingbot.htm) Chrome/116.0.1938.76 Safari/537.36"
66.249.64.5 - - [13/Jun/2025:09:05:44 -0400] "GET /?d=96030524260&filter=225350&share_to_url=product.php%3Fid%3D3253630%26name%3Dtavoli+in+pietralavica HTTP/1.1" 200 23722 "-" "Mozilla/5.0 (Linux; Android 6.0.1; Nexus 5X Build/MMB29P) AppleWebKit/537.36 (KHTML, like Gecko) Chrome/136.0.7103.113 Mobile Safari/537.36 (compatible; Googlebot/2.1; +http://www.google.com/bot.html)"
66.249.64.131 - - [13/Jun/2025:09:05:45 -0400] "GET /?d=117166374260&filter=b79e77&share_to_url=shopdetail.php%3Fid%3D3967928%26name%3Dgraphic+injection+print+blocked HTTP/1.1" 200 23890 "-" "Mozilla/5.0 (Linux; Android 6.0.1; Nexus 5X Build/MMB29P) AppleWebKit/537.36 (KHTML, like Gecko) Chrome/136.0.7103.113 Mobile Safari/537.36 (compatible; Googlebot/2.1; +http://www.google.com/bot.html)"
66.249.64.131 - - [13/Jun/2025:09:05:45 -0400] "GET /?d=118052590260&filter=e50ed8&share_to_url=item.php%3Fid%3D3997801%26name%3Dnike+white+shoes+shop+for HTTP/1.1" 200 22400 "-" "Mozilla/5.0 (Linux; Android 6.0.1; Nexus 5X Build/MMB29P) AppleWebKit/537.36 (KHTML, like Gecko) Chrome/136.0.7103.113 Mobile Safari/537.36 (compatible; Googlebot/2.1; +http://www.google.com/bot.html)"
66.249.64.5 - - [13/Jun/2025:09:05:45 -0400] "GET /?d=115085618260&filter=628e2a&share_to_url=ideas.php%3Fid%3D3897180%26name%3Djersey+mini+tea+dress HTTP/1.1" 200 22420 "-" "Mozilla/5.0 (Linux; Android 6.0.1; Nexus 5X Build/MMB29P) AppleWebKit/537.36 (KHTML, like Gecko) Chrome/136.0.7103.113 Mobile Safari/537.36 (compatible; Googlebot/2.1; +http://www.google.com/bot.html)"
66.249.64.5 - - [13/Jun/2025:09:05:46 -0400] "GET /?d=94984185260&filter=30f161&share_to_url=article.php%3Fid%3D3218222%26name%3Dberghaus+flt+pockets+m HTTP/1.1" 200 22681 "-" "Mozilla/5.0 (Linux; Android 6.0.1; Nexus 5X Build/MMB29P) AppleWebKit/537.36 (KHTML, like Gecko) Chrome/136.0.7103.113 Mobile Safari/537.36 (compatible; Googlebot/2.1; +http://www.google.com/bot.html)"
66.249.64.7 - - [13/Jun/2025:09:05:47 -0400] "GET /?d=100375021260&filter=65e9c5&share_to_url=goods.php%3Fid%3D3402131%26name%3Dwholesale+sensitive+cotton HTTP/1.1" 200 24468 "-" "Mozilla/5.0 (Linux; Android 6.0.1; Nexus 5X Build/MMB29P) AppleWebKit/537.36 (KHTML, like Gecko) Chrome/136.0.7103.113 Mobile Safari/537.36 (compatible; Googlebot/2.1; +http://www.google.com/bot.html)"
66.249.64.132 - - [13/Jun/2025:09:05:47 -0400] "GET /?d=104717722260&filter=1f865f&share_to_url=discover.php%3Fid%3D3548261%26name%3Dmsi+gaming+si+necesitas HTTP/1.1" 200 22961 "-" "Mozilla/5.0 (Linux; Android 6.0.1; Nexus 5X Build/MMB29P) AppleWebKit/537.36 (KHTML, like Gecko) Chrome/136.0.7103.113 Mobile Safari/537.36 (compatible; Googlebot/2.1; +http://www.google.com/bot.html)"
207.46.13.51 - - [13/Jun/2025:09:05:47 -0400] "GET /?d=59986880260&filter=7ffa06&share_to_url=product-page.php%3Fid%3D2035696%26name%3Dposter+walking+with HTTP/1.1" 200 23452 "-" "Mozilla/5.0 AppleWebKit/537.36 (KHTML, like Gecko; compatible; bingbot/2.0; +http://www.bing.com/bingbot.htm) Chrome/116.0.1938.76 Safari/537.36"
66.249.64.7 - - [13/Jun/2025:09:05:48 -0400] "GET /?d=116998249260&filter=ca372c&share_to_url=shopdetail.php%3Fid%3D3961976%26name%3Dlendo+algumas+ofertas+no HTTP/1.1" 200 24179 "-" "Mozilla/5.0 (Linux; Android 6.0.1; Nexus 5X Build/MMB29P) AppleWebKit/537.36 (KHTML, like Gecko) Chrome/136.0.7103.113 Mobile Safari/537.36 (compatible; Googlebot/2.1; +http://www.google.com/bot.html)"
207.46.13.156 - - [13/Jun/2025:09:05:49 -0400] "GET /?d=114850084260&filter=fd448a&share_to_url=detail.php%3Fid%3D3889029%26name%3Dforsake+driggs+winter HTTP/1.1" 200 22867 "-" "Mozilla/5.0 AppleWebKit/537.36 (KHTML, like Gecko; compatible; bingbot/2.0; +http://www.bing.com/bingbot.htm) Chrome/116.0.1938.76 Safari/537.36"
66.249.64.5 - - [13/Jun/2025:09:05:49 -0400] "GET /?d=10888359260&filter=8de18d&share_to_url=detail.php%3Fid%3D373173%26name%3Dcowboy+review+an+ebike HTTP/1.1" 200 23675 "-" "Mozilla/5.0 (Linux; Android 6.0.1; Nexus 5X Build/MMB29P) AppleWebKit/537.36 (KHTML, like Gecko) Chrome/136.0.7103.113 Mobile Safari/537.36 (compatible; Googlebot/2.1; +http://www.google.com/bot.html)"
66.249.64.131 - - [13/Jun/2025:09:05:50 -0400] "GET /?d=117187741260&filter=758412&share_to_url=discover.php%3Fid%3D3968717%26name%3Ddtc+brand+ooni HTTP/1.1" 200 23958 "-" "Mozilla/5.0 (Linux; Android 6.0.1; Nexus 5X Build/MMB29P) AppleWebKit/537.36 (KHTML, like Gecko) Chrome/136.0.7103.113 Mobile Safari/537.36 (compatible; Googlebot/2.1; +http://www.google.com/bot.html)"
66.249.64.5 - - [13/Jun/2025:09:05:51 -0400] "GET /?d=89235014260&filter=74e00d&share_to_url=pin.php%3Fid%3D3024774%26name%3Dparty+magic+shimmer+mist+and HTTP/1.1" 200 23772 "-" "Mozilla/5.0 (Linux; Android 6.0.1; Nexus 5X Build/MMB29P) AppleWebKit/537.36 (KHTML, like Gecko) Chrome/136.0.7103.113 Mobile Safari/537.36 (compatible; Googlebot/2.1; +http://www.google.com/bot.html)"
66.249.64.7 - - [13/Jun/2025:09:05:52 -0400] "GET /?d=95833118260&filter=96dd3e&share_to_url=goods.php%3Fid%3D3246923%26name%3Dabrigo+azul+para HTTP/1.1" 200 22773 "-" "Mozilla/5.0 (Linux; Android 6.0.1; Nexus 5X Build/MMB29P) AppleWebKit/537.36 (KHTML, like Gecko) Chrome/136.0.7103.113 Mobile Safari/537.36 (compatible; Googlebot/2.1; +http://www.google.com/bot.html)"
66.249.64.131 - - [13/Jun/2025:09:05:52 -0400] "GET /?d=95262896260&filter=275deb&share_to_url=shopdetail.php%3Fid%3D3227240%26name%3Dross+job+application+online+2024 HTTP/1.1" 200 23385 "-" "Mozilla/5.0 (Linux; Android 6.0.1; Nexus 5X Build/MMB29P) AppleWebKit/537.36 (KHTML, like Gecko) Chrome/136.0.7103.113 Mobile Safari/537.36 (compatible; Googlebot/2.1; +http://www.google.com/bot.html)"
52.167.144.136 - - [13/Jun/2025:09:05:53 -0400] "GET /?d=21315764260&filter=55b63a&share_to_url=pin.php%3Fid%3D723642%26name%3D2014+giant+trinity+composite HTTP/1.1" 200 22717 "-" "Mozilla/5.0 AppleWebKit/537.36 (KHTML, like Gecko; compatible; bingbot/2.0; +http://www.bing.com/bingbot.htm) Chrome/116.0.1938.76 Safari/537.36"
66.249.64.7 - - [13/Jun/2025:09:05:53 -0400] "GET /?d=97980945260&filter=f4b633&share_to_url=shopdetail.php%3Fid%3D3320468%26name%3Dmarvelux+36x48+heavy HTTP/1.1" 200 23411 "-" "Mozilla/5.0 (Linux; Android 6.0.1; Nexus 5X Build/MMB29P) AppleWebKit/537.36 (KHTML, like Gecko) Chrome/136.0.7103.113 Mobile Safari/537.36 (compatible; Googlebot/2.1; +http://www.google.com/bot.html)"
52.167.144.136 - - [13/Jun/2025:09:05:53 -0400] "GET /?d=97537705260&filter=319ac6&share_to_url=shopdetail.php%3Fid%3D3305204%26name%3Dpoison+ivy+face HTTP/1.1" 200 23097 "-" "Mozilla/5.0 AppleWebKit/537.36 (KHTML, like Gecko; compatible; bingbot/2.0; +http://www.bing.com/bingbot.htm) Chrome/116.0.1938.76 Safari/537.36"
52.167.144.136 - - [13/Jun/2025:09:05:54 -0400] "GET /?d=102513380260&filter=8928c2&share_to_url=article.php%3Fid%3D3474746%26name%3Dcreative+styling+how+to HTTP/1.1" 200 24307 "-" "Mozilla/5.0 AppleWebKit/537.36 (KHTML, like Gecko; compatible; bingbot/2.0; +http://www.bing.com/bingbot.htm) Chrome/116.0.1938.76 Safari/537.36"
66.249.64.131 - - [13/Jun/2025:09:05:55 -0400] "GET /?d=91377808260&filter=08fd38&share_to_url=product-page.php%3Fid%3D3096832%26name%3Dfossil+juliana+hr HTTP/1.1" 200 22640 "-" "Mozilla/5.0 (Linux; Android 6.0.1; Nexus 5X Build/MMB29P) AppleWebKit/537.36 (KHTML, like Gecko) Chrome/136.0.7103.113 Mobile Safari/537.36 (compatible; Googlebot/2.1; +http://www.google.com/bot.html)"
66.249.64.8 - - [13/Jun/2025:09:05:55 -0400] "GET /?d=97934907260&filter=fd5064&share_to_url=discover.php%3Fid%3D3319121%26name%3Dplaytex+baby+nurser+with HTTP/1.1" 200 23113 "-" "Mozilla/5.0 (Linux; Android 6.0.1; Nexus 5X Build/MMB29P) AppleWebKit/537.36 (KHTML, like Gecko) Chrome/136.0.7103.113 Mobile Safari/537.36 (compatible; Googlebot/2.1; +http://www.google.com/bot.html)"
66.249.64.131 - - [13/Jun/2025:09:05:55 -0400] "GET /?d=98065109260&filter=406720&share_to_url=model.php%3Fid%3D3323331%26name%3Dlarge+pink+fashion+earrings HTTP/1.1" 200 23212 "-" "Mozilla/5.0 (Linux; Android 6.0.1; Nexus 5X Build/MMB29P) AppleWebKit/537.36 (KHTML, like Gecko) Chrome/136.0.7103.113 Mobile Safari/537.36 (compatible; Googlebot/2.1; +http://www.google.com/bot.html)"
66.249.64.6 - - [13/Jun/2025:09:05:56 -0400] "GET /?d=113257446260&filter=df3478&share_to_url=pin.php%3Fid%3D3835794%26name%3Dnew+balance+top+bebe+baratas HTTP/1.1" 200 22270 "-" "Mozilla/5.0 (Linux; Android 6.0.1; Nexus 5X Build/MMB29P) AppleWebKit/537.36 (KHTML, like Gecko) Chrome/136.0.7103.113 Mobile Safari/537.36 (compatible; Googlebot/2.1; +http://www.google.com/bot.html)"
66.249.64.132 - - [13/Jun/2025:09:05:56 -0400] "GET /?d=107868223260&filter=1f7643&share_to_url=detail.php%3Fid%3D3652461%26name%3Dsnowman+sensory+bag HTTP/1.1" 200 24333 "-" "Mozilla/5.0 (Linux; Android 6.0.1; Nexus 5X Build/MMB29P) AppleWebKit/537.36 (KHTML, like Gecko) Chrome/136.0.7103.113 Mobile Safari/537.36 (compatible; Googlebot/2.1; +http://www.google.com/bot.html)"
66.249.64.8 - - [13/Jun/2025:09:05:56 -0400] "GET /?d=95729483260&filter=eef298&share_to_url=shopdetail.php%3Fid%3D3243416%26name%3Dmarcador+p+pizarra HTTP/1.1" 200 24090 "-" "Mozilla/5.0 (Linux; Android 6.0.1; Nexus 5X Build/MMB29P) AppleWebKit/537.36 (KHTML, like Gecko) Chrome/136.0.7103.113 Mobile Safari/537.36 (compatible; Googlebot/2.1; +http://www.google.com/bot.html)"
52.167.144.136 - - [13/Jun/2025:09:05:56 -0400] "GET /?d=104017671260&filter=4fcc39&share_to_url=discover.php%3Fid%3D3524489%26name%3Djual+zetex+plus HTTP/1.1" 200 24071 "-" "Mozilla/5.0 AppleWebKit/537.36 (KHTML, like Gecko; compatible; bingbot/2.0; +http://www.bing.com/bingbot.htm) Chrome/116.0.1938.76 Safari/537.36"
52.167.144.136 - - [13/Jun/2025:09:05:57 -0400] "GET /?d=99280622260&filter=90aab7&share_to_url=detail.php%3Fid%3D3364797%26name%3Dboba+classic+carrier+boba HTTP/1.1" 200 21763 "-" "Mozilla/5.0 AppleWebKit/537.36 (KHTML, like Gecko; compatible; bingbot/2.0; +http://www.bing.com/bingbot.htm) Chrome/116.0.1938.76 Safari/537.36"
66.249.64.131 - - [13/Jun/2025:09:05:58 -0400] "GET /?d=94052196260&filter=db202b&share_to_url=pin.php%3Fid%3D3186654%26name%3Dwrexham+match+day+live HTTP/1.1" 200 24697 "-" "Mozilla/5.0 (Linux; Android 6.0.1; Nexus 5X Build/MMB29P) AppleWebKit/537.36 (KHTML, like Gecko) Chrome/136.0.7103.113 Mobile Safari/537.36 (compatible; Googlebot/2.1; +http://www.google.com/bot.html)"
66.249.64.7 - - [13/Jun/2025:09:05:58 -0400] "GET /?d=98932693260&filter=3c0842&share_to_url=product-page.php%3Fid%3D3352612%26name%3Dhwa+1y3001+deals HTTP/1.1" 200 22978 "-" "Mozilla/5.0 (Linux; Android 6.0.1; Nexus 5X Build/MMB29P) AppleWebKit/537.36 (KHTML, like Gecko) Chrome/136.0.7103.113 Mobile Safari/537.36 (compatible; Googlebot/2.1; +http://www.google.com/bot.html)"
66.249.64.7 - - [13/Jun/2025:09:05:59 -0400] "GET /?d=108791993260&filter=613fe7&share_to_url=shop.php%3Fid%3D3683323%26name%3Drussell+crowe+wearing+austrailian HTTP/1.1" 200 22484 "-" "Mozilla/5.0 (Linux; Android 6.0.1; Nexus 5X Build/MMB29P) AppleWebKit/537.36 (KHTML, like Gecko) Chrome/136.0.7103.113 Mobile Safari/537.36 (compatible; Googlebot/2.1; +http://www.google.com/bot.html)"
66.249.64.128 - - [13/Jun/2025:09:06:01 -0400] "GET /?d=35193571260&filter=f7abf7&share_to_url=product-page.php%3Fid%3D1196320%26name%3Dfake+doc+marten+store+sandals HTTP/1.1" 200 23052 "-" "Mozilla/5.0 (Linux; Android 6.0.1; Nexus 5X Build/MMB29P) AppleWebKit/537.36 (KHTML, like Gecko) Chrome/136.0.7103.113 Mobile Safari/537.36 (compatible; Googlebot/2.1; +http://www.google.com/bot.html)"
66.249.64.8 - - [13/Jun/2025:09:06:01 -0400] "GET /?d=94903000260&filter=534707&share_to_url=ideas.php%3Fid%3D3215616%26name%3Dbulldog+tie+clip+tack HTTP/1.1" 200 23550 "-" "Mozilla/5.0 (Linux; Android 6.0.1; Nexus 5X Build/MMB29P) AppleWebKit/537.36 (KHTML, like Gecko) Chrome/136.0.7103.113 Mobile Safari/537.36 (compatible; Googlebot/2.1; +http://www.google.com/bot.html)"
66.249.64.7 - - [13/Jun/2025:09:06:02 -0400] "GET /?d=93419462260&filter=1c3e5e&share_to_url=pin.php%3Fid%3D3164886%26name%3Dsoundbar+sales+top HTTP/1.1" 200 23883 "-" "Mozilla/5.0 (Linux; Android 6.0.1; Nexus 5X Build/MMB29P) AppleWebKit/537.36 (KHTML, like Gecko) Chrome/136.0.7103.113 Mobile Safari/537.36 (compatible; Googlebot/2.1; +http://www.google.com/bot.html)"
52.167.144.136 - - [13/Jun/2025:09:06:03 -0400] "GET /?d=94778047260&filter=997939&share_to_url=pin.php%3Fid%3D3211518%26name%3Dselling+animal+crossing HTTP/1.1" 200 23514 "-" "Mozilla/5.0 AppleWebKit/537.36 (KHTML, like Gecko; compatible; bingbot/2.0; +http://www.bing.com/bingbot.htm) Chrome/116.0.1938.76 Safari/537.36"
40.77.167.255 - - [13/Jun/2025:09:06:03 -0400] "GET /?d=92555752260&filter=fd4510&share_to_url=article.php%3Fid%3D3135794%26name%3Dvanilla+patchouli+d+amp+039+or+sergio HTTP/1.1" 200 23345 "-" "Mozilla/5.0 AppleWebKit/537.36 (KHTML, like Gecko; compatible; bingbot/2.0; +http://www.bing.com/bingbot.htm) Chrome/116.0.1938.76 Safari/537.36"
66.249.64.131 - - [13/Jun/2025:09:06:03 -0400] "GET /?d=52662191260&filter=fec9b7&share_to_url=goods.php%3Fid%3D1789739%26name%3Dcarat+lab+grown+diamond HTTP/1.1" 200 23108 "-" "Mozilla/5.0 (Linux; Android 6.0.1; Nexus 5X Build/MMB29P) AppleWebKit/537.36 (KHTML, like Gecko) Chrome/136.0.7103.113 Mobile Safari/537.36 (compatible; Googlebot/2.1; +http://www.google.com/bot.html)"
40.77.167.255 - - [13/Jun/2025:09:06:04 -0400] "GET /?d=97316143260&filter=46a55d&share_to_url=article.php%3Fid%3D3297674%26name%3Dcar+seat+clean HTTP/1.1" 200 23399 "-" "Mozilla/5.0 AppleWebKit/537.36 (KHTML, like Gecko; compatible; bingbot/2.0; +http://www.bing.com/bingbot.htm) Chrome/116.0.1938.76 Safari/537.36"
66.249.64.6 - - [13/Jun/2025:09:06:04 -0400] "GET /?d=91318915260&filter=2d4b43&share_to_url=goods.php%3Fid%3D3094751%26name%3Demtron+racetrack+windbreaker HTTP/1.1" 200 22800 "-" "Mozilla/5.0 (Linux; Android 6.0.1; Nexus 5X Build/MMB29P) AppleWebKit/537.36 (KHTML, like Gecko) Chrome/136.0.7103.113 Mobile Safari/537.36 (compatible; Googlebot/2.1; +http://www.google.com/bot.html)"
66.249.64.5 - - [13/Jun/2025:09:06:05 -0400] "GET /?d=111747149260&filter=f7447b&share_to_url=goods.php%3Fid%3D3784883%26name%3Dana+on+x+me HTTP/1.1" 200 24855 "-" "Mozilla/5.0 (Linux; Android 6.0.1; Nexus 5X Build/MMB29P) AppleWebKit/537.36 (KHTML, like Gecko) Chrome/136.0.7103.113 Mobile Safari/537.36 (compatible; Googlebot/2.1; +http://www.google.com/bot.html)"
66.249.64.132 - - [13/Jun/2025:09:06:06 -0400] "GET /?d=95334424260&filter=b0eb26&share_to_url=product-page.php%3Fid%3D3229756%26name%3Dguess+glisten+analog+gold HTTP/1.1" 200 22292 "-" "Mozilla/5.0 (Linux; Android 6.0.1; Nexus 5X Build/MMB29P) AppleWebKit/537.36 (KHTML, like Gecko) Chrome/136.0.7103.113 Mobile Safari/537.36 (compatible; Googlebot/2.1; +http://www.google.com/bot.html)"
52.167.144.136 - - [13/Jun/2025:09:06:07 -0400] "GET /?d=52980990260&filter=2aa707&share_to_url=goods.php%3Fid%3D1800191%26name%3Doutdoor+waterproof HTTP/1.1" 200 24122 "-" "Mozilla/5.0 AppleWebKit/537.36 (KHTML, like Gecko; compatible; bingbot/2.0; +http://www.bing.com/bingbot.htm) Chrome/116.0.1938.76 Safari/537.36"
66.249.64.7 - - [13/Jun/2025:09:06:07 -0400] "GET /?d=88563858260&filter=469540&share_to_url=discover.php%3Fid%3D3001589%26name%3Dschwinn+cheapest+varsity HTTP/1.1" 200 23915 "-" "Mozilla/5.0 (Linux; Android 6.0.1; Nexus 5X Build/MMB29P) AppleWebKit/537.36 (KHTML, like Gecko) Chrome/136.0.7103.113 Mobile Safari/537.36 (compatible; Googlebot/2.1; +http://www.google.com/bot.html)"
52.167.144.136 - - [13/Jun/2025:09:06:07 -0400] "GET /?d=29949483260&filter=ada5f8&share_to_url=pin.php%3Fid%3D1017894%26name%3Drustic+teak+bench HTTP/1.1" 200 23934 "-" "Mozilla/5.0 AppleWebKit/537.36 (KHTML, like Gecko; compatible; bingbot/2.0; +http://www.bing.com/bingbot.htm) Chrome/116.0.1938.76 Safari/537.36"
66.249.64.7 - - [13/Jun/2025:09:06:08 -0400] "GET /?d=113801967260&filter=a64cf8&share_to_url=product.php%3Fid%3D3853810%26name%3Dalienware+13+gtx HTTP/1.1" 200 22242 "-" "Mozilla/5.0 (Linux; Android 6.0.1; Nexus 5X Build/MMB29P) AppleWebKit/537.36 (KHTML, like Gecko) Chrome/136.0.7103.113 Mobile Safari/537.36 (compatible; Googlebot/2.1; +http://www.google.com/bot.html)"
52.167.144.136 - - [13/Jun/2025:09:06:08 -0400] "GET /?d=109768110260&filter=cb3ca5&share_to_url=ideas.php%3Fid%3D3715212%26name%3Doccupied+japan+blue+willow HTTP/1.1" 200 23220 "-" "Mozilla/5.0 AppleWebKit/537.36 (KHTML, like Gecko; compatible; bingbot/2.0; +http://www.bing.com/bingbot.htm) Chrome/116.0.1938.76 Safari/537.36"
66.249.64.131 - - [13/Jun/2025:09:06:09 -0400] "GET /?d=115495288260&filter=649884&share_to_url=ideas.php%3Fid%3D3911292%26name%3Dbest+of+vadivelu HTTP/1.1" 200 22076 "-" "Mozilla/5.0 (Linux; Android 6.0.1; Nexus 5X Build/MMB29P) AppleWebKit/537.36 (KHTML, like Gecko) Chrome/136.0.7103.113 Mobile Safari/537.36 (compatible; Googlebot/2.1; +http://www.google.com/bot.html)"
66.249.64.6 - - [13/Jun/2025:09:06:10 -0400] "GET /?d=111286776260&filter=a26e52&share_to_url=model.php%3Fid%3D3768807%26name%3Dmartin+johnny+cash+commemorative HTTP/1.1" 200 21660 "-" "Mozilla/5.0 (Linux; Android 6.0.1; Nexus 5X Build/MMB29P) AppleWebKit/537.36 (KHTML, like Gecko) Chrome/136.0.7103.113 Mobile Safari/537.36 (compatible; Googlebot/2.1; +http://www.google.com/bot.html)"
66.249.64.6 - - [13/Jun/2025:09:06:11 -0400] "GET /?d=88405108260&filter=74b097&share_to_url=model.php%3Fid%3D2996307%26name%3Ddamen+trail+laufschuhe+craft HTTP/1.1" 200 22321 "-" "Mozilla/5.0 (Linux; Android 6.0.1; Nexus 5X Build/MMB29P) AppleWebKit/537.36 (KHTML, like Gecko) Chrome/136.0.7103.113 Mobile Safari/537.36 (compatible; Googlebot/2.1; +http://www.google.com/bot.html)"
207.46.13.51 - - [13/Jun/2025:09:06:11 -0400] "GET /?d=54073103260&filter=6f993e&share_to_url=discover.php%3Fid%3D1836857%26name%3Dsturmey+archer+rear+hub HTTP/1.1" 200 23267 "-" "Mozilla/5.0 AppleWebKit/537.36 (KHTML, like Gecko; compatible; bingbot/2.0; +http://www.bing.com/bingbot.htm) Chrome/116.0.1938.76 Safari/537.36"
66.249.64.131 - - [13/Jun/2025:09:06:11 -0400] "GET /?d=97445751260&filter=ca0c5c&share_to_url=shopdetail.php%3Fid%3D3302216%26name%3Dferrari+california+watch+by+officine HTTP/1.1" 200 22786 "-" "Mozilla/5.0 (Linux; Android 6.0.1; Nexus 5X Build/MMB29P) AppleWebKit/537.36 (KHTML, like Gecko) Chrome/136.0.7103.113 Mobile Safari/537.36 (compatible; Googlebot/2.1; +http://www.google.com/bot.html)"
66.249.64.6 - - [13/Jun/2025:09:06:13 -0400] "GET /?d=103356653260&filter=99bfb5&share_to_url=detail.php%3Fid%3D3502413%26name%3Dbaker+brothers+plumbing+hvac HTTP/1.1" 200 24191 "-" "Mozilla/5.0 (Linux; Android 6.0.1; Nexus 5X Build/MMB29P) AppleWebKit/537.36 (KHTML, like Gecko) Chrome/136.0.7103.113 Mobile Safari/537.36 (compatible; Googlebot/2.1; +http://www.google.com/bot.html)"
66.249.64.131 - - [13/Jun/2025:09:06:14 -0400] "GET /?d=101996244260&filter=149478&share_to_url=shopdetail.php%3Fid%3D3457496%26name%3Dhelado+y+ladrillitos HTTP/1.1" 200 24804 "-" "Mozilla/5.0 (Linux; Android 6.0.1; Nexus 5X Build/MMB29P) AppleWebKit/537.36 (KHTML, like Gecko) Chrome/136.0.7103.113 Mobile Safari/537.36 (compatible; Googlebot/2.1; +http://www.google.com/bot.html)"
207.46.13.156 - - [13/Jun/2025:09:06:14 -0400] "GET /?d=104720456260&filter=c1aa4c&share_to_url=shopdetail.php%3Fid%3D3548360%26name%3Dkeren+tampilan+yamaha HTTP/1.1" 200 24261 "-" "Mozilla/5.0 AppleWebKit/537.36 (KHTML, like Gecko; compatible; bingbot/2.0; +http://www.bing.com/bingbot.htm) Chrome/116.0.1938.76 Safari/537.36"
66.249.64.5 - - [13/Jun/2025:09:06:15 -0400] "GET /?d=103112347260&filter=754b31&share_to_url=shop.php%3Fid%3D3494311%26name%3Dmonster+musume+ep HTTP/1.1" 200 23107 "-" "Mozilla/5.0 (Linux; Android 6.0.1; Nexus 5X Build/MMB29P) AppleWebKit/537.36 (KHTML, like Gecko) Chrome/136.0.7103.113 Mobile Safari/537.36 (compatible; Googlebot/2.1; +http://www.google.com/bot.html)"
66.249.64.5 - - [13/Jun/2025:09:06:15 -0400] "GET /?d=105443991260&filter=16b3fe&share_to_url=item.php%3Fid%3D3572065%26name%3Dbellamy+039+s+organic+milk HTTP/1.1" 200 23457 "-" "Mozilla/5.0 (Linux; Android 6.0.1; Nexus 5X Build/MMB29P) AppleWebKit/537.36 (KHTML, like Gecko) Chrome/136.0.7103.113 Mobile Safari/537.36 (compatible; Googlebot/2.1; +http://www.google.com/bot.html)"
66.249.64.5 - - [13/Jun/2025:09:06:16 -0400] "GET /?d=108184107260&filter=4d89e2&share_to_url=goods.php%3Fid%3D3662903%26name%3Dnintendo+switch+appears+to HTTP/1.1" 200 23183 "-" "Mozilla/5.0 (Linux; Android 6.0.1; Nexus 5X Build/MMB29P) AppleWebKit/537.36 (KHTML, like Gecko) Chrome/136.0.7103.113 Mobile Safari/537.36 (compatible; Googlebot/2.1; +http://www.google.com/bot.html)"
52.167.144.216 - - [13/Jun/2025:09:06:16 -0400] "GET /?d=35061482260&filter=95c78c&share_to_url=pin.php%3Fid%3D1192062%26name%3Dhappy+kids+varginha HTTP/1.1" 200 24612 "-" "Mozilla/5.0 AppleWebKit/537.36 (KHTML, like Gecko; compatible; bingbot/2.0; +http://www.bing.com/bingbot.htm) Chrome/116.0.1938.76 Safari/537.36"
66.249.64.131 - - [13/Jun/2025:09:06:17 -0400] "GET /?d=105905650260&filter=1744b8&share_to_url=discover.php%3Fid%3D3587261%26name%3Dandrew+allen+vans HTTP/1.1" 200 22833 "-" "Mozilla/5.0 (Linux; Android 6.0.1; Nexus 5X Build/MMB29P) AppleWebKit/537.36 (KHTML, like Gecko) Chrome/136.0.7103.113 Mobile Safari/537.36 (compatible; Googlebot/2.1; +http://www.google.com/bot.html)"
52.167.144.216 - - [13/Jun/2025:09:06:17 -0400] "GET /?d=69669450260&filter=fd45ef&share_to_url=ideas.php%3Fid%3D2360928%26name%3Doball+trailer+set HTTP/1.1" 200 23182 "-" "Mozilla/5.0 AppleWebKit/537.36 (KHTML, like Gecko; compatible; bingbot/2.0; +http://www.bing.com/bingbot.htm) Chrome/116.0.1938.76 Safari/537.36"
52.167.144.232 - - [13/Jun/2025:09:06:18 -0400] "GET /?d=116608790260&filter=ca372c&share_to_url=shopdetail.php%3Fid%3D3948752%26name%3Dswitching+in+to+hon3 HTTP/1.1" 200 24270 "-" "Mozilla/5.0 AppleWebKit/537.36 (KHTML, like Gecko; compatible; bingbot/2.0; +http://www.bing.com/bingbot.htm) Chrome/116.0.1938.76 Safari/537.36"
66.249.64.5 - - [13/Jun/2025:09:06:17 -0400] "GET /?d=115176057260&filter=761695&share_to_url=product.php%3Fid%3D3900142%26name%3Dharry+potter+christmas+tree+dog HTTP/1.1" 200 23524 "-" "Mozilla/5.0 (Linux; Android 6.0.1; Nexus 5X Build/MMB29P) AppleWebKit/537.36 (KHTML, like Gecko) Chrome/136.0.7103.113 Mobile Safari/537.36 (compatible; Googlebot/2.1; +http://www.google.com/bot.html)"
207.46.13.51 - - [13/Jun/2025:09:06:18 -0400] "GET /?d=88554448260&filter=50365e&share_to_url=ideas.php%3Fid%3D3001284%26name%3D24+ideas+de+b%C3%ADceps HTTP/1.1" 200 23363 "-" "Mozilla/5.0 AppleWebKit/537.36 (KHTML, like Gecko; compatible; bingbot/2.0; +http://www.bing.com/bingbot.htm) Chrome/116.0.1938.76 Safari/537.36"
52.167.144.232 - - [13/Jun/2025:09:06:18 -0400] "GET /?d=99264202260&filter=cef72e&share_to_url=model.php%3Fid%3D3364167%26name%3Dlillebaby+dragonfly+wrap HTTP/1.1" 200 21499 "-" "Mozilla/5.0 AppleWebKit/537.36 (KHTML, like Gecko; compatible; bingbot/2.0; +http://www.bing.com/bingbot.htm) Chrome/116.0.1938.76 Safari/537.36"
69.197.182.50 - - [13/Jun/2025:09:06:19 -0400] "GET /wp-includes/edit.php HTTP/1.1" 302 6 "https://churchmr.com/wp-includes/edit.php" "Mozilla/5.0 (Windows NT 10.0; Win64; x64) AppleWebKit/537.36 (KHTML, like Gecko) Chrome/58.0.3029.110 Safari/537.3"
69.197.182.50 - - [13/Jun/2025:09:06:20 -0400] "GET /wp-includes/loginn.php HTTP/1.1" 302 6 "https://churchmr.com/wp-includes/edit.php" "Mozilla/5.0 (Windows NT 10.0; Win64; x64) AppleWebKit/537.36 (KHTML, like Gecko) Chrome/58.0.3029.110 Safari/537.3"
66.249.64.131 - - [13/Jun/2025:09:06:20 -0400] "GET /?d=92847639260&filter=2aa707&share_to_url=product.php%3Fid%3D3145630%26name%3Dnht+pro+m00+s00 HTTP/1.1" 200 23867 "-" "Mozilla/5.0 (Linux; Android 6.0.1; Nexus 5X Build/MMB29P) AppleWebKit/537.36 (KHTML, like Gecko) Chrome/136.0.7103.113 Mobile Safari/537.36 (compatible; Googlebot/2.1; +http://www.google.com/bot.html)"
69.197.182.50 - - [13/Jun/2025:09:06:20 -0400] "GET /wp-includes/loginn.php HTTP/1.1" 302 6 "https://churchmr.com/wp-includes/edit.php" "Mozilla/5.0 (Windows NT 10.0; Win64; x64) AppleWebKit/537.36 (KHTML, like Gecko) Chrome/58.0.3029.110 Safari/537.3"
66.249.64.5 - - [13/Jun/2025:09:06:21 -0400] "GET /?d=103911908260&filter=fefd24&share_to_url=article.php%3Fid%3D3520802%26name%3Ddeathly+leather+bracelet HTTP/1.1" 200 23354 "-" "Mozilla/5.0 (Linux; Android 6.0.1; Nexus 5X Build/MMB29P) AppleWebKit/537.36 (KHTML, like Gecko) Chrome/136.0.7103.113 Mobile Safari/537.36 (compatible; Googlebot/2.1; +http://www.google.com/bot.html)"
66.249.64.5 - - [13/Jun/2025:09:06:22 -0400] "GET /?d=98426262260&filter=128aa4&share_to_url=model.php%3Fid%3D3335775%26name%3Dbelitronic+bj5000+ex HTTP/1.1" 200 23426 "-" "Mozilla/5.0 (Linux; Android 6.0.1; Nexus 5X Build/MMB29P) AppleWebKit/537.36 (KHTML, like Gecko) Chrome/136.0.7103.113 Mobile Safari/537.36 (compatible; Googlebot/2.1; +http://www.google.com/bot.html)"
69.197.182.50 - - [13/Jun/2025:09:06:21 -0400] "GET /wp-includes/loginn.php HTTP/1.1" 302 6 "https://churchmr.com/wp-includes/edit.php" "Mozilla/5.0 (Windows NT 10.0; Win64; x64) AppleWebKit/537.36 (KHTML, like Gecko) Chrome/58.0.3029.110 Safari/537.3"
66.249.64.131 - - [13/Jun/2025:09:06:22 -0400] "GET /?d=103849408260&filter=6423cc&share_to_url=product.php%3Fid%3D3518554%26name%3Dnino+em+relojes HTTP/1.1" 200 22932 "-" "Mozilla/5.0 (Linux; Android 6.0.1; Nexus 5X Build/MMB29P) AppleWebKit/537.36 (KHTML, like Gecko) Chrome/136.0.7103.113 Mobile Safari/537.36 (compatible; Googlebot/2.1; +http://www.google.com/bot.html)"
66.249.64.5 - - [13/Jun/2025:09:06:22 -0400] "GET /?d=95906966260&filter=01758e&share_to_url=shop.php%3Fid%3D3249355%26name%3Dcamiseta+barcelona+manga+2025+larga HTTP/1.1" 200 24274 "-" "Mozilla/5.0 (Linux; Android 6.0.1; Nexus 5X Build/MMB29P) AppleWebKit/537.36 (KHTML, like Gecko) Chrome/136.0.7103.113 Mobile Safari/537.36 (compatible; Googlebot/2.1; +http://www.google.com/bot.html)"
66.249.64.131 - - [13/Jun/2025:09:06:23 -0400] "GET /?d=106125943260&filter=66fc0b&share_to_url=product.php%3Fid%3D3594526%26name%3Dmerchandising+yute+personalizable HTTP/1.1" 200 22949 "-" "Mozilla/5.0 (Linux; Android 6.0.1; Nexus 5X Build/MMB29P) AppleWebKit/537.36 (KHTML, like Gecko) Chrome/136.0.7103.113 Mobile Safari/537.36 (compatible; Googlebot/2.1; +http://www.google.com/bot.html)"
69.197.182.50 - - [13/Jun/2025:09:06:22 -0400] "GET /wp-includes/loginn.php HTTP/1.1" 302 6 "https://churchmr.com/wp-includes/edit.php" "Mozilla/5.0 (Windows NT 10.0; Win64; x64) AppleWebKit/537.36 (KHTML, like Gecko) Chrome/58.0.3029.110 Safari/537.3"
66.249.64.5 - - [13/Jun/2025:09:06:23 -0400] "GET /?d=77867598260&filter=3fa24f&share_to_url=goods.php%3Fid%3D2637971%26name%3Dvintage+80s+chunky+knit HTTP/1.1" 200 24163 "-" "Mozilla/5.0 (Linux; Android 6.0.1; Nexus 5X Build/MMB29P) AppleWebKit/537.36 (KHTML, like Gecko) Chrome/136.0.7103.113 Mobile Safari/537.36 (compatible; Googlebot/2.1; +http://www.google.com/bot.html)"
69.197.182.50 - - [13/Jun/2025:09:06:23 -0400] "GET /wp-includes/loginn.php HTTP/1.1" 302 6 "https://churchmr.com/wp-includes/edit.php" "Mozilla/5.0 (Windows NT 10.0; Win64; x64) AppleWebKit/537.36 (KHTML, like Gecko) Chrome/58.0.3029.110 Safari/537.3"
69.197.182.50 - - [13/Jun/2025:09:06:24 -0400] "GET /wp-includes/loginn.php HTTP/1.1" 302 6 "https://churchmr.com/wp-includes/edit.php" "Mozilla/5.0 (Windows NT 10.0; Win64; x64) AppleWebKit/537.36 (KHTML, like Gecko) Chrome/58.0.3029.110 Safari/537.3"
66.249.64.5 - - [13/Jun/2025:09:06:25 -0400] "GET /?d=113175022260&filter=9f135b&share_to_url=item.php%3Fid%3D3833053%26name%3Dkith+versace HTTP/1.1" 200 23774 "-" "Mozilla/5.0 (Linux; Android 6.0.1; Nexus 5X Build/MMB29P) AppleWebKit/537.36 (KHTML, like Gecko) Chrome/136.0.7103.113 Mobile Safari/537.36 (compatible; Googlebot/2.1; +http://www.google.com/bot.html)"
