207.46.13.9 - - [13/Jun/2025:08:55:23 -0400] "GET /?d=97316935260&filter=c1fae4&share_to_url=detail.php%3Fid%3D3297705%26name%3Daden+and+anais+on+sale HTTP/1.1" 200 22546 "-" "Mozilla/5.0 AppleWebKit/537.36 (KHTML, like Gecko; compatible; bingbot/2.0; +http://www.bing.com/bingbot.htm) Chrome/116.0.1938.76 Safari/537.36"
66.249.64.5 - - [13/Jun/2025:08:55:23 -0400] "GET /?d=97276176260&filter=97eb76&share_to_url=goods.php%3Fid%3D3296219%26name%3Dfrom+the+heart+remixing HTTP/1.1" 200 23026 "-" "Mozilla/5.0 (Linux; Android 6.0.1; Nexus 5X Build/MMB29P) AppleWebKit/537.36 (KHTML, like Gecko) Chrome/136.0.7103.113 Mobile Safari/537.36 (compatible; Googlebot/2.1; +http://www.google.com/bot.html)"
66.249.64.131 - - [13/Jun/2025:08:55:24 -0400] "GET /?d=111150138260&filter=6ca228&share_to_url=model.php%3Fid%3D3763791%26name%3D90+039+s+color+block+hoodie HTTP/1.1" 200 24447 "-" "Mozilla/5.0 (Linux; Android 6.0.1; Nexus 5X Build/MMB29P) AppleWebKit/537.36 (KHTML, like Gecko) Chrome/136.0.7103.113 Mobile Safari/537.36 (compatible; Googlebot/2.1; +http://www.google.com/bot.html)"
66.249.64.131 - - [13/Jun/2025:08:55:25 -0400] "GET /?d=101319231260&filter=1c81c9&share_to_url=article.php%3Fid%3D3434750%26name%3Dtee+shirt+reflet+deep HTTP/1.1" 200 23229 "-" "Mozilla/5.0 (Linux; Android 6.0.1; Nexus 5X Build/MMB29P) AppleWebKit/537.36 (KHTML, like Gecko) Chrome/136.0.7103.113 Mobile Safari/537.36 (compatible; Googlebot/2.1; +http://www.google.com/bot.html)"
66.249.64.5 - - [13/Jun/2025:08:55:26 -0400] "GET /?d=99086407260&filter=1876cd&share_to_url=product-page.php%3Fid%3D3358204%26name%3Dshop+peter+alexander HTTP/1.1" 200 23895 "-" "Mozilla/5.0 (Linux; Android 6.0.1; Nexus 5X Build/MMB29P) AppleWebKit/537.36 (KHTML, like Gecko) Chrome/136.0.7103.113 Mobile Safari/537.36 (compatible; Googlebot/2.1; +http://www.google.com/bot.html)"
66.249.64.132 - - [13/Jun/2025:08:55:28 -0400] "GET /?d=104217405260&filter=132c35&share_to_url=goods.php%3Fid%3D3530999%26name%3Dfinal+packaging+revealed+for HTTP/1.1" 200 24284 "-" "Mozilla/5.0 (Linux; Android 6.0.1; Nexus 5X Build/MMB29P) AppleWebKit/537.36 (KHTML, like Gecko) Chrome/136.0.7103.113 Mobile Safari/537.36 (compatible; Googlebot/2.1; +http://www.google.com/bot.html)"
66.249.64.5 - - [13/Jun/2025:08:55:29 -0400] "GET /?d=111796629260&filter=d67b0a&share_to_url=item.php%3Fid%3D3786613%26name%3Dpersonalized+football+jersey+customized HTTP/1.1" 200 23474 "-" "Mozilla/5.0 (Linux; Android 6.0.1; Nexus 5X Build/MMB29P) AppleWebKit/537.36 (KHTML, like Gecko) Chrome/136.0.7103.113 Mobile Safari/537.36 (compatible; Googlebot/2.1; +http://www.google.com/bot.html)"
66.249.64.132 - - [13/Jun/2025:08:55:30 -0400] "GET /?d=111482743260&filter=8dea3f&share_to_url=goods.php%3Fid%3D3775607%26name%3Diphone+16+nuevo HTTP/1.1" 200 23300 "-" "Mozilla/5.0 (Linux; Android 6.0.1; Nexus 5X Build/MMB29P) AppleWebKit/537.36 (KHTML, like Gecko) Chrome/136.0.7103.113 Mobile Safari/537.36 (compatible; Googlebot/2.1; +http://www.google.com/bot.html)"
52.167.144.146 - - [13/Jun/2025:08:55:31 -0400] "GET /?d=85899616260&filter=a19632&share_to_url=model.php%3Fid%3D2910171%26name%3Dmia+office+chair HTTP/1.1" 200 22916 "-" "Mozilla/5.0 AppleWebKit/537.36 (KHTML, like Gecko; compatible; bingbot/2.0; +http://www.bing.com/bingbot.htm) Chrome/116.0.1938.76 Safari/537.36"
66.249.64.5 - - [13/Jun/2025:08:55:31 -0400] "GET /?d=111436721260&filter=bcf072&share_to_url=product.php%3Fid%3D3773878%26name%3Dcompany+chrome+r+goggle HTTP/1.1" 200 23276 "-" "Mozilla/5.0 (Linux; Android 6.0.1; Nexus 5X Build/MMB29P) AppleWebKit/537.36 (KHTML, like Gecko) Chrome/136.0.7103.113 Mobile Safari/537.36 (compatible; Googlebot/2.1; +http://www.google.com/bot.html)"
52.167.144.146 - - [13/Jun/2025:08:55:32 -0400] "GET /?d=114469103260&filter=3c96b6&share_to_url=discover.php%3Fid%3D3876149%26name%3Dzadig+e+voltaire+store+zaino HTTP/1.1" 200 23027 "-" "Mozilla/5.0 AppleWebKit/537.36 (KHTML, like Gecko; compatible; bingbot/2.0; +http://www.bing.com/bingbot.htm) Chrome/116.0.1938.76 Safari/537.36"
52.167.144.146 - - [13/Jun/2025:08:55:32 -0400] "GET /?d=62494533260&filter=99857c&share_to_url=model.php%3Fid%3D2118831%26name%3Done+piece+suit+child HTTP/1.1" 200 24237 "-" "Mozilla/5.0 AppleWebKit/537.36 (KHTML, like Gecko; compatible; bingbot/2.0; +http://www.bing.com/bingbot.htm) Chrome/116.0.1938.76 Safari/537.36"
40.77.167.77 - - [13/Jun/2025:08:55:33 -0400] "GET /?d=26964301260&filter=b240e2&share_to_url=discover.php%3Fid%3D914897%26name%3Dpsvr+move+controller+blinking HTTP/1.1" 200 22433 "-" "Mozilla/5.0 AppleWebKit/537.36 (KHTML, like Gecko; compatible; bingbot/2.0; +http://www.bing.com/bingbot.htm) Chrome/116.0.1938.76 Safari/537.36"
40.77.167.13 - - [13/Jun/2025:08:55:33 -0400] "GET /?d=93866909260&filter=b3e07f&share_to_url=detail.php%3Fid%3D3180333%26name%3Dgaming+laptop+with+gtx+960m HTTP/1.1" 200 23669 "-" "Mozilla/5.0 AppleWebKit/537.36 (KHTML, like Gecko; compatible; bingbot/2.0; +http://www.bing.com/bingbot.htm) Chrome/116.0.1938.76 Safari/537.36"
66.249.64.132 - - [13/Jun/2025:08:55:33 -0400] "GET /?d=98534454260&filter=f52d8d&share_to_url=ideas.php%3Fid%3D3339456%26name%3D2024+haircut+trends+bursting+into HTTP/1.1" 200 23585 "-" "Mozilla/5.0 (Linux; Android 6.0.1; Nexus 5X Build/MMB29P) AppleWebKit/537.36 (KHTML, like Gecko) Chrome/136.0.7103.113 Mobile Safari/537.36 (compatible; Googlebot/2.1; +http://www.google.com/bot.html)"
40.77.167.13 - - [13/Jun/2025:08:55:33 -0400] "GET /?d=107348181260&filter=7f045f&share_to_url=detail.php?id=3635049&name=meet%20the%20kissing HTTP/1.1" 200 24735 "-" "Mozilla/5.0 AppleWebKit/537.36 (KHTML, like Gecko; compatible; bingbot/2.0; +http://www.bing.com/bingbot.htm) Chrome/116.0.1938.76 Safari/537.36"
66.249.64.5 - - [13/Jun/2025:08:55:34 -0400] "GET /?d=97589577260&filter=1cbf7a&share_to_url=shop.php%3Fid%3D3307087%26name%3Dblackdecker+20v+max+cordless HTTP/1.1" 200 22615 "-" "Mozilla/5.0 (Linux; Android 6.0.1; Nexus 5X Build/MMB29P) AppleWebKit/537.36 (KHTML, like Gecko) Chrome/136.0.7103.113 Mobile Safari/537.36 (compatible; Googlebot/2.1; +http://www.google.com/bot.html)"
40.77.167.77 - - [13/Jun/2025:08:55:36 -0400] "GET /?d=37791868260&filter=bdaf2f&share_to_url=pin.php%3Fid%3D1282974%26name%3Dinyahome+set+di+30x50cm HTTP/1.1" 200 24304 "-" "Mozilla/5.0 AppleWebKit/537.36 (KHTML, like Gecko; compatible; bingbot/2.0; +http://www.bing.com/bingbot.htm) Chrome/116.0.1938.76 Safari/537.36"
66.249.64.131 - - [13/Jun/2025:08:55:37 -0400] "GET /?d=100928881260&filter=e6f0ee&share_to_url=shopdetail.php%3Fid%3D3421016%26name%3Dhyan+midi+skirt HTTP/1.1" 200 22518 "-" "Mozilla/5.0 (Linux; Android 6.0.1; Nexus 5X Build/MMB29P) AppleWebKit/537.36 (KHTML, like Gecko) Chrome/136.0.7103.113 Mobile Safari/537.36 (compatible; Googlebot/2.1; +http://www.google.com/bot.html)"
66.249.64.5 - - [13/Jun/2025:08:55:37 -0400] "GET /?d=117947553260&filter=1bad6b&share_to_url=ideas.php%3Fid%3D3994356%26name%3Dpoussette+landau+jumeaux HTTP/1.1" 200 23643 "-" "Mozilla/5.0 (Linux; Android 6.0.1; Nexus 5X Build/MMB29P) AppleWebKit/537.36 (KHTML, like Gecko) Chrome/136.0.7103.113 Mobile Safari/537.36 (compatible; Googlebot/2.1; +http://www.google.com/bot.html)"
66.249.64.131 - - [13/Jun/2025:08:55:40 -0400] "GET /?d=99491310260&filter=d007b0&share_to_url=product.php%3Fid%3D3372022%26name%3Djmd+helmets+hohee+new HTTP/1.1" 200 24191 "-" "Mozilla/5.0 (Linux; Android 6.0.1; Nexus 5X Build/MMB29P) AppleWebKit/537.36 (KHTML, like Gecko) Chrome/136.0.7103.113 Mobile Safari/537.36 (compatible; Googlebot/2.1; +http://www.google.com/bot.html)"
66.249.64.6 - - [13/Jun/2025:08:55:41 -0400] "GET /?d=97929058260&filter=b3e07f&share_to_url=item.php%3Fid%3D3318937%26name%3Dgaming+on+gtx+580 HTTP/1.1" 200 23813 "-" "Mozilla/5.0 (Linux; Android 6.0.1; Nexus 5X Build/MMB29P) AppleWebKit/537.36 (KHTML, like Gecko) Chrome/136.0.7103.113 Mobile Safari/537.36 (compatible; Googlebot/2.1; +http://www.google.com/bot.html)"
66.249.64.131 - - [13/Jun/2025:08:55:43 -0400] "GET /?d=111157877260&filter=ffdd32&share_to_url=goods.php%3Fid%3D3764039%26name%3Dmuck+boot+forager HTTP/1.1" 200 22463 "-" "Mozilla/5.0 (Linux; Android 6.0.1; Nexus 5X Build/MMB29P) AppleWebKit/537.36 (KHTML, like Gecko) Chrome/136.0.7103.113 Mobile Safari/537.36 (compatible; Googlebot/2.1; +http://www.google.com/bot.html)"
40.77.167.77 - - [13/Jun/2025:08:55:43 -0400] "GET /?d=59233152260&filter=14708a&share_to_url=shopdetail.php%3Fid%3D2010488%26name%3Dbuy+hero+ladybird+cycles HTTP/1.1" 200 23601 "-" "Mozilla/5.0 AppleWebKit/537.36 (KHTML, like Gecko; compatible; bingbot/2.0; +http://www.bing.com/bingbot.htm) Chrome/116.0.1938.76 Safari/537.36"
66.249.64.5 - - [13/Jun/2025:08:55:43 -0400] "GET /?d=96749247260&filter=de6ef0&share_to_url=goods.php%3Fid%3D3278267%26name%3Dg+star+utility+pocket HTTP/1.1" 200 23358 "-" "Mozilla/5.0 (Linux; Android 6.0.1; Nexus 5X Build/MMB29P) AppleWebKit/537.36 (KHTML, like Gecko) Chrome/136.0.7103.113 Mobile Safari/537.36 (compatible; Googlebot/2.1; +http://www.google.com/bot.html)"
52.167.144.141 - - [13/Jun/2025:08:55:43 -0400] "GET /?d=102072667260&filter=ed3d47&share_to_url=goods.php?id=3459851&name=adidas%20men%20039%20s%20znsored%20shoes HTTP/1.1" 200 23132 "-" "Mozilla/5.0 AppleWebKit/537.36 (KHTML, like Gecko; compatible; bingbot/2.0; +http://www.bing.com/bingbot.htm) Chrome/116.0.1938.76 Safari/537.36"
66.249.64.5 - - [13/Jun/2025:08:55:45 -0400] "GET /?d=109794913260&filter=05f5d1&share_to_url=goods.php%3Fid%3D3716147%26name%3Dtenues+en+bazin HTTP/1.1" 200 22569 "-" "Mozilla/5.0 (Linux; Android 6.0.1; Nexus 5X Build/MMB29P) AppleWebKit/537.36 (KHTML, like Gecko) Chrome/136.0.7103.113 Mobile Safari/537.36 (compatible; Googlebot/2.1; +http://www.google.com/bot.html)"
66.249.64.132 - - [13/Jun/2025:08:55:46 -0400] "GET /?d=105380432260&filter=6f993e&share_to_url=ideas.php%3Fid%3D3569832%26name%3Dbaby+tricycle+in+folding HTTP/1.1" 200 23552 "-" "Mozilla/5.0 (Linux; Android 6.0.1; Nexus 5X Build/MMB29P) AppleWebKit/537.36 (KHTML, like Gecko) Chrome/136.0.7103.113 Mobile Safari/537.36 (compatible; Googlebot/2.1; +http://www.google.com/bot.html)"
52.167.144.146 - - [13/Jun/2025:08:55:47 -0400] "GET /?d=21691233260&filter=c79531&share_to_url=detail.php%3Fid%3D735957%26name%3Dlol+surprise+sunshine+gurl HTTP/1.1" 200 21543 "-" "Mozilla/5.0 AppleWebKit/537.36 (KHTML, like Gecko; compatible; bingbot/2.0; +http://www.bing.com/bingbot.htm) Chrome/116.0.1938.76 Safari/537.36"
52.167.144.146 - - [13/Jun/2025:08:55:48 -0400] "GET /?d=14363205260&filter=6ca228&share_to_url=model.php%3Fid%3D489699%26name%3Dcarl+s+cardigan HTTP/1.1" 200 24275 "-" "Mozilla/5.0 AppleWebKit/537.36 (KHTML, like Gecko; compatible; bingbot/2.0; +http://www.bing.com/bingbot.htm) Chrome/116.0.1938.76 Safari/537.36"
207.46.13.9 - - [13/Jun/2025:08:55:48 -0400] "GET /?d=91240227260&filter=ec362b&share_to_url=shop.php%3Fid%3D3092263%26name%3D10+14mm+pastel+mix+tahitian HTTP/1.1" 200 23653 "-" "Mozilla/5.0 AppleWebKit/537.36 (KHTML, like Gecko; compatible; bingbot/2.0; +http://www.bing.com/bingbot.htm) Chrome/116.0.1938.76 Safari/537.36"
66.249.64.5 - - [13/Jun/2025:08:55:48 -0400] "GET /?d=98051975260&filter=c95f3d&share_to_url=product.php%3Fid%3D3322906%26name%3Dmarshmallow+embossed+backpack+with HTTP/1.1" 200 23196 "-" "Mozilla/5.0 (Linux; Android 6.0.1; Nexus 5X Build/MMB29P) AppleWebKit/537.36 (KHTML, like Gecko) Chrome/136.0.7103.113 Mobile Safari/537.36 (compatible; Googlebot/2.1; +http://www.google.com/bot.html)"
66.249.64.132 - - [13/Jun/2025:08:55:48 -0400] "GET /?d=105819261260&filter=3eeb34&share_to_url=article.php%3Fid%3D3584426%26name%3Dmujer+nike HTTP/1.1" 200 22564 "-" "Mozilla/5.0 (Linux; Android 6.0.1; Nexus 5X Build/MMB29P) AppleWebKit/537.36 (KHTML, like Gecko) Chrome/136.0.7103.113 Mobile Safari/537.36 (compatible; Googlebot/2.1; +http://www.google.com/bot.html)"
66.249.64.6 - - [13/Jun/2025:08:55:51 -0400] "GET /?d=88454566260&filter=2875c5&share_to_url=discover.php%3Fid%3D2998049%26name%3Dcaprese+zip+store HTTP/1.1" 200 22932 "-" "Mozilla/5.0 (Linux; Android 6.0.1; Nexus 5X Build/MMB29P) AppleWebKit/537.36 (KHTML, like Gecko) Chrome/136.0.7103.113 Mobile Safari/537.36 (compatible; Googlebot/2.1; +http://www.google.com/bot.html)"
66.249.64.131 - - [13/Jun/2025:08:55:51 -0400] "GET /?d=99021595260&filter=1d0c54&share_to_url=discover.php%3Fid%3D3356081%26name%3Dgolden+hour+military+sports+mens HTTP/1.1" 200 22868 "-" "Mozilla/5.0 (Linux; Android 6.0.1; Nexus 5X Build/MMB29P) AppleWebKit/537.36 (KHTML, like Gecko) Chrome/136.0.7103.113 Mobile Safari/537.36 (compatible; Googlebot/2.1; +http://www.google.com/bot.html)"
40.77.167.77 - - [13/Jun/2025:08:55:52 -0400] "GET /?d=55958624260&filter=132c35&share_to_url=product.php%3Fid%3D1899934%26name%3Dinstall+only+playmaker HTTP/1.1" 200 23124 "-" "Mozilla/5.0 AppleWebKit/537.36 (KHTML, like Gecko; compatible; bingbot/2.0; +http://www.bing.com/bingbot.htm) Chrome/116.0.1938.76 Safari/537.36"
40.77.167.77 - - [13/Jun/2025:08:55:52 -0400] "GET /?d=85454791260&filter=058227&share_to_url=detail.php%3Fid%3D2894757%26name%3Ddoes+this+shirt+make HTTP/1.1" 200 23008 "-" "Mozilla/5.0 AppleWebKit/537.36 (KHTML, like Gecko; compatible; bingbot/2.0; +http://www.bing.com/bingbot.htm) Chrome/116.0.1938.76 Safari/537.36"
207.46.13.156 - - [13/Jun/2025:08:55:53 -0400] "GET /?d=21627131260&filter=cb7031&share_to_url=goods.php%3Fid%3D733799%26name%3Dintersport+pac%C3%A9+les+nouveaux HTTP/1.1" 200 23331 "-" "Mozilla/5.0 AppleWebKit/537.36 (KHTML, like Gecko; compatible; bingbot/2.0; +http://www.bing.com/bingbot.htm) Chrome/116.0.1938.76 Safari/537.36"
66.249.64.6 - - [13/Jun/2025:08:55:53 -0400] "GET /?d=106366850260&filter=18729c&share_to_url=pin.php%3Fid%3D3602622%26name%3D2023+rondo+hvrt+cf2 HTTP/1.1" 200 23591 "-" "Mozilla/5.0 (Linux; Android 6.0.1; Nexus 5X Build/MMB29P) AppleWebKit/537.36 (KHTML, like Gecko) Chrome/136.0.7103.113 Mobile Safari/537.36 (compatible; Googlebot/2.1; +http://www.google.com/bot.html)"
66.249.64.132 - - [13/Jun/2025:08:55:55 -0400] "GET /?d=93868560260&filter=b3603f&share_to_url=ideas.php%3Fid%3D3180408%26name%3Dintel+xeon+e+2378+processor HTTP/1.1" 200 22382 "-" "Mozilla/5.0 (Linux; Android 6.0.1; Nexus 5X Build/MMB29P) AppleWebKit/537.36 (KHTML, like Gecko) Chrome/136.0.7103.113 Mobile Safari/537.36 (compatible; Googlebot/2.1; +http://www.google.com/bot.html)"
66.249.64.6 - - [13/Jun/2025:08:55:56 -0400] "GET /?d=42879055260&filter=1bad6b&share_to_url=goods.php%3Fid%3D1455551%26name%3Dchicco+poussette+combin%C3%A9e HTTP/1.1" 200 22820 "-" "Mozilla/5.0 (Linux; Android 6.0.1; Nexus 5X Build/MMB29P) AppleWebKit/537.36 (KHTML, like Gecko) Chrome/136.0.7103.113 Mobile Safari/537.36 (compatible; Googlebot/2.1; +http://www.google.com/bot.html)"
207.46.13.156 - - [13/Jun/2025:08:55:57 -0400] "GET /?d=35948294260&filter=8ac724&share_to_url=discover.php%3Fid%3D1221341%26name%3Di+love+earrings HTTP/1.1" 200 23774 "-" "Mozilla/5.0 AppleWebKit/537.36 (KHTML, like Gecko; compatible; bingbot/2.0; +http://www.bing.com/bingbot.htm) Chrome/116.0.1938.76 Safari/537.36"
66.249.64.131 - - [13/Jun/2025:08:55:57 -0400] "GET /?d=104094389260&filter=a0cecc&share_to_url=shop.php%3Fid%3D3526807%26name%3Ddyeing+to+my+sofa HTTP/1.1" 200 23242 "-" "Mozilla/5.0 (Linux; Android 6.0.1; Nexus 5X Build/MMB29P) AppleWebKit/537.36 (KHTML, like Gecko) Chrome/136.0.7103.113 Mobile Safari/537.36 (compatible; Googlebot/2.1; +http://www.google.com/bot.html)"
207.46.13.156 - - [13/Jun/2025:08:55:58 -0400] "GET /?d=85196194260&filter=26308f&share_to_url=article.php%3Fid%3D2885990%26name%3Dd+039+angela HTTP/1.1" 200 23892 "-" "Mozilla/5.0 AppleWebKit/537.36 (KHTML, like Gecko; compatible; bingbot/2.0; +http://www.bing.com/bingbot.htm) Chrome/116.0.1938.76 Safari/537.36"
66.249.64.132 - - [13/Jun/2025:08:55:59 -0400] "GET /?d=103868936260&filter=b00345&share_to_url=article.php%3Fid%3D3519350%26name%3Dcasio+pac+man+unisex HTTP/1.1" 200 23932 "-" "Mozilla/5.0 (Linux; Android 6.0.1; Nexus 5X Build/MMB29P) AppleWebKit/537.36 (KHTML, like Gecko) Chrome/136.0.7103.113 Mobile Safari/537.36 (compatible; Googlebot/2.1; +http://www.google.com/bot.html)"
66.249.64.6 - - [13/Jun/2025:08:55:59 -0400] "GET /?d=89798682260&filter=3699f1&share_to_url=ideas.php%3Fid%3D3043608%26name%3Dlabrador+tail+hi+res HTTP/1.1" 200 24214 "-" "Mozilla/5.0 (Linux; Android 6.0.1; Nexus 5X Build/MMB29P) AppleWebKit/537.36 (KHTML, like Gecko) Chrome/136.0.7103.113 Mobile Safari/537.36 (compatible; Googlebot/2.1; +http://www.google.com/bot.html)"
207.46.13.156 - - [13/Jun/2025:08:56:00 -0400] "GET /?d=104223703260&filter=c551fd&share_to_url=model.php%3Fid%3D3531255%26name%3Drepetidor+dual+band+color+blanco HTTP/1.1" 200 21959 "-" "Mozilla/5.0 AppleWebKit/537.36 (KHTML, like Gecko; compatible; bingbot/2.0; +http://www.bing.com/bingbot.htm) Chrome/116.0.1938.76 Safari/537.36"
66.249.64.6 - - [13/Jun/2025:08:56:01 -0400] "GET /?d=88637279260&filter=705f8c&share_to_url=shop.php%3Fid%3D3004075%26name%3Dquick+release+to+thru+axle HTTP/1.1" 200 24290 "-" "Mozilla/5.0 (Linux; Android 6.0.1; Nexus 5X Build/MMB29P) AppleWebKit/537.36 (KHTML, like Gecko) Chrome/136.0.7103.113 Mobile Safari/537.36 (compatible; Googlebot/2.1; +http://www.google.com/bot.html)"
66.249.64.6 - - [13/Jun/2025:08:56:02 -0400] "GET /?d=103834562260&filter=cdfac6&share_to_url=shop.php%3Fid%3D3518035%26name%3Dreloj+puma+dama HTTP/1.1" 200 23423 "-" "Mozilla/5.0 (Linux; Android 6.0.1; Nexus 5X Build/MMB29P) AppleWebKit/537.36 (KHTML, like Gecko) Chrome/136.0.7103.113 Mobile Safari/537.36 (compatible; Googlebot/2.1; +http://www.google.com/bot.html)"
40.77.167.77 - - [13/Jun/2025:08:56:02 -0400] "GET /?d=20689091260&filter=956610&share_to_url=discover.php%3Fid%3D702953%26name%3Dplasma+capilar+el HTTP/1.1" 200 23243 "-" "Mozilla/5.0 AppleWebKit/537.36 (KHTML, like Gecko; compatible; bingbot/2.0; +http://www.bing.com/bingbot.htm) Chrome/116.0.1938.76 Safari/537.36"
66.249.64.131 - - [13/Jun/2025:08:56:03 -0400] "GET /?d=99514651260&filter=49ebbc&share_to_url=product-page.php%3Fid%3D3372892%26name%3Dadidas+store+iniki HTTP/1.1" 200 21830 "-" "Mozilla/5.0 (Linux; Android 6.0.1; Nexus 5X Build/MMB29P) AppleWebKit/537.36 (KHTML, like Gecko) Chrome/136.0.7103.113 Mobile Safari/537.36 (compatible; Googlebot/2.1; +http://www.google.com/bot.html)"
66.249.64.5 - - [13/Jun/2025:08:56:04 -0400] "GET /?d=112031972260&filter=80ae2a&share_to_url=shop.php%3Fid%3D3794803%26name%3Dmini+focus+focus+amazon HTTP/1.1" 200 21764 "-" "Mozilla/5.0 (Linux; Android 6.0.1; Nexus 5X Build/MMB29P) AppleWebKit/537.36 (KHTML, like Gecko) Chrome/136.0.7103.113 Mobile Safari/537.36 (compatible; Googlebot/2.1; +http://www.google.com/bot.html)"
66.249.64.131 - - [13/Jun/2025:08:56:05 -0400] "GET /?d=97012533260&filter=cb7031&share_to_url=detail.php%3Fid%3D3286773%26name%3Dspicy+makes+you HTTP/1.1" 200 24084 "-" "Mozilla/5.0 (Linux; Android 6.0.1; Nexus 5X Build/MMB29P) AppleWebKit/537.36 (KHTML, like Gecko) Chrome/136.0.7103.113 Mobile Safari/537.36 (compatible; Googlebot/2.1; +http://www.google.com/bot.html)"
66.249.64.5 - - [13/Jun/2025:08:56:07 -0400] "GET /?d=104201623260&filter=704690&share_to_url=shopdetail.php%3Fid%3D3530408%26name%3Dfortunoff+jewelry+closed HTTP/1.1" 200 24549 "-" "Mozilla/5.0 (Linux; Android 6.0.1; Nexus 5X Build/MMB29P) AppleWebKit/537.36 (KHTML, like Gecko) Chrome/136.0.7103.113 Mobile Safari/537.36 (compatible; Googlebot/2.1; +http://www.google.com/bot.html)"
52.167.144.146 - - [13/Jun/2025:08:56:07 -0400] "GET /?d=78986742260&filter=ada5f8&share_to_url=product.php%3Fid%3D2675434%26name%3Dthe+outdoor+al+fresco HTTP/1.1" 200 24090 "-" "Mozilla/5.0 AppleWebKit/537.36 (KHTML, like Gecko; compatible; bingbot/2.0; +http://www.bing.com/bingbot.htm) Chrome/116.0.1938.76 Safari/537.36"
66.249.64.131 - - [13/Jun/2025:08:56:08 -0400] "GET /?d=101167465260&filter=141ae9&share_to_url=pin.php%3Fid%3D3429390%26name%3Dbolso+clutch+vuan HTTP/1.1" 200 23537 "-" "Mozilla/5.0 (Linux; Android 6.0.1; Nexus 5X Build/MMB29P) AppleWebKit/537.36 (KHTML, like Gecko) Chrome/136.0.7103.113 Mobile Safari/537.36 (compatible; Googlebot/2.1; +http://www.google.com/bot.html)"
52.167.144.146 - - [13/Jun/2025:08:56:08 -0400] "GET /?d=44430060260&filter=95c78c&share_to_url=shop.php%3Fid%3D1507519%26name%3Dsalopete+jeans+com+brilho HTTP/1.1" 200 23384 "-" "Mozilla/5.0 AppleWebKit/537.36 (KHTML, like Gecko; compatible; bingbot/2.0; +http://www.bing.com/bingbot.htm) Chrome/116.0.1938.76 Safari/537.36"
52.167.144.146 - - [13/Jun/2025:08:56:09 -0400] "GET /?d=33226402260&filter=6c0d32&share_to_url=article.php%3Fid%3D1129790%26name%3Dcoincasa+palermo+facebook HTTP/1.1" 200 23505 "-" "Mozilla/5.0 AppleWebKit/537.36 (KHTML, like Gecko; compatible; bingbot/2.0; +http://www.bing.com/bingbot.htm) Chrome/116.0.1938.76 Safari/537.36"
66.249.64.5 - - [13/Jun/2025:08:56:10 -0400] "GET /?d=100683168260&filter=bfc81f&share_to_url=detail.php%3Fid%3D3412545%26name%3Dcarbon+disc+road+bike+frame HTTP/1.1" 200 24436 "-" "Mozilla/5.0 (Linux; Android 6.0.1; Nexus 5X Build/MMB29P) AppleWebKit/537.36 (KHTML, like Gecko) Chrome/136.0.7103.113 Mobile Safari/537.36 (compatible; Googlebot/2.1; +http://www.google.com/bot.html)"
66.249.64.5 - - [13/Jun/2025:08:56:10 -0400] "GET /?d=112108876260&filter=d169e3&share_to_url=ideas.php%3Fid%3D3797544%26name%3Dnba+meme+team+on+x HTTP/1.1" 200 22807 "-" "Mozilla/5.0 (Linux; Android 6.0.1; Nexus 5X Build/MMB29P) AppleWebKit/537.36 (KHTML, like Gecko) Chrome/136.0.7103.113 Mobile Safari/537.36 (compatible; Googlebot/2.1; +http://www.google.com/bot.html)"
66.249.64.131 - - [13/Jun/2025:08:56:10 -0400] "GET /?d=97585324260&filter=1377c9&share_to_url=shopdetail.php%3Fid%3D3306920%26name%3Dmontre+beaubleu+vitruve HTTP/1.1" 200 22738 "-" "Mozilla/5.0 (Linux; Android 6.0.1; Nexus 5X Build/MMB29P) AppleWebKit/537.36 (KHTML, like Gecko) Chrome/136.0.7103.113 Mobile Safari/537.36 (compatible; Googlebot/2.1; +http://www.google.com/bot.html)"
66.249.64.5 - - [13/Jun/2025:08:56:12 -0400] "GET /?d=89950796260&filter=01899d&share_to_url=shop.php%3Fid%3D3048583%26name%3Dshop+porodo+gaming+pu+laptop HTTP/1.1" 200 24047 "-" "Mozilla/5.0 (Linux; Android 6.0.1; Nexus 5X Build/MMB29P) AppleWebKit/537.36 (KHTML, like Gecko) Chrome/136.0.7103.113 Mobile Safari/537.36 (compatible; Googlebot/2.1; +http://www.google.com/bot.html)"
207.46.13.156 - - [13/Jun/2025:08:56:13 -0400] "GET /?d=75413086260&filter=14708a&share_to_url=shop.php%3Fid%3D2555551%26name%3Dhercules+rocky+rf+24 HTTP/1.1" 200 23436 "-" "Mozilla/5.0 AppleWebKit/537.36 (KHTML, like Gecko; compatible; bingbot/2.0; +http://www.bing.com/bingbot.htm) Chrome/116.0.1938.76 Safari/537.36"
66.249.64.131 - - [13/Jun/2025:08:56:14 -0400] "GET /?d=108182229260&filter=256877&share_to_url=discover.php%3Fid%3D3662837%26name%3Dmodway+abate+outdoor+swing+chair HTTP/1.1" 200 23581 "-" "Mozilla/5.0 (Linux; Android 6.0.1; Nexus 5X Build/MMB29P) AppleWebKit/537.36 (KHTML, like Gecko) Chrome/136.0.7103.113 Mobile Safari/537.36 (compatible; Googlebot/2.1; +http://www.google.com/bot.html)"
66.249.64.131 - - [13/Jun/2025:08:56:14 -0400] "GET /?d=117151698260&filter=2ae2dc&share_to_url=model.php%3Fid%3D3967455%26name%3Dfruit+of+the+loom HTTP/1.1" 200 22057 "-" "Mozilla/5.0 (Linux; Android 6.0.1; Nexus 5X Build/MMB29P) AppleWebKit/537.36 (KHTML, like Gecko) Chrome/136.0.7103.113 Mobile Safari/537.36 (compatible; Googlebot/2.1; +http://www.google.com/bot.html)"
66.249.64.131 - - [13/Jun/2025:08:56:15 -0400] "GET /?d=105676313260&filter=1dbe8b&share_to_url=discover.php%3Fid%3D3579713%26name%3Dsac+pour+v%C3%AAtements HTTP/1.1" 200 23869 "-" "Mozilla/5.0 (Linux; Android 6.0.1; Nexus 5X Build/MMB29P) AppleWebKit/537.36 (KHTML, like Gecko) Chrome/136.0.7103.113 Mobile Safari/537.36 (compatible; Googlebot/2.1; +http://www.google.com/bot.html)"
207.46.13.9 - - [13/Jun/2025:08:56:14 -0400] "GET /?d=71366100260&filter=09f4dc&share_to_url=discover.php%3Fid%3D2418557%26name%3Dvirgen+de+la HTTP/1.1" 200 22850 "-" "Mozilla/5.0 AppleWebKit/537.36 (KHTML, like Gecko; compatible; bingbot/2.0; +http://www.bing.com/bingbot.htm) Chrome/116.0.1938.76 Safari/537.36"
66.249.64.131 - - [13/Jun/2025:08:56:15 -0400] "GET /?d=97795877260&filter=dace4d&share_to_url=item.php%3Fid%3D3314497%26name%3Dasics+shoe+lace HTTP/1.1" 200 22566 "-" "Mozilla/5.0 (Linux; Android 6.0.1; Nexus 5X Build/MMB29P) AppleWebKit/537.36 (KHTML, like Gecko) Chrome/136.0.7103.113 Mobile Safari/537.36 (compatible; Googlebot/2.1; +http://www.google.com/bot.html)"
66.249.64.5 - - [13/Jun/2025:08:56:15 -0400] "GET /?d=94547866260&filter=6af48e&share_to_url=goods.php%3Fid%3D3203807%26name%3Dlight+inside+oprah+039+s+favorite HTTP/1.1" 200 23621 "-" "Mozilla/5.0 (Linux; Android 6.0.1; Nexus 5X Build/MMB29P) AppleWebKit/537.36 (KHTML, like Gecko) Chrome/136.0.7103.113 Mobile Safari/537.36 (compatible; Googlebot/2.1; +http://www.google.com/bot.html)"
66.249.64.131 - - [13/Jun/2025:08:56:16 -0400] "GET /?d=91850843260&filter=09d15a&share_to_url=shop.php%3Fid%3D3112255%26name%3Dbalmain+neon+stripe+mini HTTP/1.1" 200 23319 "-" "Mozilla/5.0 (Linux; Android 6.0.1; Nexus 5X Build/MMB29P) AppleWebKit/537.36 (KHTML, like Gecko) Chrome/136.0.7103.113 Mobile Safari/537.36 (compatible; Googlebot/2.1; +http://www.google.com/bot.html)"
207.46.13.156 - - [13/Jun/2025:08:56:16 -0400] "GET /?d=49670016260&filter=c79531&share_to_url=product.php%3Fid%3D1688614%26name%3Dchildren+affairs HTTP/1.1" 200 24451 "-" "Mozilla/5.0 AppleWebKit/537.36 (KHTML, like Gecko; compatible; bingbot/2.0; +http://www.bing.com/bingbot.htm) Chrome/116.0.1938.76 Safari/537.36"
207.46.13.156 - - [13/Jun/2025:08:56:17 -0400] "GET /?d=43149324260&filter=eab85f&share_to_url=detail.php%3Fid%3D1464765%26name%3Dseu+sapato+scarpin+carla HTTP/1.1" 200 23418 "-" "Mozilla/5.0 AppleWebKit/537.36 (KHTML, like Gecko; compatible; bingbot/2.0; +http://www.bing.com/bingbot.htm) Chrome/116.0.1938.76 Safari/537.36"
66.249.64.5 - - [13/Jun/2025:08:56:18 -0400] "GET /?d=113634575260&filter=2fbbdb&share_to_url=model.php%3Fid%3D3848355%26name%3Dblue+jackets+announce+new HTTP/1.1" 200 24201 "-" "Mozilla/5.0 (Linux; Android 6.0.1; Nexus 5X Build/MMB29P) AppleWebKit/537.36 (KHTML, like Gecko) Chrome/136.0.7103.113 Mobile Safari/537.36 (compatible; Googlebot/2.1; +http://www.google.com/bot.html)"
66.249.64.131 - - [13/Jun/2025:08:56:18 -0400] "GET /?d=91455122260&filter=25d1d0&share_to_url=article.php%3Fid%3D3099290%26name%3Dbest+leggings+manufacturers+in+india HTTP/1.1" 200 23516 "-" "Mozilla/5.0 (Linux; Android 6.0.1; Nexus 5X Build/MMB29P) AppleWebKit/537.36 (KHTML, like Gecko) Chrome/136.0.7103.113 Mobile Safari/537.36 (compatible; Googlebot/2.1; +http://www.google.com/bot.html)"
66.249.64.131 - - [13/Jun/2025:08:56:21 -0400] "GET /?d=112704373260&filter=4446b5&share_to_url=pin.php%3Fid%3D3817458%26name%3Dmochila+nike+camuflaje HTTP/1.1" 200 22477 "-" "Mozilla/5.0 (Linux; Android 6.0.1; Nexus 5X Build/MMB29P) AppleWebKit/537.36 (KHTML, like Gecko) Chrome/136.0.7103.113 Mobile Safari/537.36 (compatible; Googlebot/2.1; +http://www.google.com/bot.html)"
66.249.64.131 - - [13/Jun/2025:08:56:21 -0400] "GET /?d=101425225260&filter=1c04d1&share_to_url=detail.php%3Fid%3D3438273%26name%3Det381+and+et580+ecg HTTP/1.1" 200 22728 "-" "Mozilla/5.0 (Linux; Android 6.0.1; Nexus 5X Build/MMB29P) AppleWebKit/537.36 (KHTML, like Gecko) Chrome/136.0.7103.113 Mobile Safari/537.36 (compatible; Googlebot/2.1; +http://www.google.com/bot.html)"
66.249.64.131 - - [13/Jun/2025:08:56:21 -0400] "GET /?d=101378963260&filter=f25e61&share_to_url=shop.php%3Fid%3D3436711%26name%3Dprison+break+season+2006 HTTP/1.1" 200 22191 "-" "Mozilla/5.0 (Linux; Android 6.0.1; Nexus 5X Build/MMB29P) AppleWebKit/537.36 (KHTML, like Gecko) Chrome/136.0.7103.113 Mobile Safari/537.36 (compatible; Googlebot/2.1; +http://www.google.com/bot.html)"
66.249.64.131 - - [13/Jun/2025:08:56:22 -0400] "GET /?d=91695109260&filter=6ca228&share_to_url=detail.php%3Fid%3D3107145%26name%3Dmiyagi+039+s+car HTTP/1.1" 200 23871 "-" "Mozilla/5.0 (Linux; Android 6.0.1; Nexus 5X Build/MMB29P) AppleWebKit/537.36 (KHTML, like Gecko) Chrome/136.0.7103.113 Mobile Safari/537.36 (compatible; Googlebot/2.1; +http://www.google.com/bot.html)"
52.167.144.141 - - [13/Jun/2025:08:56:22 -0400] "GET /?d=92554164260&filter=fd4510&share_to_url=product-page.php%3Fid%3D3135736%26name%3Dcar+air+freshners+inspired HTTP/1.1" 200 24019 "-" "Mozilla/5.0 AppleWebKit/537.36 (KHTML, like Gecko; compatible; bingbot/2.0; +http://www.bing.com/bingbot.htm) Chrome/116.0.1938.76 Safari/537.36"
66.249.64.5 - - [13/Jun/2025:08:56:23 -0400] "GET /?d=108319439260&filter=3ce4dd&share_to_url=discover.php%3Fid%3D3667493%26name%3Dtraditional+touch+lemon HTTP/1.1" 200 24453 "-" "Mozilla/5.0 (Linux; Android 6.0.1; Nexus 5X Build/MMB29P) AppleWebKit/537.36 (KHTML, like Gecko) Chrome/136.0.7103.113 Mobile Safari/537.36 (compatible; Googlebot/2.1; +http://www.google.com/bot.html)"
66.249.64.5 - - [13/Jun/2025:08:56:23 -0400] "GET /?d=90997669260&filter=f4b633&share_to_url=discover.php%3Fid%3D3083897%26name%3Dmid+century+brutalist+style+wrought HTTP/1.1" 200 24440 "-" "Mozilla/5.0 (Linux; Android 6.0.1; Nexus 5X Build/MMB29P) AppleWebKit/537.36 (KHTML, like Gecko) Chrome/136.0.7103.113 Mobile Safari/537.36 (compatible; Googlebot/2.1; +http://www.google.com/bot.html)"
52.167.144.141 - - [13/Jun/2025:08:56:23 -0400] "GET /?d=105281551260&filter=de1f77&share_to_url=ideas.php?id=3566736&name=it%20didn%20039%20t%20disappoint%20my HTTP/1.1" 200 24185 "-" "Mozilla/5.0 AppleWebKit/537.36 (KHTML, like Gecko; compatible; bingbot/2.0; +http://www.bing.com/bingbot.htm) Chrome/116.0.1938.76 Safari/537.36"
207.46.13.156 - - [13/Jun/2025:08:56:24 -0400] "GET /?d=112017656260&filter=271d11&share_to_url=product.php%3Fid%3D3794314%26name%3Dluxe+dames+lace+up HTTP/1.1" 200 24214 "-" "Mozilla/5.0 AppleWebKit/537.36 (KHTML, like Gecko; compatible; bingbot/2.0; +http://www.bing.com/bingbot.htm) Chrome/116.0.1938.76 Safari/537.36"
66.249.64.131 - - [13/Jun/2025:08:56:24 -0400] "GET /?d=99378865260&filter=92f607&share_to_url=discover.php%3Fid%3D3368237%26name%3Dcoffee+and+accessories+krups HTTP/1.1" 200 23097 "-" "Mozilla/5.0 (Linux; Android 6.0.1; Nexus 5X Build/MMB29P) AppleWebKit/537.36 (KHTML, like Gecko) Chrome/136.0.7103.113 Mobile Safari/537.36 (compatible; Googlebot/2.1; +http://www.google.com/bot.html)"
66.249.64.5 - - [13/Jun/2025:08:56:24 -0400] "GET /?d=97074393260&filter=128aa4&share_to_url=item.php%3Fid%3D3289033%26name%3D5000w+electric+garage HTTP/1.1" 200 23685 "-" "Mozilla/5.0 (Linux; Android 6.0.1; Nexus 5X Build/MMB29P) AppleWebKit/537.36 (KHTML, like Gecko) Chrome/136.0.7103.113 Mobile Safari/537.36 (compatible; Googlebot/2.1; +http://www.google.com/bot.html)"
66.249.64.5 - - [13/Jun/2025:08:56:25 -0400] "GET /?d=95271856260&filter=9baa02&share_to_url=article.php%3Fid%3D3227534%26name%3Dreebok+women+039+s+trainflex+cross HTTP/1.1" 200 23422 "-" "Mozilla/5.0 (Linux; Android 6.0.1; Nexus 5X Build/MMB29P) AppleWebKit/537.36 (KHTML, like Gecko) Chrome/136.0.7103.113 Mobile Safari/537.36 (compatible; Googlebot/2.1; +http://www.google.com/bot.html)"
207.46.13.156 - - [13/Jun/2025:08:56:25 -0400] "GET /?d=87943382260&filter=564fa1&share_to_url=product-page.php%3Fid%3D2979892%26name%3Df%C3%BCr+peugeot+106+108 HTTP/1.1" 200 24210 "-" "Mozilla/5.0 AppleWebKit/537.36 (KHTML, like Gecko; compatible; bingbot/2.0; +http://www.bing.com/bingbot.htm) Chrome/116.0.1938.76 Safari/537.36"
66.249.64.132 - - [13/Jun/2025:08:56:27 -0400] "GET /?d=103739812260&filter=daf99f&share_to_url=shop.php%3Fid%3D3514963%26name%3Disla+jade+king+100+cotton HTTP/1.1" 200 23964 "-" "Mozilla/5.0 (Linux; Android 6.0.1; Nexus 5X Build/MMB29P) AppleWebKit/537.36 (KHTML, like Gecko) Chrome/136.0.7103.113 Mobile Safari/537.36 (compatible; Googlebot/2.1; +http://www.google.com/bot.html)"
66.249.64.5 - - [13/Jun/2025:08:56:27 -0400] "GET /?d=116269423260&filter=21a680&share_to_url=discover.php%3Fid%3D3937661%26name%3Dune+largeur+de+pneu HTTP/1.1" 200 24278 "-" "Mozilla/5.0 (Linux; Android 6.0.1; Nexus 5X Build/MMB29P) AppleWebKit/537.36 (KHTML, like Gecko) Chrome/136.0.7103.113 Mobile Safari/537.36 (compatible; Googlebot/2.1; +http://www.google.com/bot.html)"
52.167.144.216 - - [13/Jun/2025:08:56:28 -0400] "GET /?d=97769361260&filter=7e07ed&share_to_url=discover.php%3Fid%3D3313601%26name%3Dpandora+disney+launches HTTP/1.1" 200 22890 "-" "Mozilla/5.0 AppleWebKit/537.36 (KHTML, like Gecko; compatible; bingbot/2.0; +http://www.bing.com/bingbot.htm) Chrome/116.0.1938.76 Safari/537.36"
52.167.144.216 - - [13/Jun/2025:08:56:29 -0400] "GET /?d=13342961260&filter=c79531&share_to_url=model.php%3Fid%3D455151%26name%3Deloise+18+soft HTTP/1.1" 200 24350 "-" "Mozilla/5.0 AppleWebKit/537.36 (KHTML, like Gecko; compatible; bingbot/2.0; +http://www.bing.com/bingbot.htm) Chrome/116.0.1938.76 Safari/537.36"
66.249.64.131 - - [13/Jun/2025:08:56:29 -0400] "GET /?d=90890531260&filter=7f236e&share_to_url=product.php%3Fid%3D3080518%26name%3Drobe+ceremonie+promod+aliexpress HTTP/1.1" 200 23043 "-" "Mozilla/5.0 (Linux; Android 6.0.1; Nexus 5X Build/MMB29P) AppleWebKit/537.36 (KHTML, like Gecko) Chrome/136.0.7103.113 Mobile Safari/537.36 (compatible; Googlebot/2.1; +http://www.google.com/bot.html)"
52.167.144.216 - - [13/Jun/2025:08:56:30 -0400] "GET /?d=3904033260&filter=14708a&share_to_url=pin.php%3Fid%3D134502%26name%3Ddominar+400+shop HTTP/1.1" 200 23330 "-" "Mozilla/5.0 AppleWebKit/537.36 (KHTML, like Gecko; compatible; bingbot/2.0; +http://www.bing.com/bingbot.htm) Chrome/116.0.1938.76 Safari/537.36"
66.249.64.131 - - [13/Jun/2025:08:56:30 -0400] "GET /?d=90756679260&filter=b2e434&share_to_url=goods.php%3Fid%3D3075983%26name%3Dbest+neck HTTP/1.1" 200 24795 "-" "Mozilla/5.0 (Linux; Android 6.0.1; Nexus 5X Build/MMB29P) AppleWebKit/537.36 (KHTML, like Gecko) Chrome/136.0.7103.113 Mobile Safari/537.36 (compatible; Googlebot/2.1; +http://www.google.com/bot.html)"
66.249.64.5 - - [13/Jun/2025:08:56:30 -0400] "GET /?d=88756773260&filter=c11d46&share_to_url=ideas.php%3Fid%3D3008172%26name%3Ddelicate+beaded+bangles+easy HTTP/1.1" 200 24648 "-" "Mozilla/5.0 (Linux; Android 6.0.1; Nexus 5X Build/MMB29P) AppleWebKit/537.36 (KHTML, like Gecko) Chrome/136.0.7103.113 Mobile Safari/537.36 (compatible; Googlebot/2.1; +http://www.google.com/bot.html)"
66.249.64.131 - - [13/Jun/2025:08:56:32 -0400] "GET /?d=100978006260&filter=cd6685&share_to_url=item.php%3Fid%3D3422941%26name%3Dpace+micro+clearance+drone HTTP/1.1" 200 23531 "-" "Mozilla/5.0 (Linux; Android 6.0.1; Nexus 5X Build/MMB29P) AppleWebKit/537.36 (KHTML, like Gecko) Chrome/136.0.7103.113 Mobile Safari/537.36 (compatible; Googlebot/2.1; +http://www.google.com/bot.html)"
207.46.13.156 - - [13/Jun/2025:08:56:33 -0400] "GET /?d=16398047260&filter=c79531&share_to_url=detail.php%3Fid%3D559209%26name%3Dmanhattan+toy+wee HTTP/1.1" 200 22858 "-" "Mozilla/5.0 AppleWebKit/537.36 (KHTML, like Gecko; compatible; bingbot/2.0; +http://www.bing.com/bingbot.htm) Chrome/116.0.1938.76 Safari/537.36"
66.249.64.5 - - [13/Jun/2025:08:56:33 -0400] "GET /?d=106410315260&filter=37fa66&share_to_url=detail.php%3Fid%3D3604005%26name%3Dnuevas+tendencias+moda+mujer+2022 HTTP/1.1" 200 23919 "-" "Mozilla/5.0 (Linux; Android 6.0.1; Nexus 5X Build/MMB29P) AppleWebKit/537.36 (KHTML, like Gecko) Chrome/136.0.7103.113 Mobile Safari/537.36 (compatible; Googlebot/2.1; +http://www.google.com/bot.html)"
207.46.13.9 - - [13/Jun/2025:08:56:34 -0400] "GET /?d=101494533260&filter=8c1a8c&share_to_url=detail.php?id=3440709&name=scarpa%20nepal%20celtic%20lion HTTP/1.1" 200 23427 "-" "Mozilla/5.0 AppleWebKit/537.36 (KHTML, like Gecko; compatible; bingbot/2.0; +http://www.bing.com/bingbot.htm) Chrome/116.0.1938.76 Safari/537.36"
52.167.144.146 - - [13/Jun/2025:08:56:34 -0400] "GET /?d=40739683260&filter=c79531&share_to_url=model.php%3Fid%3D1383555%26name%3Dnow+this+would HTTP/1.1" 200 24783 "-" "Mozilla/5.0 AppleWebKit/537.36 (KHTML, like Gecko; compatible; bingbot/2.0; +http://www.bing.com/bingbot.htm) Chrome/116.0.1938.76 Safari/537.36"
66.249.64.132 - - [13/Jun/2025:08:56:35 -0400] "GET /?d=104821906260&filter=d309ed&share_to_url=product-page.php%3Fid%3D3551668%26name%3Darab+hijab+shop HTTP/1.1" 200 23470 "-" "Mozilla/5.0 (Linux; Android 6.0.1; Nexus 5X Build/MMB29P) AppleWebKit/537.36 (KHTML, like Gecko) Chrome/136.0.7103.113 Mobile Safari/537.36 (compatible; Googlebot/2.1; +http://www.google.com/bot.html)"
66.249.64.132 - - [13/Jun/2025:08:56:37 -0400] "GET /?d=98276454260&filter=1377c9&share_to_url=ideas.php%3Fid%3D3330264%26name%3Drolex+chronometer+square+art HTTP/1.1" 200 23386 "-" "Mozilla/5.0 (Linux; Android 6.0.1; Nexus 5X Build/MMB29P) AppleWebKit/537.36 (KHTML, like Gecko) Chrome/136.0.7103.113 Mobile Safari/537.36 (compatible; Googlebot/2.1; +http://www.google.com/bot.html)"
66.249.64.6 - - [13/Jun/2025:08:56:38 -0400] "GET /?d=105899504260&filter=a3beff&share_to_url=pin.php%3Fid%3D3587034%26name%3D2550+w+van+buren+st HTTP/1.1" 200 23815 "-" "Mozilla/5.0 (Linux; Android 6.0.1; Nexus 5X Build/MMB29P) AppleWebKit/537.36 (KHTML, like Gecko) Chrome/136.0.7103.113 Mobile Safari/537.36 (compatible; Googlebot/2.1; +http://www.google.com/bot.html)"
66.249.64.6 - - [13/Jun/2025:08:56:38 -0400] "GET /?d=90792668260&filter=190ccd&share_to_url=detail.php%3Fid%3D3077097%26name%3D23495+panerai+luminor HTTP/1.1" 200 22684 "-" "Mozilla/5.0 (Linux; Android 6.0.1; Nexus 5X Build/MMB29P) AppleWebKit/537.36 (KHTML, like Gecko) Chrome/136.0.7103.113 Mobile Safari/537.36 (compatible; Googlebot/2.1; +http://www.google.com/bot.html)"
66.249.64.5 - - [13/Jun/2025:08:56:40 -0400] "GET /?d=112710171260&filter=967b54&share_to_url=article.php%3Fid%3D3817670%26name%3Dharper+039+s+puppy+themed+birthday HTTP/1.1" 200 23493 "-" "Mozilla/5.0 (Linux; Android 6.0.1; Nexus 5X Build/MMB29P) AppleWebKit/537.36 (KHTML, like Gecko) Chrome/136.0.7103.113 Mobile Safari/537.36 (compatible; Googlebot/2.1; +http://www.google.com/bot.html)"
66.249.64.6 - - [13/Jun/2025:08:56:41 -0400] "GET /?d=89087929260&filter=af8808&share_to_url=shop.php%3Fid%3D3019555%26name%3Doptica+vision+glass HTTP/1.1" 200 24671 "-" "Mozilla/5.0 (Linux; Android 6.0.1; Nexus 5X Build/MMB29P) AppleWebKit/537.36 (KHTML, like Gecko) Chrome/136.0.7103.113 Mobile Safari/537.36 (compatible; Googlebot/2.1; +http://www.google.com/bot.html)"
66.249.64.132 - - [13/Jun/2025:08:56:43 -0400] "GET /?d=95105734260&filter=032fe0&share_to_url=discover.php%3Fid%3D3222113%26name%3Dtesla+black+hats HTTP/1.1" 200 24336 "-" "Mozilla/5.0 (Linux; Android 6.0.1; Nexus 5X Build/MMB29P) AppleWebKit/537.36 (KHTML, like Gecko) Chrome/136.0.7103.113 Mobile Safari/537.36 (compatible; Googlebot/2.1; +http://www.google.com/bot.html)"
66.249.64.6 - - [13/Jun/2025:08:56:43 -0400] "GET /?d=101008706260&filter=ab257e&share_to_url=shop.php%3Fid%3D3423943%26name%3Dtom+hope+today+039+s HTTP/1.1" 200 23820 "-" "Mozilla/5.0 (Linux; Android 6.0.1; Nexus 5X Build/MMB29P) AppleWebKit/537.36 (KHTML, like Gecko) Chrome/136.0.7103.113 Mobile Safari/537.36 (compatible; Googlebot/2.1; +http://www.google.com/bot.html)"
207.46.13.156 - - [13/Jun/2025:08:56:44 -0400] "GET /?d=84722600260&filter=e09080&share_to_url=pin.php%3Fid%3D2869482%26name%3Dskagen+connected+hybrid HTTP/1.1" 200 22802 "-" "Mozilla/5.0 AppleWebKit/537.36 (KHTML, like Gecko; compatible; bingbot/2.0; +http://www.bing.com/bingbot.htm) Chrome/116.0.1938.76 Safari/537.36"
66.249.64.131 - - [13/Jun/2025:08:56:44 -0400] "GET /?d=111150448260&filter=6ca228&share_to_url=ideas.php%3Fid%3D3763800%26name%3Dhoodie+cowok+distro+tebal+sweater HTTP/1.1" 200 24035 "-" "Mozilla/5.0 (Linux; Android 6.0.1; Nexus 5X Build/MMB29P) AppleWebKit/537.36 (KHTML, like Gecko) Chrome/136.0.7103.113 Mobile Safari/537.36 (compatible; Googlebot/2.1; +http://www.google.com/bot.html)"
207.46.13.156 - - [13/Jun/2025:08:56:45 -0400] "GET /?d=78170893260&filter=95c78c&share_to_url=product.php%3Fid%3D2647966%26name%3Dvestido+longo+transpassado+manga HTTP/1.1" 200 24185 "-" "Mozilla/5.0 AppleWebKit/537.36 (KHTML, like Gecko; compatible; bingbot/2.0; +http://www.bing.com/bingbot.htm) Chrome/116.0.1938.76 Safari/537.36"
66.249.64.131 - - [13/Jun/2025:08:56:46 -0400] "GET /?d=110324445260&filter=2343c6&share_to_url=product.php%3Fid%3D3734422%26name%3Dshoe+laundry+in+chandigarh HTTP/1.1" 200 25490 "-" "Mozilla/5.0 (Linux; Android 6.0.1; Nexus 5X Build/MMB29P) AppleWebKit/537.36 (KHTML, like Gecko) Chrome/136.0.7103.113 Mobile Safari/537.36 (compatible; Googlebot/2.1; +http://www.google.com/bot.html)"
207.46.13.9 - - [13/Jun/2025:08:56:46 -0400] "GET /?d=115742832260&filter=77322a&share_to_url=article.php%3Fid%3D3919502%26name%3Dlink+ldd HTTP/1.1" 200 24062 "-" "Mozilla/5.0 AppleWebKit/537.36 (KHTML, like Gecko; compatible; bingbot/2.0; +http://www.bing.com/bingbot.htm) Chrome/116.0.1938.76 Safari/537.36"
66.249.64.6 - - [13/Jun/2025:08:56:46 -0400] "GET /?d=113934939260&filter=1876cd&share_to_url=ideas.php%3Fid%3D3858648%26name%3Dmerino+nova+pullover+sweater HTTP/1.1" 200 24390 "-" "Mozilla/5.0 (Linux; Android 6.0.1; Nexus 5X Build/MMB29P) AppleWebKit/537.36 (KHTML, like Gecko) Chrome/136.0.7103.113 Mobile Safari/537.36 (compatible; Googlebot/2.1; +http://www.google.com/bot.html)"
66.249.64.5 - - [13/Jun/2025:08:56:48 -0400] "GET /?d=32813007260&filter=1bad6b&share_to_url=shop.php%3Fid%3D1115851%26name%3Dhousse+eponge+poussette+store+universelle HTTP/1.1" 200 22493 "-" "Mozilla/5.0 (Linux; Android 6.0.1; Nexus 5X Build/MMB29P) AppleWebKit/537.36 (KHTML, like Gecko) Chrome/136.0.7103.113 Mobile Safari/537.36 (compatible; Googlebot/2.1; +http://www.google.com/bot.html)"
66.249.64.131 - - [13/Jun/2025:08:56:48 -0400] "GET /?d=94210512260&filter=f4040b&share_to_url=product.php%3Fid%3D3192430%26name%3Dcars+telecomandata+on HTTP/1.1" 200 23541 "-" "Mozilla/5.0 (Linux; Android 6.0.1; Nexus 5X Build/MMB29P) AppleWebKit/537.36 (KHTML, like Gecko) Chrome/136.0.7103.113 Mobile Safari/537.36 (compatible; Googlebot/2.1; +http://www.google.com/bot.html)"
66.249.64.6 - - [13/Jun/2025:08:56:50 -0400] "GET /?d=28380781260&filter=1bad6b&share_to_url=item.php%3Fid%3D963541%26name%3Dadaptateur+maxi+cosi+top HTTP/1.1" 200 22350 "-" "Mozilla/5.0 (Linux; Android 6.0.1; Nexus 5X Build/MMB29P) AppleWebKit/537.36 (KHTML, like Gecko) Chrome/136.0.7103.113 Mobile Safari/537.36 (compatible; Googlebot/2.1; +http://www.google.com/bot.html)"
66.249.64.132 - - [13/Jun/2025:08:56:51 -0400] "GET /?d=112066699260&filter=116a77&share_to_url=item.php%3Fid%3D3795997%26name%3Dsloan+pressure+assist+rh HTTP/1.1" 200 23666 "-" "Mozilla/5.0 (Linux; Android 6.0.1; Nexus 5X Build/MMB29P) AppleWebKit/537.36 (KHTML, like Gecko) Chrome/136.0.7103.113 Mobile Safari/537.36 (compatible; Googlebot/2.1; +http://www.google.com/bot.html)"
52.167.144.146 - - [13/Jun/2025:08:56:52 -0400] "GET /?d=61150567260&filter=4d7b9c&share_to_url=pin.php%3Fid%3D2074266%26name%3Dduplo+forklift+truck HTTP/1.1" 200 24264 "-" "Mozilla/5.0 AppleWebKit/537.36 (KHTML, like Gecko; compatible; bingbot/2.0; +http://www.bing.com/bingbot.htm) Chrome/116.0.1938.76 Safari/537.36"
52.167.144.146 - - [13/Jun/2025:08:56:53 -0400] "GET /?d=57142565260&filter=c79531&share_to_url=detail.php%3Fid%3D1939905%26name%3Dpromo+street+boba HTTP/1.1" 200 24876 "-" "Mozilla/5.0 AppleWebKit/537.36 (KHTML, like Gecko; compatible; bingbot/2.0; +http://www.bing.com/bingbot.htm) Chrome/116.0.1938.76 Safari/537.36"
66.249.64.6 - - [13/Jun/2025:08:56:53 -0400] "GET /?d=47795101260&filter=1bad6b&share_to_url=article.php%3Fid%3D1623866%26name%3Drevendeur+clearance+poussette+cam HTTP/1.1" 200 22866 "-" "Mozilla/5.0 (Linux; Android 6.0.1; Nexus 5X Build/MMB29P) AppleWebKit/537.36 (KHTML, like Gecko) Chrome/136.0.7103.113 Mobile Safari/537.36 (compatible; Googlebot/2.1; +http://www.google.com/bot.html)"
66.249.64.131 - - [13/Jun/2025:08:56:54 -0400] "GET /?d=117431268260&filter=1fda49&share_to_url=discover.php%3Fid%3D3976913%26name%3Dfor+young+traders HTTP/1.1" 200 23238 "-" "Mozilla/5.0 (Linux; Android 6.0.1; Nexus 5X Build/MMB29P) AppleWebKit/537.36 (KHTML, like Gecko) Chrome/136.0.7103.113 Mobile Safari/537.36 (compatible; Googlebot/2.1; +http://www.google.com/bot.html)"
52.167.144.232 - - [13/Jun/2025:08:56:54 -0400] "GET /?d=90233716260&filter=f068d5&share_to_url=item.php%3Fid%3D3057877%26name%3Dfive+carry+on+essentials+for+travelers HTTP/1.1" 200 24639 "-" "Mozilla/5.0 AppleWebKit/537.36 (KHTML, like Gecko; compatible; bingbot/2.0; +http://www.bing.com/bingbot.htm) Chrome/116.0.1938.76 Safari/537.36"
52.167.144.232 - - [13/Jun/2025:08:56:55 -0400] "GET /?d=97164403260&filter=50f21f&share_to_url=goods.php%3Fid%3D3292211%26name%3Dkirkhill+forest+clearance HTTP/1.1" 200 23238 "-" "Mozilla/5.0 AppleWebKit/537.36 (KHTML, like Gecko; compatible; bingbot/2.0; +http://www.bing.com/bingbot.htm) Chrome/116.0.1938.76 Safari/537.36"
40.77.167.13 - - [13/Jun/2025:08:56:56 -0400] "GET /?d=100790484260&filter=400a61&share_to_url=pin.php%3Fid%3D3416166%26name%3Dtin+ducati+multistrada+1000ds HTTP/1.1" 200 23540 "-" "Mozilla/5.0 AppleWebKit/537.36 (KHTML, like Gecko; compatible; bingbot/2.0; +http://www.bing.com/bingbot.htm) Chrome/116.0.1938.76 Safari/537.36"
52.167.144.216 - - [13/Jun/2025:08:56:56 -0400] "GET /?d=105261276260&filter=03c587&share_to_url=product-page.php%3Fid%3D3566140%26name%3Dmini+popcorn+discount HTTP/1.1" 200 24274 "-" "Mozilla/5.0 AppleWebKit/537.36 (KHTML, like Gecko; compatible; bingbot/2.0; +http://www.bing.com/bingbot.htm) Chrome/116.0.1938.76 Safari/537.36"
66.249.64.6 - - [13/Jun/2025:08:56:57 -0400] "GET /?d=95269049260&filter=9baa02&share_to_url=model.php%3Fid%3D3227439%26name%3Dimplus+sof+sole+women+039+s+athlete HTTP/1.1" 200 23664 "-" "Mozilla/5.0 (Linux; Android 6.0.1; Nexus 5X Build/MMB29P) AppleWebKit/537.36 (KHTML, like Gecko) Chrome/136.0.7103.113 Mobile Safari/537.36 (compatible; Googlebot/2.1; +http://www.google.com/bot.html)"
66.249.64.132 - - [13/Jun/2025:08:56:57 -0400] "GET /?d=105677287260&filter=1dbe8b&share_to_url=item.php%3Fid%3D3579745%26name%3Dchine+sac+d+039+%C3%A9cole HTTP/1.1" 200 24108 "-" "Mozilla/5.0 (Linux; Android 6.0.1; Nexus 5X Build/MMB29P) AppleWebKit/537.36 (KHTML, like Gecko) Chrome/136.0.7103.113 Mobile Safari/537.36 (compatible; Googlebot/2.1; +http://www.google.com/bot.html)"
52.167.144.216 - - [13/Jun/2025:08:56:57 -0400] "GET /?d=73882189260&filter=14708a&share_to_url=pin.php%3Fid%3D2504526%26name%3Dcontroltech+one+riser+mtb HTTP/1.1" 200 23874 "-" "Mozilla/5.0 AppleWebKit/537.36 (KHTML, like Gecko; compatible; bingbot/2.0; +http://www.bing.com/bingbot.htm) Chrome/116.0.1938.76 Safari/537.36"
40.77.167.13 - - [13/Jun/2025:08:56:58 -0400] "GET /?d=99279795260&filter=4fdca8&share_to_url=item.php%3Fid%3D3364765%26name%3Dsurly+nice+rack HTTP/1.1" 200 23193 "-" "Mozilla/5.0 AppleWebKit/537.36 (KHTML, like Gecko; compatible; bingbot/2.0; +http://www.bing.com/bingbot.htm) Chrome/116.0.1938.76 Safari/537.36"
66.249.64.5 - - [13/Jun/2025:08:56:59 -0400] "GET /?d=110853270260&filter=45b8ec&share_to_url=product.php%3Fid%3D3753466%26name%3Dlongines+spirit+zulu+time+automatic HTTP/1.1" 200 23084 "-" "Mozilla/5.0 (Linux; Android 6.0.1; Nexus 5X Build/MMB29P) AppleWebKit/537.36 (KHTML, like Gecko) Chrome/136.0.7103.113 Mobile Safari/537.36 (compatible; Googlebot/2.1; +http://www.google.com/bot.html)"
66.249.64.128 - - [13/Jun/2025:08:57:00 -0400] "GET /?d=110953618260&filter=c701da&share_to_url=article.php%3Fid%3D3757274%26name%3Dfestina+homme+page+watch HTTP/1.1" 200 22132 "-" "Mozilla/5.0 (Linux; Android 6.0.1; Nexus 5X Build/MMB29P) AppleWebKit/537.36 (KHTML, like Gecko) Chrome/136.0.7103.113 Mobile Safari/537.36 (compatible; Googlebot/2.1; +http://www.google.com/bot.html)"
66.249.64.5 - - [13/Jun/2025:08:57:02 -0400] "GET /?d=105415679260&filter=74aed1&share_to_url=product.php%3Fid%3D3571054%26name%3Dintent%C3%A9+cambiar+el+termostato HTTP/1.1" 200 23072 "-" "Mozilla/5.0 (Linux; Android 6.0.1; Nexus 5X Build/MMB29P) AppleWebKit/537.36 (KHTML, like Gecko) Chrome/136.0.7103.113 Mobile Safari/537.36 (compatible; Googlebot/2.1; +http://www.google.com/bot.html)"
66.249.64.132 - - [13/Jun/2025:08:57:02 -0400] "GET /?d=108651145260&filter=03c587&share_to_url=goods.php%3Fid%3D3678731%26name%3Dboyy+tan+buckle+crossbody HTTP/1.1" 200 23387 "-" "Mozilla/5.0 (Linux; Android 6.0.1; Nexus 5X Build/MMB29P) AppleWebKit/537.36 (KHTML, like Gecko) Chrome/136.0.7103.113 Mobile Safari/537.36 (compatible; Googlebot/2.1; +http://www.google.com/bot.html)"
66.249.64.5 - - [13/Jun/2025:08:57:05 -0400] "GET /?d=114030007260&filter=d50c1d&share_to_url=model.php%3Fid%3D3861831%26name%3Dadult+swim+debuts+first+episode HTTP/1.1" 200 23087 "-" "Mozilla/5.0 (Linux; Android 6.0.1; Nexus 5X Build/MMB29P) AppleWebKit/537.36 (KHTML, like Gecko) Chrome/136.0.7103.113 Mobile Safari/537.36 (compatible; Googlebot/2.1; +http://www.google.com/bot.html)"
66.249.64.131 - - [13/Jun/2025:08:57:05 -0400] "GET /?d=102702599260&filter=5506a5&share_to_url=discover.php%3Fid%3D3480989%26name%3Daravon+farren HTTP/1.1" 200 22750 "-" "Mozilla/5.0 (Linux; Android 6.0.1; Nexus 5X Build/MMB29P) AppleWebKit/537.36 (KHTML, like Gecko) Chrome/136.0.7103.113 Mobile Safari/537.36 (compatible; Googlebot/2.1; +http://www.google.com/bot.html)"
66.249.64.5 - - [13/Jun/2025:08:57:07 -0400] "GET /?d=42865938260&filter=1bad6b&share_to_url=detail.php%3Fid%3D1455057%26name%3Dpoussette+brevi+clearance HTTP/1.1" 200 22482 "-" "Mozilla/5.0 (Linux; Android 6.0.1; Nexus 5X Build/MMB29P) AppleWebKit/537.36 (KHTML, like Gecko) Chrome/136.0.7103.113 Mobile Safari/537.36 (compatible; Googlebot/2.1; +http://www.google.com/bot.html)"
66.249.64.131 - - [13/Jun/2025:08:57:07 -0400] "GET /?d=109101796260&filter=28e007&share_to_url=pin.php%3Fid%3D3693486%26name%3Dcasual+shoes+tommy+jeans HTTP/1.1" 200 23278 "-" "Mozilla/5.0 (Linux; Android 6.0.1; Nexus 5X Build/MMB29P) AppleWebKit/537.36 (KHTML, like Gecko) Chrome/136.0.7103.113 Mobile Safari/537.36 (compatible; Googlebot/2.1; +http://www.google.com/bot.html)"
