66.249.64.131 - - [13/Jun/2025:09:20:34 -0400] "GET /?d=102132624260&filter=2343c6&share_to_url=goods.php%3Fid%3D3461783%26name%3Dmansur+gavriel+cosy+boots HTTP/1.1" 200 24227 "-" "Mozilla/5.0 (Linux; Android 6.0.1; Nexus 5X Build/MMB29P) AppleWebKit/537.36 (KHTML, like Gecko) Chrome/136.0.7103.113 Mobile Safari/537.36 (compatible; Googlebot/2.1; +http://www.google.com/bot.html)"
66.249.64.6 - - [13/Jun/2025:09:20:35 -0400] "GET /?d=107229696260&filter=073822&share_to_url=goods.php%3Fid%3D3631223%26name%3Dxikezan+mini+beard+hair HTTP/1.1" 200 24169 "-" "Mozilla/5.0 (Linux; Android 6.0.1; Nexus 5X Build/MMB29P) AppleWebKit/537.36 (KHTML, like Gecko) Chrome/136.0.7103.113 Mobile Safari/537.36 (compatible; Googlebot/2.1; +http://www.google.com/bot.html)"
157.55.39.203 - - [13/Jun/2025:09:20:36 -0400] "GET /?d=101380423260&filter=cb7031&share_to_url=ideas.php%3Fid%3D3436764%26name%3Do%C3%B9+puis+je+trouver+un+manteau HTTP/1.1" 200 24179 "-" "Mozilla/5.0 AppleWebKit/537.36 (KHTML, like Gecko; compatible; bingbot/2.0; +http://www.bing.com/bingbot.htm) Chrome/116.0.1938.76 Safari/537.36"
66.249.64.6 - - [13/Jun/2025:09:20:37 -0400] "GET /?d=117996184260&filter=fe5903&share_to_url=article.php%3Fid%3D3995930%26name%3Dbuigttklop+mens+pants HTTP/1.1" 200 24561 "-" "Mozilla/5.0 (Linux; Android 6.0.1; Nexus 5X Build/MMB29P) AppleWebKit/537.36 (KHTML, like Gecko) Chrome/136.0.7103.113 Mobile Safari/537.36 (compatible; Googlebot/2.1; +http://www.google.com/bot.html)"
66.249.64.6 - - [13/Jun/2025:09:20:40 -0400] "GET /?d=99511712260&filter=6afb2d&share_to_url=detail.php%3Fid%3D3372777%26name%3Danovos+the+weathered+version HTTP/1.1" 200 23640 "-" "Mozilla/5.0 (Linux; Android 6.0.1; Nexus 5X Build/MMB29P) AppleWebKit/537.36 (KHTML, like Gecko) Chrome/136.0.7103.113 Mobile Safari/537.36 (compatible; Googlebot/2.1; +http://www.google.com/bot.html)"
157.55.39.203 - - [13/Jun/2025:09:20:40 -0400] "GET /?d=20717216260&filter=6986c1&share_to_url=ideas.php%3Fid%3D703884%26name%3D53+kicks+ideas HTTP/1.1" 200 22818 "-" "Mozilla/5.0 AppleWebKit/537.36 (KHTML, like Gecko; compatible; bingbot/2.0; +http://www.bing.com/bingbot.htm) Chrome/116.0.1938.76 Safari/537.36"
66.249.64.5 - - [13/Jun/2025:09:20:43 -0400] "GET /?d=91429147260&filter=58c743&share_to_url=detail.php%3Fid%3D3098445%26name%3Dsports+shoes+clearance+under+500 HTTP/1.1" 200 23021 "-" "Mozilla/5.0 (Linux; Android 6.0.1; Nexus 5X Build/MMB29P) AppleWebKit/537.36 (KHTML, like Gecko) Chrome/136.0.7103.113 Mobile Safari/537.36 (compatible; Googlebot/2.1; +http://www.google.com/bot.html)"
66.249.64.6 - - [13/Jun/2025:09:20:46 -0400] "GET /?d=98949052260&filter=bce36f&share_to_url=shopdetail.php%3Fid%3D3353204%26name%3Dcincin+pemegang+case+untuk+oppo HTTP/1.1" 200 24159 "-" "Mozilla/5.0 (Linux; Android 6.0.1; Nexus 5X Build/MMB29P) AppleWebKit/537.36 (KHTML, like Gecko) Chrome/136.0.7103.113 Mobile Safari/537.36 (compatible; Googlebot/2.1; +http://www.google.com/bot.html)"
66.249.64.6 - - [13/Jun/2025:09:20:49 -0400] "GET /?d=94154212260&filter=0f7f65&share_to_url=ideas.php%3Fid%3D3190440%26name%3Dsimple+cross+prayer+men+039+s HTTP/1.1" 200 23534 "-" "Mozilla/5.0 (Linux; Android 6.0.1; Nexus 5X Build/MMB29P) AppleWebKit/537.36 (KHTML, like Gecko) Chrome/136.0.7103.113 Mobile Safari/537.36 (compatible; Googlebot/2.1; +http://www.google.com/bot.html)"
66.249.64.6 - - [13/Jun/2025:09:20:51 -0400] "GET /?d=94043799260&filter=05fb13&share_to_url=model.php%3Fid%3D3186351%26name%3Dlist+of+original HTTP/1.1" 200 24337 "-" "Mozilla/5.0 (Linux; Android 6.0.1; Nexus 5X Build/MMB29P) AppleWebKit/537.36 (KHTML, like Gecko) Chrome/136.0.7103.113 Mobile Safari/537.36 (compatible; Googlebot/2.1; +http://www.google.com/bot.html)"
66.249.64.131 - - [13/Jun/2025:09:20:52 -0400] "GET /?d=107903262260&filter=d75ec2&share_to_url=detail.php%3Fid%3D3653589%26name%3Dsmartwach+z60+review+caracter%C3%ADsticas+y HTTP/1.1" 200 23019 "-" "Mozilla/5.0 (Linux; Android 6.0.1; Nexus 5X Build/MMB29P) AppleWebKit/537.36 (KHTML, like Gecko) Chrome/136.0.7103.113 Mobile Safari/537.36 (compatible; Googlebot/2.1; +http://www.google.com/bot.html)"
66.249.64.6 - - [13/Jun/2025:09:20:53 -0400] "GET /?d=107821188260&filter=bf6004&share_to_url=product-page.php%3Fid%3D3650956%26name%3Dstreet HTTP/1.1" 200 22991 "-" "Mozilla/5.0 (Linux; Android 6.0.1; Nexus 5X Build/MMB29P) AppleWebKit/537.36 (KHTML, like Gecko) Chrome/136.0.7103.113 Mobile Safari/537.36 (compatible; Googlebot/2.1; +http://www.google.com/bot.html)"
52.167.144.150 - - [13/Jun/2025:09:20:55 -0400] "GET /?d=89765038260&filter=3eeb34&share_to_url=pin.php%3Fid%3D3042486%26name%3Dcarriolas+llantas+jogger HTTP/1.1" 200 22340 "-" "Mozilla/5.0 AppleWebKit/537.36 (KHTML, like Gecko; compatible; bingbot/2.0; +http://www.bing.com/bingbot.htm) Chrome/116.0.1938.76 Safari/537.36"
52.167.144.158 - - [13/Jun/2025:09:20:56 -0400] "GET /?d=117009638260&filter=80ae2a&share_to_url=detail.php%3Fid%3D3962433%26name%3Ddamenuhr+fossil+jacqueline+es4274 HTTP/1.1" 200 21898 "-" "Mozilla/5.0 AppleWebKit/537.36 (KHTML, like Gecko; compatible; bingbot/2.0; +http://www.bing.com/bingbot.htm) Chrome/116.0.1938.76 Safari/537.36"
66.249.64.6 - - [13/Jun/2025:09:20:56 -0400] "GET /?d=97171180260&filter=063578&share_to_url=item.php%3Fid%3D3292477%26name%3Dkei+nishikori+uno+de HTTP/1.1" 200 22982 "-" "Mozilla/5.0 (Linux; Android 6.0.1; Nexus 5X Build/MMB29P) AppleWebKit/537.36 (KHTML, like Gecko) Chrome/136.0.7103.113 Mobile Safari/537.36 (compatible; Googlebot/2.1; +http://www.google.com/bot.html)"
52.167.144.150 - - [13/Jun/2025:09:20:56 -0400] "GET /?d=54976169260&filter=a0cecc&share_to_url=shop.php%3Fid%3D1867111%26name%3Dfabric+sofa+harleston+cream HTTP/1.1" 200 23834 "-" "Mozilla/5.0 AppleWebKit/537.36 (KHTML, like Gecko; compatible; bingbot/2.0; +http://www.bing.com/bingbot.htm) Chrome/116.0.1938.76 Safari/537.36"
66.249.64.131 - - [13/Jun/2025:09:20:58 -0400] "GET /?d=112011514260&filter=9e846e&share_to_url=pin.php%3Fid%3D3794094%26name%3Dsitting+pomeranian+puppy HTTP/1.1" 200 22967 "-" "Mozilla/5.0 (Linux; Android 6.0.1; Nexus 5X Build/MMB29P) AppleWebKit/537.36 (KHTML, like Gecko) Chrome/136.0.7103.113 Mobile Safari/537.36 (compatible; Googlebot/2.1; +http://www.google.com/bot.html)"
52.167.144.172 - - [13/Jun/2025:09:20:59 -0400] "GET /?d=114822181260&filter=2aa707&share_to_url=article.php%3Fid%3D3888134%26name%3Dspeaker+crossover+subwoofer HTTP/1.1" 200 24228 "-" "Mozilla/5.0 AppleWebKit/537.36 (KHTML, like Gecko; compatible; bingbot/2.0; +http://www.bing.com/bingbot.htm) Chrome/116.0.1938.76 Safari/537.36"
66.249.64.5 - - [13/Jun/2025:09:20:59 -0400] "GET /?d=106959505260&filter=a4f79d&share_to_url=detail.php%3Fid%3D3622473%26name%3Dnike+sb+novelty+chino HTTP/1.1" 200 22472 "-" "Mozilla/5.0 (Linux; Android 6.0.1; Nexus 5X Build/MMB29P) AppleWebKit/537.36 (KHTML, like Gecko) Chrome/136.0.7103.113 Mobile Safari/537.36 (compatible; Googlebot/2.1; +http://www.google.com/bot.html)"
66.249.64.5 - - [13/Jun/2025:09:21:02 -0400] "GET /?d=117820730260&filter=229fd8&share_to_url=product.php%3Fid%3D3990226%26name%3Dcuda+graph+in+tensorflow HTTP/1.1" 200 23765 "-" "Mozilla/5.0 (Linux; Android 6.0.1; Nexus 5X Build/MMB29P) AppleWebKit/537.36 (KHTML, like Gecko) Chrome/136.0.7103.113 Mobile Safari/537.36 (compatible; Googlebot/2.1; +http://www.google.com/bot.html)"
157.55.39.203 - - [13/Jun/2025:09:21:04 -0400] "GET /?d=86651920260&filter=b8bcfc&share_to_url=model.php%3Fid%3D2935923%26name%3Dhorloges+engrenage HTTP/1.1" 200 22699 "-" "Mozilla/5.0 AppleWebKit/537.36 (KHTML, like Gecko; compatible; bingbot/2.0; +http://www.bing.com/bingbot.htm) Chrome/116.0.1938.76 Safari/537.36"
157.55.39.203 - - [13/Jun/2025:09:21:04 -0400] "GET /?d=89917178260&filter=f2fef2&share_to_url=item.php%3Fid%3D3047605%26name%3D18ct+white+gold+diamond+wedding HTTP/1.1" 200 22760 "-" "Mozilla/5.0 AppleWebKit/537.36 (KHTML, like Gecko; compatible; bingbot/2.0; +http://www.bing.com/bingbot.htm) Chrome/116.0.1938.76 Safari/537.36"
66.249.64.5 - - [13/Jun/2025:09:21:05 -0400] "GET /?d=109015933260&filter=ed3d47&share_to_url=shopdetail.php%3Fid%3D3690800%26name%3Dpony+to+release HTTP/1.1" 200 23542 "-" "Mozilla/5.0 (Linux; Android 6.0.1; Nexus 5X Build/MMB29P) AppleWebKit/537.36 (KHTML, like Gecko) Chrome/136.0.7103.113 Mobile Safari/537.36 (compatible; Googlebot/2.1; +http://www.google.com/bot.html)"
207.46.13.102 - - [13/Jun/2025:09:21:05 -0400] "GET /?d=107037842260&filter=02231f&share_to_url=shopdetail.php%3Fid%3D3624920%26name%3Dvimmia+sale+fire+legging HTTP/1.1" 200 23165 "-" "Mozilla/5.0 AppleWebKit/537.36 (KHTML, like Gecko; compatible; bingbot/2.0; +http://www.bing.com/bingbot.htm) Chrome/116.0.1938.76 Safari/537.36"
40.77.167.155 - - [13/Jun/2025:09:21:05 -0400] "GET /?d=95214122260&filter=144b1a&share_to_url=shopdetail.php%3Fid%3D3225512%26name%3Ddc+costanera+center HTTP/1.1" 200 23781 "-" "Mozilla/5.0 AppleWebKit/537.36 (KHTML, like Gecko; compatible; bingbot/2.0; +http://www.bing.com/bingbot.htm) Chrome/116.0.1938.76 Safari/537.36"
157.55.39.203 - - [13/Jun/2025:09:21:05 -0400] "GET /?d=97096230260&filter=cab71d&share_to_url=discover.php%3Fid%3D3289781%26name%3Dlochinvar+expands+commercial HTTP/1.1" 200 23380 "-" "Mozilla/5.0 AppleWebKit/537.36 (KHTML, like Gecko; compatible; bingbot/2.0; +http://www.bing.com/bingbot.htm) Chrome/116.0.1938.76 Safari/537.36"
66.249.64.5 - - [13/Jun/2025:09:21:07 -0400] "GET /?d=116340944260&filter=0647a3&share_to_url=ideas.php%3Fid%3D3939840%26name%3Danillo+ajustable+black+goku HTTP/1.1" 200 23313 "-" "Mozilla/5.0 (Linux; Android 6.0.1; Nexus 5X Build/MMB29P) AppleWebKit/537.36 (KHTML, like Gecko) Chrome/136.0.7103.113 Mobile Safari/537.36 (compatible; Googlebot/2.1; +http://www.google.com/bot.html)"
157.55.39.203 - - [13/Jun/2025:09:21:07 -0400] "GET /?d=28405484260&filter=ab67d8&share_to_url=goods.php%3Fid%3D964391%26name%3Dadams+penza+red+polypropylene HTTP/1.1" 200 23806 "-" "Mozilla/5.0 AppleWebKit/537.36 (KHTML, like Gecko; compatible; bingbot/2.0; +http://www.bing.com/bingbot.htm) Chrome/116.0.1938.76 Safari/537.36"
66.249.64.5 - - [13/Jun/2025:09:21:08 -0400] "GET /?d=115635226260&filter=7ee663&share_to_url=ideas.php%3Fid%3D3916128%26name%3Dstroller+insect+netting HTTP/1.1" 200 23007 "-" "Mozilla/5.0 (Linux; Android 6.0.1; Nexus 5X Build/MMB29P) AppleWebKit/537.36 (KHTML, like Gecko) Chrome/136.0.7103.113 Mobile Safari/537.36 (compatible; Googlebot/2.1; +http://www.google.com/bot.html)"
52.167.144.172 - - [13/Jun/2025:09:21:09 -0400] "GET /?d=107357737260&filter=b71637&share_to_url=model.php%3Fid%3D3635523%26name%3Dratatouille+edit+anyone+can HTTP/1.1" 200 23534 "-" "Mozilla/5.0 AppleWebKit/537.36 (KHTML, like Gecko; compatible; bingbot/2.0; +http://www.bing.com/bingbot.htm) Chrome/116.0.1938.76 Safari/537.36"
52.167.144.172 - - [13/Jun/2025:09:21:09 -0400] "GET /?d=103188310260&filter=c266f8&share_to_url=shop.php%3Fid%3D3496747%26name%3Dadult+men+retro HTTP/1.1" 200 24095 "-" "Mozilla/5.0 AppleWebKit/537.36 (KHTML, like Gecko; compatible; bingbot/2.0; +http://www.bing.com/bingbot.htm) Chrome/116.0.1938.76 Safari/537.36"
66.249.64.5 - - [13/Jun/2025:09:21:11 -0400] "GET /?d=109264053260&filter=a4c9b9&share_to_url=discover.php%3Fid%3D3698945%26name%3Domega+550+700 HTTP/1.1" 200 23056 "-" "Mozilla/5.0 (Linux; Android 6.0.1; Nexus 5X Build/MMB29P) AppleWebKit/537.36 (KHTML, like Gecko) Chrome/136.0.7103.113 Mobile Safari/537.36 (compatible; Googlebot/2.1; +http://www.google.com/bot.html)"
52.167.144.172 - - [13/Jun/2025:09:21:11 -0400] "GET /?d=85753016260&filter=9e9754&share_to_url=product.php%3Fid%3D2905114%26name%3Dnova+premium+styling HTTP/1.1" 200 23506 "-" "Mozilla/5.0 AppleWebKit/537.36 (KHTML, like Gecko; compatible; bingbot/2.0; +http://www.bing.com/bingbot.htm) Chrome/116.0.1938.76 Safari/537.36"
66.249.64.5 - - [13/Jun/2025:09:21:13 -0400] "GET /?d=96916931260&filter=3cd9b2&share_to_url=model.php%3Fid%3D3283731%26name%3Ddenver+broncos+locker HTTP/1.1" 200 24328 "-" "Mozilla/5.0 (Linux; Android 6.0.1; Nexus 5X Build/MMB29P) AppleWebKit/537.36 (KHTML, like Gecko) Chrome/136.0.7103.113 Mobile Safari/537.36 (compatible; Googlebot/2.1; +http://www.google.com/bot.html)"
66.249.64.5 - - [13/Jun/2025:09:21:15 -0400] "GET /?d=114851971260&filter=de1f77&share_to_url=article.php%3Fid%3D3889082%26name%3Dfeathers+suitcase+rolling HTTP/1.1" 200 24160 "-" "Mozilla/5.0 (Linux; Android 6.0.1; Nexus 5X Build/MMB29P) AppleWebKit/537.36 (KHTML, like Gecko) Chrome/136.0.7103.113 Mobile Safari/537.36 (compatible; Googlebot/2.1; +http://www.google.com/bot.html)"
52.167.144.150 - - [13/Jun/2025:09:21:19 -0400] "GET /?d=99407946260&filter=716108&share_to_url=pin.php%3Fid%3D3369210%26name%3Dbuy+levis+waistcoat HTTP/1.1" 200 23010 "-" "Mozilla/5.0 AppleWebKit/537.36 (KHTML, like Gecko; compatible; bingbot/2.0; +http://www.bing.com/bingbot.htm) Chrome/116.0.1938.76 Safari/537.36"
66.249.64.5 - - [13/Jun/2025:09:21:20 -0400] "GET /?d=59224960260&filter=a4c9b9&share_to_url=goods.php%3Fid%3D2010227%26name%3Drochelle+tote+and+wristlet+set HTTP/1.1" 200 23758 "-" "Mozilla/5.0 (Linux; Android 6.0.1; Nexus 5X Build/MMB29P) AppleWebKit/537.36 (KHTML, like Gecko) Chrome/136.0.7103.113 Mobile Safari/537.36 (compatible; Googlebot/2.1; +http://www.google.com/bot.html)"
66.249.64.5 - - [13/Jun/2025:09:21:21 -0400] "GET /?d=88476938260&filter=1cbf7a&share_to_url=ideas.php%3Fid%3D2998740%26name%3Dscag+turf+tiger+ii+commercial HTTP/1.1" 200 23917 "-" "Mozilla/5.0 (Linux; Android 6.0.1; Nexus 5X Build/MMB29P) AppleWebKit/537.36 (KHTML, like Gecko) Chrome/136.0.7103.113 Mobile Safari/537.36 (compatible; Googlebot/2.1; +http://www.google.com/bot.html)"
66.249.64.5 - - [13/Jun/2025:09:21:23 -0400] "GET /?d=115638369260&filter=7ee663&share_to_url=article.php%3Fid%3D3916238%26name%3Done+support+and+two+extension HTTP/1.1" 200 23930 "-" "Mozilla/5.0 (Linux; Android 6.0.1; Nexus 5X Build/MMB29P) AppleWebKit/537.36 (KHTML, like Gecko) Chrome/136.0.7103.113 Mobile Safari/537.36 (compatible; Googlebot/2.1; +http://www.google.com/bot.html)"
66.249.64.131 - - [13/Jun/2025:09:21:23 -0400] "GET /?d=115999776260&filter=f7abf7&share_to_url=pin.php%3Fid%3D3928170%26name%3Dmartens+aus+nz+ready HTTP/1.1" 200 23168 "-" "Mozilla/5.0 (Linux; Android 6.0.1; Nexus 5X Build/MMB29P) AppleWebKit/537.36 (KHTML, like Gecko) Chrome/136.0.7103.113 Mobile Safari/537.36 (compatible; Googlebot/2.1; +http://www.google.com/bot.html)"
66.249.64.5 - - [13/Jun/2025:09:21:24 -0400] "GET /?d=107612138260&filter=37fa66&share_to_url=article.php%3Fid%3D3644198%26name%3Dblusas+champion+para+hotsell+mujer HTTP/1.1" 200 24139 "-" "Mozilla/5.0 (Linux; Android 6.0.1; Nexus 5X Build/MMB29P) AppleWebKit/537.36 (KHTML, like Gecko) Chrome/136.0.7103.113 Mobile Safari/537.36 (compatible; Googlebot/2.1; +http://www.google.com/bot.html)"
40.77.167.155 - - [13/Jun/2025:09:21:27 -0400] "GET /?d=98935562260&filter=3c0842&share_to_url=discover.php%3Fid%3D3352709%26name%3Dadidas+art+s81110+black HTTP/1.1" 200 22142 "-" "Mozilla/5.0 AppleWebKit/537.36 (KHTML, like Gecko; compatible; bingbot/2.0; +http://www.bing.com/bingbot.htm) Chrome/116.0.1938.76 Safari/537.36"
66.249.64.5 - - [13/Jun/2025:09:21:29 -0400] "GET /?d=92402612260&filter=58ce6a&share_to_url=discover.php%3Fid%3D3130277%26name%3Dmercy+le+haut+perfumes+online HTTP/1.1" 200 23011 "-" "Mozilla/5.0 (Linux; Android 6.0.1; Nexus 5X Build/MMB29P) AppleWebKit/537.36 (KHTML, like Gecko) Chrome/136.0.7103.113 Mobile Safari/537.36 (compatible; Googlebot/2.1; +http://www.google.com/bot.html)"
207.46.13.102 - - [13/Jun/2025:09:21:31 -0400] "GET /?d=89463585260&filter=82e15d&share_to_url=article.php%3Fid%3D3032318%26name%3Dschedule+of+concacaf+world+cup HTTP/1.1" 200 22922 "-" "Mozilla/5.0 AppleWebKit/537.36 (KHTML, like Gecko; compatible; bingbot/2.0; +http://www.bing.com/bingbot.htm) Chrome/116.0.1938.76 Safari/537.36"
66.249.64.5 - - [13/Jun/2025:09:21:31 -0400] "GET /?d=112495350260&filter=d9247f&share_to_url=shopdetail.php%3Fid%3D3810440%26name%3Dnanoblock+sets+bundle HTTP/1.1" 200 23389 "-" "Mozilla/5.0 (Linux; Android 6.0.1; Nexus 5X Build/MMB29P) AppleWebKit/537.36 (KHTML, like Gecko) Chrome/136.0.7103.113 Mobile Safari/537.36 (compatible; Googlebot/2.1; +http://www.google.com/bot.html)"
66.249.64.5 - - [13/Jun/2025:09:21:33 -0400] "GET /?d=117399291260&filter=fd5064&share_to_url=goods.php%3Fid%3D3975839%26name%3Dbullpadel+bpp+25001+vertex+2025+beige HTTP/1.1" 200 23627 "-" "Mozilla/5.0 (Linux; Android 6.0.1; Nexus 5X Build/MMB29P) AppleWebKit/537.36 (KHTML, like Gecko) Chrome/136.0.7103.113 Mobile Safari/537.36 (compatible; Googlebot/2.1; +http://www.google.com/bot.html)"
157.55.39.203 - - [13/Jun/2025:09:21:34 -0400] "GET /?d=82923920260&filter=edd546&share_to_url=detail.php%3Fid%3D2808909%26name%3Dwhat+is+angle HTTP/1.1" 200 23977 "-" "Mozilla/5.0 AppleWebKit/537.36 (KHTML, like Gecko; compatible; bingbot/2.0; +http://www.bing.com/bingbot.htm) Chrome/116.0.1938.76 Safari/537.36"
52.167.144.150 - - [13/Jun/2025:09:21:35 -0400] "GET /?d=111450924260&filter=0e419f&share_to_url=ideas.php%3Fid%3D3774384%26name%3Dcpu+2024+amd+3900x HTTP/1.1" 200 21763 "-" "Mozilla/5.0 AppleWebKit/537.36 (KHTML, like Gecko; compatible; bingbot/2.0; +http://www.bing.com/bingbot.htm) Chrome/116.0.1938.76 Safari/537.36"
66.249.64.6 - - [13/Jun/2025:09:21:36 -0400] "GET /?d=103063575260&filter=967b54&share_to_url=shop.php%3Fid%3D3492607%26name%3Dwholehearted+salmon+pea+recipe HTTP/1.1" 200 23156 "-" "Mozilla/5.0 (Linux; Android 6.0.1; Nexus 5X Build/MMB29P) AppleWebKit/537.36 (KHTML, like Gecko) Chrome/136.0.7103.113 Mobile Safari/537.36 (compatible; Googlebot/2.1; +http://www.google.com/bot.html)"
52.167.144.158 - - [13/Jun/2025:09:21:36 -0400] "GET /?d=97587300260&filter=946e9e&share_to_url=article.php?id=3306986&name=collusion%20joggers HTTP/1.1" 200 23929 "-" "Mozilla/5.0 AppleWebKit/537.36 (KHTML, like Gecko; compatible; bingbot/2.0; +http://www.bing.com/bingbot.htm) Chrome/116.0.1938.76 Safari/537.36"
66.249.64.6 - - [13/Jun/2025:09:21:38 -0400] "GET /?d=90745513260&filter=469540&share_to_url=article.php%3Fid%3D3075626%26name%3Dmag+grip+lat+pulldown+attachment HTTP/1.1" 200 24197 "-" "Mozilla/5.0 (Linux; Android 6.0.1; Nexus 5X Build/MMB29P) AppleWebKit/537.36 (KHTML, like Gecko) Chrome/136.0.7103.113 Mobile Safari/537.36 (compatible; Googlebot/2.1; +http://www.google.com/bot.html)"
52.167.144.172 - - [13/Jun/2025:09:21:38 -0400] "GET /?d=1543016260&filter=4d7b9c&share_to_url=model.php%3Fid%3D53355%26name%3Dother+stone+pickaxe HTTP/1.1" 200 24392 "-" "Mozilla/5.0 AppleWebKit/537.36 (KHTML, like Gecko; compatible; bingbot/2.0; +http://www.bing.com/bingbot.htm) Chrome/116.0.1938.76 Safari/537.36"
52.167.144.172 - - [13/Jun/2025:09:21:39 -0400] "GET /?d=10325848260&filter=edd546&share_to_url=shopdetail.php%3Fid%3D354212%26name%3D1more+design+crystal HTTP/1.1" 200 23817 "-" "Mozilla/5.0 AppleWebKit/537.36 (KHTML, like Gecko; compatible; bingbot/2.0; +http://www.bing.com/bingbot.htm) Chrome/116.0.1938.76 Safari/537.36"
52.167.144.172 - - [13/Jun/2025:09:21:40 -0400] "GET /?d=15220855260&filter=b873a7&share_to_url=shopdetail.php%3Fid%3D518864%26name%3Dglow+powder+paints HTTP/1.1" 200 23710 "-" "Mozilla/5.0 AppleWebKit/537.36 (KHTML, like Gecko; compatible; bingbot/2.0; +http://www.bing.com/bingbot.htm) Chrome/116.0.1938.76 Safari/537.36"
66.249.64.6 - - [13/Jun/2025:09:21:40 -0400] "GET /?d=100208470260&filter=d48726&share_to_url=discover.php%3Fid%3D3396245%26name%3Dfusion+costa+rica+lluvia HTTP/1.1" 200 23173 "-" "Mozilla/5.0 (Linux; Android 6.0.1; Nexus 5X Build/MMB29P) AppleWebKit/537.36 (KHTML, like Gecko) Chrome/136.0.7103.113 Mobile Safari/537.36 (compatible; Googlebot/2.1; +http://www.google.com/bot.html)"
52.167.144.172 - - [13/Jun/2025:09:21:40 -0400] "GET /?d=56225368260&filter=116a77&share_to_url=ideas.php%3Fid%3D1909140%26name%3Dtpx+series+plate+amp HTTP/1.1" 200 24036 "-" "Mozilla/5.0 AppleWebKit/537.36 (KHTML, like Gecko; compatible; bingbot/2.0; +http://www.bing.com/bingbot.htm) Chrome/116.0.1938.76 Safari/537.36"
52.167.144.172 - - [13/Jun/2025:09:21:41 -0400] "GET /?d=84309467260&filter=8ce5da&share_to_url=discover.php%3Fid%3D2855525%26name%3Dchampionship+league+football+bangladesh HTTP/1.1" 200 23754 "-" "Mozilla/5.0 AppleWebKit/537.36 (KHTML, like Gecko; compatible; bingbot/2.0; +http://www.bing.com/bingbot.htm) Chrome/116.0.1938.76 Safari/537.36"
66.249.64.6 - - [13/Jun/2025:09:21:42 -0400] "GET /?d=111444351260&filter=01758e&share_to_url=ideas.php%3Fid%3D3774132%26name%3Dpersonaje+en+fieltro HTTP/1.1" 200 24197 "-" "Mozilla/5.0 (Linux; Android 6.0.1; Nexus 5X Build/MMB29P) AppleWebKit/537.36 (KHTML, like Gecko) Chrome/136.0.7103.113 Mobile Safari/537.36 (compatible; Googlebot/2.1; +http://www.google.com/bot.html)"
66.249.64.5 - - [13/Jun/2025:09:21:44 -0400] "GET /?d=116381280260&filter=ca372c&share_to_url=article.php%3Fid%3D3941078%26name%3Di+absolutely+love+doll+lines HTTP/1.1" 200 23184 "-" "Mozilla/5.0 (Linux; Android 6.0.1; Nexus 5X Build/MMB29P) AppleWebKit/537.36 (KHTML, like Gecko) Chrome/136.0.7103.113 Mobile Safari/537.36 (compatible; Googlebot/2.1; +http://www.google.com/bot.html)"
52.167.144.150 - - [13/Jun/2025:09:21:44 -0400] "GET /?d=86039937260&filter=cab71d&share_to_url=discover.php%3Fid%3D2914853%26name%3Dkill+bag HTTP/1.1" 200 23599 "-" "Mozilla/5.0 AppleWebKit/537.36 (KHTML, like Gecko; compatible; bingbot/2.0; +http://www.bing.com/bingbot.htm) Chrome/116.0.1938.76 Safari/537.36"
52.167.144.172 - - [13/Jun/2025:09:21:45 -0400] "GET /?d=12157249260&filter=21c061&share_to_url=model.php%3Fid%3D416043%26name%3Ddetroit+tigers+hat+wmu HTTP/1.1" 200 22967 "-" "Mozilla/5.0 AppleWebKit/537.36 (KHTML, like Gecko; compatible; bingbot/2.0; +http://www.bing.com/bingbot.htm) Chrome/116.0.1938.76 Safari/537.36"
52.167.144.150 - - [13/Jun/2025:09:21:45 -0400] "GET /?d=87964484260&filter=3c96b6&share_to_url=shopdetail.php%3Fid%3D2980556%26name%3Dsanrioed+trolley+zainetto HTTP/1.1" 200 23399 "-" "Mozilla/5.0 AppleWebKit/537.36 (KHTML, like Gecko; compatible; bingbot/2.0; +http://www.bing.com/bingbot.htm) Chrome/116.0.1938.76 Safari/537.36"
66.249.64.6 - - [13/Jun/2025:09:21:45 -0400] "GET /?d=106459340260&filter=84635c&share_to_url=item.php%3Fid%3D3605521%26name%3Dwholesale+ml8018+large HTTP/1.1" 200 21864 "-" "Mozilla/5.0 (Linux; Android 6.0.1; Nexus 5X Build/MMB29P) AppleWebKit/537.36 (KHTML, like Gecko) Chrome/136.0.7103.113 Mobile Safari/537.36 (compatible; Googlebot/2.1; +http://www.google.com/bot.html)"
52.167.144.150 - - [13/Jun/2025:09:21:46 -0400] "GET /?d=19100669260&filter=6ca228&share_to_url=product-page.php%3Fid%3D649168%26name%3Dbts+dna+sweatshirt HTTP/1.1" 200 24155 "-" "Mozilla/5.0 AppleWebKit/537.36 (KHTML, like Gecko; compatible; bingbot/2.0; +http://www.bing.com/bingbot.htm) Chrome/116.0.1938.76 Safari/537.36"
66.249.64.6 - - [13/Jun/2025:09:21:46 -0400] "GET /?d=107012419260&filter=02231f&share_to_url=pin.php%3Fid%3D3624186%26name%3Dbuy+donald+daisy+duck HTTP/1.1" 200 24406 "-" "Mozilla/5.0 (Linux; Android 6.0.1; Nexus 5X Build/MMB29P) AppleWebKit/537.36 (KHTML, like Gecko) Chrome/136.0.7103.113 Mobile Safari/537.36 (compatible; Googlebot/2.1; +http://www.google.com/bot.html)"
52.167.144.150 - - [13/Jun/2025:09:21:47 -0400] "GET /?d=387111260&filter=3d3b19&share_to_url=shop.php%3Fid%3D13531%26name%3Dtienes+prendas+en+el HTTP/1.1" 200 24806 "-" "Mozilla/5.0 AppleWebKit/537.36 (KHTML, like Gecko; compatible; bingbot/2.0; +http://www.bing.com/bingbot.htm) Chrome/116.0.1938.76 Safari/537.36"
66.249.64.6 - - [13/Jun/2025:09:21:49 -0400] "GET /?d=101751133260&filter=968bb9&share_to_url=model.php%3Fid%3D3449463%26name%3Dguess+vaqueros+sexy HTTP/1.1" 200 23752 "-" "Mozilla/5.0 (Linux; Android 6.0.1; Nexus 5X Build/MMB29P) AppleWebKit/537.36 (KHTML, like Gecko) Chrome/136.0.7103.113 Mobile Safari/537.36 (compatible; Googlebot/2.1; +http://www.google.com/bot.html)"
66.249.64.132 - - [13/Jun/2025:09:21:49 -0400] "GET /?d=113890497260&filter=b5a8a9&share_to_url=ideas.php%3Fid%3D3857244%26name%3Doff+road+teesside+l+videos HTTP/1.1" 200 23087 "-" "Mozilla/5.0 (Linux; Android 6.0.1; Nexus 5X Build/MMB29P) AppleWebKit/537.36 (KHTML, like Gecko) Chrome/136.0.7103.113 Mobile Safari/537.36 (compatible; Googlebot/2.1; +http://www.google.com/bot.html)"
157.55.39.203 - - [13/Jun/2025:09:21:49 -0400] "GET /?d=113046141260&filter=ab67d8&share_to_url=model.php%3Fid%3D3828483%26name%3Dbrookstone+shiatsu+heating HTTP/1.1" 200 22616 "-" "Mozilla/5.0 AppleWebKit/537.36 (KHTML, like Gecko; compatible; bingbot/2.0; +http://www.bing.com/bingbot.htm) Chrome/116.0.1938.76 Safari/537.36"
66.249.64.6 - - [13/Jun/2025:09:21:51 -0400] "GET /?d=102407741260&filter=d6ff6e&share_to_url=detail.php%3Fid%3D3471357%26name%3Dlazio+coppa+italia+10th+anniversary HTTP/1.1" 200 24387 "-" "Mozilla/5.0 (Linux; Android 6.0.1; Nexus 5X Build/MMB29P) AppleWebKit/537.36 (KHTML, like Gecko) Chrome/136.0.7103.113 Mobile Safari/537.36 (compatible; Googlebot/2.1; +http://www.google.com/bot.html)"
66.249.64.5 - - [13/Jun/2025:09:21:54 -0400] "GET /?d=114636741260&filter=10cfef&share_to_url=detail.php%3Fid%3D3881949%26name%3Din+premium+cameo HTTP/1.1" 200 22562 "-" "Mozilla/5.0 (Linux; Android 6.0.1; Nexus 5X Build/MMB29P) AppleWebKit/537.36 (KHTML, like Gecko) Chrome/136.0.7103.113 Mobile Safari/537.36 (compatible; Googlebot/2.1; +http://www.google.com/bot.html)"
66.249.64.131 - - [13/Jun/2025:09:21:55 -0400] "GET /?d=102504986260&filter=a5d88e&share_to_url=shop.php%3Fid%3D3474451%26name%3Dnew+canada+deals HTTP/1.1" 200 22964 "-" "Mozilla/5.0 (Linux; Android 6.0.1; Nexus 5X Build/MMB29P) AppleWebKit/537.36 (KHTML, like Gecko) Chrome/136.0.7103.113 Mobile Safari/537.36 (compatible; Googlebot/2.1; +http://www.google.com/bot.html)"
52.167.144.172 - - [13/Jun/2025:09:21:55 -0400] "GET /?d=94924483260&filter=b2e434&share_to_url=discover.php%3Fid%3D3216329%26name%3Ddumbbell+hooks+2024 HTTP/1.1" 200 23742 "-" "Mozilla/5.0 AppleWebKit/537.36 (KHTML, like Gecko; compatible; bingbot/2.0; +http://www.bing.com/bingbot.htm) Chrome/116.0.1938.76 Safari/537.36"
66.249.64.6 - - [13/Jun/2025:09:21:56 -0400] "GET /?d=111454181260&filter=dc5fb7&share_to_url=goods.php%3Fid%3D3774515%26name%3Damd+cheap+2600 HTTP/1.1" 200 21906 "-" "Mozilla/5.0 (Linux; Android 6.0.1; Nexus 5X Build/MMB29P) AppleWebKit/537.36 (KHTML, like Gecko) Chrome/136.0.7103.113 Mobile Safari/537.36 (compatible; Googlebot/2.1; +http://www.google.com/bot.html)"
66.249.64.5 - - [13/Jun/2025:09:21:59 -0400] "GET /?d=96628076260&filter=1d3899&share_to_url=model.php%3Fid%3D3273963%26name%3Danaise+cane+bed HTTP/1.1" 200 23753 "-" "Mozilla/5.0 (Linux; Android 6.0.1; Nexus 5X Build/MMB29P) AppleWebKit/537.36 (KHTML, like Gecko) Chrome/136.0.7103.113 Mobile Safari/537.36 (compatible; Googlebot/2.1; +http://www.google.com/bot.html)"
66.249.64.5 - - [13/Jun/2025:09:22:00 -0400] "GET /?d=96244805260&filter=b21bf4&share_to_url=shopdetail.php%3Fid%3D3260828%26name%3Dpuma+evide+biker HTTP/1.1" 200 23429 "-" "Mozilla/5.0 (Linux; Android 6.0.1; Nexus 5X Build/MMB29P) AppleWebKit/537.36 (KHTML, like Gecko) Chrome/136.0.7103.113 Mobile Safari/537.36 (compatible; Googlebot/2.1; +http://www.google.com/bot.html)"
66.249.64.131 - - [13/Jun/2025:09:22:01 -0400] "GET /?d=107043763260&filter=649884&share_to_url=discover.php%3Fid%3D3625109%26name%3Dkiss+the+audio+series+bingeable HTTP/1.1" 200 22084 "-" "Mozilla/5.0 (Linux; Android 6.0.1; Nexus 5X Build/MMB29P) AppleWebKit/537.36 (KHTML, like Gecko) Chrome/136.0.7103.113 Mobile Safari/537.36 (compatible; Googlebot/2.1; +http://www.google.com/bot.html)"
66.249.64.5 - - [13/Jun/2025:09:22:02 -0400] "GET /?d=90172496260&filter=eba88d&share_to_url=product.php%3Fid%3D3055726%26name%3Dcerimonia+cheap+taglie+forti HTTP/1.1" 200 22859 "-" "Mozilla/5.0 (Linux; Android 6.0.1; Nexus 5X Build/MMB29P) AppleWebKit/537.36 (KHTML, like Gecko) Chrome/136.0.7103.113 Mobile Safari/537.36 (compatible; Googlebot/2.1; +http://www.google.com/bot.html)"
52.167.144.150 - - [13/Jun/2025:09:22:05 -0400] "GET /?d=54346581260&filter=cdc800&share_to_url=item.php%3Fid%3D1846141%26name%3Djuuyy+men+s+letter HTTP/1.1" 200 23903 "-" "Mozilla/5.0 AppleWebKit/537.36 (KHTML, like Gecko; compatible; bingbot/2.0; +http://www.bing.com/bingbot.htm) Chrome/116.0.1938.76 Safari/537.36"
66.249.64.5 - - [13/Jun/2025:09:22:05 -0400] "GET /?d=92691444260&filter=3cd9b2&share_to_url=shopdetail.php%3Fid%3D3140492%26name%3Dsnorlax+chalk+bag+gripjammers HTTP/1.1" 200 23654 "-" "Mozilla/5.0 (Linux; Android 6.0.1; Nexus 5X Build/MMB29P) AppleWebKit/537.36 (KHTML, like Gecko) Chrome/136.0.7103.113 Mobile Safari/537.36 (compatible; Googlebot/2.1; +http://www.google.com/bot.html)"
52.167.144.150 - - [13/Jun/2025:09:22:06 -0400] "GET /?d=57043337260&filter=93ffb4&share_to_url=item.php%3Fid%3D1936525%26name%3Dbrick+red+waterproof+broad HTTP/1.1" 200 24897 "-" "Mozilla/5.0 AppleWebKit/537.36 (KHTML, like Gecko; compatible; bingbot/2.0; +http://www.bing.com/bingbot.htm) Chrome/116.0.1938.76 Safari/537.36"
52.167.144.150 - - [13/Jun/2025:09:22:07 -0400] "GET /?d=21181872260&filter=edd546&share_to_url=shop.php%3Fid%3D719275%26name%3Dglobal+launch+of HTTP/1.1" 200 24390 "-" "Mozilla/5.0 AppleWebKit/537.36 (KHTML, like Gecko; compatible; bingbot/2.0; +http://www.bing.com/bingbot.htm) Chrome/116.0.1938.76 Safari/537.36"
157.55.39.203 - - [13/Jun/2025:09:22:08 -0400] "GET /?d=100548263260&filter=2acddb&share_to_url=article.php%3Fid%3D3407954%26name%3Dfreecell+solitaire+play+online HTTP/1.1" 200 22861 "-" "Mozilla/5.0 AppleWebKit/537.36 (KHTML, like Gecko; compatible; bingbot/2.0; +http://www.bing.com/bingbot.htm) Chrome/116.0.1938.76 Safari/537.36"
52.167.144.150 - - [13/Jun/2025:09:22:08 -0400] "GET /?d=91826560260&filter=31254a&share_to_url=pin.php%3Fid%3D3111522%26name%3Dhamsa+on+string HTTP/1.1" 200 23320 "-" "Mozilla/5.0 AppleWebKit/537.36 (KHTML, like Gecko; compatible; bingbot/2.0; +http://www.bing.com/bingbot.htm) Chrome/116.0.1938.76 Safari/537.36"
66.249.64.5 - - [13/Jun/2025:09:22:08 -0400] "GET /?d=95039581260&filter=be5512&share_to_url=item.php%3Fid%3D3220033%26name%3Ddash+and+dot+women+039+s+skirts HTTP/1.1" 200 23136 "-" "Mozilla/5.0 (Linux; Android 6.0.1; Nexus 5X Build/MMB29P) AppleWebKit/537.36 (KHTML, like Gecko) Chrome/136.0.7103.113 Mobile Safari/537.36 (compatible; Googlebot/2.1; +http://www.google.com/bot.html)"
52.167.144.172 - - [13/Jun/2025:09:22:09 -0400] "GET /?d=54253999260&filter=6c3290&share_to_url=shopdetail.php%3Fid%3D1843052%26name%3Dpagliaccetti+on+sale HTTP/1.1" 200 23727 "-" "Mozilla/5.0 AppleWebKit/537.36 (KHTML, like Gecko; compatible; bingbot/2.0; +http://www.bing.com/bingbot.htm) Chrome/116.0.1938.76 Safari/537.36"
66.249.64.131 - - [13/Jun/2025:09:22:09 -0400] "GET /?d=105708601260&filter=9f40ab&share_to_url=item.php%3Fid%3D3580801%26name%3Dgucci+new+supreme+canvas+wickeltasche HTTP/1.1" 200 23824 "-" "Mozilla/5.0 (Linux; Android 6.0.1; Nexus 5X Build/MMB29P) AppleWebKit/537.36 (KHTML, like Gecko) Chrome/136.0.7103.113 Mobile Safari/537.36 (compatible; Googlebot/2.1; +http://www.google.com/bot.html)"
52.167.144.172 - - [13/Jun/2025:09:22:10 -0400] "GET /?d=87743234260&filter=b00345&share_to_url=product.php%3Fid%3D2973478%26name%3Dtimex+trend+cream HTTP/1.1" 200 23487 "-" "Mozilla/5.0 AppleWebKit/537.36 (KHTML, like Gecko; compatible; bingbot/2.0; +http://www.bing.com/bingbot.htm) Chrome/116.0.1938.76 Safari/537.36"
66.249.64.5 - - [13/Jun/2025:09:22:10 -0400] "GET /?d=103456682260&filter=527c62&share_to_url=article.php%3Fid%3D3505610%26name%3Dselected+birth+after+care+for HTTP/1.1" 200 24893 "-" "Mozilla/5.0 (Linux; Android 6.0.1; Nexus 5X Build/MMB29P) AppleWebKit/537.36 (KHTML, like Gecko) Chrome/136.0.7103.113 Mobile Safari/537.36 (compatible; Googlebot/2.1; +http://www.google.com/bot.html)"
208.110.64.178 - - [13/Jun/2025:09:22:12 -0400] "GET /wp-includes/edit.php HTTP/1.1" 302 6 "https://churchmr.com/wp-includes/edit.php" "Mozilla/5.0 (Windows NT 10.0; Win64; x64) AppleWebKit/537.36 (KHTML, like Gecko) Chrome/58.0.3029.110 Safari/537.3"
208.110.64.178 - - [13/Jun/2025:09:22:13 -0400] "GET /wp-includes/loginn.php HTTP/1.1" 302 6 "https://churchmr.com/wp-includes/edit.php" "Mozilla/5.0 (Windows NT 10.0; Win64; x64) AppleWebKit/537.36 (KHTML, like Gecko) Chrome/58.0.3029.110 Safari/537.3"
66.249.64.5 - - [13/Jun/2025:09:22:13 -0400] "GET /?d=107892380260&filter=557f05&share_to_url=article.php%3Fid%3D3653210%26name%3Dzapatillas+deportivas+kioshi+bokeh+super HTTP/1.1" 200 23165 "-" "Mozilla/5.0 (Linux; Android 6.0.1; Nexus 5X Build/MMB29P) AppleWebKit/537.36 (KHTML, like Gecko) Chrome/136.0.7103.113 Mobile Safari/537.36 (compatible; Googlebot/2.1; +http://www.google.com/bot.html)"
208.110.64.178 - - [13/Jun/2025:09:22:14 -0400] "GET /wp-includes/loginn.php HTTP/1.1" 302 6 "https://churchmr.com/wp-includes/edit.php" "Mozilla/5.0 (Windows NT 10.0; Win64; x64) AppleWebKit/537.36 (KHTML, like Gecko) Chrome/58.0.3029.110 Safari/537.3"
157.55.39.203 - - [13/Jun/2025:09:22:14 -0400] "GET /?d=24677652260&filter=116a77&share_to_url=goods.php%3Fid%3D835967%26name%3Dmitsubishi+hvac HTTP/1.1" 200 24020 "-" "Mozilla/5.0 AppleWebKit/537.36 (KHTML, like Gecko; compatible; bingbot/2.0; +http://www.bing.com/bingbot.htm) Chrome/116.0.1938.76 Safari/537.36"
208.110.64.178 - - [13/Jun/2025:09:22:15 -0400] "GET /wp-includes/loginn.php HTTP/1.1" 302 6 "https://churchmr.com/wp-includes/edit.php" "Mozilla/5.0 (Windows NT 10.0; Win64; x64) AppleWebKit/537.36 (KHTML, like Gecko) Chrome/58.0.3029.110 Safari/537.3"
66.249.64.5 - - [13/Jun/2025:09:22:15 -0400] "GET /?d=113094020260&filter=77322a&share_to_url=item.php%3Fid%3D3830317%26name%3Dlego+samurai+x+minifigure+njo390 HTTP/1.1" 200 23019 "-" "Mozilla/5.0 (Linux; Android 6.0.1; Nexus 5X Build/MMB29P) AppleWebKit/537.36 (KHTML, like Gecko) Chrome/136.0.7103.113 Mobile Safari/537.36 (compatible; Googlebot/2.1; +http://www.google.com/bot.html)"
208.110.64.178 - - [13/Jun/2025:09:22:16 -0400] "GET /wp-includes/loginn.php HTTP/1.1" 302 6 "https://churchmr.com/wp-includes/edit.php" "Mozilla/5.0 (Windows NT 10.0; Win64; x64) AppleWebKit/537.36 (KHTML, like Gecko) Chrome/58.0.3029.110 Safari/537.3"
40.77.167.155 - - [13/Jun/2025:09:22:16 -0400] "GET /?d=112850090260&filter=8d13fd&share_to_url=ideas.php%3Fid%3D3822084%26name%3Dbabidu+pack+nacimiento HTTP/1.1" 200 23759 "-" "Mozilla/5.0 AppleWebKit/537.36 (KHTML, like Gecko; compatible; bingbot/2.0; +http://www.bing.com/bingbot.htm) Chrome/116.0.1938.76 Safari/537.36"
208.110.64.178 - - [13/Jun/2025:09:22:16 -0400] "GET /wp-includes/loginn.php HTTP/1.1" 302 6 "https://churchmr.com/wp-includes/edit.php" "Mozilla/5.0 (Windows NT 10.0; Win64; x64) AppleWebKit/537.36 (KHTML, like Gecko) Chrome/58.0.3029.110 Safari/537.3"
157.55.39.203 - - [13/Jun/2025:09:22:17 -0400] "GET /?d=105100690260&filter=66ee00&share_to_url=shopdetail.php%3Fid%3D3560636%26name%3Dsize+kids+soccer HTTP/1.1" 200 23858 "-" "Mozilla/5.0 AppleWebKit/537.36 (KHTML, like Gecko; compatible; bingbot/2.0; +http://www.bing.com/bingbot.htm) Chrome/116.0.1938.76 Safari/537.36"
208.110.64.178 - - [13/Jun/2025:09:22:17 -0400] "GET /wp-includes/loginn.php HTTP/1.1" 302 6 "https://churchmr.com/wp-includes/edit.php" "Mozilla/5.0 (Windows NT 10.0; Win64; x64) AppleWebKit/537.36 (KHTML, like Gecko) Chrome/58.0.3029.110 Safari/537.3"
40.77.167.155 - - [13/Jun/2025:09:22:18 -0400] "GET /?d=93649673260&filter=0647a3&share_to_url=model.php%3Fid%3D3172599%26name%3Desos+anillos+me+recuerdan+a HTTP/1.1" 200 23009 "-" "Mozilla/5.0 AppleWebKit/537.36 (KHTML, like Gecko; compatible; bingbot/2.0; +http://www.bing.com/bingbot.htm) Chrome/116.0.1938.76 Safari/537.36"
66.249.64.5 - - [13/Jun/2025:09:22:18 -0400] "GET /?d=113979544260&filter=1a45ec&share_to_url=item.php%3Fid%3D3860089%26name%3Dfor+dell+latitude+7490+e7490 HTTP/1.1" 200 22203 "-" "Mozilla/5.0 (Linux; Android 6.0.1; Nexus 5X Build/MMB29P) AppleWebKit/537.36 (KHTML, like Gecko) Chrome/136.0.7103.113 Mobile Safari/537.36 (compatible; Googlebot/2.1; +http://www.google.com/bot.html)"
208.110.64.178 - - [13/Jun/2025:09:22:18 -0400] "GET /wp-includes/loginn.php HTTP/1.1" 302 6 "https://churchmr.com/wp-includes/edit.php" "Mozilla/5.0 (Windows NT 10.0; Win64; x64) AppleWebKit/537.36 (KHTML, like Gecko) Chrome/58.0.3029.110 Safari/537.3"
52.167.144.150 - - [13/Jun/2025:09:22:19 -0400] "GET /?d=19426077260&filter=956610&share_to_url=shopdetail.php%3Fid%3D660248%26name%3Denchantimals+glam+party+ladonna HTTP/1.1" 200 23706 "-" "Mozilla/5.0 AppleWebKit/537.36 (KHTML, like Gecko; compatible; bingbot/2.0; +http://www.bing.com/bingbot.htm) Chrome/116.0.1938.76 Safari/537.36"
208.110.64.178 - - [13/Jun/2025:09:22:19 -0400] "GET /wp-includes/loginn.php HTTP/1.1" 302 6 "https://churchmr.com/wp-includes/edit.php" "Mozilla/5.0 (Windows NT 10.0; Win64; x64) AppleWebKit/537.36 (KHTML, like Gecko) Chrome/58.0.3029.110 Safari/537.3"
52.167.144.150 - - [13/Jun/2025:09:22:20 -0400] "GET /?d=42243814260&filter=116a77&share_to_url=item.php%3Fid%3D1434181%26name%3Dattic+air+conditioners+why HTTP/1.1" 200 24174 "-" "Mozilla/5.0 AppleWebKit/537.36 (KHTML, like Gecko; compatible; bingbot/2.0; +http://www.bing.com/bingbot.htm) Chrome/116.0.1938.76 Safari/537.36"
208.110.64.178 - - [13/Jun/2025:09:22:20 -0400] "GET /wp-includes/loginn.php HTTP/1.1" 302 6 "https://churchmr.com/wp-includes/edit.php" "Mozilla/5.0 (Windows NT 10.0; Win64; x64) AppleWebKit/537.36 (KHTML, like Gecko) Chrome/58.0.3029.110 Safari/537.3"
52.167.144.150 - - [13/Jun/2025:09:22:20 -0400] "GET /?d=116320246260&filter=ab67d8&share_to_url=discover.php%3Fid%3D3939221%26name%3Dpieces+round+glass+8mm HTTP/1.1" 200 24319 "-" "Mozilla/5.0 AppleWebKit/537.36 (KHTML, like Gecko; compatible; bingbot/2.0; +http://www.bing.com/bingbot.htm) Chrome/116.0.1938.76 Safari/537.36"
208.110.64.178 - - [13/Jun/2025:09:22:21 -0400] "GET /wp-includes/loginn.php HTTP/1.1" 302 6 "https://churchmr.com/wp-includes/edit.php" "Mozilla/5.0 (Windows NT 10.0; Win64; x64) AppleWebKit/537.36 (KHTML, like Gecko) Chrome/58.0.3029.110 Safari/537.3"
66.249.64.5 - - [13/Jun/2025:09:22:21 -0400] "GET /?d=106154881260&filter=7d768c&share_to_url=discover.php%3Fid%3D3595493%26name%3Dchants+cheers+for+039+chowkidar+039 HTTP/1.1" 200 24689 "-" "Mozilla/5.0 (Linux; Android 6.0.1; Nexus 5X Build/MMB29P) AppleWebKit/537.36 (KHTML, like Gecko) Chrome/136.0.7103.113 Mobile Safari/537.36 (compatible; Googlebot/2.1; +http://www.google.com/bot.html)"
52.167.144.158 - - [13/Jun/2025:09:22:21 -0400] "GET /?d=87643390260&filter=74e00d&share_to_url=pin.php%3Fid%3D2969934%26name%3Dbuy+perfume+store+online HTTP/1.1" 200 23514 "-" "Mozilla/5.0 AppleWebKit/537.36 (KHTML, like Gecko; compatible; bingbot/2.0; +http://www.bing.com/bingbot.htm) Chrome/116.0.1938.76 Safari/537.36"
208.110.64.178 - - [13/Jun/2025:09:22:21 -0400] "GET /wp-includes/loginn.php HTTP/1.1" 302 6 "https://churchmr.com/wp-includes/edit.php" "Mozilla/5.0 (Windows NT 10.0; Win64; x64) AppleWebKit/537.36 (KHTML, like Gecko) Chrome/58.0.3029.110 Safari/537.3"
52.167.144.158 - - [13/Jun/2025:09:22:22 -0400] "GET /?d=95085198260&filter=2b9fbf&share_to_url=product.php%3Fid%3D3221422%26name%3Dbest+celebrity+approved+white HTTP/1.1" 200 23402 "-" "Mozilla/5.0 AppleWebKit/537.36 (KHTML, like Gecko; compatible; bingbot/2.0; +http://www.bing.com/bingbot.htm) Chrome/116.0.1938.76 Safari/537.36"
208.110.64.178 - - [13/Jun/2025:09:22:22 -0400] "GET /wp-includes/loginn.php HTTP/1.1" 302 6 "https://churchmr.com/wp-includes/edit.php" "Mozilla/5.0 (Windows NT 10.0; Win64; x64) AppleWebKit/537.36 (KHTML, like Gecko) Chrome/58.0.3029.110 Safari/537.3"
208.110.64.178 - - [13/Jun/2025:09:22:23 -0400] "GET /wp-includes/loginn.php HTTP/1.1" 302 6 "https://churchmr.com/wp-includes/edit.php" "Mozilla/5.0 (Windows NT 10.0; Win64; x64) AppleWebKit/537.36 (KHTML, like Gecko) Chrome/58.0.3029.110 Safari/537.3"
208.110.64.178 - - [13/Jun/2025:09:22:24 -0400] "GET /wp-includes/loginn.php HTTP/1.1" 302 6 "https://churchmr.com/wp-includes/edit.php" "Mozilla/5.0 (Windows NT 10.0; Win64; x64) AppleWebKit/537.36 (KHTML, like Gecko) Chrome/58.0.3029.110 Safari/537.3"
66.249.64.5 - - [13/Jun/2025:09:22:24 -0400] "GET /?d=111725370260&filter=f7447b&share_to_url=shopdetail.php%3Fid%3D3784124%26name%3Dcomprar+c%C3%A1maras+sin+espejo HTTP/1.1" 200 23065 "-" "Mozilla/5.0 (Linux; Android 6.0.1; Nexus 5X Build/MMB29P) AppleWebKit/537.36 (KHTML, like Gecko) Chrome/136.0.7103.113 Mobile Safari/537.36 (compatible; Googlebot/2.1; +http://www.google.com/bot.html)"
157.55.39.203 - - [13/Jun/2025:09:22:24 -0400] "GET /?d=32840942260&filter=b11a05&share_to_url=goods.php%3Fid%3D1116911%26name%3Dzoop+adventure+ready+digitally HTTP/1.1" 200 23186 "-" "Mozilla/5.0 AppleWebKit/537.36 (KHTML, like Gecko; compatible; bingbot/2.0; +http://www.bing.com/bingbot.htm) Chrome/116.0.1938.76 Safari/537.36"
208.110.64.178 - - [13/Jun/2025:09:22:24 -0400] "GET /wp-includes/loginn.php HTTP/1.1" 302 6 "https://churchmr.com/wp-includes/edit.php" "Mozilla/5.0 (Windows NT 10.0; Win64; x64) AppleWebKit/537.36 (KHTML, like Gecko) Chrome/58.0.3029.110 Safari/537.3"
208.110.64.178 - - [13/Jun/2025:09:22:25 -0400] "GET /wp-includes/loginn.php HTTP/1.1" 302 6 "https://churchmr.com/wp-includes/edit.php" "Mozilla/5.0 (Windows NT 10.0; Win64; x64) AppleWebKit/537.36 (KHTML, like Gecko) Chrome/58.0.3029.110 Safari/537.3"
208.110.64.178 - - [13/Jun/2025:09:22:26 -0400] "GET /wp-includes/loginn.php HTTP/1.1" 302 6 "https://churchmr.com/wp-includes/edit.php" "Mozilla/5.0 (Windows NT 10.0; Win64; x64) AppleWebKit/537.36 (KHTML, like Gecko) Chrome/58.0.3029.110 Safari/537.3"
208.110.64.178 - - [13/Jun/2025:09:22:27 -0400] "GET /wp-includes/loginn.php HTTP/1.1" 302 6 "https://churchmr.com/wp-includes/edit.php" "Mozilla/5.0 (Windows NT 10.0; Win64; x64) AppleWebKit/537.36 (KHTML, like Gecko) Chrome/58.0.3029.110 Safari/537.3"
66.249.64.5 - - [13/Jun/2025:09:22:27 -0400] "GET /?d=71614649260&filter=937553&share_to_url=article.php%3Fid%3D2426810%26name%3Dnike+gamma+force+women+s+shoes HTTP/1.1" 200 23972 "-" "Mozilla/5.0 (Linux; Android 6.0.1; Nexus 5X Build/MMB29P) AppleWebKit/537.36 (KHTML, like Gecko) Chrome/136.0.7103.113 Mobile Safari/537.36 (compatible; Googlebot/2.1; +http://www.google.com/bot.html)"
66.249.64.5 - - [13/Jun/2025:09:22:27 -0400] "GET /?d=101370522260&filter=1c8ef9&share_to_url=goods.php%3Fid%3D3436415%26name%3Dwilier+gtr+team+bdc HTTP/1.1" 200 23682 "-" "Mozilla/5.0 (Linux; Android 6.0.1; Nexus 5X Build/MMB29P) AppleWebKit/537.36 (KHTML, like Gecko) Chrome/136.0.7103.113 Mobile Safari/537.36 (compatible; Googlebot/2.1; +http://www.google.com/bot.html)"
208.110.64.178 - - [13/Jun/2025:09:22:28 -0400] "GET /wp-includes/loginn.php HTTP/1.1" 302 6 "https://churchmr.com/wp-includes/edit.php" "Mozilla/5.0 (Windows NT 10.0; Win64; x64) AppleWebKit/537.36 (KHTML, like Gecko) Chrome/58.0.3029.110 Safari/537.3"
208.110.64.178 - - [13/Jun/2025:09:22:28 -0400] "GET /wp-includes/loginn.php HTTP/1.1" 302 6 "https://churchmr.com/wp-includes/edit.php" "Mozilla/5.0 (Windows NT 10.0; Win64; x64) AppleWebKit/537.36 (KHTML, like Gecko) Chrome/58.0.3029.110 Safari/537.3"
66.249.64.5 - - [13/Jun/2025:09:22:29 -0400] "GET /?d=99797322260&filter=bce36f&share_to_url=product.php%3Fid%3D3382282%26name%3Dpopsockets+oribags HTTP/1.1" 200 22742 "-" "Mozilla/5.0 (Linux; Android 6.0.1; Nexus 5X Build/MMB29P) AppleWebKit/537.36 (KHTML, like Gecko) Chrome/136.0.7103.113 Mobile Safari/537.36 (compatible; Googlebot/2.1; +http://www.google.com/bot.html)"
52.167.144.150 - - [13/Jun/2025:09:22:29 -0400] "GET /?d=108306772260&filter=b4da41&share_to_url=discover.php%3Fid%3D3667121%26name%3Dponcho+lovely+home HTTP/1.1" 200 24191 "-" "Mozilla/5.0 AppleWebKit/537.36 (KHTML, like Gecko; compatible; bingbot/2.0; +http://www.bing.com/bingbot.htm) Chrome/116.0.1938.76 Safari/537.36"
208.110.64.178 - - [13/Jun/2025:09:22:29 -0400] "GET /wp-includes/loginn.php HTTP/1.1" 302 6 "https://churchmr.com/wp-includes/edit.php" "Mozilla/5.0 (Windows NT 10.0; Win64; x64) AppleWebKit/537.36 (KHTML, like Gecko) Chrome/58.0.3029.110 Safari/537.3"
208.110.64.178 - - [13/Jun/2025:09:22:30 -0400] "GET /wp-includes/loginn.php HTTP/1.1" 302 6 "https://churchmr.com/wp-includes/edit.php" "Mozilla/5.0 (Windows NT 10.0; Win64; x64) AppleWebKit/537.36 (KHTML, like Gecko) Chrome/58.0.3029.110 Safari/537.3"
208.110.64.178 - - [13/Jun/2025:09:22:31 -0400] "GET /wp-includes/loginn.php HTTP/1.1" 302 6 "https://churchmr.com/wp-includes/edit.php" "Mozilla/5.0 (Windows NT 10.0; Win64; x64) AppleWebKit/537.36 (KHTML, like Gecko) Chrome/58.0.3029.110 Safari/537.3"
66.249.64.5 - - [13/Jun/2025:09:22:32 -0400] "GET /?d=10889086260&filter=8de18d&share_to_url=ideas.php%3Fid%3D373200%26name%3Dpeter+lynn HTTP/1.1" 200 23532 "-" "Mozilla/5.0 (Linux; Android 6.0.1; Nexus 5X Build/MMB29P) AppleWebKit/537.36 (KHTML, like Gecko) Chrome/136.0.7103.113 Mobile Safari/537.36 (compatible; Googlebot/2.1; +http://www.google.com/bot.html)"
157.55.39.203 - - [13/Jun/2025:09:22:31 -0400] "GET /sitemap.xml HTTP/1.1" 200 65745 "-" "Mozilla/5.0 AppleWebKit/537.36 (KHTML, like Gecko; compatible; bingbot/2.0; +http://www.bing.com/bingbot.htm) Chrome/116.0.1938.76 Safari/537.36"
208.110.64.178 - - [13/Jun/2025:09:22:32 -0400] "GET /wp-includes/loginn.php HTTP/1.1" 302 6 "https://churchmr.com/wp-includes/edit.php" "Mozilla/5.0 (Windows NT 10.0; Win64; x64) AppleWebKit/537.36 (KHTML, like Gecko) Chrome/58.0.3029.110 Safari/537.3"
208.110.64.178 - - [13/Jun/2025:09:22:33 -0400] "GET /wp-includes/loginn.php HTTP/1.1" 302 6 "https://churchmr.com/wp-includes/edit.php" "Mozilla/5.0 (Windows NT 10.0; Win64; x64) AppleWebKit/537.36 (KHTML, like Gecko) Chrome/58.0.3029.110 Safari/537.3"
208.110.64.178 - - [13/Jun/2025:09:22:34 -0400] "GET /wp-includes/loginn.php HTTP/1.1" 302 6 "https://churchmr.com/wp-includes/edit.php" "Mozilla/5.0 (Windows NT 10.0; Win64; x64) AppleWebKit/537.36 (KHTML, like Gecko) Chrome/58.0.3029.110 Safari/537.3"
52.167.144.172 - - [13/Jun/2025:09:22:35 -0400] "GET /?d=11448859260&filter=b2e434&share_to_url=shopdetail.php%3Fid%3D392060%26name%3Dtons+the+laptop+stand HTTP/1.1" 200 23866 "-" "Mozilla/5.0 AppleWebKit/537.36 (KHTML, like Gecko; compatible; bingbot/2.0; +http://www.bing.com/bingbot.htm) Chrome/116.0.1938.76 Safari/537.36"
66.249.64.6 - - [13/Jun/2025:09:22:35 -0400] "GET /?d=115405103260&filter=14f4ff&share_to_url=goods.php%3Fid%3D3908075%26name%3Dmanifesto+eau+de+parfum HTTP/1.1" 200 22599 "-" "Mozilla/5.0 (Linux; Android 6.0.1; Nexus 5X Build/MMB29P) AppleWebKit/537.36 (KHTML, like Gecko) Chrome/136.0.7103.113 Mobile Safari/537.36 (compatible; Googlebot/2.1; +http://www.google.com/bot.html)"
208.110.64.178 - - [13/Jun/2025:09:22:35 -0400] "GET /wp-includes/loginn.php HTTP/1.1" 302 6 "https://churchmr.com/wp-includes/edit.php" "Mozilla/5.0 (Windows NT 10.0; Win64; x64) AppleWebKit/537.36 (KHTML, like Gecko) Chrome/58.0.3029.110 Safari/537.3"
208.110.64.178 - - [13/Jun/2025:09:22:36 -0400] "GET /wp-includes/loginn.php HTTP/1.1" 302 6 "https://churchmr.com/wp-includes/edit.php" "Mozilla/5.0 (Windows NT 10.0; Win64; x64) AppleWebKit/537.36 (KHTML, like Gecko) Chrome/58.0.3029.110 Safari/537.3"
52.167.144.172 - - [13/Jun/2025:09:22:36 -0400] "GET /?d=94369680260&filter=dd65bc&share_to_url=item.php%3Fid%3D3198001%26name%3Dnike+hyperrev+2015 HTTP/1.1" 200 22115 "-" "Mozilla/5.0 AppleWebKit/537.36 (KHTML, like Gecko; compatible; bingbot/2.0; +http://www.bing.com/bingbot.htm) Chrome/116.0.1938.76 Safari/537.36"
208.110.64.178 - - [13/Jun/2025:09:22:37 -0400] "GET /wp-includes/loginn.php HTTP/1.1" 302 6 "https://churchmr.com/wp-includes/edit.php" "Mozilla/5.0 (Windows NT 10.0; Win64; x64) AppleWebKit/537.36 (KHTML, like Gecko) Chrome/58.0.3029.110 Safari/537.3"
52.167.144.158 - - [13/Jun/2025:09:22:37 -0400] "GET /?d=103972648260&filter=a84eac&share_to_url=ideas.php%3Fid%3D3522888%26name%3Dprada+herren+kampfstiefel HTTP/1.1" 200 23963 "-" "Mozilla/5.0 AppleWebKit/537.36 (KHTML, like Gecko; compatible; bingbot/2.0; +http://www.bing.com/bingbot.htm) Chrome/116.0.1938.76 Safari/537.36"
66.249.64.5 - - [13/Jun/2025:09:22:38 -0400] "GET /?d=101336418260&filter=e2d2b7&share_to_url=detail.php%3Fid%3D3435273%26name%3Dpentro+unisex+malla HTTP/1.1" 200 24741 "-" "Mozilla/5.0 (Linux; Android 6.0.1; Nexus 5X Build/MMB29P) AppleWebKit/537.36 (KHTML, like Gecko) Chrome/136.0.7103.113 Mobile Safari/537.36 (compatible; Googlebot/2.1; +http://www.google.com/bot.html)"
208.110.64.178 - - [13/Jun/2025:09:22:38 -0400] "GET /wp-includes/loginn.php HTTP/1.1" 302 6 "https://churchmr.com/wp-includes/edit.php" "Mozilla/5.0 (Windows NT 10.0; Win64; x64) AppleWebKit/537.36 (KHTML, like Gecko) Chrome/58.0.3029.110 Safari/537.3"
66.249.64.6 - - [13/Jun/2025:09:22:40 -0400] "GET /?d=97375963260&filter=6b8509&share_to_url=product.php%3Fid%3D3299770%26name%3Dmi+experiencia+con+fitbit HTTP/1.1" 200 23224 "-" "Mozilla/5.0 (Linux; Android 6.0.1; Nexus 5X Build/MMB29P) AppleWebKit/537.36 (KHTML, like Gecko) Chrome/136.0.7103.113 Mobile Safari/537.36 (compatible; Googlebot/2.1; +http://www.google.com/bot.html)"
66.249.64.6 - - [13/Jun/2025:09:22:43 -0400] "GET /?d=97759126260&filter=cdfba6&share_to_url=model.php%3Fid%3D3313287%26name%3Dblume+guaranteed+sweatshirt+pullover HTTP/1.1" 200 24353 "-" "Mozilla/5.0 (Linux; Android 6.0.1; Nexus 5X Build/MMB29P) AppleWebKit/537.36 (KHTML, like Gecko) Chrome/136.0.7103.113 Mobile Safari/537.36 (compatible; Googlebot/2.1; +http://www.google.com/bot.html)"
157.55.39.203 - - [13/Jun/2025:09:22:44 -0400] "GET /?d=94086775260&filter=4d7b9c&share_to_url=goods.php%3Fid%3D3187967%26name%3Dtoys+lego+bionicle HTTP/1.1" 200 23604 "-" "Mozilla/5.0 AppleWebKit/537.36 (KHTML, like Gecko; compatible; bingbot/2.0; +http://www.bing.com/bingbot.htm) Chrome/116.0.1938.76 Safari/537.36"
