66.249.64.132 - - [13/Jun/2025:08:48:54 -0400] "GET /?d=112616742260&filter=50b16a&share_to_url=shopdetail.php%3Fid%3D3814580%26name%3Dreebok+men+039+s+dmx+1200+low HTTP/1.1" 200 21902 "-" "Mozilla/5.0 (Linux; Android 6.0.1; Nexus 5X Build/MMB29P) AppleWebKit/537.36 (KHTML, like Gecko) Chrome/136.0.7103.113 Mobile Safari/537.36 (compatible; Googlebot/2.1; +http://www.google.com/bot.html)"
66.249.64.129 - - [13/Jun/2025:08:48:55 -0400] "GET /?d=115644549260&filter=95c78c&share_to_url=item.php%3Fid%3D3916441%26name%3Dfantasia+princesa+tiana HTTP/1.1" 200 22095 "-" "Mozilla/5.0 (Linux; Android 6.0.1; Nexus 5X Build/MMB29P) AppleWebKit/537.36 (KHTML, like Gecko) Chrome/136.0.7103.113 Mobile Safari/537.36 (compatible; Googlebot/2.1; +http://www.google.com/bot.html)"
66.249.64.129 - - [13/Jun/2025:08:48:56 -0400] "GET /?d=96606594260&filter=91360a&share_to_url=product.php%3Fid%3D3273298%26name%3Dlovin+039+tenders+duck+jerky+fillets HTTP/1.1" 200 22542 "-" "Mozilla/5.0 (Linux; Android 6.0.1; Nexus 5X Build/MMB29P) AppleWebKit/537.36 (KHTML, like Gecko) Chrome/136.0.7103.113 Mobile Safari/537.36 (compatible; Googlebot/2.1; +http://www.google.com/bot.html)"
66.249.64.129 - - [13/Jun/2025:08:48:58 -0400] "GET /?d=116637573260&filter=7ffa06&share_to_url=pin.php%3Fid%3D3949842%26name%3Dfrenchton+puppy+blue+id+8673 HTTP/1.1" 200 22999 "-" "Mozilla/5.0 (Linux; Android 6.0.1; Nexus 5X Build/MMB29P) AppleWebKit/537.36 (KHTML, like Gecko) Chrome/136.0.7103.113 Mobile Safari/537.36 (compatible; Googlebot/2.1; +http://www.google.com/bot.html)"
66.249.64.132 - - [13/Jun/2025:08:48:59 -0400] "GET /?d=108301099260&filter=1093f8&share_to_url=discover.php%3Fid%3D3666941%26name%3Dcupom+desconto+netshoes+sale+c%C3%B3digo HTTP/1.1" 200 23821 "-" "Mozilla/5.0 (Linux; Android 6.0.1; Nexus 5X Build/MMB29P) AppleWebKit/537.36 (KHTML, like Gecko) Chrome/136.0.7103.113 Mobile Safari/537.36 (compatible; Googlebot/2.1; +http://www.google.com/bot.html)"
66.249.64.131 - - [13/Jun/2025:08:49:00 -0400] "GET /?d=91329180260&filter=1c04d1&share_to_url=shop.php%3Fid%3D3095095%26name%3Dgarmin+fabric+store+wrist HTTP/1.1" 200 23274 "-" "Mozilla/5.0 (Linux; Android 6.0.1; Nexus 5X Build/MMB29P) AppleWebKit/537.36 (KHTML, like Gecko) Chrome/136.0.7103.113 Mobile Safari/537.36 (compatible; Googlebot/2.1; +http://www.google.com/bot.html)"
207.46.13.9 - - [13/Jun/2025:08:49:01 -0400] "GET /?d=112081247260&filter=bfc81f&share_to_url=product.php?id=3796558&name=wondered%20what%20my HTTP/1.1" 200 24026 "-" "Mozilla/5.0 AppleWebKit/537.36 (KHTML, like Gecko; compatible; bingbot/2.0; +http://www.bing.com/bingbot.htm) Chrome/116.0.1938.76 Safari/537.36"
66.249.64.131 - - [13/Jun/2025:08:49:01 -0400] "GET /?d=106957127260&filter=dd2742&share_to_url=item.php%3Fid%3D3622393%26name%3Dhands+on+bike+clipless+pedals HTTP/1.1" 200 22902 "-" "Mozilla/5.0 (Linux; Android 6.0.1; Nexus 5X Build/MMB29P) AppleWebKit/537.36 (KHTML, like Gecko) Chrome/136.0.7103.113 Mobile Safari/537.36 (compatible; Googlebot/2.1; +http://www.google.com/bot.html)"
207.46.13.9 - - [13/Jun/2025:08:49:02 -0400] "GET /?d=105460487260&filter=8de18d&share_to_url=article.php%3Fid%3D3572618%26name%3Dgiordana+custom+gita+sporting HTTP/1.1" 200 23085 "-" "Mozilla/5.0 AppleWebKit/537.36 (KHTML, like Gecko; compatible; bingbot/2.0; +http://www.bing.com/bingbot.htm) Chrome/116.0.1938.76 Safari/537.36"
40.77.167.77 - - [13/Jun/2025:08:49:02 -0400] "GET /?d=86002952260&filter=5ba468&share_to_url=goods.php%3Fid%3D2913587%26name%3Djohn+varvatos+artisan HTTP/1.1" 200 22413 "-" "Mozilla/5.0 AppleWebKit/537.36 (KHTML, like Gecko; compatible; bingbot/2.0; +http://www.bing.com/bingbot.htm) Chrome/116.0.1938.76 Safari/537.36"
40.77.167.77 - - [13/Jun/2025:08:49:02 -0400] "GET /?d=115500869260&filter=fd45ef&share_to_url=shopdetail.php%3Fid%3D3911468%26name%3Dswimschool+multi+color+child HTTP/1.1" 200 24103 "-" "Mozilla/5.0 AppleWebKit/537.36 (KHTML, like Gecko; compatible; bingbot/2.0; +http://www.bing.com/bingbot.htm) Chrome/116.0.1938.76 Safari/537.36"
207.46.13.9 - - [13/Jun/2025:08:49:03 -0400] "GET /?d=93495269260&filter=dd87d9&share_to_url=pin.php%3Fid%3D3167382%26name%3Dtopshop+cream+faux+fur HTTP/1.1" 200 24017 "-" "Mozilla/5.0 AppleWebKit/537.36 (KHTML, like Gecko; compatible; bingbot/2.0; +http://www.bing.com/bingbot.htm) Chrome/116.0.1938.76 Safari/537.36"
66.249.64.128 - - [13/Jun/2025:08:49:03 -0400] "GET /?d=96930827260&filter=be0663&share_to_url=article.php%3Fid%3D3284162%26name%3Dwomen+retailers+s+mid+blue HTTP/1.1" 200 23850 "-" "Mozilla/5.0 (Linux; Android 6.0.1; Nexus 5X Build/MMB29P) AppleWebKit/537.36 (KHTML, like Gecko) Chrome/136.0.7103.113 Mobile Safari/537.36 (compatible; Googlebot/2.1; +http://www.google.com/bot.html)"
66.249.64.128 - - [13/Jun/2025:08:49:04 -0400] "GET /?d=116521807260&filter=fd45ef&share_to_url=model.php%3Fid%3D3945915%26name%3Dmax+105hz+helicopter HTTP/1.1" 200 22616 "-" "Mozilla/5.0 (Linux; Android 6.0.1; Nexus 5X Build/MMB29P) AppleWebKit/537.36 (KHTML, like Gecko) Chrome/136.0.7103.113 Mobile Safari/537.36 (compatible; Googlebot/2.1; +http://www.google.com/bot.html)"
66.249.64.131 - - [13/Jun/2025:08:49:05 -0400] "GET /?d=111462810260&filter=132c35&share_to_url=pin.php%3Fid%3D3774858%26name%3Dhot+toys+mms190+scar HTTP/1.1" 200 23064 "-" "Mozilla/5.0 (Linux; Android 6.0.1; Nexus 5X Build/MMB29P) AppleWebKit/537.36 (KHTML, like Gecko) Chrome/136.0.7103.113 Mobile Safari/537.36 (compatible; Googlebot/2.1; +http://www.google.com/bot.html)"
52.167.144.146 - - [13/Jun/2025:08:49:06 -0400] "GET /?d=109748782260&filter=300ae4&share_to_url=model.php%3Fid%3D3714639%26name%3Dnew+necklace+gold+designs+2021 HTTP/1.1" 200 23201 "-" "Mozilla/5.0 AppleWebKit/537.36 (KHTML, like Gecko; compatible; bingbot/2.0; +http://www.bing.com/bingbot.htm) Chrome/116.0.1938.76 Safari/537.36"
66.249.64.132 - - [13/Jun/2025:08:49:06 -0400] "GET /?d=106607355260&filter=b4f984&share_to_url=shop.php%3Fid%3D3610675%26name%3Dlong+tiered+fringe+skirt HTTP/1.1" 200 23080 "-" "Mozilla/5.0 (Linux; Android 6.0.1; Nexus 5X Build/MMB29P) AppleWebKit/537.36 (KHTML, like Gecko) Chrome/136.0.7103.113 Mobile Safari/537.36 (compatible; Googlebot/2.1; +http://www.google.com/bot.html)"
52.167.144.146 - - [13/Jun/2025:08:49:07 -0400] "GET /?d=20679210260&filter=956610&share_to_url=pin.php%3Fid%3D702630%26name%3Darsabe+cabello HTTP/1.1" 200 23692 "-" "Mozilla/5.0 AppleWebKit/537.36 (KHTML, like Gecko; compatible; bingbot/2.0; +http://www.bing.com/bingbot.htm) Chrome/116.0.1938.76 Safari/537.36"
66.249.64.131 - - [13/Jun/2025:08:49:07 -0400] "GET /?d=96670263260&filter=fd45ef&share_to_url=pin.php%3Fid%3D3275514%26name%3Dcatboy+pj+mask+remote+control HTTP/1.1" 200 23211 "-" "Mozilla/5.0 (Linux; Android 6.0.1; Nexus 5X Build/MMB29P) AppleWebKit/537.36 (KHTML, like Gecko) Chrome/136.0.7103.113 Mobile Safari/537.36 (compatible; Googlebot/2.1; +http://www.google.com/bot.html)"
52.167.144.146 - - [13/Jun/2025:08:49:08 -0400] "GET /?d=85046819260&filter=edd546&share_to_url=discover.php%3Fid%3D2880521%26name%3Dpromote+ph+topk HTTP/1.1" 200 24506 "-" "Mozilla/5.0 AppleWebKit/537.36 (KHTML, like Gecko; compatible; bingbot/2.0; +http://www.bing.com/bingbot.htm) Chrome/116.0.1938.76 Safari/537.36"
52.167.144.146 - - [13/Jun/2025:08:49:08 -0400] "GET /?d=36250907260&filter=95c78c&share_to_url=shop.php%3Fid%3D1231639%26name%3Dfd2344+roupas+de HTTP/1.1" 200 24488 "-" "Mozilla/5.0 AppleWebKit/537.36 (KHTML, like Gecko; compatible; bingbot/2.0; +http://www.bing.com/bingbot.htm) Chrome/116.0.1938.76 Safari/537.36"
66.249.64.132 - - [13/Jun/2025:08:49:09 -0400] "GET /?d=92566320260&filter=1f865f&share_to_url=shop.php%3Fid%3D3136195%26name%3Dgtx+evga+960+trabajando HTTP/1.1" 200 21782 "-" "Mozilla/5.0 (Linux; Android 6.0.1; Nexus 5X Build/MMB29P) AppleWebKit/537.36 (KHTML, like Gecko) Chrome/136.0.7103.113 Mobile Safari/537.36 (compatible; Googlebot/2.1; +http://www.google.com/bot.html)"
52.167.144.146 - - [13/Jun/2025:08:49:09 -0400] "GET /?d=113749351260&filter=9c3be5&share_to_url=ideas.php%3Fid%3D3851916%26name%3Dmen+cheap+fila HTTP/1.1" 200 23144 "-" "Mozilla/5.0 AppleWebKit/537.36 (KHTML, like Gecko; compatible; bingbot/2.0; +http://www.bing.com/bingbot.htm) Chrome/116.0.1938.76 Safari/537.36"
66.249.64.131 - - [13/Jun/2025:08:49:09 -0400] "GET /?d=95093621260&filter=78f7d2&share_to_url=article.php%3Fid%3D3221714%26name%3Dlenscrafters+finance HTTP/1.1" 200 23317 "-" "Mozilla/5.0 (Linux; Android 6.0.1; Nexus 5X Build/MMB29P) AppleWebKit/537.36 (KHTML, like Gecko) Chrome/136.0.7103.113 Mobile Safari/537.36 (compatible; Googlebot/2.1; +http://www.google.com/bot.html)"
207.46.13.156 - - [13/Jun/2025:08:49:11 -0400] "GET /?d=65207271260&filter=dc973f&share_to_url=goods.php%3Fid%3D2211383%26name%3Dvessel+impact+torsion+bit HTTP/1.1" 200 23546 "-" "Mozilla/5.0 AppleWebKit/537.36 (KHTML, like Gecko; compatible; bingbot/2.0; +http://www.bing.com/bingbot.htm) Chrome/116.0.1938.76 Safari/537.36"
40.77.167.13 - - [13/Jun/2025:08:49:12 -0400] "GET /?d=114295918260&filter=5b21e9&share_to_url=product-page.php%3Fid%3D3870292%26name%3Dsiguro+mf+m280+coffee+time HTTP/1.1" 200 23337 "-" "Mozilla/5.0 AppleWebKit/537.36 (KHTML, like Gecko; compatible; bingbot/2.0; +http://www.bing.com/bingbot.htm) Chrome/116.0.1938.76 Safari/537.36"
66.249.64.131 - - [13/Jun/2025:08:49:12 -0400] "GET /?d=108570791260&filter=fd45ef&share_to_url=item.php%3Fid%3D3676141%26name%3Dlarge+pegboard+display HTTP/1.1" 200 24072 "-" "Mozilla/5.0 (Linux; Android 6.0.1; Nexus 5X Build/MMB29P) AppleWebKit/537.36 (KHTML, like Gecko) Chrome/136.0.7103.113 Mobile Safari/537.36 (compatible; Googlebot/2.1; +http://www.google.com/bot.html)"
66.249.64.131 - - [13/Jun/2025:08:49:12 -0400] "GET /?d=117337153260&filter=dde61e&share_to_url=goods.php%3Fid%3D3973895%26name%3Dkyu+ek+palki+bhi+judai HTTP/1.1" 200 23411 "-" "Mozilla/5.0 (Linux; Android 6.0.1; Nexus 5X Build/MMB29P) AppleWebKit/537.36 (KHTML, like Gecko) Chrome/136.0.7103.113 Mobile Safari/537.36 (compatible; Googlebot/2.1; +http://www.google.com/bot.html)"
66.249.64.131 - - [13/Jun/2025:08:49:14 -0400] "GET /?d=101890380260&filter=7e1f07&share_to_url=model.php%3Fid%3D3454167%26name%3Dla+plata+925+es HTTP/1.1" 200 24477 "-" "Mozilla/5.0 (Linux; Android 6.0.1; Nexus 5X Build/MMB29P) AppleWebKit/537.36 (KHTML, like Gecko) Chrome/136.0.7103.113 Mobile Safari/537.36 (compatible; Googlebot/2.1; +http://www.google.com/bot.html)"
66.249.64.131 - - [13/Jun/2025:08:49:15 -0400] "GET /?d=93256409260&filter=3346bd&share_to_url=article.php%3Fid%3D3159566%26name%3Dmattresses+air HTTP/1.1" 200 22741 "-" "Mozilla/5.0 (Linux; Android 6.0.1; Nexus 5X Build/MMB29P) AppleWebKit/537.36 (KHTML, like Gecko) Chrome/136.0.7103.113 Mobile Safari/537.36 (compatible; Googlebot/2.1; +http://www.google.com/bot.html)"
66.249.64.131 - - [13/Jun/2025:08:49:16 -0400] "GET /?d=107209549260&filter=b11a05&share_to_url=detail.php%3Fid%3D3630573%26name%3Dsarx039+catalog+vs+reality HTTP/1.1" 200 22730 "-" "Mozilla/5.0 (Linux; Android 6.0.1; Nexus 5X Build/MMB29P) AppleWebKit/537.36 (KHTML, like Gecko) Chrome/136.0.7103.113 Mobile Safari/537.36 (compatible; Googlebot/2.1; +http://www.google.com/bot.html)"
66.249.64.131 - - [13/Jun/2025:08:49:17 -0400] "GET /?d=116136959260&filter=09a90f&share_to_url=model.php%3Fid%3D3933003%26name%3Dadidas+alphabounce+hot+sale+hpc HTTP/1.1" 200 22361 "-" "Mozilla/5.0 (Linux; Android 6.0.1; Nexus 5X Build/MMB29P) AppleWebKit/537.36 (KHTML, like Gecko) Chrome/136.0.7103.113 Mobile Safari/537.36 (compatible; Googlebot/2.1; +http://www.google.com/bot.html)"
66.249.64.131 - - [13/Jun/2025:08:49:19 -0400] "GET /?d=107049460260&filter=649884&share_to_url=shopdetail.php%3Fid%3D3625304%26name%3Dspirit+walker+dog+prank+and HTTP/1.1" 200 23220 "-" "Mozilla/5.0 (Linux; Android 6.0.1; Nexus 5X Build/MMB29P) AppleWebKit/537.36 (KHTML, like Gecko) Chrome/136.0.7103.113 Mobile Safari/537.36 (compatible; Googlebot/2.1; +http://www.google.com/bot.html)"
66.249.64.6 - - [13/Jun/2025:08:49:20 -0400] "GET /?d=58910381260&filter=dd87d9&share_to_url=shop.php%3Fid%3D1999399%26name%3Dxr250+xr400+xr650 HTTP/1.1" 200 24386 "-" "Mozilla/5.0 (Linux; Android 6.0.1; Nexus 5X Build/MMB29P) AppleWebKit/537.36 (KHTML, like Gecko) Chrome/136.0.7103.113 Mobile Safari/537.36 (compatible; Googlebot/2.1; +http://www.google.com/bot.html)"
66.249.64.131 - - [13/Jun/2025:08:49:20 -0400] "GET /?d=112518960260&filter=b240e2&share_to_url=article.php%3Fid%3D3811334%26name%3Dplaystation+lunch+box HTTP/1.1" 200 24162 "-" "Mozilla/5.0 (Linux; Android 6.0.1; Nexus 5X Build/MMB29P) AppleWebKit/537.36 (KHTML, like Gecko) Chrome/136.0.7103.113 Mobile Safari/537.36 (compatible; Googlebot/2.1; +http://www.google.com/bot.html)"
207.46.13.156 - - [13/Jun/2025:08:49:20 -0400] "GET /?d=29948619260&filter=ada5f8&share_to_url=model.php%3Fid%3D1017867%26name%3Dchristopher+knight+home+manila HTTP/1.1" 200 24352 "-" "Mozilla/5.0 AppleWebKit/537.36 (KHTML, like Gecko; compatible; bingbot/2.0; +http://www.bing.com/bingbot.htm) Chrome/116.0.1938.76 Safari/537.36"
66.249.64.131 - - [13/Jun/2025:08:49:21 -0400] "GET /?d=105232157260&filter=0c7b35&share_to_url=shop.php%3Fid%3D3565207%26name%3Dcanada+pooch+grow+with+me HTTP/1.1" 200 23072 "-" "Mozilla/5.0 (Linux; Android 6.0.1; Nexus 5X Build/MMB29P) AppleWebKit/537.36 (KHTML, like Gecko) Chrome/136.0.7103.113 Mobile Safari/537.36 (compatible; Googlebot/2.1; +http://www.google.com/bot.html)"
207.46.13.156 - - [13/Jun/2025:08:49:21 -0400] "GET /?d=12919633260&filter=03bb2d&share_to_url=product.php%3Fid%3D440974%26name%3Dva+va+velvet+military HTTP/1.1" 200 24144 "-" "Mozilla/5.0 AppleWebKit/537.36 (KHTML, like Gecko; compatible; bingbot/2.0; +http://www.bing.com/bingbot.htm) Chrome/116.0.1938.76 Safari/537.36"
40.77.167.77 - - [13/Jun/2025:08:49:22 -0400] "GET /?d=86433991260&filter=a75ffa&share_to_url=model.php%3Fid%3D2928723%26name%3Dsislinda+high+rise+wide HTTP/1.1" 200 23302 "-" "Mozilla/5.0 AppleWebKit/537.36 (KHTML, like Gecko; compatible; bingbot/2.0; +http://www.bing.com/bingbot.htm) Chrome/116.0.1938.76 Safari/537.36"
66.249.64.131 - - [13/Jun/2025:08:49:22 -0400] "GET /?d=91911112260&filter=ac2a81&share_to_url=shop.php%3Fid%3D3113983%26name%3Dgiant+tcr+shop HTTP/1.1" 200 21684 "-" "Mozilla/5.0 (Linux; Android 6.0.1; Nexus 5X Build/MMB29P) AppleWebKit/537.36 (KHTML, like Gecko) Chrome/136.0.7103.113 Mobile Safari/537.36 (compatible; Googlebot/2.1; +http://www.google.com/bot.html)"
66.249.64.132 - - [13/Jun/2025:08:49:23 -0400] "GET /?d=116168232260&filter=fd45ef&share_to_url=goods.php%3Fid%3D3934211%26name%3Dt+bucket+7673+orange HTTP/1.1" 200 24869 "-" "Mozilla/5.0 (Linux; Android 6.0.1; Nexus 5X Build/MMB29P) AppleWebKit/537.36 (KHTML, like Gecko) Chrome/136.0.7103.113 Mobile Safari/537.36 (compatible; Googlebot/2.1; +http://www.google.com/bot.html)"
66.249.64.131 - - [13/Jun/2025:08:49:24 -0400] "GET /?d=96426430260&filter=7602bb&share_to_url=shop.php%3Fid%3D3267019%26name%3Dmanifest+shoulder+bag+by HTTP/1.1" 200 23407 "-" "Mozilla/5.0 (Linux; Android 6.0.1; Nexus 5X Build/MMB29P) AppleWebKit/537.36 (KHTML, like Gecko) Chrome/136.0.7103.113 Mobile Safari/537.36 (compatible; Googlebot/2.1; +http://www.google.com/bot.html)"
66.249.64.131 - - [13/Jun/2025:08:49:25 -0400] "GET /?d=109044395260&filter=daf99f&share_to_url=model.php%3Fid%3D3691707%26name%3Dmember+039+s+mark+60+x+70 HTTP/1.1" 200 23301 "-" "Mozilla/5.0 (Linux; Android 6.0.1; Nexus 5X Build/MMB29P) AppleWebKit/537.36 (KHTML, like Gecko) Chrome/136.0.7103.113 Mobile Safari/537.36 (compatible; Googlebot/2.1; +http://www.google.com/bot.html)"
52.167.144.146 - - [13/Jun/2025:08:49:25 -0400] "GET /?d=19807306260&filter=14708a&share_to_url=pin.php%3Fid%3D673002%26name%3Dreynolds+2025+853+bikes HTTP/1.1" 200 23466 "-" "Mozilla/5.0 AppleWebKit/537.36 (KHTML, like Gecko; compatible; bingbot/2.0; +http://www.bing.com/bingbot.htm) Chrome/116.0.1938.76 Safari/537.36"
52.167.144.146 - - [13/Jun/2025:08:49:25 -0400] "GET /?d=26081683260&filter=2aa707&share_to_url=discover.php%3Fid%3D884117%26name%3Dmoen+levels+up HTTP/1.1" 200 22778 "-" "Mozilla/5.0 AppleWebKit/537.36 (KHTML, like Gecko; compatible; bingbot/2.0; +http://www.bing.com/bingbot.htm) Chrome/116.0.1938.76 Safari/537.36"
66.249.64.131 - - [13/Jun/2025:08:49:26 -0400] "GET /?d=116824071260&filter=8bc2c5&share_to_url=goods.php%3Fid%3D3956147%26name%3Dces+2020+intel+launches+nuc HTTP/1.1" 200 23018 "-" "Mozilla/5.0 (Linux; Android 6.0.1; Nexus 5X Build/MMB29P) AppleWebKit/537.36 (KHTML, like Gecko) Chrome/136.0.7103.113 Mobile Safari/537.36 (compatible; Googlebot/2.1; +http://www.google.com/bot.html)"
66.249.64.131 - - [13/Jun/2025:08:49:28 -0400] "GET /?d=108509458260&filter=dde61e&share_to_url=detail.php%3Fid%3D3673965%26name%3Ddil+ibaadat+mp3 HTTP/1.1" 200 24059 "-" "Mozilla/5.0 (Linux; Android 6.0.1; Nexus 5X Build/MMB29P) AppleWebKit/537.36 (KHTML, like Gecko) Chrome/136.0.7103.113 Mobile Safari/537.36 (compatible; Googlebot/2.1; +http://www.google.com/bot.html)"
66.249.64.131 - - [13/Jun/2025:08:49:28 -0400] "GET /?d=105765221260&filter=8fc171&share_to_url=shopdetail.php%3Fid%3D3582692%26name%3Dkaren+scott+zip+front+hooded+sweatshirt HTTP/1.1" 200 22869 "-" "Mozilla/5.0 (Linux; Android 6.0.1; Nexus 5X Build/MMB29P) AppleWebKit/537.36 (KHTML, like Gecko) Chrome/136.0.7103.113 Mobile Safari/537.36 (compatible; Googlebot/2.1; +http://www.google.com/bot.html)"
66.249.64.131 - - [13/Jun/2025:08:49:30 -0400] "GET /?d=105239472260&filter=0b5f0b&share_to_url=model.php%3Fid%3D3565455%26name%3Dfirst+wave+of+stellar HTTP/1.1" 200 22526 "-" "Mozilla/5.0 (Linux; Android 6.0.1; Nexus 5X Build/MMB29P) AppleWebKit/537.36 (KHTML, like Gecko) Chrome/136.0.7103.113 Mobile Safari/537.36 (compatible; Googlebot/2.1; +http://www.google.com/bot.html)"
66.249.64.131 - - [13/Jun/2025:08:49:30 -0400] "GET /?d=106299571260&filter=334a23&share_to_url=discover.php%3Fid%3D3600281%26name%3Dreebok+best+sale+zigkick HTTP/1.1" 200 22439 "-" "Mozilla/5.0 (Linux; Android 6.0.1; Nexus 5X Build/MMB29P) AppleWebKit/537.36 (KHTML, like Gecko) Chrome/136.0.7103.113 Mobile Safari/537.36 (compatible; Googlebot/2.1; +http://www.google.com/bot.html)"
66.249.64.131 - - [13/Jun/2025:08:49:30 -0400] "GET /?d=91918552260&filter=cc63b6&share_to_url=detail.php%3Fid%3D3114201%26name%3Dtell+me+why+exactly HTTP/1.1" 200 22247 "-" "Mozilla/5.0 (Linux; Android 6.0.1; Nexus 5X Build/MMB29P) AppleWebKit/537.36 (KHTML, like Gecko) Chrome/136.0.7103.113 Mobile Safari/537.36 (compatible; Googlebot/2.1; +http://www.google.com/bot.html)"
207.46.13.156 - - [13/Jun/2025:08:49:31 -0400] "GET /?d=38586488260&filter=fd45ef&share_to_url=shop.php%3Fid%3D1310047%26name%3Dlift+and+hide+bookcase+storage HTTP/1.1" 200 23218 "-" "Mozilla/5.0 AppleWebKit/537.36 (KHTML, like Gecko; compatible; bingbot/2.0; +http://www.bing.com/bingbot.htm) Chrome/116.0.1938.76 Safari/537.36"
66.249.64.132 - - [13/Jun/2025:08:49:31 -0400] "GET /?d=91957458260&filter=c425c6&share_to_url=ideas.php%3Fid%3D3115344%26name%3Dreview+the+ball+lady+engineer HTTP/1.1" 200 22275 "-" "Mozilla/5.0 (Linux; Android 6.0.1; Nexus 5X Build/MMB29P) AppleWebKit/537.36 (KHTML, like Gecko) Chrome/136.0.7103.113 Mobile Safari/537.36 (compatible; Googlebot/2.1; +http://www.google.com/bot.html)"
66.249.64.131 - - [13/Jun/2025:08:49:32 -0400] "GET /?d=93272760260&filter=05d6a9&share_to_url=product-page.php%3Fid%3D3160084%26name%3Dcamisa+de+hombre+arrow+verde HTTP/1.1" 200 24456 "-" "Mozilla/5.0 (Linux; Android 6.0.1; Nexus 5X Build/MMB29P) AppleWebKit/537.36 (KHTML, like Gecko) Chrome/136.0.7103.113 Mobile Safari/537.36 (compatible; Googlebot/2.1; +http://www.google.com/bot.html)"
66.249.64.132 - - [13/Jun/2025:08:49:32 -0400] "GET /?d=104750221260&filter=1c04d1&share_to_url=model.php%3Fid%3D3549411%26name%3Deta+technical+communications+user+039+s HTTP/1.1" 200 23332 "-" "Mozilla/5.0 (Linux; Android 6.0.1; Nexus 5X Build/MMB29P) AppleWebKit/537.36 (KHTML, like Gecko) Chrome/136.0.7103.113 Mobile Safari/537.36 (compatible; Googlebot/2.1; +http://www.google.com/bot.html)"
66.249.64.132 - - [13/Jun/2025:08:49:33 -0400] "GET /?d=95649972260&filter=d07a8e&share_to_url=detail.php%3Fid%3D3240789%26name%3Dclearance+samyang+16mm+f HTTP/1.1" 200 23210 "-" "Mozilla/5.0 (Linux; Android 6.0.1; Nexus 5X Build/MMB29P) AppleWebKit/537.36 (KHTML, like Gecko) Chrome/136.0.7103.113 Mobile Safari/537.36 (compatible; Googlebot/2.1; +http://www.google.com/bot.html)"
52.167.144.141 - - [13/Jun/2025:08:49:34 -0400] "GET /?d=47259110260&filter=190ccd&share_to_url=pin.php%3Fid%3D1605294%26name%3Dbest+brand+smart+2024+watch HTTP/1.1" 200 24300 "-" "Mozilla/5.0 AppleWebKit/537.36 (KHTML, like Gecko; compatible; bingbot/2.0; +http://www.bing.com/bingbot.htm) Chrome/116.0.1938.76 Safari/537.36"
207.46.13.156 - - [13/Jun/2025:08:49:34 -0400] "GET /?d=94409469260&filter=bc40a5&share_to_url=item.php%3Fid%3D3199393%26name%3Dwoolite+collapsible+wall+drying HTTP/1.1" 200 22416 "-" "Mozilla/5.0 AppleWebKit/537.36 (KHTML, like Gecko; compatible; bingbot/2.0; +http://www.bing.com/bingbot.htm) Chrome/116.0.1938.76 Safari/537.36"
207.46.13.156 - - [13/Jun/2025:08:49:34 -0400] "GET /?d=20194185260&filter=5e3718&share_to_url=pin.php%3Fid%3D686034%26name%3Dp+tit+basile+housse HTTP/1.1" 200 22631 "-" "Mozilla/5.0 AppleWebKit/537.36 (KHTML, like Gecko; compatible; bingbot/2.0; +http://www.bing.com/bingbot.htm) Chrome/116.0.1938.76 Safari/537.36"
52.167.144.141 - - [13/Jun/2025:08:49:34 -0400] "GET /?d=86053675260&filter=62bca5&share_to_url=discover.php%3Fid%3D2915441%26name%3Dsyst%C3%A8me+de+barres+de HTTP/1.1" 200 24137 "-" "Mozilla/5.0 AppleWebKit/537.36 (KHTML, like Gecko; compatible; bingbot/2.0; +http://www.bing.com/bingbot.htm) Chrome/116.0.1938.76 Safari/537.36"
52.167.144.146 - - [13/Jun/2025:08:49:34 -0400] "GET /?d=110266857260&filter=00f09d&share_to_url=article.php%3Fid%3D3732194%26name%3Dcambio+posteriore+come+scegliere+la HTTP/1.1" 200 23428 "-" "Mozilla/5.0 AppleWebKit/537.36 (KHTML, like Gecko; compatible; bingbot/2.0; +http://www.bing.com/bingbot.htm) Chrome/116.0.1938.76 Safari/537.36"
66.249.64.132 - - [13/Jun/2025:08:49:35 -0400] "GET /?d=104939402260&filter=494c5b&share_to_url=product-page.php%3Fid%3D3555304%26name%3Dpaolo+black+galvin+green HTTP/1.1" 200 22941 "-" "Mozilla/5.0 (Linux; Android 6.0.1; Nexus 5X Build/MMB29P) AppleWebKit/537.36 (KHTML, like Gecko) Chrome/136.0.7103.113 Mobile Safari/537.36 (compatible; Googlebot/2.1; +http://www.google.com/bot.html)"
40.77.167.77 - - [13/Jun/2025:08:49:35 -0400] "GET /?d=89706196260&filter=758412&share_to_url=ideas.php%3Fid%3D3040488%26name%3Dgaribaldi HTTP/1.1" 200 22037 "-" "Mozilla/5.0 AppleWebKit/537.36 (KHTML, like Gecko; compatible; bingbot/2.0; +http://www.bing.com/bingbot.htm) Chrome/116.0.1938.76 Safari/537.36"
66.249.64.128 - - [13/Jun/2025:08:49:36 -0400] "GET /?d=108764500260&filter=f61719&share_to_url=shopdetail.php%3Fid%3D3682484%26name%3Dtips+atasi+anak HTTP/1.1" 200 24744 "-" "Mozilla/5.0 (Linux; Android 6.0.1; Nexus 5X Build/MMB29P) AppleWebKit/537.36 (KHTML, like Gecko) Chrome/136.0.7103.113 Mobile Safari/537.36 (compatible; Googlebot/2.1; +http://www.google.com/bot.html)"
40.77.167.77 - - [13/Jun/2025:08:49:36 -0400] "GET /?d=25599652260&filter=2aa707&share_to_url=ideas.php%3Fid%3D867708%26name%3Dtouring+tweeters+on+a HTTP/1.1" 200 25060 "-" "Mozilla/5.0 AppleWebKit/537.36 (KHTML, like Gecko; compatible; bingbot/2.0; +http://www.bing.com/bingbot.htm) Chrome/116.0.1938.76 Safari/537.36"
66.249.64.128 - - [13/Jun/2025:08:49:38 -0400] "GET /?d=104274501260&filter=b45778&share_to_url=pin.php%3Fid%3D3532962%26name%3Dmarchesa+gold+tone+blush HTTP/1.1" 200 24085 "-" "Mozilla/5.0 (Linux; Android 6.0.1; Nexus 5X Build/MMB29P) AppleWebKit/537.36 (KHTML, like Gecko) Chrome/136.0.7103.113 Mobile Safari/537.36 (compatible; Googlebot/2.1; +http://www.google.com/bot.html)"
66.249.64.128 - - [13/Jun/2025:08:49:39 -0400] "GET /?d=106087942260&filter=0ab89c&share_to_url=item.php%3Fid%3D3593401%26name%3Dhugo+maluks+jas+beige HTTP/1.1" 200 24169 "-" "Mozilla/5.0 (Linux; Android 6.0.1; Nexus 5X Build/MMB29P) AppleWebKit/537.36 (KHTML, like Gecko) Chrome/136.0.7103.113 Mobile Safari/537.36 (compatible; Googlebot/2.1; +http://www.google.com/bot.html)"
66.249.64.128 - - [13/Jun/2025:08:49:41 -0400] "GET /?d=115314290260&filter=2ea3dc&share_to_url=shop.php%3Fid%3D3905011%26name%3Dpurple+soft+silk+wedding HTTP/1.1" 200 23238 "-" "Mozilla/5.0 (Linux; Android 6.0.1; Nexus 5X Build/MMB29P) AppleWebKit/537.36 (KHTML, like Gecko) Chrome/136.0.7103.113 Mobile Safari/537.36 (compatible; Googlebot/2.1; +http://www.google.com/bot.html)"
66.249.64.128 - - [13/Jun/2025:08:49:42 -0400] "GET /?d=117938605260&filter=494c5b&share_to_url=pin.php%3Fid%3D3994062%26name%3Dhydrolite+x+trousers+footjoy HTTP/1.1" 200 21950 "-" "Mozilla/5.0 (Linux; Android 6.0.1; Nexus 5X Build/MMB29P) AppleWebKit/537.36 (KHTML, like Gecko) Chrome/136.0.7103.113 Mobile Safari/537.36 (compatible; Googlebot/2.1; +http://www.google.com/bot.html)"
66.249.64.128 - - [13/Jun/2025:08:49:43 -0400] "GET /?d=97251946260&filter=45ee7b&share_to_url=article.php%3Fid%3D3295298%26name%3Dfull+episode+today+evening HTTP/1.1" 200 22229 "-" "Mozilla/5.0 (Linux; Android 6.0.1; Nexus 5X Build/MMB29P) AppleWebKit/537.36 (KHTML, like Gecko) Chrome/136.0.7103.113 Mobile Safari/537.36 (compatible; Googlebot/2.1; +http://www.google.com/bot.html)"
207.46.13.9 - - [13/Jun/2025:08:49:44 -0400] "GET /?d=102992095260&filter=2c5c3a&share_to_url=shopdetail.php%3Fid%3D3490484%26name%3Dface+framing+layers HTTP/1.1" 200 23919 "-" "Mozilla/5.0 AppleWebKit/537.36 (KHTML, like Gecko; compatible; bingbot/2.0; +http://www.bing.com/bingbot.htm) Chrome/116.0.1938.76 Safari/537.36"
66.249.64.128 - - [13/Jun/2025:08:49:44 -0400] "GET /?d=108714417260&filter=f540a2&share_to_url=shopdetail.php%3Fid%3D3680960%26name%3Duratex+foam+mattress+for HTTP/1.1" 200 24060 "-" "Mozilla/5.0 (Linux; Android 6.0.1; Nexus 5X Build/MMB29P) AppleWebKit/537.36 (KHTML, like Gecko) Chrome/136.0.7103.113 Mobile Safari/537.36 (compatible; Googlebot/2.1; +http://www.google.com/bot.html)"
66.249.64.128 - - [13/Jun/2025:08:49:45 -0400] "GET /?d=90551706260&filter=ab67d8&share_to_url=product-page.php%3Fid%3D3068992%26name%3Dchild+size+armchair+gray HTTP/1.1" 200 24226 "-" "Mozilla/5.0 (Linux; Android 6.0.1; Nexus 5X Build/MMB29P) AppleWebKit/537.36 (KHTML, like Gecko) Chrome/136.0.7103.113 Mobile Safari/537.36 (compatible; Googlebot/2.1; +http://www.google.com/bot.html)"
66.249.64.128 - - [13/Jun/2025:08:49:45 -0400] "GET /?d=109080397260&filter=116a77&share_to_url=discover.php%3Fid%3D3692777%26name%3Dwhy+buy+a+trane HTTP/1.1" 200 23914 "-" "Mozilla/5.0 (Linux; Android 6.0.1; Nexus 5X Build/MMB29P) AppleWebKit/537.36 (KHTML, like Gecko) Chrome/136.0.7103.113 Mobile Safari/537.36 (compatible; Googlebot/2.1; +http://www.google.com/bot.html)"
66.249.64.128 - - [13/Jun/2025:08:49:46 -0400] "GET /?d=105991302260&filter=b190c6&share_to_url=item.php%3Fid%3D3590257%26name%3Delastic+brand+men+denim+jeans HTTP/1.1" 200 24189 "-" "Mozilla/5.0 (Linux; Android 6.0.1; Nexus 5X Build/MMB29P) AppleWebKit/537.36 (KHTML, like Gecko) Chrome/136.0.7103.113 Mobile Safari/537.36 (compatible; Googlebot/2.1; +http://www.google.com/bot.html)"
66.249.64.131 - - [13/Jun/2025:08:49:47 -0400] "GET /?d=104473069260&filter=7781af&share_to_url=product.php%3Fid%3D3539974%26name%3Djordan+nike+men+039+s+jordan HTTP/1.1" 200 22120 "-" "Mozilla/5.0 (Linux; Android 6.0.1; Nexus 5X Build/MMB29P) AppleWebKit/537.36 (KHTML, like Gecko) Chrome/136.0.7103.113 Mobile Safari/537.36 (compatible; Googlebot/2.1; +http://www.google.com/bot.html)"
66.249.64.131 - - [13/Jun/2025:08:49:49 -0400] "GET /?d=116851357260&filter=494c5b&share_to_url=goods.php%3Fid%3D3957083%26name%3Dmen+s+tuxedo+collection+the+perfect HTTP/1.1" 200 24598 "-" "Mozilla/5.0 (Linux; Android 6.0.1; Nexus 5X Build/MMB29P) AppleWebKit/537.36 (KHTML, like Gecko) Chrome/136.0.7103.113 Mobile Safari/537.36 (compatible; Googlebot/2.1; +http://www.google.com/bot.html)"
66.249.64.128 - - [13/Jun/2025:08:49:49 -0400] "GET /?d=105176115260&filter=144d7d&share_to_url=article.php%3Fid%3D3563138%26name%3Ddisponible+en+las+tallas HTTP/1.1" 200 23977 "-" "Mozilla/5.0 (Linux; Android 6.0.1; Nexus 5X Build/MMB29P) AppleWebKit/537.36 (KHTML, like Gecko) Chrome/136.0.7103.113 Mobile Safari/537.36 (compatible; Googlebot/2.1; +http://www.google.com/bot.html)"
207.46.13.156 - - [13/Jun/2025:08:49:51 -0400] "GET /?d=23814905260&filter=e09080&share_to_url=goods.php%3Fid%3D807599%26name%3Dchairos+wizard+top HTTP/1.1" 200 23394 "-" "Mozilla/5.0 AppleWebKit/537.36 (KHTML, like Gecko; compatible; bingbot/2.0; +http://www.bing.com/bingbot.htm) Chrome/116.0.1938.76 Safari/537.36"
66.249.64.129 - - [13/Jun/2025:08:49:52 -0400] "GET /?d=114053662260&filter=8cd633&share_to_url=product.php%3Fid%3D3862570%26name%3Dnova+octo+lace HTTP/1.1" 200 23944 "-" "Mozilla/5.0 (Linux; Android 6.0.1; Nexus 5X Build/MMB29P) AppleWebKit/537.36 (KHTML, like Gecko) Chrome/136.0.7103.113 Mobile Safari/537.36 (compatible; Googlebot/2.1; +http://www.google.com/bot.html)"
52.167.144.141 - - [13/Jun/2025:08:49:52 -0400] "GET /?d=93646446260&filter=0647a3&share_to_url=goods.php%3Fid%3D3172487%26name%3Dlo+sabias+thelordoftherings HTTP/1.1" 200 22476 "-" "Mozilla/5.0 AppleWebKit/537.36 (KHTML, like Gecko; compatible; bingbot/2.0; +http://www.bing.com/bingbot.htm) Chrome/116.0.1938.76 Safari/537.36"
66.249.64.132 - - [13/Jun/2025:08:49:52 -0400] "GET /?d=104382477260&filter=914010&share_to_url=goods.php%3Fid%3D3536699%26name%3Dzaino+minimal HTTP/1.1" 200 23334 "-" "Mozilla/5.0 (Linux; Android 6.0.1; Nexus 5X Build/MMB29P) AppleWebKit/537.36 (KHTML, like Gecko) Chrome/136.0.7103.113 Mobile Safari/537.36 (compatible; Googlebot/2.1; +http://www.google.com/bot.html)"
52.167.144.141 - - [13/Jun/2025:08:49:53 -0400] "GET /?d=104637905260&filter=3208d7&share_to_url=pin.php%3Fid%3D3545730%26name%3Dsoleilpremiumoutlet+soleiloutlet HTTP/1.1" 200 22649 "-" "Mozilla/5.0 AppleWebKit/537.36 (KHTML, like Gecko; compatible; bingbot/2.0; +http://www.bing.com/bingbot.htm) Chrome/116.0.1938.76 Safari/537.36"
66.249.64.128 - - [13/Jun/2025:08:49:55 -0400] "GET /?d=114629054260&filter=1a977f&share_to_url=ideas.php%3Fid%3D3881664%26name%3Dtimberland+mens+brown+cityroam HTTP/1.1" 200 22516 "-" "Mozilla/5.0 (Linux; Android 6.0.1; Nexus 5X Build/MMB29P) AppleWebKit/537.36 (KHTML, like Gecko) Chrome/136.0.7103.113 Mobile Safari/537.36 (compatible; Googlebot/2.1; +http://www.google.com/bot.html)"
66.249.64.132 - - [13/Jun/2025:08:49:55 -0400] "GET /?d=68709482260&filter=7a102c&share_to_url=model.php%3Fid%3D2328471%26name%3Dplato+deckas+36t+96bcd+ovalado HTTP/1.1" 200 22900 "-" "Mozilla/5.0 (Linux; Android 6.0.1; Nexus 5X Build/MMB29P) AppleWebKit/537.36 (KHTML, like Gecko) Chrome/136.0.7103.113 Mobile Safari/537.36 (compatible; Googlebot/2.1; +http://www.google.com/bot.html)"
52.167.144.146 - - [13/Jun/2025:08:49:55 -0400] "GET /?d=114074890260&filter=1b6d6c&share_to_url=ideas.php%3Fid%3D3863172%26name%3Dsandro+crackled+leather+chelsea+boots HTTP/1.1" 200 22807 "-" "Mozilla/5.0 AppleWebKit/537.36 (KHTML, like Gecko; compatible; bingbot/2.0; +http://www.bing.com/bingbot.htm) Chrome/116.0.1938.76 Safari/537.36"
40.77.167.13 - - [13/Jun/2025:08:49:57 -0400] "GET /?d=91487132260&filter=7dfe8b&share_to_url=shop.php%3Fid%3D3100291%26name%3Dretro+27s+2025 HTTP/1.1" 200 23754 "-" "Mozilla/5.0 AppleWebKit/537.36 (KHTML, like Gecko; compatible; bingbot/2.0; +http://www.bing.com/bingbot.htm) Chrome/116.0.1938.76 Safari/537.36"
52.167.144.146 - - [13/Jun/2025:08:49:57 -0400] "GET /?d=116488300260&filter=9fddd6&share_to_url=goods.php%3Fid%3D3944675%26name%3Dpierre+cardin+blusas HTTP/1.1" 200 24136 "-" "Mozilla/5.0 AppleWebKit/537.36 (KHTML, like Gecko; compatible; bingbot/2.0; +http://www.bing.com/bingbot.htm) Chrome/116.0.1938.76 Safari/537.36"
52.167.144.146 - - [13/Jun/2025:08:49:57 -0400] "GET /?d=19193829260&filter=bc40a5&share_to_url=shop.php%3Fid%3D652219%26name%3Dcustom+wine+racks+new HTTP/1.1" 200 23284 "-" "Mozilla/5.0 AppleWebKit/537.36 (KHTML, like Gecko; compatible; bingbot/2.0; +http://www.bing.com/bingbot.htm) Chrome/116.0.1938.76 Safari/537.36"
66.249.64.129 - - [13/Jun/2025:08:49:57 -0400] "GET /?d=95998034260&filter=1d0c54&share_to_url=discover.php%3Fid%3D3252593%26name%3Ddesign+watches+at+great+value HTTP/1.1" 200 23333 "-" "Mozilla/5.0 (Linux; Android 6.0.1; Nexus 5X Build/MMB29P) AppleWebKit/537.36 (KHTML, like Gecko) Chrome/136.0.7103.113 Mobile Safari/537.36 (compatible; Googlebot/2.1; +http://www.google.com/bot.html)"
66.249.64.131 - - [13/Jun/2025:08:49:58 -0400] "GET /?d=99912374260&filter=c08dc8&share_to_url=discover.php%3Fid%3D3386165%26name%3Dfred+perry+clearance+navy HTTP/1.1" 200 23325 "-" "Mozilla/5.0 (Linux; Android 6.0.1; Nexus 5X Build/MMB29P) AppleWebKit/537.36 (KHTML, like Gecko) Chrome/136.0.7103.113 Mobile Safari/537.36 (compatible; Googlebot/2.1; +http://www.google.com/bot.html)"
52.167.144.146 - - [13/Jun/2025:08:49:59 -0400] "GET /?d=34060300260&filter=b00345&share_to_url=pin.php%3Fid%3D1158558%26name%3Dbahaya+nonton+layar HTTP/1.1" 200 23961 "-" "Mozilla/5.0 AppleWebKit/537.36 (KHTML, like Gecko; compatible; bingbot/2.0; +http://www.bing.com/bingbot.htm) Chrome/116.0.1938.76 Safari/537.36"
52.167.144.146 - - [13/Jun/2025:08:50:00 -0400] "GET /?d=85433421260&filter=b32929&share_to_url=discover.php%3Fid%3D2893997%26name%3D210m+pink+at+t HTTP/1.1" 200 23253 "-" "Mozilla/5.0 AppleWebKit/537.36 (KHTML, like Gecko; compatible; bingbot/2.0; +http://www.bing.com/bingbot.htm) Chrome/116.0.1938.76 Safari/537.36"
66.249.64.129 - - [13/Jun/2025:08:50:00 -0400] "GET /?d=109628640260&filter=2343c6&share_to_url=ideas.php%3Fid%3D3710592%26name%3Dcole+slipper+bedroom HTTP/1.1" 200 23708 "-" "Mozilla/5.0 (Linux; Android 6.0.1; Nexus 5X Build/MMB29P) AppleWebKit/537.36 (KHTML, like Gecko) Chrome/136.0.7103.113 Mobile Safari/537.36 (compatible; Googlebot/2.1; +http://www.google.com/bot.html)"
66.249.64.128 - - [13/Jun/2025:08:50:00 -0400] "GET /?d=116715367260&filter=3b81c8&share_to_url=shopdetail.php%3Fid%3D3952484%26name%3Dlass+carlinas+lasscarlinas+instagram+photos HTTP/1.1" 200 23346 "-" "Mozilla/5.0 (Linux; Android 6.0.1; Nexus 5X Build/MMB29P) AppleWebKit/537.36 (KHTML, like Gecko) Chrome/136.0.7103.113 Mobile Safari/537.36 (compatible; Googlebot/2.1; +http://www.google.com/bot.html)"
52.167.144.146 - - [13/Jun/2025:08:50:02 -0400] "GET /?d=40543705260&filter=374c11&share_to_url=shopdetail.php%3Fid%3D1376840%26name%3Dgrooming+your+furnished+pal HTTP/1.1" 200 22941 "-" "Mozilla/5.0 AppleWebKit/537.36 (KHTML, like Gecko; compatible; bingbot/2.0; +http://www.bing.com/bingbot.htm) Chrome/116.0.1938.76 Safari/537.36"
66.249.64.128 - - [13/Jun/2025:08:50:03 -0400] "GET /?d=117147367260&filter=83b043&share_to_url=shop.php%3Fid%3D3967303%26name%3Dchanel+shoes+slingback+pumps HTTP/1.1" 200 22857 "-" "Mozilla/5.0 (Linux; Android 6.0.1; Nexus 5X Build/MMB29P) AppleWebKit/537.36 (KHTML, like Gecko) Chrome/136.0.7103.113 Mobile Safari/537.36 (compatible; Googlebot/2.1; +http://www.google.com/bot.html)"
66.249.64.131 - - [13/Jun/2025:08:50:03 -0400] "GET /?d=114205062260&filter=9c85fa&share_to_url=goods.php%3Fid%3D3867455%26name%3Dtrekker+chaussures+d+039+hiver HTTP/1.1" 200 22315 "-" "Mozilla/5.0 (Linux; Android 6.0.1; Nexus 5X Build/MMB29P) AppleWebKit/537.36 (KHTML, like Gecko) Chrome/136.0.7103.113 Mobile Safari/537.36 (compatible; Googlebot/2.1; +http://www.google.com/bot.html)"
207.46.13.9 - - [13/Jun/2025:08:50:04 -0400] "GET /?d=89768043260&filter=c3ec3a&share_to_url=shop.php%3Fid%3D3042583%26name%3Dfalda+de+rayas HTTP/1.1" 200 23992 "-" "Mozilla/5.0 AppleWebKit/537.36 (KHTML, like Gecko; compatible; bingbot/2.0; +http://www.bing.com/bingbot.htm) Chrome/116.0.1938.76 Safari/537.36"
66.249.64.128 - - [13/Jun/2025:08:50:06 -0400] "GET /?d=100027516260&filter=7db1b6&share_to_url=ideas.php%3Fid%3D3390192%26name%3Dtua+tagovailoa+wikipedia HTTP/1.1" 200 22127 "-" "Mozilla/5.0 (Linux; Android 6.0.1; Nexus 5X Build/MMB29P) AppleWebKit/537.36 (KHTML, like Gecko) Chrome/136.0.7103.113 Mobile Safari/537.36 (compatible; Googlebot/2.1; +http://www.google.com/bot.html)"
66.249.64.128 - - [13/Jun/2025:08:50:06 -0400] "GET /?d=98402953260&filter=cab71d&share_to_url=model.php%3Fid%3D3335067%26name%3Dtenkara+rod+fishing+off+the HTTP/1.1" 200 23338 "-" "Mozilla/5.0 (Linux; Android 6.0.1; Nexus 5X Build/MMB29P) AppleWebKit/537.36 (KHTML, like Gecko) Chrome/136.0.7103.113 Mobile Safari/537.36 (compatible; Googlebot/2.1; +http://www.google.com/bot.html)"
66.249.64.132 - - [13/Jun/2025:08:50:06 -0400] "GET /?d=101818420260&filter=f540a2&share_to_url=model.php%3Fid%3D3451755%26name%3Dchildren+curve+bassinet HTTP/1.1" 200 23816 "-" "Mozilla/5.0 (Linux; Android 6.0.1; Nexus 5X Build/MMB29P) AppleWebKit/537.36 (KHTML, like Gecko) Chrome/136.0.7103.113 Mobile Safari/537.36 (compatible; Googlebot/2.1; +http://www.google.com/bot.html)"
40.77.167.77 - - [13/Jun/2025:08:50:07 -0400] "GET /?d=22358008260&filter=cb7031&share_to_url=detail.php%3Fid%3D758505%26name%3Dsoldes+tv+les HTTP/1.1" 200 24795 "-" "Mozilla/5.0 AppleWebKit/537.36 (KHTML, like Gecko; compatible; bingbot/2.0; +http://www.bing.com/bingbot.htm) Chrome/116.0.1938.76 Safari/537.36"
40.77.167.77 - - [13/Jun/2025:08:50:08 -0400] "GET /?d=111035643260&filter=628c98&share_to_url=shopdetail.php%3Fid%3D3759968%26name%3Dheydude+wally+americana+slip+on HTTP/1.1" 200 21896 "-" "Mozilla/5.0 AppleWebKit/537.36 (KHTML, like Gecko; compatible; bingbot/2.0; +http://www.bing.com/bingbot.htm) Chrome/116.0.1938.76 Safari/537.36"
66.249.64.131 - - [13/Jun/2025:08:50:08 -0400] "GET /?d=93569555260&filter=c29bf6&share_to_url=ideas.php%3Fid%3D3170076%26name%3Dkool+kilim+honestly+wtf HTTP/1.1" 200 24357 "-" "Mozilla/5.0 (Linux; Android 6.0.1; Nexus 5X Build/MMB29P) AppleWebKit/537.36 (KHTML, like Gecko) Chrome/136.0.7103.113 Mobile Safari/537.36 (compatible; Googlebot/2.1; +http://www.google.com/bot.html)"
66.249.64.132 - - [13/Jun/2025:08:50:09 -0400] "GET /?d=108813651260&filter=d337cc&share_to_url=goods.php%3Fid%3D3683987%26name%3Dgalaxy+orange+cushion+cover HTTP/1.1" 200 23602 "-" "Mozilla/5.0 (Linux; Android 6.0.1; Nexus 5X Build/MMB29P) AppleWebKit/537.36 (KHTML, like Gecko) Chrome/136.0.7103.113 Mobile Safari/537.36 (compatible; Googlebot/2.1; +http://www.google.com/bot.html)"
40.77.167.77 - - [13/Jun/2025:08:50:09 -0400] "GET /?d=92060532260&filter=a57511&share_to_url=detail.php%3Fid%3D3118761%26name%3Djohn+elliott+debuts+new HTTP/1.1" 200 22275 "-" "Mozilla/5.0 AppleWebKit/537.36 (KHTML, like Gecko; compatible; bingbot/2.0; +http://www.bing.com/bingbot.htm) Chrome/116.0.1938.76 Safari/537.36"
40.77.167.77 - - [13/Jun/2025:08:50:10 -0400] "GET /?d=86838029260&filter=c7968e&share_to_url=article.php%3Fid%3D2942162%26name%3Dschaferandweinershops+germany+black+suitcase HTTP/1.1" 200 24376 "-" "Mozilla/5.0 AppleWebKit/537.36 (KHTML, like Gecko; compatible; bingbot/2.0; +http://www.bing.com/bingbot.htm) Chrome/116.0.1938.76 Safari/537.36"
66.249.64.131 - - [13/Jun/2025:08:50:10 -0400] "GET /?d=95132866260&filter=92edf0&share_to_url=ideas.php%3Fid%3D3223008%26name%3Dhiking+pants HTTP/1.1" 200 22706 "-" "Mozilla/5.0 (Linux; Android 6.0.1; Nexus 5X Build/MMB29P) AppleWebKit/537.36 (KHTML, like Gecko) Chrome/136.0.7103.113 Mobile Safari/537.36 (compatible; Googlebot/2.1; +http://www.google.com/bot.html)"
52.167.144.146 - - [13/Jun/2025:08:50:11 -0400] "GET /?d=6078445260&filter=cb7031&share_to_url=article.php%3Fid%3D209618%26name%3Dfc+porto+maillot HTTP/1.1" 200 23950 "-" "Mozilla/5.0 AppleWebKit/537.36 (KHTML, like Gecko; compatible; bingbot/2.0; +http://www.bing.com/bingbot.htm) Chrome/116.0.1938.76 Safari/537.36"
207.46.13.156 - - [13/Jun/2025:08:50:11 -0400] "GET /?d=19333166260&filter=14708a&share_to_url=detail.php%3Fid%3D657009%26name%3Dsherpa+mtb+sherpa+mtb HTTP/1.1" 200 24153 "-" "Mozilla/5.0 AppleWebKit/537.36 (KHTML, like Gecko; compatible; bingbot/2.0; +http://www.bing.com/bingbot.htm) Chrome/116.0.1938.76 Safari/537.36"
66.249.64.132 - - [13/Jun/2025:08:50:12 -0400] "GET /?d=101232179260&filter=d1cff9&share_to_url=detail.php%3Fid%3D3431637%26name%3Dsandals+ricosta+jeff HTTP/1.1" 200 23129 "-" "Mozilla/5.0 (Linux; Android 6.0.1; Nexus 5X Build/MMB29P) AppleWebKit/537.36 (KHTML, like Gecko) Chrome/136.0.7103.113 Mobile Safari/537.36 (compatible; Googlebot/2.1; +http://www.google.com/bot.html)"
207.46.13.156 - - [13/Jun/2025:08:50:13 -0400] "GET /?d=56321282260&filter=546691&share_to_url=model.php%3Fid%3D1912539%26name%3Dacheter+homme+puma HTTP/1.1" 200 22568 "-" "Mozilla/5.0 AppleWebKit/537.36 (KHTML, like Gecko; compatible; bingbot/2.0; +http://www.bing.com/bingbot.htm) Chrome/116.0.1938.76 Safari/537.36"
66.249.64.131 - - [13/Jun/2025:08:50:13 -0400] "GET /?d=92576746260&filter=aa7737&share_to_url=model.php%3Fid%3D3136599%26name%3Ddemonia+damned+220+boots+black HTTP/1.1" 200 23034 "-" "Mozilla/5.0 (Linux; Android 6.0.1; Nexus 5X Build/MMB29P) AppleWebKit/537.36 (KHTML, like Gecko) Chrome/136.0.7103.113 Mobile Safari/537.36 (compatible; Googlebot/2.1; +http://www.google.com/bot.html)"
66.249.64.131 - - [13/Jun/2025:08:50:14 -0400] "GET /?d=110991348260&filter=b11a05&share_to_url=article.php%3Fid%3D3758534%26name%3Dhow+to+connect+t500+smart HTTP/1.1" 200 23558 "-" "Mozilla/5.0 (Linux; Android 6.0.1; Nexus 5X Build/MMB29P) AppleWebKit/537.36 (KHTML, like Gecko) Chrome/136.0.7103.113 Mobile Safari/537.36 (compatible; Googlebot/2.1; +http://www.google.com/bot.html)"
66.249.64.131 - - [13/Jun/2025:08:50:14 -0400] "GET /?d=97478138260&filter=83f648&share_to_url=product.php%3Fid%3D3303298%26name%3Drayban+wayfarer+blancas+de+segunda HTTP/1.1" 200 23108 "-" "Mozilla/5.0 (Linux; Android 6.0.1; Nexus 5X Build/MMB29P) AppleWebKit/537.36 (KHTML, like Gecko) Chrome/136.0.7103.113 Mobile Safari/537.36 (compatible; Googlebot/2.1; +http://www.google.com/bot.html)"
52.167.144.146 - - [13/Jun/2025:08:50:16 -0400] "GET /?d=84724488260&filter=e09080&share_to_url=ideas.php%3Fid%3D2869560%26name%3Debel+voyager+automatic+2024 HTTP/1.1" 200 23958 "-" "Mozilla/5.0 AppleWebKit/537.36 (KHTML, like Gecko; compatible; bingbot/2.0; +http://www.bing.com/bingbot.htm) Chrome/116.0.1938.76 Safari/537.36"
66.249.64.131 - - [13/Jun/2025:08:50:16 -0400] "GET /?d=97249712260&filter=6acbf4&share_to_url=shopdetail.php%3Fid%3D3295220%26name%3Dkittens+best+friends HTTP/1.1" 200 24138 "-" "Mozilla/5.0 (Linux; Android 6.0.1; Nexus 5X Build/MMB29P) AppleWebKit/537.36 (KHTML, like Gecko) Chrome/136.0.7103.113 Mobile Safari/537.36 (compatible; Googlebot/2.1; +http://www.google.com/bot.html)"
66.249.64.131 - - [13/Jun/2025:08:50:17 -0400] "GET /?d=89927664260&filter=80df0f&share_to_url=shop.php%3Fid%3D3047911%26name%3Dluminous+engagement+jewels HTTP/1.1" 200 23485 "-" "Mozilla/5.0 (Linux; Android 6.0.1; Nexus 5X Build/MMB29P) AppleWebKit/537.36 (KHTML, like Gecko) Chrome/136.0.7103.113 Mobile Safari/537.36 (compatible; Googlebot/2.1; +http://www.google.com/bot.html)"
52.167.144.146 - - [13/Jun/2025:08:50:17 -0400] "GET /?d=37170627260&filter=b2e434&share_to_url=ideas.php%3Fid%3D1262196%26name%3Donline+programs+invictus HTTP/1.1" 200 23369 "-" "Mozilla/5.0 AppleWebKit/537.36 (KHTML, like Gecko; compatible; bingbot/2.0; +http://www.bing.com/bingbot.htm) Chrome/116.0.1938.76 Safari/537.36"
52.167.144.146 - - [13/Jun/2025:08:50:18 -0400] "GET /?d=17491026260&filter=199e58&share_to_url=model.php%3Fid%3D595383%26name%3Dstussy+goods+skull+number HTTP/1.1" 200 23288 "-" "Mozilla/5.0 AppleWebKit/537.36 (KHTML, like Gecko; compatible; bingbot/2.0; +http://www.bing.com/bingbot.htm) Chrome/116.0.1938.76 Safari/537.36"
207.46.13.156 - - [13/Jun/2025:08:50:18 -0400] "GET /?d=115816194260&filter=cd6685&share_to_url=item.php%3Fid%3D3921961%26name%3Ddji+terrain+follow+what HTTP/1.1" 200 22490 "-" "Mozilla/5.0 AppleWebKit/537.36 (KHTML, like Gecko; compatible; bingbot/2.0; +http://www.bing.com/bingbot.htm) Chrome/116.0.1938.76 Safari/537.36"
66.249.64.132 - - [13/Jun/2025:08:50:19 -0400] "GET /?d=115269470260&filter=56d765&share_to_url=shop.php%3Fid%3D3903391%26name%3Dus+fusi+orari+orologio+da HTTP/1.1" 200 23740 "-" "Mozilla/5.0 (Linux; Android 6.0.1; Nexus 5X Build/MMB29P) AppleWebKit/537.36 (KHTML, like Gecko) Chrome/136.0.7103.113 Mobile Safari/537.36 (compatible; Googlebot/2.1; +http://www.google.com/bot.html)"
52.167.144.146 - - [13/Jun/2025:08:50:19 -0400] "GET /?d=106610442260&filter=b4f984&share_to_url=ideas.php%3Fid%3D3610764%26name%3Dfloor+length+silver+flower HTTP/1.1" 200 23272 "-" "Mozilla/5.0 AppleWebKit/537.36 (KHTML, like Gecko; compatible; bingbot/2.0; +http://www.bing.com/bingbot.htm) Chrome/116.0.1938.76 Safari/537.36"
66.249.64.132 - - [13/Jun/2025:08:50:19 -0400] "GET /?d=114446531260&filter=cc3603&share_to_url=pin.php%3Fid%3D3875358%26name%3Drockport+men+039+s+charles+road+tan HTTP/1.1" 200 21834 "-" "Mozilla/5.0 (Linux; Android 6.0.1; Nexus 5X Build/MMB29P) AppleWebKit/537.36 (KHTML, like Gecko) Chrome/136.0.7103.113 Mobile Safari/537.36 (compatible; Googlebot/2.1; +http://www.google.com/bot.html)"
66.249.64.6 - - [13/Jun/2025:08:50:20 -0400] "GET /?d=113259636260&filter=3ee38b&share_to_url=product.php%3Fid%3D3835882%26name%3Dkenzo+sale+xiaomi+lite HTTP/1.1" 200 22423 "-" "Mozilla/5.0 (Linux; Android 6.0.1; Nexus 5X Build/MMB29P) AppleWebKit/537.36 (KHTML, like Gecko) Chrome/136.0.7103.113 Mobile Safari/537.36 (compatible; Googlebot/2.1; +http://www.google.com/bot.html)"
66.249.64.132 - - [13/Jun/2025:08:50:20 -0400] "GET /?d=115341636260&filter=22240b&share_to_url=model.php%3Fid%3D3905895%26name%3Darmani+vestiti+authorized HTTP/1.1" 200 23192 "-" "Mozilla/5.0 (Linux; Android 6.0.1; Nexus 5X Build/MMB29P) AppleWebKit/537.36 (KHTML, like Gecko) Chrome/136.0.7103.113 Mobile Safari/537.36 (compatible; Googlebot/2.1; +http://www.google.com/bot.html)"
66.249.64.7 - - [13/Jun/2025:08:50:20 -0400] "GET /?d=113228842260&filter=995e37&share_to_url=product.php%3Fid%3D3834754%26name%3Dvente+uniquement+eur+pour HTTP/1.1" 200 22219 "-" "Mozilla/5.0 (Linux; Android 6.0.1; Nexus 5X Build/MMB29P) AppleWebKit/537.36 (KHTML, like Gecko) Chrome/136.0.7103.113 Mobile Safari/537.36 (compatible; Googlebot/2.1; +http://www.google.com/bot.html)"
52.167.144.146 - - [13/Jun/2025:08:50:20 -0400] "GET /?d=112422919260&filter=00f09d&share_to_url=shop.php%3Fid%3D3807931%26name%3Dmoto+news+ciclone HTTP/1.1" 200 24365 "-" "Mozilla/5.0 AppleWebKit/537.36 (KHTML, like Gecko; compatible; bingbot/2.0; +http://www.bing.com/bingbot.htm) Chrome/116.0.1938.76 Safari/537.36"
66.249.64.5 - - [13/Jun/2025:08:50:21 -0400] "GET /?d=96105816260&filter=3c6ceb&share_to_url=article.php%3Fid%3D3256094%26name%3Dbota+cano+outlet+longo+de HTTP/1.1" 200 23662 "-" "Mozilla/5.0 (Linux; Android 6.0.1; Nexus 5X Build/MMB29P) AppleWebKit/537.36 (KHTML, like Gecko) Chrome/136.0.7103.113 Mobile Safari/537.36 (compatible; Googlebot/2.1; +http://www.google.com/bot.html)"
52.167.144.141 - - [13/Jun/2025:08:50:21 -0400] "GET /?d=105912245260&filter=4fdca8&share_to_url=goods.php%3Fid%3D3587495%26name%3Dhiplok+gold+lock+belt+review HTTP/1.1" 200 23066 "-" "Mozilla/5.0 AppleWebKit/537.36 (KHTML, like Gecko; compatible; bingbot/2.0; +http://www.bing.com/bingbot.htm) Chrome/116.0.1938.76 Safari/537.36"
66.249.64.132 - - [13/Jun/2025:08:50:21 -0400] "GET /?d=106883034260&filter=a24bc4&share_to_url=article.php%3Fid%3D3619970%26name%3Dskechers+150051+arch HTTP/1.1" 200 21829 "-" "Mozilla/5.0 (Linux; Android 6.0.1; Nexus 5X Build/MMB29P) AppleWebKit/537.36 (KHTML, like Gecko) Chrome/136.0.7103.113 Mobile Safari/537.36 (compatible; Googlebot/2.1; +http://www.google.com/bot.html)"
40.77.167.77 - - [13/Jun/2025:08:50:22 -0400] "GET /?d=15944365260&filter=edd546&share_to_url=goods.php%3Fid%3D543431%26name%3Dgorn+vr+2025 HTTP/1.1" 200 22783 "-" "Mozilla/5.0 AppleWebKit/537.36 (KHTML, like Gecko; compatible; bingbot/2.0; +http://www.bing.com/bingbot.htm) Chrome/116.0.1938.76 Safari/537.36"
40.77.167.77 - - [13/Jun/2025:08:50:22 -0400] "GET /?d=98425946260&filter=cdc800&share_to_url=pin.php%3Fid%3D3335766%26name%3Dclaret+mulberry+pure HTTP/1.1" 200 23335 "-" "Mozilla/5.0 AppleWebKit/537.36 (KHTML, like Gecko; compatible; bingbot/2.0; +http://www.bing.com/bingbot.htm) Chrome/116.0.1938.76 Safari/537.36"
66.249.64.7 - - [13/Jun/2025:08:50:22 -0400] "GET /?d=114143585260&filter=09665b&share_to_url=ideas.php%3Fid%3D3865368%26name%3Dmypillow+on+x+premium HTTP/1.1" 200 22633 "-" "Mozilla/5.0 (Linux; Android 6.0.1; Nexus 5X Build/MMB29P) AppleWebKit/537.36 (KHTML, like Gecko) Chrome/136.0.7103.113 Mobile Safari/537.36 (compatible; Googlebot/2.1; +http://www.google.com/bot.html)"
40.77.167.77 - - [13/Jun/2025:08:50:23 -0400] "GET /?d=66091709260&filter=890082&share_to_url=article.php%3Fid%3D2240582%26name%3Dx HTTP/1.1" 200 22425 "-" "Mozilla/5.0 AppleWebKit/537.36 (KHTML, like Gecko; compatible; bingbot/2.0; +http://www.bing.com/bingbot.htm) Chrome/116.0.1938.76 Safari/537.36"
66.249.64.5 - - [13/Jun/2025:08:50:23 -0400] "GET /?d=106270787260&filter=c31721&share_to_url=discover.php%3Fid%3D3599261%26name%3Dtech+organizer+pouch HTTP/1.1" 200 23022 "-" "Mozilla/5.0 (Linux; Android 6.0.1; Nexus 5X Build/MMB29P) AppleWebKit/537.36 (KHTML, like Gecko) Chrome/136.0.7103.113 Mobile Safari/537.36 (compatible; Googlebot/2.1; +http://www.google.com/bot.html)"
66.249.64.131 - - [13/Jun/2025:08:50:23 -0400] "GET /?d=96302852260&filter=0c0b6e&share_to_url=article.php%3Fid%3D3262658%26name%3Dgrifo+de+hotsell+pedal+leroy HTTP/1.1" 200 23660 "-" "Mozilla/5.0 (Linux; Android 6.0.1; Nexus 5X Build/MMB29P) AppleWebKit/537.36 (KHTML, like Gecko) Chrome/136.0.7103.113 Mobile Safari/537.36 (compatible; Googlebot/2.1; +http://www.google.com/bot.html)"
