66.249.64.132 - - [13/Jun/2025:08:43:38 -0400] "GET /?d=111383960260&filter=efc4ff&share_to_url=ideas.php%3Fid%3D3772128%26name%3Dpyramid+kettle+morphy+richards+2024 HTTP/1.1" 200 23592 "-" "Mozilla/5.0 (Linux; Android 6.0.1; Nexus 5X Build/MMB29P) AppleWebKit/537.36 (KHTML, like Gecko) Chrome/136.0.7103.113 Mobile Safari/537.36 (compatible; Googlebot/2.1; +http://www.google.com/bot.html)"
66.249.64.132 - - [13/Jun/2025:08:43:40 -0400] "GET /?d=82364587260&filter=d0978d&share_to_url=shop.php%3Fid%3D2790043%26name%3Dbabero+a+crochet HTTP/1.1" 200 23317 "-" "Mozilla/5.0 (Linux; Android 6.0.1; Nexus 5X Build/MMB29P) AppleWebKit/537.36 (KHTML, like Gecko) Chrome/136.0.7103.113 Mobile Safari/537.36 (compatible; Googlebot/2.1; +http://www.google.com/bot.html)"
40.77.167.151 - - [13/Jun/2025:08:43:42 -0400] "GET /?d=90189647260&filter=bfc81f&share_to_url=pin.php%3Fid%3D3056322%26name%3Dused+gsxr+600+2025 HTTP/1.1" 200 23008 "-" "Mozilla/5.0 AppleWebKit/537.36 (KHTML, like Gecko; compatible; bingbot/2.0; +http://www.bing.com/bingbot.htm) Chrome/116.0.1938.76 Safari/537.36"
66.249.64.132 - - [13/Jun/2025:08:43:43 -0400] "GET /?d=92613453260&filter=bc40a5&share_to_url=pin.php%3Fid%3D3137994%26name%3Dnarrow+rear+bike+hot HTTP/1.1" 200 24206 "-" "Mozilla/5.0 (Linux; Android 6.0.1; Nexus 5X Build/MMB29P) AppleWebKit/537.36 (KHTML, like Gecko) Chrome/136.0.7103.113 Mobile Safari/537.36 (compatible; Googlebot/2.1; +http://www.google.com/bot.html)"
66.249.64.132 - - [13/Jun/2025:08:43:45 -0400] "GET /?d=115888575260&filter=34c85e&share_to_url=product.php%3Fid%3D3924478%26name%3Damazonnnnn+spoiled+is HTTP/1.1" 200 22885 "-" "Mozilla/5.0 (Linux; Android 6.0.1; Nexus 5X Build/MMB29P) AppleWebKit/537.36 (KHTML, like Gecko) Chrome/136.0.7103.113 Mobile Safari/537.36 (compatible; Googlebot/2.1; +http://www.google.com/bot.html)"
157.55.39.205 - - [13/Jun/2025:08:43:49 -0400] "GET /?d=101388266260&filter=aa9826&share_to_url=item.php%3Fid%3D3437029%26name%3Dconcord+c2+chronograph+automatic+watch HTTP/1.1" 200 23551 "-" "Mozilla/5.0 AppleWebKit/537.36 (KHTML, like Gecko; compatible; bingbot/2.0; +http://www.bing.com/bingbot.htm) Chrome/116.0.1938.76 Safari/537.36"
66.249.64.131 - - [13/Jun/2025:08:43:49 -0400] "GET /?d=111038485260&filter=b00345&share_to_url=article.php%3Fid%3D3760070%26name%3Dblock+strike+funny+moments HTTP/1.1" 200 23822 "-" "Mozilla/5.0 (Linux; Android 6.0.1; Nexus 5X Build/MMB29P) AppleWebKit/537.36 (KHTML, like Gecko) Chrome/136.0.7103.113 Mobile Safari/537.36 (compatible; Googlebot/2.1; +http://www.google.com/bot.html)"
157.55.39.205 - - [13/Jun/2025:08:43:50 -0400] "GET /?d=19648003260&filter=93ffb4&share_to_url=item.php%3Fid%3D667849%26name%3Dmaped+visio+pen HTTP/1.1" 200 23885 "-" "Mozilla/5.0 AppleWebKit/537.36 (KHTML, like Gecko; compatible; bingbot/2.0; +http://www.bing.com/bingbot.htm) Chrome/116.0.1938.76 Safari/537.36"
157.55.39.205 - - [13/Jun/2025:08:43:50 -0400] "GET /?d=63874403260&filter=99857c&share_to_url=ideas.php%3Fid%3D2165964%26name%3Dzwempak+outlet+maat HTTP/1.1" 200 24287 "-" "Mozilla/5.0 AppleWebKit/537.36 (KHTML, like Gecko; compatible; bingbot/2.0; +http://www.bing.com/bingbot.htm) Chrome/116.0.1938.76 Safari/537.36"
40.77.167.151 - - [13/Jun/2025:08:43:51 -0400] "GET /?d=115788540260&filter=09f4dc&share_to_url=goods.php%3Fid%3D3921011%26name%3Dj+harden+wines HTTP/1.1" 200 23423 "-" "Mozilla/5.0 AppleWebKit/537.36 (KHTML, like Gecko; compatible; bingbot/2.0; +http://www.bing.com/bingbot.htm) Chrome/116.0.1938.76 Safari/537.36"
52.167.144.159 - - [13/Jun/2025:08:43:52 -0400] "GET /?d=16355447260&filter=7ffa06&share_to_url=pin.php%3Fid%3D557670%26name%3Dretail+pet HTTP/1.1" 200 24120 "-" "Mozilla/5.0 AppleWebKit/537.36 (KHTML, like Gecko; compatible; bingbot/2.0; +http://www.bing.com/bingbot.htm) Chrome/116.0.1938.76 Safari/537.36"
66.249.64.131 - - [13/Jun/2025:08:43:52 -0400] "GET /?d=116007212260&filter=bc40a5&share_to_url=shopdetail.php%3Fid%3D3928424%26name%3Dmegachef+inch+dish+rack HTTP/1.1" 200 23405 "-" "Mozilla/5.0 (Linux; Android 6.0.1; Nexus 5X Build/MMB29P) AppleWebKit/537.36 (KHTML, like Gecko) Chrome/136.0.7103.113 Mobile Safari/537.36 (compatible; Googlebot/2.1; +http://www.google.com/bot.html)"
66.249.64.132 - - [13/Jun/2025:08:43:52 -0400] "GET /?d=109359143260&filter=14a695&share_to_url=product-page.php%3Fid%3D3702076%26name%3Dvalentines+day+boxes+clearance+for HTTP/1.1" 200 23856 "-" "Mozilla/5.0 (Linux; Android 6.0.1; Nexus 5X Build/MMB29P) AppleWebKit/537.36 (KHTML, like Gecko) Chrome/136.0.7103.113 Mobile Safari/537.36 (compatible; Googlebot/2.1; +http://www.google.com/bot.html)"
66.249.64.6 - - [13/Jun/2025:08:43:53 -0400] "GET /?d=110277158260&filter=400a61&share_to_url=item.php%3Fid%3D3732601%26name%3Dpirelli+scorpion+mx32 HTTP/1.1" 200 23291 "-" "Mozilla/5.0 (Linux; Android 6.0.1; Nexus 5X Build/MMB29P) AppleWebKit/537.36 (KHTML, like Gecko) Chrome/136.0.7103.113 Mobile Safari/537.36 (compatible; Googlebot/2.1; +http://www.google.com/bot.html)"
66.249.64.5 - - [13/Jun/2025:08:43:53 -0400] "GET /?d=67921260260&filter=937553&share_to_url=discover.php%3Fid%3D2302253%26name%3Dbhk+flats HTTP/1.1" 200 23586 "-" "Mozilla/5.0 (Linux; Android 6.0.1; Nexus 5X Build/MMB29P) AppleWebKit/537.36 (KHTML, like Gecko) Chrome/136.0.7103.113 Mobile Safari/537.36 (compatible; Googlebot/2.1; +http://www.google.com/bot.html)"
66.249.64.131 - - [13/Jun/2025:08:43:54 -0400] "GET /?d=99621094260&filter=1bac50&share_to_url=ideas.php%3Fid%3D3376152%26name%3Dsalomon+essential+xwarm+down+jacket HTTP/1.1" 200 22588 "-" "Mozilla/5.0 (Linux; Android 6.0.1; Nexus 5X Build/MMB29P) AppleWebKit/537.36 (KHTML, like Gecko) Chrome/136.0.7103.113 Mobile Safari/537.36 (compatible; Googlebot/2.1; +http://www.google.com/bot.html)"
66.249.64.132 - - [13/Jun/2025:08:43:57 -0400] "GET /?d=101300396260&filter=1c81c9&share_to_url=discover.php%3Fid%3D3434141%26name%3Dmorgan+t+shirt+manches+longues HTTP/1.1" 200 23105 "-" "Mozilla/5.0 (Linux; Android 6.0.1; Nexus 5X Build/MMB29P) AppleWebKit/537.36 (KHTML, like Gecko) Chrome/136.0.7103.113 Mobile Safari/537.36 (compatible; Googlebot/2.1; +http://www.google.com/bot.html)"
66.249.64.131 - - [13/Jun/2025:08:44:00 -0400] "GET /?d=111812086260&filter=aca228&share_to_url=shop.php%3Fid%3D3787123%26name%3Dboho+boden+sitzkissen+hocker+kissen HTTP/1.1" 200 24068 "-" "Mozilla/5.0 (Linux; Android 6.0.1; Nexus 5X Build/MMB29P) AppleWebKit/537.36 (KHTML, like Gecko) Chrome/136.0.7103.113 Mobile Safari/537.36 (compatible; Googlebot/2.1; +http://www.google.com/bot.html)"
66.249.64.132 - - [13/Jun/2025:08:44:00 -0400] "GET /?d=100561783260&filter=a5069b&share_to_url=detail.php%3Fid%3D3408381%26name%3Dovertime+wear+hoodie HTTP/1.1" 200 24205 "-" "Mozilla/5.0 (Linux; Android 6.0.1; Nexus 5X Build/MMB29P) AppleWebKit/537.36 (KHTML, like Gecko) Chrome/136.0.7103.113 Mobile Safari/537.36 (compatible; Googlebot/2.1; +http://www.google.com/bot.html)"
66.249.64.5 - - [13/Jun/2025:08:44:00 -0400] "GET /?d=109591198260&filter=bfc81f&share_to_url=product-page.php%3Fid%3D3709384%26name%3Dfoxter+2025+lincoln HTTP/1.1" 200 23124 "-" "Mozilla/5.0 (Linux; Android 6.0.1; Nexus 5X Build/MMB29P) AppleWebKit/537.36 (KHTML, like Gecko) Chrome/136.0.7103.113 Mobile Safari/537.36 (compatible; Googlebot/2.1; +http://www.google.com/bot.html)"
52.167.144.159 - - [13/Jun/2025:08:44:01 -0400] "GET /?d=110611216260&filter=f7abf7&share_to_url=article.php%3Fid%3D3744674%26name%3Dalexandre+birman+clarita+doppia+soletta HTTP/1.1" 200 23234 "-" "Mozilla/5.0 AppleWebKit/537.36 (KHTML, like Gecko; compatible; bingbot/2.0; +http://www.bing.com/bingbot.htm) Chrome/116.0.1938.76 Safari/537.36"
52.167.144.159 - - [13/Jun/2025:08:44:02 -0400] "GET /?d=60258336260&filter=14708a&share_to_url=model.php%3Fid%3D2044899%26name%3Dhot+sale+baby+kid HTTP/1.1" 200 24177 "-" "Mozilla/5.0 AppleWebKit/537.36 (KHTML, like Gecko; compatible; bingbot/2.0; +http://www.bing.com/bingbot.htm) Chrome/116.0.1938.76 Safari/537.36"
66.249.64.131 - - [13/Jun/2025:08:44:02 -0400] "GET /?d=91255919260&filter=750450&share_to_url=product.php%3Fid%3D3092710%26name%3Dchain+silver+women+elegant HTTP/1.1" 200 23201 "-" "Mozilla/5.0 (Linux; Android 6.0.1; Nexus 5X Build/MMB29P) AppleWebKit/537.36 (KHTML, like Gecko) Chrome/136.0.7103.113 Mobile Safari/537.36 (compatible; Googlebot/2.1; +http://www.google.com/bot.html)"
52.167.144.159 - - [13/Jun/2025:08:44:03 -0400] "GET /?d=66611229260&filter=edd546&share_to_url=pin.php%3Fid%3D2258250%26name%3Dugreen+hitune+anc+tws HTTP/1.1" 200 22922 "-" "Mozilla/5.0 AppleWebKit/537.36 (KHTML, like Gecko; compatible; bingbot/2.0; +http://www.bing.com/bingbot.htm) Chrome/116.0.1938.76 Safari/537.36"
66.249.64.131 - - [13/Jun/2025:08:44:05 -0400] "GET /?d=100477394260&filter=d8c2fe&share_to_url=pin.php%3Fid%3D3405558%26name%3Dbumili+ng+trek+enduro+mountain HTTP/1.1" 200 22252 "-" "Mozilla/5.0 (Linux; Android 6.0.1; Nexus 5X Build/MMB29P) AppleWebKit/537.36 (KHTML, like Gecko) Chrome/136.0.7103.113 Mobile Safari/537.36 (compatible; Googlebot/2.1; +http://www.google.com/bot.html)"
66.249.64.6 - - [13/Jun/2025:08:44:05 -0400] "GET /?d=112246690260&filter=589472&share_to_url=goods.php%3Fid%3D3802163%26name%3Dacrylic+chandelier+crystals HTTP/1.1" 200 24334 "-" "Mozilla/5.0 (Linux; Android 6.0.1; Nexus 5X Build/MMB29P) AppleWebKit/537.36 (KHTML, like Gecko) Chrome/136.0.7103.113 Mobile Safari/537.36 (compatible; Googlebot/2.1; +http://www.google.com/bot.html)"
66.249.64.131 - - [13/Jun/2025:08:44:09 -0400] "GET /?d=103200939260&filter=0c0b6e&share_to_url=discover.php%3Fid%3D3497225%26name%3Dic+r+el+casco HTTP/1.1" 200 22605 "-" "Mozilla/5.0 (Linux; Android 6.0.1; Nexus 5X Build/MMB29P) AppleWebKit/537.36 (KHTML, like Gecko) Chrome/136.0.7103.113 Mobile Safari/537.36 (compatible; Googlebot/2.1; +http://www.google.com/bot.html)"
157.55.39.12 - - [13/Jun/2025:08:44:09 -0400] "GET /?d=114184521260&filter=f3b098&share_to_url=goods.php?id=3866759&name=cockapoo%20kijiji%20shop HTTP/1.1" 200 23505 "-" "Mozilla/5.0 AppleWebKit/537.36 (KHTML, like Gecko; compatible; bingbot/2.0; +http://www.bing.com/bingbot.htm) Chrome/116.0.1938.76 Safari/537.36"
66.249.64.131 - - [13/Jun/2025:08:44:10 -0400] "GET /?d=115296724260&filter=e636e2&share_to_url=shop.php%3Fid%3D3904363%26name%3Dour+week HTTP/1.1" 200 23257 "-" "Mozilla/5.0 (Linux; Android 6.0.1; Nexus 5X Build/MMB29P) AppleWebKit/537.36 (KHTML, like Gecko) Chrome/136.0.7103.113 Mobile Safari/537.36 (compatible; Googlebot/2.1; +http://www.google.com/bot.html)"
66.249.64.131 - - [13/Jun/2025:08:44:13 -0400] "GET /?d=91777665260&filter=fc397e&share_to_url=article.php%3Fid%3D3109910%26name%3D1995+sweet+valentine HTTP/1.1" 200 22425 "-" "Mozilla/5.0 (Linux; Android 6.0.1; Nexus 5X Build/MMB29P) AppleWebKit/537.36 (KHTML, like Gecko) Chrome/136.0.7103.113 Mobile Safari/537.36 (compatible; Googlebot/2.1; +http://www.google.com/bot.html)"
52.167.144.209 - - [13/Jun/2025:08:44:14 -0400] "GET /?d=109158740260&filter=a35f77&share_to_url=discover.php%3Fid%3D3695369%26name%3Dled+wanduhr+%C3%9840cm HTTP/1.1" 200 24004 "-" "Mozilla/5.0 AppleWebKit/537.36 (KHTML, like Gecko; compatible; bingbot/2.0; +http://www.bing.com/bingbot.htm) Chrome/116.0.1938.76 Safari/537.36"
66.249.64.131 - - [13/Jun/2025:08:44:14 -0400] "GET /?d=97874673260&filter=374c11&share_to_url=goods.php%3Fid%3D3317171%26name%3Dbunny+the+powerpuff HTTP/1.1" 200 24242 "-" "Mozilla/5.0 (Linux; Android 6.0.1; Nexus 5X Build/MMB29P) AppleWebKit/537.36 (KHTML, like Gecko) Chrome/136.0.7103.113 Mobile Safari/537.36 (compatible; Googlebot/2.1; +http://www.google.com/bot.html)"
66.249.64.131 - - [13/Jun/2025:08:44:16 -0400] "GET /?d=107225704260&filter=798b8d&share_to_url=article.php%3Fid%3D3631082%26name%3Dwomen+039+s+moto+ankle HTTP/1.1" 200 23931 "-" "Mozilla/5.0 (Linux; Android 6.0.1; Nexus 5X Build/MMB29P) AppleWebKit/537.36 (KHTML, like Gecko) Chrome/136.0.7103.113 Mobile Safari/537.36 (compatible; Googlebot/2.1; +http://www.google.com/bot.html)"
66.249.64.131 - - [13/Jun/2025:08:44:19 -0400] "GET /?d=110153815260&filter=958b9e&share_to_url=detail.php%3Fid%3D3728241%26name%3Dpantofi+de+volei+pentru+femei HTTP/1.1" 200 23060 "-" "Mozilla/5.0 (Linux; Android 6.0.1; Nexus 5X Build/MMB29P) AppleWebKit/537.36 (KHTML, like Gecko) Chrome/136.0.7103.113 Mobile Safari/537.36 (compatible; Googlebot/2.1; +http://www.google.com/bot.html)"
66.249.64.131 - - [13/Jun/2025:08:44:21 -0400] "GET /?d=106495922260&filter=90e35c&share_to_url=article.php%3Fid%3D3606770%26name%3Delite+suito+hotsell+el HTTP/1.1" 200 23057 "-" "Mozilla/5.0 (Linux; Android 6.0.1; Nexus 5X Build/MMB29P) AppleWebKit/537.36 (KHTML, like Gecko) Chrome/136.0.7103.113 Mobile Safari/537.36 (compatible; Googlebot/2.1; +http://www.google.com/bot.html)"
66.249.64.131 - - [13/Jun/2025:08:44:21 -0400] "GET /?d=112707515260&filter=4446b5&share_to_url=product.php%3Fid%3D3817570%26name%3Dmochila+adidas+disney+lion HTTP/1.1" 200 23299 "-" "Mozilla/5.0 (Linux; Android 6.0.1; Nexus 5X Build/MMB29P) AppleWebKit/537.36 (KHTML, like Gecko) Chrome/136.0.7103.113 Mobile Safari/537.36 (compatible; Googlebot/2.1; +http://www.google.com/bot.html)"
66.249.64.131 - - [13/Jun/2025:08:44:24 -0400] "GET /?d=109145276260&filter=9e9754&share_to_url=ideas.php%3Fid%3D3694896%26name%3Dhigh+quality+pleated HTTP/1.1" 200 24036 "-" "Mozilla/5.0 (Linux; Android 6.0.1; Nexus 5X Build/MMB29P) AppleWebKit/537.36 (KHTML, like Gecko) Chrome/136.0.7103.113 Mobile Safari/537.36 (compatible; Googlebot/2.1; +http://www.google.com/bot.html)"
66.249.64.131 - - [13/Jun/2025:08:44:26 -0400] "GET /?d=113122238260&filter=0cb8e1&share_to_url=article.php%3Fid%3D3831410%26name%3Dmen+039+s+louis+leather+high+top+sneakers HTTP/1.1" 200 23588 "-" "Mozilla/5.0 (Linux; Android 6.0.1; Nexus 5X Build/MMB29P) AppleWebKit/537.36 (KHTML, like Gecko) Chrome/136.0.7103.113 Mobile Safari/537.36 (compatible; Googlebot/2.1; +http://www.google.com/bot.html)"
66.249.64.131 - - [13/Jun/2025:08:44:26 -0400] "GET /?d=105742737260&filter=bbe5f8&share_to_url=item.php%3Fid%3D3582001%26name%3Dchaqueta+shop+shop+de+burberry HTTP/1.1" 200 23451 "-" "Mozilla/5.0 (Linux; Android 6.0.1; Nexus 5X Build/MMB29P) AppleWebKit/537.36 (KHTML, like Gecko) Chrome/136.0.7103.113 Mobile Safari/537.36 (compatible; Googlebot/2.1; +http://www.google.com/bot.html)"
66.249.64.131 - - [13/Jun/2025:08:44:29 -0400] "GET /?d=100328118260&filter=694186&share_to_url=model.php%3Fid%3D3400491%26name%3Dorder+to+watch+naruto HTTP/1.1" 200 22937 "-" "Mozilla/5.0 (Linux; Android 6.0.1; Nexus 5X Build/MMB29P) AppleWebKit/537.36 (KHTML, like Gecko) Chrome/136.0.7103.113 Mobile Safari/537.36 (compatible; Googlebot/2.1; +http://www.google.com/bot.html)"
40.77.167.14 - - [13/Jun/2025:08:44:30 -0400] "GET /?d=18675756260&filter=ada5f8&share_to_url=detail.php%3Fid%3D634689%26name%3Dswing+out+stool+kit HTTP/1.1" 200 24094 "-" "Mozilla/5.0 AppleWebKit/537.36 (KHTML, like Gecko; compatible; bingbot/2.0; +http://www.bing.com/bingbot.htm) Chrome/116.0.1938.76 Safari/537.36"
40.77.167.14 - - [13/Jun/2025:08:44:31 -0400] "GET /?d=86533477260&filter=c00a86&share_to_url=goods.php%3Fid%3D2931995%26name%3Devas+vestido+de+corte HTTP/1.1" 200 23618 "-" "Mozilla/5.0 AppleWebKit/537.36 (KHTML, like Gecko; compatible; bingbot/2.0; +http://www.bing.com/bingbot.htm) Chrome/116.0.1938.76 Safari/537.36"
66.249.64.132 - - [13/Jun/2025:08:44:32 -0400] "GET /?d=98452295260&filter=cb7031&share_to_url=item.php%3Fid%3D3336553%26name%3Ddisfraz+scooby+doo+12+18+meses HTTP/1.1" 200 23550 "-" "Mozilla/5.0 (Linux; Android 6.0.1; Nexus 5X Build/MMB29P) AppleWebKit/537.36 (KHTML, like Gecko) Chrome/136.0.7103.113 Mobile Safari/537.36 (compatible; Googlebot/2.1; +http://www.google.com/bot.html)"
66.249.64.132 - - [13/Jun/2025:08:44:34 -0400] "GET /?d=95191158260&filter=98d47d&share_to_url=model.php%3Fid%3D3224775%26name%3Dflat+track+motorcycles HTTP/1.1" 200 23948 "-" "Mozilla/5.0 (Linux; Android 6.0.1; Nexus 5X Build/MMB29P) AppleWebKit/537.36 (KHTML, like Gecko) Chrome/136.0.7103.113 Mobile Safari/537.36 (compatible; Googlebot/2.1; +http://www.google.com/bot.html)"
66.249.64.132 - - [13/Jun/2025:08:44:35 -0400] "GET /?d=105066243260&filter=b0f8bb&share_to_url=discover.php%3Fid%3D3559577%26name%3Dadventure+awaits+bracelet+compass+adjustable HTTP/1.1" 200 22770 "-" "Mozilla/5.0 (Linux; Android 6.0.1; Nexus 5X Build/MMB29P) AppleWebKit/537.36 (KHTML, like Gecko) Chrome/136.0.7103.113 Mobile Safari/537.36 (compatible; Googlebot/2.1; +http://www.google.com/bot.html)"
52.167.144.159 - - [13/Jun/2025:08:44:34 -0400] "GET /?d=97592474260&filter=93ffb4&share_to_url=pin.php%3Fid%3D3307254%26name%3Dfaber+castell+20+connector+pens HTTP/1.1" 200 22816 "-" "Mozilla/5.0 AppleWebKit/537.36 (KHTML, like Gecko; compatible; bingbot/2.0; +http://www.bing.com/bingbot.htm) Chrome/116.0.1938.76 Safari/537.36"
66.249.64.5 - - [13/Jun/2025:08:44:37 -0400] "GET /?d=70838021260&filter=ec40a3&share_to_url=detail.php%3Fid%3D2400381%26name%3Dmytheresa+few HTTP/1.1" 200 24370 "-" "Mozilla/5.0 (Linux; Android 6.0.1; Nexus 5X Build/MMB29P) AppleWebKit/537.36 (KHTML, like Gecko) Chrome/136.0.7103.113 Mobile Safari/537.36 (compatible; Googlebot/2.1; +http://www.google.com/bot.html)"
66.249.64.132 - - [13/Jun/2025:08:44:38 -0400] "GET /?d=99232321260&filter=efdc85&share_to_url=discover.php%3Fid%3D3363149%26name%3Dqueensbury+freestyle+jump+sky HTTP/1.1" 200 23240 "-" "Mozilla/5.0 (Linux; Android 6.0.1; Nexus 5X Build/MMB29P) AppleWebKit/537.36 (KHTML, like Gecko) Chrome/136.0.7103.113 Mobile Safari/537.36 (compatible; Googlebot/2.1; +http://www.google.com/bot.html)"
66.249.64.132 - - [13/Jun/2025:08:44:41 -0400] "GET /?d=116247268260&filter=cc3603&share_to_url=pin.php%3Fid%3D3936882%26name%3Dwhite+jeffrey+top+campbell+sneakers HTTP/1.1" 200 23142 "-" "Mozilla/5.0 (Linux; Android 6.0.1; Nexus 5X Build/MMB29P) AppleWebKit/537.36 (KHTML, like Gecko) Chrome/136.0.7103.113 Mobile Safari/537.36 (compatible; Googlebot/2.1; +http://www.google.com/bot.html)"
66.249.64.5 - - [13/Jun/2025:08:44:43 -0400] "GET /?d=90181649260&filter=bfc81f&share_to_url=pin.php%3Fid%3D3056010%26name%3Dmavic+cosmic+carbon+sls+2014 HTTP/1.1" 200 23670 "-" "Mozilla/5.0 (Linux; Android 6.0.1; Nexus 5X Build/MMB29P) AppleWebKit/537.36 (KHTML, like Gecko) Chrome/136.0.7103.113 Mobile Safari/537.36 (compatible; Googlebot/2.1; +http://www.google.com/bot.html)"
66.249.64.131 - - [13/Jun/2025:08:44:43 -0400] "GET /?d=104307849260&filter=1093f8&share_to_url=ideas.php%3Fid%3D3534132%26name%3Dnew+balance+anos HTTP/1.1" 200 21788 "-" "Mozilla/5.0 (Linux; Android 6.0.1; Nexus 5X Build/MMB29P) AppleWebKit/537.36 (KHTML, like Gecko) Chrome/136.0.7103.113 Mobile Safari/537.36 (compatible; Googlebot/2.1; +http://www.google.com/bot.html)"
66.249.64.5 - - [13/Jun/2025:08:44:43 -0400] "GET /?d=93157047260&filter=b3e07f&share_to_url=goods.php%3Fid%3D3156251%26name%3Dvideo+card+doesn+039+t HTTP/1.1" 200 24569 "-" "Mozilla/5.0 (Linux; Android 6.0.1; Nexus 5X Build/MMB29P) AppleWebKit/537.36 (KHTML, like Gecko) Chrome/136.0.7103.113 Mobile Safari/537.36 (compatible; Googlebot/2.1; +http://www.google.com/bot.html)"
66.249.64.131 - - [13/Jun/2025:08:44:46 -0400] "GET /?d=102804135260&filter=56e2eb&share_to_url=pin.php%3Fid%3D3484326%26name%3Dd%C3%A9couverte+magique HTTP/1.1" 200 23044 "-" "Mozilla/5.0 (Linux; Android 6.0.1; Nexus 5X Build/MMB29P) AppleWebKit/537.36 (KHTML, like Gecko) Chrome/136.0.7103.113 Mobile Safari/537.36 (compatible; Googlebot/2.1; +http://www.google.com/bot.html)"
66.249.64.5 - - [13/Jun/2025:08:44:47 -0400] "GET /?d=115579963260&filter=5e40a7&share_to_url=model.php%3Fid%3D3914127%26name%3Ddisney+animators+039+collection+belle HTTP/1.1" 200 22745 "-" "Mozilla/5.0 (Linux; Android 6.0.1; Nexus 5X Build/MMB29P) AppleWebKit/537.36 (KHTML, like Gecko) Chrome/136.0.7103.113 Mobile Safari/537.36 (compatible; Googlebot/2.1; +http://www.google.com/bot.html)"
66.249.64.132 - - [13/Jun/2025:08:44:47 -0400] "GET /?d=93537687260&filter=8dea3f&share_to_url=detail.php%3Fid%3D3168885%26name%3Dreloj+viceroy+f1+limited+edition HTTP/1.1" 200 22872 "-" "Mozilla/5.0 (Linux; Android 6.0.1; Nexus 5X Build/MMB29P) AppleWebKit/537.36 (KHTML, like Gecko) Chrome/136.0.7103.113 Mobile Safari/537.36 (compatible; Googlebot/2.1; +http://www.google.com/bot.html)"
66.249.64.5 - - [13/Jun/2025:08:44:47 -0400] "GET /?d=95072310260&filter=bfc81f&share_to_url=model.php%3Fid%3D3220995%26name%3Dvoodoo+canzo+29er+mountain HTTP/1.1" 200 23249 "-" "Mozilla/5.0 (Linux; Android 6.0.1; Nexus 5X Build/MMB29P) AppleWebKit/537.36 (KHTML, like Gecko) Chrome/136.0.7103.113 Mobile Safari/537.36 (compatible; Googlebot/2.1; +http://www.google.com/bot.html)"
66.249.64.5 - - [13/Jun/2025:08:44:48 -0400] "GET /?d=117104158260&filter=1d3899&share_to_url=pin.php%3Fid%3D3965658%26name%3Dcommon+hand+signals HTTP/1.1" 200 23245 "-" "Mozilla/5.0 (Linux; Android 6.0.1; Nexus 5X Build/MMB29P) AppleWebKit/537.36 (KHTML, like Gecko) Chrome/136.0.7103.113 Mobile Safari/537.36 (compatible; Googlebot/2.1; +http://www.google.com/bot.html)"
157.55.39.205 - - [13/Jun/2025:08:44:49 -0400] "GET /?d=12236282260&filter=14708a&share_to_url=product-page.php%3Fid%3D418612%26name%3Dcycle+to+work HTTP/1.1" 200 23574 "-" "Mozilla/5.0 AppleWebKit/537.36 (KHTML, like Gecko; compatible; bingbot/2.0; +http://www.bing.com/bingbot.htm) Chrome/116.0.1938.76 Safari/537.36"
66.249.64.131 - - [13/Jun/2025:08:44:49 -0400] "GET /?d=113694343260&filter=f935ba&share_to_url=product-page.php%3Fid%3D3850156%26name%3Dlarge+diameter+rubber+o HTTP/1.1" 200 23477 "-" "Mozilla/5.0 (Linux; Android 6.0.1; Nexus 5X Build/MMB29P) AppleWebKit/537.36 (KHTML, like Gecko) Chrome/136.0.7103.113 Mobile Safari/537.36 (compatible; Googlebot/2.1; +http://www.google.com/bot.html)"
40.77.167.14 - - [13/Jun/2025:08:44:52 -0400] "GET /?d=41159796260&filter=132c35&share_to_url=goods.php%3Fid%3D1397555%26name%3Ddadapalooza+book+report+the+lego HTTP/1.1" 200 22195 "-" "Mozilla/5.0 AppleWebKit/537.36 (KHTML, like Gecko; compatible; bingbot/2.0; +http://www.bing.com/bingbot.htm) Chrome/116.0.1938.76 Safari/537.36"
52.167.144.159 - - [13/Jun/2025:08:44:53 -0400] "GET /?d=87587117260&filter=2343c6&share_to_url=shopdetail.php%3Fid%3D2967872%26name%3Drefuse+to+be+usual HTTP/1.1" 200 23720 "-" "Mozilla/5.0 AppleWebKit/537.36 (KHTML, like Gecko; compatible; bingbot/2.0; +http://www.bing.com/bingbot.htm) Chrome/116.0.1938.76 Safari/537.36"
66.249.64.132 - - [13/Jun/2025:08:44:53 -0400] "GET /?d=113619350260&filter=5b6045&share_to_url=pin.php%3Fid%3D3847854%26name%3Dniamh+skirt+yoked+skirt HTTP/1.1" 200 23372 "-" "Mozilla/5.0 (Linux; Android 6.0.1; Nexus 5X Build/MMB29P) AppleWebKit/537.36 (KHTML, like Gecko) Chrome/136.0.7103.113 Mobile Safari/537.36 (compatible; Googlebot/2.1; +http://www.google.com/bot.html)"
66.249.64.132 - - [13/Jun/2025:08:44:53 -0400] "GET /?d=114460138260&filter=758412&share_to_url=shop.php%3Fid%3D3875851%26name%3Dbeetroot+pineapple+salad HTTP/1.1" 200 23891 "-" "Mozilla/5.0 (Linux; Android 6.0.1; Nexus 5X Build/MMB29P) AppleWebKit/537.36 (KHTML, like Gecko) Chrome/136.0.7103.113 Mobile Safari/537.36 (compatible; Googlebot/2.1; +http://www.google.com/bot.html)"
66.249.64.5 - - [13/Jun/2025:08:44:53 -0400] "GET /?d=112718580260&filter=967b54&share_to_url=article.php%3Fid%3D3817958%26name%3Dcat+man+monday+i HTTP/1.1" 200 24183 "-" "Mozilla/5.0 (Linux; Android 6.0.1; Nexus 5X Build/MMB29P) AppleWebKit/537.36 (KHTML, like Gecko) Chrome/136.0.7103.113 Mobile Safari/537.36 (compatible; Googlebot/2.1; +http://www.google.com/bot.html)"
52.167.144.159 - - [13/Jun/2025:08:44:54 -0400] "GET /?d=59087052260&filter=1226ef&share_to_url=goods.php%3Fid%3D2005247%26name%3Dwilkes+chardonnay HTTP/1.1" 200 23812 "-" "Mozilla/5.0 AppleWebKit/537.36 (KHTML, like Gecko; compatible; bingbot/2.0; +http://www.bing.com/bingbot.htm) Chrome/116.0.1938.76 Safari/537.36"
66.249.64.131 - - [13/Jun/2025:08:44:54 -0400] "GET /?d=96645122260&filter=78ff4e&share_to_url=pin.php%3Fid%3D3274614%26name%3Dbusiness+casual+to HTTP/1.1" 200 23564 "-" "Mozilla/5.0 (Linux; Android 6.0.1; Nexus 5X Build/MMB29P) AppleWebKit/537.36 (KHTML, like Gecko) Chrome/136.0.7103.113 Mobile Safari/537.36 (compatible; Googlebot/2.1; +http://www.google.com/bot.html)"
40.77.167.151 - - [13/Jun/2025:08:44:55 -0400] "GET /?d=111110669260&filter=577ef4&share_to_url=goods.php%3Fid%3D3762491%26name%3Dchloe+bracelet+hobo+bag HTTP/1.1" 200 23774 "-" "Mozilla/5.0 AppleWebKit/537.36 (KHTML, like Gecko; compatible; bingbot/2.0; +http://www.bing.com/bingbot.htm) Chrome/116.0.1938.76 Safari/537.36"
66.249.64.131 - - [13/Jun/2025:08:44:55 -0400] "GET /?d=109637874260&filter=2343c6&share_to_url=model.php%3Fid%3D3710859%26name%3Dteddy+bear+sales+slippers+dunelm HTTP/1.1" 200 23418 "-" "Mozilla/5.0 (Linux; Android 6.0.1; Nexus 5X Build/MMB29P) AppleWebKit/537.36 (KHTML, like Gecko) Chrome/136.0.7103.113 Mobile Safari/537.36 (compatible; Googlebot/2.1; +http://www.google.com/bot.html)"
66.249.64.131 - - [13/Jun/2025:08:44:57 -0400] "GET /?d=89276884260&filter=b32929&share_to_url=shopdetail.php%3Fid%3D3026180%26name%3Dinsta+learn+bagic+on HTTP/1.1" 200 23148 "-" "Mozilla/5.0 (Linux; Android 6.0.1; Nexus 5X Build/MMB29P) AppleWebKit/537.36 (KHTML, like Gecko) Chrome/136.0.7103.113 Mobile Safari/537.36 (compatible; Googlebot/2.1; +http://www.google.com/bot.html)"
52.167.144.159 - - [13/Jun/2025:08:44:57 -0400] "GET /?d=96356163260&filter=e67c58&share_to_url=discover.php%3Fid%3D3264593%26name%3Dvintage+thanksgiving HTTP/1.1" 200 22974 "-" "Mozilla/5.0 AppleWebKit/537.36 (KHTML, like Gecko; compatible; bingbot/2.0; +http://www.bing.com/bingbot.htm) Chrome/116.0.1938.76 Safari/537.36"
66.249.64.5 - - [13/Jun/2025:08:44:58 -0400] "GET /?d=92265540260&filter=b94814&share_to_url=shop.php%3Fid%3D3125779%26name%3D34+case+kpop HTTP/1.1" 200 24913 "-" "Mozilla/5.0 (Linux; Android 6.0.1; Nexus 5X Build/MMB29P) AppleWebKit/537.36 (KHTML, like Gecko) Chrome/136.0.7103.113 Mobile Safari/537.36 (compatible; Googlebot/2.1; +http://www.google.com/bot.html)"
66.249.64.132 - - [13/Jun/2025:08:45:00 -0400] "GET /?d=99673098260&filter=57096d&share_to_url=product.php%3Fid%3D3377950%26name%3Dprofessional+latex+sport+futsal HTTP/1.1" 200 23386 "-" "Mozilla/5.0 (Linux; Android 6.0.1; Nexus 5X Build/MMB29P) AppleWebKit/537.36 (KHTML, like Gecko) Chrome/136.0.7103.113 Mobile Safari/537.36 (compatible; Googlebot/2.1; +http://www.google.com/bot.html)"
66.249.64.132 - - [13/Jun/2025:08:45:00 -0400] "GET /?d=94509146260&filter=cdc800&share_to_url=shopdetail.php%3Fid%3D3202556%26name%3Dvirginia+black+one+shoulder+puff+sleeve HTTP/1.1" 200 24032 "-" "Mozilla/5.0 (Linux; Android 6.0.1; Nexus 5X Build/MMB29P) AppleWebKit/537.36 (KHTML, like Gecko) Chrome/136.0.7103.113 Mobile Safari/537.36 (compatible; Googlebot/2.1; +http://www.google.com/bot.html)"
66.249.64.5 - - [13/Jun/2025:08:45:01 -0400] "GET /?d=90431521260&filter=3d4903&share_to_url=pin.php%3Fid%3D3064806%26name%3Dpantalones+shop+tyt+catalogo HTTP/1.1" 200 23818 "-" "Mozilla/5.0 (Linux; Android 6.0.1; Nexus 5X Build/MMB29P) AppleWebKit/537.36 (KHTML, like Gecko) Chrome/136.0.7103.113 Mobile Safari/537.36 (compatible; Googlebot/2.1; +http://www.google.com/bot.html)"
40.77.167.151 - - [13/Jun/2025:08:45:02 -0400] "GET /?d=107109149260&filter=328ae5&share_to_url=goods.php%3Fid%3D3627275%26name%3Dgerry+weber+hosen+f%C3%BCr+damen HTTP/1.1" 200 23847 "-" "Mozilla/5.0 AppleWebKit/537.36 (KHTML, like Gecko; compatible; bingbot/2.0; +http://www.bing.com/bingbot.htm) Chrome/116.0.1938.76 Safari/537.36"
66.249.64.131 - - [13/Jun/2025:08:45:02 -0400] "GET /?d=114654693260&filter=05d6a9&share_to_url=model.php%3Fid%3D3882519%26name%3Dsofia+princess+png HTTP/1.1" 200 24153 "-" "Mozilla/5.0 (Linux; Android 6.0.1; Nexus 5X Build/MMB29P) AppleWebKit/537.36 (KHTML, like Gecko) Chrome/136.0.7103.113 Mobile Safari/537.36 (compatible; Googlebot/2.1; +http://www.google.com/bot.html)"
157.55.39.205 - - [13/Jun/2025:08:45:03 -0400] "GET /?d=15511479260&filter=5837f7&share_to_url=shopdetail.php%3Fid%3D528788%26name%3Dbuy+fine+fragrance+pearlescent HTTP/1.1" 200 24082 "-" "Mozilla/5.0 AppleWebKit/537.36 (KHTML, like Gecko; compatible; bingbot/2.0; +http://www.bing.com/bingbot.htm) Chrome/116.0.1938.76 Safari/537.36"
157.55.39.205 - - [13/Jun/2025:08:45:04 -0400] "GET /?d=15460139260&filter=edd546&share_to_url=shopdetail.php%3Fid%3D527036%26name%3Dbest+headsets+for+pc HTTP/1.1" 200 23385 "-" "Mozilla/5.0 AppleWebKit/537.36 (KHTML, like Gecko; compatible; bingbot/2.0; +http://www.bing.com/bingbot.htm) Chrome/116.0.1938.76 Safari/537.36"
66.249.64.5 - - [13/Jun/2025:08:45:04 -0400] "GET /?d=105773367260&filter=cdfac6&share_to_url=goods.php%3Fid%3D3582983%26name%3Decb+950db+1a+casio HTTP/1.1" 200 21747 "-" "Mozilla/5.0 (Linux; Android 6.0.1; Nexus 5X Build/MMB29P) AppleWebKit/537.36 (KHTML, like Gecko) Chrome/136.0.7103.113 Mobile Safari/537.36 (compatible; Googlebot/2.1; +http://www.google.com/bot.html)"
66.249.64.5 - - [13/Jun/2025:08:45:05 -0400] "GET /?d=115972507260&filter=6d6f21&share_to_url=detail.php%3Fid%3D3927309%26name%3Dvestido+infantil+florido+com+la%C3%A7o HTTP/1.1" 200 24333 "-" "Mozilla/5.0 (Linux; Android 6.0.1; Nexus 5X Build/MMB29P) AppleWebKit/537.36 (KHTML, like Gecko) Chrome/136.0.7103.113 Mobile Safari/537.36 (compatible; Googlebot/2.1; +http://www.google.com/bot.html)"
66.249.64.131 - - [13/Jun/2025:08:45:05 -0400] "GET /?d=93766024260&filter=97541a&share_to_url=shop.php%3Fid%3D3176719%26name%3Dbritax+volvo+maxway+convertible HTTP/1.1" 200 22022 "-" "Mozilla/5.0 (Linux; Android 6.0.1; Nexus 5X Build/MMB29P) AppleWebKit/537.36 (KHTML, like Gecko) Chrome/136.0.7103.113 Mobile Safari/537.36 (compatible; Googlebot/2.1; +http://www.google.com/bot.html)"
157.55.39.205 - - [13/Jun/2025:08:45:06 -0400] "GET /?d=17494805260&filter=199e58&share_to_url=model.php%3Fid%3D595515%26name%3Dstussy+nike+benassi+slide HTTP/1.1" 200 21860 "-" "Mozilla/5.0 AppleWebKit/537.36 (KHTML, like Gecko; compatible; bingbot/2.0; +http://www.bing.com/bingbot.htm) Chrome/116.0.1938.76 Safari/537.36"
66.249.64.5 - - [13/Jun/2025:08:45:07 -0400] "GET /?d=113706195260&filter=4ef04f&share_to_url=shopdetail.php%3Fid%3D3850508%26name%3Dfolded+triangle+earrings+small HTTP/1.1" 200 23866 "-" "Mozilla/5.0 (Linux; Android 6.0.1; Nexus 5X Build/MMB29P) AppleWebKit/537.36 (KHTML, like Gecko) Chrome/136.0.7103.113 Mobile Safari/537.36 (compatible; Googlebot/2.1; +http://www.google.com/bot.html)"
157.55.39.205 - - [13/Jun/2025:08:45:07 -0400] "GET /?d=33555101260&filter=edd546&share_to_url=item.php%3Fid%3D1141045%26name%3Ddo+airpods+airpods HTTP/1.1" 200 23181 "-" "Mozilla/5.0 AppleWebKit/537.36 (KHTML, like Gecko; compatible; bingbot/2.0; +http://www.bing.com/bingbot.htm) Chrome/116.0.1938.76 Safari/537.36"
66.249.64.131 - - [13/Jun/2025:08:45:08 -0400] "GET /?d=111636996260&filter=b240e2&share_to_url=item.php%3Fid%3D3780841%26name%3Dbuy+overwatch+season HTTP/1.1" 200 22828 "-" "Mozilla/5.0 (Linux; Android 6.0.1; Nexus 5X Build/MMB29P) AppleWebKit/537.36 (KHTML, like Gecko) Chrome/136.0.7103.113 Mobile Safari/537.36 (compatible; Googlebot/2.1; +http://www.google.com/bot.html)"
66.249.64.5 - - [13/Jun/2025:08:45:09 -0400] "GET /?d=91449759260&filter=882616&share_to_url=goods.php%3Fid%3D3099119%26name%3Dhollister+starts+now+up+to HTTP/1.1" 200 23143 "-" "Mozilla/5.0 (Linux; Android 6.0.1; Nexus 5X Build/MMB29P) AppleWebKit/537.36 (KHTML, like Gecko) Chrome/136.0.7103.113 Mobile Safari/537.36 (compatible; Googlebot/2.1; +http://www.google.com/bot.html)"
157.55.39.12 - - [13/Jun/2025:08:45:10 -0400] "GET /?d=97739550260&filter=6b2bc0&share_to_url=product-page.php%3Fid%3D3312628%26name%3Dthree+watches+and+a+grey HTTP/1.1" 200 23790 "-" "Mozilla/5.0 AppleWebKit/537.36 (KHTML, like Gecko; compatible; bingbot/2.0; +http://www.bing.com/bingbot.htm) Chrome/116.0.1938.76 Safari/537.36"
40.77.167.14 - - [13/Jun/2025:08:45:11 -0400] "GET /?d=86591555260&filter=997939&share_to_url=shop.php%3Fid%3D2933947%26name%3Dpre+owned+mario+kart HTTP/1.1" 200 22528 "-" "Mozilla/5.0 AppleWebKit/537.36 (KHTML, like Gecko; compatible; bingbot/2.0; +http://www.bing.com/bingbot.htm) Chrome/116.0.1938.76 Safari/537.36"
66.249.64.131 - - [13/Jun/2025:08:45:11 -0400] "GET /?d=108781762260&filter=00f09d&share_to_url=detail.php%3Fid%3D3683001%26name%3Ddmt+dm1+cycling+shoes HTTP/1.1" 200 23277 "-" "Mozilla/5.0 (Linux; Android 6.0.1; Nexus 5X Build/MMB29P) AppleWebKit/537.36 (KHTML, like Gecko) Chrome/136.0.7103.113 Mobile Safari/537.36 (compatible; Googlebot/2.1; +http://www.google.com/bot.html)"
66.249.64.5 - - [13/Jun/2025:08:45:11 -0400] "GET /?d=112827745260&filter=781a9e&share_to_url=item.php%3Fid%3D3821305%26name%3Dunder+armour+top+tactical+sweatshirt HTTP/1.1" 200 22940 "-" "Mozilla/5.0 (Linux; Android 6.0.1; Nexus 5X Build/MMB29P) AppleWebKit/537.36 (KHTML, like Gecko) Chrome/136.0.7103.113 Mobile Safari/537.36 (compatible; Googlebot/2.1; +http://www.google.com/bot.html)"
66.249.64.131 - - [13/Jun/2025:08:45:13 -0400] "GET /?d=113849952260&filter=c425c6&share_to_url=article.php%3Fid%3D3855758%26name%3Dfossil+bq3163 HTTP/1.1" 200 22604 "-" "Mozilla/5.0 (Linux; Android 6.0.1; Nexus 5X Build/MMB29P) AppleWebKit/537.36 (KHTML, like Gecko) Chrome/136.0.7103.113 Mobile Safari/537.36 (compatible; Googlebot/2.1; +http://www.google.com/bot.html)"
66.249.64.5 - - [13/Jun/2025:08:45:14 -0400] "GET /?d=91394682260&filter=d206d7&share_to_url=product.php%3Fid%3D3097378%26name%3Ddise%C3%B1o+cat%C3%A1logo+para HTTP/1.1" 200 24069 "-" "Mozilla/5.0 (Linux; Android 6.0.1; Nexus 5X Build/MMB29P) AppleWebKit/537.36 (KHTML, like Gecko) Chrome/136.0.7103.113 Mobile Safari/537.36 (compatible; Googlebot/2.1; +http://www.google.com/bot.html)"
40.77.167.151 - - [13/Jun/2025:08:45:15 -0400] "GET /?d=85918396260&filter=e4b9aa&share_to_url=ideas.php%3Fid%3D2910828%26name%3Dmonki+patent+coat HTTP/1.1" 200 23673 "-" "Mozilla/5.0 AppleWebKit/537.36 (KHTML, like Gecko; compatible; bingbot/2.0; +http://www.bing.com/bingbot.htm) Chrome/116.0.1938.76 Safari/537.36"
40.77.167.77 - - [13/Jun/2025:08:45:15 -0400] "GET /?d=117980685260&filter=24fb08&share_to_url=product-page.php%3Fid%3D3995428%26name%3Deverest+unisex+25+dual+zippered HTTP/1.1" 200 23818 "-" "Mozilla/5.0 AppleWebKit/537.36 (KHTML, like Gecko; compatible; bingbot/2.0; +http://www.bing.com/bingbot.htm) Chrome/116.0.1938.76 Safari/537.36"
40.77.167.151 - - [13/Jun/2025:08:45:16 -0400] "GET /?d=101627204260&filter=1c8ef9&share_to_url=item.php%3Fid%3D3445645%26name%3Dmotorino+di+avviamento+avviamento HTTP/1.1" 200 24397 "-" "Mozilla/5.0 AppleWebKit/537.36 (KHTML, like Gecko; compatible; bingbot/2.0; +http://www.bing.com/bingbot.htm) Chrome/116.0.1938.76 Safari/537.36"
66.249.64.131 - - [13/Jun/2025:08:45:16 -0400] "GET /?d=114965724260&filter=9c8c90&share_to_url=ideas.php%3Fid%3D3893076%26name%3Dcoach+hc6232u+eyeglasses HTTP/1.1" 200 22106 "-" "Mozilla/5.0 (Linux; Android 6.0.1; Nexus 5X Build/MMB29P) AppleWebKit/537.36 (KHTML, like Gecko) Chrome/136.0.7103.113 Mobile Safari/537.36 (compatible; Googlebot/2.1; +http://www.google.com/bot.html)"
40.77.167.151 - - [13/Jun/2025:08:45:17 -0400] "GET /?d=104453144260&filter=7af24f&share_to_url=product.php?id=3539278&name=factory%20price%20pepsi HTTP/1.1" 200 23483 "-" "Mozilla/5.0 AppleWebKit/537.36 (KHTML, like Gecko; compatible; bingbot/2.0; +http://www.bing.com/bingbot.htm) Chrome/116.0.1938.76 Safari/537.36"
66.249.64.5 - - [13/Jun/2025:08:45:17 -0400] "GET /?d=46864809260&filter=dd928e&share_to_url=model.php%3Fid%3D1591647%26name%3Dmis+mu%C3%B1ecas+nancy+aventuras HTTP/1.1" 200 22975 "-" "Mozilla/5.0 (Linux; Android 6.0.1; Nexus 5X Build/MMB29P) AppleWebKit/537.36 (KHTML, like Gecko) Chrome/136.0.7103.113 Mobile Safari/537.36 (compatible; Googlebot/2.1; +http://www.google.com/bot.html)"
66.249.64.131 - - [13/Jun/2025:08:45:19 -0400] "GET /?d=102935906260&filter=ab67d8&share_to_url=goods.php%3Fid%3D3488507%26name%3Dwoodworking+168+walter HTTP/1.1" 200 24649 "-" "Mozilla/5.0 (Linux; Android 6.0.1; Nexus 5X Build/MMB29P) AppleWebKit/537.36 (KHTML, like Gecko) Chrome/136.0.7103.113 Mobile Safari/537.36 (compatible; Googlebot/2.1; +http://www.google.com/bot.html)"
66.249.64.5 - - [13/Jun/2025:08:45:19 -0400] "GET /?d=96259083260&filter=e5eb8f&share_to_url=product-page.php%3Fid%3D3261292%26name%3Dzapatos+de+cheap+trabajo+bellota HTTP/1.1" 200 22077 "-" "Mozilla/5.0 (Linux; Android 6.0.1; Nexus 5X Build/MMB29P) AppleWebKit/537.36 (KHTML, like Gecko) Chrome/136.0.7103.113 Mobile Safari/537.36 (compatible; Googlebot/2.1; +http://www.google.com/bot.html)"
66.249.64.131 - - [13/Jun/2025:08:45:20 -0400] "GET /?d=112803646260&filter=750d75&share_to_url=product-page.php%3Fid%3D3820552%26name%3Dcamicie+valentino+garavani+scopri HTTP/1.1" 200 23130 "-" "Mozilla/5.0 (Linux; Android 6.0.1; Nexus 5X Build/MMB29P) AppleWebKit/537.36 (KHTML, like Gecko) Chrome/136.0.7103.113 Mobile Safari/537.36 (compatible; Googlebot/2.1; +http://www.google.com/bot.html)"
157.55.39.205 - - [13/Jun/2025:08:45:20 -0400] "GET /?d=82923920260&filter=edd546&share_to_url=detail.php%3Fid%3D2808909%26name%3Dwhat+is+angle HTTP/1.1" 200 23939 "-" "Mozilla/5.0 AppleWebKit/537.36 (KHTML, like Gecko; compatible; bingbot/2.0; +http://www.bing.com/bingbot.htm) Chrome/116.0.1938.76 Safari/537.36"
66.249.64.5 - - [13/Jun/2025:08:45:20 -0400] "GET /?d=92883618260&filter=1c3e5e&share_to_url=ideas.php%3Fid%3D3146964%26name%3Dpc+reproduktory HTTP/1.1" 200 23961 "-" "Mozilla/5.0 (Linux; Android 6.0.1; Nexus 5X Build/MMB29P) AppleWebKit/537.36 (KHTML, like Gecko) Chrome/136.0.7103.113 Mobile Safari/537.36 (compatible; Googlebot/2.1; +http://www.google.com/bot.html)"
66.249.64.131 - - [13/Jun/2025:08:45:20 -0400] "GET /?d=107574703260&filter=758412&share_to_url=product.php%3Fid%3D3643018%26name%3Dapple+cider+bourbon+cocktail HTTP/1.1" 200 24000 "-" "Mozilla/5.0 (Linux; Android 6.0.1; Nexus 5X Build/MMB29P) AppleWebKit/537.36 (KHTML, like Gecko) Chrome/136.0.7103.113 Mobile Safari/537.36 (compatible; Googlebot/2.1; +http://www.google.com/bot.html)"
66.249.64.131 - - [13/Jun/2025:08:45:21 -0400] "GET /?d=117141502260&filter=83b043&share_to_url=pin.php%3Fid%3D3967110%26name%3Dadilette+22+hp6522 HTTP/1.1" 200 21769 "-" "Mozilla/5.0 (Linux; Android 6.0.1; Nexus 5X Build/MMB29P) AppleWebKit/537.36 (KHTML, like Gecko) Chrome/136.0.7103.113 Mobile Safari/537.36 (compatible; Googlebot/2.1; +http://www.google.com/bot.html)"
157.55.39.205 - - [13/Jun/2025:08:45:21 -0400] "GET /?d=33992092260&filter=95c78c&share_to_url=article.php%3Fid%3D1156334%26name%3Dshyros+sale+loja+virtual HTTP/1.1" 200 23734 "-" "Mozilla/5.0 AppleWebKit/537.36 (KHTML, like Gecko; compatible; bingbot/2.0; +http://www.bing.com/bingbot.htm) Chrome/116.0.1938.76 Safari/537.36"
52.167.144.209 - - [13/Jun/2025:08:45:22 -0400] "GET /?d=86257077260&filter=3bdd0d&share_to_url=item.php%3Fid%3D2922445%26name%3Dtiny+cowboy+boots HTTP/1.1" 200 24395 "-" "Mozilla/5.0 AppleWebKit/537.36 (KHTML, like Gecko; compatible; bingbot/2.0; +http://www.bing.com/bingbot.htm) Chrome/116.0.1938.76 Safari/537.36"
66.249.64.5 - - [13/Jun/2025:08:45:22 -0400] "GET /?d=54253432260&filter=400a61&share_to_url=product.php%3Fid%3D1843030%26name%3Dcompteur+display HTTP/1.1" 200 24394 "-" "Mozilla/5.0 (Linux; Android 6.0.1; Nexus 5X Build/MMB29P) AppleWebKit/537.36 (KHTML, like Gecko) Chrome/136.0.7103.113 Mobile Safari/537.36 (compatible; Googlebot/2.1; +http://www.google.com/bot.html)"
66.249.64.131 - - [13/Jun/2025:08:45:24 -0400] "GET /?d=117103943260&filter=9288a0&share_to_url=goods.php%3Fid%3D3965651%26name%3Dcristiano+ronaldo+andorinha HTTP/1.1" 200 21766 "-" "Mozilla/5.0 (Linux; Android 6.0.1; Nexus 5X Build/MMB29P) AppleWebKit/537.36 (KHTML, like Gecko) Chrome/136.0.7103.113 Mobile Safari/537.36 (compatible; Googlebot/2.1; +http://www.google.com/bot.html)"
40.77.167.14 - - [13/Jun/2025:08:45:25 -0400] "GET /?d=42771499260&filter=fb1a62&share_to_url=shop.php%3Fid%3D1451659%26name%3Dthe+great+escape+4k HTTP/1.1" 200 22204 "-" "Mozilla/5.0 AppleWebKit/537.36 (KHTML, like Gecko; compatible; bingbot/2.0; +http://www.bing.com/bingbot.htm) Chrome/116.0.1938.76 Safari/537.36"
66.249.64.5 - - [13/Jun/2025:08:45:26 -0400] "GET /?d=105735714260&filter=b50421&share_to_url=shop.php%3Fid%3D3581743%26name%3Dhow+to+setup+intel HTTP/1.1" 200 23741 "-" "Mozilla/5.0 (Linux; Android 6.0.1; Nexus 5X Build/MMB29P) AppleWebKit/537.36 (KHTML, like Gecko) Chrome/136.0.7103.113 Mobile Safari/537.36 (compatible; Googlebot/2.1; +http://www.google.com/bot.html)"
66.249.64.131 - - [13/Jun/2025:08:45:27 -0400] "GET /?d=105603440260&filter=704f9f&share_to_url=goods.php%3Fid%3D3577367%26name%3Dpuma+unisex+suede HTTP/1.1" 200 22306 "-" "Mozilla/5.0 (Linux; Android 6.0.1; Nexus 5X Build/MMB29P) AppleWebKit/537.36 (KHTML, like Gecko) Chrome/136.0.7103.113 Mobile Safari/537.36 (compatible; Googlebot/2.1; +http://www.google.com/bot.html)"
66.249.64.5 - - [13/Jun/2025:08:45:29 -0400] "GET /?d=114768248260&filter=bfc81f&share_to_url=item.php%3Fid%3D3886357%26name%3Dhero+lectro+muv+e+std HTTP/1.1" 200 23950 "-" "Mozilla/5.0 (Linux; Android 6.0.1; Nexus 5X Build/MMB29P) AppleWebKit/537.36 (KHTML, like Gecko) Chrome/136.0.7103.113 Mobile Safari/537.36 (compatible; Googlebot/2.1; +http://www.google.com/bot.html)"
157.55.39.12 - - [13/Jun/2025:08:45:29 -0400] "GET /?d=91570449260&filter=20ae0e&share_to_url=shopdetail.php%3Fid%3D3103172%26name%3Dhaptics+holiday+green HTTP/1.1" 200 24367 "-" "Mozilla/5.0 AppleWebKit/537.36 (KHTML, like Gecko; compatible; bingbot/2.0; +http://www.bing.com/bingbot.htm) Chrome/116.0.1938.76 Safari/537.36"
157.55.39.205 - - [13/Jun/2025:08:45:30 -0400] "GET /?d=89765953260&filter=ea09de&share_to_url=goods.php%3Fid%3D3042515%26name%3Dak+boutique+tallas+extra HTTP/1.1" 200 24340 "-" "Mozilla/5.0 AppleWebKit/537.36 (KHTML, like Gecko; compatible; bingbot/2.0; +http://www.bing.com/bingbot.htm) Chrome/116.0.1938.76 Safari/537.36"
66.249.64.131 - - [13/Jun/2025:08:45:30 -0400] "GET /?d=94691332260&filter=f7c4dc&share_to_url=pin.php%3Fid%3D3208446%26name%3Daltama+pro+x HTTP/1.1" 200 22828 "-" "Mozilla/5.0 (Linux; Android 6.0.1; Nexus 5X Build/MMB29P) AppleWebKit/537.36 (KHTML, like Gecko) Chrome/136.0.7103.113 Mobile Safari/537.36 (compatible; Googlebot/2.1; +http://www.google.com/bot.html)"
66.249.64.131 - - [13/Jun/2025:08:45:33 -0400] "GET /?d=112414621260&filter=83f648&share_to_url=ideas.php%3Fid%3D3807624%26name%3Dsfera+budy+clip+on+black HTTP/1.1" 200 23973 "-" "Mozilla/5.0 (Linux; Android 6.0.1; Nexus 5X Build/MMB29P) AppleWebKit/537.36 (KHTML, like Gecko) Chrome/136.0.7103.113 Mobile Safari/537.36 (compatible; Googlebot/2.1; +http://www.google.com/bot.html)"
66.249.64.5 - - [13/Jun/2025:08:45:34 -0400] "GET /?d=113214206260&filter=38b690&share_to_url=pin.php%3Fid%3D3834318%26name%3Dvictoria+039+s+secret+luxe+lingerie+set HTTP/1.1" 200 24267 "-" "Mozilla/5.0 (Linux; Android 6.0.1; Nexus 5X Build/MMB29P) AppleWebKit/537.36 (KHTML, like Gecko) Chrome/136.0.7103.113 Mobile Safari/537.36 (compatible; Googlebot/2.1; +http://www.google.com/bot.html)"
52.167.144.209 - - [13/Jun/2025:08:45:34 -0400] "GET /?d=103035251260&filter=16bc9b&share_to_url=shopdetail.php%3Fid%3D3491780%26name%3Doutdoor+voices+cream+fleece HTTP/1.1" 200 24763 "-" "Mozilla/5.0 AppleWebKit/537.36 (KHTML, like Gecko; compatible; bingbot/2.0; +http://www.bing.com/bingbot.htm) Chrome/116.0.1938.76 Safari/537.36"
40.77.167.77 - - [13/Jun/2025:08:45:35 -0400] "GET /?d=85104034260&filter=415559&share_to_url=article.php%3Fid%3D2882930%26name%3Dbest+freeride+on HTTP/1.1" 200 22714 "-" "Mozilla/5.0 AppleWebKit/537.36 (KHTML, like Gecko; compatible; bingbot/2.0; +http://www.bing.com/bingbot.htm) Chrome/116.0.1938.76 Safari/537.36"
66.249.64.5 - - [13/Jun/2025:08:45:36 -0400] "GET /?d=117969442260&filter=eacf99&share_to_url=discover.php%3Fid%3D3995093%26name%3Dplt+shape+vintage+ripped HTTP/1.1" 200 24098 "-" "Mozilla/5.0 (Linux; Android 6.0.1; Nexus 5X Build/MMB29P) AppleWebKit/537.36 (KHTML, like Gecko) Chrome/136.0.7103.113 Mobile Safari/537.36 (compatible; Googlebot/2.1; +http://www.google.com/bot.html)"
66.249.64.131 - - [13/Jun/2025:08:45:36 -0400] "GET /?d=94006577260&filter=0ed4e2&share_to_url=ideas.php%3Fid%3D3185088%26name%3Dfossil+men+039+s+buckner+small HTTP/1.1" 200 23249 "-" "Mozilla/5.0 (Linux; Android 6.0.1; Nexus 5X Build/MMB29P) AppleWebKit/537.36 (KHTML, like Gecko) Chrome/136.0.7103.113 Mobile Safari/537.36 (compatible; Googlebot/2.1; +http://www.google.com/bot.html)"
66.249.64.131 - - [13/Jun/2025:08:45:36 -0400] "GET /?d=104288850260&filter=d66f0d&share_to_url=goods.php%3Fid%3D3533471%26name%3Dreebok+gl+clearance+6000+azul HTTP/1.1" 200 22562 "-" "Mozilla/5.0 (Linux; Android 6.0.1; Nexus 5X Build/MMB29P) AppleWebKit/537.36 (KHTML, like Gecko) Chrome/136.0.7103.113 Mobile Safari/537.36 (compatible; Googlebot/2.1; +http://www.google.com/bot.html)"
66.249.64.5 - - [13/Jun/2025:08:45:37 -0400] "GET /?d=108798965260&filter=09665b&share_to_url=item.php%3Fid%3D3683521%26name%3Dgreen+tag+clearance+my+pillow HTTP/1.1" 200 23598 "-" "Mozilla/5.0 (Linux; Android 6.0.1; Nexus 5X Build/MMB29P) AppleWebKit/537.36 (KHTML, like Gecko) Chrome/136.0.7103.113 Mobile Safari/537.36 (compatible; Googlebot/2.1; +http://www.google.com/bot.html)"
66.249.64.6 - - [13/Jun/2025:08:45:39 -0400] "GET /?d=115690622260&filter=ae8811&share_to_url=product.php%3Fid%3D3917830%26name%3Dmen+slogan+basketball+graphic HTTP/1.1" 200 24327 "-" "Mozilla/5.0 (Linux; Android 6.0.1; Nexus 5X Build/MMB29P) AppleWebKit/537.36 (KHTML, like Gecko) Chrome/136.0.7103.113 Mobile Safari/537.36 (compatible; Googlebot/2.1; +http://www.google.com/bot.html)"
66.249.64.132 - - [13/Jun/2025:08:45:39 -0400] "GET /?d=115906243260&filter=4cc5d2&share_to_url=model.php%3Fid%3D3925095%26name%3Drestored+elgato+10gar9901+hd60 HTTP/1.1" 200 22460 "-" "Mozilla/5.0 (Linux; Android 6.0.1; Nexus 5X Build/MMB29P) AppleWebKit/537.36 (KHTML, like Gecko) Chrome/136.0.7103.113 Mobile Safari/537.36 (compatible; Googlebot/2.1; +http://www.google.com/bot.html)"
157.55.39.12 - - [13/Jun/2025:08:45:39 -0400] "GET /?d=110339505260&filter=117b29&share_to_url=shopdetail.php%3Fid%3D3735032%26name%3Dvnd+filter HTTP/1.1" 200 23239 "-" "Mozilla/5.0 AppleWebKit/537.36 (KHTML, like Gecko; compatible; bingbot/2.0; +http://www.bing.com/bingbot.htm) Chrome/116.0.1938.76 Safari/537.36"
157.55.39.12 - - [13/Jun/2025:08:45:40 -0400] "GET /?d=21992756260&filter=b3b2d4&share_to_url=goods.php%3Fid%3D746027%26name%3Dmiguel+tamayo+on HTTP/1.1" 200 24833 "-" "Mozilla/5.0 AppleWebKit/537.36 (KHTML, like Gecko; compatible; bingbot/2.0; +http://www.bing.com/bingbot.htm) Chrome/116.0.1938.76 Safari/537.36"
40.77.167.14 - - [13/Jun/2025:08:45:40 -0400] "GET /?d=28470434260&filter=32ea63&share_to_url=pin.php%3Fid%3D966810%26name%3Dorganizador+de+tela HTTP/1.1" 200 23201 "-" "Mozilla/5.0 AppleWebKit/537.36 (KHTML, like Gecko; compatible; bingbot/2.0; +http://www.bing.com/bingbot.htm) Chrome/116.0.1938.76 Safari/537.36"
157.55.39.205 - - [13/Jun/2025:08:45:40 -0400] "GET /?d=48478764260&filter=bdaf2f&share_to_url=model.php%3Fid%3D1648071%26name%3Dcassettone+by+molteni+c HTTP/1.1" 200 23657 "-" "Mozilla/5.0 AppleWebKit/537.36 (KHTML, like Gecko; compatible; bingbot/2.0; +http://www.bing.com/bingbot.htm) Chrome/116.0.1938.76 Safari/537.36"
66.249.64.131 - - [13/Jun/2025:08:45:40 -0400] "GET /?d=110471347260&filter=0db647&share_to_url=pin.php%3Fid%3D3739782%26name%3Deytys+mesh+bellagio+sandals HTTP/1.1" 200 22986 "-" "Mozilla/5.0 (Linux; Android 6.0.1; Nexus 5X Build/MMB29P) AppleWebKit/537.36 (KHTML, like Gecko) Chrome/136.0.7103.113 Mobile Safari/537.36 (compatible; Googlebot/2.1; +http://www.google.com/bot.html)"
66.249.64.5 - - [13/Jun/2025:08:45:41 -0400] "GET /?d=101277340260&filter=47786d&share_to_url=product-page.php%3Fid%3D3433300%26name%3Dgreen+biadeb+suede+boots HTTP/1.1" 200 23470 "-" "Mozilla/5.0 (Linux; Android 6.0.1; Nexus 5X Build/MMB29P) AppleWebKit/537.36 (KHTML, like Gecko) Chrome/136.0.7103.113 Mobile Safari/537.36 (compatible; Googlebot/2.1; +http://www.google.com/bot.html)"
40.77.167.77 - - [13/Jun/2025:08:45:41 -0400] "GET /?d=23693427260&filter=2aa707&share_to_url=shop.php%3Fid%3D803611%26name%3Dhifonics+elite+inch+mobile HTTP/1.1" 200 23180 "-" "Mozilla/5.0 AppleWebKit/537.36 (KHTML, like Gecko; compatible; bingbot/2.0; +http://www.bing.com/bingbot.htm) Chrome/116.0.1938.76 Safari/537.36"
66.249.64.131 - - [13/Jun/2025:08:45:44 -0400] "GET /?d=109518541260&filter=b2e434&share_to_url=discover.php%3Fid%3D3707009%26name%3Dphysiocycle+xt+upright+bike HTTP/1.1" 200 23203 "-" "Mozilla/5.0 (Linux; Android 6.0.1; Nexus 5X Build/MMB29P) AppleWebKit/537.36 (KHTML, like Gecko) Chrome/136.0.7103.113 Mobile Safari/537.36 (compatible; Googlebot/2.1; +http://www.google.com/bot.html)"
66.249.64.6 - - [13/Jun/2025:08:45:44 -0400] "GET /?d=97927815260&filter=ea87ba&share_to_url=shop.php%3Fid%3D3318895%26name%3Dmontre+connect%C3%A9+xiaomi+band HTTP/1.1" 200 22918 "-" "Mozilla/5.0 (Linux; Android 6.0.1; Nexus 5X Build/MMB29P) AppleWebKit/537.36 (KHTML, like Gecko) Chrome/136.0.7103.113 Mobile Safari/537.36 (compatible; Googlebot/2.1; +http://www.google.com/bot.html)"
40.77.167.151 - - [13/Jun/2025:08:45:45 -0400] "GET /?d=88728041260&filter=8f0945&share_to_url=ideas.php%3Fid%3D3007260%26name%3Dshcke+women+velour+sweatpants+jogger HTTP/1.1" 200 24798 "-" "Mozilla/5.0 AppleWebKit/537.36 (KHTML, like Gecko; compatible; bingbot/2.0; +http://www.bing.com/bingbot.htm) Chrome/116.0.1938.76 Safari/537.36"
40.77.167.14 - - [13/Jun/2025:08:45:45 -0400] "GET /?d=50555090260&filter=c08dc8&share_to_url=item.php%3Fid%3D1718329%26name%3Dcasinha+de+boneca HTTP/1.1" 200 23880 "-" "Mozilla/5.0 AppleWebKit/537.36 (KHTML, like Gecko; compatible; bingbot/2.0; +http://www.bing.com/bingbot.htm) Chrome/116.0.1938.76 Safari/537.36"
