66.249.64.5 - - [13/Jun/2025:09:25:03 -0400] "GET /?d=105000955260&filter=657ad3&share_to_url=ideas.php%3Fid%3D3557460%26name%3D540+fashion+angelina HTTP/1.1" 200 23625 "-" "Mozilla/5.0 (Linux; Android 6.0.1; Nexus 5X Build/MMB29P) AppleWebKit/537.36 (KHTML, like Gecko) Chrome/136.0.7103.113 Mobile Safari/537.36 (compatible; Googlebot/2.1; +http://www.google.com/bot.html)"
66.249.64.5 - - [13/Jun/2025:09:25:06 -0400] "GET /?d=92468292260&filter=b3ae16&share_to_url=detail.php%3Fid%3D3132609%26name%3Dvista+sneakers+jr+puma HTTP/1.1" 200 23174 "-" "Mozilla/5.0 (Linux; Android 6.0.1; Nexus 5X Build/MMB29P) AppleWebKit/537.36 (KHTML, like Gecko) Chrome/136.0.7103.113 Mobile Safari/537.36 (compatible; Googlebot/2.1; +http://www.google.com/bot.html)"
157.55.39.203 - - [13/Jun/2025:09:25:06 -0400] "GET /?d=63785042260&filter=14708a&share_to_url=ideas.php%3Fid%3D2163072%26name%3D1994+cannondale+h300 HTTP/1.1" 200 23623 "-" "Mozilla/5.0 AppleWebKit/537.36 (KHTML, like Gecko; compatible; bingbot/2.0; +http://www.bing.com/bingbot.htm) Chrome/116.0.1938.76 Safari/537.36"
66.249.64.5 - - [13/Jun/2025:09:25:07 -0400] "GET /?d=114224329260&filter=f3b098&share_to_url=pin.php%3Fid%3D3868110%26name%3Dlive+plants+r+pacmanfrog HTTP/1.1" 200 24002 "-" "Mozilla/5.0 (Linux; Android 6.0.1; Nexus 5X Build/MMB29P) AppleWebKit/537.36 (KHTML, like Gecko) Chrome/136.0.7103.113 Mobile Safari/537.36 (compatible; Googlebot/2.1; +http://www.google.com/bot.html)"
66.249.64.5 - - [13/Jun/2025:09:25:09 -0400] "GET /?d=100497953260&filter=bcf072&share_to_url=goods.php%3Fid%3D3406259%26name%3Dyupoong+6089+heather+classic HTTP/1.1" 200 22726 "-" "Mozilla/5.0 (Linux; Android 6.0.1; Nexus 5X Build/MMB29P) AppleWebKit/537.36 (KHTML, like Gecko) Chrome/136.0.7103.113 Mobile Safari/537.36 (compatible; Googlebot/2.1; +http://www.google.com/bot.html)"
66.249.64.5 - - [13/Jun/2025:09:25:12 -0400] "GET /?d=99504778260&filter=6afb2d&share_to_url=article.php%3Fid%3D3372518%26name%3Djiekai+jade HTTP/1.1" 200 24052 "-" "Mozilla/5.0 (Linux; Android 6.0.1; Nexus 5X Build/MMB29P) AppleWebKit/537.36 (KHTML, like Gecko) Chrome/136.0.7103.113 Mobile Safari/537.36 (compatible; Googlebot/2.1; +http://www.google.com/bot.html)"
66.249.64.5 - - [13/Jun/2025:09:25:14 -0400] "GET /?d=109732675260&filter=c19a1f&share_to_url=pin.php%3Fid%3D3714174%26name%3Dswiss+classic+piece+paring+knife HTTP/1.1" 200 22762 "-" "Mozilla/5.0 (Linux; Android 6.0.1; Nexus 5X Build/MMB29P) AppleWebKit/537.36 (KHTML, like Gecko) Chrome/136.0.7103.113 Mobile Safari/537.36 (compatible; Googlebot/2.1; +http://www.google.com/bot.html)"
52.167.144.150 - - [13/Jun/2025:09:25:15 -0400] "GET /?d=37170627260&filter=b2e434&share_to_url=ideas.php%3Fid%3D1262196%26name%3Donline+programs+invictus HTTP/1.1" 200 23217 "-" "Mozilla/5.0 AppleWebKit/537.36 (KHTML, like Gecko; compatible; bingbot/2.0; +http://www.bing.com/bingbot.htm) Chrome/116.0.1938.76 Safari/537.36"
66.249.64.5 - - [13/Jun/2025:09:25:16 -0400] "GET /?d=97213111260&filter=62bca5&share_to_url=item.php%3Fid%3D3294049%26name%3Dbuy+panel+wooden+clothes+horse HTTP/1.1" 200 23397 "-" "Mozilla/5.0 (Linux; Android 6.0.1; Nexus 5X Build/MMB29P) AppleWebKit/537.36 (KHTML, like Gecko) Chrome/136.0.7103.113 Mobile Safari/537.36 (compatible; Googlebot/2.1; +http://www.google.com/bot.html)"
66.249.64.128 - - [13/Jun/2025:09:25:16 -0400] "GET /?d=96219357260&filter=03bb2d&share_to_url=shop.php%3Fid%3D3259855%26name%3Dwah+wah+x+the HTTP/1.1" 200 24317 "-" "Mozilla/5.0 (Linux; Android 6.0.1; Nexus 5X Build/MMB29P) AppleWebKit/537.36 (KHTML, like Gecko) Chrome/136.0.7103.113 Mobile Safari/537.36 (compatible; Googlebot/2.1; +http://www.google.com/bot.html)"
207.46.13.63 - - [13/Jun/2025:09:25:16 -0400] "GET /?d=108413187260&filter=d67b0a&share_to_url=article.php%3Fid%3D3670706%26name%3Dyouth+taysom+2025 HTTP/1.1" 200 23396 "-" "Mozilla/5.0 AppleWebKit/537.36 (KHTML, like Gecko; compatible; bingbot/2.0; +http://www.bing.com/bingbot.htm) Chrome/116.0.1938.76 Safari/537.36"
20.15.133.191 - - [13/Jun/2025:09:25:17 -0400] "GET /?d=101445884260&filter=1c3e5e&share_to_url=detail.php%3Fid%3D3439089%26name%3Daudio+splitter+box HTTP/1.1" 200 24033 "-" "Mozilla/5.0 AppleWebKit/537.36 (KHTML, like Gecko; compatible; bingbot/2.0; +http://www.bing.com/bingbot.htm) Chrome/116.0.1938.76 Safari/537.36"
66.249.64.5 - - [13/Jun/2025:09:25:19 -0400] "GET /?d=106297839260&filter=654806&share_to_url=discover.php%3Fid%3D3600221%26name%3Deytys+black+impreza HTTP/1.1" 200 22443 "-" "Mozilla/5.0 (Linux; Android 6.0.1; Nexus 5X Build/MMB29P) AppleWebKit/537.36 (KHTML, like Gecko) Chrome/136.0.7103.113 Mobile Safari/537.36 (compatible; Googlebot/2.1; +http://www.google.com/bot.html)"
52.167.144.172 - - [13/Jun/2025:09:25:19 -0400] "GET /?d=76210836260&filter=95c78c&share_to_url=shopdetail.php%3Fid%3D2583020%26name%3Dnova+skin+da+feiticeira HTTP/1.1" 200 23458 "-" "Mozilla/5.0 AppleWebKit/537.36 (KHTML, like Gecko; compatible; bingbot/2.0; +http://www.bing.com/bingbot.htm) Chrome/116.0.1938.76 Safari/537.36"
66.249.64.132 - - [13/Jun/2025:09:25:20 -0400] "GET /?d=100437871260&filter=4a33b7&share_to_url=goods.php%3Fid%3D3404147%26name%3Dsony+a7iii+video+quality HTTP/1.1" 200 22359 "-" "Mozilla/5.0 (Linux; Android 6.0.1; Nexus 5X Build/MMB29P) AppleWebKit/537.36 (KHTML, like Gecko) Chrome/136.0.7103.113 Mobile Safari/537.36 (compatible; Googlebot/2.1; +http://www.google.com/bot.html)"
66.249.64.5 - - [13/Jun/2025:09:25:21 -0400] "GET /?d=79898297260&filter=afcfc9&share_to_url=model.php%3Fid%3D2706039%26name%3Dcapazo+borlas+abrigos HTTP/1.1" 200 24514 "-" "Mozilla/5.0 (Linux; Android 6.0.1; Nexus 5X Build/MMB29P) AppleWebKit/537.36 (KHTML, like Gecko) Chrome/136.0.7103.113 Mobile Safari/537.36 (compatible; Googlebot/2.1; +http://www.google.com/bot.html)"
66.249.64.5 - - [13/Jun/2025:09:25:22 -0400] "GET /?d=93515595260&filter=c848c0&share_to_url=pin.php%3Fid%3D3168030%26name%3Doculus+elite+strap HTTP/1.1" 200 23125 "-" "Mozilla/5.0 (Linux; Android 6.0.1; Nexus 5X Build/MMB29P) AppleWebKit/537.36 (KHTML, like Gecko) Chrome/136.0.7103.113 Mobile Safari/537.36 (compatible; Googlebot/2.1; +http://www.google.com/bot.html)"
66.249.64.5 - - [13/Jun/2025:09:25:22 -0400] "GET /?d=117245849260&filter=b50421&share_to_url=ideas.php%3Fid%3D3970860%26name%3Dorigin+pc+eon15+x HTTP/1.1" 200 23851 "-" "Mozilla/5.0 (Linux; Android 6.0.1; Nexus 5X Build/MMB29P) AppleWebKit/537.36 (KHTML, like Gecko) Chrome/136.0.7103.113 Mobile Safari/537.36 (compatible; Googlebot/2.1; +http://www.google.com/bot.html)"
66.249.64.5 - - [13/Jun/2025:09:25:23 -0400] "GET /?d=103583022260&filter=934019&share_to_url=detail.php%3Fid%3D3509793%26name%3Dnina+shoes+open+toe HTTP/1.1" 200 24200 "-" "Mozilla/5.0 (Linux; Android 6.0.1; Nexus 5X Build/MMB29P) AppleWebKit/537.36 (KHTML, like Gecko) Chrome/136.0.7103.113 Mobile Safari/537.36 (compatible; Googlebot/2.1; +http://www.google.com/bot.html)"
52.167.144.150 - - [13/Jun/2025:09:25:24 -0400] "GET /?d=10382286260&filter=99857c&share_to_url=model.php%3Fid%3D356259%26name%3Drode+prinsessenjurk+met+tule HTTP/1.1" 200 24262 "-" "Mozilla/5.0 AppleWebKit/537.36 (KHTML, like Gecko; compatible; bingbot/2.0; +http://www.bing.com/bingbot.htm) Chrome/116.0.1938.76 Safari/537.36"
66.249.64.5 - - [13/Jun/2025:09:25:24 -0400] "GET /?d=92766626260&filter=6ee96f&share_to_url=discover.php%3Fid%3D3143093%26name%3Dengsub+bl+moonlight HTTP/1.1" 200 23527 "-" "Mozilla/5.0 (Linux; Android 6.0.1; Nexus 5X Build/MMB29P) AppleWebKit/537.36 (KHTML, like Gecko) Chrome/136.0.7103.113 Mobile Safari/537.36 (compatible; Googlebot/2.1; +http://www.google.com/bot.html)"
52.167.144.150 - - [13/Jun/2025:09:25:24 -0400] "GET /?d=47474781260&filter=5046c4&share_to_url=article.php%3Fid%3D1612514%26name%3Dveste+anti+uv+tabor HTTP/1.1" 200 22713 "-" "Mozilla/5.0 AppleWebKit/537.36 (KHTML, like Gecko; compatible; bingbot/2.0; +http://www.bing.com/bingbot.htm) Chrome/116.0.1938.76 Safari/537.36"
66.249.64.5 - - [13/Jun/2025:09:25:24 -0400] "GET /?d=115931396260&filter=a8e0e6&share_to_url=ideas.php%3Fid%3D3926040%26name%3Dpersonalized+mommy+of+the+monster HTTP/1.1" 200 23536 "-" "Mozilla/5.0 (Linux; Android 6.0.1; Nexus 5X Build/MMB29P) AppleWebKit/537.36 (KHTML, like Gecko) Chrome/136.0.7103.113 Mobile Safari/537.36 (compatible; Googlebot/2.1; +http://www.google.com/bot.html)"
52.167.144.158 - - [13/Jun/2025:09:25:25 -0400] "GET /?d=85721210260&filter=ed3d47&share_to_url=product.php%3Fid%3D2904082%26name%3Dheel+character+shoes HTTP/1.1" 200 23744 "-" "Mozilla/5.0 AppleWebKit/537.36 (KHTML, like Gecko; compatible; bingbot/2.0; +http://www.bing.com/bingbot.htm) Chrome/116.0.1938.76 Safari/537.36"
52.167.144.158 - - [13/Jun/2025:09:25:25 -0400] "GET /?d=111437041260&filter=96a32b&share_to_url=shopdetail.php%3Fid%3D3773888%26name%3Dschaferandweinershops+australia+fila+grant HTTP/1.1" 200 23205 "-" "Mozilla/5.0 AppleWebKit/537.36 (KHTML, like Gecko; compatible; bingbot/2.0; +http://www.bing.com/bingbot.htm) Chrome/116.0.1938.76 Safari/537.36"
52.167.144.150 - - [13/Jun/2025:09:25:26 -0400] "GET /?d=116894608260&filter=8dcd33&share_to_url=goods.php%3Fid%3D3958547%26name%3Dlunette+prada+femme+2020 HTTP/1.1" 200 22514 "-" "Mozilla/5.0 AppleWebKit/537.36 (KHTML, like Gecko; compatible; bingbot/2.0; +http://www.bing.com/bingbot.htm) Chrome/116.0.1938.76 Safari/537.36"
52.167.144.150 - - [13/Jun/2025:09:25:26 -0400] "GET /?d=86157559260&filter=6c3290&share_to_url=product.php%3Fid%3D2919022%26name%3Dvinted+italia+buongiorno+a HTTP/1.1" 200 24499 "-" "Mozilla/5.0 AppleWebKit/537.36 (KHTML, like Gecko; compatible; bingbot/2.0; +http://www.bing.com/bingbot.htm) Chrome/116.0.1938.76 Safari/537.36"
52.167.144.150 - - [13/Jun/2025:09:25:27 -0400] "GET /?d=19436480260&filter=1226ef&share_to_url=pin.php%3Fid%3D660606%26name%3Dbelvedere+rome+suede HTTP/1.1" 200 23705 "-" "Mozilla/5.0 AppleWebKit/537.36 (KHTML, like Gecko; compatible; bingbot/2.0; +http://www.bing.com/bingbot.htm) Chrome/116.0.1938.76 Safari/537.36"
66.249.64.6 - - [13/Jun/2025:09:25:28 -0400] "GET /?d=107973526260&filter=3699f1&share_to_url=goods.php%3Fid%3D3655715%26name%3Drottweiler+mix+siberian+husky+image HTTP/1.1" 200 23582 "-" "Mozilla/5.0 (Linux; Android 6.0.1; Nexus 5X Build/MMB29P) AppleWebKit/537.36 (KHTML, like Gecko) Chrome/136.0.7103.113 Mobile Safari/537.36 (compatible; Googlebot/2.1; +http://www.google.com/bot.html)"
52.167.144.150 - - [13/Jun/2025:09:25:29 -0400] "GET /?d=117224938260&filter=3ecf54&share_to_url=item.php%3Fid%3D3970129%26name%3Dgreen+rugged+iphone+15 HTTP/1.1" 200 23211 "-" "Mozilla/5.0 AppleWebKit/537.36 (KHTML, like Gecko; compatible; bingbot/2.0; +http://www.bing.com/bingbot.htm) Chrome/116.0.1938.76 Safari/537.36"
66.249.64.5 - - [13/Jun/2025:09:25:30 -0400] "GET /?d=95388141260&filter=62bca5&share_to_url=ideas.php%3Fid%3D3231660%26name%3Dseasucker+monkey+bars+rack HTTP/1.1" 200 22840 "-" "Mozilla/5.0 (Linux; Android 6.0.1; Nexus 5X Build/MMB29P) AppleWebKit/537.36 (KHTML, like Gecko) Chrome/136.0.7103.113 Mobile Safari/537.36 (compatible; Googlebot/2.1; +http://www.google.com/bot.html)"
66.249.64.6 - - [13/Jun/2025:09:25:34 -0400] "GET /?d=106820541260&filter=3699f1&share_to_url=ideas.php%3Fid%3D3617820%26name%3Ddirty+water+dangers HTTP/1.1" 200 24466 "-" "Mozilla/5.0 (Linux; Android 6.0.1; Nexus 5X Build/MMB29P) AppleWebKit/537.36 (KHTML, like Gecko) Chrome/136.0.7103.113 Mobile Safari/537.36 (compatible; Googlebot/2.1; +http://www.google.com/bot.html)"
66.249.64.5 - - [13/Jun/2025:09:25:36 -0400] "GET /?d=113890386260&filter=5c0f5e&share_to_url=shopdetail.php%3Fid%3D3857240%26name%3Dsydney+uni+staminade HTTP/1.1" 200 22881 "-" "Mozilla/5.0 (Linux; Android 6.0.1; Nexus 5X Build/MMB29P) AppleWebKit/537.36 (KHTML, like Gecko) Chrome/136.0.7103.113 Mobile Safari/537.36 (compatible; Googlebot/2.1; +http://www.google.com/bot.html)"
207.46.13.63 - - [13/Jun/2025:09:25:37 -0400] "GET /?d=105973732260&filter=00a8d6&share_to_url=detail.php?id=3589617&name=gift%20sets%20for%20her HTTP/1.1" 200 24302 "-" "Mozilla/5.0 AppleWebKit/537.36 (KHTML, like Gecko; compatible; bingbot/2.0; +http://www.bing.com/bingbot.htm) Chrome/116.0.1938.76 Safari/537.36"
52.167.144.172 - - [13/Jun/2025:09:25:38 -0400] "GET /?d=110567776260&filter=ce0598&share_to_url=detail.php%3Fid%3D3743241%26name%3Da+pulley+fix+for+waggles HTTP/1.1" 200 22295 "-" "Mozilla/5.0 AppleWebKit/537.36 (KHTML, like Gecko; compatible; bingbot/2.0; +http://www.bing.com/bingbot.htm) Chrome/116.0.1938.76 Safari/537.36"
66.249.64.5 - - [13/Jun/2025:09:25:39 -0400] "GET /?d=108638969260&filter=de1f77&share_to_url=detail.php%3Fid%3D3678369%26name%3Di10+magna+clutch+plate+2024 HTTP/1.1" 200 24108 "-" "Mozilla/5.0 (Linux; Android 6.0.1; Nexus 5X Build/MMB29P) AppleWebKit/537.36 (KHTML, like Gecko) Chrome/136.0.7103.113 Mobile Safari/537.36 (compatible; Googlebot/2.1; +http://www.google.com/bot.html)"
66.249.64.5 - - [13/Jun/2025:09:25:41 -0400] "GET /?d=96140886260&filter=1876cd&share_to_url=product-page.php%3Fid%3D3257308%26name%3Dgiant+hoodies+discount+codes HTTP/1.1" 200 24413 "-" "Mozilla/5.0 (Linux; Android 6.0.1; Nexus 5X Build/MMB29P) AppleWebKit/537.36 (KHTML, like Gecko) Chrome/136.0.7103.113 Mobile Safari/537.36 (compatible; Googlebot/2.1; +http://www.google.com/bot.html)"
66.249.64.6 - - [13/Jun/2025:09:25:44 -0400] "GET /?d=108933335260&filter=6b8509&share_to_url=discover.php%3Fid%3D3688001%26name%3Dcaixabank+enero+ayuntamiento HTTP/1.1" 200 24221 "-" "Mozilla/5.0 (Linux; Android 6.0.1; Nexus 5X Build/MMB29P) AppleWebKit/537.36 (KHTML, like Gecko) Chrome/136.0.7103.113 Mobile Safari/537.36 (compatible; Googlebot/2.1; +http://www.google.com/bot.html)"
66.249.64.6 - - [13/Jun/2025:09:25:47 -0400] "GET /?d=94977366260&filter=36b850&share_to_url=article.php%3Fid%3D3217994%26name%3Dofix+premium+31+ergo+chair HTTP/1.1" 200 23169 "-" "Mozilla/5.0 (Linux; Android 6.0.1; Nexus 5X Build/MMB29P) AppleWebKit/537.36 (KHTML, like Gecko) Chrome/136.0.7103.113 Mobile Safari/537.36 (compatible; Googlebot/2.1; +http://www.google.com/bot.html)"
66.249.64.131 - - [13/Jun/2025:09:25:47 -0400] "GET /?d=97486990260&filter=9b7463&share_to_url=shop.php%3Fid%3D3303571%26name%3Dreva+footwear+come HTTP/1.1" 200 23422 "-" "Mozilla/5.0 (Linux; Android 6.0.1; Nexus 5X Build/MMB29P) AppleWebKit/537.36 (KHTML, like Gecko) Chrome/136.0.7103.113 Mobile Safari/537.36 (compatible; Googlebot/2.1; +http://www.google.com/bot.html)"
66.249.64.6 - - [13/Jun/2025:09:25:47 -0400] "GET /?d=10894408260&filter=8de18d&share_to_url=item.php%3Fid%3D373393%26name%3Dadu+topspeed+akselerasi HTTP/1.1" 200 23651 "-" "Mozilla/5.0 (Linux; Android 6.0.1; Nexus 5X Build/MMB29P) AppleWebKit/537.36 (KHTML, like Gecko) Chrome/136.0.7103.113 Mobile Safari/537.36 (compatible; Googlebot/2.1; +http://www.google.com/bot.html)"
66.249.64.6 - - [13/Jun/2025:09:25:49 -0400] "GET /?d=108728499260&filter=84635c&share_to_url=goods.php%3Fid%3D3681407%26name%3Dlaptop+skin+black+orange HTTP/1.1" 200 23134 "-" "Mozilla/5.0 (Linux; Android 6.0.1; Nexus 5X Build/MMB29P) AppleWebKit/537.36 (KHTML, like Gecko) Chrome/136.0.7103.113 Mobile Safari/537.36 (compatible; Googlebot/2.1; +http://www.google.com/bot.html)"
66.249.64.5 - - [13/Jun/2025:09:25:52 -0400] "GET /?d=118101471260&filter=07ee75&share_to_url=shop.php%3Fid%3D3999511%26name%3Dconway+banks+coach HTTP/1.1" 200 23033 "-" "Mozilla/5.0 (Linux; Android 6.0.1; Nexus 5X Build/MMB29P) AppleWebKit/537.36 (KHTML, like Gecko) Chrome/136.0.7103.113 Mobile Safari/537.36 (compatible; Googlebot/2.1; +http://www.google.com/bot.html)"
52.167.144.172 - - [13/Jun/2025:09:25:54 -0400] "GET /?d=35194941260&filter=c7968e&share_to_url=ideas.php%3Fid%3D1196364%26name%3Dwrangler+cow+print+trolley HTTP/1.1" 200 23943 "-" "Mozilla/5.0 AppleWebKit/537.36 (KHTML, like Gecko; compatible; bingbot/2.0; +http://www.bing.com/bingbot.htm) Chrome/116.0.1938.76 Safari/537.36"
52.167.144.172 - - [13/Jun/2025:09:25:54 -0400] "GET /?d=72180008260&filter=61fa9d&share_to_url=model.php%3Fid%3D2446287%26name%3Dstable+global+android+10 HTTP/1.1" 200 23681 "-" "Mozilla/5.0 AppleWebKit/537.36 (KHTML, like Gecko; compatible; bingbot/2.0; +http://www.bing.com/bingbot.htm) Chrome/116.0.1938.76 Safari/537.36"
66.249.64.5 - - [13/Jun/2025:09:25:55 -0400] "GET /?d=111036556260&filter=82e15d&share_to_url=product-page.php%3Fid%3D3760000%26name%3Dbar%C3%A7a+2020+21+squad+numbers+confirmed HTTP/1.1" 200 23253 "-" "Mozilla/5.0 (Linux; Android 6.0.1; Nexus 5X Build/MMB29P) AppleWebKit/537.36 (KHTML, like Gecko) Chrome/136.0.7103.113 Mobile Safari/537.36 (compatible; Googlebot/2.1; +http://www.google.com/bot.html)"
52.167.144.172 - - [13/Jun/2025:09:25:55 -0400] "GET /?d=96303269260&filter=fd45ef&share_to_url=model.php%3Fid%3D3262671%26name%3Dboy+hefei+sublime HTTP/1.1" 200 24457 "-" "Mozilla/5.0 AppleWebKit/537.36 (KHTML, like Gecko; compatible; bingbot/2.0; +http://www.bing.com/bingbot.htm) Chrome/116.0.1938.76 Safari/537.36"
52.167.144.150 - - [13/Jun/2025:09:25:55 -0400] "GET /?d=46002380260&filter=3ebd99&share_to_url=product.php%3Fid%3D1561198%26name%3Dthe+way+home+2024 HTTP/1.1" 200 23413 "-" "Mozilla/5.0 AppleWebKit/537.36 (KHTML, like Gecko; compatible; bingbot/2.0; +http://www.bing.com/bingbot.htm) Chrome/116.0.1938.76 Safari/537.36"
157.55.39.203 - - [13/Jun/2025:09:25:56 -0400] "GET /?d=23098145260&filter=c08dc8&share_to_url=article.php%3Fid%3D783926%26name%3Dcarros+para+bb+discount HTTP/1.1" 200 23749 "-" "Mozilla/5.0 AppleWebKit/537.36 (KHTML, like Gecko; compatible; bingbot/2.0; +http://www.bing.com/bingbot.htm) Chrome/116.0.1938.76 Safari/537.36"
207.46.13.102 - - [13/Jun/2025:09:25:57 -0400] "GET /?d=111851559260&filter=5e40a7&share_to_url=product.php?id=3788518&name=china%20xinhua%20news HTTP/1.1" 200 23573 "-" "Mozilla/5.0 AppleWebKit/537.36 (KHTML, like Gecko; compatible; bingbot/2.0; +http://www.bing.com/bingbot.htm) Chrome/116.0.1938.76 Safari/537.36"
52.167.144.172 - - [13/Jun/2025:09:25:57 -0400] "GET /?d=9965428260&filter=fd45ef&share_to_url=article.php%3Fid%3D341954%26name%3Dr8+toy+hot HTTP/1.1" 200 22709 "-" "Mozilla/5.0 AppleWebKit/537.36 (KHTML, like Gecko; compatible; bingbot/2.0; +http://www.bing.com/bingbot.htm) Chrome/116.0.1938.76 Safari/537.36"
52.167.144.172 - - [13/Jun/2025:09:25:57 -0400] "GET /?d=59719258260&filter=56e2eb&share_to_url=article.php%3Fid%3D2026922%26name%3Dmonster+high+world HTTP/1.1" 200 23411 "-" "Mozilla/5.0 AppleWebKit/537.36 (KHTML, like Gecko; compatible; bingbot/2.0; +http://www.bing.com/bingbot.htm) Chrome/116.0.1938.76 Safari/537.36"
66.249.64.5 - - [13/Jun/2025:09:25:58 -0400] "GET /?d=109502526260&filter=3fa24f&share_to_url=goods.php%3Fid%3D3706367%26name%3Dwhite+crochet+cardigan HTTP/1.1" 200 24214 "-" "Mozilla/5.0 (Linux; Android 6.0.1; Nexus 5X Build/MMB29P) AppleWebKit/537.36 (KHTML, like Gecko) Chrome/136.0.7103.113 Mobile Safari/537.36 (compatible; Googlebot/2.1; +http://www.google.com/bot.html)"
66.249.64.131 - - [13/Jun/2025:09:25:59 -0400] "GET /?d=93118200260&filter=61fa9d&share_to_url=product-page.php%3Fid%3D3154960%26name%3Dwireless+charge+receiver HTTP/1.1" 200 22971 "-" "Mozilla/5.0 (Linux; Android 6.0.1; Nexus 5X Build/MMB29P) AppleWebKit/537.36 (KHTML, like Gecko) Chrome/136.0.7103.113 Mobile Safari/537.36 (compatible; Googlebot/2.1; +http://www.google.com/bot.html)"
66.249.64.7 - - [13/Jun/2025:09:26:01 -0400] "GET /?d=116334558260&filter=f4b633&share_to_url=model.php%3Fid%3D3939651%26name%3Dwicker+chair+clearance+patio HTTP/1.1" 200 24108 "-" "Mozilla/5.0 (Linux; Android 6.0.1; Nexus 5X Build/MMB29P) AppleWebKit/537.36 (KHTML, like Gecko) Chrome/136.0.7103.113 Mobile Safari/537.36 (compatible; Googlebot/2.1; +http://www.google.com/bot.html)"
66.249.64.5 - - [13/Jun/2025:09:26:03 -0400] "GET /?d=93744660260&filter=469540&share_to_url=item.php%3Fid%3D3175933%26name%3D30+excellent+day HTTP/1.1" 200 24839 "-" "Mozilla/5.0 (Linux; Android 6.0.1; Nexus 5X Build/MMB29P) AppleWebKit/537.36 (KHTML, like Gecko) Chrome/136.0.7103.113 Mobile Safari/537.36 (compatible; Googlebot/2.1; +http://www.google.com/bot.html)"
52.167.144.150 - - [13/Jun/2025:09:26:04 -0400] "GET /?d=10249090260&filter=71e9aa&share_to_url=goods.php%3Fid%3D351575%26name%3Dgucci+micro+fantastic HTTP/1.1" 200 23624 "-" "Mozilla/5.0 AppleWebKit/537.36 (KHTML, like Gecko; compatible; bingbot/2.0; +http://www.bing.com/bingbot.htm) Chrome/116.0.1938.76 Safari/537.36"
66.249.64.5 - - [13/Jun/2025:09:26:05 -0400] "GET /?d=94849724260&filter=d627b2&share_to_url=shop.php%3Fid%3D3213883%26name%3Dgoodman+aruf303016aa+multi HTTP/1.1" 200 23254 "-" "Mozilla/5.0 (Linux; Android 6.0.1; Nexus 5X Build/MMB29P) AppleWebKit/537.36 (KHTML, like Gecko) Chrome/136.0.7103.113 Mobile Safari/537.36 (compatible; Googlebot/2.1; +http://www.google.com/bot.html)"
40.77.167.155 - - [13/Jun/2025:09:26:05 -0400] "GET /?d=118038999260&filter=468daa&share_to_url=product-page.php?id=3997312&name=asics%20mens%20woven HTTP/1.1" 200 22629 "-" "Mozilla/5.0 AppleWebKit/537.36 (KHTML, like Gecko; compatible; bingbot/2.0; +http://www.bing.com/bingbot.htm) Chrome/116.0.1938.76 Safari/537.36"
66.249.64.5 - - [13/Jun/2025:09:26:06 -0400] "GET /?d=110703727260&filter=637771&share_to_url=goods.php%3Fid%3D3748055%26name%3Dlip+souveraine+r+montres HTTP/1.1" 200 22920 "-" "Mozilla/5.0 (Linux; Android 6.0.1; Nexus 5X Build/MMB29P) AppleWebKit/537.36 (KHTML, like Gecko) Chrome/136.0.7103.113 Mobile Safari/537.36 (compatible; Googlebot/2.1; +http://www.google.com/bot.html)"
157.55.39.203 - - [13/Jun/2025:09:26:09 -0400] "GET /?d=82983525260&filter=08fd38&share_to_url=item.php%3Fid%3D2810893%26name%3Dfossil+store+men+black HTTP/1.1" 200 22815 "-" "Mozilla/5.0 AppleWebKit/537.36 (KHTML, like Gecko; compatible; bingbot/2.0; +http://www.bing.com/bingbot.htm) Chrome/116.0.1938.76 Safari/537.36"
66.249.64.5 - - [13/Jun/2025:09:26:10 -0400] "GET /?d=97851259260&filter=790b4d&share_to_url=ideas.php%3Fid%3D3316416%26name%3Dcondor+summit+zero HTTP/1.1" 200 22562 "-" "Mozilla/5.0 (Linux; Android 6.0.1; Nexus 5X Build/MMB29P) AppleWebKit/537.36 (KHTML, like Gecko) Chrome/136.0.7103.113 Mobile Safari/537.36 (compatible; Googlebot/2.1; +http://www.google.com/bot.html)"
157.55.39.203 - - [13/Jun/2025:09:26:11 -0400] "GET /?d=70408245260&filter=3d3b19&share_to_url=article.php%3Fid%3D2385674%26name%3Dbody+cruzado+cuello HTTP/1.1" 200 23976 "-" "Mozilla/5.0 AppleWebKit/537.36 (KHTML, like Gecko; compatible; bingbot/2.0; +http://www.bing.com/bingbot.htm) Chrome/116.0.1938.76 Safari/537.36"
66.249.64.5 - - [13/Jun/2025:09:26:14 -0400] "GET /?d=117562695260&filter=eba88d&share_to_url=pin.php%3Fid%3D3981294%26name%3Dcreiamo+un+look+da HTTP/1.1" 200 24264 "-" "Mozilla/5.0 (Linux; Android 6.0.1; Nexus 5X Build/MMB29P) AppleWebKit/537.36 (KHTML, like Gecko) Chrome/136.0.7103.113 Mobile Safari/537.36 (compatible; Googlebot/2.1; +http://www.google.com/bot.html)"
52.167.144.150 - - [13/Jun/2025:09:26:16 -0400] "GET /?d=112758262260&filter=c9616d&share_to_url=item.php%3Fid%3D3819181%26name%3Dlogo+keychain HTTP/1.1" 200 23861 "-" "Mozilla/5.0 AppleWebKit/537.36 (KHTML, like Gecko; compatible; bingbot/2.0; +http://www.bing.com/bingbot.htm) Chrome/116.0.1938.76 Safari/537.36"
207.46.13.102 - - [13/Jun/2025:09:26:16 -0400] "GET /?d=100326517260&filter=2ae663&share_to_url=shopdetail.php%3Fid%3D3400436%26name%3Dfitting+a+brand+x HTTP/1.1" 200 24442 "-" "Mozilla/5.0 AppleWebKit/537.36 (KHTML, like Gecko; compatible; bingbot/2.0; +http://www.bing.com/bingbot.htm) Chrome/116.0.1938.76 Safari/537.36"
207.46.13.102 - - [13/Jun/2025:09:26:17 -0400] "GET /?d=114661919260&filter=947acc&share_to_url=model.php%3Fid%3D3882747%26name%3Ddodot+pants+pa%C3%B1ales+t4 HTTP/1.1" 200 23604 "-" "Mozilla/5.0 AppleWebKit/537.36 (KHTML, like Gecko; compatible; bingbot/2.0; +http://www.bing.com/bingbot.htm) Chrome/116.0.1938.76 Safari/537.36"
66.249.64.5 - - [13/Jun/2025:09:26:18 -0400] "GET /?d=91844881260&filter=4d6fef&share_to_url=pin.php%3Fid%3D3112086%26name%3Dkenzo+beige+039+kenzo+sailor+039 HTTP/1.1" 200 23141 "-" "Mozilla/5.0 (Linux; Android 6.0.1; Nexus 5X Build/MMB29P) AppleWebKit/537.36 (KHTML, like Gecko) Chrome/136.0.7103.113 Mobile Safari/537.36 (compatible; Googlebot/2.1; +http://www.google.com/bot.html)"
66.249.64.5 - - [13/Jun/2025:09:26:22 -0400] "GET /?d=96520115260&filter=ed3d47&share_to_url=product.php%3Fid%3D3270298%26name%3Dcricket+shoes+at+lowest HTTP/1.1" 200 23569 "-" "Mozilla/5.0 (Linux; Android 6.0.1; Nexus 5X Build/MMB29P) AppleWebKit/537.36 (KHTML, like Gecko) Chrome/136.0.7103.113 Mobile Safari/537.36 (compatible; Googlebot/2.1; +http://www.google.com/bot.html)"
66.249.64.5 - - [13/Jun/2025:09:26:27 -0400] "GET /?d=111955267260&filter=8d4935&share_to_url=goods.php%3Fid%3D3791999%26name%3Dfossil+adds+noonlight+emergency HTTP/1.1" 200 22972 "-" "Mozilla/5.0 (Linux; Android 6.0.1; Nexus 5X Build/MMB29P) AppleWebKit/537.36 (KHTML, like Gecko) Chrome/136.0.7103.113 Mobile Safari/537.36 (compatible; Googlebot/2.1; +http://www.google.com/bot.html)"
157.55.39.203 - - [13/Jun/2025:09:26:27 -0400] "GET /?d=89116102260&filter=7bb540&share_to_url=item.php%3Fid%3D3020497%26name%3Dcopertura+batteria+monopattino+elettrico HTTP/1.1" 200 23762 "-" "Mozilla/5.0 AppleWebKit/537.36 (KHTML, like Gecko; compatible; bingbot/2.0; +http://www.bing.com/bingbot.htm) Chrome/116.0.1938.76 Safari/537.36"
66.249.64.5 - - [13/Jun/2025:09:26:29 -0400] "GET /?d=103921819260&filter=5398d3&share_to_url=shopdetail.php%3Fid%3D3521144%26name%3Dreprends+tes+ootd+pour HTTP/1.1" 200 23586 "-" "Mozilla/5.0 (Linux; Android 6.0.1; Nexus 5X Build/MMB29P) AppleWebKit/537.36 (KHTML, like Gecko) Chrome/136.0.7103.113 Mobile Safari/537.36 (compatible; Googlebot/2.1; +http://www.google.com/bot.html)"
66.249.64.5 - - [13/Jun/2025:09:26:33 -0400] "GET /?d=97470924260&filter=2a5fdd&share_to_url=article.php%3Fid%3D3303062%26name%3Dprice+shoes+hermoso+calzado HTTP/1.1" 200 24037 "-" "Mozilla/5.0 (Linux; Android 6.0.1; Nexus 5X Build/MMB29P) AppleWebKit/537.36 (KHTML, like Gecko) Chrome/136.0.7103.113 Mobile Safari/537.36 (compatible; Googlebot/2.1; +http://www.google.com/bot.html)"
52.167.144.158 - - [13/Jun/2025:09:26:35 -0400] "GET /?d=104395709260&filter=d50c1d&share_to_url=item.php%3Fid%3D3537121%26name%3Dplum+sport+band+glad HTTP/1.1" 200 23645 "-" "Mozilla/5.0 AppleWebKit/537.36 (KHTML, like Gecko; compatible; bingbot/2.0; +http://www.bing.com/bingbot.htm) Chrome/116.0.1938.76 Safari/537.36"
52.167.144.172 - - [13/Jun/2025:09:26:35 -0400] "GET /?d=92578158260&filter=aa7737&share_to_url=shop.php%3Fid%3D3136651%26name%3Ddan+post+winston HTTP/1.1" 200 22293 "-" "Mozilla/5.0 AppleWebKit/537.36 (KHTML, like Gecko; compatible; bingbot/2.0; +http://www.bing.com/bingbot.htm) Chrome/116.0.1938.76 Safari/537.36"
52.167.144.172 - - [13/Jun/2025:09:26:36 -0400] "GET /?d=70371744260&filter=cdc800&share_to_url=shop.php%3Fid%3D2384575%26name%3Dchristmas+sale+classic+heritage HTTP/1.1" 200 24161 "-" "Mozilla/5.0 AppleWebKit/537.36 (KHTML, like Gecko; compatible; bingbot/2.0; +http://www.bing.com/bingbot.htm) Chrome/116.0.1938.76 Safari/537.36"
52.167.144.158 - - [13/Jun/2025:09:26:37 -0400] "GET /?d=103402668260&filter=96a32b&share_to_url=product.php%3Fid%3D3504034%26name%3Dsport+2000+nederland HTTP/1.1" 200 22752 "-" "Mozilla/5.0 AppleWebKit/537.36 (KHTML, like Gecko; compatible; bingbot/2.0; +http://www.bing.com/bingbot.htm) Chrome/116.0.1938.76 Safari/537.36"
52.167.144.172 - - [13/Jun/2025:09:26:37 -0400] "GET /?d=56832368260&filter=08fd38&share_to_url=pin.php%3Fid%3D1929546%26name%3Dsony+smartband+clearance+amazon HTTP/1.1" 200 23298 "-" "Mozilla/5.0 AppleWebKit/537.36 (KHTML, like Gecko; compatible; bingbot/2.0; +http://www.bing.com/bingbot.htm) Chrome/116.0.1938.76 Safari/537.36"
66.249.64.5 - - [13/Jun/2025:09:26:38 -0400] "GET /?d=93530208260&filter=475947&share_to_url=model.php%3Fid%3D3168615%26name%3Dsoft+silicone+adjustable HTTP/1.1" 200 23722 "-" "Mozilla/5.0 (Linux; Android 6.0.1; Nexus 5X Build/MMB29P) AppleWebKit/537.36 (KHTML, like Gecko) Chrome/136.0.7103.113 Mobile Safari/537.36 (compatible; Googlebot/2.1; +http://www.google.com/bot.html)"
52.167.144.172 - - [13/Jun/2025:09:26:38 -0400] "GET /?d=19353299260&filter=24eacd&share_to_url=shop.php%3Fid%3D657715%26name%3D551+639+im+c3+a1genes+fotos+de+stock HTTP/1.1" 200 22732 "-" "Mozilla/5.0 AppleWebKit/537.36 (KHTML, like Gecko; compatible; bingbot/2.0; +http://www.bing.com/bingbot.htm) Chrome/116.0.1938.76 Safari/537.36"
66.249.64.5 - - [13/Jun/2025:09:26:41 -0400] "GET /?d=111620915260&filter=19d891&share_to_url=item.php%3Fid%3D3780253%26name%3Damazon+drivers+the HTTP/1.1" 200 23234 "-" "Mozilla/5.0 (Linux; Android 6.0.1; Nexus 5X Build/MMB29P) AppleWebKit/537.36 (KHTML, like Gecko) Chrome/136.0.7103.113 Mobile Safari/537.36 (compatible; Googlebot/2.1; +http://www.google.com/bot.html)"
52.167.144.150 - - [13/Jun/2025:09:26:45 -0400] "GET /?d=8833972260&filter=2aa707&share_to_url=ideas.php%3Fid%3D303228%26name%3Dsonos+gear+is HTTP/1.1" 200 22802 "-" "Mozilla/5.0 AppleWebKit/537.36 (KHTML, like Gecko; compatible; bingbot/2.0; +http://www.bing.com/bingbot.htm) Chrome/116.0.1938.76 Safari/537.36"
52.167.144.150 - - [13/Jun/2025:09:26:45 -0400] "GET /?d=103492561260&filter=d07a8e&share_to_url=model.php%3Fid%3D3506859%26name%3Dpanasonic+pv+gs9 HTTP/1.1" 200 23952 "-" "Mozilla/5.0 AppleWebKit/537.36 (KHTML, like Gecko; compatible; bingbot/2.0; +http://www.bing.com/bingbot.htm) Chrome/116.0.1938.76 Safari/537.36"
66.249.64.5 - - [13/Jun/2025:09:26:45 -0400] "GET /?d=43441161260&filter=c848c0&share_to_url=item.php%3Fid%3D1474213%26name%3Dbeat+saber+2025+web+game HTTP/1.1" 200 22180 "-" "Mozilla/5.0 (Linux; Android 6.0.1; Nexus 5X Build/MMB29P) AppleWebKit/537.36 (KHTML, like Gecko) Chrome/136.0.7103.113 Mobile Safari/537.36 (compatible; Googlebot/2.1; +http://www.google.com/bot.html)"
52.167.144.150 - - [13/Jun/2025:09:26:46 -0400] "GET /?d=38505390260&filter=b873a7&share_to_url=product.php%3Fid%3D1307206%26name%3Dmepp+s+aglia+spinners HTTP/1.1" 200 23159 "-" "Mozilla/5.0 AppleWebKit/537.36 (KHTML, like Gecko; compatible; bingbot/2.0; +http://www.bing.com/bingbot.htm) Chrome/116.0.1938.76 Safari/537.36"
66.249.64.5 - - [13/Jun/2025:09:26:49 -0400] "GET /?d=104861464260&filter=0c97d8&share_to_url=product-page.php%3Fid%3D3552916%26name%3Dmwoiiowm+vestido+largo+de+gasa+para HTTP/1.1" 200 23202 "-" "Mozilla/5.0 (Linux; Android 6.0.1; Nexus 5X Build/MMB29P) AppleWebKit/537.36 (KHTML, like Gecko) Chrome/136.0.7103.113 Mobile Safari/537.36 (compatible; Googlebot/2.1; +http://www.google.com/bot.html)"
66.249.64.6 - - [13/Jun/2025:09:26:54 -0400] "GET /?d=99894731260&filter=8408eb&share_to_url=goods.php%3Fid%3D3385595%26name%3Drabbit+backpack HTTP/1.1" 200 23539 "-" "Mozilla/5.0 (Linux; Android 6.0.1; Nexus 5X Build/MMB29P) AppleWebKit/537.36 (KHTML, like Gecko) Chrome/136.0.7103.113 Mobile Safari/537.36 (compatible; Googlebot/2.1; +http://www.google.com/bot.html)"
52.167.144.150 - - [13/Jun/2025:09:26:55 -0400] "GET /?d=78992428260&filter=ada5f8&share_to_url=model.php%3Fid%3D2675631%26name%3Dthe+crew+room+cafe HTTP/1.1" 200 24552 "-" "Mozilla/5.0 AppleWebKit/537.36 (KHTML, like Gecko; compatible; bingbot/2.0; +http://www.bing.com/bingbot.htm) Chrome/116.0.1938.76 Safari/537.36"
52.167.144.172 - - [13/Jun/2025:09:26:56 -0400] "GET /?d=12373292260&filter=14708a&share_to_url=product-page.php%3Fid%3D423064%26name%3Dupgrade+bearing+wheel HTTP/1.1" 200 24030 "-" "Mozilla/5.0 AppleWebKit/537.36 (KHTML, like Gecko; compatible; bingbot/2.0; +http://www.bing.com/bingbot.htm) Chrome/116.0.1938.76 Safari/537.36"
52.167.144.150 - - [13/Jun/2025:09:26:56 -0400] "GET /?d=115620250260&filter=fd45ef&share_to_url=detail.php%3Fid%3D3915561%26name%3Dskip+hop+deals+exersaucer HTTP/1.1" 200 22892 "-" "Mozilla/5.0 AppleWebKit/537.36 (KHTML, like Gecko; compatible; bingbot/2.0; +http://www.bing.com/bingbot.htm) Chrome/116.0.1938.76 Safari/537.36"
52.167.144.150 - - [13/Jun/2025:09:26:57 -0400] "GET /?d=34144809260&filter=6f993e&share_to_url=shopdetail.php%3Fid%3D1161512%26name%3Dcelebrate+summer+cycling+with HTTP/1.1" 200 24243 "-" "Mozilla/5.0 AppleWebKit/537.36 (KHTML, like Gecko; compatible; bingbot/2.0; +http://www.bing.com/bingbot.htm) Chrome/116.0.1938.76 Safari/537.36"
52.167.144.150 - - [13/Jun/2025:09:26:57 -0400] "GET /?d=35891050260&filter=f25e61&share_to_url=item.php%3Fid%3D1219321%26name%3Dkijk+fbi+seizoen+episode HTTP/1.1" 200 21596 "-" "Mozilla/5.0 AppleWebKit/537.36 (KHTML, like Gecko; compatible; bingbot/2.0; +http://www.bing.com/bingbot.htm) Chrome/116.0.1938.76 Safari/537.36"
66.249.64.6 - - [13/Jun/2025:09:26:58 -0400] "GET /?d=114111992260&filter=c31721&share_to_url=detail.php%3Fid%3D3864321%26name%3Dtory+burch+store+cleo+handbag HTTP/1.1" 200 24010 "-" "Mozilla/5.0 (Linux; Android 6.0.1; Nexus 5X Build/MMB29P) AppleWebKit/537.36 (KHTML, like Gecko) Chrome/136.0.7103.113 Mobile Safari/537.36 (compatible; Googlebot/2.1; +http://www.google.com/bot.html)"
52.167.144.150 - - [13/Jun/2025:09:26:58 -0400] "GET /?d=115739821260&filter=e86b2c&share_to_url=ideas.php%3Fid%3D3919404%26name%3Dfluffy+soft+knit HTTP/1.1" 200 24530 "-" "Mozilla/5.0 AppleWebKit/537.36 (KHTML, like Gecko; compatible; bingbot/2.0; +http://www.bing.com/bingbot.htm) Chrome/116.0.1938.76 Safari/537.36"
157.55.39.203 - - [13/Jun/2025:09:27:01 -0400] "GET /?d=65812759260&filter=2d2e9f&share_to_url=model.php%3Fid%3D2231319%26name%3Dsameera+rose+sigma+attar HTTP/1.1" 200 23181 "-" "Mozilla/5.0 AppleWebKit/537.36 (KHTML, like Gecko; compatible; bingbot/2.0; +http://www.bing.com/bingbot.htm) Chrome/116.0.1938.76 Safari/537.36"
66.249.64.5 - - [13/Jun/2025:09:27:02 -0400] "GET /?d=113642138260&filter=aa1f1e&share_to_url=ideas.php%3Fid%3D3848604%26name%3Dsneaker+of+the+week+ben HTTP/1.1" 200 22751 "-" "Mozilla/5.0 (Linux; Android 6.0.1; Nexus 5X Build/MMB29P) AppleWebKit/537.36 (KHTML, like Gecko) Chrome/136.0.7103.113 Mobile Safari/537.36 (compatible; Googlebot/2.1; +http://www.google.com/bot.html)"
52.167.144.150 - - [13/Jun/2025:09:27:05 -0400] "GET /?d=58208872260&filter=b1595f&share_to_url=model.php%3Fid%3D1976187%26name%3Devent+dresses+online+shop HTTP/1.1" 200 23304 "-" "Mozilla/5.0 AppleWebKit/537.36 (KHTML, like Gecko; compatible; bingbot/2.0; +http://www.bing.com/bingbot.htm) Chrome/116.0.1938.76 Safari/537.36"
66.249.64.6 - - [13/Jun/2025:09:27:06 -0400] "GET /?d=96788905260&filter=f4b633&share_to_url=item.php%3Fid%3D3279493%26name%3Dball+chair+black HTTP/1.1" 200 23408 "-" "Mozilla/5.0 (Linux; Android 6.0.1; Nexus 5X Build/MMB29P) AppleWebKit/537.36 (KHTML, like Gecko) Chrome/136.0.7103.113 Mobile Safari/537.36 (compatible; Googlebot/2.1; +http://www.google.com/bot.html)"
52.167.144.158 - - [13/Jun/2025:09:27:07 -0400] "GET /?d=105772418260&filter=cdfac6&share_to_url=goods.php%3Fid%3D3582947%26name%3Dcasio+2024+gorillaz+liverpool HTTP/1.1" 200 21837 "-" "Mozilla/5.0 AppleWebKit/537.36 (KHTML, like Gecko; compatible; bingbot/2.0; +http://www.bing.com/bingbot.htm) Chrome/116.0.1938.76 Safari/537.36"
207.46.13.102 - - [13/Jun/2025:09:27:10 -0400] "GET /?d=111871029260&filter=754b31&share_to_url=article.php?id=3789218&name=44%20minutes%20megadeth HTTP/1.1" 200 22805 "-" "Mozilla/5.0 AppleWebKit/537.36 (KHTML, like Gecko; compatible; bingbot/2.0; +http://www.bing.com/bingbot.htm) Chrome/116.0.1938.76 Safari/537.36"
52.167.144.172 - - [13/Jun/2025:09:27:10 -0400] "GET /?d=115189771260&filter=e0feb9&share_to_url=model.php%3Fid%3D3900591%26name%3Dbc601+14+blue HTTP/1.1" 200 23291 "-" "Mozilla/5.0 AppleWebKit/537.36 (KHTML, like Gecko; compatible; bingbot/2.0; +http://www.bing.com/bingbot.htm) Chrome/116.0.1938.76 Safari/537.36"
66.249.64.5 - - [13/Jun/2025:09:27:12 -0400] "GET /?d=116389154260&filter=ca372c&share_to_url=pin.php%3Fid%3D3941370%26name%3Dalien+spaceship+toy HTTP/1.1" 200 24626 "-" "Mozilla/5.0 (Linux; Android 6.0.1; Nexus 5X Build/MMB29P) AppleWebKit/537.36 (KHTML, like Gecko) Chrome/136.0.7103.113 Mobile Safari/537.36 (compatible; Googlebot/2.1; +http://www.google.com/bot.html)"
40.77.167.155 - - [13/Jun/2025:09:27:12 -0400] "GET /?d=101090109260&filter=638c9b&share_to_url=model.php%3Fid%3D3426651%26name%3Dscoop+scale+with+detachable HTTP/1.1" 200 23415 "-" "Mozilla/5.0 AppleWebKit/537.36 (KHTML, like Gecko; compatible; bingbot/2.0; +http://www.bing.com/bingbot.htm) Chrome/116.0.1938.76 Safari/537.36"
66.249.64.5 - - [13/Jun/2025:09:27:14 -0400] "GET /?d=114151404260&filter=ca372c&share_to_url=goods.php%3Fid%3D3865643%26name%3Dmini+electric+iron HTTP/1.1" 200 24254 "-" "Mozilla/5.0 (Linux; Android 6.0.1; Nexus 5X Build/MMB29P) AppleWebKit/537.36 (KHTML, like Gecko) Chrome/136.0.7103.113 Mobile Safari/537.36 (compatible; Googlebot/2.1; +http://www.google.com/bot.html)"
66.249.64.5 - - [13/Jun/2025:09:27:15 -0400] "GET /?d=90324079260&filter=26a884&share_to_url=goods.php%3Fid%3D3061139%26name%3Dtriumph+ladies+kate+leather HTTP/1.1" 200 24078 "-" "Mozilla/5.0 (Linux; Android 6.0.1; Nexus 5X Build/MMB29P) AppleWebKit/537.36 (KHTML, like Gecko) Chrome/136.0.7103.113 Mobile Safari/537.36 (compatible; Googlebot/2.1; +http://www.google.com/bot.html)"
208.110.64.178 - - [13/Jun/2025:09:27:16 -0400] "GET /wp-includes/edit.php HTTP/1.1" 302 6 "https://churchmr.com/wp-includes/edit.php" "Mozilla/5.0 (Windows NT 10.0; Win64; x64) AppleWebKit/537.36 (KHTML, like Gecko) Chrome/58.0.3029.110 Safari/537.3"
208.110.64.178 - - [13/Jun/2025:09:27:17 -0400] "GET /wp-includes/loginn.php HTTP/1.1" 302 6 "https://churchmr.com/wp-includes/edit.php" "Mozilla/5.0 (Windows NT 10.0; Win64; x64) AppleWebKit/537.36 (KHTML, like Gecko) Chrome/58.0.3029.110 Safari/537.3"
208.110.64.178 - - [13/Jun/2025:09:27:17 -0400] "GET /wp-includes/loginn.php HTTP/1.1" 302 6 "https://churchmr.com/wp-includes/edit.php" "Mozilla/5.0 (Windows NT 10.0; Win64; x64) AppleWebKit/537.36 (KHTML, like Gecko) Chrome/58.0.3029.110 Safari/537.3"
207.46.13.102 - - [13/Jun/2025:09:27:18 -0400] "GET /?d=102775880260&filter=8f29b3&share_to_url=goods.php%3Fid%3D3483407%26name%3Dpuma+cute+illustration+photos HTTP/1.1" 200 23004 "-" "Mozilla/5.0 AppleWebKit/537.36 (KHTML, like Gecko; compatible; bingbot/2.0; +http://www.bing.com/bingbot.htm) Chrome/116.0.1938.76 Safari/537.36"
66.249.64.5 - - [13/Jun/2025:09:27:18 -0400] "GET /?d=104041272260&filter=503588&share_to_url=goods.php%3Fid%3D3525227%26name%3Dbuy+craftlove+ginni+coin HTTP/1.1" 200 24265 "-" "Mozilla/5.0 (Linux; Android 6.0.1; Nexus 5X Build/MMB29P) AppleWebKit/537.36 (KHTML, like Gecko) Chrome/136.0.7103.113 Mobile Safari/537.36 (compatible; Googlebot/2.1; +http://www.google.com/bot.html)"
208.110.64.178 - - [13/Jun/2025:09:27:18 -0400] "GET /wp-includes/loginn.php HTTP/1.1" 302 6 "https://churchmr.com/wp-includes/edit.php" "Mozilla/5.0 (Windows NT 10.0; Win64; x64) AppleWebKit/537.36 (KHTML, like Gecko) Chrome/58.0.3029.110 Safari/537.3"
208.110.64.178 - - [13/Jun/2025:09:27:19 -0400] "GET /wp-includes/loginn.php HTTP/1.1" 302 6 "https://churchmr.com/wp-includes/edit.php" "Mozilla/5.0 (Windows NT 10.0; Win64; x64) AppleWebKit/537.36 (KHTML, like Gecko) Chrome/58.0.3029.110 Safari/537.3"
208.110.64.178 - - [13/Jun/2025:09:27:20 -0400] "GET /wp-includes/loginn.php HTTP/1.1" 302 6 "https://churchmr.com/wp-includes/edit.php" "Mozilla/5.0 (Windows NT 10.0; Win64; x64) AppleWebKit/537.36 (KHTML, like Gecko) Chrome/58.0.3029.110 Safari/537.3"
208.110.64.178 - - [13/Jun/2025:09:27:21 -0400] "GET /wp-includes/loginn.php HTTP/1.1" 302 6 "https://churchmr.com/wp-includes/edit.php" "Mozilla/5.0 (Windows NT 10.0; Win64; x64) AppleWebKit/537.36 (KHTML, like Gecko) Chrome/58.0.3029.110 Safari/537.3"
66.249.64.5 - - [13/Jun/2025:09:27:21 -0400] "GET /?d=115136659260&filter=877558&share_to_url=product.php%3Fid%3D3898906%26name%3Dlevi+039+s+xl+clearance HTTP/1.1" 200 23274 "-" "Mozilla/5.0 (Linux; Android 6.0.1; Nexus 5X Build/MMB29P) AppleWebKit/537.36 (KHTML, like Gecko) Chrome/136.0.7103.113 Mobile Safari/537.36 (compatible; Googlebot/2.1; +http://www.google.com/bot.html)"
208.110.64.178 - - [13/Jun/2025:09:27:21 -0400] "GET /wp-includes/loginn.php HTTP/1.1" 302 6 "https://churchmr.com/wp-includes/edit.php" "Mozilla/5.0 (Windows NT 10.0; Win64; x64) AppleWebKit/537.36 (KHTML, like Gecko) Chrome/58.0.3029.110 Safari/537.3"
208.110.64.178 - - [13/Jun/2025:09:27:22 -0400] "GET /wp-includes/loginn.php HTTP/1.1" 302 6 "https://churchmr.com/wp-includes/edit.php" "Mozilla/5.0 (Windows NT 10.0; Win64; x64) AppleWebKit/537.36 (KHTML, like Gecko) Chrome/58.0.3029.110 Safari/537.3"
208.110.64.178 - - [13/Jun/2025:09:27:23 -0400] "GET /wp-includes/loginn.php HTTP/1.1" 302 6 "https://churchmr.com/wp-includes/edit.php" "Mozilla/5.0 (Windows NT 10.0; Win64; x64) AppleWebKit/537.36 (KHTML, like Gecko) Chrome/58.0.3029.110 Safari/537.3"
208.110.64.178 - - [13/Jun/2025:09:27:24 -0400] "GET /wp-includes/loginn.php HTTP/1.1" 302 6 "https://churchmr.com/wp-includes/edit.php" "Mozilla/5.0 (Windows NT 10.0; Win64; x64) AppleWebKit/537.36 (KHTML, like Gecko) Chrome/58.0.3029.110 Safari/537.3"
40.77.167.155 - - [13/Jun/2025:09:27:24 -0400] "GET /?d=102309516260&filter=20ae0e&share_to_url=goods.php%3Fid%3D3468107%26name%3Dcapri+jean+jeggings HTTP/1.1" 200 23310 "-" "Mozilla/5.0 AppleWebKit/537.36 (KHTML, like Gecko; compatible; bingbot/2.0; +http://www.bing.com/bingbot.htm) Chrome/116.0.1938.76 Safari/537.36"
208.110.64.178 - - [13/Jun/2025:09:27:24 -0400] "GET /wp-includes/loginn.php HTTP/1.1" 302 6 "https://churchmr.com/wp-includes/edit.php" "Mozilla/5.0 (Windows NT 10.0; Win64; x64) AppleWebKit/537.36 (KHTML, like Gecko) Chrome/58.0.3029.110 Safari/537.3"
40.77.167.155 - - [13/Jun/2025:09:27:25 -0400] "GET /?d=102902244260&filter=29613a&share_to_url=detail.php?id=3487425&name=swing%20set%20metal HTTP/1.1" 200 24035 "-" "Mozilla/5.0 AppleWebKit/537.36 (KHTML, like Gecko; compatible; bingbot/2.0; +http://www.bing.com/bingbot.htm) Chrome/116.0.1938.76 Safari/537.36"
66.249.64.5 - - [13/Jun/2025:09:27:25 -0400] "GET /?d=95604378260&filter=80c420&share_to_url=pin.php%3Fid%3D3239142%26name%3Dl+039+ile+de+tortuga+lille HTTP/1.1" 200 24872 "-" "Mozilla/5.0 (Linux; Android 6.0.1; Nexus 5X Build/MMB29P) AppleWebKit/537.36 (KHTML, like Gecko) Chrome/136.0.7103.113 Mobile Safari/537.36 (compatible; Googlebot/2.1; +http://www.google.com/bot.html)"
208.110.64.178 - - [13/Jun/2025:09:27:25 -0400] "GET /wp-includes/loginn.php HTTP/1.1" 302 6 "https://churchmr.com/wp-includes/edit.php" "Mozilla/5.0 (Windows NT 10.0; Win64; x64) AppleWebKit/537.36 (KHTML, like Gecko) Chrome/58.0.3029.110 Safari/537.3"
52.167.144.172 - - [13/Jun/2025:09:27:25 -0400] "GET /?d=115599065260&filter=a1f8ef&share_to_url=item.php%3Fid%3D3914797%26name%3Damethyst+ring+vintage HTTP/1.1" 200 22319 "-" "Mozilla/5.0 AppleWebKit/537.36 (KHTML, like Gecko; compatible; bingbot/2.0; +http://www.bing.com/bingbot.htm) Chrome/116.0.1938.76 Safari/537.36"
208.110.64.178 - - [13/Jun/2025:09:27:26 -0400] "GET /wp-includes/loginn.php HTTP/1.1" 302 6 "https://churchmr.com/wp-includes/edit.php" "Mozilla/5.0 (Windows NT 10.0; Win64; x64) AppleWebKit/537.36 (KHTML, like Gecko) Chrome/58.0.3029.110 Safari/537.3"
208.110.64.178 - - [13/Jun/2025:09:27:26 -0400] "GET /wp-includes/loginn.php HTTP/1.1" 302 6 "https://churchmr.com/wp-includes/edit.php" "Mozilla/5.0 (Windows NT 10.0; Win64; x64) AppleWebKit/537.36 (KHTML, like Gecko) Chrome/58.0.3029.110 Safari/537.3"
208.110.64.178 - - [13/Jun/2025:09:27:27 -0400] "GET /wp-includes/loginn.php HTTP/1.1" 302 6 "https://churchmr.com/wp-includes/edit.php" "Mozilla/5.0 (Windows NT 10.0; Win64; x64) AppleWebKit/537.36 (KHTML, like Gecko) Chrome/58.0.3029.110 Safari/537.3"
40.77.167.155 - - [13/Jun/2025:09:27:28 -0400] "GET /?d=111670908260&filter=353642&share_to_url=product.php?id=3782146&name=reebok%20reveals%20the%20jj HTTP/1.1" 200 22772 "-" "Mozilla/5.0 AppleWebKit/537.36 (KHTML, like Gecko; compatible; bingbot/2.0; +http://www.bing.com/bingbot.htm) Chrome/116.0.1938.76 Safari/537.36"
208.110.64.178 - - [13/Jun/2025:09:27:28 -0400] "GET /wp-includes/loginn.php HTTP/1.1" 302 6 "https://churchmr.com/wp-includes/edit.php" "Mozilla/5.0 (Windows NT 10.0; Win64; x64) AppleWebKit/537.36 (KHTML, like Gecko) Chrome/58.0.3029.110 Safari/537.3"
208.110.64.178 - - [13/Jun/2025:09:27:29 -0400] "GET /wp-includes/loginn.php HTTP/1.1" 302 6 "https://churchmr.com/wp-includes/edit.php" "Mozilla/5.0 (Windows NT 10.0; Win64; x64) AppleWebKit/537.36 (KHTML, like Gecko) Chrome/58.0.3029.110 Safari/537.3"
66.249.64.5 - - [13/Jun/2025:09:27:29 -0400] "GET /?d=116415203260&filter=6f7032&share_to_url=shop.php%3Fid%3D3942235%26name%3Done+pot+beef+stroganoff+pasta HTTP/1.1" 200 22757 "-" "Mozilla/5.0 (Linux; Android 6.0.1; Nexus 5X Build/MMB29P) AppleWebKit/537.36 (KHTML, like Gecko) Chrome/136.0.7103.113 Mobile Safari/537.36 (compatible; Googlebot/2.1; +http://www.google.com/bot.html)"
208.110.64.178 - - [13/Jun/2025:09:27:30 -0400] "GET /wp-includes/loginn.php HTTP/1.1" 302 6 "https://churchmr.com/wp-includes/edit.php" "Mozilla/5.0 (Windows NT 10.0; Win64; x64) AppleWebKit/537.36 (KHTML, like Gecko) Chrome/58.0.3029.110 Safari/537.3"
157.55.39.203 - - [13/Jun/2025:09:27:30 -0400] "GET /?d=58972663260&filter=14708a&share_to_url=detail.php%3Fid%3D2001225%26name%3Dmtb+sales+sport+bike HTTP/1.1" 200 24219 "-" "Mozilla/5.0 AppleWebKit/537.36 (KHTML, like Gecko; compatible; bingbot/2.0; +http://www.bing.com/bingbot.htm) Chrome/116.0.1938.76 Safari/537.36"
208.110.64.178 - - [13/Jun/2025:09:27:30 -0400] "GET /wp-includes/loginn.php HTTP/1.1" 302 6 "https://churchmr.com/wp-includes/edit.php" "Mozilla/5.0 (Windows NT 10.0; Win64; x64) AppleWebKit/537.36 (KHTML, like Gecko) Chrome/58.0.3029.110 Safari/537.3"
208.110.64.178 - - [13/Jun/2025:09:27:31 -0400] "GET /wp-includes/loginn.php HTTP/1.1" 302 6 "https://churchmr.com/wp-includes/edit.php" "Mozilla/5.0 (Windows NT 10.0; Win64; x64) AppleWebKit/537.36 (KHTML, like Gecko) Chrome/58.0.3029.110 Safari/537.3"
208.110.64.178 - - [13/Jun/2025:09:27:31 -0400] "GET /wp-includes/loginn.php HTTP/1.1" 302 6 "https://churchmr.com/wp-includes/edit.php" "Mozilla/5.0 (Windows NT 10.0; Win64; x64) AppleWebKit/537.36 (KHTML, like Gecko) Chrome/58.0.3029.110 Safari/537.3"
208.110.64.178 - - [13/Jun/2025:09:27:32 -0400] "GET /wp-includes/loginn.php HTTP/1.1" 302 6 "https://churchmr.com/wp-includes/edit.php" "Mozilla/5.0 (Windows NT 10.0; Win64; x64) AppleWebKit/537.36 (KHTML, like Gecko) Chrome/58.0.3029.110 Safari/537.3"
157.55.39.203 - - [13/Jun/2025:09:27:32 -0400] "GET /?d=107180062260&filter=aca5ca&share_to_url=detail.php%3Fid%3D3629613%26name%3Dfoscam+security+cameras+model HTTP/1.1" 200 23010 "-" "Mozilla/5.0 AppleWebKit/537.36 (KHTML, like Gecko; compatible; bingbot/2.0; +http://www.bing.com/bingbot.htm) Chrome/116.0.1938.76 Safari/537.36"
208.110.64.178 - - [13/Jun/2025:09:27:33 -0400] "GET /wp-includes/loginn.php HTTP/1.1" 302 6 "https://churchmr.com/wp-includes/edit.php" "Mozilla/5.0 (Windows NT 10.0; Win64; x64) AppleWebKit/537.36 (KHTML, like Gecko) Chrome/58.0.3029.110 Safari/537.3"
66.249.64.5 - - [13/Jun/2025:09:27:33 -0400] "GET /?d=100394773260&filter=fd4510&share_to_url=item.php%3Fid%3D3402793%26name%3Dmodel+diletta+paci HTTP/1.1" 200 24042 "-" "Mozilla/5.0 (Linux; Android 6.0.1; Nexus 5X Build/MMB29P) AppleWebKit/537.36 (KHTML, like Gecko) Chrome/136.0.7103.113 Mobile Safari/537.36 (compatible; Googlebot/2.1; +http://www.google.com/bot.html)"
208.110.64.178 - - [13/Jun/2025:09:27:33 -0400] "GET /wp-includes/loginn.php HTTP/1.1" 302 6 "https://churchmr.com/wp-includes/edit.php" "Mozilla/5.0 (Windows NT 10.0; Win64; x64) AppleWebKit/537.36 (KHTML, like Gecko) Chrome/58.0.3029.110 Safari/537.3"
208.110.64.178 - - [13/Jun/2025:09:27:34 -0400] "GET /wp-includes/loginn.php HTTP/1.1" 302 6 "https://churchmr.com/wp-includes/edit.php" "Mozilla/5.0 (Windows NT 10.0; Win64; x64) AppleWebKit/537.36 (KHTML, like Gecko) Chrome/58.0.3029.110 Safari/537.3"
208.110.64.178 - - [13/Jun/2025:09:27:35 -0400] "GET /wp-includes/loginn.php HTTP/1.1" 302 6 "https://churchmr.com/wp-includes/edit.php" "Mozilla/5.0 (Windows NT 10.0; Win64; x64) AppleWebKit/537.36 (KHTML, like Gecko) Chrome/58.0.3029.110 Safari/537.3"
208.110.64.178 - - [13/Jun/2025:09:27:35 -0400] "GET /wp-includes/loginn.php HTTP/1.1" 302 6 "https://churchmr.com/wp-includes/edit.php" "Mozilla/5.0 (Windows NT 10.0; Win64; x64) AppleWebKit/537.36 (KHTML, like Gecko) Chrome/58.0.3029.110 Safari/537.3"
208.110.64.178 - - [13/Jun/2025:09:27:36 -0400] "GET /wp-includes/loginn.php HTTP/1.1" 302 6 "https://churchmr.com/wp-includes/edit.php" "Mozilla/5.0 (Windows NT 10.0; Win64; x64) AppleWebKit/537.36 (KHTML, like Gecko) Chrome/58.0.3029.110 Safari/537.3"
207.46.13.102 - - [13/Jun/2025:09:27:36 -0400] "GET /?d=114248117260&filter=f3b098&share_to_url=detail.php?id=3868845&name=breed%20japanese%20spitz HTTP/1.1" 200 23260 "-" "Mozilla/5.0 AppleWebKit/537.36 (KHTML, like Gecko; compatible; bingbot/2.0; +http://www.bing.com/bingbot.htm) Chrome/116.0.1938.76 Safari/537.36"
208.110.64.178 - - [13/Jun/2025:09:27:37 -0400] "GET /wp-includes/loginn.php HTTP/1.1" 302 6 "https://churchmr.com/wp-includes/edit.php" "Mozilla/5.0 (Windows NT 10.0; Win64; x64) AppleWebKit/537.36 (KHTML, like Gecko) Chrome/58.0.3029.110 Safari/537.3"
66.249.64.5 - - [13/Jun/2025:09:27:37 -0400] "GET /?d=75937102260&filter=503588&share_to_url=pin.php%3Fid%3D2573442%26name%3Dstud+earrings+metal+silver HTTP/1.1" 200 24023 "-" "Mozilla/5.0 (Linux; Android 6.0.1; Nexus 5X Build/MMB29P) AppleWebKit/537.36 (KHTML, like Gecko) Chrome/136.0.7103.113 Mobile Safari/537.36 (compatible; Googlebot/2.1; +http://www.google.com/bot.html)"
208.110.64.178 - - [13/Jun/2025:09:27:37 -0400] "GET /wp-includes/loginn.php HTTP/1.1" 302 6 "https://churchmr.com/wp-includes/edit.php" "Mozilla/5.0 (Windows NT 10.0; Win64; x64) AppleWebKit/537.36 (KHTML, like Gecko) Chrome/58.0.3029.110 Safari/537.3"
