207.46.13.102 - - [13/Jun/2025:09:22:45 -0400] "GET /?d=96455591260&filter=f313c0&share_to_url=discover.php%3Fid%3D3267941%26name%3Dsuede+baguette+bag HTTP/1.1" 200 23741 "-" "Mozilla/5.0 AppleWebKit/537.36 (KHTML, like Gecko; compatible; bingbot/2.0; +http://www.bing.com/bingbot.htm) Chrome/116.0.1938.76 Safari/537.36"
52.167.144.150 - - [13/Jun/2025:09:22:45 -0400] "GET /?d=62109035260&filter=890082&share_to_url=product.php%3Fid%3D2106046%26name%3Dcustom+diamond+zodiac HTTP/1.1" 200 23131 "-" "Mozilla/5.0 AppleWebKit/537.36 (KHTML, like Gecko; compatible; bingbot/2.0; +http://www.bing.com/bingbot.htm) Chrome/116.0.1938.76 Safari/537.36"
66.249.64.6 - - [13/Jun/2025:09:22:45 -0400] "GET /?d=98148152260&filter=7254a2&share_to_url=ideas.php%3Fid%3D3325896%26name%3Dhester+wedding+dress HTTP/1.1" 200 24017 "-" "Mozilla/5.0 (Linux; Android 6.0.1; Nexus 5X Build/MMB29P) AppleWebKit/537.36 (KHTML, like Gecko) Chrome/136.0.7103.113 Mobile Safari/537.36 (compatible; Googlebot/2.1; +http://www.google.com/bot.html)"
157.55.39.203 - - [13/Jun/2025:09:22:46 -0400] "GET /?d=9195318260&filter=6c3290&share_to_url=product.php%3Fid%3D315898%26name%3Dvestito+shop+tradizionale+indiano HTTP/1.1" 200 23936 "-" "Mozilla/5.0 AppleWebKit/537.36 (KHTML, like Gecko; compatible; bingbot/2.0; +http://www.bing.com/bingbot.htm) Chrome/116.0.1938.76 Safari/537.36"
66.249.64.6 - - [13/Jun/2025:09:22:46 -0400] "GET /?d=91596254260&filter=847968&share_to_url=discover.php%3Fid%3D3103937%26name%3Dcool+american+football+print+boys HTTP/1.1" 200 23642 "-" "Mozilla/5.0 (Linux; Android 6.0.1; Nexus 5X Build/MMB29P) AppleWebKit/537.36 (KHTML, like Gecko) Chrome/136.0.7103.113 Mobile Safari/537.36 (compatible; Googlebot/2.1; +http://www.google.com/bot.html)"
66.249.64.5 - - [13/Jun/2025:09:22:46 -0400] "GET /?d=113334714260&filter=be1eff&share_to_url=shopdetail.php%3Fid%3D3838640%26name%3Dchristian+dior+black+white+quilted HTTP/1.1" 200 24022 "-" "Mozilla/5.0 (Linux; Android 6.0.1; Nexus 5X Build/MMB29P) AppleWebKit/537.36 (KHTML, like Gecko) Chrome/136.0.7103.113 Mobile Safari/537.36 (compatible; Googlebot/2.1; +http://www.google.com/bot.html)"
207.46.13.102 - - [13/Jun/2025:09:22:46 -0400] "GET /?d=92228706260&filter=c848c0&share_to_url=article.php%3Fid%3D3124262%26name%3Doculus+connect+keynote HTTP/1.1" 200 22983 "-" "Mozilla/5.0 AppleWebKit/537.36 (KHTML, like Gecko; compatible; bingbot/2.0; +http://www.bing.com/bingbot.htm) Chrome/116.0.1938.76 Safari/537.36"
157.55.39.203 - - [13/Jun/2025:09:22:47 -0400] "GET /?d=68890496260&filter=14708a&share_to_url=detail.php%3Fid%3D2334285%26name%3Dtriban+road+sales+bike HTTP/1.1" 200 23553 "-" "Mozilla/5.0 AppleWebKit/537.36 (KHTML, like Gecko; compatible; bingbot/2.0; +http://www.bing.com/bingbot.htm) Chrome/116.0.1938.76 Safari/537.36"
207.46.13.102 - - [13/Jun/2025:09:22:48 -0400] "GET /?d=105222752260&filter=4d89e2&share_to_url=discover.php%3Fid%3D3564869%26name%3Ddolby+atmos+issues+with+arc HTTP/1.1" 200 22895 "-" "Mozilla/5.0 AppleWebKit/537.36 (KHTML, like Gecko; compatible; bingbot/2.0; +http://www.bing.com/bingbot.htm) Chrome/116.0.1938.76 Safari/537.36"
157.55.39.203 - - [13/Jun/2025:09:22:48 -0400] "GET /?d=39411302260&filter=2aa707&share_to_url=goods.php%3Fid%3D1337711%26name%3Drcf+sale+12 HTTP/1.1" 200 23312 "-" "Mozilla/5.0 AppleWebKit/537.36 (KHTML, like Gecko; compatible; bingbot/2.0; +http://www.bing.com/bingbot.htm) Chrome/116.0.1938.76 Safari/537.36"
66.249.64.6 - - [13/Jun/2025:09:22:49 -0400] "GET /?d=96349880260&filter=de90ef&share_to_url=product-page.php%3Fid%3D3264364%26name%3Dbuy+stretch+belts+amazon+wholesale HTTP/1.1" 200 24079 "-" "Mozilla/5.0 (Linux; Android 6.0.1; Nexus 5X Build/MMB29P) AppleWebKit/537.36 (KHTML, like Gecko) Chrome/136.0.7103.113 Mobile Safari/537.36 (compatible; Googlebot/2.1; +http://www.google.com/bot.html)"
66.249.64.5 - - [13/Jun/2025:09:22:51 -0400] "GET /?d=115963382260&filter=847968&share_to_url=ideas.php%3Fid%3D3927036%26name%3Dshop+it+the+16 HTTP/1.1" 200 24284 "-" "Mozilla/5.0 (Linux; Android 6.0.1; Nexus 5X Build/MMB29P) AppleWebKit/537.36 (KHTML, like Gecko) Chrome/136.0.7103.113 Mobile Safari/537.36 (compatible; Googlebot/2.1; +http://www.google.com/bot.html)"
157.55.39.203 - - [13/Jun/2025:09:22:54 -0400] "GET /?d=88659776260&filter=1f5f6f&share_to_url=shop.php%3Fid%3D3004795%26name%3Dcolnago+master+olympic+vintage HTTP/1.1" 200 23160 "-" "Mozilla/5.0 AppleWebKit/537.36 (KHTML, like Gecko; compatible; bingbot/2.0; +http://www.bing.com/bingbot.htm) Chrome/116.0.1938.76 Safari/537.36"
66.249.64.6 - - [13/Jun/2025:09:22:54 -0400] "GET /?d=8998363260&filter=8de18d&share_to_url=product.php%3Fid%3D309190%26name%3Dcustom+honda+ct110+is HTTP/1.1" 200 23396 "-" "Mozilla/5.0 (Linux; Android 6.0.1; Nexus 5X Build/MMB29P) AppleWebKit/537.36 (KHTML, like Gecko) Chrome/136.0.7103.113 Mobile Safari/537.36 (compatible; Googlebot/2.1; +http://www.google.com/bot.html)"
157.55.39.203 - - [13/Jun/2025:09:22:55 -0400] "GET /?d=14036093260&filter=95c78c&share_to_url=discover.php%3Fid%3D478421%26name%3Dcala+jade+aimee+merlot HTTP/1.1" 200 23342 "-" "Mozilla/5.0 AppleWebKit/537.36 (KHTML, like Gecko; compatible; bingbot/2.0; +http://www.bing.com/bingbot.htm) Chrome/116.0.1938.76 Safari/537.36"
66.249.64.6 - - [13/Jun/2025:09:22:57 -0400] "GET /?d=117806465260&filter=6b8509&share_to_url=discover.php%3Fid%3D3989729%26name%3Dtarjeta+sim+para+apple HTTP/1.1" 200 23220 "-" "Mozilla/5.0 (Linux; Android 6.0.1; Nexus 5X Build/MMB29P) AppleWebKit/537.36 (KHTML, like Gecko) Chrome/136.0.7103.113 Mobile Safari/537.36 (compatible; Googlebot/2.1; +http://www.google.com/bot.html)"
52.167.144.158 - - [13/Jun/2025:09:22:57 -0400] "GET /?d=113899057260&filter=7e48cd&share_to_url=article.php%3Fid%3D3857522%26name%3Dhomedics+in+shiatsu+massa+black HTTP/1.1" 200 22928 "-" "Mozilla/5.0 AppleWebKit/537.36 (KHTML, like Gecko; compatible; bingbot/2.0; +http://www.bing.com/bingbot.htm) Chrome/116.0.1938.76 Safari/537.36"
52.167.144.150 - - [13/Jun/2025:09:22:58 -0400] "GET /?d=63373818260&filter=9e9754&share_to_url=article.php%3Fid%3D2149010%26name%3Dpokka+aloe+vera HTTP/1.1" 200 22766 "-" "Mozilla/5.0 AppleWebKit/537.36 (KHTML, like Gecko; compatible; bingbot/2.0; +http://www.bing.com/bingbot.htm) Chrome/116.0.1938.76 Safari/537.36"
66.249.64.6 - - [13/Jun/2025:09:23:00 -0400] "GET /?d=8131531260&filter=8de18d&share_to_url=shop.php%3Fid%3D279175%26name%3Dbest+bike+deals+under+75000 HTTP/1.1" 200 24229 "-" "Mozilla/5.0 (Linux; Android 6.0.1; Nexus 5X Build/MMB29P) AppleWebKit/537.36 (KHTML, like Gecko) Chrome/136.0.7103.113 Mobile Safari/537.36 (compatible; Googlebot/2.1; +http://www.google.com/bot.html)"
66.249.64.5 - - [13/Jun/2025:09:23:02 -0400] "GET /?d=91224671260&filter=117b29&share_to_url=product.php%3Fid%3D3091702%26name%3Dneewer+pcs+bi+color HTTP/1.1" 200 22956 "-" "Mozilla/5.0 (Linux; Android 6.0.1; Nexus 5X Build/MMB29P) AppleWebKit/537.36 (KHTML, like Gecko) Chrome/136.0.7103.113 Mobile Safari/537.36 (compatible; Googlebot/2.1; +http://www.google.com/bot.html)"
52.167.144.172 - - [13/Jun/2025:09:23:04 -0400] "GET /?d=22281875260&filter=db202b&share_to_url=goods.php%3Fid%3D755795%26name%3Dspo2+oxygen+saturation HTTP/1.1" 200 22700 "-" "Mozilla/5.0 AppleWebKit/537.36 (KHTML, like Gecko; compatible; bingbot/2.0; +http://www.bing.com/bingbot.htm) Chrome/116.0.1938.76 Safari/537.36"
66.249.64.5 - - [13/Jun/2025:09:23:05 -0400] "GET /?d=93904284260&filter=87dae1&share_to_url=detail.php%3Fid%3D3181857%26name%3Djps+fresh+by+john HTTP/1.1" 200 23460 "-" "Mozilla/5.0 (Linux; Android 6.0.1; Nexus 5X Build/MMB29P) AppleWebKit/537.36 (KHTML, like Gecko) Chrome/136.0.7103.113 Mobile Safari/537.36 (compatible; Googlebot/2.1; +http://www.google.com/bot.html)"
207.46.13.63 - - [13/Jun/2025:09:23:06 -0400] "GET /?d=95622460260&filter=2093dd&share_to_url=shopdetail.php%3Fid%3D3239792%26name%3Dmarried+with+cancer+family HTTP/1.1" 200 24447 "-" "Mozilla/5.0 AppleWebKit/537.36 (KHTML, like Gecko; compatible; bingbot/2.0; +http://www.bing.com/bingbot.htm) Chrome/116.0.1938.76 Safari/537.36"
207.46.13.63 - - [13/Jun/2025:09:23:07 -0400] "GET /?d=117396911260&filter=590f1c&share_to_url=pin.php?id=3975762&name=survet%20om%202020 HTTP/1.1" 200 22812 "-" "Mozilla/5.0 AppleWebKit/537.36 (KHTML, like Gecko; compatible; bingbot/2.0; +http://www.bing.com/bingbot.htm) Chrome/116.0.1938.76 Safari/537.36"
66.249.64.5 - - [13/Jun/2025:09:23:08 -0400] "GET /?d=103036931260&filter=b6fea1&share_to_url=product.php%3Fid%3D3491830%26name%3Dwynthorix+e+rx+sports+prescription HTTP/1.1" 200 23776 "-" "Mozilla/5.0 (Linux; Android 6.0.1; Nexus 5X Build/MMB29P) AppleWebKit/537.36 (KHTML, like Gecko) Chrome/136.0.7103.113 Mobile Safari/537.36 (compatible; Googlebot/2.1; +http://www.google.com/bot.html)"
66.249.64.5 - - [13/Jun/2025:09:23:10 -0400] "GET /?d=106710171260&filter=254614&share_to_url=shop.php%3Fid%3D3614023%26name%3Djordan+13+aurora+green+exclusivos HTTP/1.1" 200 23840 "-" "Mozilla/5.0 (Linux; Android 6.0.1; Nexus 5X Build/MMB29P) AppleWebKit/537.36 (KHTML, like Gecko) Chrome/136.0.7103.113 Mobile Safari/537.36 (compatible; Googlebot/2.1; +http://www.google.com/bot.html)"
66.249.64.5 - - [13/Jun/2025:09:23:10 -0400] "GET /?d=116686016260&filter=81d41c&share_to_url=item.php%3Fid%3D3951529%26name%3Dmoschino+love+bow HTTP/1.1" 200 23816 "-" "Mozilla/5.0 (Linux; Android 6.0.1; Nexus 5X Build/MMB29P) AppleWebKit/537.36 (KHTML, like Gecko) Chrome/136.0.7103.113 Mobile Safari/537.36 (compatible; Googlebot/2.1; +http://www.google.com/bot.html)"
66.249.64.5 - - [13/Jun/2025:09:23:10 -0400] "GET /?d=94439538260&filter=877558&share_to_url=product.php%3Fid%3D3200338%26name%3Dvintage+90s+disney+winnie+the HTTP/1.1" 200 23752 "-" "Mozilla/5.0 (Linux; Android 6.0.1; Nexus 5X Build/MMB29P) AppleWebKit/537.36 (KHTML, like Gecko) Chrome/136.0.7103.113 Mobile Safari/537.36 (compatible; Googlebot/2.1; +http://www.google.com/bot.html)"
40.77.167.155 - - [13/Jun/2025:09:23:11 -0400] "GET /?d=95834514260&filter=050fa9&share_to_url=pin.php%3Fid%3D3246966%26name%3Dc%C3%B3mo+maquillarse+para+disimular HTTP/1.1" 200 23515 "-" "Mozilla/5.0 AppleWebKit/537.36 (KHTML, like Gecko; compatible; bingbot/2.0; +http://www.bing.com/bingbot.htm) Chrome/116.0.1938.76 Safari/537.36"
40.77.167.155 - - [13/Jun/2025:09:23:11 -0400] "GET /?d=28905851260&filter=57d610&share_to_url=shop.php%3Fid%3D981835%26name%3Djoolz+hub+silla HTTP/1.1" 200 22494 "-" "Mozilla/5.0 AppleWebKit/537.36 (KHTML, like Gecko; compatible; bingbot/2.0; +http://www.bing.com/bingbot.htm) Chrome/116.0.1938.76 Safari/537.36"
66.249.64.5 - - [13/Jun/2025:09:23:13 -0400] "GET /?d=112649943260&filter=20c71b&share_to_url=goods.php%3Fid%3D3815627%26name%3Dbuy+gap+corduroy+jacket HTTP/1.1" 200 23675 "-" "Mozilla/5.0 (Linux; Android 6.0.1; Nexus 5X Build/MMB29P) AppleWebKit/537.36 (KHTML, like Gecko) Chrome/136.0.7103.113 Mobile Safari/537.36 (compatible; Googlebot/2.1; +http://www.google.com/bot.html)"
52.167.144.150 - - [13/Jun/2025:09:23:14 -0400] "GET /?d=86591555260&filter=997939&share_to_url=shop.php%3Fid%3D2933947%26name%3Dpre+owned+mario+kart HTTP/1.1" 200 22375 "-" "Mozilla/5.0 AppleWebKit/537.36 (KHTML, like Gecko; compatible; bingbot/2.0; +http://www.bing.com/bingbot.htm) Chrome/116.0.1938.76 Safari/537.36"
52.167.144.150 - - [13/Jun/2025:09:23:15 -0400] "GET /?d=84560235260&filter=25c224&share_to_url=detail.php%3Fid%3D2863809%26name%3Dvtt+lapierre+2006 HTTP/1.1" 200 22293 "-" "Mozilla/5.0 AppleWebKit/537.36 (KHTML, like Gecko; compatible; bingbot/2.0; +http://www.bing.com/bingbot.htm) Chrome/116.0.1938.76 Safari/537.36"
207.46.13.63 - - [13/Jun/2025:09:23:15 -0400] "GET /?d=117950718260&filter=1bad6b&share_to_url=ideas.php%3Fid%3D3994464%26name%3Dpoussette+2025+canne+poids HTTP/1.1" 200 24038 "-" "Mozilla/5.0 AppleWebKit/537.36 (KHTML, like Gecko; compatible; bingbot/2.0; +http://www.bing.com/bingbot.htm) Chrome/116.0.1938.76 Safari/537.36"
52.167.144.150 - - [13/Jun/2025:09:23:15 -0400] "GET /?d=57400280260&filter=ec7398&share_to_url=pin.php%3Fid%3D1948830%26name%3Dinsulated+foldable+picnic+basket HTTP/1.1" 200 23999 "-" "Mozilla/5.0 AppleWebKit/537.36 (KHTML, like Gecko; compatible; bingbot/2.0; +http://www.bing.com/bingbot.htm) Chrome/116.0.1938.76 Safari/537.36"
157.55.39.203 - - [13/Jun/2025:09:23:15 -0400] "GET /?d=103918357260&filter=dc973f&share_to_url=article.php%3Fid%3D3521030%26name%3Dlawn+mower+accessories+power+tractor HTTP/1.1" 200 24266 "-" "Mozilla/5.0 AppleWebKit/537.36 (KHTML, like Gecko; compatible; bingbot/2.0; +http://www.bing.com/bingbot.htm) Chrome/116.0.1938.76 Safari/537.36"
52.167.144.150 - - [13/Jun/2025:09:23:16 -0400] "GET /?d=81193634260&filter=99857c&share_to_url=detail.php%3Fid%3D2749881%26name%3Dflower+regenset HTTP/1.1" 200 24776 "-" "Mozilla/5.0 AppleWebKit/537.36 (KHTML, like Gecko; compatible; bingbot/2.0; +http://www.bing.com/bingbot.htm) Chrome/116.0.1938.76 Safari/537.36"
52.167.144.158 - - [13/Jun/2025:09:23:16 -0400] "GET /?d=99998964260&filter=5f1948&share_to_url=item.php%3Fid%3D3389173%26name%3Drare+nos+vintage HTTP/1.1" 200 23560 "-" "Mozilla/5.0 AppleWebKit/537.36 (KHTML, like Gecko; compatible; bingbot/2.0; +http://www.bing.com/bingbot.htm) Chrome/116.0.1938.76 Safari/537.36"
66.249.64.5 - - [13/Jun/2025:09:23:16 -0400] "GET /?d=101768813260&filter=6ee5b0&share_to_url=article.php%3Fid%3D3450014%26name%3Dunboxing+air+force HTTP/1.1" 200 22867 "-" "Mozilla/5.0 (Linux; Android 6.0.1; Nexus 5X Build/MMB29P) AppleWebKit/537.36 (KHTML, like Gecko) Chrome/136.0.7103.113 Mobile Safari/537.36 (compatible; Googlebot/2.1; +http://www.google.com/bot.html)"
66.249.64.5 - - [13/Jun/2025:09:23:18 -0400] "GET /?d=112276082260&filter=6d99a5&share_to_url=goods.php%3Fid%3D3803051%26name%3Dsalomon+radium+sigma HTTP/1.1" 200 23045 "-" "Mozilla/5.0 (Linux; Android 6.0.1; Nexus 5X Build/MMB29P) AppleWebKit/537.36 (KHTML, like Gecko) Chrome/136.0.7103.113 Mobile Safari/537.36 (compatible; Googlebot/2.1; +http://www.google.com/bot.html)"
52.167.144.172 - - [13/Jun/2025:09:23:19 -0400] "GET /?d=72537242260&filter=edd546&share_to_url=model.php%3Fid%3D2458743%26name%3Dcs+pc+hub HTTP/1.1" 200 23635 "-" "Mozilla/5.0 AppleWebKit/537.36 (KHTML, like Gecko; compatible; bingbot/2.0; +http://www.bing.com/bingbot.htm) Chrome/116.0.1938.76 Safari/537.36"
52.167.144.172 - - [13/Jun/2025:09:23:19 -0400] "GET /?d=57056227260&filter=93ffb4&share_to_url=detail.php%3Fid%3D1936977%26name%3Deasy+diy+marker HTTP/1.1" 200 24775 "-" "Mozilla/5.0 AppleWebKit/537.36 (KHTML, like Gecko; compatible; bingbot/2.0; +http://www.bing.com/bingbot.htm) Chrome/116.0.1938.76 Safari/537.36"
52.167.144.172 - - [13/Jun/2025:09:23:20 -0400] "GET /?d=104071489260&filter=c08dc8&share_to_url=product.php%3Fid%3D3526150%26name%3Dpatio+lincoln HTTP/1.1" 200 24707 "-" "Mozilla/5.0 AppleWebKit/537.36 (KHTML, like Gecko; compatible; bingbot/2.0; +http://www.bing.com/bingbot.htm) Chrome/116.0.1938.76 Safari/537.36"
52.167.144.172 - - [13/Jun/2025:09:23:21 -0400] "GET /?d=70292933260&filter=ad216c&share_to_url=discover.php%3Fid%3D2382077%26name%3Dberta+long+sleeve+illusion HTTP/1.1" 200 23160 "-" "Mozilla/5.0 AppleWebKit/537.36 (KHTML, like Gecko; compatible; bingbot/2.0; +http://www.bing.com/bingbot.htm) Chrome/116.0.1938.76 Safari/537.36"
66.249.64.5 - - [13/Jun/2025:09:23:21 -0400] "GET /?d=103220460260&filter=77eedc&share_to_url=ideas.php%3Fid%3D3497892%26name%3Dmotorcycle+accessories+2007 HTTP/1.1" 200 24329 "-" "Mozilla/5.0 (Linux; Android 6.0.1; Nexus 5X Build/MMB29P) AppleWebKit/537.36 (KHTML, like Gecko) Chrome/136.0.7103.113 Mobile Safari/537.36 (compatible; Googlebot/2.1; +http://www.google.com/bot.html)"
52.167.144.172 - - [13/Jun/2025:09:23:21 -0400] "GET /?d=82294673260&filter=ab67d8&share_to_url=article.php%3Fid%3D2787530%26name%3Ddux+lounge+chair+and HTTP/1.1" 200 23935 "-" "Mozilla/5.0 AppleWebKit/537.36 (KHTML, like Gecko; compatible; bingbot/2.0; +http://www.bing.com/bingbot.htm) Chrome/116.0.1938.76 Safari/537.36"
66.249.64.5 - - [13/Jun/2025:09:23:24 -0400] "GET /?d=109683770260&filter=7af24f&share_to_url=detail.php%3Fid%3D3712413%26name%3Dyeti+capital HTTP/1.1" 200 24511 "-" "Mozilla/5.0 (Linux; Android 6.0.1; Nexus 5X Build/MMB29P) AppleWebKit/537.36 (KHTML, like Gecko) Chrome/136.0.7103.113 Mobile Safari/537.36 (compatible; Googlebot/2.1; +http://www.google.com/bot.html)"
157.55.39.203 - - [13/Jun/2025:09:23:25 -0400] "GET /?d=38078100260&filter=492e03&share_to_url=product-page.php%3Fid%3D1292428%26name%3Drathdrum+animal+clinic HTTP/1.1" 200 22092 "-" "Mozilla/5.0 AppleWebKit/537.36 (KHTML, like Gecko; compatible; bingbot/2.0; +http://www.bing.com/bingbot.htm) Chrome/116.0.1938.76 Safari/537.36"
52.167.144.172 - - [13/Jun/2025:09:23:25 -0400] "GET /?d=51927697260&filter=4d7b9c&share_to_url=goods.php%3Fid%3D1765139%26name%3Dharry+potter+ps4+shop HTTP/1.1" 200 22839 "-" "Mozilla/5.0 AppleWebKit/537.36 (KHTML, like Gecko; compatible; bingbot/2.0; +http://www.bing.com/bingbot.htm) Chrome/116.0.1938.76 Safari/537.36"
157.55.39.203 - - [13/Jun/2025:09:23:26 -0400] "GET /?d=74815541260&filter=6c3290&share_to_url=product.php%3Fid%3D2535730%26name%3Dpantaloni+spidi+rr HTTP/1.1" 200 23143 "-" "Mozilla/5.0 AppleWebKit/537.36 (KHTML, like Gecko; compatible; bingbot/2.0; +http://www.bing.com/bingbot.htm) Chrome/116.0.1938.76 Safari/537.36"
66.249.64.5 - - [13/Jun/2025:09:23:26 -0400] "GET /?d=86725648260&filter=934019&share_to_url=discover.php%3Fid%3D2938277%26name%3Dburgundy+stretch+ankle+boots HTTP/1.1" 200 24437 "-" "Mozilla/5.0 (Linux; Android 6.0.1; Nexus 5X Build/MMB29P) AppleWebKit/537.36 (KHTML, like Gecko) Chrome/136.0.7103.113 Mobile Safari/537.36 (compatible; Googlebot/2.1; +http://www.google.com/bot.html)"
157.55.39.203 - - [13/Jun/2025:09:23:27 -0400] "GET /?d=114915402260&filter=b56035&share_to_url=item.php%3Fid%3D3891145%26name%3Dasphalt+women+s+saucony HTTP/1.1" 200 21683 "-" "Mozilla/5.0 AppleWebKit/537.36 (KHTML, like Gecko; compatible; bingbot/2.0; +http://www.bing.com/bingbot.htm) Chrome/116.0.1938.76 Safari/537.36"
66.249.64.5 - - [13/Jun/2025:09:23:28 -0400] "GET /?d=13028096260&filter=a46738&share_to_url=shop.php%3Fid%3D444607%26name%3Dlands+end+is+offering HTTP/1.1" 200 24037 "-" "Mozilla/5.0 (Linux; Android 6.0.1; Nexus 5X Build/MMB29P) AppleWebKit/537.36 (KHTML, like Gecko) Chrome/136.0.7103.113 Mobile Safari/537.36 (compatible; Googlebot/2.1; +http://www.google.com/bot.html)"
52.167.144.158 - - [13/Jun/2025:09:23:28 -0400] "GET /?d=111178537260&filter=117b29&share_to_url=article.php%3Fid%3D3764726%26name%3Dandoer+universal+mpu100+quick HTTP/1.1" 200 23390 "-" "Mozilla/5.0 AppleWebKit/537.36 (KHTML, like Gecko; compatible; bingbot/2.0; +http://www.bing.com/bingbot.htm) Chrome/116.0.1938.76 Safari/537.36"
157.55.39.203 - - [13/Jun/2025:09:23:29 -0400] "GET /?d=43045461260&filter=c08dc8&share_to_url=product.php%3Fid%3D1461214%26name%3Dcartas+uno+juego+familiar HTTP/1.1" 200 23726 "-" "Mozilla/5.0 AppleWebKit/537.36 (KHTML, like Gecko; compatible; bingbot/2.0; +http://www.bing.com/bingbot.htm) Chrome/116.0.1938.76 Safari/537.36"
52.167.144.158 - - [13/Jun/2025:09:23:28 -0400] "GET /?d=90654445260&filter=b906ce&share_to_url=detail.php%3Fid%3D3072441%26name%3Dlakers+win+r+lakers HTTP/1.1" 200 23184 "-" "Mozilla/5.0 AppleWebKit/537.36 (KHTML, like Gecko; compatible; bingbot/2.0; +http://www.bing.com/bingbot.htm) Chrome/116.0.1938.76 Safari/537.36"
66.249.64.5 - - [13/Jun/2025:09:23:30 -0400] "GET /?d=100492786260&filter=1cbf7a&share_to_url=goods.php%3Fid%3D3406091%26name%3Dmilwaukee+straight+snips HTTP/1.1" 200 23151 "-" "Mozilla/5.0 (Linux; Android 6.0.1; Nexus 5X Build/MMB29P) AppleWebKit/537.36 (KHTML, like Gecko) Chrome/136.0.7103.113 Mobile Safari/537.36 (compatible; Googlebot/2.1; +http://www.google.com/bot.html)"
66.249.64.5 - - [13/Jun/2025:09:23:32 -0400] "GET /?d=111305316260&filter=8c05fb&share_to_url=detail.php%3Fid%3D3769533%26name%3Dcustom+reversible+sequins HTTP/1.1" 200 24253 "-" "Mozilla/5.0 (Linux; Android 6.0.1; Nexus 5X Build/MMB29P) AppleWebKit/537.36 (KHTML, like Gecko) Chrome/136.0.7103.113 Mobile Safari/537.36 (compatible; Googlebot/2.1; +http://www.google.com/bot.html)"
52.167.144.172 - - [13/Jun/2025:09:23:34 -0400] "GET /?d=15759469260&filter=dc973f&share_to_url=item.php%3Fid%3D537001%26name%3D2017+jonsered+lawn+tractor HTTP/1.1" 200 24125 "-" "Mozilla/5.0 AppleWebKit/537.36 (KHTML, like Gecko; compatible; bingbot/2.0; +http://www.bing.com/bingbot.htm) Chrome/116.0.1938.76 Safari/537.36"
157.55.39.203 - - [13/Jun/2025:09:23:35 -0400] "GET /?d=117918497260&filter=6ce138&share_to_url=product.php%3Fid%3D3993466%26name%3Dryanth+women+s+sexy HTTP/1.1" 200 23219 "-" "Mozilla/5.0 AppleWebKit/537.36 (KHTML, like Gecko; compatible; bingbot/2.0; +http://www.bing.com/bingbot.htm) Chrome/116.0.1938.76 Safari/537.36"
66.249.64.6 - - [13/Jun/2025:09:23:35 -0400] "GET /?d=45123190260&filter=a46738&share_to_url=model.php%3Fid%3D1530819%26name%3Duo+sherpa+lined+coach+jacket HTTP/1.1" 200 24026 "-" "Mozilla/5.0 (Linux; Android 6.0.1; Nexus 5X Build/MMB29P) AppleWebKit/537.36 (KHTML, like Gecko) Chrome/136.0.7103.113 Mobile Safari/537.36 (compatible; Googlebot/2.1; +http://www.google.com/bot.html)"
40.77.167.155 - - [13/Jun/2025:09:23:36 -0400] "GET /?d=90393241260&filter=ca372c&share_to_url=discover.php%3Fid%3D3063485%26name%3Dcars+materhosen HTTP/1.1" 200 23454 "-" "Mozilla/5.0 AppleWebKit/537.36 (KHTML, like Gecko; compatible; bingbot/2.0; +http://www.bing.com/bingbot.htm) Chrome/116.0.1938.76 Safari/537.36"
40.77.167.155 - - [13/Jun/2025:09:23:36 -0400] "GET /?d=114073083260&filter=9998b4&share_to_url=item.php%3Fid%3D3863113%26name%3Dnapapijri+jumper+small+grey HTTP/1.1" 200 23119 "-" "Mozilla/5.0 AppleWebKit/537.36 (KHTML, like Gecko; compatible; bingbot/2.0; +http://www.bing.com/bingbot.htm) Chrome/116.0.1938.76 Safari/537.36"
66.249.64.128 - - [13/Jun/2025:09:23:36 -0400] "GET /?d=115389883260&filter=4fcc39&share_to_url=item.php%3Fid%3D3907561%26name%3Dboxing+hijabi HTTP/1.1" 200 24637 "-" "Mozilla/5.0 (Linux; Android 6.0.1; Nexus 5X Build/MMB29P) AppleWebKit/537.36 (KHTML, like Gecko) Chrome/136.0.7103.113 Mobile Safari/537.36 (compatible; Googlebot/2.1; +http://www.google.com/bot.html)"
52.167.144.150 - - [13/Jun/2025:09:23:37 -0400] "GET /?d=108530142260&filter=c7968e&share_to_url=item.php%3Fid%3D3674701%26name%3Dversatile+insert+system+tactical HTTP/1.1" 200 23736 "-" "Mozilla/5.0 AppleWebKit/537.36 (KHTML, like Gecko; compatible; bingbot/2.0; +http://www.bing.com/bingbot.htm) Chrome/116.0.1938.76 Safari/537.36"
66.249.64.6 - - [13/Jun/2025:09:23:37 -0400] "GET /?d=102972519260&filter=34e834&share_to_url=product-page.php%3Fid%3D3489736%26name%3Dmen+039+s+sweatshirt+bring+me HTTP/1.1" 200 23158 "-" "Mozilla/5.0 (Linux; Android 6.0.1; Nexus 5X Build/MMB29P) AppleWebKit/537.36 (KHTML, like Gecko) Chrome/136.0.7103.113 Mobile Safari/537.36 (compatible; Googlebot/2.1; +http://www.google.com/bot.html)"
66.249.64.6 - - [13/Jun/2025:09:23:38 -0400] "GET /?d=116842435260&filter=3b569e&share_to_url=shopdetail.php%3Fid%3D3956792%26name%3Dbarbie+printed+velvet+bedsheet HTTP/1.1" 200 24100 "-" "Mozilla/5.0 (Linux; Android 6.0.1; Nexus 5X Build/MMB29P) AppleWebKit/537.36 (KHTML, like Gecko) Chrome/136.0.7103.113 Mobile Safari/537.36 (compatible; Googlebot/2.1; +http://www.google.com/bot.html)"
52.167.144.150 - - [13/Jun/2025:09:23:38 -0400] "GET /?d=101039590260&filter=0ab89c&share_to_url=model.php%3Fid%3D3424911%26name%3Dkaufe+damen+pullover+katze HTTP/1.1" 200 24682 "-" "Mozilla/5.0 AppleWebKit/537.36 (KHTML, like Gecko; compatible; bingbot/2.0; +http://www.bing.com/bingbot.htm) Chrome/116.0.1938.76 Safari/537.36"
66.249.64.131 - - [13/Jun/2025:09:23:39 -0400] "GET /?/css_2afddd5a36ce27199bca6b34e2ff151c/custom-pages HTTP/1.1" 200 2930 "https://churchmr.com/?d=93852649260&filter=4fcd65&share_to_url=article.php%3Fid%3D3179726%26name%3Dteuerste+sneaker+2020+hotel" "Mozilla/5.0 (Linux; Android 6.0.1; Nexus 5X Build/MMB29P) AppleWebKit/537.36 (KHTML, like Gecko) Chrome/136.0.7103.113 Mobile Safari/537.36 (compatible; Googlebot/2.1; +http://www.google.com/bot.html)"
66.249.64.5 - - [13/Jun/2025:09:23:41 -0400] "GET /?d=101977643260&filter=882db7&share_to_url=pin.php%3Fid%3D3456906%26name%3Dcartoon+dora+explorer+zaino+borsa HTTP/1.1" 200 23661 "-" "Mozilla/5.0 (Linux; Android 6.0.1; Nexus 5X Build/MMB29P) AppleWebKit/537.36 (KHTML, like Gecko) Chrome/136.0.7103.113 Mobile Safari/537.36 (compatible; Googlebot/2.1; +http://www.google.com/bot.html)"
66.249.64.5 - - [13/Jun/2025:09:23:41 -0400] "GET /?d=98028353260&filter=a4c9b9&share_to_url=product.php%3Fid%3D3321970%26name%3Dgod+s+own+country HTTP/1.1" 200 23337 "-" "Mozilla/5.0 (Linux; Android 6.0.1; Nexus 5X Build/MMB29P) AppleWebKit/537.36 (KHTML, like Gecko) Chrome/136.0.7103.113 Mobile Safari/537.36 (compatible; Googlebot/2.1; +http://www.google.com/bot.html)"
66.249.64.5 - - [13/Jun/2025:09:23:43 -0400] "GET /?d=85194219260&filter=e2d2b7&share_to_url=article.php%3Fid%3D2885930%26name%3Dtu+gu%C3%ADa+confiable+de+regalos HTTP/1.1" 200 23971 "-" "Mozilla/5.0 (Linux; Android 6.0.1; Nexus 5X Build/MMB29P) AppleWebKit/537.36 (KHTML, like Gecko) Chrome/136.0.7103.113 Mobile Safari/537.36 (compatible; Googlebot/2.1; +http://www.google.com/bot.html)"
157.55.39.203 - - [13/Jun/2025:09:23:44 -0400] "GET /?d=20663904260&filter=ada5f8&share_to_url=pin.php%3Fid%3D702174%26name%3Dbloomfield+party+rentals HTTP/1.1" 200 23827 "-" "Mozilla/5.0 AppleWebKit/537.36 (KHTML, like Gecko; compatible; bingbot/2.0; +http://www.bing.com/bingbot.htm) Chrome/116.0.1938.76 Safari/537.36"
66.249.64.6 - - [13/Jun/2025:09:23:46 -0400] "GET /?d=109192711260&filter=c6d084&share_to_url=product-page.php%3Fid%3D3696460%26name%3Dhp+15+fd0202tu+intel+core HTTP/1.1" 200 23796 "-" "Mozilla/5.0 (Linux; Android 6.0.1; Nexus 5X Build/MMB29P) AppleWebKit/537.36 (KHTML, like Gecko) Chrome/136.0.7103.113 Mobile Safari/537.36 (compatible; Googlebot/2.1; +http://www.google.com/bot.html)"
157.55.39.203 - - [13/Jun/2025:09:23:46 -0400] "GET /?d=87168257260&filter=1f5f6f&share_to_url=shop.php%3Fid%3D2954107%26name%3Dspeed+read+the+retro+fabulous+bmw HTTP/1.1" 200 22958 "-" "Mozilla/5.0 AppleWebKit/537.36 (KHTML, like Gecko; compatible; bingbot/2.0; +http://www.bing.com/bingbot.htm) Chrome/116.0.1938.76 Safari/537.36"
66.249.64.5 - - [13/Jun/2025:09:23:49 -0400] "GET /?d=104000225260&filter=99bfb5&share_to_url=model.php%3Fid%3D3523911%26name%3Dpro1+t755+heat HTTP/1.1" 200 23564 "-" "Mozilla/5.0 (Linux; Android 6.0.1; Nexus 5X Build/MMB29P) AppleWebKit/537.36 (KHTML, like Gecko) Chrome/136.0.7103.113 Mobile Safari/537.36 (compatible; Googlebot/2.1; +http://www.google.com/bot.html)"
66.249.64.5 - - [13/Jun/2025:09:23:50 -0400] "GET /?d=102932576260&filter=5bd759&share_to_url=product.php%3Fid%3D3488398%26name%3Dhow+to+watch+maryland+men+039+s HTTP/1.1" 200 23837 "-" "Mozilla/5.0 (Linux; Android 6.0.1; Nexus 5X Build/MMB29P) AppleWebKit/537.36 (KHTML, like Gecko) Chrome/136.0.7103.113 Mobile Safari/537.36 (compatible; Googlebot/2.1; +http://www.google.com/bot.html)"
66.249.64.6 - - [13/Jun/2025:09:23:51 -0400] "GET /?d=114139312260&filter=ca372c&share_to_url=model.php%3Fid%3D3865227%26name%3Ddwi+dowellin+d9+rc+drone HTTP/1.1" 200 22991 "-" "Mozilla/5.0 (Linux; Android 6.0.1; Nexus 5X Build/MMB29P) AppleWebKit/537.36 (KHTML, like Gecko) Chrome/136.0.7103.113 Mobile Safari/537.36 (compatible; Googlebot/2.1; +http://www.google.com/bot.html)"
66.249.64.5 - - [13/Jun/2025:09:23:54 -0400] "GET /?d=73283511260&filter=e2d2b7&share_to_url=discover.php%3Fid%3D2484365%26name%3Dropa+para+mu%C3%B1ecas+mono HTTP/1.1" 200 24667 "-" "Mozilla/5.0 (Linux; Android 6.0.1; Nexus 5X Build/MMB29P) AppleWebKit/537.36 (KHTML, like Gecko) Chrome/136.0.7103.113 Mobile Safari/537.36 (compatible; Googlebot/2.1; +http://www.google.com/bot.html)"
52.167.144.172 - - [13/Jun/2025:09:23:55 -0400] "GET /?d=85746559260&filter=02c089&share_to_url=article.php%3Fid%3D2904890%26name%3Doffice+discount+ihr HTTP/1.1" 200 25108 "-" "Mozilla/5.0 AppleWebKit/537.36 (KHTML, like Gecko; compatible; bingbot/2.0; +http://www.bing.com/bingbot.htm) Chrome/116.0.1938.76 Safari/537.36"
52.167.144.172 - - [13/Jun/2025:09:23:56 -0400] "GET /?d=114460375260&filter=2aa707&share_to_url=product-page.php%3Fid%3D3875860%26name%3Dlg+950w+xboom+hifi HTTP/1.1" 200 23082 "-" "Mozilla/5.0 AppleWebKit/537.36 (KHTML, like Gecko; compatible; bingbot/2.0; +http://www.bing.com/bingbot.htm) Chrome/116.0.1938.76 Safari/537.36"
207.46.13.102 - - [13/Jun/2025:09:23:56 -0400] "GET /?d=116651383260&filter=86816a&share_to_url=ideas.php%3Fid%3D3950316%26name%3Dvirat+kohli+congratulates+amitabh HTTP/1.1" 200 22790 "-" "Mozilla/5.0 AppleWebKit/537.36 (KHTML, like Gecko; compatible; bingbot/2.0; +http://www.bing.com/bingbot.htm) Chrome/116.0.1938.76 Safari/537.36"
52.167.144.172 - - [13/Jun/2025:09:23:56 -0400] "GET /?d=27312331260&filter=14708a&share_to_url=product.php%3Fid%3D926674%26name%3D2021+haro+boulevard+specs HTTP/1.1" 200 22877 "-" "Mozilla/5.0 AppleWebKit/537.36 (KHTML, like Gecko; compatible; bingbot/2.0; +http://www.bing.com/bingbot.htm) Chrome/116.0.1938.76 Safari/537.36"
66.249.64.6 - - [13/Jun/2025:09:23:57 -0400] "GET /?d=104256823260&filter=bcf072&share_to_url=pin.php%3Fid%3D3532434%26name%3Dwinter+cap HTTP/1.1" 200 24085 "-" "Mozilla/5.0 (Linux; Android 6.0.1; Nexus 5X Build/MMB29P) AppleWebKit/537.36 (KHTML, like Gecko) Chrome/136.0.7103.113 Mobile Safari/537.36 (compatible; Googlebot/2.1; +http://www.google.com/bot.html)"
52.167.144.158 - - [13/Jun/2025:09:23:57 -0400] "GET /?d=116190092260&filter=503588&share_to_url=detail.php%3Fid%3D3934977%26name%3Dtimeless+beauty+redefined+mohammed+khan HTTP/1.1" 200 23504 "-" "Mozilla/5.0 AppleWebKit/537.36 (KHTML, like Gecko; compatible; bingbot/2.0; +http://www.bing.com/bingbot.htm) Chrome/116.0.1938.76 Safari/537.36"
66.249.64.5 - - [13/Jun/2025:09:23:59 -0400] "GET /?d=117849597260&filter=6373db&share_to_url=goods.php%3Fid%3D3991259%26name%3Dchaussures+brun+pour+homme HTTP/1.1" 200 24322 "-" "Mozilla/5.0 (Linux; Android 6.0.1; Nexus 5X Build/MMB29P) AppleWebKit/537.36 (KHTML, like Gecko) Chrome/136.0.7103.113 Mobile Safari/537.36 (compatible; Googlebot/2.1; +http://www.google.com/bot.html)"
40.77.167.155 - - [13/Jun/2025:09:24:00 -0400] "GET /?d=98194818260&filter=882db7&share_to_url=product-page.php%3Fid%3D3327352%26name%3Dmedea+for+mediterranea HTTP/1.1" 200 23890 "-" "Mozilla/5.0 AppleWebKit/537.36 (KHTML, like Gecko; compatible; bingbot/2.0; +http://www.bing.com/bingbot.htm) Chrome/116.0.1938.76 Safari/537.36"
40.77.167.155 - - [13/Jun/2025:09:24:01 -0400] "GET /?d=104973503260&filter=fd4510&share_to_url=product-page.php%3Fid%3D3556504%26name%3Dhooga+english+pear+and+freesia HTTP/1.1" 200 23763 "-" "Mozilla/5.0 AppleWebKit/537.36 (KHTML, like Gecko; compatible; bingbot/2.0; +http://www.bing.com/bingbot.htm) Chrome/116.0.1938.76 Safari/537.36"
66.249.64.5 - - [13/Jun/2025:09:24:02 -0400] "GET /?d=66543406260&filter=e2d2b7&share_to_url=discover.php%3Fid%3D2256029%26name%3Dy+soporta+mailov+metas HTTP/1.1" 200 23656 "-" "Mozilla/5.0 (Linux; Android 6.0.1; Nexus 5X Build/MMB29P) AppleWebKit/537.36 (KHTML, like Gecko) Chrome/136.0.7103.113 Mobile Safari/537.36 (compatible; Googlebot/2.1; +http://www.google.com/bot.html)"
66.249.64.5 - - [13/Jun/2025:09:24:06 -0400] "GET /?d=111033863260&filter=82e15d&share_to_url=discover.php%3Fid%3D3759905%26name%3D2021+nfl+week+12+power HTTP/1.1" 200 24332 "-" "Mozilla/5.0 (Linux; Android 6.0.1; Nexus 5X Build/MMB29P) AppleWebKit/537.36 (KHTML, like Gecko) Chrome/136.0.7103.113 Mobile Safari/537.36 (compatible; Googlebot/2.1; +http://www.google.com/bot.html)"
52.167.144.172 - - [13/Jun/2025:09:24:06 -0400] "GET /?d=98443104260&filter=cb7031&share_to_url=goods.php%3Fid%3D3336275%26name%3Dtenue+avec+ugg+mini HTTP/1.1" 200 23602 "-" "Mozilla/5.0 AppleWebKit/537.36 (KHTML, like Gecko; compatible; bingbot/2.0; +http://www.bing.com/bingbot.htm) Chrome/116.0.1938.76 Safari/537.36"
66.249.64.5 - - [13/Jun/2025:09:24:08 -0400] "GET /?d=106154406260&filter=f4b633&share_to_url=product.php%3Fid%3D3595474%26name%3Dnaomi+home+kids HTTP/1.1" 200 22939 "-" "Mozilla/5.0 (Linux; Android 6.0.1; Nexus 5X Build/MMB29P) AppleWebKit/537.36 (KHTML, like Gecko) Chrome/136.0.7103.113 Mobile Safari/537.36 (compatible; Googlebot/2.1; +http://www.google.com/bot.html)"
66.249.64.132 - - [13/Jun/2025:09:24:10 -0400] "GET /?d=106312166260&filter=fd45ef&share_to_url=goods.php%3Fid%3D3600731%26name%3Ddiemaus+outdoor+exploration+kit+for HTTP/1.1" 200 22956 "-" "Mozilla/5.0 (Linux; Android 6.0.1; Nexus 5X Build/MMB29P) AppleWebKit/537.36 (KHTML, like Gecko) Chrome/136.0.7103.113 Mobile Safari/537.36 (compatible; Googlebot/2.1; +http://www.google.com/bot.html)"
66.249.64.132 - - [13/Jun/2025:09:24:11 -0400] "GET /?d=115168841260&filter=43927c&share_to_url=product.php%3Fid%3D3899902%26name%3Dtvn+%B9+%84+%89+x HTTP/1.1" 200 23507 "-" "Mozilla/5.0 (Linux; Android 6.0.1; Nexus 5X Build/MMB29P) AppleWebKit/537.36 (KHTML, like Gecko) Chrome/136.0.7103.113 Mobile Safari/537.36 (compatible; Googlebot/2.1; +http://www.google.com/bot.html)"
52.167.144.150 - - [13/Jun/2025:09:24:11 -0400] "GET /?d=19142585260&filter=95c78c&share_to_url=model.php%3Fid%3D650583%26name%3Dvoc%C3%AA+sabe+quais+marcas HTTP/1.1" 200 24314 "-" "Mozilla/5.0 AppleWebKit/537.36 (KHTML, like Gecko; compatible; bingbot/2.0; +http://www.bing.com/bingbot.htm) Chrome/116.0.1938.76 Safari/537.36"
66.249.64.5 - - [13/Jun/2025:09:24:11 -0400] "GET /?d=107924186260&filter=190ccd&share_to_url=model.php%3Fid%3D3654279%26name%3Dwolf+black+wolf+travel+wrap HTTP/1.1" 200 24161 "-" "Mozilla/5.0 (Linux; Android 6.0.1; Nexus 5X Build/MMB29P) AppleWebKit/537.36 (KHTML, like Gecko) Chrome/136.0.7103.113 Mobile Safari/537.36 (compatible; Googlebot/2.1; +http://www.google.com/bot.html)"
52.167.144.150 - - [13/Jun/2025:09:24:12 -0400] "GET /?d=91265888260&filter=a57511&share_to_url=detail.php%3Fid%3D3093009%26name%3Don+cloud+running+shoe HTTP/1.1" 200 21785 "-" "Mozilla/5.0 AppleWebKit/537.36 (KHTML, like Gecko; compatible; bingbot/2.0; +http://www.bing.com/bingbot.htm) Chrome/116.0.1938.76 Safari/537.36"
52.167.144.150 - - [13/Jun/2025:09:24:13 -0400] "GET /?d=110347856260&filter=eb8c1b&share_to_url=product.php%3Fid%3D3735394%26name%3Drolleiflex+rolleicord+bay+lens+cap HTTP/1.1" 200 23991 "-" "Mozilla/5.0 AppleWebKit/537.36 (KHTML, like Gecko; compatible; bingbot/2.0; +http://www.bing.com/bingbot.htm) Chrome/116.0.1938.76 Safari/537.36"
66.249.64.5 - - [13/Jun/2025:09:24:13 -0400] "GET /?d=100007533260&filter=5f1948&share_to_url=model.php%3Fid%3D3389463%26name%3Dbotas+negras+de+cuero+con HTTP/1.1" 200 23618 "-" "Mozilla/5.0 (Linux; Android 6.0.1; Nexus 5X Build/MMB29P) AppleWebKit/537.36 (KHTML, like Gecko) Chrome/136.0.7103.113 Mobile Safari/537.36 (compatible; Googlebot/2.1; +http://www.google.com/bot.html)"
52.167.144.158 - - [13/Jun/2025:09:24:14 -0400] "GET /?d=113356211260&filter=38a14a&share_to_url=shopdetail.php?id=3839300&name=3mm%2018k%20gold%20ip%20boston HTTP/1.1" 200 22901 "-" "Mozilla/5.0 AppleWebKit/537.36 (KHTML, like Gecko; compatible; bingbot/2.0; +http://www.bing.com/bingbot.htm) Chrome/116.0.1938.76 Safari/537.36"
52.167.144.150 - - [13/Jun/2025:09:24:14 -0400] "GET /?d=89446066260&filter=cab71d&share_to_url=detail.php%3Fid%3D3031701%26name%3Dnew+berlin+heating+air HTTP/1.1" 200 24011 "-" "Mozilla/5.0 AppleWebKit/537.36 (KHTML, like Gecko; compatible; bingbot/2.0; +http://www.bing.com/bingbot.htm) Chrome/116.0.1938.76 Safari/537.36"
157.55.39.203 - - [13/Jun/2025:09:24:14 -0400] "GET /?d=21627131260&filter=cb7031&share_to_url=goods.php%3Fid%3D733799%26name%3Dintersport+pac%C3%A9+les+nouveaux HTTP/1.1" 200 23233 "-" "Mozilla/5.0 AppleWebKit/537.36 (KHTML, like Gecko; compatible; bingbot/2.0; +http://www.bing.com/bingbot.htm) Chrome/116.0.1938.76 Safari/537.36"
52.167.144.150 - - [13/Jun/2025:09:24:15 -0400] "GET /?d=36025286260&filter=14708a&share_to_url=article.php%3Fid%3D1223882%26name%3Dseater+2024 HTTP/1.1" 200 24773 "-" "Mozilla/5.0 AppleWebKit/537.36 (KHTML, like Gecko; compatible; bingbot/2.0; +http://www.bing.com/bingbot.htm) Chrome/116.0.1938.76 Safari/537.36"
52.167.144.150 - - [13/Jun/2025:09:24:15 -0400] "GET /?d=71883584260&filter=edd546&share_to_url=shop.php%3Fid%3D2436103%26name%3Dmee+audio+m6+pro HTTP/1.1" 200 22504 "-" "Mozilla/5.0 AppleWebKit/537.36 (KHTML, like Gecko; compatible; bingbot/2.0; +http://www.bing.com/bingbot.htm) Chrome/116.0.1938.76 Safari/537.36"
66.249.64.5 - - [13/Jun/2025:09:24:16 -0400] "GET /?d=98388854260&filter=d9247f&share_to_url=discover.php%3Fid%3D3334481%26name%3Dfunko+pop+fortnite+red+nosed HTTP/1.1" 200 22821 "-" "Mozilla/5.0 (Linux; Android 6.0.1; Nexus 5X Build/MMB29P) AppleWebKit/537.36 (KHTML, like Gecko) Chrome/136.0.7103.113 Mobile Safari/537.36 (compatible; Googlebot/2.1; +http://www.google.com/bot.html)"
66.249.64.5 - - [13/Jun/2025:09:24:16 -0400] "GET /?d=89025334260&filter=b00edb&share_to_url=shopdetail.php%3Fid%3D3017204%26name%3Dtiktok+shop+8k+video HTTP/1.1" 200 23691 "-" "Mozilla/5.0 (Linux; Android 6.0.1; Nexus 5X Build/MMB29P) AppleWebKit/537.36 (KHTML, like Gecko) Chrome/136.0.7103.113 Mobile Safari/537.36 (compatible; Googlebot/2.1; +http://www.google.com/bot.html)"
207.46.13.63 - - [13/Jun/2025:09:24:18 -0400] "GET /?d=108889557260&filter=dd928e&share_to_url=article.php%3Fid%3D3686582%26name%3Da%C3%B1os+de HTTP/1.1" 200 24272 "-" "Mozilla/5.0 AppleWebKit/537.36 (KHTML, like Gecko; compatible; bingbot/2.0; +http://www.bing.com/bingbot.htm) Chrome/116.0.1938.76 Safari/537.36"
40.77.167.155 - - [13/Jun/2025:09:24:18 -0400] "GET /?d=89094964260&filter=af8808&share_to_url=product.php%3Fid%3D3019774%26name%3Dpupilentes+freshtone+y+fancy HTTP/1.1" 200 23517 "-" "Mozilla/5.0 AppleWebKit/537.36 (KHTML, like Gecko; compatible; bingbot/2.0; +http://www.bing.com/bingbot.htm) Chrome/116.0.1938.76 Safari/537.36"
66.249.64.5 - - [13/Jun/2025:09:24:19 -0400] "GET /?d=116620937260&filter=3c0842&share_to_url=goods.php%3Fid%3D3949223%26name%3Dadidas+body+warmer+boys HTTP/1.1" 200 22768 "-" "Mozilla/5.0 (Linux; Android 6.0.1; Nexus 5X Build/MMB29P) AppleWebKit/537.36 (KHTML, like Gecko) Chrome/136.0.7103.113 Mobile Safari/537.36 (compatible; Googlebot/2.1; +http://www.google.com/bot.html)"
66.249.64.5 - - [13/Jun/2025:09:24:20 -0400] "GET /?d=101442088260&filter=a24220&share_to_url=model.php%3Fid%3D3438939%26name%3Dcaterpillar+nitrogen+composite+toe HTTP/1.1" 200 23411 "-" "Mozilla/5.0 (Linux; Android 6.0.1; Nexus 5X Build/MMB29P) AppleWebKit/537.36 (KHTML, like Gecko) Chrome/136.0.7103.113 Mobile Safari/537.36 (compatible; Googlebot/2.1; +http://www.google.com/bot.html)"
66.249.64.5 - - [13/Jun/2025:09:24:21 -0400] "GET /?d=99786186260&filter=ee0841&share_to_url=goods.php%3Fid%3D3381923%26name%3Dpolo+perry+ellis+talla HTTP/1.1" 200 24373 "-" "Mozilla/5.0 (Linux; Android 6.0.1; Nexus 5X Build/MMB29P) AppleWebKit/537.36 (KHTML, like Gecko) Chrome/136.0.7103.113 Mobile Safari/537.36 (compatible; Googlebot/2.1; +http://www.google.com/bot.html)"
66.249.64.5 - - [13/Jun/2025:09:24:21 -0400] "GET /?d=107293306260&filter=ea641e&share_to_url=product-page.php%3Fid%3D3633256%26name%3D58+fitness+gear+ideas HTTP/1.1" 200 23375 "-" "Mozilla/5.0 (Linux; Android 6.0.1; Nexus 5X Build/MMB29P) AppleWebKit/537.36 (KHTML, like Gecko) Chrome/136.0.7103.113 Mobile Safari/537.36 (compatible; Googlebot/2.1; +http://www.google.com/bot.html)"
52.167.144.172 - - [13/Jun/2025:09:24:24 -0400] "GET /?d=17908094260&filter=8ac724&share_to_url=product.php%3Fid%3D608878%26name%3Dwood+bead+stretch HTTP/1.1" 200 23845 "-" "Mozilla/5.0 AppleWebKit/537.36 (KHTML, like Gecko; compatible; bingbot/2.0; +http://www.bing.com/bingbot.htm) Chrome/116.0.1938.76 Safari/537.36"
66.249.64.5 - - [13/Jun/2025:09:24:24 -0400] "GET /?d=91285699260&filter=6ee591&share_to_url=item.php%3Fid%3D3093709%26name%3Dglucose+transporters+my HTTP/1.1" 200 22942 "-" "Mozilla/5.0 (Linux; Android 6.0.1; Nexus 5X Build/MMB29P) AppleWebKit/537.36 (KHTML, like Gecko) Chrome/136.0.7103.113 Mobile Safari/537.36 (compatible; Googlebot/2.1; +http://www.google.com/bot.html)"
52.167.144.172 - - [13/Jun/2025:09:24:25 -0400] "GET /?d=70511593260&filter=5837f7&share_to_url=article.php%3Fid%3D2389190%26name%3Dbuy+aer+power HTTP/1.1" 200 23140 "-" "Mozilla/5.0 AppleWebKit/537.36 (KHTML, like Gecko; compatible; bingbot/2.0; +http://www.bing.com/bingbot.htm) Chrome/116.0.1938.76 Safari/537.36"
66.249.64.5 - - [13/Jun/2025:09:24:26 -0400] "GET /?d=99859336260&filter=26a884&share_to_url=model.php%3Fid%3D3384411%26name%3Dpromotional+weatherproof+women+039+s+vintage+diamond HTTP/1.1" 200 24614 "-" "Mozilla/5.0 (Linux; Android 6.0.1; Nexus 5X Build/MMB29P) AppleWebKit/537.36 (KHTML, like Gecko) Chrome/136.0.7103.113 Mobile Safari/537.36 (compatible; Googlebot/2.1; +http://www.google.com/bot.html)"
66.249.64.5 - - [13/Jun/2025:09:24:27 -0400] "GET /?d=89602038260&filter=43f41d&share_to_url=model.php%3Fid%3D3037023%26name%3Dcivilized+military+short+pants HTTP/1.1" 200 24259 "-" "Mozilla/5.0 (Linux; Android 6.0.1; Nexus 5X Build/MMB29P) AppleWebKit/537.36 (KHTML, like Gecko) Chrome/136.0.7103.113 Mobile Safari/537.36 (compatible; Googlebot/2.1; +http://www.google.com/bot.html)"
66.249.64.5 - - [13/Jun/2025:09:24:30 -0400] "GET /?d=94883212260&filter=ea87ba&share_to_url=ideas.php%3Fid%3D3214980%26name%3Dgarmin+enduro+sapphire HTTP/1.1" 200 22828 "-" "Mozilla/5.0 (Linux; Android 6.0.1; Nexus 5X Build/MMB29P) AppleWebKit/537.36 (KHTML, like Gecko) Chrome/136.0.7103.113 Mobile Safari/537.36 (compatible; Googlebot/2.1; +http://www.google.com/bot.html)"
157.55.39.203 - - [13/Jun/2025:09:24:30 -0400] "GET /?d=97915866260&filter=64a9bc&share_to_url=model.php%3Fid%3D3318519%26name%3Dmoda+moka+brown HTTP/1.1" 200 23812 "-" "Mozilla/5.0 AppleWebKit/537.36 (KHTML, like Gecko; compatible; bingbot/2.0; +http://www.bing.com/bingbot.htm) Chrome/116.0.1938.76 Safari/537.36"
157.55.39.203 - - [13/Jun/2025:09:24:32 -0400] "GET /?d=73864243260&filter=6f993e&share_to_url=shopdetail.php%3Fid%3D2503928%26name%3D1986+ktm+500+restoration+project HTTP/1.1" 200 24838 "-" "Mozilla/5.0 AppleWebKit/537.36 (KHTML, like Gecko; compatible; bingbot/2.0; +http://www.bing.com/bingbot.htm) Chrome/116.0.1938.76 Safari/537.36"
66.249.64.5 - - [13/Jun/2025:09:24:32 -0400] "GET /?d=87899180260&filter=fa5724&share_to_url=model.php%3Fid%3D2978487%26name%3Dpandora+oval+sparkle+hoop HTTP/1.1" 200 23158 "-" "Mozilla/5.0 (Linux; Android 6.0.1; Nexus 5X Build/MMB29P) AppleWebKit/537.36 (KHTML, like Gecko) Chrome/136.0.7103.113 Mobile Safari/537.36 (compatible; Googlebot/2.1; +http://www.google.com/bot.html)"
157.55.39.203 - - [13/Jun/2025:09:24:33 -0400] "GET /?d=87550442260&filter=02cb9d&share_to_url=article.php%3Fid%3D2966714%26name%3Dbarbour+icons+top HTTP/1.1" 200 22482 "-" "Mozilla/5.0 AppleWebKit/537.36 (KHTML, like Gecko; compatible; bingbot/2.0; +http://www.bing.com/bingbot.htm) Chrome/116.0.1938.76 Safari/537.36"
66.249.64.6 - - [13/Jun/2025:09:24:35 -0400] "GET /?d=103208751260&filter=77eedc&share_to_url=discover.php%3Fid%3D3497489%26name%3Dpendientes+de+%C3%A1ngel+o HTTP/1.1" 200 24031 "-" "Mozilla/5.0 (Linux; Android 6.0.1; Nexus 5X Build/MMB29P) AppleWebKit/537.36 (KHTML, like Gecko) Chrome/136.0.7103.113 Mobile Safari/537.36 (compatible; Googlebot/2.1; +http://www.google.com/bot.html)"
66.249.64.5 - - [13/Jun/2025:09:24:38 -0400] "GET /?d=95608887260&filter=80c420&share_to_url=product-page.php%3Fid%3D3239308%26name%3Dvtt+rockrider+26+pouces HTTP/1.1" 200 23443 "-" "Mozilla/5.0 (Linux; Android 6.0.1; Nexus 5X Build/MMB29P) AppleWebKit/537.36 (KHTML, like Gecko) Chrome/136.0.7103.113 Mobile Safari/537.36 (compatible; Googlebot/2.1; +http://www.google.com/bot.html)"
66.249.64.6 - - [13/Jun/2025:09:24:41 -0400] "GET /?d=97676816260&filter=0cb77f&share_to_url=item.php%3Fid%3D3310393%26name%3Ddolce+amp+gabbana+leopard+tote HTTP/1.1" 200 23552 "-" "Mozilla/5.0 (Linux; Android 6.0.1; Nexus 5X Build/MMB29P) AppleWebKit/537.36 (KHTML, like Gecko) Chrome/136.0.7103.113 Mobile Safari/537.36 (compatible; Googlebot/2.1; +http://www.google.com/bot.html)"
66.249.64.5 - - [13/Jun/2025:09:24:44 -0400] "GET /?d=100435320260&filter=19a15a&share_to_url=pin.php%3Fid%3D3404058%26name%3Dcinderella+inspired+wedding+invites+plus HTTP/1.1" 200 23849 "-" "Mozilla/5.0 (Linux; Android 6.0.1; Nexus 5X Build/MMB29P) AppleWebKit/537.36 (KHTML, like Gecko) Chrome/136.0.7103.113 Mobile Safari/537.36 (compatible; Googlebot/2.1; +http://www.google.com/bot.html)"
66.249.64.6 - - [13/Jun/2025:09:24:47 -0400] "GET /?d=97107066260&filter=16f3f8&share_to_url=item.php%3Fid%3D3290161%26name%3Dyouth+trout+cheap HTTP/1.1" 200 23101 "-" "Mozilla/5.0 (Linux; Android 6.0.1; Nexus 5X Build/MMB29P) AppleWebKit/537.36 (KHTML, like Gecko) Chrome/136.0.7103.113 Mobile Safari/537.36 (compatible; Googlebot/2.1; +http://www.google.com/bot.html)"
66.249.64.6 - - [13/Jun/2025:09:24:49 -0400] "GET /?d=92911117260&filter=c4b8bf&share_to_url=item.php%3Fid%3D3148009%26name%3Dactiva+class+shop HTTP/1.1" 200 22720 "-" "Mozilla/5.0 (Linux; Android 6.0.1; Nexus 5X Build/MMB29P) AppleWebKit/537.36 (KHTML, like Gecko) Chrome/136.0.7103.113 Mobile Safari/537.36 (compatible; Googlebot/2.1; +http://www.google.com/bot.html)"
66.249.64.6 - - [13/Jun/2025:09:24:52 -0400] "GET /?d=95747465260&filter=1876cd&share_to_url=article.php%3Fid%3D3243962%26name%3Dloungewear+with+hot HTTP/1.1" 200 24461 "-" "Mozilla/5.0 (Linux; Android 6.0.1; Nexus 5X Build/MMB29P) AppleWebKit/537.36 (KHTML, like Gecko) Chrome/136.0.7103.113 Mobile Safari/537.36 (compatible; Googlebot/2.1; +http://www.google.com/bot.html)"
52.167.144.150 - - [13/Jun/2025:09:24:54 -0400] "GET /?d=36348531260&filter=cdc800&share_to_url=item.php%3Fid%3D1234597%26name%3Ddsquared2+dyed+herca HTTP/1.1" 200 23289 "-" "Mozilla/5.0 AppleWebKit/537.36 (KHTML, like Gecko; compatible; bingbot/2.0; +http://www.bing.com/bingbot.htm) Chrome/116.0.1938.76 Safari/537.36"
66.249.64.6 - - [13/Jun/2025:09:24:54 -0400] "GET /?d=107398644260&filter=9f9551&share_to_url=item.php%3Fid%3D3637177%26name%3Dpetoi+nybble HTTP/1.1" 200 22227 "-" "Mozilla/5.0 (Linux; Android 6.0.1; Nexus 5X Build/MMB29P) AppleWebKit/537.36 (KHTML, like Gecko) Chrome/136.0.7103.113 Mobile Safari/537.36 (compatible; Googlebot/2.1; +http://www.google.com/bot.html)"
52.167.144.150 - - [13/Jun/2025:09:24:55 -0400] "GET /?d=19571463260&filter=6563e1&share_to_url=shopdetail.php%3Fid%3D665336%26name%3Dpetals+shops+web HTTP/1.1" 200 23681 "-" "Mozilla/5.0 AppleWebKit/537.36 (KHTML, like Gecko; compatible; bingbot/2.0; +http://www.bing.com/bingbot.htm) Chrome/116.0.1938.76 Safari/537.36"
52.167.144.150 - - [13/Jun/2025:09:24:55 -0400] "GET /?d=72136488260&filter=adeec8&share_to_url=pin.php%3Fid%3D2444742%26name%3Djohnny+blaze+hooded HTTP/1.1" 200 24090 "-" "Mozilla/5.0 AppleWebKit/537.36 (KHTML, like Gecko; compatible; bingbot/2.0; +http://www.bing.com/bingbot.htm) Chrome/116.0.1938.76 Safari/537.36"
52.167.144.150 - - [13/Jun/2025:09:24:56 -0400] "GET /?d=15003041260&filter=14708a&share_to_url=pin.php%3Fid%3D511662%26name%3Dams+frame+store HTTP/1.1" 200 23107 "-" "Mozilla/5.0 AppleWebKit/537.36 (KHTML, like Gecko; compatible; bingbot/2.0; +http://www.bing.com/bingbot.htm) Chrome/116.0.1938.76 Safari/537.36"
157.55.39.203 - - [13/Jun/2025:09:24:56 -0400] "GET /?d=63819125260&filter=032fe0&share_to_url=ideas.php%3Fid%3D2164308%26name%3Dfirst+birthday+fiesta+sombrero HTTP/1.1" 200 23788 "-" "Mozilla/5.0 AppleWebKit/537.36 (KHTML, like Gecko; compatible; bingbot/2.0; +http://www.bing.com/bingbot.htm) Chrome/116.0.1938.76 Safari/537.36"
52.167.144.158 - - [13/Jun/2025:09:24:56 -0400] "GET /?d=97681381260&filter=0cb77f&share_to_url=discover.php%3Fid%3D3310541%26name%3Dmini+sac+zara+disponible HTTP/1.1" 200 23404 "-" "Mozilla/5.0 AppleWebKit/537.36 (KHTML, like Gecko; compatible; bingbot/2.0; +http://www.bing.com/bingbot.htm) Chrome/116.0.1938.76 Safari/537.36"
66.249.64.5 - - [13/Jun/2025:09:24:57 -0400] "GET /?d=102992291260&filter=f3b098&share_to_url=item.php%3Fid%3D3490489%26name%3D230+doggies+pictures HTTP/1.1" 200 24732 "-" "Mozilla/5.0 (Linux; Android 6.0.1; Nexus 5X Build/MMB29P) AppleWebKit/537.36 (KHTML, like Gecko) Chrome/136.0.7103.113 Mobile Safari/537.36 (compatible; Googlebot/2.1; +http://www.google.com/bot.html)"
66.249.64.131 - - [13/Jun/2025:09:24:57 -0400] "GET /?d=117603827260&filter=a8ba19&share_to_url=goods.php%3Fid%3D3982787%26name%3Dair+fryer+pizza+rolls+with HTTP/1.1" 200 22541 "-" "Mozilla/5.0 (Linux; Android 6.0.1; Nexus 5X Build/MMB29P) AppleWebKit/537.36 (KHTML, like Gecko) Chrome/136.0.7103.113 Mobile Safari/537.36 (compatible; Googlebot/2.1; +http://www.google.com/bot.html)"
52.167.144.172 - - [13/Jun/2025:09:24:58 -0400] "GET /?d=111963464260&filter=66ee00&share_to_url=model.php%3Fid%3D3792339%26name%3Dadidas+predator+freak+fg HTTP/1.1" 200 22174 "-" "Mozilla/5.0 AppleWebKit/537.36 (KHTML, like Gecko; compatible; bingbot/2.0; +http://www.bing.com/bingbot.htm) Chrome/116.0.1938.76 Safari/537.36"
40.77.167.155 - - [13/Jun/2025:09:24:59 -0400] "GET /?d=99747551260&filter=01758e&share_to_url=discover.php%3Fid%3D3380669%26name%3Ddicas+de+vestidos+da+shein HTTP/1.1" 200 24640 "-" "Mozilla/5.0 AppleWebKit/537.36 (KHTML, like Gecko; compatible; bingbot/2.0; +http://www.bing.com/bingbot.htm) Chrome/116.0.1938.76 Safari/537.36"
66.249.64.5 - - [13/Jun/2025:09:25:00 -0400] "GET /?d=101048391260&filter=a0630e&share_to_url=product.php%3Fid%3D3425230%26name%3Dnouvelle+collection+celio+au HTTP/1.1" 200 23416 "-" "Mozilla/5.0 (Linux; Android 6.0.1; Nexus 5X Build/MMB29P) AppleWebKit/537.36 (KHTML, like Gecko) Chrome/136.0.7103.113 Mobile Safari/537.36 (compatible; Googlebot/2.1; +http://www.google.com/bot.html)"
