66.249.64.131 - - [13/Jun/2025:08:36:28 -0400] "GET /?d=104777117260&filter=116a77&share_to_url=ideas.php%3Fid%3D3550296%26name%3Dbaxi+224+combi HTTP/1.1" 200 23911 "-" "Mozilla/5.0 (Linux; Android 6.0.1; Nexus 5X Build/MMB29P) AppleWebKit/537.36 (KHTML, like Gecko) Chrome/136.0.7103.113 Mobile Safari/537.36 (compatible; Googlebot/2.1; +http://www.google.com/bot.html)"
66.249.64.131 - - [13/Jun/2025:08:36:29 -0400] "GET /?d=92632261260&filter=14708a&share_to_url=item.php%3Fid%3D3138637%26name%3Dfulcrum+goes+tubeless+with+updated HTTP/1.1" 200 22941 "-" "Mozilla/5.0 (Linux; Android 6.0.1; Nexus 5X Build/MMB29P) AppleWebKit/537.36 (KHTML, like Gecko) Chrome/136.0.7103.113 Mobile Safari/537.36 (compatible; Googlebot/2.1; +http://www.google.com/bot.html)"
66.249.64.131 - - [13/Jun/2025:08:36:31 -0400] "GET /?d=103328948260&filter=809419&share_to_url=ideas.php%3Fid%3D3501540%26name%3Dguinea+pig+over+white+wall HTTP/1.1" 200 23365 "-" "Mozilla/5.0 (Linux; Android 6.0.1; Nexus 5X Build/MMB29P) AppleWebKit/537.36 (KHTML, like Gecko) Chrome/136.0.7103.113 Mobile Safari/537.36 (compatible; Googlebot/2.1; +http://www.google.com/bot.html)"
157.55.39.12 - - [13/Jun/2025:08:36:32 -0400] "GET /?d=94382937260&filter=5c1853&share_to_url=product.php%3Fid%3D3198442%26name%3Dunprocessed+brazilian+curly+hair HTTP/1.1" 200 23131 "-" "Mozilla/5.0 AppleWebKit/537.36 (KHTML, like Gecko; compatible; bingbot/2.0; +http://www.bing.com/bingbot.htm) Chrome/116.0.1938.76 Safari/537.36"
66.249.64.131 - - [13/Jun/2025:08:36:34 -0400] "GET /?d=108309900260&filter=b4da41&share_to_url=product.php%3Fid%3D3667210%26name%3Dberretto+1903+da HTTP/1.1" 200 24170 "-" "Mozilla/5.0 (Linux; Android 6.0.1; Nexus 5X Build/MMB29P) AppleWebKit/537.36 (KHTML, like Gecko) Chrome/136.0.7103.113 Mobile Safari/537.36 (compatible; Googlebot/2.1; +http://www.google.com/bot.html)"
157.55.39.205 - - [13/Jun/2025:08:36:36 -0400] "GET /?d=36218285260&filter=14708a&share_to_url=detail.php%3Fid%3D1230573%26name%3Dcypress+dx+m+disc HTTP/1.1" 200 22547 "-" "Mozilla/5.0 AppleWebKit/537.36 (KHTML, like Gecko; compatible; bingbot/2.0; +http://www.bing.com/bingbot.htm) Chrome/116.0.1938.76 Safari/537.36"
66.249.64.132 - - [13/Jun/2025:08:36:37 -0400] "GET /?d=112667987260&filter=6c3290&share_to_url=pin.php%3Fid%3D3816222%26name%3Dacquista+tuta+da+donna+di HTTP/1.1" 200 25040 "-" "Mozilla/5.0 (Linux; Android 6.0.1; Nexus 5X Build/MMB29P) AppleWebKit/537.36 (KHTML, like Gecko) Chrome/136.0.7103.113 Mobile Safari/537.36 (compatible; Googlebot/2.1; +http://www.google.com/bot.html)"
157.55.39.205 - - [13/Jun/2025:08:36:37 -0400] "GET /?d=87978363260&filter=14708a&share_to_url=article.php%3Fid%3D2981030%26name%3Dargos+boys+sale+bmx HTTP/1.1" 200 23758 "-" "Mozilla/5.0 AppleWebKit/537.36 (KHTML, like Gecko; compatible; bingbot/2.0; +http://www.bing.com/bingbot.htm) Chrome/116.0.1938.76 Safari/537.36"
66.249.64.131 - - [13/Jun/2025:08:36:39 -0400] "GET /?d=100189527260&filter=ab67d8&share_to_url=product.php%3Fid%3D3395554%26name%3Dbana+cream+vegan HTTP/1.1" 200 24344 "-" "Mozilla/5.0 (Linux; Android 6.0.1; Nexus 5X Build/MMB29P) AppleWebKit/537.36 (KHTML, like Gecko) Chrome/136.0.7103.113 Mobile Safari/537.36 (compatible; Googlebot/2.1; +http://www.google.com/bot.html)"
52.167.144.156 - - [13/Jun/2025:08:36:40 -0400] "GET /?d=20275547260&filter=9e9754&share_to_url=item.php%3Fid%3D688669%26name%3Dpreethi+platinum+sale HTTP/1.1" 200 23606 "-" "Mozilla/5.0 AppleWebKit/537.36 (KHTML, like Gecko; compatible; bingbot/2.0; +http://www.bing.com/bingbot.htm) Chrome/116.0.1938.76 Safari/537.36"
52.167.144.159 - - [13/Jun/2025:08:36:40 -0400] "GET /?d=88692926260&filter=a4f9ef&share_to_url=pin.php%3Fid%3D3006162%26name%3Dhalston+heritage+halston+cutout HTTP/1.1" 200 22856 "-" "Mozilla/5.0 AppleWebKit/537.36 (KHTML, like Gecko; compatible; bingbot/2.0; +http://www.bing.com/bingbot.htm) Chrome/116.0.1938.76 Safari/537.36"
40.77.167.14 - - [13/Jun/2025:08:36:42 -0400] "GET /?d=112039500260&filter=0c0b6e&share_to_url=ideas.php%3Fid%3D3795060%26name%3Dregadera+berlin+ovalada HTTP/1.1" 200 24335 "-" "Mozilla/5.0 AppleWebKit/537.36 (KHTML, like Gecko; compatible; bingbot/2.0; +http://www.bing.com/bingbot.htm) Chrome/116.0.1938.76 Safari/537.36"
66.249.64.132 - - [13/Jun/2025:08:36:42 -0400] "GET /?d=101078950260&filter=bc40a5&share_to_url=item.php%3Fid%3D3426229%26name%3Dthule+yepp+clearance+maxi+easyfit HTTP/1.1" 200 22812 "-" "Mozilla/5.0 (Linux; Android 6.0.1; Nexus 5X Build/MMB29P) AppleWebKit/537.36 (KHTML, like Gecko) Chrome/136.0.7103.113 Mobile Safari/537.36 (compatible; Googlebot/2.1; +http://www.google.com/bot.html)"
52.167.144.209 - - [13/Jun/2025:08:36:43 -0400] "GET /?d=103467494260&filter=e4b9aa&share_to_url=detail.php%3Fid%3D3505977%26name%3Ddouble+breasted+buttoned+coat HTTP/1.1" 200 24446 "-" "Mozilla/5.0 AppleWebKit/537.36 (KHTML, like Gecko; compatible; bingbot/2.0; +http://www.bing.com/bingbot.htm) Chrome/116.0.1938.76 Safari/537.36"
66.249.64.5 - - [13/Jun/2025:08:36:45 -0400] "GET /?d=115038468260&filter=577ef4&share_to_url=model.php%3Fid%3D3895563%26name%3Dted+baker+abyoo HTTP/1.1" 200 23947 "-" "Mozilla/5.0 (Linux; Android 6.0.1; Nexus 5X Build/MMB29P) AppleWebKit/537.36 (KHTML, like Gecko) Chrome/136.0.7103.113 Mobile Safari/537.36 (compatible; Googlebot/2.1; +http://www.google.com/bot.html)"
66.249.64.131 - - [13/Jun/2025:08:36:45 -0400] "GET /?d=105127569260&filter=99857c&share_to_url=goods.php%3Fid%3D3561443%26name%3Dstuks+100+katoen+ondergoed HTTP/1.1" 200 23991 "-" "Mozilla/5.0 (Linux; Android 6.0.1; Nexus 5X Build/MMB29P) AppleWebKit/537.36 (KHTML, like Gecko) Chrome/136.0.7103.113 Mobile Safari/537.36 (compatible; Googlebot/2.1; +http://www.google.com/bot.html)"
157.55.39.205 - - [13/Jun/2025:08:36:46 -0400] "GET /?d=21627131260&filter=cb7031&share_to_url=goods.php%3Fid%3D733799%26name%3Dintersport+pac%C3%A9+les+nouveaux HTTP/1.1" 200 23328 "-" "Mozilla/5.0 AppleWebKit/537.36 (KHTML, like Gecko; compatible; bingbot/2.0; +http://www.bing.com/bingbot.htm) Chrome/116.0.1938.76 Safari/537.36"
157.55.39.205 - - [13/Jun/2025:08:36:47 -0400] "GET /?d=61149852260&filter=4d7b9c&share_to_url=goods.php%3Fid%3D2074235%26name%3Dlego+fortnite+is+first HTTP/1.1" 200 22699 "-" "Mozilla/5.0 AppleWebKit/537.36 (KHTML, like Gecko; compatible; bingbot/2.0; +http://www.bing.com/bingbot.htm) Chrome/116.0.1938.76 Safari/537.36"
66.249.64.131 - - [13/Jun/2025:08:36:48 -0400] "GET /?d=117693589260&filter=edd546&share_to_url=shop.php%3Fid%3D3985915%26name%3Dbose+noise+masking+sleepbuds+review+sleep HTTP/1.1" 200 22857 "-" "Mozilla/5.0 (Linux; Android 6.0.1; Nexus 5X Build/MMB29P) AppleWebKit/537.36 (KHTML, like Gecko) Chrome/136.0.7103.113 Mobile Safari/537.36 (compatible; Googlebot/2.1; +http://www.google.com/bot.html)"
66.249.64.131 - - [13/Jun/2025:08:36:49 -0400] "GET /?d=115868278260&filter=3bb652&share_to_url=product-page.php%3Fid%3D3923824%26name%3Dplaymobil+taller+vespa HTTP/1.1" 200 22958 "-" "Mozilla/5.0 (Linux; Android 6.0.1; Nexus 5X Build/MMB29P) AppleWebKit/537.36 (KHTML, like Gecko) Chrome/136.0.7103.113 Mobile Safari/537.36 (compatible; Googlebot/2.1; +http://www.google.com/bot.html)"
52.167.144.159 - - [13/Jun/2025:08:36:50 -0400] "GET /?d=103477163260&filter=d07a8e&share_to_url=product.php%3Fid%3D3506326%26name%3Dmini+live+streaming+dash HTTP/1.1" 200 24039 "-" "Mozilla/5.0 AppleWebKit/537.36 (KHTML, like Gecko; compatible; bingbot/2.0; +http://www.bing.com/bingbot.htm) Chrome/116.0.1938.76 Safari/537.36"
66.249.64.131 - - [13/Jun/2025:08:36:51 -0400] "GET /?d=114246766260&filter=6acbf4&share_to_url=pin.php%3Fid%3D3868806%26name%3Ddoggie+stylz+service+dog+harness HTTP/1.1" 200 23913 "-" "Mozilla/5.0 (Linux; Android 6.0.1; Nexus 5X Build/MMB29P) AppleWebKit/537.36 (KHTML, like Gecko) Chrome/136.0.7103.113 Mobile Safari/537.36 (compatible; Googlebot/2.1; +http://www.google.com/bot.html)"
40.77.167.151 - - [13/Jun/2025:08:36:51 -0400] "GET /?d=31636730260&filter=2c5c3a&share_to_url=product.php%3Fid%3D1075426%26name%3Dcalily+life+brazilian+keratin+hair HTTP/1.1" 200 23688 "-" "Mozilla/5.0 AppleWebKit/537.36 (KHTML, like Gecko; compatible; bingbot/2.0; +http://www.bing.com/bingbot.htm) Chrome/116.0.1938.76 Safari/537.36"
66.249.64.131 - - [13/Jun/2025:08:36:53 -0400] "GET /?d=104555754260&filter=939d51&share_to_url=ideas.php%3Fid%3D3542796%26name%3Dpuzzles+cat HTTP/1.1" 200 23868 "-" "Mozilla/5.0 (Linux; Android 6.0.1; Nexus 5X Build/MMB29P) AppleWebKit/537.36 (KHTML, like Gecko) Chrome/136.0.7103.113 Mobile Safari/537.36 (compatible; Googlebot/2.1; +http://www.google.com/bot.html)"
66.249.64.5 - - [13/Jun/2025:08:36:53 -0400] "GET /?d=116644856260&filter=f7447b&share_to_url=discover.php%3Fid%3D3950093%26name%3Dclass+oled+gaming+tv HTTP/1.1" 200 22436 "-" "Mozilla/5.0 (Linux; Android 6.0.1; Nexus 5X Build/MMB29P) AppleWebKit/537.36 (KHTML, like Gecko) Chrome/136.0.7103.113 Mobile Safari/537.36 (compatible; Googlebot/2.1; +http://www.google.com/bot.html)"
66.249.64.131 - - [13/Jun/2025:08:36:55 -0400] "GET /?d=102599509260&filter=494c5b&share_to_url=model.php%3Fid%3D3477531%26name%3Dplus+size+clothing+tips HTTP/1.1" 200 23408 "-" "Mozilla/5.0 (Linux; Android 6.0.1; Nexus 5X Build/MMB29P) AppleWebKit/537.36 (KHTML, like Gecko) Chrome/136.0.7103.113 Mobile Safari/537.36 (compatible; Googlebot/2.1; +http://www.google.com/bot.html)"
157.55.39.205 - - [13/Jun/2025:08:36:56 -0400] "GET /?d=17132083260&filter=cdc800&share_to_url=item.php%3Fid%3D584041%26name%3Dchristmas+pants+bottom+wear HTTP/1.1" 200 23538 "-" "Mozilla/5.0 AppleWebKit/537.36 (KHTML, like Gecko; compatible; bingbot/2.0; +http://www.bing.com/bingbot.htm) Chrome/116.0.1938.76 Safari/537.36"
66.249.64.5 - - [13/Jun/2025:08:36:57 -0400] "GET /?d=112439707260&filter=87dae1&share_to_url=ideas.php%3Fid%3D3808548%26name%3Dtrend+royal+leather+unisex HTTP/1.1" 200 24002 "-" "Mozilla/5.0 (Linux; Android 6.0.1; Nexus 5X Build/MMB29P) AppleWebKit/537.36 (KHTML, like Gecko) Chrome/136.0.7103.113 Mobile Safari/537.36 (compatible; Googlebot/2.1; +http://www.google.com/bot.html)"
157.55.39.205 - - [13/Jun/2025:08:36:58 -0400] "GET /?d=38926003260&filter=cb7031&share_to_url=item.php%3Fid%3D1321249%26name%3Drepassage+chemise+24 HTTP/1.1" 200 23698 "-" "Mozilla/5.0 AppleWebKit/537.36 (KHTML, like Gecko; compatible; bingbot/2.0; +http://www.bing.com/bingbot.htm) Chrome/116.0.1938.76 Safari/537.36"
157.55.39.12 - - [13/Jun/2025:08:36:58 -0400] "GET /?d=107844944260&filter=572624&share_to_url=ideas.php%3Fid%3D3651744%26name%3Dpantaloni+in+velluto+oversize HTTP/1.1" 200 24215 "-" "Mozilla/5.0 AppleWebKit/537.36 (KHTML, like Gecko; compatible; bingbot/2.0; +http://www.bing.com/bingbot.htm) Chrome/116.0.1938.76 Safari/537.36"
66.249.64.131 - - [13/Jun/2025:08:36:59 -0400] "GET /?d=104579415260&filter=032fe0&share_to_url=article.php%3Fid%3D3543590%26name%3Dpure+natural+beaver+felt HTTP/1.1" 200 23948 "-" "Mozilla/5.0 (Linux; Android 6.0.1; Nexus 5X Build/MMB29P) AppleWebKit/537.36 (KHTML, like Gecko) Chrome/136.0.7103.113 Mobile Safari/537.36 (compatible; Googlebot/2.1; +http://www.google.com/bot.html)"
157.55.39.12 - - [13/Jun/2025:08:36:59 -0400] "GET /?d=90701080260&filter=44b0ce&share_to_url=item.php%3Fid%3D3074077%26name%3Dtake+it+seriously+walking HTTP/1.1" 200 25097 "-" "Mozilla/5.0 AppleWebKit/537.36 (KHTML, like Gecko; compatible; bingbot/2.0; +http://www.bing.com/bingbot.htm) Chrome/116.0.1938.76 Safari/537.36"
52.167.144.159 - - [13/Jun/2025:08:37:00 -0400] "GET /?d=9525719260&filter=4d7b9c&share_to_url=pin.php%3Fid%3D327378%26name%3Dthe+phantom+75170 HTTP/1.1" 200 22641 "-" "Mozilla/5.0 AppleWebKit/537.36 (KHTML, like Gecko; compatible; bingbot/2.0; +http://www.bing.com/bingbot.htm) Chrome/116.0.1938.76 Safari/537.36"
52.167.144.159 - - [13/Jun/2025:08:37:01 -0400] "GET /?d=14754670260&filter=6ca228&share_to_url=product-page.php%3Fid%3D503248%26name%3Dasos+design+cloud HTTP/1.1" 200 23933 "-" "Mozilla/5.0 AppleWebKit/537.36 (KHTML, like Gecko; compatible; bingbot/2.0; +http://www.bing.com/bingbot.htm) Chrome/116.0.1938.76 Safari/537.36"
66.249.64.132 - - [13/Jun/2025:08:37:02 -0400] "GET /?d=115575640260&filter=eb8c1b&share_to_url=goods.php%3Fid%3D3913967%26name%3Dhead+to HTTP/1.1" 200 23654 "-" "Mozilla/5.0 (Linux; Android 6.0.1; Nexus 5X Build/MMB29P) AppleWebKit/537.36 (KHTML, like Gecko) Chrome/136.0.7103.113 Mobile Safari/537.36 (compatible; Googlebot/2.1; +http://www.google.com/bot.html)"
52.167.144.159 - - [13/Jun/2025:08:37:02 -0400] "GET /?d=91585471260&filter=c18d67&share_to_url=discover.php%3Fid%3D3103613%26name%3Dkelbourne+woolens+germantown+worsted HTTP/1.1" 200 22397 "-" "Mozilla/5.0 AppleWebKit/537.36 (KHTML, like Gecko; compatible; bingbot/2.0; +http://www.bing.com/bingbot.htm) Chrome/116.0.1938.76 Safari/537.36"
52.167.144.159 - - [13/Jun/2025:08:37:03 -0400] "GET /?d=27568427260&filter=14708a&share_to_url=product-page.php%3Fid%3D935224%26name%3Dbear+mountain+biking HTTP/1.1" 200 23828 "-" "Mozilla/5.0 AppleWebKit/537.36 (KHTML, like Gecko; compatible; bingbot/2.0; +http://www.bing.com/bingbot.htm) Chrome/116.0.1938.76 Safari/537.36"
52.167.144.209 - - [13/Jun/2025:08:37:03 -0400] "GET /?d=96960513260&filter=07837b&share_to_url=ideas.php?id=3285072&name=best%20stock%20to%20buy HTTP/1.1" 200 24099 "-" "Mozilla/5.0 AppleWebKit/537.36 (KHTML, like Gecko; compatible; bingbot/2.0; +http://www.bing.com/bingbot.htm) Chrome/116.0.1938.76 Safari/537.36"
66.249.64.128 - - [13/Jun/2025:08:37:04 -0400] "GET /?d=116960648260&filter=50365e&share_to_url=shop.php%3Fid%3D3960763%26name%3Da+m%C3%A1quina+de HTTP/1.1" 200 23320 "-" "Mozilla/5.0 (Linux; Android 6.0.1; Nexus 5X Build/MMB29P) AppleWebKit/537.36 (KHTML, like Gecko) Chrome/136.0.7103.113 Mobile Safari/537.36 (compatible; Googlebot/2.1; +http://www.google.com/bot.html)"
66.249.64.131 - - [13/Jun/2025:08:37:07 -0400] "GET /?d=21803150260&filter=f685f1&share_to_url=item.php%3Fid%3D739729%26name%3Dtrademarks+dalbello HTTP/1.1" 200 21808 "-" "Mozilla/5.0 (Linux; Android 6.0.1; Nexus 5X Build/MMB29P) AppleWebKit/537.36 (KHTML, like Gecko) Chrome/136.0.7103.113 Mobile Safari/537.36 (compatible; Googlebot/2.1; +http://www.google.com/bot.html)"
66.249.64.131 - - [13/Jun/2025:08:37:07 -0400] "GET /?d=100232359260&filter=adeec8&share_to_url=detail.php%3Fid%3D3397101%26name%3Dnew+balance+90s+store+hoodie HTTP/1.1" 200 22314 "-" "Mozilla/5.0 (Linux; Android 6.0.1; Nexus 5X Build/MMB29P) AppleWebKit/537.36 (KHTML, like Gecko) Chrome/136.0.7103.113 Mobile Safari/537.36 (compatible; Googlebot/2.1; +http://www.google.com/bot.html)"
66.249.64.131 - - [13/Jun/2025:08:37:09 -0400] "GET /?d=109817686260&filter=14708a&share_to_url=pin.php%3Fid%3D3716874%26name%3Dheadlight+mount HTTP/1.1" 200 24389 "-" "Mozilla/5.0 (Linux; Android 6.0.1; Nexus 5X Build/MMB29P) AppleWebKit/537.36 (KHTML, like Gecko) Chrome/136.0.7103.113 Mobile Safari/537.36 (compatible; Googlebot/2.1; +http://www.google.com/bot.html)"
66.249.64.132 - - [13/Jun/2025:08:37:10 -0400] "GET /?d=111150837260&filter=c18d67&share_to_url=ideas.php%3Fid%3D3763812%26name%3Dsweatshirts+i+see+ghost HTTP/1.1" 200 23354 "-" "Mozilla/5.0 (Linux; Android 6.0.1; Nexus 5X Build/MMB29P) AppleWebKit/537.36 (KHTML, like Gecko) Chrome/136.0.7103.113 Mobile Safari/537.36 (compatible; Googlebot/2.1; +http://www.google.com/bot.html)"
40.77.167.14 - - [13/Jun/2025:08:37:10 -0400] "GET /?d=31497610260&filter=ada5f8&share_to_url=shopdetail.php%3Fid%3D1070840%26name%3Dvenus HTTP/1.1" 200 24165 "-" "Mozilla/5.0 AppleWebKit/537.36 (KHTML, like Gecko; compatible; bingbot/2.0; +http://www.bing.com/bingbot.htm) Chrome/116.0.1938.76 Safari/537.36"
40.77.167.14 - - [13/Jun/2025:08:37:11 -0400] "GET /?d=79077314260&filter=edd546&share_to_url=shop.php%3Fid%3D2678575%26name%3Dbluetooth+earphones+plus+internal HTTP/1.1" 200 24120 "-" "Mozilla/5.0 AppleWebKit/537.36 (KHTML, like Gecko; compatible; bingbot/2.0; +http://www.bing.com/bingbot.htm) Chrome/116.0.1938.76 Safari/537.36"
40.77.167.151 - - [13/Jun/2025:08:37:11 -0400] "GET /?d=101147906260&filter=f5b74d&share_to_url=article.php%3Fid%3D3428726%26name%3Dtenis+sale HTTP/1.1" 200 23869 "-" "Mozilla/5.0 AppleWebKit/537.36 (KHTML, like Gecko; compatible; bingbot/2.0; +http://www.bing.com/bingbot.htm) Chrome/116.0.1938.76 Safari/537.36"
66.249.64.131 - - [13/Jun/2025:08:37:12 -0400] "GET /?d=103001041260&filter=f4c17b&share_to_url=detail.php%3Fid%3D3490773%26name%3Dinaugural+class+of HTTP/1.1" 200 23213 "-" "Mozilla/5.0 (Linux; Android 6.0.1; Nexus 5X Build/MMB29P) AppleWebKit/537.36 (KHTML, like Gecko) Chrome/136.0.7103.113 Mobile Safari/537.36 (compatible; Googlebot/2.1; +http://www.google.com/bot.html)"
66.249.64.131 - - [13/Jun/2025:08:37:15 -0400] "GET /?d=116578107260&filter=431379&share_to_url=product-page.php%3Fid%3D3947800%26name%3De+bike+montana+catalog HTTP/1.1" 200 24225 "-" "Mozilla/5.0 (Linux; Android 6.0.1; Nexus 5X Build/MMB29P) AppleWebKit/537.36 (KHTML, like Gecko) Chrome/136.0.7103.113 Mobile Safari/537.36 (compatible; Googlebot/2.1; +http://www.google.com/bot.html)"
66.249.64.6 - - [13/Jun/2025:08:37:17 -0400] "GET /?d=98846653260&filter=22c4ad&share_to_url=discover.php%3Fid%3D3349913%26name%3Dhamilton+039+musical+coming+to HTTP/1.1" 200 21920 "-" "Mozilla/5.0 (Linux; Android 6.0.1; Nexus 5X Build/MMB29P) AppleWebKit/537.36 (KHTML, like Gecko) Chrome/136.0.7103.113 Mobile Safari/537.36 (compatible; Googlebot/2.1; +http://www.google.com/bot.html)"
66.249.64.131 - - [13/Jun/2025:08:37:17 -0400] "GET /?d=100436542260&filter=4a33b7&share_to_url=ideas.php%3Fid%3D3404100%26name%3Dtime+lapse+cameras+how HTTP/1.1" 200 23829 "-" "Mozilla/5.0 (Linux; Android 6.0.1; Nexus 5X Build/MMB29P) AppleWebKit/537.36 (KHTML, like Gecko) Chrome/136.0.7103.113 Mobile Safari/537.36 (compatible; Googlebot/2.1; +http://www.google.com/bot.html)"
157.55.39.12 - - [13/Jun/2025:08:37:18 -0400] "GET /?d=90269378260&filter=7ce075&share_to_url=model.php%3Fid%3D3059115%26name%3Dthe+freicycle HTTP/1.1" 200 22073 "-" "Mozilla/5.0 AppleWebKit/537.36 (KHTML, like Gecko; compatible; bingbot/2.0; +http://www.bing.com/bingbot.htm) Chrome/116.0.1938.76 Safari/537.36"
66.249.64.131 - - [13/Jun/2025:08:37:18 -0400] "GET /?d=99336924260&filter=250e74&share_to_url=product.php%3Fid%3D3366742%26name%3Dpuma+nova+shine+t+shirt HTTP/1.1" 200 23173 "-" "Mozilla/5.0 (Linux; Android 6.0.1; Nexus 5X Build/MMB29P) AppleWebKit/537.36 (KHTML, like Gecko) Chrome/136.0.7103.113 Mobile Safari/537.36 (compatible; Googlebot/2.1; +http://www.google.com/bot.html)"
66.249.64.131 - - [13/Jun/2025:08:37:20 -0400] "GET /?d=114287436260&filter=7f9220&share_to_url=shopdetail.php%3Fid%3D3870032%26name%3Dgold+plated+stainless+steel+ring HTTP/1.1" 200 24091 "-" "Mozilla/5.0 (Linux; Android 6.0.1; Nexus 5X Build/MMB29P) AppleWebKit/537.36 (KHTML, like Gecko) Chrome/136.0.7103.113 Mobile Safari/537.36 (compatible; Googlebot/2.1; +http://www.google.com/bot.html)"
157.55.39.12 - - [13/Jun/2025:08:37:20 -0400] "GET /?d=91598349260&filter=46c16b&share_to_url=pin.php%3Fid%3D3103998%26name%3D10+best+bucket+bags+2021 HTTP/1.1" 200 24161 "-" "Mozilla/5.0 AppleWebKit/537.36 (KHTML, like Gecko; compatible; bingbot/2.0; +http://www.bing.com/bingbot.htm) Chrome/116.0.1938.76 Safari/537.36"
52.167.144.159 - - [13/Jun/2025:08:37:21 -0400] "GET /?d=15461031260&filter=edd546&share_to_url=article.php%3Fid%3D527066%26name%3Dkenzo+airpods+pro HTTP/1.1" 200 24271 "-" "Mozilla/5.0 AppleWebKit/537.36 (KHTML, like Gecko; compatible; bingbot/2.0; +http://www.bing.com/bingbot.htm) Chrome/116.0.1938.76 Safari/537.36"
157.55.39.12 - - [13/Jun/2025:08:37:22 -0400] "GET /?d=94773498260&filter=bf7d46&share_to_url=article.php%3Fid%3D3211322%26name%3Dmount+your+smartphone HTTP/1.1" 200 23433 "-" "Mozilla/5.0 AppleWebKit/537.36 (KHTML, like Gecko; compatible; bingbot/2.0; +http://www.bing.com/bingbot.htm) Chrome/116.0.1938.76 Safari/537.36"
66.249.64.131 - - [13/Jun/2025:08:37:23 -0400] "GET /?d=101490624260&filter=c29bf6&share_to_url=detail.php%3Fid%3D3440589%26name%3Ddakota+boots+295+lidia+riding HTTP/1.1" 200 23711 "-" "Mozilla/5.0 (Linux; Android 6.0.1; Nexus 5X Build/MMB29P) AppleWebKit/537.36 (KHTML, like Gecko) Chrome/136.0.7103.113 Mobile Safari/537.36 (compatible; Googlebot/2.1; +http://www.google.com/bot.html)"
66.249.64.5 - - [13/Jun/2025:08:37:23 -0400] "GET /?d=116556642260&filter=1876cd&share_to_url=item.php%3Fid%3D3947161%26name%3Dscooby+doo+shop+pyjamas HTTP/1.1" 200 23459 "-" "Mozilla/5.0 (Linux; Android 6.0.1; Nexus 5X Build/MMB29P) AppleWebKit/537.36 (KHTML, like Gecko) Chrome/136.0.7103.113 Mobile Safari/537.36 (compatible; Googlebot/2.1; +http://www.google.com/bot.html)"
66.249.64.131 - - [13/Jun/2025:08:37:25 -0400] "GET /?d=102157202260&filter=1c04d1&share_to_url=article.php%3Fid%3D3462638%26name%3Dbook+review+the+other HTTP/1.1" 200 22937 "-" "Mozilla/5.0 (Linux; Android 6.0.1; Nexus 5X Build/MMB29P) AppleWebKit/537.36 (KHTML, like Gecko) Chrome/136.0.7103.113 Mobile Safari/537.36 (compatible; Googlebot/2.1; +http://www.google.com/bot.html)"
157.55.39.205 - - [13/Jun/2025:08:37:26 -0400] "GET /?d=84197529260&filter=12e607&share_to_url=article.php%3Fid%3D2851802%26name%3Dt+officinalis+hi+res HTTP/1.1" 200 21871 "-" "Mozilla/5.0 AppleWebKit/537.36 (KHTML, like Gecko; compatible; bingbot/2.0; +http://www.bing.com/bingbot.htm) Chrome/116.0.1938.76 Safari/537.36"
157.55.39.205 - - [13/Jun/2025:08:37:27 -0400] "GET /?d=85874811260&filter=70c827&share_to_url=product.php%3Fid%3D2909266%26name%3Dwts+seiko+macchina HTTP/1.1" 200 23843 "-" "Mozilla/5.0 AppleWebKit/537.36 (KHTML, like Gecko; compatible; bingbot/2.0; +http://www.bing.com/bingbot.htm) Chrome/116.0.1938.76 Safari/537.36"
66.249.64.131 - - [13/Jun/2025:08:37:28 -0400] "GET /?d=108047732260&filter=809419&share_to_url=product-page.php%3Fid%3D3658264%26name%3Dpets+dogs+best+latest+friends HTTP/1.1" 200 24102 "-" "Mozilla/5.0 (Linux; Android 6.0.1; Nexus 5X Build/MMB29P) AppleWebKit/537.36 (KHTML, like Gecko) Chrome/136.0.7103.113 Mobile Safari/537.36 (compatible; Googlebot/2.1; +http://www.google.com/bot.html)"
40.77.167.14 - - [13/Jun/2025:08:37:29 -0400] "GET /?d=84601866260&filter=0dc018&share_to_url=goods.php%3Fid%3D2865191%26name%3Dchristian+dior+fine HTTP/1.1" 200 24712 "-" "Mozilla/5.0 AppleWebKit/537.36 (KHTML, like Gecko; compatible; bingbot/2.0; +http://www.bing.com/bingbot.htm) Chrome/116.0.1938.76 Safari/537.36"
157.55.39.205 - - [13/Jun/2025:08:37:30 -0400] "GET /?d=17991743260&filter=ab67d8&share_to_url=detail.php%3Fid%3D611553%26name%3Dbailey+swivel+glider+power HTTP/1.1" 200 24072 "-" "Mozilla/5.0 AppleWebKit/537.36 (KHTML, like Gecko; compatible; bingbot/2.0; +http://www.bing.com/bingbot.htm) Chrome/116.0.1938.76 Safari/537.36"
157.55.39.205 - - [13/Jun/2025:08:37:30 -0400] "GET /?d=83192601260&filter=2b61a2&share_to_url=shopdetail.php%3Fid%3D2817920%26name%3Dforever+21+great+plus HTTP/1.1" 200 22888 "-" "Mozilla/5.0 AppleWebKit/537.36 (KHTML, like Gecko; compatible; bingbot/2.0; +http://www.bing.com/bingbot.htm) Chrome/116.0.1938.76 Safari/537.36"
52.167.144.209 - - [13/Jun/2025:08:37:30 -0400] "GET /?d=104100438260&filter=40f37c&share_to_url=model.php%3Fid%3D3526983%26name%3Dfall+office+chair HTTP/1.1" 200 24163 "-" "Mozilla/5.0 AppleWebKit/537.36 (KHTML, like Gecko; compatible; bingbot/2.0; +http://www.bing.com/bingbot.htm) Chrome/116.0.1938.76 Safari/537.36"
66.249.64.131 - - [13/Jun/2025:08:37:31 -0400] "GET /?d=106655011260&filter=b00345&share_to_url=goods.php%3Fid%3D3612143%26name%3Dpatek+philippe+shop+nautilus+wall HTTP/1.1" 200 23262 "-" "Mozilla/5.0 (Linux; Android 6.0.1; Nexus 5X Build/MMB29P) AppleWebKit/537.36 (KHTML, like Gecko) Chrome/136.0.7103.113 Mobile Safari/537.36 (compatible; Googlebot/2.1; +http://www.google.com/bot.html)"
40.77.167.151 - - [13/Jun/2025:08:37:33 -0400] "GET /?d=113859440260&filter=353642&share_to_url=model.php%3Fid%3D3856143%26name%3Dsummer+2024+campaign HTTP/1.1" 200 24224 "-" "Mozilla/5.0 AppleWebKit/537.36 (KHTML, like Gecko; compatible; bingbot/2.0; +http://www.bing.com/bingbot.htm) Chrome/116.0.1938.76 Safari/537.36"
66.249.64.132 - - [13/Jun/2025:08:37:34 -0400] "GET /?d=101610131260&filter=7bb540&share_to_url=article.php%3Fid%3D3445034%26name%3Dgilera+dna+50cc HTTP/1.1" 200 23081 "-" "Mozilla/5.0 (Linux; Android 6.0.1; Nexus 5X Build/MMB29P) AppleWebKit/537.36 (KHTML, like Gecko) Chrome/136.0.7103.113 Mobile Safari/537.36 (compatible; Googlebot/2.1; +http://www.google.com/bot.html)"
40.77.167.151 - - [13/Jun/2025:08:37:35 -0400] "GET /?d=112104714260&filter=9b293d&share_to_url=product.php?id=3797398&name=puma%20textured%20high%20top HTTP/1.1" 200 22541 "-" "Mozilla/5.0 AppleWebKit/537.36 (KHTML, like Gecko; compatible; bingbot/2.0; +http://www.bing.com/bingbot.htm) Chrome/116.0.1938.76 Safari/537.36"
52.167.144.159 - - [13/Jun/2025:08:37:36 -0400] "GET /?d=54028291260&filter=9e9754&share_to_url=pin.php%3Fid%3D1835226%26name%3Dshore+lunch+homestyle+chili HTTP/1.1" 200 23108 "-" "Mozilla/5.0 AppleWebKit/537.36 (KHTML, like Gecko; compatible; bingbot/2.0; +http://www.bing.com/bingbot.htm) Chrome/116.0.1938.76 Safari/537.36"
52.167.144.159 - - [13/Jun/2025:08:37:37 -0400] "GET /?d=7661104260&filter=eab85f&share_to_url=shopdetail.php%3Fid%3D262640%26name%3Dboots+are+made+for+men HTTP/1.1" 200 24242 "-" "Mozilla/5.0 AppleWebKit/537.36 (KHTML, like Gecko; compatible; bingbot/2.0; +http://www.bing.com/bingbot.htm) Chrome/116.0.1938.76 Safari/537.36"
52.167.144.159 - - [13/Jun/2025:08:37:37 -0400] "GET /?d=73310960260&filter=dc973f&share_to_url=shopdetail.php%3Fid%3D2485376%26name%3Dmakita+high+power+angle HTTP/1.1" 200 22912 "-" "Mozilla/5.0 AppleWebKit/537.36 (KHTML, like Gecko; compatible; bingbot/2.0; +http://www.bing.com/bingbot.htm) Chrome/116.0.1938.76 Safari/537.36"
66.249.64.131 - - [13/Jun/2025:08:37:37 -0400] "GET /?d=113675202260&filter=7f9220&share_to_url=goods.php%3Fid%3D3849587%26name%3Dtiger+eye+bracelet+8mm+beaded HTTP/1.1" 200 22425 "-" "Mozilla/5.0 (Linux; Android 6.0.1; Nexus 5X Build/MMB29P) AppleWebKit/537.36 (KHTML, like Gecko) Chrome/136.0.7103.113 Mobile Safari/537.36 (compatible; Googlebot/2.1; +http://www.google.com/bot.html)"
52.167.144.159 - - [13/Jun/2025:08:37:38 -0400] "GET /?d=98783861260&filter=a91b52&share_to_url=article.php%3Fid%3D3347762%26name%3Drb3293+polarized+sales HTTP/1.1" 200 22090 "-" "Mozilla/5.0 AppleWebKit/537.36 (KHTML, like Gecko; compatible; bingbot/2.0; +http://www.bing.com/bingbot.htm) Chrome/116.0.1938.76 Safari/537.36"
66.249.64.132 - - [13/Jun/2025:08:37:39 -0400] "GET /?d=114738611260&filter=ea3efa&share_to_url=goods.php%3Fid%3D3885311%26name%3Dmercurialx+footy HTTP/1.1" 200 21752 "-" "Mozilla/5.0 (Linux; Android 6.0.1; Nexus 5X Build/MMB29P) AppleWebKit/537.36 (KHTML, like Gecko) Chrome/136.0.7103.113 Mobile Safari/537.36 (compatible; Googlebot/2.1; +http://www.google.com/bot.html)"
157.55.39.12 - - [13/Jun/2025:08:37:40 -0400] "GET /?d=91440571260&filter=fd5064&share_to_url=item.php%3Fid%3D3098821%26name%3Dle+sac+r%C3%A9versible+en HTTP/1.1" 200 24688 "-" "Mozilla/5.0 AppleWebKit/537.36 (KHTML, like Gecko; compatible; bingbot/2.0; +http://www.bing.com/bingbot.htm) Chrome/116.0.1938.76 Safari/537.36"
40.77.167.14 - - [13/Jun/2025:08:37:40 -0400] "GET /?d=12432656260&filter=0e841e&share_to_url=shop.php%3Fid%3D425203%26name%3Dt+shirt+colore+blu HTTP/1.1" 200 23384 "-" "Mozilla/5.0 AppleWebKit/537.36 (KHTML, like Gecko; compatible; bingbot/2.0; +http://www.bing.com/bingbot.htm) Chrome/116.0.1938.76 Safari/537.36"
40.77.167.14 - - [13/Jun/2025:08:37:41 -0400] "GET /?d=117705197260&filter=058227&share_to_url=pin.php%3Fid%3D3986274%26name%3Dbarney+bed+cute+at HTTP/1.1" 200 23287 "-" "Mozilla/5.0 AppleWebKit/537.36 (KHTML, like Gecko; compatible; bingbot/2.0; +http://www.bing.com/bingbot.htm) Chrome/116.0.1938.76 Safari/537.36"
157.55.39.12 - - [13/Jun/2025:08:37:42 -0400] "GET /?d=90972751260&filter=46c507&share_to_url=product-page.php%3Fid%3D3083104%26name%3Dunusual+effective HTTP/1.1" 200 24609 "-" "Mozilla/5.0 AppleWebKit/537.36 (KHTML, like Gecko; compatible; bingbot/2.0; +http://www.bing.com/bingbot.htm) Chrome/116.0.1938.76 Safari/537.36"
66.249.64.131 - - [13/Jun/2025:08:37:42 -0400] "GET /?d=106975791260&filter=0217d1&share_to_url=discover.php%3Fid%3D3623021%26name%3Dtunics+for+women+to+wear HTTP/1.1" 200 23341 "-" "Mozilla/5.0 (Linux; Android 6.0.1; Nexus 5X Build/MMB29P) AppleWebKit/537.36 (KHTML, like Gecko) Chrome/136.0.7103.113 Mobile Safari/537.36 (compatible; Googlebot/2.1; +http://www.google.com/bot.html)"
66.249.64.131 - - [13/Jun/2025:08:37:44 -0400] "GET /?d=114768074260&filter=1c04d1&share_to_url=shop.php%3Fid%3D3886351%26name%3Dwatch+randomly+stops+tracking HTTP/1.1" 200 23522 "-" "Mozilla/5.0 (Linux; Android 6.0.1; Nexus 5X Build/MMB29P) AppleWebKit/537.36 (KHTML, like Gecko) Chrome/136.0.7103.113 Mobile Safari/537.36 (compatible; Googlebot/2.1; +http://www.google.com/bot.html)"
66.249.64.131 - - [13/Jun/2025:08:37:45 -0400] "GET /?d=113206606260&filter=546691&share_to_url=model.php%3Fid%3D3834087%26name%3Db084+bloom+lingerie+algeria HTTP/1.1" 200 23021 "-" "Mozilla/5.0 (Linux; Android 6.0.1; Nexus 5X Build/MMB29P) AppleWebKit/537.36 (KHTML, like Gecko) Chrome/136.0.7103.113 Mobile Safari/537.36 (compatible; Googlebot/2.1; +http://www.google.com/bot.html)"
66.249.64.131 - - [13/Jun/2025:08:37:47 -0400] "GET /?d=115380872260&filter=6624f9&share_to_url=item.php%3Fid%3D3907261%26name%3Dwomen+039+s+pro+vest+with+2x500ml HTTP/1.1" 200 22340 "-" "Mozilla/5.0 (Linux; Android 6.0.1; Nexus 5X Build/MMB29P) AppleWebKit/537.36 (KHTML, like Gecko) Chrome/136.0.7103.113 Mobile Safari/537.36 (compatible; Googlebot/2.1; +http://www.google.com/bot.html)"
66.249.64.5 - - [13/Jun/2025:08:37:48 -0400] "GET /?d=108077583260&filter=8d13fd&share_to_url=detail.php%3Fid%3D3659205%26name%3Dcalza+blanca+de HTTP/1.1" 200 24203 "-" "Mozilla/5.0 (Linux; Android 6.0.1; Nexus 5X Build/MMB29P) AppleWebKit/537.36 (KHTML, like Gecko) Chrome/136.0.7103.113 Mobile Safari/537.36 (compatible; Googlebot/2.1; +http://www.google.com/bot.html)"
66.249.64.132 - - [13/Jun/2025:08:37:50 -0400] "GET /?d=93371780260&filter=b70501&share_to_url=detail.php%3Fid%3D3163377%26name%3Dreal+madrid+online HTTP/1.1" 200 24233 "-" "Mozilla/5.0 (Linux; Android 6.0.1; Nexus 5X Build/MMB29P) AppleWebKit/537.36 (KHTML, like Gecko) Chrome/136.0.7103.113 Mobile Safari/537.36 (compatible; Googlebot/2.1; +http://www.google.com/bot.html)"
52.167.144.159 - - [13/Jun/2025:08:37:50 -0400] "GET /?d=116257002260&filter=7b931f&share_to_url=item.php%3Fid%3D3937225%26name%3Dscenic+bike+ride+from HTTP/1.1" 200 24233 "-" "Mozilla/5.0 AppleWebKit/537.36 (KHTML, like Gecko; compatible; bingbot/2.0; +http://www.bing.com/bingbot.htm) Chrome/116.0.1938.76 Safari/537.36"
52.167.144.159 - - [13/Jun/2025:08:37:51 -0400] "GET /?d=54697141260&filter=dde61e&share_to_url=ideas.php%3Fid%3D1858212%26name%3Dtitan+10009km01+stellar HTTP/1.1" 200 23070 "-" "Mozilla/5.0 AppleWebKit/537.36 (KHTML, like Gecko; compatible; bingbot/2.0; +http://www.bing.com/bingbot.htm) Chrome/116.0.1938.76 Safari/537.36"
66.249.64.131 - - [13/Jun/2025:08:37:52 -0400] "GET /?d=106050416260&filter=14708a&share_to_url=detail.php%3Fid%3D3592209%26name%3Dshimano+e+thru+rear HTTP/1.1" 200 23184 "-" "Mozilla/5.0 (Linux; Android 6.0.1; Nexus 5X Build/MMB29P) AppleWebKit/537.36 (KHTML, like Gecko) Chrome/136.0.7103.113 Mobile Safari/537.36 (compatible; Googlebot/2.1; +http://www.google.com/bot.html)"
66.249.64.131 - - [13/Jun/2025:08:37:53 -0400] "GET /?d=107919301260&filter=dd4e5e&share_to_url=product.php%3Fid%3D3654130%26name%3Develyn+button+down HTTP/1.1" 200 23397 "-" "Mozilla/5.0 (Linux; Android 6.0.1; Nexus 5X Build/MMB29P) AppleWebKit/537.36 (KHTML, like Gecko) Chrome/136.0.7103.113 Mobile Safari/537.36 (compatible; Googlebot/2.1; +http://www.google.com/bot.html)"
66.249.64.131 - - [13/Jun/2025:08:37:56 -0400] "GET /?d=94758886260&filter=01bb35&share_to_url=detail.php%3Fid%3D3210765%26name%3Dgarneau+zapatillas+mtb+copper+t+flex HTTP/1.1" 200 22448 "-" "Mozilla/5.0 (Linux; Android 6.0.1; Nexus 5X Build/MMB29P) AppleWebKit/537.36 (KHTML, like Gecko) Chrome/136.0.7103.113 Mobile Safari/537.36 (compatible; Googlebot/2.1; +http://www.google.com/bot.html)"
66.249.64.131 - - [13/Jun/2025:08:37:58 -0400] "GET /?d=92740278260&filter=d28f10&share_to_url=pin.php%3Fid%3D3142134%26name%3Dbambole+nere+perch%C3%A9+la+cultura HTTP/1.1" 200 23563 "-" "Mozilla/5.0 (Linux; Android 6.0.1; Nexus 5X Build/MMB29P) AppleWebKit/537.36 (KHTML, like Gecko) Chrome/136.0.7103.113 Mobile Safari/537.36 (compatible; Googlebot/2.1; +http://www.google.com/bot.html)"
66.249.64.132 - - [13/Jun/2025:08:38:00 -0400] "GET /?d=110719893260&filter=c701da&share_to_url=model.php%3Fid%3D3748659%26name%3D%A0+%B5+%BC+%B5+%88+%BA+%B8+iwatch+%B4+%BB+%8F+apple+watch HTTP/1.1" 200 22983 "-" "Mozilla/5.0 (Linux; Android 6.0.1; Nexus 5X Build/MMB29P) AppleWebKit/537.36 (KHTML, like Gecko) Chrome/136.0.7103.113 Mobile Safari/537.36 (compatible; Googlebot/2.1; +http://www.google.com/bot.html)"
157.55.39.205 - - [13/Jun/2025:08:38:00 -0400] "GET /?d=94678696260&filter=f7c4dc&share_to_url=ideas.php%3Fid%3D3208032%26name%3Dwe+have+the+essentials HTTP/1.1" 200 23746 "-" "Mozilla/5.0 AppleWebKit/537.36 (KHTML, like Gecko; compatible; bingbot/2.0; +http://www.bing.com/bingbot.htm) Chrome/116.0.1938.76 Safari/537.36"
66.249.64.131 - - [13/Jun/2025:08:38:02 -0400] "GET /?d=116975885260&filter=6e70df&share_to_url=item.php%3Fid%3D3961273%26name%3Dtommy+hilfiger+yellow+checked HTTP/1.1" 200 22996 "-" "Mozilla/5.0 (Linux; Android 6.0.1; Nexus 5X Build/MMB29P) AppleWebKit/537.36 (KHTML, like Gecko) Chrome/136.0.7103.113 Mobile Safari/537.36 (compatible; Googlebot/2.1; +http://www.google.com/bot.html)"
40.77.167.151 - - [13/Jun/2025:08:38:02 -0400] "GET /?d=88556354260&filter=f0625c&share_to_url=item.php%3Fid%3D3001345%26name%3Dejercicios+para+b%C3%ADceps HTTP/1.1" 200 23849 "-" "Mozilla/5.0 AppleWebKit/537.36 (KHTML, like Gecko; compatible; bingbot/2.0; +http://www.bing.com/bingbot.htm) Chrome/116.0.1938.76 Safari/537.36"
66.249.64.131 - - [13/Jun/2025:08:38:04 -0400] "GET /?d=114800368260&filter=1093f8&share_to_url=goods.php%3Fid%3D3887399%26name%3Djaqueta+authenthic+nylon+sales HTTP/1.1" 200 24452 "-" "Mozilla/5.0 (Linux; Android 6.0.1; Nexus 5X Build/MMB29P) AppleWebKit/537.36 (KHTML, like Gecko) Chrome/136.0.7103.113 Mobile Safari/537.36 (compatible; Googlebot/2.1; +http://www.google.com/bot.html)"
52.167.144.209 - - [13/Jun/2025:08:38:06 -0400] "GET /?d=116548633260&filter=967b54&share_to_url=product.php%3Fid%3D3946918%26name%3Dtriumph+turkey+formula+premium HTTP/1.1" 200 22936 "-" "Mozilla/5.0 AppleWebKit/537.36 (KHTML, like Gecko; compatible; bingbot/2.0; +http://www.bing.com/bingbot.htm) Chrome/116.0.1938.76 Safari/537.36"
66.249.64.131 - - [13/Jun/2025:08:38:07 -0400] "GET /?d=108857869260&filter=4a1555&share_to_url=ideas.php%3Fid%3D3685512%26name%3Del+reloj+star+wars HTTP/1.1" 200 21689 "-" "Mozilla/5.0 (Linux; Android 6.0.1; Nexus 5X Build/MMB29P) AppleWebKit/537.36 (KHTML, like Gecko) Chrome/136.0.7103.113 Mobile Safari/537.36 (compatible; Googlebot/2.1; +http://www.google.com/bot.html)"
157.55.39.12 - - [13/Jun/2025:08:38:08 -0400] "GET /?d=114778069260&filter=09f4dc&share_to_url=shopdetail.php%3Fid%3D3886688%26name%3Dwebersburg+wine+estate+in+cape HTTP/1.1" 200 24020 "-" "Mozilla/5.0 AppleWebKit/537.36 (KHTML, like Gecko; compatible; bingbot/2.0; +http://www.bing.com/bingbot.htm) Chrome/116.0.1938.76 Safari/537.36"
52.167.144.209 - - [13/Jun/2025:08:38:08 -0400] "GET /?d=100858388260&filter=d50c1d&share_to_url=item.php%3Fid%3D3418705%26name%3Dthe+funny+club HTTP/1.1" 200 23365 "-" "Mozilla/5.0 AppleWebKit/537.36 (KHTML, like Gecko; compatible; bingbot/2.0; +http://www.bing.com/bingbot.htm) Chrome/116.0.1938.76 Safari/537.36"
52.167.144.209 - - [13/Jun/2025:08:38:08 -0400] "GET /?d=109521512260&filter=469540&share_to_url=product.php?id=3707110&name=fitkit%20ft200%20cheap HTTP/1.1" 200 23598 "-" "Mozilla/5.0 AppleWebKit/537.36 (KHTML, like Gecko; compatible; bingbot/2.0; +http://www.bing.com/bingbot.htm) Chrome/116.0.1938.76 Safari/537.36"
52.167.144.209 - - [13/Jun/2025:08:38:09 -0400] "GET /?d=102860468260&filter=e833de&share_to_url=shopdetail.php?id=3486080&name=my%20little%20pony%20shining%20friends HTTP/1.1" 200 22456 "-" "Mozilla/5.0 AppleWebKit/537.36 (KHTML, like Gecko; compatible; bingbot/2.0; +http://www.bing.com/bingbot.htm) Chrome/116.0.1938.76 Safari/537.36"
66.249.64.131 - - [13/Jun/2025:08:38:10 -0400] "GET /?d=92169373260&filter=dc973f&share_to_url=model.php%3Fid%3D3122259%26name%3Dporketta+roast+discount HTTP/1.1" 200 23229 "-" "Mozilla/5.0 (Linux; Android 6.0.1; Nexus 5X Build/MMB29P) AppleWebKit/537.36 (KHTML, like Gecko) Chrome/136.0.7103.113 Mobile Safari/537.36 (compatible; Googlebot/2.1; +http://www.google.com/bot.html)"
66.249.64.6 - - [13/Jun/2025:08:38:11 -0400] "GET /?d=112508039260&filter=a4c9b9&share_to_url=shop.php%3Fid%3D3810895%26name%3Danupama+upcoming+twist+anupama+full HTTP/1.1" 200 23990 "-" "Mozilla/5.0 (Linux; Android 6.0.1; Nexus 5X Build/MMB29P) AppleWebKit/537.36 (KHTML, like Gecko) Chrome/136.0.7103.113 Mobile Safari/537.36 (compatible; Googlebot/2.1; +http://www.google.com/bot.html)"
52.167.144.159 - - [13/Jun/2025:08:38:11 -0400] "GET /?d=95871942260&filter=aa7737&share_to_url=ideas.php%3Fid%3D3248280%26name%3Dthermo+vortex+waterproof HTTP/1.1" 200 22525 "-" "Mozilla/5.0 AppleWebKit/537.36 (KHTML, like Gecko; compatible; bingbot/2.0; +http://www.bing.com/bingbot.htm) Chrome/116.0.1938.76 Safari/537.36"
52.167.144.159 - - [13/Jun/2025:08:38:12 -0400] "GET /?d=79235450260&filter=fd45ef&share_to_url=goods.php%3Fid%3D2684147%26name%3Dfall+guy+sale+hot HTTP/1.1" 200 24214 "-" "Mozilla/5.0 AppleWebKit/537.36 (KHTML, like Gecko; compatible; bingbot/2.0; +http://www.bing.com/bingbot.htm) Chrome/116.0.1938.76 Safari/537.36"
66.249.64.131 - - [13/Jun/2025:08:38:12 -0400] "GET /?d=116477266260&filter=9fddd6&share_to_url=product-page.php%3Fid%3D3944320%26name%3Dcamiseta+de+espa%C3%B1a+2010 HTTP/1.1" 200 24076 "-" "Mozilla/5.0 (Linux; Android 6.0.1; Nexus 5X Build/MMB29P) AppleWebKit/537.36 (KHTML, like Gecko) Chrome/136.0.7103.113 Mobile Safari/537.36 (compatible; Googlebot/2.1; +http://www.google.com/bot.html)"
66.249.64.131 - - [13/Jun/2025:08:38:15 -0400] "GET /?d=111267594260&filter=c08dc8&share_to_url=discover.php%3Fid%3D3768113%26name%3Dclonan+con+inteligencia HTTP/1.1" 200 24641 "-" "Mozilla/5.0 (Linux; Android 6.0.1; Nexus 5X Build/MMB29P) AppleWebKit/537.36 (KHTML, like Gecko) Chrome/136.0.7103.113 Mobile Safari/537.36 (compatible; Googlebot/2.1; +http://www.google.com/bot.html)"
157.55.39.12 - - [13/Jun/2025:08:38:17 -0400] "GET /?d=89466979260&filter=82e15d&share_to_url=article.php%3Fid%3D3032450%26name%3Dusmnt HTTP/1.1" 200 22515 "-" "Mozilla/5.0 AppleWebKit/537.36 (KHTML, like Gecko; compatible; bingbot/2.0; +http://www.bing.com/bingbot.htm) Chrome/116.0.1938.76 Safari/537.36"
66.249.64.131 - - [13/Jun/2025:08:38:17 -0400] "GET /?d=110122049260&filter=271d11&share_to_url=goods.php%3Fid%3D3727163%26name%3Dmen+039+s+tallmadge+motorlaarzen HTTP/1.1" 200 22599 "-" "Mozilla/5.0 (Linux; Android 6.0.1; Nexus 5X Build/MMB29P) AppleWebKit/537.36 (KHTML, like Gecko) Chrome/136.0.7103.113 Mobile Safari/537.36 (compatible; Googlebot/2.1; +http://www.google.com/bot.html)"
52.167.144.159 - - [13/Jun/2025:08:38:20 -0400] "GET /?d=35194941260&filter=c7968e&share_to_url=ideas.php%3Fid%3D1196364%26name%3Dwrangler+cow+print+trolley HTTP/1.1" 200 23950 "-" "Mozilla/5.0 AppleWebKit/537.36 (KHTML, like Gecko; compatible; bingbot/2.0; +http://www.bing.com/bingbot.htm) Chrome/116.0.1938.76 Safari/537.36"
66.249.64.131 - - [13/Jun/2025:08:38:20 -0400] "GET /?d=110289480260&filter=5ba468&share_to_url=detail.php%3Fid%3D3733077%26name%3Dvintage+90s+courreges+sport HTTP/1.1" 200 23773 "-" "Mozilla/5.0 (Linux; Android 6.0.1; Nexus 5X Build/MMB29P) AppleWebKit/537.36 (KHTML, like Gecko) Chrome/136.0.7103.113 Mobile Safari/537.36 (compatible; Googlebot/2.1; +http://www.google.com/bot.html)"
66.249.64.131 - - [13/Jun/2025:08:38:20 -0400] "GET /?d=103098607260&filter=bf9fac&share_to_url=ideas.php%3Fid%3D3493788%26name%3Dcj+fogler+on+x HTTP/1.1" 200 21915 "-" "Mozilla/5.0 (Linux; Android 6.0.1; Nexus 5X Build/MMB29P) AppleWebKit/537.36 (KHTML, like Gecko) Chrome/136.0.7103.113 Mobile Safari/537.36 (compatible; Googlebot/2.1; +http://www.google.com/bot.html)"
52.167.144.159 - - [13/Jun/2025:08:38:20 -0400] "GET /?d=72180008260&filter=61fa9d&share_to_url=model.php%3Fid%3D2446287%26name%3Dstable+global+android+10 HTTP/1.1" 200 23690 "-" "Mozilla/5.0 AppleWebKit/537.36 (KHTML, like Gecko; compatible; bingbot/2.0; +http://www.bing.com/bingbot.htm) Chrome/116.0.1938.76 Safari/537.36"
66.249.64.131 - - [13/Jun/2025:08:38:23 -0400] "GET /?d=107032598260&filter=0217d1&share_to_url=product-page.php%3Fid%3D3624772%26name%3Dshop+tall+basic+black HTTP/1.1" 200 23485 "-" "Mozilla/5.0 (Linux; Android 6.0.1; Nexus 5X Build/MMB29P) AppleWebKit/537.36 (KHTML, like Gecko) Chrome/136.0.7103.113 Mobile Safari/537.36 (compatible; Googlebot/2.1; +http://www.google.com/bot.html)"
66.249.64.131 - - [13/Jun/2025:08:38:25 -0400] "GET /?d=96740237260&filter=339338&share_to_url=model.php%3Fid%3D3277995%26name%3Dfendi+designer+optical+reading HTTP/1.1" 200 22783 "-" "Mozilla/5.0 (Linux; Android 6.0.1; Nexus 5X Build/MMB29P) AppleWebKit/537.36 (KHTML, like Gecko) Chrome/136.0.7103.113 Mobile Safari/537.36 (compatible; Googlebot/2.1; +http://www.google.com/bot.html)"
157.55.39.205 - - [13/Jun/2025:08:38:28 -0400] "GET /?d=7069069260&filter=4d7b9c&share_to_url=pin.php%3Fid%3D242286%26name%3Dstar+lord+lego HTTP/1.1" 200 22590 "-" "Mozilla/5.0 AppleWebKit/537.36 (KHTML, like Gecko; compatible; bingbot/2.0; +http://www.bing.com/bingbot.htm) Chrome/116.0.1938.76 Safari/537.36"
66.249.64.131 - - [13/Jun/2025:08:38:29 -0400] "GET /?d=90066173260&filter=b3603f&share_to_url=article.php%3Fid%3D3052382%26name%3Dintel+e5800+processor+supported HTTP/1.1" 200 22952 "-" "Mozilla/5.0 (Linux; Android 6.0.1; Nexus 5X Build/MMB29P) AppleWebKit/537.36 (KHTML, like Gecko) Chrome/136.0.7103.113 Mobile Safari/537.36 (compatible; Googlebot/2.1; +http://www.google.com/bot.html)"
66.249.64.131 - - [13/Jun/2025:08:38:29 -0400] "GET /?d=109740856260&filter=300ae4&share_to_url=detail.php%3Fid%3D3714417%26name%3D916+hallmark+15+grams+gold HTTP/1.1" 200 23465 "-" "Mozilla/5.0 (Linux; Android 6.0.1; Nexus 5X Build/MMB29P) AppleWebKit/537.36 (KHTML, like Gecko) Chrome/136.0.7103.113 Mobile Safari/537.36 (compatible; Googlebot/2.1; +http://www.google.com/bot.html)"
66.249.64.131 - - [13/Jun/2025:08:38:29 -0400] "GET /?d=100282387260&filter=1cd03b&share_to_url=detail.php%3Fid%3D3399033%26name%3Dhamilton+at+the+marcus HTTP/1.1" 200 23157 "-" "Mozilla/5.0 (Linux; Android 6.0.1; Nexus 5X Build/MMB29P) AppleWebKit/537.36 (KHTML, like Gecko) Chrome/136.0.7103.113 Mobile Safari/537.36 (compatible; Googlebot/2.1; +http://www.google.com/bot.html)"
52.167.144.159 - - [13/Jun/2025:08:38:30 -0400] "GET /?d=85877586260&filter=70c827&share_to_url=item.php%3Fid%3D2909365%26name%3Dkidyalarm+kidywolf HTTP/1.1" 200 23108 "-" "Mozilla/5.0 AppleWebKit/537.36 (KHTML, like Gecko; compatible; bingbot/2.0; +http://www.bing.com/bingbot.htm) Chrome/116.0.1938.76 Safari/537.36"
66.249.64.5 - - [13/Jun/2025:08:38:30 -0400] "GET /?d=117488766260&filter=01923f&share_to_url=detail.php%3Fid%3D3978861%26name%3Dl+039+antitrust+multa+yoox+ha HTTP/1.1" 200 22664 "-" "Mozilla/5.0 (Linux; Android 6.0.1; Nexus 5X Build/MMB29P) AppleWebKit/537.36 (KHTML, like Gecko) Chrome/136.0.7103.113 Mobile Safari/537.36 (compatible; Googlebot/2.1; +http://www.google.com/bot.html)"
66.249.64.131 - - [13/Jun/2025:08:38:31 -0400] "GET /?d=110522317260&filter=b11a05&share_to_url=model.php%3Fid%3D3741567%26name%3Dbreitling+unveils+their+latest HTTP/1.1" 200 23037 "-" "Mozilla/5.0 (Linux; Android 6.0.1; Nexus 5X Build/MMB29P) AppleWebKit/537.36 (KHTML, like Gecko) Chrome/136.0.7103.113 Mobile Safari/537.36 (compatible; Googlebot/2.1; +http://www.google.com/bot.html)"
40.77.167.14 - - [13/Jun/2025:08:38:33 -0400] "GET /?d=17409954260&filter=b11a05&share_to_url=shop.php%3Fid%3D592675%26name%3Daramis+black+for HTTP/1.1" 200 23984 "-" "Mozilla/5.0 AppleWebKit/537.36 (KHTML, like Gecko; compatible; bingbot/2.0; +http://www.bing.com/bingbot.htm) Chrome/116.0.1938.76 Safari/537.36"
52.167.144.209 - - [13/Jun/2025:08:38:33 -0400] "GET /?d=94287097260&filter=dbaec5&share_to_url=article.php%3Fid%3D3195254%26name%3Dbaby+stroller+accessories HTTP/1.1" 200 24300 "-" "Mozilla/5.0 AppleWebKit/537.36 (KHTML, like Gecko; compatible; bingbot/2.0; +http://www.bing.com/bingbot.htm) Chrome/116.0.1938.76 Safari/537.36"
66.249.64.132 - - [13/Jun/2025:08:38:34 -0400] "GET /?d=95761989260&filter=aeebcc&share_to_url=ideas.php%3Fid%3D3244476%26name%3Dft+replacement HTTP/1.1" 200 23821 "-" "Mozilla/5.0 (Linux; Android 6.0.1; Nexus 5X Build/MMB29P) AppleWebKit/537.36 (KHTML, like Gecko) Chrome/136.0.7103.113 Mobile Safari/537.36 (compatible; Googlebot/2.1; +http://www.google.com/bot.html)"
66.249.64.132 - - [13/Jun/2025:08:38:36 -0400] "GET /?d=104046221260&filter=6bbbea&share_to_url=item.php%3Fid%3D3525373%26name%3Ddecathlon+mochila+trail+running HTTP/1.1" 200 23957 "-" "Mozilla/5.0 (Linux; Android 6.0.1; Nexus 5X Build/MMB29P) AppleWebKit/537.36 (KHTML, like Gecko) Chrome/136.0.7103.113 Mobile Safari/537.36 (compatible; Googlebot/2.1; +http://www.google.com/bot.html)"
52.167.144.159 - - [13/Jun/2025:08:38:37 -0400] "GET /?d=92890851260&filter=edd546&share_to_url=item.php%3Fid%3D3147229%26name%3Daftershokz+introduces+the+trekz HTTP/1.1" 200 22776 "-" "Mozilla/5.0 AppleWebKit/537.36 (KHTML, like Gecko; compatible; bingbot/2.0; +http://www.bing.com/bingbot.htm) Chrome/116.0.1938.76 Safari/537.36"
157.55.39.12 - - [13/Jun/2025:08:38:38 -0400] "GET /?d=115101518260&filter=be1eff&share_to_url=article.php%3Fid%3D3897746%26name%3Dmini+kensington+drench+black HTTP/1.1" 200 22404 "-" "Mozilla/5.0 AppleWebKit/537.36 (KHTML, like Gecko; compatible; bingbot/2.0; +http://www.bing.com/bingbot.htm) Chrome/116.0.1938.76 Safari/537.36"
66.249.64.132 - - [13/Jun/2025:08:38:39 -0400] "GET /?d=98276928260&filter=953c46&share_to_url=article.php%3Fid%3D3330278%26name%3Dasus+vivobook+ultra+k14+km413ua+eb701ts HTTP/1.1" 200 22318 "-" "Mozilla/5.0 (Linux; Android 6.0.1; Nexus 5X Build/MMB29P) AppleWebKit/537.36 (KHTML, like Gecko) Chrome/136.0.7103.113 Mobile Safari/537.36 (compatible; Googlebot/2.1; +http://www.google.com/bot.html)"
66.249.64.132 - - [13/Jun/2025:08:38:42 -0400] "GET /?d=104645694260&filter=ae6544&share_to_url=shopdetail.php%3Fid%3D3545996%26name%3Dtenisice+adidas+originals+nmd+r1 HTTP/1.1" 200 21764 "-" "Mozilla/5.0 (Linux; Android 6.0.1; Nexus 5X Build/MMB29P) AppleWebKit/537.36 (KHTML, like Gecko) Chrome/136.0.7103.113 Mobile Safari/537.36 (compatible; Googlebot/2.1; +http://www.google.com/bot.html)"
66.249.64.131 - - [13/Jun/2025:08:38:45 -0400] "GET /?d=98373472260&filter=c79531&share_to_url=pin.php%3Fid%3D3333942%26name%3Dmonster+high+frankie+x HTTP/1.1" 200 23129 "-" "Mozilla/5.0 (Linux; Android 6.0.1; Nexus 5X Build/MMB29P) AppleWebKit/537.36 (KHTML, like Gecko) Chrome/136.0.7103.113 Mobile Safari/537.36 (compatible; Googlebot/2.1; +http://www.google.com/bot.html)"
157.55.39.205 - - [13/Jun/2025:08:38:47 -0400] "GET /?d=86186194260&filter=00f09d&share_to_url=shopdetail.php%3Fid%3D2919968%26name%3Dcanyon+launches+new+neuron HTTP/1.1" 200 23090 "-" "Mozilla/5.0 AppleWebKit/537.36 (KHTML, like Gecko; compatible; bingbot/2.0; +http://www.bing.com/bingbot.htm) Chrome/116.0.1938.76 Safari/537.36"
66.249.64.131 - - [13/Jun/2025:08:38:48 -0400] "GET /?d=100250022260&filter=953c46&share_to_url=goods.php%3Fid%3D3397691%26name%3Dsff+builds+mini+itx HTTP/1.1" 200 24406 "-" "Mozilla/5.0 (Linux; Android 6.0.1; Nexus 5X Build/MMB29P) AppleWebKit/537.36 (KHTML, like Gecko) Chrome/136.0.7103.113 Mobile Safari/537.36 (compatible; Googlebot/2.1; +http://www.google.com/bot.html)"
157.55.39.205 - - [13/Jun/2025:08:38:48 -0400] "GET /?d=56434755260&filter=583eef&share_to_url=ideas.php%3Fid%3D1916364%26name%3Dcpl+t20+hotsell+live HTTP/1.1" 200 22706 "-" "Mozilla/5.0 AppleWebKit/537.36 (KHTML, like Gecko; compatible; bingbot/2.0; +http://www.bing.com/bingbot.htm) Chrome/116.0.1938.76 Safari/537.36"
157.55.39.205 - - [13/Jun/2025:08:38:49 -0400] "GET /?d=26167199260&filter=ada5f8&share_to_url=article.php%3Fid%3D886994%26name%3Dketer+emily+outlet+sofa HTTP/1.1" 200 23742 "-" "Mozilla/5.0 AppleWebKit/537.36 (KHTML, like Gecko; compatible; bingbot/2.0; +http://www.bing.com/bingbot.htm) Chrome/116.0.1938.76 Safari/537.36"
66.249.64.132 - - [13/Jun/2025:08:38:50 -0400] "GET /?d=96442497260&filter=ae148b&share_to_url=shop.php%3Fid%3D3267523%26name%3Dterminator+i+039+ll+be+back HTTP/1.1" 200 22309 "-" "Mozilla/5.0 (Linux; Android 6.0.1; Nexus 5X Build/MMB29P) AppleWebKit/537.36 (KHTML, like Gecko) Chrome/136.0.7103.113 Mobile Safari/537.36 (compatible; Googlebot/2.1; +http://www.google.com/bot.html)"
52.167.144.159 - - [13/Jun/2025:08:38:51 -0400] "GET /?d=107504932260&filter=8a22a0&share_to_url=product-page.php%3Fid%3D3640744%26name%3Dktronix+airpods+discount HTTP/1.1" 200 22652 "-" "Mozilla/5.0 AppleWebKit/537.36 (KHTML, like Gecko; compatible; bingbot/2.0; +http://www.bing.com/bingbot.htm) Chrome/116.0.1938.76 Safari/537.36"
66.249.64.132 - - [13/Jun/2025:08:38:53 -0400] "GET /?d=94061590260&filter=e80e68&share_to_url=goods.php%3Fid%3D3186959%26name%3Dsanam+puri+songs+lyrics HTTP/1.1" 200 23654 "-" "Mozilla/5.0 (Linux; Android 6.0.1; Nexus 5X Build/MMB29P) AppleWebKit/537.36 (KHTML, like Gecko) Chrome/136.0.7103.113 Mobile Safari/537.36 (compatible; Googlebot/2.1; +http://www.google.com/bot.html)"
