66.249.64.6 - - [13/Jun/2025:09:12:36 -0400] "GET /?d=112674898260&filter=274478&share_to_url=product.php%3Fid%3D3816466%26name%3Dvai+milano+gioielli HTTP/1.1" 200 23447 "-" "Mozilla/5.0 (Linux; Android 6.0.1; Nexus 5X Build/MMB29P) AppleWebKit/537.36 (KHTML, like Gecko) Chrome/136.0.7103.113 Mobile Safari/537.36 (compatible; Googlebot/2.1; +http://www.google.com/bot.html)"
52.167.144.204 - - [13/Jun/2025:09:12:36 -0400] "GET /?d=97675533260&filter=0cb77f&share_to_url=detail.php?id=3310353&name=sac%20rock%20xl%20outlet HTTP/1.1" 200 23341 "-" "Mozilla/5.0 AppleWebKit/537.36 (KHTML, like Gecko; compatible; bingbot/2.0; +http://www.bing.com/bingbot.htm) Chrome/116.0.1938.76 Safari/537.36"
52.167.144.169 - - [13/Jun/2025:09:12:37 -0400] "GET /?d=12889161260&filter=ada5f8&share_to_url=ideas.php%3Fid%3D439956%26name%3Dx+20 HTTP/1.1" 200 24934 "-" "Mozilla/5.0 AppleWebKit/537.36 (KHTML, like Gecko; compatible; bingbot/2.0; +http://www.bing.com/bingbot.htm) Chrome/116.0.1938.76 Safari/537.36"
66.249.64.131 - - [13/Jun/2025:09:12:37 -0400] "GET /?d=117250921260&filter=00f09d&share_to_url=ideas.php%3Fid%3D3971064%26name%3Daprilia+atlantic+500+2007 HTTP/1.1" 200 24249 "-" "Mozilla/5.0 (Linux; Android 6.0.1; Nexus 5X Build/MMB29P) AppleWebKit/537.36 (KHTML, like Gecko) Chrome/136.0.7103.113 Mobile Safari/537.36 (compatible; Googlebot/2.1; +http://www.google.com/bot.html)"
52.167.144.194 - - [13/Jun/2025:09:12:37 -0400] "GET /?d=55420315260&filter=4d7b9c&share_to_url=item.php%3Fid%3D1882009%26name%3Damazing+lighting+system+for HTTP/1.1" 200 25065 "-" "Mozilla/5.0 AppleWebKit/537.36 (KHTML, like Gecko; compatible; bingbot/2.0; +http://www.bing.com/bingbot.htm) Chrome/116.0.1938.76 Safari/537.36"
52.167.144.169 - - [13/Jun/2025:09:12:38 -0400] "GET /?d=37352193260&filter=14708a&share_to_url=item.php%3Fid%3D1268065%26name%3Dsondors+mid+clearance+drive HTTP/1.1" 200 23144 "-" "Mozilla/5.0 AppleWebKit/537.36 (KHTML, like Gecko; compatible; bingbot/2.0; +http://www.bing.com/bingbot.htm) Chrome/116.0.1938.76 Safari/537.36"
52.167.144.169 - - [13/Jun/2025:09:12:38 -0400] "GET /?d=64897890260&filter=98d47d&share_to_url=article.php%3Fid%3D2200814%26name%3Dgirl+scooty+stock+photos HTTP/1.1" 200 24172 "-" "Mozilla/5.0 AppleWebKit/537.36 (KHTML, like Gecko; compatible; bingbot/2.0; +http://www.bing.com/bingbot.htm) Chrome/116.0.1938.76 Safari/537.36"
52.167.144.169 - - [13/Jun/2025:09:12:39 -0400] "GET /?d=44464463260&filter=4d7b9c&share_to_url=ideas.php%3Fid%3D1508784%26name%3Dlego+nuckal+set+2173 HTTP/1.1" 200 23035 "-" "Mozilla/5.0 AppleWebKit/537.36 (KHTML, like Gecko; compatible; bingbot/2.0; +http://www.bing.com/bingbot.htm) Chrome/116.0.1938.76 Safari/537.36"
66.249.64.5 - - [13/Jun/2025:09:12:39 -0400] "GET /?d=115396766260&filter=65e9c5&share_to_url=article.php%3Fid%3D3907790%26name%3Dunisex+thermal+mittens HTTP/1.1" 200 24031 "-" "Mozilla/5.0 (Linux; Android 6.0.1; Nexus 5X Build/MMB29P) AppleWebKit/537.36 (KHTML, like Gecko) Chrome/136.0.7103.113 Mobile Safari/537.36 (compatible; Googlebot/2.1; +http://www.google.com/bot.html)"
66.249.64.131 - - [13/Jun/2025:09:12:40 -0400] "GET /?d=91505287260&filter=ceeb59&share_to_url=goods.php%3Fid%3D3100931%26name%3Dvintage+pop+swatch+boxed HTTP/1.1" 200 23490 "-" "Mozilla/5.0 (Linux; Android 6.0.1; Nexus 5X Build/MMB29P) AppleWebKit/537.36 (KHTML, like Gecko) Chrome/136.0.7103.113 Mobile Safari/537.36 (compatible; Googlebot/2.1; +http://www.google.com/bot.html)"
66.249.64.5 - - [13/Jun/2025:09:12:41 -0400] "GET /?d=113292382260&filter=c1aa4c&share_to_url=model.php%3Fid%3D3837147%26name%3Dkymco+agility+city+50+2009 HTTP/1.1" 200 23324 "-" "Mozilla/5.0 (Linux; Android 6.0.1; Nexus 5X Build/MMB29P) AppleWebKit/537.36 (KHTML, like Gecko) Chrome/136.0.7103.113 Mobile Safari/537.36 (compatible; Googlebot/2.1; +http://www.google.com/bot.html)"
207.46.13.125 - - [13/Jun/2025:09:12:41 -0400] "GET /?d=23897058260&filter=30b959&share_to_url=goods.php%3Fid%3D810407%26name%3Dantique+carl+zeiss HTTP/1.1" 200 23922 "-" "Mozilla/5.0 AppleWebKit/537.36 (KHTML, like Gecko; compatible; bingbot/2.0; +http://www.bing.com/bingbot.htm) Chrome/116.0.1938.76 Safari/537.36"
66.249.64.132 - - [13/Jun/2025:09:12:42 -0400] "GET /?d=99851377260&filter=587160&share_to_url=model.php%3Fid%3D3384111%26name%3Dhaband+women+039+s+diamond+quilted HTTP/1.1" 200 23916 "-" "Mozilla/5.0 (Linux; Android 6.0.1; Nexus 5X Build/MMB29P) AppleWebKit/537.36 (KHTML, like Gecko) Chrome/136.0.7103.113 Mobile Safari/537.36 (compatible; Googlebot/2.1; +http://www.google.com/bot.html)"
207.46.13.125 - - [13/Jun/2025:09:12:43 -0400] "GET /?d=35404038260&filter=0f9aff&share_to_url=discover.php%3Fid%3D1202969%26name%3Descuadra+porta+velo HTTP/1.1" 200 24503 "-" "Mozilla/5.0 AppleWebKit/537.36 (KHTML, like Gecko; compatible; bingbot/2.0; +http://www.bing.com/bingbot.htm) Chrome/116.0.1938.76 Safari/537.36"
207.46.13.125 - - [13/Jun/2025:09:12:44 -0400] "GET /?d=55206176260&filter=ada5f8&share_to_url=pin.php%3Fid%3D1874670%26name%3Dwhat+kitty+wouldn+t HTTP/1.1" 200 23435 "-" "Mozilla/5.0 AppleWebKit/537.36 (KHTML, like Gecko; compatible; bingbot/2.0; +http://www.bing.com/bingbot.htm) Chrome/116.0.1938.76 Safari/537.36"
66.249.64.6 - - [13/Jun/2025:09:12:45 -0400] "GET /?d=108745185260&filter=fd448a&share_to_url=pin.php%3Fid%3D3681894%26name%3Dforever+and+always+shoes+lorraine HTTP/1.1" 200 24106 "-" "Mozilla/5.0 (Linux; Android 6.0.1; Nexus 5X Build/MMB29P) AppleWebKit/537.36 (KHTML, like Gecko) Chrome/136.0.7103.113 Mobile Safari/537.36 (compatible; Googlebot/2.1; +http://www.google.com/bot.html)"
66.249.64.132 - - [13/Jun/2025:09:12:45 -0400] "GET /?d=100913995260&filter=8c36c9&share_to_url=product.php%3Fid%3D3420490%26name%3Dbuy+collonil+self+shine+shoe HTTP/1.1" 200 23410 "-" "Mozilla/5.0 (Linux; Android 6.0.1; Nexus 5X Build/MMB29P) AppleWebKit/537.36 (KHTML, like Gecko) Chrome/136.0.7103.113 Mobile Safari/537.36 (compatible; Googlebot/2.1; +http://www.google.com/bot.html)"
66.249.64.6 - - [13/Jun/2025:09:12:46 -0400] "GET /?/css_e8868a2a24698c2f7e8736ac16c1356d/custom-collection HTTP/1.1" 200 2084 "https://www.churchmr.com/?d=96633118260&filter=531ea9&share_to_url=shopdetail.php%3Fid%3D3274160%26name%3Dlarisa+tudor+on" "Mozilla/5.0 (Linux; Android 6.0.1; Nexus 5X Build/MMB29P) AppleWebKit/537.36 (KHTML, like Gecko) Chrome/136.0.7103.113 Mobile Safari/537.36 (compatible; Googlebot/2.1; +http://www.google.com/bot.html)"
66.249.64.6 - - [13/Jun/2025:09:12:46 -0400] "GET /?d=111837627260&filter=c6d084&share_to_url=model.php%3Fid%3D3788007%26name%3Dasrock+rack+support HTTP/1.1" 200 23223 "-" "Mozilla/5.0 (Linux; Android 6.0.1; Nexus 5X Build/MMB29P) AppleWebKit/537.36 (KHTML, like Gecko) Chrome/136.0.7103.113 Mobile Safari/537.36 (compatible; Googlebot/2.1; +http://www.google.com/bot.html)"
66.249.64.132 - - [13/Jun/2025:09:12:48 -0400] "GET /?d=91388172260&filter=590527&share_to_url=model.php%3Fid%3D3097191%26name%3Dropa+de+store+etiqueta HTTP/1.1" 200 23158 "-" "Mozilla/5.0 (Linux; Android 6.0.1; Nexus 5X Build/MMB29P) AppleWebKit/537.36 (KHTML, like Gecko) Chrome/136.0.7103.113 Mobile Safari/537.36 (compatible; Googlebot/2.1; +http://www.google.com/bot.html)"
66.249.64.5 - - [13/Jun/2025:09:12:50 -0400] "GET /?d=112723355260&filter=34e834&share_to_url=ideas.php%3Fid%3D3818100%26name%3Dadidas+originals+striped+cotton+blend HTTP/1.1" 200 23905 "-" "Mozilla/5.0 (Linux; Android 6.0.1; Nexus 5X Build/MMB29P) AppleWebKit/537.36 (KHTML, like Gecko) Chrome/136.0.7103.113 Mobile Safari/537.36 (compatible; Googlebot/2.1; +http://www.google.com/bot.html)"
66.249.64.132 - - [13/Jun/2025:09:12:50 -0400] "GET /?d=92225606260&filter=2b1bcf&share_to_url=article.php%3Fid%3D3124142%26name%3Dadidas+clearance+online+sale HTTP/1.1" 200 22684 "-" "Mozilla/5.0 (Linux; Android 6.0.1; Nexus 5X Build/MMB29P) AppleWebKit/537.36 (KHTML, like Gecko) Chrome/136.0.7103.113 Mobile Safari/537.36 (compatible; Googlebot/2.1; +http://www.google.com/bot.html)"
66.249.64.6 - - [13/Jun/2025:09:12:52 -0400] "GET /?d=90951792260&filter=daf352&share_to_url=detail.php%3Fid%3D3082497%26name%3Dvalentino+kidswear+sale HTTP/1.1" 200 23211 "-" "Mozilla/5.0 (Linux; Android 6.0.1; Nexus 5X Build/MMB29P) AppleWebKit/537.36 (KHTML, like Gecko) Chrome/136.0.7103.113 Mobile Safari/537.36 (compatible; Googlebot/2.1; +http://www.google.com/bot.html)"
66.249.64.132 - - [13/Jun/2025:09:12:53 -0400] "GET /?d=117210399260&filter=860ef6&share_to_url=ideas.php%3Fid%3D3969576%26name%3Dchamade+pour+homme+guerlain HTTP/1.1" 200 22421 "-" "Mozilla/5.0 (Linux; Android 6.0.1; Nexus 5X Build/MMB29P) AppleWebKit/537.36 (KHTML, like Gecko) Chrome/136.0.7103.113 Mobile Safari/537.36 (compatible; Googlebot/2.1; +http://www.google.com/bot.html)"
66.249.64.5 - - [13/Jun/2025:09:12:55 -0400] "GET /?d=108332574260&filter=1699c2&share_to_url=shopdetail.php%3Fid%3D3667892%26name%3Dppt+r%C3%A8gles HTTP/1.1" 200 24228 "-" "Mozilla/5.0 (Linux; Android 6.0.1; Nexus 5X Build/MMB29P) AppleWebKit/537.36 (KHTML, like Gecko) Chrome/136.0.7103.113 Mobile Safari/537.36 (compatible; Googlebot/2.1; +http://www.google.com/bot.html)"
66.249.64.132 - - [13/Jun/2025:09:12:56 -0400] "GET /?d=110435017260&filter=15d3b1&share_to_url=product-page.php%3Fid%3D3738520%26name%3Danime+lab+won+039+t+let+me HTTP/1.1" 200 23492 "-" "Mozilla/5.0 (Linux; Android 6.0.1; Nexus 5X Build/MMB29P) AppleWebKit/537.36 (KHTML, like Gecko) Chrome/136.0.7103.113 Mobile Safari/537.36 (compatible; Googlebot/2.1; +http://www.google.com/bot.html)"
52.167.144.188 - - [13/Jun/2025:09:12:56 -0400] "GET /?d=88160927260&filter=bce36f&share_to_url=product.php%3Fid%3D2987578%26name%3Dulanzi+u+mount+360 HTTP/1.1" 200 23681 "-" "Mozilla/5.0 AppleWebKit/537.36 (KHTML, like Gecko; compatible; bingbot/2.0; +http://www.bing.com/bingbot.htm) Chrome/116.0.1938.76 Safari/537.36"
52.167.144.169 - - [13/Jun/2025:09:12:57 -0400] "GET /?d=29947079260&filter=ada5f8&share_to_url=product-page.php%3Fid%3D1017820%26name%3Doutwell+aberdeen+lake HTTP/1.1" 200 23568 "-" "Mozilla/5.0 AppleWebKit/537.36 (KHTML, like Gecko; compatible; bingbot/2.0; +http://www.bing.com/bingbot.htm) Chrome/116.0.1938.76 Safari/537.36"
66.249.64.5 - - [13/Jun/2025:09:12:58 -0400] "GET /?d=97945340260&filter=ae797a&share_to_url=ideas.php%3Fid%3D3319428%26name%3Dlos+mejores+camisones HTTP/1.1" 200 24141 "-" "Mozilla/5.0 (Linux; Android 6.0.1; Nexus 5X Build/MMB29P) AppleWebKit/537.36 (KHTML, like Gecko) Chrome/136.0.7103.113 Mobile Safari/537.36 (compatible; Googlebot/2.1; +http://www.google.com/bot.html)"
66.249.64.132 - - [13/Jun/2025:09:12:59 -0400] "GET /?d=91381427260&filter=6624f9&share_to_url=pin.php%3Fid%3D3096990%26name%3Dmochilas+tacticas HTTP/1.1" 200 23517 "-" "Mozilla/5.0 (Linux; Android 6.0.1; Nexus 5X Build/MMB29P) AppleWebKit/537.36 (KHTML, like Gecko) Chrome/136.0.7103.113 Mobile Safari/537.36 (compatible; Googlebot/2.1; +http://www.google.com/bot.html)"
66.249.64.6 - - [13/Jun/2025:09:13:01 -0400] "GET /?d=100446093260&filter=19a15a&share_to_url=shop.php%3Fid%3D3404419%26name%3Dmonth+countdown+wedding+planning HTTP/1.1" 200 23179 "-" "Mozilla/5.0 (Linux; Android 6.0.1; Nexus 5X Build/MMB29P) AppleWebKit/537.36 (KHTML, like Gecko) Chrome/136.0.7103.113 Mobile Safari/537.36 (compatible; Googlebot/2.1; +http://www.google.com/bot.html)"
66.249.64.132 - - [13/Jun/2025:09:13:01 -0400] "GET /?d=117612973260&filter=7f9220&share_to_url=detail.php%3Fid%3D3983097%26name%3Dblue+lace+agate+opal HTTP/1.1" 200 23234 "-" "Mozilla/5.0 (Linux; Android 6.0.1; Nexus 5X Build/MMB29P) AppleWebKit/537.36 (KHTML, like Gecko) Chrome/136.0.7103.113 Mobile Safari/537.36 (compatible; Googlebot/2.1; +http://www.google.com/bot.html)"
66.249.64.7 - - [13/Jun/2025:09:13:03 -0400] "GET /?d=99852688260&filter=315f2d&share_to_url=shop.php%3Fid%3D3384163%26name%3Dbest+ps4+outlet+headset HTTP/1.1" 200 23804 "-" "Mozilla/5.0 (Linux; Android 6.0.1; Nexus 5X Build/MMB29P) AppleWebKit/537.36 (KHTML, like Gecko) Chrome/136.0.7103.113 Mobile Safari/537.36 (compatible; Googlebot/2.1; +http://www.google.com/bot.html)"
52.167.144.194 - - [13/Jun/2025:09:13:04 -0400] "GET /?d=117261283260&filter=6624f9&share_to_url=product.php%3Fid%3D3971422%26name%3Dmochila+de+asalto+cortada HTTP/1.1" 200 23240 "-" "Mozilla/5.0 AppleWebKit/537.36 (KHTML, like Gecko; compatible; bingbot/2.0; +http://www.bing.com/bingbot.htm) Chrome/116.0.1938.76 Safari/537.36"
66.249.64.131 - - [13/Jun/2025:09:13:04 -0400] "GET /?d=99574115260&filter=bc40a5&share_to_url=goods.php%3Fid%3D3374699%26name%3Dmiumaev+pull+down HTTP/1.1" 200 23527 "-" "Mozilla/5.0 (Linux; Android 6.0.1; Nexus 5X Build/MMB29P) AppleWebKit/537.36 (KHTML, like Gecko) Chrome/136.0.7103.113 Mobile Safari/537.36 (compatible; Googlebot/2.1; +http://www.google.com/bot.html)"
66.249.64.6 - - [13/Jun/2025:09:13:06 -0400] "GET /?d=95590149260&filter=4f3ea3&share_to_url=item.php%3Fid%3D3238585%26name%3Dchelsea+evolution+hood+softshell+work HTTP/1.1" 200 22340 "-" "Mozilla/5.0 (Linux; Android 6.0.1; Nexus 5X Build/MMB29P) AppleWebKit/537.36 (KHTML, like Gecko) Chrome/136.0.7103.113 Mobile Safari/537.36 (compatible; Googlebot/2.1; +http://www.google.com/bot.html)"
66.249.64.131 - - [13/Jun/2025:09:13:07 -0400] "GET /?d=100112141260&filter=942b8a&share_to_url=article.php%3Fid%3D3392942%26name%3Ddiy+bridal+purse+diy+potli+bag+how HTTP/1.1" 200 23663 "-" "Mozilla/5.0 (Linux; Android 6.0.1; Nexus 5X Build/MMB29P) AppleWebKit/537.36 (KHTML, like Gecko) Chrome/136.0.7103.113 Mobile Safari/537.36 (compatible; Googlebot/2.1; +http://www.google.com/bot.html)"
52.167.144.194 - - [13/Jun/2025:09:13:08 -0400] "GET /?d=109003267260&filter=dd4e5e&share_to_url=pin.php%3Fid%3D3690426%26name%3Dbuy+vintage+levi+strauss+usa HTTP/1.1" 200 22824 "-" "Mozilla/5.0 AppleWebKit/537.36 (KHTML, like Gecko; compatible; bingbot/2.0; +http://www.bing.com/bingbot.htm) Chrome/116.0.1938.76 Safari/537.36"
66.249.64.5 - - [13/Jun/2025:09:13:09 -0400] "GET /?d=110057439260&filter=49e5cd&share_to_url=shop.php%3Fid%3D3724903%26name%3Dpmp+exam+master+prep HTTP/1.1" 200 22753 "-" "Mozilla/5.0 (Linux; Android 6.0.1; Nexus 5X Build/MMB29P) AppleWebKit/537.36 (KHTML, like Gecko) Chrome/136.0.7103.113 Mobile Safari/537.36 (compatible; Googlebot/2.1; +http://www.google.com/bot.html)"
66.249.64.131 - - [13/Jun/2025:09:13:10 -0400] "GET /?d=101570049260&filter=870789&share_to_url=article.php%3Fid%3D3443498%26name%3Di+modified+rs200+into HTTP/1.1" 200 22031 "-" "Mozilla/5.0 (Linux; Android 6.0.1; Nexus 5X Build/MMB29P) AppleWebKit/537.36 (KHTML, like Gecko) Chrome/136.0.7103.113 Mobile Safari/537.36 (compatible; Googlebot/2.1; +http://www.google.com/bot.html)"
66.249.64.5 - - [13/Jun/2025:09:13:12 -0400] "GET /?d=105887920260&filter=01758e&share_to_url=product-page.php%3Fid%3D3586636%26name%3Dpuzzle+mapa+del+mundo HTTP/1.1" 200 23630 "-" "Mozilla/5.0 (Linux; Android 6.0.1; Nexus 5X Build/MMB29P) AppleWebKit/537.36 (KHTML, like Gecko) Chrome/136.0.7103.113 Mobile Safari/537.36 (compatible; Googlebot/2.1; +http://www.google.com/bot.html)"
66.249.64.131 - - [13/Jun/2025:09:13:12 -0400] "GET /?d=89784773260&filter=809419&share_to_url=pin.php%3Fid%3D3043110%26name%3Damerican+kennel+club+uptown HTTP/1.1" 200 23042 "-" "Mozilla/5.0 (Linux; Android 6.0.1; Nexus 5X Build/MMB29P) AppleWebKit/537.36 (KHTML, like Gecko) Chrome/136.0.7103.113 Mobile Safari/537.36 (compatible; Googlebot/2.1; +http://www.google.com/bot.html)"
66.249.64.5 - - [13/Jun/2025:09:13:14 -0400] "GET /?d=94548107260&filter=6af48e&share_to_url=pin.php%3Fid%3D3203814%26name%3Dcoccinelle+green+leather HTTP/1.1" 200 23780 "-" "Mozilla/5.0 (Linux; Android 6.0.1; Nexus 5X Build/MMB29P) AppleWebKit/537.36 (KHTML, like Gecko) Chrome/136.0.7103.113 Mobile Safari/537.36 (compatible; Googlebot/2.1; +http://www.google.com/bot.html)"
52.167.144.204 - - [13/Jun/2025:09:13:14 -0400] "GET /?d=97744471260&filter=6b2bc0&share_to_url=detail.php%3Fid%3D3312813%26name%3Dpequignet+moorea+chronograph HTTP/1.1" 200 23704 "-" "Mozilla/5.0 AppleWebKit/537.36 (KHTML, like Gecko; compatible; bingbot/2.0; +http://www.bing.com/bingbot.htm) Chrome/116.0.1938.76 Safari/537.36"
52.167.144.169 - - [13/Jun/2025:09:13:15 -0400] "GET /?d=46436260260&filter=edd546&share_to_url=shopdetail.php%3Fid%3D1576124%26name%3Dplantronics+explorer+50+wireless+bluetooth HTTP/1.1" 200 23011 "-" "Mozilla/5.0 AppleWebKit/537.36 (KHTML, like Gecko; compatible; bingbot/2.0; +http://www.bing.com/bingbot.htm) Chrome/116.0.1938.76 Safari/537.36"
66.249.64.131 - - [13/Jun/2025:09:13:15 -0400] "GET /?d=15548587260&filter=ccdaa0&share_to_url=ideas.php%3Fid%3D529992%26name%3Dgander+mountain+front HTTP/1.1" 200 22859 "-" "Mozilla/5.0 (Linux; Android 6.0.1; Nexus 5X Build/MMB29P) AppleWebKit/537.36 (KHTML, like Gecko) Chrome/136.0.7103.113 Mobile Safari/537.36 (compatible; Googlebot/2.1; +http://www.google.com/bot.html)"
52.167.144.169 - - [13/Jun/2025:09:13:15 -0400] "GET /?d=21699316260&filter=ada5f8&share_to_url=pin.php%3Fid%3D736206%26name%3Dbohemian+pouf+ottoman HTTP/1.1" 200 24403 "-" "Mozilla/5.0 AppleWebKit/537.36 (KHTML, like Gecko; compatible; bingbot/2.0; +http://www.bing.com/bingbot.htm) Chrome/116.0.1938.76 Safari/537.36"
52.167.144.169 - - [13/Jun/2025:09:13:16 -0400] "GET /?d=65049749260&filter=14708a&share_to_url=pin.php%3Fid%3D2205834%26name%3Dchris+king+to+debut HTTP/1.1" 200 23041 "-" "Mozilla/5.0 AppleWebKit/537.36 (KHTML, like Gecko; compatible; bingbot/2.0; +http://www.bing.com/bingbot.htm) Chrome/116.0.1938.76 Safari/537.36"
52.167.144.169 - - [13/Jun/2025:09:13:17 -0400] "GET /?d=117180087260&filter=758412&share_to_url=ideas.php%3Fid%3D3968412%26name%3Dgasmate+pizza+oven+brochure HTTP/1.1" 200 22850 "-" "Mozilla/5.0 AppleWebKit/537.36 (KHTML, like Gecko; compatible; bingbot/2.0; +http://www.bing.com/bingbot.htm) Chrome/116.0.1938.76 Safari/537.36"
66.249.64.5 - - [13/Jun/2025:09:13:17 -0400] "GET /?d=110214682260&filter=b00edb&share_to_url=detail.php%3Fid%3D3730305%26name%3Dnyfw+ss2022+on+large HTTP/1.1" 200 23495 "-" "Mozilla/5.0 (Linux; Android 6.0.1; Nexus 5X Build/MMB29P) AppleWebKit/537.36 (KHTML, like Gecko) Chrome/136.0.7103.113 Mobile Safari/537.36 (compatible; Googlebot/2.1; +http://www.google.com/bot.html)"
52.167.144.169 - - [13/Jun/2025:09:13:17 -0400] "GET /?d=62678614260&filter=e47c38&share_to_url=article.php%3Fid%3D2125310%26name%3Dsunglasses+and+beard+black HTTP/1.1" 200 24071 "-" "Mozilla/5.0 AppleWebKit/537.36 (KHTML, like Gecko; compatible; bingbot/2.0; +http://www.bing.com/bingbot.htm) Chrome/116.0.1938.76 Safari/537.36"
66.249.64.131 - - [13/Jun/2025:09:13:18 -0400] "GET /?d=113074543260&filter=c7968e&share_to_url=product-page.php%3Fid%3D3829540%26name%3Dharveys+the+park+hopper HTTP/1.1" 200 23316 "-" "Mozilla/5.0 (Linux; Android 6.0.1; Nexus 5X Build/MMB29P) AppleWebKit/537.36 (KHTML, like Gecko) Chrome/136.0.7103.113 Mobile Safari/537.36 (compatible; Googlebot/2.1; +http://www.google.com/bot.html)"
52.167.144.188 - - [13/Jun/2025:09:13:18 -0400] "GET /?d=104336416260&filter=c4fddc&share_to_url=item.php%3Fid%3D3535117%26name%3Dgigabyte+b550m+ds3h+ac+motherboard HTTP/1.1" 200 22235 "-" "Mozilla/5.0 AppleWebKit/537.36 (KHTML, like Gecko; compatible; bingbot/2.0; +http://www.bing.com/bingbot.htm) Chrome/116.0.1938.76 Safari/537.36"
66.249.64.5 - - [13/Jun/2025:09:13:19 -0400] "GET /?d=108943509260&filter=89626b&share_to_url=goods.php%3Fid%3D3688355%26name%3Dsannce+dh41nk+sale HTTP/1.1" 200 22883 "-" "Mozilla/5.0 (Linux; Android 6.0.1; Nexus 5X Build/MMB29P) AppleWebKit/537.36 (KHTML, like Gecko) Chrome/136.0.7103.113 Mobile Safari/537.36 (compatible; Googlebot/2.1; +http://www.google.com/bot.html)"
66.249.64.131 - - [13/Jun/2025:09:13:20 -0400] "GET /?d=95077108260&filter=78f7d2&share_to_url=ideas.php%3Fid%3D3221160%26name%3Dbergomi+ottica HTTP/1.1" 200 23779 "-" "Mozilla/5.0 (Linux; Android 6.0.1; Nexus 5X Build/MMB29P) AppleWebKit/537.36 (KHTML, like Gecko) Chrome/136.0.7103.113 Mobile Safari/537.36 (compatible; Googlebot/2.1; +http://www.google.com/bot.html)"
52.167.144.169 - - [13/Jun/2025:09:13:22 -0400] "GET /?d=20275547260&filter=9e9754&share_to_url=item.php%3Fid%3D688669%26name%3Dpreethi+platinum+sale HTTP/1.1" 200 23652 "-" "Mozilla/5.0 AppleWebKit/537.36 (KHTML, like Gecko; compatible; bingbot/2.0; +http://www.bing.com/bingbot.htm) Chrome/116.0.1938.76 Safari/537.36"
66.249.64.5 - - [13/Jun/2025:09:13:22 -0400] "GET /?d=108800066260&filter=09665b&share_to_url=goods.php%3Fid%3D3683555%26name%3Dmy+pillow+yellow+store+fill HTTP/1.1" 200 24277 "-" "Mozilla/5.0 (Linux; Android 6.0.1; Nexus 5X Build/MMB29P) AppleWebKit/537.36 (KHTML, like Gecko) Chrome/136.0.7103.113 Mobile Safari/537.36 (compatible; Googlebot/2.1; +http://www.google.com/bot.html)"
66.249.64.131 - - [13/Jun/2025:09:13:23 -0400] "GET /?d=88805692260&filter=0b0473&share_to_url=detail.php%3Fid%3D3009657%26name%3Dbaby+berry+basket HTTP/1.1" 200 24671 "-" "Mozilla/5.0 (Linux; Android 6.0.1; Nexus 5X Build/MMB29P) AppleWebKit/537.36 (KHTML, like Gecko) Chrome/136.0.7103.113 Mobile Safari/537.36 (compatible; Googlebot/2.1; +http://www.google.com/bot.html)"
52.167.144.169 - - [13/Jun/2025:09:13:23 -0400] "GET /?d=87064240260&filter=d7c48a&share_to_url=shopdetail.php%3Fid%3D2950148%26name%3Dmy+first+vostok+an+amphibia HTTP/1.1" 200 23264 "-" "Mozilla/5.0 AppleWebKit/537.36 (KHTML, like Gecko; compatible; bingbot/2.0; +http://www.bing.com/bingbot.htm) Chrome/116.0.1938.76 Safari/537.36"
52.167.144.169 - - [13/Jun/2025:09:13:24 -0400] "GET /?d=93771271260&filter=97541a&share_to_url=ideas.php%3Fid%3D3176928%26name%3Dmothercare+orb+pram+adaptors HTTP/1.1" 200 22020 "-" "Mozilla/5.0 AppleWebKit/537.36 (KHTML, like Gecko; compatible; bingbot/2.0; +http://www.bing.com/bingbot.htm) Chrome/116.0.1938.76 Safari/537.36"
66.249.64.5 - - [13/Jun/2025:09:13:26 -0400] "GET /?d=106324070260&filter=4ac32e&share_to_url=shopdetail.php%3Fid%3D3601148%26name%3Dthe+upside+matte+tech HTTP/1.1" 200 23742 "-" "Mozilla/5.0 (Linux; Android 6.0.1; Nexus 5X Build/MMB29P) AppleWebKit/537.36 (KHTML, like Gecko) Chrome/136.0.7103.113 Mobile Safari/537.36 (compatible; Googlebot/2.1; +http://www.google.com/bot.html)"
66.249.64.131 - - [13/Jun/2025:09:13:26 -0400] "GET /?d=91412488260&filter=6bd939&share_to_url=goods.php%3Fid%3D3097919%26name%3Dtalking+ben+10+039+039 HTTP/1.1" 200 22980 "-" "Mozilla/5.0 (Linux; Android 6.0.1; Nexus 5X Build/MMB29P) AppleWebKit/537.36 (KHTML, like Gecko) Chrome/136.0.7103.113 Mobile Safari/537.36 (compatible; Googlebot/2.1; +http://www.google.com/bot.html)"
66.249.64.5 - - [13/Jun/2025:09:13:28 -0400] "GET /?d=114306402260&filter=5b21e9&share_to_url=shopdetail.php%3Fid%3D3870632%26name%3Dfreshly+ground+robusta+coffee+beans HTTP/1.1" 200 24477 "-" "Mozilla/5.0 (Linux; Android 6.0.1; Nexus 5X Build/MMB29P) AppleWebKit/537.36 (KHTML, like Gecko) Chrome/136.0.7103.113 Mobile Safari/537.36 (compatible; Googlebot/2.1; +http://www.google.com/bot.html)"
66.249.64.131 - - [13/Jun/2025:09:13:29 -0400] "GET /?d=110138875260&filter=271d11&share_to_url=item.php%3Fid%3D3727729%26name%3Dwaterschoenen+en HTTP/1.1" 200 24169 "-" "Mozilla/5.0 (Linux; Android 6.0.1; Nexus 5X Build/MMB29P) AppleWebKit/537.36 (KHTML, like Gecko) Chrome/136.0.7103.113 Mobile Safari/537.36 (compatible; Googlebot/2.1; +http://www.google.com/bot.html)"
207.46.13.125 - - [13/Jun/2025:09:13:30 -0400] "GET /?d=71654135260&filter=cdc800&share_to_url=item.php%3Fid%3D2428333%26name%3Dthe+trek+collective+be HTTP/1.1" 200 23329 "-" "Mozilla/5.0 AppleWebKit/537.36 (KHTML, like Gecko; compatible; bingbot/2.0; +http://www.bing.com/bingbot.htm) Chrome/116.0.1938.76 Safari/537.36"
66.249.64.5 - - [13/Jun/2025:09:13:31 -0400] "GET /?d=113312128260&filter=21e51a&share_to_url=item.php%3Fid%3D3837865%26name%3Dra%C3%87%C3%83o+royal+canin HTTP/1.1" 200 23248 "-" "Mozilla/5.0 (Linux; Android 6.0.1; Nexus 5X Build/MMB29P) AppleWebKit/537.36 (KHTML, like Gecko) Chrome/136.0.7103.113 Mobile Safari/537.36 (compatible; Googlebot/2.1; +http://www.google.com/bot.html)"
66.249.64.131 - - [13/Jun/2025:09:13:31 -0400] "GET /?d=112176866260&filter=9b06fe&share_to_url=ideas.php%3Fid%3D3799896%26name%3Dchie+mihara+hotsell+sale HTTP/1.1" 200 23666 "-" "Mozilla/5.0 (Linux; Android 6.0.1; Nexus 5X Build/MMB29P) AppleWebKit/537.36 (KHTML, like Gecko) Chrome/136.0.7103.113 Mobile Safari/537.36 (compatible; Googlebot/2.1; +http://www.google.com/bot.html)"
66.249.64.5 - - [13/Jun/2025:09:13:33 -0400] "GET /?d=99137620260&filter=5919d3&share_to_url=goods.php%3Fid%3D3359723%26name%3Dleather+jacket+hood HTTP/1.1" 200 24194 "-" "Mozilla/5.0 (Linux; Android 6.0.1; Nexus 5X Build/MMB29P) AppleWebKit/537.36 (KHTML, like Gecko) Chrome/136.0.7103.113 Mobile Safari/537.36 (compatible; Googlebot/2.1; +http://www.google.com/bot.html)"
207.46.13.125 - - [13/Jun/2025:09:13:33 -0400] "GET /?d=64729298260&filter=e69463&share_to_url=model.php%3Fid%3D2195163%26name%3Datc70+thumb+throttle+kit HTTP/1.1" 200 23862 "-" "Mozilla/5.0 AppleWebKit/537.36 (KHTML, like Gecko; compatible; bingbot/2.0; +http://www.bing.com/bingbot.htm) Chrome/116.0.1938.76 Safari/537.36"
66.249.64.131 - - [13/Jun/2025:09:13:34 -0400] "GET /?d=106971144260&filter=d8ea83&share_to_url=model.php%3Fid%3D3622875%26name%3Dcash+money+2024+basket HTTP/1.1" 200 24246 "-" "Mozilla/5.0 (Linux; Android 6.0.1; Nexus 5X Build/MMB29P) AppleWebKit/537.36 (KHTML, like Gecko) Chrome/136.0.7103.113 Mobile Safari/537.36 (compatible; Googlebot/2.1; +http://www.google.com/bot.html)"
52.167.144.169 - - [13/Jun/2025:09:13:34 -0400] "GET /?d=84376944260&filter=4d4498&share_to_url=product-page.php%3Fid%3D2857672%26name%3Doutfit+vaqueros+de HTTP/1.1" 200 22545 "-" "Mozilla/5.0 AppleWebKit/537.36 (KHTML, like Gecko; compatible; bingbot/2.0; +http://www.bing.com/bingbot.htm) Chrome/116.0.1938.76 Safari/537.36"
207.46.13.125 - - [13/Jun/2025:09:13:34 -0400] "GET /?d=55284287260&filter=14708a&share_to_url=shop.php%3Fid%3D1877587%26name%3Dkids+downhill+bike HTTP/1.1" 200 23535 "-" "Mozilla/5.0 AppleWebKit/537.36 (KHTML, like Gecko; compatible; bingbot/2.0; +http://www.bing.com/bingbot.htm) Chrome/116.0.1938.76 Safari/537.36"
52.167.144.169 - - [13/Jun/2025:09:13:35 -0400] "GET /?d=19346361260&filter=6ca228&share_to_url=shopdetail.php%3Fid%3D657476%26name%3Dsmall+floral+spun+poly HTTP/1.1" 200 24316 "-" "Mozilla/5.0 AppleWebKit/537.36 (KHTML, like Gecko; compatible; bingbot/2.0; +http://www.bing.com/bingbot.htm) Chrome/116.0.1938.76 Safari/537.36"
52.167.144.204 - - [13/Jun/2025:09:13:35 -0400] "GET /?d=93394445260&filter=ce8951&share_to_url=item.php%3Fid%3D3164089%26name%3Dsummer+outfit+ideas HTTP/1.1" 200 23479 "-" "Mozilla/5.0 AppleWebKit/537.36 (KHTML, like Gecko; compatible; bingbot/2.0; +http://www.bing.com/bingbot.htm) Chrome/116.0.1938.76 Safari/537.36"
52.167.144.169 - - [13/Jun/2025:09:13:36 -0400] "GET /?d=4762902260&filter=14708a&share_to_url=item.php%3Fid%3D164185%26name%3Dbicicleta+store+diamondback HTTP/1.1" 200 23604 "-" "Mozilla/5.0 AppleWebKit/537.36 (KHTML, like Gecko; compatible; bingbot/2.0; +http://www.bing.com/bingbot.htm) Chrome/116.0.1938.76 Safari/537.36"
66.249.64.5 - - [13/Jun/2025:09:13:36 -0400] "GET /?d=101513337260&filter=a4c9b9&share_to_url=item.php%3Fid%3D3441337%26name%3Dnhl+draft+2020+day HTTP/1.1" 200 23251 "-" "Mozilla/5.0 (Linux; Android 6.0.1; Nexus 5X Build/MMB29P) AppleWebKit/537.36 (KHTML, like Gecko) Chrome/136.0.7103.113 Mobile Safari/537.36 (compatible; Googlebot/2.1; +http://www.google.com/bot.html)"
66.249.64.131 - - [13/Jun/2025:09:13:37 -0400] "GET /?d=106303626260&filter=0db647&share_to_url=product-page.php%3Fid%3D3600424%26name%3Dgg+gucci+2024+summer HTTP/1.1" 200 23357 "-" "Mozilla/5.0 (Linux; Android 6.0.1; Nexus 5X Build/MMB29P) AppleWebKit/537.36 (KHTML, like Gecko) Chrome/136.0.7103.113 Mobile Safari/537.36 (compatible; Googlebot/2.1; +http://www.google.com/bot.html)"
66.249.64.5 - - [13/Jun/2025:09:13:38 -0400] "GET /?d=106063330260&filter=ec40a3&share_to_url=discover.php%3Fid%3D3592613%26name%3Dpom+shop+kleding+sale HTTP/1.1" 200 24263 "-" "Mozilla/5.0 (Linux; Android 6.0.1; Nexus 5X Build/MMB29P) AppleWebKit/537.36 (KHTML, like Gecko) Chrome/136.0.7103.113 Mobile Safari/537.36 (compatible; Googlebot/2.1; +http://www.google.com/bot.html)"
66.249.64.131 - - [13/Jun/2025:09:13:40 -0400] "GET /?d=112323802260&filter=99923c&share_to_url=ideas.php%3Fid%3D3804696%26name%3Dsneakers+bianche+per HTTP/1.1" 200 23094 "-" "Mozilla/5.0 (Linux; Android 6.0.1; Nexus 5X Build/MMB29P) AppleWebKit/537.36 (KHTML, like Gecko) Chrome/136.0.7103.113 Mobile Safari/537.36 (compatible; Googlebot/2.1; +http://www.google.com/bot.html)"
207.46.13.125 - - [13/Jun/2025:09:13:41 -0400] "GET /?d=114682865260&filter=35c404&share_to_url=article.php%3Fid%3D3883454%26name%3Dchild+car+hotsell+seat HTTP/1.1" 200 22775 "-" "Mozilla/5.0 AppleWebKit/537.36 (KHTML, like Gecko; compatible; bingbot/2.0; +http://www.bing.com/bingbot.htm) Chrome/116.0.1938.76 Safari/537.36"
66.249.64.5 - - [13/Jun/2025:09:13:41 -0400] "GET /?d=104363960260&filter=b0ef1a&share_to_url=goods.php%3Fid%3D3536075%26name%3Dmammoth+tirebiter+ii+w+rope HTTP/1.1" 200 22234 "-" "Mozilla/5.0 (Linux; Android 6.0.1; Nexus 5X Build/MMB29P) AppleWebKit/537.36 (KHTML, like Gecko) Chrome/136.0.7103.113 Mobile Safari/537.36 (compatible; Googlebot/2.1; +http://www.google.com/bot.html)"
66.249.64.131 - - [13/Jun/2025:09:13:42 -0400] "GET /?d=110363455260&filter=cdc800&share_to_url=pin.php%3Fid%3D3735906%26name%3Dbalenciaga+round+shoulder HTTP/1.1" 200 24278 "-" "Mozilla/5.0 (Linux; Android 6.0.1; Nexus 5X Build/MMB29P) AppleWebKit/537.36 (KHTML, like Gecko) Chrome/136.0.7103.113 Mobile Safari/537.36 (compatible; Googlebot/2.1; +http://www.google.com/bot.html)"
108.181.202.211 - - [13/Jun/2025:09:13:43 -0400] "GET /wp-includes/edit.php HTTP/1.1" 302 22 "https://churchmr.com/wp-includes/edit.php" "Mozilla/4.0 (compatible; MSIE 8.0; Windows NT 5.1; Trident/4.0; EasyBits GO v1.0; InfoPath.1; .NET CLR 2.0.50727; .NET CLR 3.0.4506.2152; .NET CLR 3.5.30729)"
108.181.202.211 - - [13/Jun/2025:09:13:44 -0400] "GET /wp-includes/loginn.php HTTP/1.1" 302 22 "-" "Mozilla/4.0 (compatible; MSIE 8.0; Windows NT 5.1; Trident/4.0; EasyBits GO v1.0; InfoPath.1; .NET CLR 2.0.50727; .NET CLR 3.0.4506.2152; .NET CLR 3.5.30729)"
108.181.202.211 - - [13/Jun/2025:09:13:44 -0400] "GET /wp-includes/loginn.php HTTP/1.1" 302 22 "-" "Mozilla/4.0 (compatible; MSIE 8.0; Windows NT 5.1; Trident/4.0; EasyBits GO v1.0; InfoPath.1; .NET CLR 2.0.50727; .NET CLR 3.0.4506.2152; .NET CLR 3.5.30729)"
66.249.64.6 - - [13/Jun/2025:09:13:45 -0400] "GET /?d=99381466260&filter=8104cb&share_to_url=product.php%3Fid%3D3368350%26name%3Dmini+me+red+nescaf%C3%A9 HTTP/1.1" 200 22980 "-" "Mozilla/5.0 (Linux; Android 6.0.1; Nexus 5X Build/MMB29P) AppleWebKit/537.36 (KHTML, like Gecko) Chrome/136.0.7103.113 Mobile Safari/537.36 (compatible; Googlebot/2.1; +http://www.google.com/bot.html)"
66.249.64.132 - - [13/Jun/2025:09:13:45 -0400] "GET /?d=105592670260&filter=d60d32&share_to_url=product.php%3Fid%3D3576982%26name%3Dbest+barrel+bbq HTTP/1.1" 200 24512 "-" "Mozilla/5.0 (Linux; Android 6.0.1; Nexus 5X Build/MMB29P) AppleWebKit/537.36 (KHTML, like Gecko) Chrome/136.0.7103.113 Mobile Safari/537.36 (compatible; Googlebot/2.1; +http://www.google.com/bot.html)"
108.181.202.211 - - [13/Jun/2025:09:13:45 -0400] "GET /wp-includes/edit.php HTTP/1.1" 302 22 "https://churchmr.com/wp-includes/edit.php" "Mozilla/5.0 (Windows NT 5.1) AppleWebKit/534.30 (KHTML, like Gecko) Chrome/12.0.742.122 Safari/534.30 ChromePlus/1.6.3.1"
52.167.144.194 - - [13/Jun/2025:09:13:46 -0400] "GET /?d=114633254260&filter=1a977f&share_to_url=detail.php%3Fid%3D3881817%26name%3Dtimberland+ortholite+sale+shoes HTTP/1.1" 200 22574 "-" "Mozilla/5.0 AppleWebKit/537.36 (KHTML, like Gecko; compatible; bingbot/2.0; +http://www.bing.com/bingbot.htm) Chrome/116.0.1938.76 Safari/537.36"
52.167.144.188 - - [13/Jun/2025:09:13:46 -0400] "GET /?d=86402255260&filter=8c4686&share_to_url=item.php%3Fid%3D2927641%26name%3Djamie+padded+waterproof+rainsuit HTTP/1.1" 200 22539 "-" "Mozilla/5.0 AppleWebKit/537.36 (KHTML, like Gecko; compatible; bingbot/2.0; +http://www.bing.com/bingbot.htm) Chrome/116.0.1938.76 Safari/537.36"
108.181.202.211 - - [13/Jun/2025:09:13:46 -0400] "GET /wp-includes/loginn.php HTTP/1.1" 302 22 "-" "Mozilla/5.0 (Windows NT 5.1) AppleWebKit/534.30 (KHTML, like Gecko) Chrome/12.0.742.122 Safari/534.30 ChromePlus/1.6.3.1"
108.181.202.211 - - [13/Jun/2025:09:13:47 -0400] "GET /wp-includes/loginn.php HTTP/1.1" 302 22 "-" "Mozilla/5.0 (Windows NT 5.1) AppleWebKit/534.30 (KHTML, like Gecko) Chrome/12.0.742.122 Safari/534.30 ChromePlus/1.6.3.1"
52.167.144.194 - - [13/Jun/2025:09:13:47 -0400] "GET /?d=58984849260&filter=6b68de&share_to_url=detail.php%3Fid%3D2001621%26name%3Dpetlou+lamb+plush HTTP/1.1" 200 24293 "-" "Mozilla/5.0 AppleWebKit/537.36 (KHTML, like Gecko; compatible; bingbot/2.0; +http://www.bing.com/bingbot.htm) Chrome/116.0.1938.76 Safari/537.36"
66.249.64.6 - - [13/Jun/2025:09:13:47 -0400] "GET /?d=112727083260&filter=34e834&share_to_url=pin.php%3Fid%3D3818214%26name%3Dnew+look+top+mens+sweatshirts HTTP/1.1" 200 24119 "-" "Mozilla/5.0 (Linux; Android 6.0.1; Nexus 5X Build/MMB29P) AppleWebKit/537.36 (KHTML, like Gecko) Chrome/136.0.7103.113 Mobile Safari/537.36 (compatible; Googlebot/2.1; +http://www.google.com/bot.html)"
108.181.202.211 - - [13/Jun/2025:09:13:47 -0400] "GET /wp-includes/edit.php HTTP/1.1" 302 22 "https://churchmr.com/wp-includes/edit.php" "Mozilla/5.0 (Windows NT 6.1; WOW64) AppleWebKit/535.1 (KHTML, like Gecko) Chrome/14.0.835.202 Safari/535.1"
66.249.64.132 - - [13/Jun/2025:09:13:48 -0400] "GET /?d=116510681260&filter=fd45ef&share_to_url=discover.php%3Fid%3D3945509%26name%3Dice+charger+10+78+250+hw HTTP/1.1" 200 22638 "-" "Mozilla/5.0 (Linux; Android 6.0.1; Nexus 5X Build/MMB29P) AppleWebKit/537.36 (KHTML, like Gecko) Chrome/136.0.7103.113 Mobile Safari/537.36 (compatible; Googlebot/2.1; +http://www.google.com/bot.html)"
108.181.202.211 - - [13/Jun/2025:09:13:48 -0400] "GET /wp-includes/loginn.php HTTP/1.1" 302 22 "-" "Mozilla/5.0 (Windows NT 6.1; WOW64) AppleWebKit/535.1 (KHTML, like Gecko) Chrome/14.0.835.202 Safari/535.1"
208.110.64.178 - - [13/Jun/2025:09:13:48 -0400] "GET /wp-includes/edit.php HTTP/1.1" 302 6 "https://churchmr.com/wp-includes/edit.php" "Mozilla/5.0 (Windows NT 10.0; Win64; x64) AppleWebKit/537.36 (KHTML, like Gecko) Chrome/58.0.3029.110 Safari/537.3"
108.181.202.211 - - [13/Jun/2025:09:13:48 -0400] "GET /wp-includes/loginn.php HTTP/1.1" 302 22 "-" "Mozilla/5.0 (Windows NT 6.1; WOW64) AppleWebKit/535.1 (KHTML, like Gecko) Chrome/14.0.835.202 Safari/535.1"
208.110.64.178 - - [13/Jun/2025:09:13:49 -0400] "GET /wp-includes/loginn.php HTTP/1.1" 302 6 "https://churchmr.com/wp-includes/edit.php" "Mozilla/5.0 (Windows NT 10.0; Win64; x64) AppleWebKit/537.36 (KHTML, like Gecko) Chrome/58.0.3029.110 Safari/537.3"
208.110.64.178 - - [13/Jun/2025:09:13:50 -0400] "GET /wp-includes/loginn.php HTTP/1.1" 302 6 "https://churchmr.com/wp-includes/edit.php" "Mozilla/5.0 (Windows NT 10.0; Win64; x64) AppleWebKit/537.36 (KHTML, like Gecko) Chrome/58.0.3029.110 Safari/537.3"
66.249.64.5 - - [13/Jun/2025:09:13:50 -0400] "GET /?d=113542303260&filter=01758e&share_to_url=item.php%3Fid%3D3845281%26name%3Djuguetes+economicos+para HTTP/1.1" 200 23773 "-" "Mozilla/5.0 (Linux; Android 6.0.1; Nexus 5X Build/MMB29P) AppleWebKit/537.36 (KHTML, like Gecko) Chrome/136.0.7103.113 Mobile Safari/537.36 (compatible; Googlebot/2.1; +http://www.google.com/bot.html)"
66.249.64.132 - - [13/Jun/2025:09:13:51 -0400] "GET /?d=104754163260&filter=14708a&share_to_url=pin.php%3Fid%3D3549546%26name%3D50cm+orbea+diva+carbon+dura HTTP/1.1" 200 23382 "-" "Mozilla/5.0 (Linux; Android 6.0.1; Nexus 5X Build/MMB29P) AppleWebKit/537.36 (KHTML, like Gecko) Chrome/136.0.7103.113 Mobile Safari/537.36 (compatible; Googlebot/2.1; +http://www.google.com/bot.html)"
208.110.64.178 - - [13/Jun/2025:09:13:51 -0400] "GET /wp-includes/loginn.php HTTP/1.1" 302 6 "https://churchmr.com/wp-includes/edit.php" "Mozilla/5.0 (Windows NT 10.0; Win64; x64) AppleWebKit/537.36 (KHTML, like Gecko) Chrome/58.0.3029.110 Safari/537.3"
208.110.64.178 - - [13/Jun/2025:09:13:52 -0400] "GET /wp-includes/loginn.php HTTP/1.1" 302 6 "https://churchmr.com/wp-includes/edit.php" "Mozilla/5.0 (Windows NT 10.0; Win64; x64) AppleWebKit/537.36 (KHTML, like Gecko) Chrome/58.0.3029.110 Safari/537.3"
66.249.64.6 - - [13/Jun/2025:09:13:52 -0400] "GET /?d=92189370260&filter=bfc81f&share_to_url=discover.php%3Fid%3D3122885%26name%3Djumper+12+bde+balance+bike HTTP/1.1" 200 23984 "-" "Mozilla/5.0 (Linux; Android 6.0.1; Nexus 5X Build/MMB29P) AppleWebKit/537.36 (KHTML, like Gecko) Chrome/136.0.7103.113 Mobile Safari/537.36 (compatible; Googlebot/2.1; +http://www.google.com/bot.html)"
66.249.64.132 - - [13/Jun/2025:09:13:53 -0400] "GET /?d=114847012260&filter=c551fd&share_to_url=discover.php%3Fid%3D3888929%26name%3Dchina+stand+fan HTTP/1.1" 200 23582 "-" "Mozilla/5.0 (Linux; Android 6.0.1; Nexus 5X Build/MMB29P) AppleWebKit/537.36 (KHTML, like Gecko) Chrome/136.0.7103.113 Mobile Safari/537.36 (compatible; Googlebot/2.1; +http://www.google.com/bot.html)"
208.110.64.178 - - [13/Jun/2025:09:13:53 -0400] "GET /wp-includes/loginn.php HTTP/1.1" 302 6 "https://churchmr.com/wp-includes/edit.php" "Mozilla/5.0 (Windows NT 10.0; Win64; x64) AppleWebKit/537.36 (KHTML, like Gecko) Chrome/58.0.3029.110 Safari/537.3"
208.110.64.178 - - [13/Jun/2025:09:13:54 -0400] "GET /wp-includes/loginn.php HTTP/1.1" 302 6 "https://churchmr.com/wp-includes/edit.php" "Mozilla/5.0 (Windows NT 10.0; Win64; x64) AppleWebKit/537.36 (KHTML, like Gecko) Chrome/58.0.3029.110 Safari/537.3"
208.110.64.178 - - [13/Jun/2025:09:13:55 -0400] "GET /wp-includes/loginn.php HTTP/1.1" 302 6 "https://churchmr.com/wp-includes/edit.php" "Mozilla/5.0 (Windows NT 10.0; Win64; x64) AppleWebKit/537.36 (KHTML, like Gecko) Chrome/58.0.3029.110 Safari/537.3"
66.249.64.5 - - [13/Jun/2025:09:13:56 -0400] "GET /?d=111759153260&filter=ef3f7a&share_to_url=pin.php%3Fid%3D3785298%26name%3Dmaddie+ziegler+to+front+kate HTTP/1.1" 200 22310 "-" "Mozilla/5.0 (Linux; Android 6.0.1; Nexus 5X Build/MMB29P) AppleWebKit/537.36 (KHTML, like Gecko) Chrome/136.0.7103.113 Mobile Safari/537.36 (compatible; Googlebot/2.1; +http://www.google.com/bot.html)"
66.249.64.131 - - [13/Jun/2025:09:13:56 -0400] "GET /?d=117286197260&filter=ba886d&share_to_url=discover.php%3Fid%3D3972233%26name%3Dgrivel+grivel+200+ice HTTP/1.1" 200 22112 "-" "Mozilla/5.0 (Linux; Android 6.0.1; Nexus 5X Build/MMB29P) AppleWebKit/537.36 (KHTML, like Gecko) Chrome/136.0.7103.113 Mobile Safari/537.36 (compatible; Googlebot/2.1; +http://www.google.com/bot.html)"
208.110.64.178 - - [13/Jun/2025:09:13:56 -0400] "GET /wp-includes/loginn.php HTTP/1.1" 302 6 "https://churchmr.com/wp-includes/edit.php" "Mozilla/5.0 (Windows NT 10.0; Win64; x64) AppleWebKit/537.36 (KHTML, like Gecko) Chrome/58.0.3029.110 Safari/537.3"
208.110.64.178 - - [13/Jun/2025:09:13:57 -0400] "GET /wp-includes/loginn.php HTTP/1.1" 302 6 "https://churchmr.com/wp-includes/edit.php" "Mozilla/5.0 (Windows NT 10.0; Win64; x64) AppleWebKit/537.36 (KHTML, like Gecko) Chrome/58.0.3029.110 Safari/537.3"
208.110.64.178 - - [13/Jun/2025:09:13:58 -0400] "GET /wp-includes/loginn.php HTTP/1.1" 302 6 "https://churchmr.com/wp-includes/edit.php" "Mozilla/5.0 (Windows NT 10.0; Win64; x64) AppleWebKit/537.36 (KHTML, like Gecko) Chrome/58.0.3029.110 Safari/537.3"
66.249.64.6 - - [13/Jun/2025:09:13:59 -0400] "GET /?d=104338528260&filter=18729c&share_to_url=product.php%3Fid%3D3535198%26name%3Dblue+ac1+sl HTTP/1.1" 200 23444 "-" "Mozilla/5.0 (Linux; Android 6.0.1; Nexus 5X Build/MMB29P) AppleWebKit/537.36 (KHTML, like Gecko) Chrome/136.0.7103.113 Mobile Safari/537.36 (compatible; Googlebot/2.1; +http://www.google.com/bot.html)"
66.249.64.131 - - [13/Jun/2025:09:13:59 -0400] "GET /?d=102979531260&filter=ef1525&share_to_url=shop.php%3Fid%3D3490027%26name%3Dwood+type+the HTTP/1.1" 200 23882 "-" "Mozilla/5.0 (Linux; Android 6.0.1; Nexus 5X Build/MMB29P) AppleWebKit/537.36 (KHTML, like Gecko) Chrome/136.0.7103.113 Mobile Safari/537.36 (compatible; Googlebot/2.1; +http://www.google.com/bot.html)"
208.110.64.178 - - [13/Jun/2025:09:13:59 -0400] "GET /wp-includes/loginn.php HTTP/1.1" 302 6 "https://churchmr.com/wp-includes/edit.php" "Mozilla/5.0 (Windows NT 10.0; Win64; x64) AppleWebKit/537.36 (KHTML, like Gecko) Chrome/58.0.3029.110 Safari/537.3"
208.110.64.178 - - [13/Jun/2025:09:14:00 -0400] "GET /wp-includes/loginn.php HTTP/1.1" 302 6 "https://churchmr.com/wp-includes/edit.php" "Mozilla/5.0 (Windows NT 10.0; Win64; x64) AppleWebKit/537.36 (KHTML, like Gecko) Chrome/58.0.3029.110 Safari/537.3"
207.46.13.125 - - [13/Jun/2025:09:14:01 -0400] "GET /?d=83029566260&filter=694186&share_to_url=product.php%3Fid%3D2812486%26name%3Deuro+2024+kieran HTTP/1.1" 200 22664 "-" "Mozilla/5.0 AppleWebKit/537.36 (KHTML, like Gecko; compatible; bingbot/2.0; +http://www.bing.com/bingbot.htm) Chrome/116.0.1938.76 Safari/537.36"
66.249.64.7 - - [13/Jun/2025:09:14:01 -0400] "GET /?d=104637508260&filter=ca372c&share_to_url=product-page.php%3Fid%3D3545716%26name%3Dmatchbox+spare+parts HTTP/1.1" 200 23826 "-" "Mozilla/5.0 (Linux; Android 6.0.1; Nexus 5X Build/MMB29P) AppleWebKit/537.36 (KHTML, like Gecko) Chrome/136.0.7103.113 Mobile Safari/537.36 (compatible; Googlebot/2.1; +http://www.google.com/bot.html)"
208.110.64.178 - - [13/Jun/2025:09:14:00 -0400] "GET /wp-includes/loginn.php HTTP/1.1" 302 6 "https://churchmr.com/wp-includes/edit.php" "Mozilla/5.0 (Windows NT 10.0; Win64; x64) AppleWebKit/537.36 (KHTML, like Gecko) Chrome/58.0.3029.110 Safari/537.3"
207.46.13.125 - - [13/Jun/2025:09:14:01 -0400] "GET /?d=80106266260&filter=7f9220&share_to_url=model.php%3Fid%3D2712687%26name%3Dauthentic+cheap+opal HTTP/1.1" 200 23496 "-" "Mozilla/5.0 AppleWebKit/537.36 (KHTML, like Gecko; compatible; bingbot/2.0; +http://www.bing.com/bingbot.htm) Chrome/116.0.1938.76 Safari/537.36"
66.249.64.132 - - [13/Jun/2025:09:14:02 -0400] "GET /?d=96118838260&filter=eab85f&share_to_url=product.php%3Fid%3D3256558%26name%3Dbotas+moto+forma HTTP/1.1" 200 22000 "-" "Mozilla/5.0 (Linux; Android 6.0.1; Nexus 5X Build/MMB29P) AppleWebKit/537.36 (KHTML, like Gecko) Chrome/136.0.7103.113 Mobile Safari/537.36 (compatible; Googlebot/2.1; +http://www.google.com/bot.html)"
208.110.64.178 - - [13/Jun/2025:09:14:02 -0400] "GET /wp-includes/loginn.php HTTP/1.1" 302 6 "https://churchmr.com/wp-includes/edit.php" "Mozilla/5.0 (Windows NT 10.0; Win64; x64) AppleWebKit/537.36 (KHTML, like Gecko) Chrome/58.0.3029.110 Safari/537.3"
208.110.64.178 - - [13/Jun/2025:09:14:03 -0400] "GET /wp-includes/loginn.php HTTP/1.1" 302 6 "https://churchmr.com/wp-includes/edit.php" "Mozilla/5.0 (Windows NT 10.0; Win64; x64) AppleWebKit/537.36 (KHTML, like Gecko) Chrome/58.0.3029.110 Safari/537.3"
52.167.144.169 - - [13/Jun/2025:09:14:03 -0400] "GET /?d=86591555260&filter=997939&share_to_url=shop.php%3Fid%3D2933947%26name%3Dpre+owned+mario+kart HTTP/1.1" 200 22346 "-" "Mozilla/5.0 AppleWebKit/537.36 (KHTML, like Gecko; compatible; bingbot/2.0; +http://www.bing.com/bingbot.htm) Chrome/116.0.1938.76 Safari/537.36"
66.249.64.7 - - [13/Jun/2025:09:14:03 -0400] "GET /?d=102521681260&filter=a19797&share_to_url=pin.php%3Fid%3D3475014%26name%3Dbuy+natural+blue+sapphire HTTP/1.1" 200 23103 "-" "Mozilla/5.0 (Linux; Android 6.0.1; Nexus 5X Build/MMB29P) AppleWebKit/537.36 (KHTML, like Gecko) Chrome/136.0.7103.113 Mobile Safari/537.36 (compatible; Googlebot/2.1; +http://www.google.com/bot.html)"
52.167.144.204 - - [13/Jun/2025:09:14:04 -0400] "GET /?d=115975184260&filter=74aed1&share_to_url=pin.php?id=3927390&name=cuellorelax%20almohada HTTP/1.1" 200 23981 "-" "Mozilla/5.0 AppleWebKit/537.36 (KHTML, like Gecko; compatible; bingbot/2.0; +http://www.bing.com/bingbot.htm) Chrome/116.0.1938.76 Safari/537.36"
208.110.64.178 - - [13/Jun/2025:09:14:03 -0400] "GET /wp-includes/loginn.php HTTP/1.1" 302 6 "https://churchmr.com/wp-includes/edit.php" "Mozilla/5.0 (Windows NT 10.0; Win64; x64) AppleWebKit/537.36 (KHTML, like Gecko) Chrome/58.0.3029.110 Safari/537.3"
66.249.64.132 - - [13/Jun/2025:09:14:04 -0400] "GET /?d=110630713260&filter=2b9015&share_to_url=article.php%3Fid%3D3745382%26name%3Dair+max+2025+97+womens HTTP/1.1" 200 21497 "-" "Mozilla/5.0 (Linux; Android 6.0.1; Nexus 5X Build/MMB29P) AppleWebKit/537.36 (KHTML, like Gecko) Chrome/136.0.7103.113 Mobile Safari/537.36 (compatible; Googlebot/2.1; +http://www.google.com/bot.html)"
52.167.144.194 - - [13/Jun/2025:09:14:05 -0400] "GET /?d=110345714260&filter=eb8c1b&share_to_url=detail.php%3Fid%3D3735297%26name%3Drolleiflex+hy6+body+with+waist HTTP/1.1" 200 23482 "-" "Mozilla/5.0 AppleWebKit/537.36 (KHTML, like Gecko; compatible; bingbot/2.0; +http://www.bing.com/bingbot.htm) Chrome/116.0.1938.76 Safari/537.36"
208.110.64.178 - - [13/Jun/2025:09:14:05 -0400] "GET /wp-includes/loginn.php HTTP/1.1" 302 6 "https://churchmr.com/wp-includes/edit.php" "Mozilla/5.0 (Windows NT 10.0; Win64; x64) AppleWebKit/537.36 (KHTML, like Gecko) Chrome/58.0.3029.110 Safari/537.3"
208.110.64.178 - - [13/Jun/2025:09:14:06 -0400] "GET /wp-includes/loginn.php HTTP/1.1" 302 6 "https://churchmr.com/wp-includes/edit.php" "Mozilla/5.0 (Windows NT 10.0; Win64; x64) AppleWebKit/537.36 (KHTML, like Gecko) Chrome/58.0.3029.110 Safari/537.3"
208.110.64.178 - - [13/Jun/2025:09:14:06 -0400] "GET /wp-includes/loginn.php HTTP/1.1" 302 6 "https://churchmr.com/wp-includes/edit.php" "Mozilla/5.0 (Windows NT 10.0; Win64; x64) AppleWebKit/537.36 (KHTML, like Gecko) Chrome/58.0.3029.110 Safari/537.3"
66.249.64.5 - - [13/Jun/2025:09:14:07 -0400] "GET /?d=41882211260&filter=b0ef1a&share_to_url=detail.php%3Fid%3D1421817%26name%3Dmodern+kennel+dogs+room+up HTTP/1.1" 200 23785 "-" "Mozilla/5.0 (Linux; Android 6.0.1; Nexus 5X Build/MMB29P) AppleWebKit/537.36 (KHTML, like Gecko) Chrome/136.0.7103.113 Mobile Safari/537.36 (compatible; Googlebot/2.1; +http://www.google.com/bot.html)"
66.249.64.132 - - [13/Jun/2025:09:14:07 -0400] "GET /?d=99949193260&filter=6a394f&share_to_url=model.php%3Fid%3D3387315%26name%3Dmoletom+arctic+monkeys HTTP/1.1" 200 23589 "-" "Mozilla/5.0 (Linux; Android 6.0.1; Nexus 5X Build/MMB29P) AppleWebKit/537.36 (KHTML, like Gecko) Chrome/136.0.7103.113 Mobile Safari/537.36 (compatible; Googlebot/2.1; +http://www.google.com/bot.html)"
208.110.64.178 - - [13/Jun/2025:09:14:07 -0400] "GET /wp-includes/loginn.php HTTP/1.1" 302 6 "https://churchmr.com/wp-includes/edit.php" "Mozilla/5.0 (Windows NT 10.0; Win64; x64) AppleWebKit/537.36 (KHTML, like Gecko) Chrome/58.0.3029.110 Safari/537.3"
208.110.64.178 - - [13/Jun/2025:09:14:08 -0400] "GET /wp-includes/loginn.php HTTP/1.1" 302 6 "https://churchmr.com/wp-includes/edit.php" "Mozilla/5.0 (Windows NT 10.0; Win64; x64) AppleWebKit/537.36 (KHTML, like Gecko) Chrome/58.0.3029.110 Safari/537.3"
66.249.64.6 - - [13/Jun/2025:09:14:09 -0400] "GET /?d=107717911260&filter=637771&share_to_url=discover.php%3Fid%3D3647657%26name%3Dlip+dauphine+02+a HTTP/1.1" 200 22983 "-" "Mozilla/5.0 (Linux; Android 6.0.1; Nexus 5X Build/MMB29P) AppleWebKit/537.36 (KHTML, like Gecko) Chrome/136.0.7103.113 Mobile Safari/537.36 (compatible; Googlebot/2.1; +http://www.google.com/bot.html)"
208.110.64.178 - - [13/Jun/2025:09:14:09 -0400] "GET /wp-includes/loginn.php HTTP/1.1" 302 6 "https://churchmr.com/wp-includes/edit.php" "Mozilla/5.0 (Windows NT 10.0; Win64; x64) AppleWebKit/537.36 (KHTML, like Gecko) Chrome/58.0.3029.110 Safari/537.3"
66.249.64.131 - - [13/Jun/2025:09:14:10 -0400] "GET /?d=109563981260&filter=0e841e&share_to_url=ideas.php%3Fid%3D3708492%26name%3Di+turned+18 HTTP/1.1" 200 23674 "-" "Mozilla/5.0 (Linux; Android 6.0.1; Nexus 5X Build/MMB29P) AppleWebKit/537.36 (KHTML, like Gecko) Chrome/136.0.7103.113 Mobile Safari/537.36 (compatible; Googlebot/2.1; +http://www.google.com/bot.html)"
208.110.64.178 - - [13/Jun/2025:09:14:10 -0400] "GET /wp-includes/loginn.php HTTP/1.1" 302 6 "https://churchmr.com/wp-includes/edit.php" "Mozilla/5.0 (Windows NT 10.0; Win64; x64) AppleWebKit/537.36 (KHTML, like Gecko) Chrome/58.0.3029.110 Safari/537.3"
208.110.64.178 - - [13/Jun/2025:09:14:11 -0400] "GET /wp-includes/loginn.php HTTP/1.1" 302 6 "https://churchmr.com/wp-includes/edit.php" "Mozilla/5.0 (Windows NT 10.0; Win64; x64) AppleWebKit/537.36 (KHTML, like Gecko) Chrome/58.0.3029.110 Safari/537.3"
208.110.64.178 - - [13/Jun/2025:09:14:11 -0400] "GET /wp-includes/loginn.php HTTP/1.1" 302 6 "https://churchmr.com/wp-includes/edit.php" "Mozilla/5.0 (Windows NT 10.0; Win64; x64) AppleWebKit/537.36 (KHTML, like Gecko) Chrome/58.0.3029.110 Safari/537.3"
66.249.64.5 - - [13/Jun/2025:09:14:12 -0400] "GET /?d=113666535260&filter=e874f3&share_to_url=shop.php%3Fid%3D3849343%26name%3Dswarovski+elvis+pendant HTTP/1.1" 200 24158 "-" "Mozilla/5.0 (Linux; Android 6.0.1; Nexus 5X Build/MMB29P) AppleWebKit/537.36 (KHTML, like Gecko) Chrome/136.0.7103.113 Mobile Safari/537.36 (compatible; Googlebot/2.1; +http://www.google.com/bot.html)"
66.249.64.131 - - [13/Jun/2025:09:14:12 -0400] "GET /?d=99325217260&filter=e14da3&share_to_url=discover.php%3Fid%3D3366341%26name%3Decco+inch HTTP/1.1" 200 23466 "-" "Mozilla/5.0 (Linux; Android 6.0.1; Nexus 5X Build/MMB29P) AppleWebKit/537.36 (KHTML, like Gecko) Chrome/136.0.7103.113 Mobile Safari/537.36 (compatible; Googlebot/2.1; +http://www.google.com/bot.html)"
208.110.64.178 - - [13/Jun/2025:09:14:12 -0400] "GET /wp-includes/loginn.php HTTP/1.1" 302 6 "https://churchmr.com/wp-includes/edit.php" "Mozilla/5.0 (Windows NT 10.0; Win64; x64) AppleWebKit/537.36 (KHTML, like Gecko) Chrome/58.0.3029.110 Safari/537.3"
208.110.64.178 - - [13/Jun/2025:09:14:13 -0400] "GET /wp-includes/loginn.php HTTP/1.1" 302 6 "https://churchmr.com/wp-includes/edit.php" "Mozilla/5.0 (Windows NT 10.0; Win64; x64) AppleWebKit/537.36 (KHTML, like Gecko) Chrome/58.0.3029.110 Safari/537.3"
