Your IP : 216.73.216.172
207.46.13.111 - - [13/Jun/2025:08:06:36 -0400] "GET /?d=19280570260&filter=149478&share_to_url=article.php%3Fid%3D655166%26name%3Dstreetball+vs HTTP/1.1" 200 22213 "-" "Mozilla/5.0 AppleWebKit/537.36 (KHTML, like Gecko; compatible; bingbot/2.0; +http://www.bing.com/bingbot.htm) Chrome/116.0.1938.76 Safari/537.36"
66.249.64.131 - - [13/Jun/2025:08:06:36 -0400] "GET /?d=106693092260&filter=536817&share_to_url=product.php%3Fid%3D3613390%26name%3Dee+the+samsung HTTP/1.1" 200 22522 "-" "Mozilla/5.0 (Linux; Android 6.0.1; Nexus 5X Build/MMB29P) AppleWebKit/537.36 (KHTML, like Gecko) Chrome/136.0.7103.113 Mobile Safari/537.36 (compatible; Googlebot/2.1; +http://www.google.com/bot.html)"
207.46.13.111 - - [13/Jun/2025:08:06:36 -0400] "GET /?d=95574186260&filter=203425&share_to_url=product-page.php%3Fid%3D3237976%26name%3Dmedea+abbigliamento+per HTTP/1.1" 200 22616 "-" "Mozilla/5.0 AppleWebKit/537.36 (KHTML, like Gecko; compatible; bingbot/2.0; +http://www.bing.com/bingbot.htm) Chrome/116.0.1938.76 Safari/537.36"
207.46.13.111 - - [13/Jun/2025:08:06:37 -0400] "GET /?d=25586126260&filter=2aa707&share_to_url=article.php%3Fid%3D867158%26name%3Daxiom+audio+this HTTP/1.1" 200 23729 "-" "Mozilla/5.0 AppleWebKit/537.36 (KHTML, like Gecko; compatible; bingbot/2.0; +http://www.bing.com/bingbot.htm) Chrome/116.0.1938.76 Safari/537.36"
66.249.64.131 - - [13/Jun/2025:08:06:38 -0400] "GET /?d=76842888260&filter=0c7b35&share_to_url=goods.php%3Fid%3D2603879%26name%3Dganna+long+shirt+jacket HTTP/1.1" 200 23611 "-" "Mozilla/5.0 (Linux; Android 6.0.1; Nexus 5X Build/MMB29P) AppleWebKit/537.36 (KHTML, like Gecko) Chrome/136.0.7103.113 Mobile Safari/537.36 (compatible; Googlebot/2.1; +http://www.google.com/bot.html)"
66.249.64.6 - - [13/Jun/2025:08:06:38 -0400] "GET /?d=118137720260&filter=3d4c80&share_to_url=model.php%3Fid%3D4000899%26name%3Dkidzymall+tema+per+bambini HTTP/1.1" 200 22932 "-" "Mozilla/5.0 (Linux; Android 6.0.1; Nexus 5X Build/MMB29P) AppleWebKit/537.36 (KHTML, like Gecko) Chrome/136.0.7103.113 Mobile Safari/537.36 (compatible; Googlebot/2.1; +http://www.google.com/bot.html)"
52.167.144.22 - - [13/Jun/2025:08:06:39 -0400] "GET /?d=88482614260&filter=1cbf7a&share_to_url=shopdetail.php%3Fid%3D2998928%26name%3Ddeutscher+slasher+for HTTP/1.1" 200 23956 "-" "Mozilla/5.0 AppleWebKit/537.36 (KHTML, like Gecko; compatible; bingbot/2.0; +http://www.bing.com/bingbot.htm) Chrome/116.0.1938.76 Safari/537.36"
40.77.167.38 - - [13/Jun/2025:08:06:40 -0400] "GET /?d=69753905260&filter=c08dc8&share_to_url=discover.php%3Fid%3D2363813%26name%3Dla+cita+es HTTP/1.1" 200 23945 "-" "Mozilla/5.0 AppleWebKit/537.36 (KHTML, like Gecko; compatible; bingbot/2.0; +http://www.bing.com/bingbot.htm) Chrome/116.0.1938.76 Safari/537.36"
66.249.64.132 - - [13/Jun/2025:08:06:40 -0400] "GET /?d=104661408260&filter=ccc9b9&share_to_url=shopdetail.php%3Fid%3D3546464%26name%3Dmulti+bulb+clearance+ceiling+light HTTP/1.1" 200 24401 "-" "Mozilla/5.0 (Linux; Android 6.0.1; Nexus 5X Build/MMB29P) AppleWebKit/537.36 (KHTML, like Gecko) Chrome/136.0.7103.113 Mobile Safari/537.36 (compatible; Googlebot/2.1; +http://www.google.com/bot.html)"
66.249.64.131 - - [13/Jun/2025:08:06:42 -0400] "GET /?d=96337089260&filter=7bb540&share_to_url=product-page.php%3Fid%3D3263908%26name%3D2022+ruote+in+carbonio HTTP/1.1" 200 24515 "-" "Mozilla/5.0 (Linux; Android 6.0.1; Nexus 5X Build/MMB29P) AppleWebKit/537.36 (KHTML, like Gecko) Chrome/136.0.7103.113 Mobile Safari/537.36 (compatible; Googlebot/2.1; +http://www.google.com/bot.html)"
40.77.167.22 - - [13/Jun/2025:08:06:44 -0400] "GET /?d=107382195260&filter=bc96f9&share_to_url=shopdetail.php%3Fid%3D3636548%26name%3Dbh+store+hi+res HTTP/1.1" 200 24584 "-" "Mozilla/5.0 AppleWebKit/537.36 (KHTML, like Gecko; compatible; bingbot/2.0; +http://www.bing.com/bingbot.htm) Chrome/116.0.1938.76 Safari/537.36"
208.110.64.178 - - [13/Jun/2025:08:06:44 -0400] "GET /wp-includes/edit.php HTTP/1.1" 302 6 "https://churchmr.com/wp-includes/edit.php" "Mozilla/5.0 (Windows NT 10.0; Win64; x64) AppleWebKit/537.36 (KHTML, like Gecko) Chrome/58.0.3029.110 Safari/537.3"
208.110.64.178 - - [13/Jun/2025:08:06:45 -0400] "GET /wp-includes/loginn.php HTTP/1.1" 302 6 "https://churchmr.com/wp-includes/edit.php" "Mozilla/5.0 (Windows NT 10.0; Win64; x64) AppleWebKit/537.36 (KHTML, like Gecko) Chrome/58.0.3029.110 Safari/537.3"
66.249.64.132 - - [13/Jun/2025:08:06:45 -0400] "GET /?d=110915704260&filter=4cc5d2&share_to_url=article.php%3Fid%3D3755942%26name%3Dacer+predator+x34p+monitor+arm HTTP/1.1" 200 23679 "-" "Mozilla/5.0 (Linux; Android 6.0.1; Nexus 5X Build/MMB29P) AppleWebKit/537.36 (KHTML, like Gecko) Chrome/136.0.7103.113 Mobile Safari/537.36 (compatible; Googlebot/2.1; +http://www.google.com/bot.html)"
40.77.167.22 - - [13/Jun/2025:08:06:45 -0400] "GET /?d=110301142260&filter=a35f77&share_to_url=ideas.php%3Fid%3D3733572%26name%3Dwts+00s+porsche HTTP/1.1" 200 23363 "-" "Mozilla/5.0 AppleWebKit/537.36 (KHTML, like Gecko; compatible; bingbot/2.0; +http://www.bing.com/bingbot.htm) Chrome/116.0.1938.76 Safari/537.36"
208.110.64.178 - - [13/Jun/2025:08:06:45 -0400] "GET /wp-includes/loginn.php HTTP/1.1" 302 6 "https://churchmr.com/wp-includes/edit.php" "Mozilla/5.0 (Windows NT 10.0; Win64; x64) AppleWebKit/537.36 (KHTML, like Gecko) Chrome/58.0.3029.110 Safari/537.3"
208.110.64.178 - - [13/Jun/2025:08:06:46 -0400] "GET /wp-includes/loginn.php HTTP/1.1" 302 6 "https://churchmr.com/wp-includes/edit.php" "Mozilla/5.0 (Windows NT 10.0; Win64; x64) AppleWebKit/537.36 (KHTML, like Gecko) Chrome/58.0.3029.110 Safari/537.3"
40.77.167.19 - - [13/Jun/2025:08:06:47 -0400] "GET /?d=62244398260&filter=6ca228&share_to_url=shop.php%3Fid%3D2110639%26name%3Dlandscape+button+polar HTTP/1.1" 200 24491 "-" "Mozilla/5.0 AppleWebKit/537.36 (KHTML, like Gecko; compatible; bingbot/2.0; +http://www.bing.com/bingbot.htm) Chrome/116.0.1938.76 Safari/537.36"
208.110.64.178 - - [13/Jun/2025:08:06:47 -0400] "GET /wp-includes/loginn.php HTTP/1.1" 302 6 "https://churchmr.com/wp-includes/edit.php" "Mozilla/5.0 (Windows NT 10.0; Win64; x64) AppleWebKit/537.36 (KHTML, like Gecko) Chrome/58.0.3029.110 Safari/537.3"
66.249.64.132 - - [13/Jun/2025:08:06:48 -0400] "GET /?d=108281700260&filter=a7a978&share_to_url=article.php%3Fid%3D3666134%26name%3Dsafely+tucked+away+mini+storage HTTP/1.1" 200 23743 "-" "Mozilla/5.0 (Linux; Android 6.0.1; Nexus 5X Build/MMB29P) AppleWebKit/537.36 (KHTML, like Gecko) Chrome/136.0.7103.113 Mobile Safari/537.36 (compatible; Googlebot/2.1; +http://www.google.com/bot.html)"
208.110.64.178 - - [13/Jun/2025:08:06:48 -0400] "GET /wp-includes/loginn.php HTTP/1.1" 302 6 "https://churchmr.com/wp-includes/edit.php" "Mozilla/5.0 (Windows NT 10.0; Win64; x64) AppleWebKit/537.36 (KHTML, like Gecko) Chrome/58.0.3029.110 Safari/537.3"
208.110.64.178 - - [13/Jun/2025:08:06:49 -0400] "GET /wp-includes/loginn.php HTTP/1.1" 302 6 "https://churchmr.com/wp-includes/edit.php" "Mozilla/5.0 (Windows NT 10.0; Win64; x64) AppleWebKit/537.36 (KHTML, like Gecko) Chrome/58.0.3029.110 Safari/537.3"
208.110.64.178 - - [13/Jun/2025:08:06:49 -0400] "GET /wp-includes/loginn.php HTTP/1.1" 302 6 "https://churchmr.com/wp-includes/edit.php" "Mozilla/5.0 (Windows NT 10.0; Win64; x64) AppleWebKit/537.36 (KHTML, like Gecko) Chrome/58.0.3029.110 Safari/537.3"
208.110.64.178 - - [13/Jun/2025:08:06:50 -0400] "GET /wp-includes/loginn.php HTTP/1.1" 302 6 "https://churchmr.com/wp-includes/edit.php" "Mozilla/5.0 (Windows NT 10.0; Win64; x64) AppleWebKit/537.36 (KHTML, like Gecko) Chrome/58.0.3029.110 Safari/537.3"
66.249.64.131 - - [13/Jun/2025:08:06:51 -0400] "GET /?d=117699473260&filter=25fc98&share_to_url=item.php%3Fid%3D3986101%26name%3Ddog+nappies+petstock HTTP/1.1" 200 22742 "-" "Mozilla/5.0 (Linux; Android 6.0.1; Nexus 5X Build/MMB29P) AppleWebKit/537.36 (KHTML, like Gecko) Chrome/136.0.7103.113 Mobile Safari/537.36 (compatible; Googlebot/2.1; +http://www.google.com/bot.html)"
208.110.64.178 - - [13/Jun/2025:08:06:50 -0400] "GET /wp-includes/loginn.php HTTP/1.1" 302 6 "https://churchmr.com/wp-includes/edit.php" "Mozilla/5.0 (Windows NT 10.0; Win64; x64) AppleWebKit/537.36 (KHTML, like Gecko) Chrome/58.0.3029.110 Safari/537.3"
208.110.64.178 - - [13/Jun/2025:08:06:51 -0400] "GET /wp-includes/loginn.php HTTP/1.1" 302 6 "https://churchmr.com/wp-includes/edit.php" "Mozilla/5.0 (Windows NT 10.0; Win64; x64) AppleWebKit/537.36 (KHTML, like Gecko) Chrome/58.0.3029.110 Safari/537.3"
66.249.64.5 - - [13/Jun/2025:08:06:51 -0400] "GET /?d=102237314260&filter=ca372c&share_to_url=detail.php%3Fid%3D3465477%26name%3Dgrossery+gang+sewer HTTP/1.1" 200 23793 "-" "Mozilla/5.0 (Linux; Android 6.0.1; Nexus 5X Build/MMB29P) AppleWebKit/537.36 (KHTML, like Gecko) Chrome/136.0.7103.113 Mobile Safari/537.36 (compatible; Googlebot/2.1; +http://www.google.com/bot.html)"
208.110.64.178 - - [13/Jun/2025:08:06:52 -0400] "GET /wp-includes/loginn.php HTTP/1.1" 302 6 "https://churchmr.com/wp-includes/edit.php" "Mozilla/5.0 (Windows NT 10.0; Win64; x64) AppleWebKit/537.36 (KHTML, like Gecko) Chrome/58.0.3029.110 Safari/537.3"
208.110.64.178 - - [13/Jun/2025:08:06:52 -0400] "GET /wp-includes/loginn.php HTTP/1.1" 302 6 "https://churchmr.com/wp-includes/edit.php" "Mozilla/5.0 (Windows NT 10.0; Win64; x64) AppleWebKit/537.36 (KHTML, like Gecko) Chrome/58.0.3029.110 Safari/537.3"
208.110.64.178 - - [13/Jun/2025:08:06:53 -0400] "GET /wp-includes/loginn.php HTTP/1.1" 302 6 "https://churchmr.com/wp-includes/edit.php" "Mozilla/5.0 (Windows NT 10.0; Win64; x64) AppleWebKit/537.36 (KHTML, like Gecko) Chrome/58.0.3029.110 Safari/537.3"
66.249.64.132 - - [13/Jun/2025:08:06:53 -0400] "GET /?d=79782699260&filter=0c7b35&share_to_url=article.php%3Fid%3D2702282%26name%3Dlifejackets+michigan+sailing HTTP/1.1" 200 23201 "-" "Mozilla/5.0 (Linux; Android 6.0.1; Nexus 5X Build/MMB29P) AppleWebKit/537.36 (KHTML, like Gecko) Chrome/136.0.7103.113 Mobile Safari/537.36 (compatible; Googlebot/2.1; +http://www.google.com/bot.html)"
208.110.64.178 - - [13/Jun/2025:08:06:54 -0400] "GET /wp-includes/loginn.php HTTP/1.1" 302 6 "https://churchmr.com/wp-includes/edit.php" "Mozilla/5.0 (Windows NT 10.0; Win64; x64) AppleWebKit/537.36 (KHTML, like Gecko) Chrome/58.0.3029.110 Safari/537.3"
208.110.64.178 - - [13/Jun/2025:08:06:54 -0400] "GET /wp-includes/loginn.php HTTP/1.1" 302 6 "https://churchmr.com/wp-includes/edit.php" "Mozilla/5.0 (Windows NT 10.0; Win64; x64) AppleWebKit/537.36 (KHTML, like Gecko) Chrome/58.0.3029.110 Safari/537.3"
208.110.64.178 - - [13/Jun/2025:08:06:55 -0400] "GET /wp-includes/loginn.php HTTP/1.1" 302 6 "https://churchmr.com/wp-includes/edit.php" "Mozilla/5.0 (Windows NT 10.0; Win64; x64) AppleWebKit/537.36 (KHTML, like Gecko) Chrome/58.0.3029.110 Safari/537.3"
157.55.39.10 - - [13/Jun/2025:08:06:56 -0400] "GET /?d=88639749260&filter=80d279&share_to_url=item.php%3Fid%3D3004153%26name%3Dmeater+the+first+truly HTTP/1.1" 200 22772 "-" "Mozilla/5.0 AppleWebKit/537.36 (KHTML, like Gecko; compatible; bingbot/2.0; +http://www.bing.com/bingbot.htm) Chrome/116.0.1938.76 Safari/537.36"
66.249.64.132 - - [13/Jun/2025:08:06:56 -0400] "GET /?d=112764198260&filter=c9616d&share_to_url=article.php%3Fid%3D3819350%26name%3Dofficial+disney+custom+upcycled+louie HTTP/1.1" 200 24205 "-" "Mozilla/5.0 (Linux; Android 6.0.1; Nexus 5X Build/MMB29P) AppleWebKit/537.36 (KHTML, like Gecko) Chrome/136.0.7103.113 Mobile Safari/537.36 (compatible; Googlebot/2.1; +http://www.google.com/bot.html)"
208.110.64.178 - - [13/Jun/2025:08:06:56 -0400] "GET /wp-includes/loginn.php HTTP/1.1" 302 6 "https://churchmr.com/wp-includes/edit.php" "Mozilla/5.0 (Windows NT 10.0; Win64; x64) AppleWebKit/537.36 (KHTML, like Gecko) Chrome/58.0.3029.110 Safari/537.3"
208.110.64.178 - - [13/Jun/2025:08:06:57 -0400] "GET /wp-includes/loginn.php HTTP/1.1" 302 6 "https://churchmr.com/wp-includes/edit.php" "Mozilla/5.0 (Windows NT 10.0; Win64; x64) AppleWebKit/537.36 (KHTML, like Gecko) Chrome/58.0.3029.110 Safari/537.3"
208.110.64.178 - - [13/Jun/2025:08:06:57 -0400] "GET /wp-includes/loginn.php HTTP/1.1" 302 6 "https://churchmr.com/wp-includes/edit.php" "Mozilla/5.0 (Windows NT 10.0; Win64; x64) AppleWebKit/537.36 (KHTML, like Gecko) Chrome/58.0.3029.110 Safari/537.3"
40.77.167.19 - - [13/Jun/2025:08:06:58 -0400] "GET /?d=105978707260&filter=1f7643&share_to_url=article.php%3Fid%3D3589802%26name%3Dgator+classical+guitar HTTP/1.1" 200 23462 "-" "Mozilla/5.0 AppleWebKit/537.36 (KHTML, like Gecko; compatible; bingbot/2.0; +http://www.bing.com/bingbot.htm) Chrome/116.0.1938.76 Safari/537.36"
208.110.64.178 - - [13/Jun/2025:08:06:58 -0400] "GET /wp-includes/loginn.php HTTP/1.1" 302 6 "https://churchmr.com/wp-includes/edit.php" "Mozilla/5.0 (Windows NT 10.0; Win64; x64) AppleWebKit/537.36 (KHTML, like Gecko) Chrome/58.0.3029.110 Safari/537.3"
66.249.64.132 - - [13/Jun/2025:08:06:59 -0400] "GET /?d=106408779260&filter=e042a3&share_to_url=shopdetail.php%3Fid%3D3603956%26name%3Dnike+tiger+woods+2013 HTTP/1.1" 200 22888 "-" "Mozilla/5.0 (Linux; Android 6.0.1; Nexus 5X Build/MMB29P) AppleWebKit/537.36 (KHTML, like Gecko) Chrome/136.0.7103.113 Mobile Safari/537.36 (compatible; Googlebot/2.1; +http://www.google.com/bot.html)"
208.110.64.178 - - [13/Jun/2025:08:06:59 -0400] "GET /wp-includes/loginn.php HTTP/1.1" 302 6 "https://churchmr.com/wp-includes/edit.php" "Mozilla/5.0 (Windows NT 10.0; Win64; x64) AppleWebKit/537.36 (KHTML, like Gecko) Chrome/58.0.3029.110 Safari/537.3"
208.110.64.178 - - [13/Jun/2025:08:06:59 -0400] "GET /wp-includes/loginn.php HTTP/1.1" 302 6 "https://churchmr.com/wp-includes/edit.php" "Mozilla/5.0 (Windows NT 10.0; Win64; x64) AppleWebKit/537.36 (KHTML, like Gecko) Chrome/58.0.3029.110 Safari/537.3"
208.110.64.178 - - [13/Jun/2025:08:07:00 -0400] "GET /wp-includes/loginn.php HTTP/1.1" 302 6 "https://churchmr.com/wp-includes/edit.php" "Mozilla/5.0 (Windows NT 10.0; Win64; x64) AppleWebKit/537.36 (KHTML, like Gecko) Chrome/58.0.3029.110 Safari/537.3"
52.167.144.22 - - [13/Jun/2025:08:07:00 -0400] "GET /?d=109719416260&filter=c6d084&share_to_url=pin.php%3Fid%3D3713682%26name%3Dlenovo+5ws0u26637+premier+support HTTP/1.1" 200 23452 "-" "Mozilla/5.0 AppleWebKit/537.36 (KHTML, like Gecko; compatible; bingbot/2.0; +http://www.bing.com/bingbot.htm) Chrome/116.0.1938.76 Safari/537.36"
208.110.64.178 - - [13/Jun/2025:08:07:01 -0400] "GET /wp-includes/loginn.php HTTP/1.1" 302 6 "https://churchmr.com/wp-includes/edit.php" "Mozilla/5.0 (Windows NT 10.0; Win64; x64) AppleWebKit/537.36 (KHTML, like Gecko) Chrome/58.0.3029.110 Safari/537.3"
66.249.64.131 - - [13/Jun/2025:08:07:01 -0400] "GET /?d=89456674260&filter=55b63a&share_to_url=model.php%3Fid%3D3032055%26name%3Drst+lock+unit HTTP/1.1" 200 24020 "-" "Mozilla/5.0 (Linux; Android 6.0.1; Nexus 5X Build/MMB29P) AppleWebKit/537.36 (KHTML, like Gecko) Chrome/136.0.7103.113 Mobile Safari/537.36 (compatible; Googlebot/2.1; +http://www.google.com/bot.html)"
208.110.64.178 - - [13/Jun/2025:08:07:01 -0400] "GET /wp-includes/loginn.php HTTP/1.1" 302 6 "https://churchmr.com/wp-includes/edit.php" "Mozilla/5.0 (Windows NT 10.0; Win64; x64) AppleWebKit/537.36 (KHTML, like Gecko) Chrome/58.0.3029.110 Safari/537.3"
208.110.64.178 - - [13/Jun/2025:08:07:02 -0400] "GET /wp-includes/loginn.php HTTP/1.1" 302 6 "https://churchmr.com/wp-includes/edit.php" "Mozilla/5.0 (Windows NT 10.0; Win64; x64) AppleWebKit/537.36 (KHTML, like Gecko) Chrome/58.0.3029.110 Safari/537.3"
208.110.64.178 - - [13/Jun/2025:08:07:03 -0400] "GET /wp-includes/loginn.php HTTP/1.1" 302 6 "https://churchmr.com/wp-includes/edit.php" "Mozilla/5.0 (Windows NT 10.0; Win64; x64) AppleWebKit/537.36 (KHTML, like Gecko) Chrome/58.0.3029.110 Safari/537.3"
208.110.64.178 - - [13/Jun/2025:08:07:03 -0400] "GET /wp-includes/loginn.php HTTP/1.1" 302 6 "https://churchmr.com/wp-includes/edit.php" "Mozilla/5.0 (Windows NT 10.0; Win64; x64) AppleWebKit/537.36 (KHTML, like Gecko) Chrome/58.0.3029.110 Safari/537.3"
208.110.64.178 - - [13/Jun/2025:08:07:04 -0400] "GET /wp-includes/loginn.php HTTP/1.1" 302 6 "https://churchmr.com/wp-includes/edit.php" "Mozilla/5.0 (Windows NT 10.0; Win64; x64) AppleWebKit/537.36 (KHTML, like Gecko) Chrome/58.0.3029.110 Safari/537.3"
66.249.64.131 - - [13/Jun/2025:08:07:04 -0400] "GET /?d=95457756260&filter=36f86c&share_to_url=product-page.php%3Fid%3D3234136%26name%3Dsea+pearl+apartments HTTP/1.1" 200 23232 "-" "Mozilla/5.0 (Linux; Android 6.0.1; Nexus 5X Build/MMB29P) AppleWebKit/537.36 (KHTML, like Gecko) Chrome/136.0.7103.113 Mobile Safari/537.36 (compatible; Googlebot/2.1; +http://www.google.com/bot.html)"
208.110.64.178 - - [13/Jun/2025:08:07:05 -0400] "GET /wp-includes/loginn.php HTTP/1.1" 302 6 "https://churchmr.com/wp-includes/edit.php" "Mozilla/5.0 (Windows NT 10.0; Win64; x64) AppleWebKit/537.36 (KHTML, like Gecko) Chrome/58.0.3029.110 Safari/537.3"
207.46.13.111 - - [13/Jun/2025:08:07:05 -0400] "GET /?d=87894914260&filter=fec9b7&share_to_url=product.php%3Fid%3D2978362%26name%3Dcoquitlam+jewelry HTTP/1.1" 200 24222 "-" "Mozilla/5.0 AppleWebKit/537.36 (KHTML, like Gecko; compatible; bingbot/2.0; +http://www.bing.com/bingbot.htm) Chrome/116.0.1938.76 Safari/537.36"
157.55.39.10 - - [13/Jun/2025:08:07:06 -0400] "GET /?d=97574303260&filter=e833de&share_to_url=article.php%3Fid%3D3306494%26name%3Ddemogorgon+eleven HTTP/1.1" 200 22493 "-" "Mozilla/5.0 AppleWebKit/537.36 (KHTML, like Gecko; compatible; bingbot/2.0; +http://www.bing.com/bingbot.htm) Chrome/116.0.1938.76 Safari/537.36"
207.46.13.111 - - [13/Jun/2025:08:07:06 -0400] "GET /?d=107859858260&filter=939d51&share_to_url=article.php%3Fid%3D3652202%26name%3Dpurina+gourmet+gold+pate HTTP/1.1" 200 22234 "-" "Mozilla/5.0 AppleWebKit/537.36 (KHTML, like Gecko; compatible; bingbot/2.0; +http://www.bing.com/bingbot.htm) Chrome/116.0.1938.76 Safari/537.36"
66.249.64.131 - - [13/Jun/2025:08:07:06 -0400] "GET /?d=8770981260&filter=55b63a&share_to_url=goods.php%3Fid%3D301055%26name%3Dcreate+image+ktm+dirt HTTP/1.1" 200 22947 "-" "Mozilla/5.0 (Linux; Android 6.0.1; Nexus 5X Build/MMB29P) AppleWebKit/537.36 (KHTML, like Gecko) Chrome/136.0.7103.113 Mobile Safari/537.36 (compatible; Googlebot/2.1; +http://www.google.com/bot.html)"
157.55.39.10 - - [13/Jun/2025:08:07:06 -0400] "GET /?d=115956971260&filter=65e9c5&share_to_url=item.php?id=3926833&name=best%20boxing%20headgear HTTP/1.1" 200 24177 "-" "Mozilla/5.0 AppleWebKit/537.36 (KHTML, like Gecko; compatible; bingbot/2.0; +http://www.bing.com/bingbot.htm) Chrome/116.0.1938.76 Safari/537.36"
40.77.167.19 - - [13/Jun/2025:08:07:08 -0400] "GET /?d=118003145260&filter=c79531&share_to_url=article.php%3Fid%3D3996158%26name%3Ddelta+children+jojo+siwa HTTP/1.1" 200 22978 "-" "Mozilla/5.0 AppleWebKit/537.36 (KHTML, like Gecko; compatible; bingbot/2.0; +http://www.bing.com/bingbot.htm) Chrome/116.0.1938.76 Safari/537.36"
207.46.13.111 - - [13/Jun/2025:08:07:08 -0400] "GET /?d=16644433260&filter=7ffa06&share_to_url=item.php%3Fid%3D567565%26name%3Ddog+mx+pill+gun HTTP/1.1" 200 24535 "-" "Mozilla/5.0 AppleWebKit/537.36 (KHTML, like Gecko; compatible; bingbot/2.0; +http://www.bing.com/bingbot.htm) Chrome/116.0.1938.76 Safari/537.36"
66.249.64.131 - - [13/Jun/2025:08:07:09 -0400] "GET /?d=97932319260&filter=fc572a&share_to_url=ideas.php%3Fid%3D3319044%26name%3Dx+apart+from HTTP/1.1" 200 22027 "-" "Mozilla/5.0 (Linux; Android 6.0.1; Nexus 5X Build/MMB29P) AppleWebKit/537.36 (KHTML, like Gecko) Chrome/136.0.7103.113 Mobile Safari/537.36 (compatible; Googlebot/2.1; +http://www.google.com/bot.html)"
40.77.167.22 - - [13/Jun/2025:08:07:10 -0400] "GET /?d=109506316260&filter=c19a1f&share_to_url=detail.php%3Fid%3D3706521%26name%3Dseiko+prospex+tuna+jumbo HTTP/1.1" 200 23921 "-" "Mozilla/5.0 AppleWebKit/537.36 (KHTML, like Gecko; compatible; bingbot/2.0; +http://www.bing.com/bingbot.htm) Chrome/116.0.1938.76 Safari/537.36"
66.249.64.7 - - [13/Jun/2025:08:07:10 -0400] "GET /?d=37259713260&filter=75d149&share_to_url=model.php%3Fid%3D1264887%26name%3Dnew+ladies+lehenga HTTP/1.1" 200 23310 "-" "Mozilla/5.0 (Linux; Android 6.0.1; Nexus 5X Build/MMB29P) AppleWebKit/537.36 (KHTML, like Gecko) Chrome/136.0.7103.113 Mobile Safari/537.36 (compatible; Googlebot/2.1; +http://www.google.com/bot.html)"
40.77.167.22 - - [13/Jun/2025:08:07:11 -0400] "GET /?d=105001920260&filter=657ad3&share_to_url=product-page.php%3Fid%3D3557500%26name%3Dadidas+terrex+agravic+speed+replacement HTTP/1.1" 200 22519 "-" "Mozilla/5.0 AppleWebKit/537.36 (KHTML, like Gecko; compatible; bingbot/2.0; +http://www.bing.com/bingbot.htm) Chrome/116.0.1938.76 Safari/537.36"
47.128.17.212 - - [13/Jun/2025:08:07:11 -0400] "GET /?d=116080139260&filter=99bfb5&share_to_url=shop.php%3Fid%3D3930907%26name%3Dshort+circuits+hvac+school HTTP/1.1" 302 6 "-" "Mozilla/5.0 (Linux; Android 5.0) AppleWebKit/537.36 (KHTML, like Gecko) Mobile Safari/537.36 (compatible; Bytespider; spider-feedback@bytedance.com)"
207.46.13.111 - - [13/Jun/2025:08:07:12 -0400] "GET /?d=109462057260&filter=a47564&share_to_url=discover.php%3Fid%3D3705101%26name%3Ddimi+crinkled+viscose HTTP/1.1" 200 23601 "-" "Mozilla/5.0 AppleWebKit/537.36 (KHTML, like Gecko; compatible; bingbot/2.0; +http://www.bing.com/bingbot.htm) Chrome/116.0.1938.76 Safari/537.36"
47.128.17.212 - - [13/Jun/2025:08:07:12 -0400] "GET /loginn.php HTTP/1.1" 403 1242 "-" "Mozilla/5.0 (Linux; Android 5.0) AppleWebKit/537.36 (KHTML, like Gecko) Mobile Safari/537.36 (compatible; Bytespider; spider-feedback@bytedance.com)"
66.249.64.131 - - [13/Jun/2025:08:07:12 -0400] "GET /?d=111186904260&filter=73cdc9&share_to_url=shopdetail.php%3Fid%3D3765056%26name%3Dis+normal+made+in+vietname HTTP/1.1" 200 23809 "-" "Mozilla/5.0 (Linux; Android 6.0.1; Nexus 5X Build/MMB29P) AppleWebKit/537.36 (KHTML, like Gecko) Chrome/136.0.7103.113 Mobile Safari/537.36 (compatible; Googlebot/2.1; +http://www.google.com/bot.html)"
155.94.155.234 - - [13/Jun/2025:08:07:13 -0400] "GET /?d=%27nvOpzp;%20AND%201=1%20OR%20(%3C%27%22%3EiKO)),&filter=%27nvOpzp;%20AND%201=1%20OR%20(%3C%27%22%3EiKO)),&share_to_url=%27nvOpzp;%20AND%201=1%20OR%20(%3C%27%22%3EiKO)), HTTP/1.1" 302 6 "-" "-"
155.94.155.234 - - [13/Jun/2025:08:07:14 -0400] "GET /loginn.php HTTP/1.1" 403 1242 "https://www.churchmr.com/?d=%27nvOpzp;%20AND%201=1%20OR%20(%3C%27%22%3EiKO)),&filter=%27nvOpzp;%20AND%201=1%20OR%20(%3C%27%22%3EiKO)),&share_to_url=%27nvOpzp;%20AND%201=1%20OR%20(%3C%27%22%3EiKO))," "-"
66.249.64.131 - - [13/Jun/2025:08:07:15 -0400] "GET /?d=103353317260&filter=473a61&share_to_url=goods.php%3Fid%3D3502319%26name%3Dcouple+initials+necklace HTTP/1.1" 200 23214 "-" "Mozilla/5.0 (Linux; Android 6.0.1; Nexus 5X Build/MMB29P) AppleWebKit/537.36 (KHTML, like Gecko) Chrome/136.0.7103.113 Mobile Safari/537.36 (compatible; Googlebot/2.1; +http://www.google.com/bot.html)"
66.249.64.131 - - [13/Jun/2025:08:07:15 -0400] "GET /?d=89429720260&filter=14708a&share_to_url=shopdetail.php%3Fid%3D3031160%26name%3Dscott+aspect+20+eride HTTP/1.1" 200 22658 "-" "Mozilla/5.0 (Linux; Android 6.0.1; Nexus 5X Build/MMB29P) AppleWebKit/537.36 (KHTML, like Gecko) Chrome/136.0.7103.113 Mobile Safari/537.36 (compatible; Googlebot/2.1; +http://www.google.com/bot.html)"
66.249.64.131 - - [13/Jun/2025:08:07:17 -0400] "GET /?d=114108614260&filter=c7968e&share_to_url=product.php%3Fid%3D3864214%26name%3Dlife+chain+ger+our+spencer HTTP/1.1" 200 24452 "-" "Mozilla/5.0 (Linux; Android 6.0.1; Nexus 5X Build/MMB29P) AppleWebKit/537.36 (KHTML, like Gecko) Chrome/136.0.7103.113 Mobile Safari/537.36 (compatible; Googlebot/2.1; +http://www.google.com/bot.html)"
40.77.167.38 - - [13/Jun/2025:08:07:18 -0400] "GET /?d=103493294260&filter=9ad459&share_to_url=pin.php%3Fid%3D3506886%26name%3Dnike+huarache+nm+2024+espa%C3%B1a HTTP/1.1" 200 22322 "-" "Mozilla/5.0 AppleWebKit/537.36 (KHTML, like Gecko; compatible; bingbot/2.0; +http://www.bing.com/bingbot.htm) Chrome/116.0.1938.76 Safari/537.36"
40.77.167.38 - - [13/Jun/2025:08:07:18 -0400] "GET /?d=17070400260&filter=ada5f8&share_to_url=ideas.php%3Fid%3D581964%26name%3Dplastic+outdoor+ottomans+foot HTTP/1.1" 200 23962 "-" "Mozilla/5.0 AppleWebKit/537.36 (KHTML, like Gecko; compatible; bingbot/2.0; +http://www.bing.com/bingbot.htm) Chrome/116.0.1938.76 Safari/537.36"
66.249.64.6 - - [13/Jun/2025:08:07:19 -0400] "GET /?d=95347898260&filter=5f1948&share_to_url=detail.php%3Fid%3D3230217%26name%3Dmediasapamate HTTP/1.1" 200 21793 "-" "Mozilla/5.0 (Linux; Android 6.0.1; Nexus 5X Build/MMB29P) AppleWebKit/537.36 (KHTML, like Gecko) Chrome/136.0.7103.113 Mobile Safari/537.36 (compatible; Googlebot/2.1; +http://www.google.com/bot.html)"
66.249.64.131 - - [13/Jun/2025:08:07:20 -0400] "GET /?d=112266033260&filter=e92320&share_to_url=ideas.php%3Fid%3D3802752%26name%3Dbicicleta+ni%C3%B1o+10+pulgadas HTTP/1.1" 200 22981 "-" "Mozilla/5.0 (Linux; Android 6.0.1; Nexus 5X Build/MMB29P) AppleWebKit/537.36 (KHTML, like Gecko) Chrome/136.0.7103.113 Mobile Safari/537.36 (compatible; Googlebot/2.1; +http://www.google.com/bot.html)"
66.249.64.5 - - [13/Jun/2025:08:07:21 -0400] "GET /?d=111015500260&filter=b4ef1a&share_to_url=model.php%3Fid%3D3759303%26name%3Dultima+pieza HTTP/1.1" 200 24474 "-" "Mozilla/5.0 (Linux; Android 6.0.1; Nexus 5X Build/MMB29P) AppleWebKit/537.36 (KHTML, like Gecko) Chrome/136.0.7103.113 Mobile Safari/537.36 (compatible; Googlebot/2.1; +http://www.google.com/bot.html)"
40.77.167.38 - - [13/Jun/2025:08:07:22 -0400] "GET /?d=26061166260&filter=fd45ef&share_to_url=ideas.php%3Fid%3D883452%26name%3Dbest+toys+for+year HTTP/1.1" 200 23653 "-" "Mozilla/5.0 AppleWebKit/537.36 (KHTML, like Gecko; compatible; bingbot/2.0; +http://www.bing.com/bingbot.htm) Chrome/116.0.1938.76 Safari/537.36"
66.249.64.5 - - [13/Jun/2025:08:07:23 -0400] "GET /?d=55807643260&filter=ebf321&share_to_url=discover.php%3Fid%3D1894565%26name%3Dxs+sm+90s+pink+black HTTP/1.1" 200 24926 "-" "Mozilla/5.0 (Linux; Android 6.0.1; Nexus 5X Build/MMB29P) AppleWebKit/537.36 (KHTML, like Gecko) Chrome/136.0.7103.113 Mobile Safari/537.36 (compatible; Googlebot/2.1; +http://www.google.com/bot.html)"
66.249.64.131 - - [13/Jun/2025:08:07:23 -0400] "GET /?d=110020834260&filter=fd45ef&share_to_url=article.php%3Fid%3D3723602%26name%3Dhalo+mega+bloks+clear HTTP/1.1" 200 23140 "-" "Mozilla/5.0 (Linux; Android 6.0.1; Nexus 5X Build/MMB29P) AppleWebKit/537.36 (KHTML, like Gecko) Chrome/136.0.7103.113 Mobile Safari/537.36 (compatible; Googlebot/2.1; +http://www.google.com/bot.html)"
66.249.64.131 - - [13/Jun/2025:08:07:26 -0400] "GET /?d=99436331260&filter=a56f57&share_to_url=product-page.php%3Fid%3D3370144%26name%3Dvintage+oilily+eau+de HTTP/1.1" 200 22552 "-" "Mozilla/5.0 (Linux; Android 6.0.1; Nexus 5X Build/MMB29P) AppleWebKit/537.36 (KHTML, like Gecko) Chrome/136.0.7103.113 Mobile Safari/537.36 (compatible; Googlebot/2.1; +http://www.google.com/bot.html)"
207.46.13.111 - - [13/Jun/2025:08:07:26 -0400] "GET /?d=21627131260&filter=cb7031&share_to_url=goods.php%3Fid%3D733799%26name%3Dintersport+pac%C3%A9+les+nouveaux HTTP/1.1" 200 23372 "-" "Mozilla/5.0 AppleWebKit/537.36 (KHTML, like Gecko; compatible; bingbot/2.0; +http://www.bing.com/bingbot.htm) Chrome/116.0.1938.76 Safari/537.36"
40.77.167.19 - - [13/Jun/2025:08:07:27 -0400] "GET /?d=87682308260&filter=ada5f8&share_to_url=article.php%3Fid%3D2971238%26name%3Dnext+gen+ergonomic HTTP/1.1" 200 24541 "-" "Mozilla/5.0 AppleWebKit/537.36 (KHTML, like Gecko; compatible; bingbot/2.0; +http://www.bing.com/bingbot.htm) Chrome/116.0.1938.76 Safari/537.36"
207.46.13.111 - - [13/Jun/2025:08:07:27 -0400] "GET /?d=110696846260&filter=0f9aff&share_to_url=discover.php%3Fid%3D3747821%26name%3Dselladora+de+bolsa+disnaempa HTTP/1.1" 200 22429 "-" "Mozilla/5.0 AppleWebKit/537.36 (KHTML, like Gecko; compatible; bingbot/2.0; +http://www.bing.com/bingbot.htm) Chrome/116.0.1938.76 Safari/537.36"
66.249.64.131 - - [13/Jun/2025:08:07:28 -0400] "GET /?d=96633087260&filter=133aea&share_to_url=shop.php%3Fid%3D3274159%26name%3Dbracelet+identit%C3%A9+gaspardine+maille HTTP/1.1" 200 23692 "-" "Mozilla/5.0 (Linux; Android 6.0.1; Nexus 5X Build/MMB29P) AppleWebKit/537.36 (KHTML, like Gecko) Chrome/136.0.7103.113 Mobile Safari/537.36 (compatible; Googlebot/2.1; +http://www.google.com/bot.html)"
66.249.64.131 - - [13/Jun/2025:08:07:29 -0400] "GET /?d=98788323260&filter=a91b52&share_to_url=discover.php%3Fid%3D3347921%26name%3Djulbo+monterosa+montebianco HTTP/1.1" 200 21540 "-" "Mozilla/5.0 (Linux; Android 6.0.1; Nexus 5X Build/MMB29P) AppleWebKit/537.36 (KHTML, like Gecko) Chrome/136.0.7103.113 Mobile Safari/537.36 (compatible; Googlebot/2.1; +http://www.google.com/bot.html)"
66.249.64.131 - - [13/Jun/2025:08:07:31 -0400] "GET /?d=90741138260&filter=b2e434&share_to_url=article.php%3Fid%3D3075482%26name%3Dkmart+aerobic+stepper HTTP/1.1" 200 23666 "-" "Mozilla/5.0 (Linux; Android 6.0.1; Nexus 5X Build/MMB29P) AppleWebKit/537.36 (KHTML, like Gecko) Chrome/136.0.7103.113 Mobile Safari/537.36 (compatible; Googlebot/2.1; +http://www.google.com/bot.html)"
66.249.64.131 - - [13/Jun/2025:08:07:32 -0400] "GET /?d=114729834260&filter=4ba749&share_to_url=shopdetail.php%3Fid%3D3884984%26name%3Ddior+30+montaigne+belt+in HTTP/1.1" 200 22869 "-" "Mozilla/5.0 (Linux; Android 6.0.1; Nexus 5X Build/MMB29P) AppleWebKit/537.36 (KHTML, like Gecko) Chrome/136.0.7103.113 Mobile Safari/537.36 (compatible; Googlebot/2.1; +http://www.google.com/bot.html)"
66.249.64.131 - - [13/Jun/2025:08:07:34 -0400] "GET /?d=99950339260&filter=6a394f&share_to_url=pin.php%3Fid%3D3387354%26name%3Dboku+no+stores+hero HTTP/1.1" 200 22453 "-" "Mozilla/5.0 (Linux; Android 6.0.1; Nexus 5X Build/MMB29P) AppleWebKit/537.36 (KHTML, like Gecko) Chrome/136.0.7103.113 Mobile Safari/537.36 (compatible; Googlebot/2.1; +http://www.google.com/bot.html)"
209.38.39.229 - - [13/Jun/2025:08:07:35 -0400] "GET / HTTP/1.1" 302 22 "-" "Mozilla/5.0 (X11; Linux x86_64) AppleWebKit/537.36 (KHTML, like Gecko) Chrome/135.0.0.0 Safari/537.36"
209.38.39.229 - - [13/Jun/2025:08:07:36 -0400] "GET /loginn.php HTTP/1.1" 403 1242 "-" "Mozilla/5.0 (X11; Linux x86_64) AppleWebKit/537.36 (KHTML, like Gecko) Chrome/135.0.0.0 Safari/537.36"
209.38.39.229 - - [13/Jun/2025:08:07:36 -0400] "GET /favicon.ico HTTP/1.1" 404 1251 "https://churchmr.com/loginn.php" "Mozilla/5.0 (X11; Linux x86_64) AppleWebKit/537.36 (KHTML, like Gecko) Chrome/135.0.0.0 Safari/537.36"
207.46.13.111 - - [13/Jun/2025:08:07:36 -0400] "GET /?d=113841059260&filter=c425c6&share_to_url=discover.php%3Fid%3D3855341%26name%3Dfor+fossil+es3745+es3861 HTTP/1.1" 200 22402 "-" "Mozilla/5.0 AppleWebKit/537.36 (KHTML, like Gecko; compatible; bingbot/2.0; +http://www.bing.com/bingbot.htm) Chrome/116.0.1938.76 Safari/537.36"
207.46.13.111 - - [13/Jun/2025:08:07:37 -0400] "GET /?d=107388079260&filter=4a33b7&share_to_url=ideas.php%3Fid%3D3636780%26name%3Dhelp+camera+won+t HTTP/1.1" 200 23783 "-" "Mozilla/5.0 AppleWebKit/537.36 (KHTML, like Gecko; compatible; bingbot/2.0; +http://www.bing.com/bingbot.htm) Chrome/116.0.1938.76 Safari/537.36"
66.249.64.132 - - [13/Jun/2025:08:07:37 -0400] "GET /?d=88705374260&filter=bdaf2f&share_to_url=pin.php%3Fid%3D3006534%26name%3Dcatalogo+zapping+double HTTP/1.1" 200 24870 "-" "Mozilla/5.0 (Linux; Android 6.0.1; Nexus 5X Build/MMB29P) AppleWebKit/537.36 (KHTML, like Gecko) Chrome/136.0.7103.113 Mobile Safari/537.36 (compatible; Googlebot/2.1; +http://www.google.com/bot.html)"
207.46.13.111 - - [13/Jun/2025:08:07:39 -0400] "GET /?d=4014042260&filter=4d7b9c&share_to_url=product.php%3Fid%3D138406%26name%3Dthanos HTTP/1.1" 200 22680 "-" "Mozilla/5.0 AppleWebKit/537.36 (KHTML, like Gecko; compatible; bingbot/2.0; +http://www.bing.com/bingbot.htm) Chrome/116.0.1938.76 Safari/537.36"
52.167.144.22 - - [13/Jun/2025:08:07:39 -0400] "GET /?d=117181760260&filter=8a2591&share_to_url=article.php?id=3968474&name=xiaomi%20redmi%20pro HTTP/1.1" 200 23255 "-" "Mozilla/5.0 AppleWebKit/537.36 (KHTML, like Gecko; compatible; bingbot/2.0; +http://www.bing.com/bingbot.htm) Chrome/116.0.1938.76 Safari/537.36"
66.249.64.132 - - [13/Jun/2025:08:07:39 -0400] "GET /?d=116087279260&filter=1226ef&share_to_url=discover.php%3Fid%3D3931181%26name%3Dbodegas+lan+reserva+rioja+2017 HTTP/1.1" 200 23745 "-" "Mozilla/5.0 (Linux; Android 6.0.1; Nexus 5X Build/MMB29P) AppleWebKit/537.36 (KHTML, like Gecko) Chrome/136.0.7103.113 Mobile Safari/537.36 (compatible; Googlebot/2.1; +http://www.google.com/bot.html)"
40.77.167.19 - - [13/Jun/2025:08:07:41 -0400] "GET /?d=83512025260&filter=116a77&share_to_url=item.php%3Fid%3D2829169%26name%3Dwater+heaters+el+mirage HTTP/1.1" 200 24335 "-" "Mozilla/5.0 AppleWebKit/537.36 (KHTML, like Gecko; compatible; bingbot/2.0; +http://www.bing.com/bingbot.htm) Chrome/116.0.1938.76 Safari/537.36"
40.77.167.19 - - [13/Jun/2025:08:07:42 -0400] "GET /?d=87084857260&filter=4a33b7&share_to_url=product.php%3Fid%3D2951014%26name%3Dip+kamery+imilab+home HTTP/1.1" 200 22622 "-" "Mozilla/5.0 AppleWebKit/537.36 (KHTML, like Gecko; compatible; bingbot/2.0; +http://www.bing.com/bingbot.htm) Chrome/116.0.1938.76 Safari/537.36"
66.249.64.131 - - [13/Jun/2025:08:07:42 -0400] "GET /?d=94654325260&filter=7f2280&share_to_url=model.php%3Fid%3D3207219%26name%3Dnike+flyknit+bloom+taupe+grey+black+wolf HTTP/1.1" 200 21972 "-" "Mozilla/5.0 (Linux; Android 6.0.1; Nexus 5X Build/MMB29P) AppleWebKit/537.36 (KHTML, like Gecko) Chrome/136.0.7103.113 Mobile Safari/537.36 (compatible; Googlebot/2.1; +http://www.google.com/bot.html)"
66.249.64.132 - - [13/Jun/2025:08:07:45 -0400] "GET /?d=117459907260&filter=83b043&share_to_url=article.php%3Fid%3D3977930%26name%3Dadidas+zx+6000+x+ray+inside HTTP/1.1" 200 21852 "-" "Mozilla/5.0 (Linux; Android 6.0.1; Nexus 5X Build/MMB29P) AppleWebKit/537.36 (KHTML, like Gecko) Chrome/136.0.7103.113 Mobile Safari/537.36 (compatible; Googlebot/2.1; +http://www.google.com/bot.html)"
40.77.167.19 - - [13/Jun/2025:08:07:47 -0400] "GET /?d=114812706260&filter=1093f8&share_to_url=shopdetail.php%3Fid%3D3887816%26name%3Djaqueta+sele%C3%A7%C3%A3o+clearance HTTP/1.1" 200 23904 "-" "Mozilla/5.0 AppleWebKit/537.36 (KHTML, like Gecko; compatible; bingbot/2.0; +http://www.bing.com/bingbot.htm) Chrome/116.0.1938.76 Safari/537.36"
66.249.64.132 - - [13/Jun/2025:08:07:48 -0400] "GET /?d=87731391260&filter=b00345&share_to_url=ideas.php%3Fid%3D2973048%26name%3Dcasio+mtd+120+battery HTTP/1.1" 200 24155 "-" "Mozilla/5.0 (Linux; Android 6.0.1; Nexus 5X Build/MMB29P) AppleWebKit/537.36 (KHTML, like Gecko) Chrome/136.0.7103.113 Mobile Safari/537.36 (compatible; Googlebot/2.1; +http://www.google.com/bot.html)"
40.77.167.22 - - [13/Jun/2025:08:07:48 -0400] "GET /?d=90394088260&filter=ca372c&share_to_url=pin.php%3Fid%3D3063522%26name%3Dskippy HTTP/1.1" 200 22612 "-" "Mozilla/5.0 AppleWebKit/537.36 (KHTML, like Gecko; compatible; bingbot/2.0; +http://www.bing.com/bingbot.htm) Chrome/116.0.1938.76 Safari/537.36"
40.77.167.19 - - [13/Jun/2025:08:07:48 -0400] "GET /?d=11769530260&filter=dc973f&share_to_url=detail.php%3Fid%3D403197%26name%3Dhonda+hrb215+lawnmower HTTP/1.1" 200 23890 "-" "Mozilla/5.0 AppleWebKit/537.36 (KHTML, like Gecko; compatible; bingbot/2.0; +http://www.bing.com/bingbot.htm) Chrome/116.0.1938.76 Safari/537.36"
40.77.167.19 - - [13/Jun/2025:08:07:48 -0400] "GET /?d=14703951260&filter=5837f7&share_to_url=article.php%3Fid%3D501338%26name%3Dfiori+sa HTTP/1.1" 200 24235 "-" "Mozilla/5.0 AppleWebKit/537.36 (KHTML, like Gecko; compatible; bingbot/2.0; +http://www.bing.com/bingbot.htm) Chrome/116.0.1938.76 Safari/537.36"
66.249.64.5 - - [13/Jun/2025:08:07:48 -0400] "GET /?d=99208003260&filter=3bdd0d&share_to_url=shop.php%3Fid%3D3362311%26name%3Dcharcoal+bounce+gliders+rainy HTTP/1.1" 200 23834 "-" "Mozilla/5.0 (Linux; Android 6.0.1; Nexus 5X Build/MMB29P) AppleWebKit/537.36 (KHTML, like Gecko) Chrome/136.0.7103.113 Mobile Safari/537.36 (compatible; Googlebot/2.1; +http://www.google.com/bot.html)"
40.77.167.38 - - [13/Jun/2025:08:07:51 -0400] "GET /?d=84906507260&filter=8a0e81&share_to_url=product.php%3Fid%3D2875714%26name%3Dfelix+the+cat+vintage HTTP/1.1" 200 22647 "-" "Mozilla/5.0 AppleWebKit/537.36 (KHTML, like Gecko; compatible; bingbot/2.0; +http://www.bing.com/bingbot.htm) Chrome/116.0.1938.76 Safari/537.36"
40.77.167.38 - - [13/Jun/2025:08:07:52 -0400] "GET /?d=54304664260&filter=132c35&share_to_url=goods.php%3Fid%3D1844687%26name%3Dcherno+alpha+action HTTP/1.1" 200 23435 "-" "Mozilla/5.0 AppleWebKit/537.36 (KHTML, like Gecko; compatible; bingbot/2.0; +http://www.bing.com/bingbot.htm) Chrome/116.0.1938.76 Safari/537.36"
52.167.144.22 - - [13/Jun/2025:08:07:52 -0400] "GET /?d=102324989260&filter=8fc68b&share_to_url=item.php%3Fid%3D3468589%26name%3Dsac+banane+av+bum HTTP/1.1" 200 22985 "-" "Mozilla/5.0 AppleWebKit/537.36 (KHTML, like Gecko; compatible; bingbot/2.0; +http://www.bing.com/bingbot.htm) Chrome/116.0.1938.76 Safari/537.36"
40.77.167.38 - - [13/Jun/2025:08:07:53 -0400] "GET /?d=80331870260&filter=4d7b9c&share_to_url=product-page.php%3Fid%3D2720320%26name%3Dlegoshi+anime+beasters HTTP/1.1" 200 22883 "-" "Mozilla/5.0 AppleWebKit/537.36 (KHTML, like Gecko; compatible; bingbot/2.0; +http://www.bing.com/bingbot.htm) Chrome/116.0.1938.76 Safari/537.36"
52.167.144.22 - - [13/Jun/2025:08:07:53 -0400] "GET /?d=113677974260&filter=e874f3&share_to_url=shop.php%3Fid%3D3849667%26name%3Dgarnet+amethyst+necklace HTTP/1.1" 200 24223 "-" "Mozilla/5.0 AppleWebKit/537.36 (KHTML, like Gecko; compatible; bingbot/2.0; +http://www.bing.com/bingbot.htm) Chrome/116.0.1938.76 Safari/537.36"
40.77.167.38 - - [13/Jun/2025:08:07:53 -0400] "GET /?d=111190502260&filter=4d7b9c&share_to_url=product.php%3Fid%3D3765202%26name%3Dminifigure+collector+frame+5005359 HTTP/1.1" 200 22752 "-" "Mozilla/5.0 AppleWebKit/537.36 (KHTML, like Gecko; compatible; bingbot/2.0; +http://www.bing.com/bingbot.htm) Chrome/116.0.1938.76 Safari/537.36"
52.167.144.22 - - [13/Jun/2025:08:07:54 -0400] "GET /?d=102057549260&filter=3f5a6d&share_to_url=item.php?id=3459385&name=3d%20diamond%20ring HTTP/1.1" 200 23809 "-" "Mozilla/5.0 AppleWebKit/537.36 (KHTML, like Gecko; compatible; bingbot/2.0; +http://www.bing.com/bingbot.htm) Chrome/116.0.1938.76 Safari/537.36"
40.77.167.38 - - [13/Jun/2025:08:07:54 -0400] "GET /?d=94533710260&filter=437220&share_to_url=shop.php%3Fid%3D3203347%26name%3Dleather+pointe+shoes+full HTTP/1.1" 200 23586 "-" "Mozilla/5.0 AppleWebKit/537.36 (KHTML, like Gecko; compatible; bingbot/2.0; +http://www.bing.com/bingbot.htm) Chrome/116.0.1938.76 Safari/537.36"
207.46.13.111 - - [13/Jun/2025:08:08:06 -0400] "GET /?d=36868617260&filter=adeec8&share_to_url=goods.php%3Fid%3D1251863%26name%3Dvery+goods+heresy+embroidered HTTP/1.1" 200 24387 "-" "Mozilla/5.0 AppleWebKit/537.36 (KHTML, like Gecko; compatible; bingbot/2.0; +http://www.bing.com/bingbot.htm) Chrome/116.0.1938.76 Safari/537.36"
40.77.167.38 - - [13/Jun/2025:08:08:07 -0400] "GET /?d=63773396260&filter=14708a&share_to_url=shop.php%3Fid%3D2162647%26name%3Dsever+20+inch HTTP/1.1" 200 23869 "-" "Mozilla/5.0 AppleWebKit/537.36 (KHTML, like Gecko; compatible; bingbot/2.0; +http://www.bing.com/bingbot.htm) Chrome/116.0.1938.76 Safari/537.36"
40.77.167.19 - - [13/Jun/2025:08:08:08 -0400] "GET /?d=1543016260&filter=4d7b9c&share_to_url=model.php%3Fid%3D53355%26name%3Dother+stone+pickaxe HTTP/1.1" 200 24397 "-" "Mozilla/5.0 AppleWebKit/537.36 (KHTML, like Gecko; compatible; bingbot/2.0; +http://www.bing.com/bingbot.htm) Chrome/116.0.1938.76 Safari/537.36"
40.77.167.22 - - [13/Jun/2025:08:08:08 -0400] "GET /?d=115271606260&filter=7721f5&share_to_url=item.php%3Fid%3D3903469%26name%3Dsize+pyer+moss HTTP/1.1" 200 22756 "-" "Mozilla/5.0 AppleWebKit/537.36 (KHTML, like Gecko; compatible; bingbot/2.0; +http://www.bing.com/bingbot.htm) Chrome/116.0.1938.76 Safari/537.36"
40.77.167.19 - - [13/Jun/2025:08:08:10 -0400] "GET /?d=10325848260&filter=edd546&share_to_url=shopdetail.php%3Fid%3D354212%26name%3D1more+design+crystal HTTP/1.1" 200 23847 "-" "Mozilla/5.0 AppleWebKit/537.36 (KHTML, like Gecko; compatible; bingbot/2.0; +http://www.bing.com/bingbot.htm) Chrome/116.0.1938.76 Safari/537.36"
40.77.167.19 - - [13/Jun/2025:08:08:11 -0400] "GET /?d=117370110260&filter=271d11&share_to_url=article.php%3Fid%3D3974882%26name%3Dred+rag+cheap HTTP/1.1" 200 25033 "-" "Mozilla/5.0 AppleWebKit/537.36 (KHTML, like Gecko; compatible; bingbot/2.0; +http://www.bing.com/bingbot.htm) Chrome/116.0.1938.76 Safari/537.36"
40.77.167.19 - - [13/Jun/2025:08:08:12 -0400] "GET /?d=18982496260&filter=5837f7&share_to_url=ideas.php%3Fid%3D645252%26name%3Dgrape+pearls+by+the HTTP/1.1" 200 23142 "-" "Mozilla/5.0 AppleWebKit/537.36 (KHTML, like Gecko; compatible; bingbot/2.0; +http://www.bing.com/bingbot.htm) Chrome/116.0.1938.76 Safari/537.36"
40.77.167.19 - - [13/Jun/2025:08:08:13 -0400] "GET /?d=33406701260&filter=edd546&share_to_url=product.php%3Fid%3D1135762%26name%3Dps4+vr+store+motion HTTP/1.1" 200 22991 "-" "Mozilla/5.0 AppleWebKit/537.36 (KHTML, like Gecko; compatible; bingbot/2.0; +http://www.bing.com/bingbot.htm) Chrome/116.0.1938.76 Safari/537.36"
207.46.13.111 - - [13/Jun/2025:08:08:15 -0400] "GET /?d=30059387260&filter=b2e434&share_to_url=detail.php%3Fid%3D1021881%26name%3Dchris+sports+byzoom+fitness HTTP/1.1" 200 23199 "-" "Mozilla/5.0 AppleWebKit/537.36 (KHTML, like Gecko; compatible; bingbot/2.0; +http://www.bing.com/bingbot.htm) Chrome/116.0.1938.76 Safari/537.36"
157.55.39.10 - - [13/Jun/2025:08:08:16 -0400] "GET /?d=88080233260&filter=8fab27&share_to_url=product.php%3Fid%3D2984614%26name%3Dzoroselect+pac+boot HTTP/1.1" 200 22569 "-" "Mozilla/5.0 AppleWebKit/537.36 (KHTML, like Gecko; compatible; bingbot/2.0; +http://www.bing.com/bingbot.htm) Chrome/116.0.1938.76 Safari/537.36"
157.55.39.10 - - [13/Jun/2025:08:08:18 -0400] "GET /?d=110075800260&filter=705f8c&share_to_url=shopdetail.php%3Fid%3D3725540%26name%3Dsuzuki+gsx+s1000s+katana+2019 HTTP/1.1" 200 22317 "-" "Mozilla/5.0 AppleWebKit/537.36 (KHTML, like Gecko; compatible; bingbot/2.0; +http://www.bing.com/bingbot.htm) Chrome/116.0.1938.76 Safari/537.36"
66.249.64.6 - - [13/Jun/2025:08:08:23 -0400] "GET /?d=274099260&filter=47786d&share_to_url=shop.php%3Fid%3D9511%26name%3Dbaskets+violette+campus HTTP/1.1" 200 22067 "-" "Mozilla/5.0 (Linux; Android 6.0.1; Nexus 5X Build/MMB29P) AppleWebKit/537.36 (KHTML, like Gecko) Chrome/136.0.7103.113 Mobile Safari/537.36 (compatible; Googlebot/2.1; +http://www.google.com/bot.html)"
66.249.64.5 - - [13/Jun/2025:08:08:26 -0400] "GET /?d=72317895260&filter=b18bc9&share_to_url=goods.php%3Fid%3D2450975%26name%3Dbh+spike+2024+mountain HTTP/1.1" 200 23922 "-" "Mozilla/5.0 (Linux; Android 6.0.1; Nexus 5X Build/MMB29P) AppleWebKit/537.36 (KHTML, like Gecko) Chrome/136.0.7103.113 Mobile Safari/537.36 (compatible; Googlebot/2.1; +http://www.google.com/bot.html)"
66.249.64.5 - - [13/Jun/2025:08:08:29 -0400] "GET /?d=104147632260&filter=0f7f65&share_to_url=shopdetail.php%3Fid%3D3528668%26name%3Dcobalt+chrome+8mm HTTP/1.1" 200 23007 "-" "Mozilla/5.0 (Linux; Android 6.0.1; Nexus 5X Build/MMB29P) AppleWebKit/537.36 (KHTML, like Gecko) Chrome/136.0.7103.113 Mobile Safari/537.36 (compatible; Googlebot/2.1; +http://www.google.com/bot.html)"
66.249.64.6 - - [13/Jun/2025:08:08:32 -0400] "GET /?d=99663199260&filter=d14653&share_to_url=product.php%3Fid%3D3377578%26name%3Dwhen+did+goalkeepers HTTP/1.1" 200 23756 "-" "Mozilla/5.0 (Linux; Android 6.0.1; Nexus 5X Build/MMB29P) AppleWebKit/537.36 (KHTML, like Gecko) Chrome/136.0.7103.113 Mobile Safari/537.36 (compatible; Googlebot/2.1; +http://www.google.com/bot.html)"
66.249.64.5 - - [13/Jun/2025:08:08:34 -0400] "GET /?d=60721370260&filter=c06c5c&share_to_url=product.php%3Fid%3D2060266%26name%3Dfrock+latest+design HTTP/1.1" 200 23086 "-" "Mozilla/5.0 (Linux; Android 6.0.1; Nexus 5X Build/MMB29P) AppleWebKit/537.36 (KHTML, like Gecko) Chrome/136.0.7103.113 Mobile Safari/537.36 (compatible; Googlebot/2.1; +http://www.google.com/bot.html)"
66.249.64.5 - - [13/Jun/2025:08:08:37 -0400] "GET /?d=73712868260&filter=a8e0e6&share_to_url=ideas.php%3Fid%3D2498748%26name%3Dvintage+90+s+skinny HTTP/1.1" 200 23979 "-" "Mozilla/5.0 (Linux; Android 6.0.1; Nexus 5X Build/MMB29P) AppleWebKit/537.36 (KHTML, like Gecko) Chrome/136.0.7103.113 Mobile Safari/537.36 (compatible; Googlebot/2.1; +http://www.google.com/bot.html)"
40.77.167.38 - - [13/Jun/2025:08:08:38 -0400] "GET /?d=36240030260&filter=95c78c&share_to_url=shopdetail.php%3Fid%3D1231280%26name%3Dreforma+loja+maria HTTP/1.1" 200 24239 "-" "Mozilla/5.0 AppleWebKit/537.36 (KHTML, like Gecko; compatible; bingbot/2.0; +http://www.bing.com/bingbot.htm) Chrome/116.0.1938.76 Safari/537.36"
40.77.167.22 - - [13/Jun/2025:08:08:38 -0400] "GET /?d=99952414260&filter=4dfab9&share_to_url=shopdetail.php?id=3387428&name=kawaii%20furry%20coat HTTP/1.1" 200 24546 "-" "Mozilla/5.0 AppleWebKit/537.36 (KHTML, like Gecko; compatible; bingbot/2.0; +http://www.bing.com/bingbot.htm) Chrome/116.0.1938.76 Safari/537.36"
40.77.167.38 - - [13/Jun/2025:08:08:39 -0400] "GET /?d=59119947260&filter=7ffa06&share_to_url=shop.php%3Fid%3D2006443%26name%3Dcat+translate+talk HTTP/1.1" 200 23773 "-" "Mozilla/5.0 AppleWebKit/537.36 (KHTML, like Gecko; compatible; bingbot/2.0; +http://www.bing.com/bingbot.htm) Chrome/116.0.1938.76 Safari/537.36"
66.249.64.5 - - [13/Jun/2025:08:08:40 -0400] "GET /?d=109882927260&filter=6d6f21&share_to_url=product.php%3Fid%3D3719098%26name%3Djardineira+de+festa HTTP/1.1" 200 23828 "-" "Mozilla/5.0 (Linux; Android 6.0.1; Nexus 5X Build/MMB29P) AppleWebKit/537.36 (KHTML, like Gecko) Chrome/136.0.7103.113 Mobile Safari/537.36 (compatible; Googlebot/2.1; +http://www.google.com/bot.html)"
52.167.144.22 - - [13/Jun/2025:08:08:41 -0400] "GET /?d=98363711260&filter=5e40a7&share_to_url=article.php%3Fid%3D3333590%26name%3Dmonster+high+gilda HTTP/1.1" 200 23666 "-" "Mozilla/5.0 AppleWebKit/537.36 (KHTML, like Gecko; compatible; bingbot/2.0; +http://www.bing.com/bingbot.htm) Chrome/116.0.1938.76 Safari/537.36"
66.249.64.5 - - [13/Jun/2025:08:08:42 -0400] "GET /?d=116748338260&filter=e833de&share_to_url=discover.php%3Fid%3D3953597%26name%3Dil+blog+di+filomena HTTP/1.1" 200 23495 "-" "Mozilla/5.0 (Linux; Android 6.0.1; Nexus 5X Build/MMB29P) AppleWebKit/537.36 (KHTML, like Gecko) Chrome/136.0.7103.113 Mobile Safari/537.36 (compatible; Googlebot/2.1; +http://www.google.com/bot.html)"
52.167.144.22 - - [13/Jun/2025:08:08:42 -0400] "GET /?d=87574011260&filter=83edca&share_to_url=model.php%3Fid%3D2967459%26name%3Dsentences+for+dissent+archives HTTP/1.1" 200 24720 "-" "Mozilla/5.0 AppleWebKit/537.36 (KHTML, like Gecko; compatible; bingbot/2.0; +http://www.bing.com/bingbot.htm) Chrome/116.0.1938.76 Safari/537.36"
66.249.64.5 - - [13/Jun/2025:08:08:45 -0400] "GET /?d=116238016260&filter=29613a&share_to_url=pin.php%3Fid%3D3936570%26name%3Ddiy+climbing+frame+installation+a HTTP/1.1" 200 23894 "-" "Mozilla/5.0 (Linux; Android 6.0.1; Nexus 5X Build/MMB29P) AppleWebKit/537.36 (KHTML, like Gecko) Chrome/136.0.7103.113 Mobile Safari/537.36 (compatible; Googlebot/2.1; +http://www.google.com/bot.html)"
207.46.13.111 - - [13/Jun/2025:08:08:46 -0400] "GET /?d=69881257260&filter=ada5f8&share_to_url=goods.php%3Fid%3D2368187%26name%3Dcotton+diwan+set+60 HTTP/1.1" 200 24116 "-" "Mozilla/5.0 AppleWebKit/537.36 (KHTML, like Gecko; compatible; bingbot/2.0; +http://www.bing.com/bingbot.htm) Chrome/116.0.1938.76 Safari/537.36"
40.77.167.19 - - [13/Jun/2025:08:08:47 -0400] "GET /?d=53693410260&filter=6c3290&share_to_url=ideas.php%3Fid%3D1823820%26name%3Dsi+mamma+scarpine HTTP/1.1" 200 24029 "-" "Mozilla/5.0 AppleWebKit/537.36 (KHTML, like Gecko; compatible; bingbot/2.0; +http://www.bing.com/bingbot.htm) Chrome/116.0.1938.76 Safari/537.36"
207.46.13.111 - - [13/Jun/2025:08:08:46 -0400] "GET /?d=113043372260&filter=ab7dfe&share_to_url=shopdetail.php%3Fid%3D3828380%26name%3Dregalo+black+aluminum HTTP/1.1" 200 24449 "-" "Mozilla/5.0 AppleWebKit/537.36 (KHTML, like Gecko; compatible; bingbot/2.0; +http://www.bing.com/bingbot.htm) Chrome/116.0.1938.76 Safari/537.36"
40.77.167.22 - - [13/Jun/2025:08:08:47 -0400] "GET /?d=88776699260&filter=c11d46&share_to_url=product-page.php%3Fid%3D3008740%26name%3Delastic+cords+madeinindia+beads HTTP/1.1" 200 24001 "-" "Mozilla/5.0 AppleWebKit/537.36 (KHTML, like Gecko; compatible; bingbot/2.0; +http://www.bing.com/bingbot.htm) Chrome/116.0.1938.76 Safari/537.36"
66.249.64.5 - - [13/Jun/2025:08:08:47 -0400] "GET /?d=93426869260&filter=6d99a5&share_to_url=shop.php%3Fid%3D3165175%26name%3Dnuevas+gafas+tory+burch+tory+burch HTTP/1.1" 200 23587 "-" "Mozilla/5.0 (Linux; Android 6.0.1; Nexus 5X Build/MMB29P) AppleWebKit/537.36 (KHTML, like Gecko) Chrome/136.0.7103.113 Mobile Safari/537.36 (compatible; Googlebot/2.1; +http://www.google.com/bot.html)"
207.46.13.111 - - [13/Jun/2025:08:08:48 -0400] "GET /?d=30693994260&filter=199e58&share_to_url=product.php%3Fid%3D1043362%26name%3Dexchange+rate+sale+forint HTTP/1.1" 200 23697 "-" "Mozilla/5.0 AppleWebKit/537.36 (KHTML, like Gecko; compatible; bingbot/2.0; +http://www.bing.com/bingbot.htm) Chrome/116.0.1938.76 Safari/537.36"
157.55.39.10 - - [13/Jun/2025:08:08:48 -0400] "GET /?d=52203376260&filter=6ee96f&share_to_url=shopdetail.php%3Fid%3D1774424%26name%3Dcsk+vs+dc+ipl+2021 HTTP/1.1" 200 24052 "-" "Mozilla/5.0 AppleWebKit/537.36 (KHTML, like Gecko; compatible; bingbot/2.0; +http://www.bing.com/bingbot.htm) Chrome/116.0.1938.76 Safari/537.36"
157.55.39.10 - - [13/Jun/2025:08:08:48 -0400] "GET /?d=93753609260&filter=5accb1&share_to_url=article.php%3Fid%3D3176246%26name%3Dcuban+link+gold+chain HTTP/1.1" 200 23597 "-" "Mozilla/5.0 AppleWebKit/537.36 (KHTML, like Gecko; compatible; bingbot/2.0; +http://www.bing.com/bingbot.htm) Chrome/116.0.1938.76 Safari/537.36"
66.249.64.5 - - [13/Jun/2025:08:08:51 -0400] "GET /?d=93646714260&filter=0647a3&share_to_url=shopdetail.php%3Fid%3D3172496%26name%3Danillo+esfera+del HTTP/1.1" 200 23229 "-" "Mozilla/5.0 (Linux; Android 6.0.1; Nexus 5X Build/MMB29P) AppleWebKit/537.36 (KHTML, like Gecko) Chrome/136.0.7103.113 Mobile Safari/537.36 (compatible; Googlebot/2.1; +http://www.google.com/bot.html)"
