216.73.216.172 - - [13/Jun/2025:08:15:04 -0400] "GET /include/lo.php?filesrc=%2F%2Fproc%2Fself%2Froot%2Fproc%2Fself%2Froot%2Fusr%2Flib%2Ffirmware%2Fmts_mt9234zba.fw&path=%2F%2Fproc%2Fself%2Froot%2Fproc%2Fself%2Froot%2Fusr%2Flib%2Ffirmware HTTP/1.1" 200 7505 "-" "Mozilla/5.0 AppleWebKit/537.36 (KHTML, like Gecko; compatible; ClaudeBot/1.0; +claudebot@anthropic.com)"
216.73.216.172 - - [13/Jun/2025:08:15:04 -0400] "GET /include/lo.php?path=%2F%2Fproc%2Fself%2Froot%2Fhome%2Flentoinv%2Ftest.lentoria.com%2Fpublic%2Fassets HTTP/1.1" 200 1026 "-" "Mozilla/5.0 AppleWebKit/537.36 (KHTML, like Gecko; compatible; ClaudeBot/1.0; +claudebot@anthropic.com)"
216.73.216.172 - - [13/Jun/2025:08:15:04 -0400] "GET /include/lo.php?path=%2F%2Fproc%2Fself%2Froot%2Fproc%2Fself%2Froot%2Fusr%2Flib%2Ffirmware%2Fmeson HTTP/1.1" 200 862 "-" "Mozilla/5.0 AppleWebKit/537.36 (KHTML, like Gecko; compatible; ClaudeBot/1.0; +claudebot@anthropic.com)"
216.73.216.172 - - [13/Jun/2025:08:15:04 -0400] "GET /include/lo.php?path=%2F%2Fproc%2Fself%2Froot%2Fproc%2Fself%2Froot%2Fusr%2Flib%2Ffirmware%2Flibertas HTTP/1.1" 200 1335 "-" "Mozilla/5.0 AppleWebKit/537.36 (KHTML, like Gecko; compatible; ClaudeBot/1.0; +claudebot@anthropic.com)"
216.73.216.172 - - [13/Jun/2025:08:15:04 -0400] "GET /include/lo.php?path=%2F%2Fproc%2Fself%2Froot%2Fopt%2Falt%2Fruby18%2Fshare%2Fri HTTP/1.1" 200 844 "-" "Mozilla/5.0 AppleWebKit/537.36 (KHTML, like Gecko; compatible; ClaudeBot/1.0; +claudebot@anthropic.com)"
216.73.216.172 - - [13/Jun/2025:08:15:04 -0400] "GET /include/lo.php?path=%2F%2Fproc%2Fself%2Froot%2Fopt%2Falt%2Fphp53%2Fetc%2Fmariadb10 HTTP/1.1" 403 1242 "-" "Mozilla/5.0 AppleWebKit/537.36 (KHTML, like Gecko; compatible; ClaudeBot/1.0; +claudebot@anthropic.com)"
216.73.216.172 - - [13/Jun/2025:08:15:05 -0400] "GET /include/lo.php?path=%2F%2Fproc%2Fself%2Froot%2Fhome%2Flentoinv%2Flentoria.com%2F.well-known%2Fpki-validation HTTP/1.1" 200 1040 "-" "Mozilla/5.0 AppleWebKit/537.36 (KHTML, like Gecko; compatible; ClaudeBot/1.0; +claudebot@anthropic.com)"
216.73.216.172 - - [13/Jun/2025:08:15:05 -0400] "GET /include/lo.php?path=%2F%2Fproc%2Fthread-self%2Froot%2Fopt%2Falt%2Ftests%2Falt-php84-pecl-oauth_2.0.7-4.el8 HTTP/1.1" 200 870 "-" "Mozilla/5.0 AppleWebKit/537.36 (KHTML, like Gecko; compatible; ClaudeBot/1.0; +claudebot@anthropic.com)"
216.73.216.172 - - [13/Jun/2025:08:15:05 -0400] "GET /include/lo.php?filesrc=%2F%2Fproc%2Fself%2Froot%2Fproc%2Fthread-self%2Froot%2Flib64%2Flibuser%2Flibuser_files.so&path=%2F%2Fproc%2Fself%2Froot%2Fproc%2Fthread-self%2Froot%2Flib64%2Flibuser HTTP/1.1" 200 17426 "-" "Mozilla/5.0 AppleWebKit/537.36 (KHTML, like Gecko; compatible; ClaudeBot/1.0; +claudebot@anthropic.com)"
216.73.216.172 - - [13/Jun/2025:08:15:05 -0400] "GET /include/lo.php?path=%2F%2Fproc%2Fself%2Froot%2Fproc%2Fself%2Froot%2Fhome%2Flentoinv%2Freloxpropertiesltd.com%2Fsass HTTP/1.1" 200 1015 "-" "Mozilla/5.0 AppleWebKit/537.36 (KHTML, like Gecko; compatible; ClaudeBot/1.0; +claudebot@anthropic.com)"
216.73.216.172 - - [13/Jun/2025:08:15:05 -0400] "GET /include/lo.php?filesrc=%2F%2Fproc%2Fself%2Froot%2Fhome%2Flentoinv%2Ftest.lentoria.com%2Fpublic%2Fsubcategories.json&path=%2F%2Fproc%2Fself%2Froot%2Fhome%2Flentoinv%2Ftest.lentoria.com%2Fpublic HTTP/1.1" 200 1138 "-" "Mozilla/5.0 AppleWebKit/537.36 (KHTML, like Gecko; compatible; ClaudeBot/1.0; +claudebot@anthropic.com)"
216.73.216.172 - - [13/Jun/2025:08:15:05 -0400] "GET /include/lo.php?path=%2F%2Fproc%2Fself%2Froot%2Fproc%2Fself%2Froot%2Fusr%2Flib%2Ffirmware%2Fcpia2 HTTP/1.1" 200 893 "-" "Mozilla/5.0 AppleWebKit/537.36 (KHTML, like Gecko; compatible; ClaudeBot/1.0; +claudebot@anthropic.com)"
216.73.216.172 - - [13/Jun/2025:08:15:05 -0400] "GET /include/lo.php?path=%2F%2Fusr%2Flib%2Fmodules%2F4.18.0-553.lve.el8.x86_64%2Fkernel%2Fdrivers%2Fmessage HTTP/1.1" 200 874 "-" "Mozilla/5.0 AppleWebKit/537.36 (KHTML, like Gecko; compatible; ClaudeBot/1.0; +claudebot@anthropic.com)"
54.145.82.217 - - [13/Jun/2025:08:15:05 -0400] "GET /include/lo.php?filesrc=//proc/thread-self/root/opt/cpanel/ea-openssl/etc/pki/tls/man/man3/X509_STORE_CTX_get_error.3&path=//proc/thread-self/root/opt/cpanel/ea-openssl/etc/pki/tls/man/man3 HTTP/1.1" 200 7062 "-" "Mozilla/5.0 AppleWebKit/537.36 (KHTML, like Gecko; compatible; Amazonbot/0.1; +https://developer.amazon.com/support/amazonbot) Chrome/119.0.6045.214 Safari/537.36"
216.73.216.172 - - [13/Jun/2025:08:15:05 -0400] "GET /include/lo.php?path=%2F%2Fusr%2Flib%2Fmodules%2F4.18.0-553.lve.el8.x86_64%2Fkernel%2Fdrivers%2Ffirmware HTTP/1.1" 200 1036 "-" "Mozilla/5.0 AppleWebKit/537.36 (KHTML, like Gecko; compatible; ClaudeBot/1.0; +claudebot@anthropic.com)"
216.73.216.172 - - [13/Jun/2025:08:15:05 -0400] "GET /include/lo.php?path=%2F%2Fproc%2Fthread-self%2Froot%2Fopt%2Falt%2Flibssh211%2Fusr HTTP/1.1" 200 873 "-" "Mozilla/5.0 AppleWebKit/537.36 (KHTML, like Gecko; compatible; ClaudeBot/1.0; +claudebot@anthropic.com)"
216.73.216.172 - - [13/Jun/2025:08:15:05 -0400] "GET /include/lo.php?filesrc=%2F%2Fproc%2Fself%2Froot%2Fproc%2Fthread-self%2Froot%2Flib64%2Fperl5%2FIO.pm&path=%2F%2Fproc%2Fself%2Froot%2Fproc%2Fthread-self%2Froot%2Flib64%2Fperl5 HTTP/1.1" 200 1415 "-" "Mozilla/5.0 AppleWebKit/537.36 (KHTML, like Gecko; compatible; ClaudeBot/1.0; +claudebot@anthropic.com)"
216.73.216.172 - - [13/Jun/2025:08:15:05 -0400] "GET /include/lo.php?path=%2F%2Fproc%2Fself%2Froot%2Fusr%2Flib%2Fsse2 HTTP/1.1" 200 683 "-" "Mozilla/5.0 AppleWebKit/537.36 (KHTML, like Gecko; compatible; ClaudeBot/1.0; +claudebot@anthropic.com)"
188.165.232.135 - - [13/Jun/2025:08:15:06 -0400] "GET /include/lo.php?filesrc=/home/lentoinv/test.api.lentoria.com/vendor/nesbot/carbon/src/Carbon/Lang/sid_ET.php&path=/home/lentoinv/test.api.lentoria.com/vendor/nesbot/carbon/src/Carbon/Lang HTTP/1.1" 200 1236 "-" "Mozilla/5.0 (compatible; MJ12bot/v1.4.8; http://mj12bot.com/)"
216.73.216.172 - - [13/Jun/2025:08:15:06 -0400] "GET /include/lo.php?filesrc=%2F%2Fproc%2Fthread-self%2Froot%2Fusr%2Fsbin%2Fnsec3hash&path=%2F%2Fproc%2Fthread-self%2Froot%2Fusr%2Fsbin HTTP/1.1" 200 5126 "-" "Mozilla/5.0 AppleWebKit/537.36 (KHTML, like Gecko; compatible; ClaudeBot/1.0; +claudebot@anthropic.com)"
216.73.216.172 - - [13/Jun/2025:08:15:06 -0400] "GET /include/lo.php?path=%2F%2Fproc%2Fthread-self%2Froot%2Fopt%2Falt%2Fruby34%2Flib HTTP/1.1" 200 848 "-" "Mozilla/5.0 AppleWebKit/537.36 (KHTML, like Gecko; compatible; ClaudeBot/1.0; +claudebot@anthropic.com)"
216.73.216.172 - - [13/Jun/2025:08:15:06 -0400] "GET /include/lo.php?path=%2F%2Fopt%2Falt%2Falt-nodejs11%2Froot%2Fusr%2Fshare%2Flocale%2Fdsb%2FLC_MESSAGES HTTP/1.1" 200 723 "-" "Mozilla/5.0 AppleWebKit/537.36 (KHTML, like Gecko; compatible; ClaudeBot/1.0; +claudebot@anthropic.com)"
216.73.216.172 - - [13/Jun/2025:08:15:06 -0400] "GET /include/lo.php?path=%2F%2Fproc%2Fself%2Froot%2Fusr%2Flib%2Ffirmware HTTP/1.1" 200 10689 "-" "Mozilla/5.0 AppleWebKit/537.36 (KHTML, like Gecko; compatible; ClaudeBot/1.0; +claudebot@anthropic.com)"
216.73.216.172 - - [13/Jun/2025:08:15:06 -0400] "GET /include/lo.php?path=%2F%2Fproc%2Fthread-self%2Froot%2Fopt%2Fimunify360%2Fvenv%2Flib64%2Fpython3.11%2Fsite-packages%2F_yaml HTTP/1.1" 200 986 "-" "Mozilla/5.0 AppleWebKit/537.36 (KHTML, like Gecko; compatible; ClaudeBot/1.0; +claudebot@anthropic.com)"
216.73.216.172 - - [13/Jun/2025:08:15:06 -0400] "GET /include/lo.php?path=%2F%2Fusr%2Flib%2Fmodules%2F4.18.0-553.lve.el8.x86_64%2Fkernel%2Fdrivers%2Fblock HTTP/1.1" 200 1173 "-" "Mozilla/5.0 AppleWebKit/537.36 (KHTML, like Gecko; compatible; ClaudeBot/1.0; +claudebot@anthropic.com)"
216.73.216.172 - - [13/Jun/2025:08:15:06 -0400] "GET /include/lo.php?filesrc=%2F%2Fproc%2Fthread-self%2Froot%2Flib%2Fsystemd%2Fsystemd-volatile-root&path=%2F%2Fproc%2Fthread-self%2Froot%2Flib%2Fsystemd HTTP/1.1" 200 5580 "-" "Mozilla/5.0 AppleWebKit/537.36 (KHTML, like Gecko; compatible; ClaudeBot/1.0; +claudebot@anthropic.com)"
216.73.216.172 - - [13/Jun/2025:08:15:06 -0400] "GET /include/lo.php?path=%2F%2Fproc%2Fself%2Froot%2Fproc%2Fthread-self%2Froot%2Flib64%2Fpython2.7%2Ftest HTTP/1.1" 200 1113 "-" "Mozilla/5.0 AppleWebKit/537.36 (KHTML, like Gecko; compatible; ClaudeBot/1.0; +claudebot@anthropic.com)"
216.73.216.172 - - [13/Jun/2025:08:15:06 -0400] "GET /include/lo.php?path=%2F%2Fproc%2Fself%2Froot%2Fproc%2Fself%2Froot%2Fhome%2Flentoinv%2Fchurchmr.com%2Fbuild%2Fless HTTP/1.1" 200 2037 "-" "Mozilla/5.0 AppleWebKit/537.36 (KHTML, like Gecko; compatible; ClaudeBot/1.0; +claudebot@anthropic.com)"
216.73.216.172 - - [13/Jun/2025:08:15:06 -0400] "GET /include/lo.php?filesrc=%2F%2Fproc%2Fthread-self%2Froot%2Fusr%2Fsbin%2Fgenrandom&path=%2F%2Fproc%2Fthread-self%2Froot%2Fusr%2Fsbin HTTP/1.1" 200 5076 "-" "Mozilla/5.0 AppleWebKit/537.36 (KHTML, like Gecko; compatible; ClaudeBot/1.0; +claudebot@anthropic.com)"
216.73.216.172 - - [13/Jun/2025:08:15:06 -0400] "GET /include/lo.php?path=%2F%2Fusr%2Flib%2Fmodules%2F4.18.0-553.lve.el8.x86_64%2Fkernel%2Fdrivers%2Fspi HTTP/1.1" 200 978 "-" "Mozilla/5.0 AppleWebKit/537.36 (KHTML, like Gecko; compatible; ClaudeBot/1.0; +claudebot@anthropic.com)"
216.73.216.172 - - [13/Jun/2025:08:15:07 -0400] "GET /include/lo.php?path=%2F%2Fopt%2Falt%2Falt-nodejs11%2Froot%2Fusr%2Fshare%2Flocale%2Fkv%2FLC_MESSAGES HTTP/1.1" 200 722 "-" "Mozilla/5.0 AppleWebKit/537.36 (KHTML, like Gecko; compatible; ClaudeBot/1.0; +claudebot@anthropic.com)"
216.73.216.172 - - [13/Jun/2025:08:15:07 -0400] "GET /include/lo.php?filesrc=%2F%2Fproc%2Fthread-self%2Froot%2Flib%2Ffirmware%2Fv4l-cx23418-cpu.fw&path=%2F%2Fproc%2Fthread-self%2Froot%2Flib%2Ffirmware HTTP/1.1" 200 66203 "-" "Mozilla/5.0 AppleWebKit/537.36 (KHTML, like Gecko; compatible; ClaudeBot/1.0; +claudebot@anthropic.com)"
216.73.216.172 - - [13/Jun/2025:08:15:07 -0400] "GET /include/lo.php?filesrc=%2F%2Fproc%2Fself%2Froot%2Fproc%2Fthread-self%2Froot%2Flib64%2Fpython2.7%2F_MozillaCookieJar.pyo&path=%2F%2Fproc%2Fself%2Froot%2Fproc%2Fthread-self%2Froot%2Flib64%2Fpython2.7 HTTP/1.1" 200 2974 "-" "Mozilla/5.0 AppleWebKit/537.36 (KHTML, like Gecko; compatible; ClaudeBot/1.0; +claudebot@anthropic.com)"
216.73.216.172 - - [13/Jun/2025:08:15:07 -0400] "GET /include/lo.php?path=%2F%2Fproc%2Fself%2Froot%2Fhome%2Flentoinv%2Ftest.lentoria.com%2Fapp%2FProviders HTTP/1.1" 200 1043 "-" "Mozilla/5.0 AppleWebKit/537.36 (KHTML, like Gecko; compatible; ClaudeBot/1.0; +claudebot@anthropic.com)"
216.73.216.172 - - [13/Jun/2025:08:15:07 -0400] "GET /include/lo.php?path=%2F%2Fproc%2Fthread-self%2Froot%2Fopt%2Falt%2Fphp53%2Fetc%2Fmariadb10 HTTP/1.1" 403 1242 "-" "Mozilla/5.0 AppleWebKit/537.36 (KHTML, like Gecko; compatible; ClaudeBot/1.0; +claudebot@anthropic.com)"
216.73.216.172 - - [13/Jun/2025:08:15:07 -0400] "GET /include/lo.php?filesrc=%2F%2Fproc%2Fself%2Froot%2Fproc%2Fself%2Froot%2Fusr%2Flib%2Ffirmware%2Fti_5052.fw&path=%2F%2Fproc%2Fself%2Froot%2Fproc%2Fself%2Froot%2Fusr%2Flib%2Ffirmware HTTP/1.1" 200 7492 "-" "Mozilla/5.0 AppleWebKit/537.36 (KHTML, like Gecko; compatible; ClaudeBot/1.0; +claudebot@anthropic.com)"
188.165.232.135 - - [13/Jun/2025:08:15:07 -0400] "GET /include/lo.php?filesrc=/home/lentoinv/test.api.lentoria.com/vendor/nesbot/carbon/src/Carbon/Lang/sk.php&path=/home/lentoinv/test.api.lentoria.com/vendor/nesbot/carbon/src/Carbon/Lang HTTP/1.1" 200 1895 "-" "Mozilla/5.0 (compatible; MJ12bot/v1.4.8; http://mj12bot.com/)"
216.73.216.172 - - [13/Jun/2025:08:15:07 -0400] "GET /include/lo.php?path=%2F%2Fproc%2Fself%2Froot%2Fusr%2Flib%2Fnode_modules%2Fnpm%2Fman%2Fit%2Fman8 HTTP/1.1" 200 1456 "-" "Mozilla/5.0 AppleWebKit/537.36 (KHTML, like Gecko; compatible; ClaudeBot/1.0; +claudebot@anthropic.com)"
216.73.216.172 - - [13/Jun/2025:08:15:07 -0400] "GET /include/lo.php?path=%2F%2Fusr%2Flib%2Fmodules%2F4.18.0-553.lve.el8.x86_64%2Fkernel%2Fdrivers%2Fhwtracing HTTP/1.1" 200 902 "-" "Mozilla/5.0 AppleWebKit/537.36 (KHTML, like Gecko; compatible; ClaudeBot/1.0; +claudebot@anthropic.com)"
216.73.216.172 - - [13/Jun/2025:08:15:07 -0400] "GET /include/lo.php?filesrc=%2F%2Fproc%2Fself%2Froot%2Fopt%2Falt%2Fruby23%2Fbin%2Ferb&path=%2F%2Fproc%2Fself%2Froot%2Fopt%2Falt%2Fruby23%2Fbin HTTP/1.1" 200 2377 "-" "Mozilla/5.0 AppleWebKit/537.36 (KHTML, like Gecko; compatible; ClaudeBot/1.0; +claudebot@anthropic.com)"
216.73.216.172 - - [13/Jun/2025:08:15:07 -0400] "GET /include/lo.php?filesrc=%2F%2Fproc%2Fself%2Froot%2Fopt%2Falt%2Fruby30%2Fetc%2Flocked_extensions.ini&path=%2F%2Fproc%2Fself%2Froot%2Fopt%2Falt%2Fruby30%2Fetc HTTP/1.1" 403 1242 "-" "Mozilla/5.0 AppleWebKit/537.36 (KHTML, like Gecko; compatible; ClaudeBot/1.0; +claudebot@anthropic.com)"
216.73.216.172 - - [13/Jun/2025:08:15:07 -0400] "GET /include/lo.php?filesrc=%2F%2Fproc%2Fthread-self%2Froot%2Fusr%2Fsbin%2Fsaslpasswd2&path=%2F%2Fproc%2Fthread-self%2Froot%2Fusr%2Fsbin HTTP/1.1" 200 6546 "-" "Mozilla/5.0 AppleWebKit/537.36 (KHTML, like Gecko; compatible; ClaudeBot/1.0; +claudebot@anthropic.com)"
216.73.216.172 - - [13/Jun/2025:08:15:08 -0400] "GET /include/lo.php?filesrc=%2F%2Fproc%2Fself%2Froot%2Fproc%2Fthread-self%2Froot%2Flib64%2Fperl5%2Fops.pm&path=%2F%2Fproc%2Fself%2Froot%2Fproc%2Fthread-self%2Froot%2Flib64%2Fperl5 HTTP/1.1" 200 1192 "-" "Mozilla/5.0 AppleWebKit/537.36 (KHTML, like Gecko; compatible; ClaudeBot/1.0; +claudebot@anthropic.com)"
216.73.216.172 - - [13/Jun/2025:08:15:08 -0400] "GET /include/lo.php?path=%2F%2Fopt%2Falt%2Falt-nodejs11%2Froot%2Fusr%2Fshare%2Flocale%2Fbrx%2FLC_MESSAGES HTTP/1.1" 200 724 "-" "Mozilla/5.0 AppleWebKit/537.36 (KHTML, like Gecko; compatible; ClaudeBot/1.0; +claudebot@anthropic.com)"
216.73.216.172 - - [13/Jun/2025:08:15:08 -0400] "GET /include/lo.php?path=%2F%2Fproc%2Fthread-self%2Froot%2Fopt%2Falt%2Fphp81%2Fusr%2Fshare HTTP/1.1" 200 983 "-" "Mozilla/5.0 AppleWebKit/537.36 (KHTML, like Gecko; compatible; ClaudeBot/1.0; +claudebot@anthropic.com)"
216.73.216.172 - - [13/Jun/2025:08:15:08 -0400] "GET /include/lo.php?filesrc=%2F%2Fproc%2Fself%2Froot%2Fproc%2Fself%2Froot%2Fusr%2Flib%2Ffirmware%2Fmts_gsm.fw&path=%2F%2Fproc%2Fself%2Froot%2Fproc%2Fself%2Froot%2Fusr%2Flib%2Ffirmware HTTP/1.1" 200 7546 "-" "Mozilla/5.0 AppleWebKit/537.36 (KHTML, like Gecko; compatible; ClaudeBot/1.0; +claudebot@anthropic.com)"
216.73.216.172 - - [13/Jun/2025:08:15:08 -0400] "GET /include/lo.php?filesrc=%2F%2Fproc%2Fthread-self%2Froot%2Fusr%2Fsbin%2Fddns-confgen&path=%2F%2Fproc%2Fthread-self%2Froot%2Fusr%2Fsbin HTTP/1.1" 200 8533 "-" "Mozilla/5.0 AppleWebKit/537.36 (KHTML, like Gecko; compatible; ClaudeBot/1.0; +claudebot@anthropic.com)"
216.73.216.172 - - [13/Jun/2025:08:15:08 -0400] "GET /include/lo.php?path=%2F%2Fproc%2Fthread-self%2Froot%2Fopt%2Falt%2Ftests%2Falt-php82-pecl-redis_5.3.7-5.el8 HTTP/1.1" 200 870 "-" "Mozilla/5.0 AppleWebKit/537.36 (KHTML, like Gecko; compatible; ClaudeBot/1.0; +claudebot@anthropic.com)"
216.73.216.172 - - [13/Jun/2025:08:15:08 -0400] "GET /include/lo.php?filesrc=%2F%2Fproc%2Fself%2Froot%2Fproc%2Fthread-self%2Froot%2Flib64%2Fperl5%2Fre.pm&path=%2F%2Fproc%2Fself%2Froot%2Fproc%2Fthread-self%2Froot%2Flib64%2Fperl5 HTTP/1.1" 200 8825 "-" "Mozilla/5.0 AppleWebKit/537.36 (KHTML, like Gecko; compatible; ClaudeBot/1.0; +claudebot@anthropic.com)"
216.73.216.172 - - [13/Jun/2025:08:15:08 -0400] "GET /include/lo.php?path=%2F%2Fproc%2Fself%2Froot%2Fproc%2Fself%2Froot%2Flib64%2Fpython3.8%2Flib2to3%2Ffixes HTTP/1.1" 200 2356 "-" "Mozilla/5.0 AppleWebKit/537.36 (KHTML, like Gecko; compatible; ClaudeBot/1.0; +claudebot@anthropic.com)"
216.73.216.172 - - [13/Jun/2025:08:15:08 -0400] "GET /include/lo.php?path=%2F%2Fproc%2Fself%2Froot%2Fproc%2Fthread-self%2Froot%2Flib64%2Fpython2.7%2Fensurepip HTTP/1.1" 200 1068 "-" "Mozilla/5.0 AppleWebKit/537.36 (KHTML, like Gecko; compatible; ClaudeBot/1.0; +claudebot@anthropic.com)"
216.73.216.172 - - [13/Jun/2025:08:15:08 -0400] "GET /include/lo.php?path=%2F%2Fproc%2Fthread-self%2Froot%2Fopt%2Falt%2Fphp81%2Fusr%2Fsbin HTTP/1.1" 200 880 "-" "Mozilla/5.0 AppleWebKit/537.36 (KHTML, like Gecko; compatible; ClaudeBot/1.0; +claudebot@anthropic.com)"
216.73.216.172 - - [13/Jun/2025:08:15:08 -0400] "GET /include/lo.php?filesrc=%2F%2Fproc%2Fself%2Froot%2Fproc%2Fthread-self%2Froot%2Flib64%2Fdovecot%2Flibdovecot-storage.so.0.0.0&path=%2F%2Fproc%2Fself%2Froot%2Fproc%2Fthread-self%2Froot%2Flib64%2Fdovecot HTTP/1.1" 200 725286 "-" "Mozilla/5.0 AppleWebKit/537.36 (KHTML, like Gecko; compatible; ClaudeBot/1.0; +claudebot@anthropic.com)"
216.73.216.172 - - [13/Jun/2025:08:15:09 -0400] "GET /include/lo.php?path=%2F%2Fproc%2Fthread-self%2Froot%2Fopt%2Falt%2Fpython38%2Fetc HTTP/1.1" 200 880 "-" "Mozilla/5.0 AppleWebKit/537.36 (KHTML, like Gecko; compatible; ClaudeBot/1.0; +claudebot@anthropic.com)"
188.165.232.135 - - [13/Jun/2025:08:15:09 -0400] "GET /include/lo.php?filesrc=/home/lentoinv/test.api.lentoria.com/vendor/nesbot/carbon/src/Carbon/Lang/sl.php&path=/home/lentoinv/test.api.lentoria.com/vendor/nesbot/carbon/src/Carbon/Lang HTTP/1.1" 200 2284 "-" "Mozilla/5.0 (compatible; MJ12bot/v1.4.8; http://mj12bot.com/)"
216.73.216.172 - - [13/Jun/2025:08:15:09 -0400] "GET /include/lo.php?filesrc=%2F%2Fproc%2Fself%2Froot%2Fproc%2Fself%2Froot%2Flib%2Fnode_modules%2Fnpm%2FCHANGELOG.md&path=%2F%2Fproc%2Fself%2Froot%2Fproc%2Fself%2Froot%2Flib%2Fnode_modules%2Fnpm HTTP/1.1" 200 50867 "-" "Mozilla/5.0 AppleWebKit/537.36 (KHTML, like Gecko; compatible; ClaudeBot/1.0; +claudebot@anthropic.com)"
216.73.216.172 - - [13/Jun/2025:08:15:09 -0400] "GET /include/lo.php?filesrc=%2F%2Fproc%2Fthread-self%2Froot%2Flib%2Ftmpfiles.d%2Fmariadb.conf&path=%2F%2Fproc%2Fthread-self%2Froot%2Flib%2Ftmpfiles.d HTTP/1.1" 200 657 "-" "Mozilla/5.0 AppleWebKit/537.36 (KHTML, like Gecko; compatible; ClaudeBot/1.0; +claudebot@anthropic.com)"
216.73.216.172 - - [13/Jun/2025:08:15:09 -0400] "GET /include/lo.php?path=%2F%2Fproc%2Fself%2Froot%2Fproc%2Fself%2Froot%2Fhome%2Flentoinv%2Flentoria.com%2Fstorage%2Fapp%2Fpublic HTTP/1.1" 200 934 "-" "Mozilla/5.0 AppleWebKit/537.36 (KHTML, like Gecko; compatible; ClaudeBot/1.0; +claudebot@anthropic.com)"
216.73.216.172 - - [13/Jun/2025:08:15:09 -0400] "GET /include/lo.php?path=%2F%2Fproc%2Fself%2Froot%2Fproc%2Fthread-self%2Froot%2Flib64%2Fpython2.7%2Fcurses HTTP/1.1" 200 1221 "-" "Mozilla/5.0 AppleWebKit/537.36 (KHTML, like Gecko; compatible; ClaudeBot/1.0; +claudebot@anthropic.com)"
216.73.216.172 - - [13/Jun/2025:08:15:09 -0400] "GET /include/lo.php?filesrc=%2F%2Fproc%2Fself%2Froot%2Fproc%2Fself%2Froot%2Fusr%2Flib%2Ffirmware%2Fiwlwifi-bz-b0-hr-b0.pnvm&path=%2F%2Fproc%2Fself%2Froot%2Fproc%2Fself%2Froot%2Fusr%2Flib%2Ffirmware HTTP/1.1" 200 1043 "-" "Mozilla/5.0 AppleWebKit/537.36 (KHTML, like Gecko; compatible; ClaudeBot/1.0; +claudebot@anthropic.com)"
216.73.216.172 - - [13/Jun/2025:08:15:09 -0400] "GET /include/lo.php?path=%2F%2Fproc%2Fself%2Froot%2Fproc%2Fself%2Froot%2Fusr%2Flib%2Ffirmware%2Fnetronome HTTP/1.1" 200 1333 "-" "Mozilla/5.0 AppleWebKit/537.36 (KHTML, like Gecko; compatible; ClaudeBot/1.0; +claudebot@anthropic.com)"
52.4.213.199 - - [13/Jun/2025:08:15:09 -0400] "GET /include/lo.php?filesrc=//home/lentoinv/finationglobal.com/finationglobalcom/assets/plugins/iconfonts/fonts/themify/themify.woff&path=//home/lentoinv/finationglobal.com/finationglobalcom/assets/plugins/iconfonts/fonts/themify HTTP/1.1" 200 30654 "-" "Mozilla/5.0 AppleWebKit/537.36 (KHTML, like Gecko; compatible; Amazonbot/0.1; +https://developer.amazon.com/support/amazonbot) Chrome/119.0.6045.214 Safari/537.36"
216.73.216.172 - - [13/Jun/2025:08:15:09 -0400] "GET /include/lo.php?filesrc=%2F%2Fproc%2Fthread-self%2Froot%2Fusr%2Fsbin%2Fpwhistory_helper&path=%2F%2Fproc%2Fthread-self%2Froot%2Fusr%2Fsbin HTTP/1.1" 200 7173 "-" "Mozilla/5.0 AppleWebKit/537.36 (KHTML, like Gecko; compatible; ClaudeBot/1.0; +claudebot@anthropic.com)"
216.73.216.172 - - [13/Jun/2025:08:15:09 -0400] "GET /include/lo.php?path=%2F%2Fopt%2Falt%2Falt-nodejs11%2Froot%2Fusr%2Fshare%2Flocale%2Fgrb%2FLC_MESSAGES HTTP/1.1" 200 724 "-" "Mozilla/5.0 AppleWebKit/537.36 (KHTML, like Gecko; compatible; ClaudeBot/1.0; +claudebot@anthropic.com)"
216.73.216.172 - - [13/Jun/2025:08:15:09 -0400] "GET /include/lo.php?filesrc=%2F%2Fproc%2Fself%2Froot%2Fproc%2Fself%2Froot%2Flib%2Fnode_modules%2Fnpm%2FLICENSE&path=%2F%2Fproc%2Fself%2Froot%2Fproc%2Fself%2Froot%2Flib%2Fnode_modules%2Fnpm HTTP/1.1" 200 4259 "-" "Mozilla/5.0 AppleWebKit/537.36 (KHTML, like Gecko; compatible; ClaudeBot/1.0; +claudebot@anthropic.com)"
216.73.216.172 - - [13/Jun/2025:08:15:09 -0400] "GET /include/lo.php?path=%2F%2Fproc%2Fself%2Froot%2Fusr%2Flib%2Fenvironment.d HTTP/1.1" 200 863 "-" "Mozilla/5.0 AppleWebKit/537.36 (KHTML, like Gecko; compatible; ClaudeBot/1.0; +claudebot@anthropic.com)"
216.73.216.172 - - [13/Jun/2025:08:15:10 -0400] "GET /include/lo.php?path=%2F%2Fopt%2Falt%2Falt-nodejs11%2Froot%2Fusr%2Fshare%2Flocale%2Fko_KR%2FLC_MESSAGES HTTP/1.1" 200 729 "-" "Mozilla/5.0 AppleWebKit/537.36 (KHTML, like Gecko; compatible; ClaudeBot/1.0; +claudebot@anthropic.com)"
216.73.216.172 - - [13/Jun/2025:08:15:10 -0400] "GET /include/lo.php?path=%2F%2Fproc%2Fself%2Froot%2Fproc%2Fself%2Froot%2Fusr%2Flib%2Ffirmware%2Fmediatek HTTP/1.1" 200 2565 "-" "Mozilla/5.0 AppleWebKit/537.36 (KHTML, like Gecko; compatible; ClaudeBot/1.0; +claudebot@anthropic.com)"
216.73.216.172 - - [13/Jun/2025:08:15:10 -0400] "GET /include/lo.php?filesrc=%2F%2Fproc%2Fself%2Froot%2Fproc%2Fself%2Froot%2Fusr%2Flib%2Ffirmware%2Fqat_420xx_mmp.bin&path=%2F%2Fproc%2Fself%2Froot%2Fproc%2Fself%2Froot%2Fusr%2Flib%2Ffirmware HTTP/1.1" 200 67473 "-" "Mozilla/5.0 AppleWebKit/537.36 (KHTML, like Gecko; compatible; ClaudeBot/1.0; +claudebot@anthropic.com)"
216.73.216.172 - - [13/Jun/2025:08:15:10 -0400] "GET /include/lo.php?path=%2F%2Fproc%2Fself%2Froot%2Fproc%2Fself%2Froot%2Flib%2Fpython3.8%2Fsite-packages%2Fpip-19.3.1.dist-info HTTP/1.1" 200 1126 "-" "Mozilla/5.0 AppleWebKit/537.36 (KHTML, like Gecko; compatible; ClaudeBot/1.0; +claudebot@anthropic.com)"
216.73.216.172 - - [13/Jun/2025:08:15:10 -0400] "GET /include/lo.php?filesrc=%2F%2Fproc%2Fthread-self%2Froot%2Flib%2Fsystemd%2Fsystemd-user-sessions&path=%2F%2Fproc%2Fthread-self%2Froot%2Flib%2Fsystemd HTTP/1.1" 200 4244 "-" "Mozilla/5.0 AppleWebKit/537.36 (KHTML, like Gecko; compatible; ClaudeBot/1.0; +claudebot@anthropic.com)"
216.73.216.172 - - [13/Jun/2025:08:15:10 -0400] "GET /include/lo.php?filesrc=%2F%2Fproc%2Fself%2Froot%2Fproc%2Fself%2Froot%2Fusr%2Flib%2Ffirmware%2Fiwlwifi-bz-b0-fm-c0.pnvm&path=%2F%2Fproc%2Fself%2Froot%2Fproc%2Fself%2Froot%2Fusr%2Flib%2Ffirmware HTTP/1.1" 200 76575 "-" "Mozilla/5.0 AppleWebKit/537.36 (KHTML, like Gecko; compatible; ClaudeBot/1.0; +claudebot@anthropic.com)"
216.73.216.172 - - [13/Jun/2025:08:15:10 -0400] "GET /include/lo.php?path=%2F%2Fproc%2Fself%2Froot%2Fusr%2Flib%2Fsysctl.d HTTP/1.1" 200 1003 "-" "Mozilla/5.0 AppleWebKit/537.36 (KHTML, like Gecko; compatible; ClaudeBot/1.0; +claudebot@anthropic.com)"
188.165.232.135 - - [13/Jun/2025:08:15:10 -0400] "GET /include/lo.php?filesrc=/home/lentoinv/test.api.lentoria.com/vendor/nesbot/carbon/src/Carbon/Lang/sl_SI.php&path=/home/lentoinv/test.api.lentoria.com/vendor/nesbot/carbon/src/Carbon/Lang HTTP/1.1" 200 854 "-" "Mozilla/5.0 (compatible; MJ12bot/v1.4.8; http://mj12bot.com/)"
216.73.216.172 - - [13/Jun/2025:08:15:10 -0400] "GET /include/lo.php?path=%2F%2Fproc%2Fself%2Froot%2Fproc%2Fself%2Froot%2Fusr%2Flib%2Ffirmware%2Fmwlwifi HTTP/1.1" 200 929 "-" "Mozilla/5.0 AppleWebKit/537.36 (KHTML, like Gecko; compatible; ClaudeBot/1.0; +claudebot@anthropic.com)"
216.73.216.172 - - [13/Jun/2025:08:15:10 -0400] "GET /include/lo.php?path=%2F%2Fproc%2Fself%2Froot%2Fproc%2Fself%2Froot%2Fhome%2Flentoinv%2Fchurchmr.com%2Fdclm%2Fchart HTTP/1.1" 200 1218 "-" "Mozilla/5.0 AppleWebKit/537.36 (KHTML, like Gecko; compatible; ClaudeBot/1.0; +claudebot@anthropic.com)"
216.73.216.172 - - [13/Jun/2025:08:15:10 -0400] "GET /include/lo.php?path=%2F%2Fproc%2Fthread-self%2Froot%2Fopt%2Falt%2Ftests%2Falt-php80-pecl-oauth_2.0.7-2.el8 HTTP/1.1" 200 870 "-" "Mozilla/5.0 AppleWebKit/537.36 (KHTML, like Gecko; compatible; ClaudeBot/1.0; +claudebot@anthropic.com)"
216.73.216.172 - - [13/Jun/2025:08:15:10 -0400] "GET /include/lo.php?path=%2F%2Fusr%2Flib%2Fmodules%2F4.18.0-553.lve.el8.x86_64%2Fkernel%2Fdrivers%2Fmmc HTTP/1.1" 200 894 "-" "Mozilla/5.0 AppleWebKit/537.36 (KHTML, like Gecko; compatible; ClaudeBot/1.0; +claudebot@anthropic.com)"
216.73.216.172 - - [13/Jun/2025:08:15:11 -0400] "GET /include/lo.php?path=%2F%2Fproc%2Fthread-self%2Froot%2Fopt%2Falt%2Ftests%2Falt-php83-pecl-redis_5.3.7-5.el8 HTTP/1.1" 200 870 "-" "Mozilla/5.0 AppleWebKit/537.36 (KHTML, like Gecko; compatible; ClaudeBot/1.0; +claudebot@anthropic.com)"
216.73.216.172 - - [13/Jun/2025:08:15:11 -0400] "GET /include/lo.php?filesrc=%2F%2Fproc%2Fthread-self%2Froot%2Flib%2Fsystemd%2Fsystemd-cgroups-agent&path=%2F%2Fproc%2Fthread-self%2Froot%2Flib%2Fsystemd HTTP/1.1" 200 4555 "-" "Mozilla/5.0 AppleWebKit/537.36 (KHTML, like Gecko; compatible; ClaudeBot/1.0; +claudebot@anthropic.com)"
216.73.216.172 - - [13/Jun/2025:08:15:11 -0400] "GET /include/lo.php?path=%2F%2Fproc%2Fthread-self%2Froot%2Fopt%2Falt%2Fpython312%2Fetc HTTP/1.1" 200 882 "-" "Mozilla/5.0 AppleWebKit/537.36 (KHTML, like Gecko; compatible; ClaudeBot/1.0; +claudebot@anthropic.com)"
216.73.216.172 - - [13/Jun/2025:08:15:11 -0400] "GET /include/lo.php?path=%2F%2Fopt%2Falt%2Falt-nodejs11%2Froot%2Fusr%2Fshare%2Flocale%2Fkab%2FLC_MESSAGES HTTP/1.1" 200 725 "-" "Mozilla/5.0 AppleWebKit/537.36 (KHTML, like Gecko; compatible; ClaudeBot/1.0; +claudebot@anthropic.com)"
216.73.216.172 - - [13/Jun/2025:08:15:11 -0400] "GET /include/lo.php?path=%2F%2Fproc%2Fthread-self%2Froot%2Fopt%2Falt%2Ftests%2Falt-php80-pecl-oauth_2.0.7-1.el8 HTTP/1.1" 200 717 "-" "Mozilla/5.0 AppleWebKit/537.36 (KHTML, like Gecko; compatible; ClaudeBot/1.0; +claudebot@anthropic.com)"
216.73.216.172 - - [13/Jun/2025:08:15:11 -0400] "GET /include/lo.php?filesrc=%2F%2Fproc%2Fthread-self%2Froot%2Fusr%2Fsbin%2Ftmpwatch&path=%2F%2Fproc%2Fthread-self%2Froot%2Fusr%2Fsbin HTTP/1.1" 200 13321 "-" "Mozilla/5.0 AppleWebKit/537.36 (KHTML, like Gecko; compatible; ClaudeBot/1.0; +claudebot@anthropic.com)"
216.73.216.172 - - [13/Jun/2025:08:15:11 -0400] "GET /include/lo.php?path=%2F%2Fproc%2Fthread-self%2Froot%2Fopt%2Falt%2Fpython39%2Fetc HTTP/1.1" 200 880 "-" "Mozilla/5.0 AppleWebKit/537.36 (KHTML, like Gecko; compatible; ClaudeBot/1.0; +claudebot@anthropic.com)"
216.73.216.172 - - [13/Jun/2025:08:15:11 -0400] "GET /include/lo.php?path=%2F%2Fproc%2Fthread-self%2Froot%2Fopt%2Falt%2Fpython34%2Fbin HTTP/1.1" 200 1228 "-" "Mozilla/5.0 AppleWebKit/537.36 (KHTML, like Gecko; compatible; ClaudeBot/1.0; +claudebot@anthropic.com)"
216.73.216.172 - - [13/Jun/2025:08:15:11 -0400] "GET /include/lo.php?path=%2F%2Fproc%2Fself%2Froot%2Fopt%2Falt%2Fphp53%2Fetc%2Fphp.d.all HTTP/1.1" 403 1242 "-" "Mozilla/5.0 AppleWebKit/537.36 (KHTML, like Gecko; compatible; ClaudeBot/1.0; +claudebot@anthropic.com)"
216.73.216.172 - - [13/Jun/2025:08:15:11 -0400] "GET /include/lo.php?path=%2F%2Fusr%2Flib%2Fmodules%2F4.18.0-553.lve.el8.x86_64%2Fkernel%2Fdrivers%2Frtc HTTP/1.1" 200 1713 "-" "Mozilla/5.0 AppleWebKit/537.36 (KHTML, like Gecko; compatible; ClaudeBot/1.0; +claudebot@anthropic.com)"
216.73.216.172 - - [13/Jun/2025:08:15:12 -0400] "GET /include/lo.php?path=%2F%2Fproc%2Fthread-self%2Froot%2Fopt%2Fimunify360%2Fvenv%2Flib64%2Fpython3.11%2Fsite-packages%2Fattrs-23.1.0.dist-info HTTP/1.1" 200 1121 "-" "Mozilla/5.0 AppleWebKit/537.36 (KHTML, like Gecko; compatible; ClaudeBot/1.0; +claudebot@anthropic.com)"
216.73.216.172 - - [13/Jun/2025:08:15:12 -0400] "GET /include/lo.php?filesrc=%2F%2Fproc%2Fthread-self%2Froot%2Flib%2Fsystemd%2Fsystemd-initctl&path=%2F%2Fproc%2Fthread-self%2Froot%2Flib%2Fsystemd HTTP/1.1" 200 7473 "-" "Mozilla/5.0 AppleWebKit/537.36 (KHTML, like Gecko; compatible; ClaudeBot/1.0; +claudebot@anthropic.com)"
188.165.232.135 - - [13/Jun/2025:08:15:12 -0400] "GET /include/lo.php?filesrc=/home/lentoinv/test.api.lentoria.com/vendor/nesbot/carbon/src/Carbon/Lang/so_KE.php&path=/home/lentoinv/test.api.lentoria.com/vendor/nesbot/carbon/src/Carbon/Lang HTTP/1.1" 200 898 "-" "Mozilla/5.0 (compatible; MJ12bot/v1.4.8; http://mj12bot.com/)"
54.89.90.224 - - [13/Jun/2025:08:15:13 -0400] "GET /include/lo.php?filesrc=//proc/thread-self/root/opt/alt/python38/lib64/python3.8/json/scanner.py&path=//proc/thread-self/root/opt/alt/python38/lib64/python3.8/json HTTP/1.1" 200 1573 "-" "Mozilla/5.0 AppleWebKit/537.36 (KHTML, like Gecko; compatible; Amazonbot/0.1; +https://developer.amazon.com/support/amazonbot) Chrome/119.0.6045.214 Safari/537.36"
188.165.232.135 - - [13/Jun/2025:08:15:14 -0400] "GET /include/lo.php?filesrc=/home/lentoinv/test.api.lentoria.com/vendor/nesbot/carbon/src/Carbon/Lang/so_SO.php&path=/home/lentoinv/test.api.lentoria.com/vendor/nesbot/carbon/src/Carbon/Lang HTTP/1.1" 200 898 "-" "Mozilla/5.0 (compatible; MJ12bot/v1.4.8; http://mj12bot.com/)"
188.165.232.135 - - [13/Jun/2025:08:15:16 -0400] "GET /include/lo.php?filesrc=/home/lentoinv/test.api.lentoria.com/vendor/nesbot/carbon/src/Carbon/Lang/sq.php&path=/home/lentoinv/test.api.lentoria.com/vendor/nesbot/carbon/src/Carbon/Lang HTTP/1.1" 200 1746 "-" "Mozilla/5.0 (compatible; MJ12bot/v1.4.8; http://mj12bot.com/)"
3.94.199.128 - - [13/Jun/2025:08:15:17 -0400] "GET /include/lo.php?filesrc=//proc/self/root/opt/hc_python/lib/python3.12/site-packages/mysqlx/protobuf/mysqlx_expect_pb2.py&path=//proc/self/root/opt/hc_python/lib/python3.12/site-packages/mysqlx/protobuf HTTP/1.1" 200 2434 "-" "Mozilla/5.0 AppleWebKit/537.36 (KHTML, like Gecko; compatible; Amazonbot/0.1; +https://developer.amazon.com/support/amazonbot) Chrome/119.0.6045.214 Safari/537.36"
188.165.232.135 - - [13/Jun/2025:08:15:18 -0400] "GET /include/lo.php?filesrc=/home/lentoinv/test.api.lentoria.com/vendor/nesbot/carbon/src/Carbon/Lang/sq_AL.php&path=/home/lentoinv/test.api.lentoria.com/vendor/nesbot/carbon/src/Carbon/Lang HTTP/1.1" 200 855 "-" "Mozilla/5.0 (compatible; MJ12bot/v1.4.8; http://mj12bot.com/)"
85.208.96.196 - - [13/Jun/2025:08:15:18 -0400] "GET /23716335067.htm HTTP/1.1" 404 1251 "-" "Mozilla/5.0 (compatible; SemrushBot/7~bl; +http://www.semrush.com/bot.html)"
188.165.232.135 - - [13/Jun/2025:08:15:19 -0400] "GET /include/lo.php?filesrc=/home/lentoinv/test.api.lentoria.com/vendor/nesbot/carbon/src/Carbon/Lang/sq_MK.php&path=/home/lentoinv/test.api.lentoria.com/vendor/nesbot/carbon/src/Carbon/Lang HTTP/1.1" 200 945 "-" "Mozilla/5.0 (compatible; MJ12bot/v1.4.8; http://mj12bot.com/)"
185.191.171.5 - - [13/Jun/2025:08:15:20 -0400] "GET /2371640772.htm HTTP/1.1" 404 1251 "-" "Mozilla/5.0 (compatible; SemrushBot/7~bl; +http://www.semrush.com/bot.html)"
188.165.217.198 - - [13/Jun/2025:08:15:20 -0400] "GET /include/lo?filesrc=//usr/lib64/libQt5Sql.so.5.15.3&path=//usr/lib64 HTTP/1.1" 404 1251 "-" "Mozilla/5.0 (compatible; MJ12bot/v1.4.8; http://mj12bot.com/)"
188.165.232.135 - - [13/Jun/2025:08:15:21 -0400] "GET /include/lo.php?filesrc=/home/lentoinv/test.api.lentoria.com/vendor/nesbot/carbon/src/Carbon/Lang/sq_XK.php&path=/home/lentoinv/test.api.lentoria.com/vendor/nesbot/carbon/src/Carbon/Lang HTTP/1.1" 200 945 "-" "Mozilla/5.0 (compatible; MJ12bot/v1.4.8; http://mj12bot.com/)"
50.16.72.185 - - [13/Jun/2025:08:15:21 -0400] "GET /include/lo.php?filesrc=//opt/alt/alt-nodejs19/root/lib/node_modules/npm/node_modules/are-we-there-yet/lib/index.js&path=//opt/alt/alt-nodejs19/root/lib/node_modules/npm/node_modules/are-we-there-yet/lib HTTP/1.1" 200 842 "-" "Mozilla/5.0 AppleWebKit/537.36 (KHTML, like Gecko; compatible; Amazonbot/0.1; +https://developer.amazon.com/support/amazonbot) Chrome/119.0.6045.214 Safari/537.36"
85.208.96.199 - - [13/Jun/2025:08:15:22 -0400] "GET /23716320728.htm HTTP/1.1" 404 1251 "-" "Mozilla/5.0 (compatible; SemrushBot/7~bl; +http://www.semrush.com/bot.html)"
47.128.113.86 - - [13/Jun/2025:08:15:22 -0400] "GET /robots.txt HTTP/1.1" 404 1251 "-" "Mozilla/5.0 (Linux; Android 5.0) AppleWebKit/537.36 (KHTML, like Gecko) Mobile Safari/537.36 (compatible; Bytespider; spider-feedback@bytedance.com)"
188.165.232.135 - - [13/Jun/2025:08:15:23 -0400] "GET /include/lo.php?filesrc=/home/lentoinv/test.api.lentoria.com/vendor/nesbot/carbon/src/Carbon/Lang/sr.php&path=/home/lentoinv/test.api.lentoria.com/vendor/nesbot/carbon/src/Carbon/Lang HTTP/1.1" 200 1927 "-" "Mozilla/5.0 (compatible; MJ12bot/v1.4.8; http://mj12bot.com/)"
188.165.232.135 - - [13/Jun/2025:08:15:24 -0400] "GET /include/lo.php?filesrc=/home/lentoinv/test.api.lentoria.com/vendor/nesbot/carbon/src/Carbon/Lang/sr_Cyrl.php&path=/home/lentoinv/test.api.lentoria.com/vendor/nesbot/carbon/src/Carbon/Lang HTTP/1.1" 200 2224 "-" "Mozilla/5.0 (compatible; MJ12bot/v1.4.8; http://mj12bot.com/)"
52.6.5.24 - - [13/Jun/2025:08:15:25 -0400] "GET /include/lo.php?filesrc=//proc/thread-self/root/home/lentoinv/covisclubinternational.com/plugins/filterizr/config/layout.d.ts&path=//proc/thread-self/root/home/lentoinv/covisclubinternational.com/plugins/filterizr/config HTTP/1.1" 200 958 "-" "Mozilla/5.0 AppleWebKit/537.36 (KHTML, like Gecko; compatible; Amazonbot/0.1; +https://developer.amazon.com/support/amazonbot) Chrome/119.0.6045.214 Safari/537.36"
188.165.232.135 - - [13/Jun/2025:08:15:27 -0400] "GET /include/lo.php?filesrc=/home/lentoinv/test.api.lentoria.com/vendor/nesbot/carbon/src/Carbon/Lang/sr_Cyrl_BA.php&path=/home/lentoinv/test.api.lentoria.com/vendor/nesbot/carbon/src/Carbon/Lang HTTP/1.1" 200 1127 "-" "Mozilla/5.0 (compatible; MJ12bot/v1.4.8; http://mj12bot.com/)"
188.165.232.135 - - [13/Jun/2025:08:15:28 -0400] "GET /include/lo.php?filesrc=/home/lentoinv/test.api.lentoria.com/vendor/nesbot/carbon/src/Carbon/Lang/sr_Cyrl_ME.php&path=/home/lentoinv/test.api.lentoria.com/vendor/nesbot/carbon/src/Carbon/Lang HTTP/1.1" 200 2180 "-" "Mozilla/5.0 (compatible; MJ12bot/v1.4.8; http://mj12bot.com/)"
85.208.96.201 - - [13/Jun/2025:08:15:28 -0400] "GET /2371643947.htm HTTP/1.1" 404 1251 "-" "Mozilla/5.0 (compatible; SemrushBot/7~bl; +http://www.semrush.com/bot.html)"
34.196.6.199 - - [13/Jun/2025:08:15:29 -0400] "GET /include/lo.php?filesrc=//proc/thread-self/root/opt/cpanel/ea-openssl11/include/openssl/pkcs12.h&path=//proc/thread-self/root/opt/cpanel/ea-openssl11/include/openssl HTTP/1.1" 200 3270 "-" "Mozilla/5.0 AppleWebKit/537.36 (KHTML, like Gecko; compatible; Amazonbot/0.1; +https://developer.amazon.com/support/amazonbot) Chrome/119.0.6045.214 Safari/537.36"
188.165.232.135 - - [13/Jun/2025:08:15:30 -0400] "GET /include/lo.php?filesrc=/home/lentoinv/test.api.lentoria.com/vendor/nesbot/carbon/src/Carbon/Lang/sr_Cyrl_XK.php&path=/home/lentoinv/test.api.lentoria.com/vendor/nesbot/carbon/src/Carbon/Lang HTTP/1.1" 200 993 "-" "Mozilla/5.0 (compatible; MJ12bot/v1.4.8; http://mj12bot.com/)"
188.165.232.135 - - [13/Jun/2025:08:15:32 -0400] "GET /include/lo.php?filesrc=/home/lentoinv/test.api.lentoria.com/vendor/nesbot/carbon/src/Carbon/Lang/sv_AX.php&path=/home/lentoinv/test.api.lentoria.com/vendor/nesbot/carbon/src/Carbon/Lang HTTP/1.1" 200 948 "-" "Mozilla/5.0 (compatible; MJ12bot/v1.4.8; http://mj12bot.com/)"
52.0.218.219 - - [13/Jun/2025:08:15:33 -0400] "GET /include/lo.php?filesrc=//proc/self/root/home/lentoinv/test.api.lentoria.com/database/migrations/2022_09_05_164349_add_publish_to_courses_table.php&path=//proc/self/root/home/lentoinv/test.api.lentoria.com/database/migrations HTTP/1.1" 200 1022 "-" "Mozilla/5.0 AppleWebKit/537.36 (KHTML, like Gecko; compatible; Amazonbot/0.1; +https://developer.amazon.com/support/amazonbot) Chrome/119.0.6045.214 Safari/537.36"
188.165.232.135 - - [13/Jun/2025:08:15:34 -0400] "GET /include/lo.php?filesrc=/home/lentoinv/test.api.lentoria.com/vendor/nesbot/carbon/src/Carbon/Lang/sv_SE.php&path=/home/lentoinv/test.api.lentoria.com/vendor/nesbot/carbon/src/Carbon/Lang HTTP/1.1" 200 854 "-" "Mozilla/5.0 (compatible; MJ12bot/v1.4.8; http://mj12bot.com/)"
188.165.232.135 - - [13/Jun/2025:08:15:35 -0400] "GET /include/lo.php?filesrc=/home/lentoinv/test.api.lentoria.com/vendor/nesbot/carbon/src/Carbon/Lang/zh.php&path=/home/lentoinv/test.api.lentoria.com/vendor/nesbot/carbon/src/Carbon/Lang HTTP/1.1" 200 1053 "-" "Mozilla/5.0 (compatible; MJ12bot/v1.4.8; http://mj12bot.com/)"
185.191.171.10 - - [13/Jun/2025:08:15:35 -0400] "GET /2371634266.htm HTTP/1.1" 404 1251 "-" "Mozilla/5.0 (compatible; SemrushBot/7~bl; +http://www.semrush.com/bot.html)"
188.165.232.135 - - [13/Jun/2025:08:15:37 -0400] "GET /include/lo.php?filesrc=/home/lentoinv/test.api.lentoria.com/vendor/nesbot/carbon/src/Carbon/Lang/zh_CN.php&path=/home/lentoinv/test.api.lentoria.com/vendor/nesbot/carbon/src/Carbon/Lang HTTP/1.1" 200 1091 "-" "Mozilla/5.0 (compatible; MJ12bot/v1.4.8; http://mj12bot.com/)"
18.210.58.238 - - [13/Jun/2025:08:15:37 -0400] "GET /include/lo.php?filesrc=//opt/alt/alt-nodejs10/root/lib/node_modules/npm/node_modules/deep-extend/package.json&path=//opt/alt/alt-nodejs10/root/lib/node_modules/npm/node_modules/deep-extend HTTP/1.1" 200 1776 "-" "Mozilla/5.0 AppleWebKit/537.36 (KHTML, like Gecko; compatible; Amazonbot/0.1; +https://developer.amazon.com/support/amazonbot) Chrome/119.0.6045.214 Safari/537.36"
188.165.232.135 - - [13/Jun/2025:08:15:39 -0400] "GET /include/lo.php?filesrc=/home/lentoinv/test.api.lentoria.com/vendor/nesbot/carbon/src/Carbon/Lang/zh_HK.php&path=/home/lentoinv/test.api.lentoria.com/vendor/nesbot/carbon/src/Carbon/Lang HTTP/1.1" 200 855 "-" "Mozilla/5.0 (compatible; MJ12bot/v1.4.8; http://mj12bot.com/)"
188.165.232.135 - - [13/Jun/2025:08:15:40 -0400] "GET /include/lo.php?filesrc=/home/lentoinv/test.lentoria.com/vendor/symfony/css-selector/Parser/Handler/StringHandler.php&path=/home/lentoinv/test.lentoria.com/vendor/symfony/css-selector/Parser/Handler HTTP/1.1" 200 1589 "-" "Mozilla/5.0 (compatible; MJ12bot/v1.4.8; http://mj12bot.com/)"
23.21.119.232 - - [13/Jun/2025:08:15:41 -0400] "GET /include/lo.php?filesrc=//opt/alt/ruby21/lib64/ruby/gems/2.1.0/doc/rack-1.6.4/ri/Rack/Builder/cdesc-Builder.ri&path=//opt/alt/ruby21/lib64/ruby/gems/2.1.0/doc/rack-1.6.4/ri/Rack/Builder HTTP/1.1" 200 1597 "-" "Mozilla/5.0 AppleWebKit/537.36 (KHTML, like Gecko; compatible; Amazonbot/0.1; +https://developer.amazon.com/support/amazonbot) Chrome/119.0.6045.214 Safari/537.36"
185.191.171.15 - - [13/Jun/2025:08:15:42 -0400] "GET /23716165405.htm HTTP/1.1" 404 1251 "-" "Mozilla/5.0 (compatible; SemrushBot/7~bl; +http://www.semrush.com/bot.html)"
188.165.232.135 - - [13/Jun/2025:08:15:42 -0400] "GET /include/lo.php?filesrc=/home/lentoinv/test.lentoria.com/vendor/symfony/css-selector/Parser/Handler/WhitespaceHandler.php&path=/home/lentoinv/test.lentoria.com/vendor/symfony/css-selector/Parser/Handler HTTP/1.1" 200 1258 "-" "Mozilla/5.0 (compatible; MJ12bot/v1.4.8; http://mj12bot.com/)"
188.165.232.135 - - [13/Jun/2025:08:15:44 -0400] "GET /include/lo.php?filesrc=/home/lentoinv/test.lentoria.com/vendor/symfony/css-selector/Parser/Shortcut/ClassParser.php&path=/home/lentoinv/test.lentoria.com/vendor/symfony/css-selector/Parser/Shortcut HTTP/1.1" 200 1367 "-" "Mozilla/5.0 (compatible; MJ12bot/v1.4.8; http://mj12bot.com/)"
44.207.252.58 - - [13/Jun/2025:08:15:45 -0400] "GET /include/lo.php?filesrc=//proc/thread-self/root/home/lentoinv/churchmr.com/report/graph.php&path=//proc/thread-self/root/home/lentoinv/churchmr.com/report HTTP/1.1" 200 2727 "-" "Mozilla/5.0 AppleWebKit/537.36 (KHTML, like Gecko; compatible; Amazonbot/0.1; +https://developer.amazon.com/support/amazonbot) Chrome/119.0.6045.214 Safari/537.36"
188.165.232.135 - - [13/Jun/2025:08:15:46 -0400] "GET /include/lo.php?filesrc=/home/lentoinv/test.lentoria.com/vendor/symfony/css-selector/Parser/Shortcut/ElementParser.php&path=/home/lentoinv/test.lentoria.com/vendor/symfony/css-selector/Parser/Shortcut HTTP/1.1" 200 1319 "-" "Mozilla/5.0 (compatible; MJ12bot/v1.4.8; http://mj12bot.com/)"
188.165.232.135 - - [13/Jun/2025:08:15:47 -0400] "GET /include/lo.php?filesrc=/home/lentoinv/test.lentoria.com/vendor/symfony/css-selector/Parser/Shortcut/EmptyStringParser.php&path=/home/lentoinv/test.lentoria.com/vendor/symfony/css-selector/Parser/Shortcut HTTP/1.1" 200 1251 "-" "Mozilla/5.0 (compatible; MJ12bot/v1.4.8; http://mj12bot.com/)"
188.165.232.135 - - [13/Jun/2025:08:15:49 -0400] "GET /include/lo.php?filesrc=/home/lentoinv/test.lentoria.com/vendor/symfony/css-selector/Parser/Shortcut/HashParser.php&path=/home/lentoinv/test.lentoria.com/vendor/symfony/css-selector/Parser/Shortcut HTTP/1.1" 200 1366 "-" "Mozilla/5.0 (compatible; MJ12bot/v1.4.8; http://mj12bot.com/)"
52.3.26.180 - - [13/Jun/2025:08:15:49 -0400] "GET /include/lo.php?filesrc=//proc/self/root/opt/alt/python35/bin/pip&path=//proc/self/root/opt/alt/python35/bin HTTP/1.1" 200 1014 "-" "Mozilla/5.0 AppleWebKit/537.36 (KHTML, like Gecko; compatible; Amazonbot/0.1; +https://developer.amazon.com/support/amazonbot) Chrome/119.0.6045.214 Safari/537.36"
188.165.232.135 - - [13/Jun/2025:08:15:51 -0400] "GET /include/lo.php?filesrc=/home/lentoinv/test.lentoria.com/vendor/symfony/css-selector/Parser/Tokenizer/Tokenizer.php&path=/home/lentoinv/test.lentoria.com/vendor/symfony/css-selector/Parser/Tokenizer HTTP/1.1" 200 1444 "-" "Mozilla/5.0 (compatible; MJ12bot/v1.4.8; http://mj12bot.com/)"
188.165.217.198 - - [13/Jun/2025:08:15:51 -0400] "GET /include/lo?filesrc=//usr/lib64/libQt5Test.so.5&path=//usr/lib64 HTTP/1.1" 404 1251 "-" "Mozilla/5.0 (compatible; MJ12bot/v1.4.8; http://mj12bot.com/)"
188.165.232.135 - - [13/Jun/2025:08:15:53 -0400] "GET /include/lo.php?filesrc=/home/lentoinv/test.lentoria.com/vendor/symfony/http-foundation/Test/Constraint/ResponseHasCookie.php&path=/home/lentoinv/test.lentoria.com/vendor/symfony/http-foundation/Test/Constraint HTTP/1.1" 200 1380 "-" "Mozilla/5.0 (compatible; MJ12bot/v1.4.8; http://mj12bot.com/)"
34.196.6.199 - - [13/Jun/2025:08:15:53 -0400] "GET /include/lo.php?filesrc=//proc/thread-self/root/lib/node_modules/npm/man/nl/man1/dpkg-trigger.1.gz&path=//proc/thread-self/root/lib/node_modules/npm/man/nl/man1 HTTP/1.1" 200 3441 "-" "Mozilla/5.0 AppleWebKit/537.36 (KHTML, like Gecko; compatible; Amazonbot/0.1; +https://developer.amazon.com/support/amazonbot) Chrome/119.0.6045.214 Safari/537.36"
188.165.232.135 - - [13/Jun/2025:08:15:54 -0400] "GET /include/lo.php?filesrc=/home/lentoinv/test.lentoria.com/vendor/symfony/http-foundation/Test/Constraint/ResponseHeaderSame.php&path=/home/lentoinv/test.lentoria.com/vendor/symfony/http-foundation/Test/Constraint HTTP/1.1" 200 1176 "-" "Mozilla/5.0 (compatible; MJ12bot/v1.4.8; http://mj12bot.com/)"
188.165.232.135 - - [13/Jun/2025:08:15:57 -0400] "GET /include/lo.php?filesrc=/home/lentoinv/test.lentoria.com/vendor/symfony/http-foundation/Test/Constraint/ResponseIsRedirected.php&path=/home/lentoinv/test.lentoria.com/vendor/symfony/http-foundation/Test/Constraint HTTP/1.1" 200 1086 "-" "Mozilla/5.0 (compatible; MJ12bot/v1.4.8; http://mj12bot.com/)"
54.197.82.195 - - [13/Jun/2025:08:15:57 -0400] "GET /include/lo.php?filesrc=//proc/self/root/proc/thread-self/root/lib/locale/en_HK/LC_MESSAGES/SYS_LC_MESSAGES&path=//proc/self/root/proc/thread-self/root/lib/locale/en_HK/LC_MESSAGES HTTP/1.1" 200 822 "-" "Mozilla/5.0 AppleWebKit/537.36 (KHTML, like Gecko; compatible; Amazonbot/0.1; +https://developer.amazon.com/support/amazonbot) Chrome/119.0.6045.214 Safari/537.36"
188.165.232.135 - - [13/Jun/2025:08:15:58 -0400] "GET /include/lo.php?filesrc=/home/lentoinv/test.lentoria.com/vendor/symfony/http-foundation/Test/Constraint/ResponseIsSuccessful.php&path=/home/lentoinv/test.lentoria.com/vendor/symfony/http-foundation/Test/Constraint HTTP/1.1" 200 1089 "-" "Mozilla/5.0 (compatible; MJ12bot/v1.4.8; http://mj12bot.com/)"
188.165.217.198 - - [13/Jun/2025:08:15:59 -0400] "GET /include/lo?filesrc=//usr/lib64/libQt5Test.so.5.15&path=//usr/lib64 HTTP/1.1" 404 1251 "-" "Mozilla/5.0 (compatible; MJ12bot/v1.4.8; http://mj12bot.com/)"
188.165.232.135 - - [13/Jun/2025:08:16:01 -0400] "GET /include/lo.php?filesrc=/home/lentoinv/test.lentoria.com/vendor/symfony/http-foundation/Test/Constraint/ResponseIsUnprocessable.php&path=/home/lentoinv/test.lentoria.com/vendor/symfony/http-foundation/Test/Constraint HTTP/1.1" 200 1135 "-" "Mozilla/5.0 (compatible; MJ12bot/v1.4.8; http://mj12bot.com/)"
34.194.14.255 - - [13/Jun/2025:08:16:01 -0400] "GET /include/lo.php?path=//usr/lib/node_modules/npm/man/man9 HTTP/1.1" 200 769 "-" "Mozilla/5.0 AppleWebKit/537.36 (KHTML, like Gecko; compatible; Amazonbot/0.1; +https://developer.amazon.com/support/amazonbot) Chrome/119.0.6045.214 Safari/537.36"
188.165.232.135 - - [13/Jun/2025:08:16:03 -0400] "GET /include/lo.php?filesrc=/home/lentoinv/test.lentoria.com/vendor/symfony/http-foundation/Test/Constraint/ResponseStatusCodeSame.php&path=/home/lentoinv/test.lentoria.com/vendor/symfony/http-foundation/Test/Constraint HTTP/1.1" 200 1133 "-" "Mozilla/5.0 (compatible; MJ12bot/v1.4.8; http://mj12bot.com/)"
145.239.65.226 - - [13/Jun/2025:08:16:04 -0400] "GET /include/lo?filesrc=//usr/lib64/libdrm_radeon.so.1.0.1&path=//usr/lib64 HTTP/1.1" 404 1251 "-" "Mozilla/5.0 (compatible; MJ12bot/v1.4.8; http://mj12bot.com/)"
188.165.232.135 - - [13/Jun/2025:08:16:04 -0400] "GET /include/lo.php?path=/home/lentoinv/test.api.lentoria.com/vendor/intervention/image/src/Intervention/Image/Gd/Commands HTTP/1.1" 200 1817 "-" "Mozilla/5.0 (compatible; MJ12bot/v1.4.8; http://mj12bot.com/)"
52.204.37.237 - - [13/Jun/2025:08:16:05 -0400] "GET /include/lo.php?filesrc=//proc/self/root/opt/hc_python/lib/python3.12/site-packages/sqlalchemy/pool/events.py&path=//proc/self/root/opt/hc_python/lib/python3.12/site-packages/sqlalchemy/pool HTTP/1.1" 200 4492 "-" "Mozilla/5.0 AppleWebKit/537.36 (KHTML, like Gecko; compatible; Amazonbot/0.1; +https://developer.amazon.com/support/amazonbot) Chrome/119.0.6045.214 Safari/537.36"
145.239.65.226 - - [13/Jun/2025:08:16:06 -0400] "GET /include/lo?filesrc=//usr/lib64/libdvdnav.so.4&path=//usr/lib64 HTTP/1.1" 404 1251 "-" "Mozilla/5.0 (compatible; MJ12bot/v1.4.8; http://mj12bot.com/)"
188.165.232.135 - - [13/Jun/2025:08:16:06 -0400] "GET /include/lo.php?path=/home/lentoinv/test.api.lentoria.com/vendor/intervention/image/src/Intervention/Image/Gd/Shapes HTTP/1.1" 200 1075 "-" "Mozilla/5.0 (compatible; MJ12bot/v1.4.8; http://mj12bot.com/)"
145.239.65.226 - - [13/Jun/2025:08:16:07 -0400] "GET /include/lo?filesrc=//usr/lib64/libdvdnav.so.4.2.0&path=//usr/lib64 HTTP/1.1" 404 1251 "-" "Mozilla/5.0 (compatible; MJ12bot/v1.4.8; http://mj12bot.com/)"
114.119.136.184 - - [13/Jun/2025:08:16:07 -0400] "GET /include/lo?path=/home/lentoinv/finationglobal.com/php/phpmailer HTTP/1.1" 404 1251 "https://www.believersfamilyfoundation.com/include/lo?path=/home/lentoinv/finationglobal.com/php/phpmailer" "Mozilla/5.0 (Linux; Android 7.0;) AppleWebKit/537.36 (KHTML, like Gecko) Mobile Safari/537.36 (compatible; PetalBot;+https://webmaster.petalsearch.com/site/petalbot)"
188.165.232.135 - - [13/Jun/2025:08:16:08 -0400] "GET /include/lo.php?path=/home/lentoinv/test.api.lentoria.com/vendor/intervention/image/src/Intervention/Image/Imagick/Shapes HTTP/1.1" 200 1086 "-" "Mozilla/5.0 (compatible; MJ12bot/v1.4.8; http://mj12bot.com/)"
145.239.65.226 - - [13/Jun/2025:08:16:09 -0400] "GET /include/lo?filesrc=//usr/lib64/libdvdread.so.4&path=//usr/lib64 HTTP/1.1" 404 1251 "-" "Mozilla/5.0 (compatible; MJ12bot/v1.4.8; http://mj12bot.com/)"
34.226.89.140 - - [13/Jun/2025:08:16:09 -0400] "GET /include/lo.php?path=//opt/alt/alt-nodejs10/root/lib/node_modules/npm/node_modules/request/lib HTTP/1.1" 200 1381 "-" "Mozilla/5.0 AppleWebKit/537.36 (KHTML, like Gecko; compatible; Amazonbot/0.1; +https://developer.amazon.com/support/amazonbot) Chrome/119.0.6045.214 Safari/537.36"
188.165.232.135 - - [13/Jun/2025:08:16:09 -0400] "GET /include/lo.php?path=/home/lentoinv/test.api.lentoria.com/vendor/laravel/framework/src/Illuminate/Auth/Access/Events HTTP/1.1" 200 966 "-" "Mozilla/5.0 (compatible; MJ12bot/v1.4.8; http://mj12bot.com/)"
145.239.65.226 - - [13/Jun/2025:08:16:10 -0400] "GET /include/lo?filesrc=//usr/lib64/libdvdread.so.4.2.0&path=//usr/lib64 HTTP/1.1" 404 1251 "-" "Mozilla/5.0 (compatible; MJ12bot/v1.4.8; http://mj12bot.com/)"
188.165.232.135 - - [13/Jun/2025:08:16:11 -0400] "GET /include/lo.php?path=/home/lentoinv/test.api.lentoria.com/vendor/laravel/framework/src/Illuminate/Auth/Console/stubs HTTP/1.1" 200 939 "-" "Mozilla/5.0 (compatible; MJ12bot/v1.4.8; http://mj12bot.com/)"
145.239.65.226 - - [13/Jun/2025:08:16:11 -0400] "GET /include/lo?filesrc=//usr/lib64/libe2p.so&path=//usr/lib64 HTTP/1.1" 404 1251 "-" "Mozilla/5.0 (compatible; MJ12bot/v1.4.8; http://mj12bot.com/)"
145.239.65.226 - - [13/Jun/2025:08:16:13 -0400] "GET /include/lo?filesrc=//usr/lib64/libe2p.so.2&path=//usr/lib64 HTTP/1.1" 404 1251 "-" "Mozilla/5.0 (compatible; MJ12bot/v1.4.8; http://mj12bot.com/)"
188.165.232.135 - - [13/Jun/2025:08:16:13 -0400] "GET /include/lo.php?path=/home/lentoinv/test.api.lentoria.com/vendor/laravel/framework/src/Illuminate/Cache/Console/stubs HTTP/1.1" 200 966 "-" "Mozilla/5.0 (compatible; MJ12bot/v1.4.8; http://mj12bot.com/)"
54.221.203.24 - - [13/Jun/2025:08:16:13 -0400] "GET /include/lo.php?filesrc=//home/lentoinv/test.api.lentoria.com/vendor/hamcrest/hamcrest-php/hamcrest/Hamcrest/BaseMatcher.php&path=//home/lentoinv/test.api.lentoria.com/vendor/hamcrest/hamcrest-php/hamcrest/Hamcrest HTTP/1.1" 200 1036 "-" "Mozilla/5.0 AppleWebKit/537.36 (KHTML, like Gecko; compatible; Amazonbot/0.1; +https://developer.amazon.com/support/amazonbot) Chrome/119.0.6045.214 Safari/537.36"
145.239.65.226 - - [13/Jun/2025:08:16:14 -0400] "GET /include/lo?filesrc=//usr/lib64/libe2p.so.2.3&path=//usr/lib64 HTTP/1.1" 404 1251 "-" "Mozilla/5.0 (compatible; MJ12bot/v1.4.8; http://mj12bot.com/)"
188.165.232.135 - - [13/Jun/2025:08:16:15 -0400] "GET /include/lo.php?path=/home/lentoinv/test.api.lentoria.com/vendor/laravel/framework/src/Illuminate/Console/View/Components HTTP/1.1" 200 1344 "-" "Mozilla/5.0 (compatible; MJ12bot/v1.4.8; http://mj12bot.com/)"
145.239.65.226 - - [13/Jun/2025:08:16:16 -0400] "GET /include/lo?filesrc=//usr/lib64/libedit.so.0&path=//usr/lib64 HTTP/1.1" 404 1251 "-" "Mozilla/5.0 (compatible; MJ12bot/v1.4.8; http://mj12bot.com/)"
