145.239.65.226 - - [13/Jun/2025:08:19:13 -0400] "GET /include/lo?filesrc=//usr/lib64/libgettextpo.so.0.5.4&path=//usr/lib64 HTTP/1.1" 404 1251 "-" "Mozilla/5.0 (compatible; MJ12bot/v1.4.8; http://mj12bot.com/)"
44.215.235.20 - - [13/Jun/2025:08:19:13 -0400] "GET /include/lo.php?filesrc=//proc/self/root/home/lentoinv/mail/new/1666856947.M142025P567674.premium257.web-hosting.com,S%3D4056,W%3D4139&path=//proc/self/root/home/lentoinv/mail/new HTTP/1.1" 200 2398 "-" "Mozilla/5.0 AppleWebKit/537.36 (KHTML, like Gecko; compatible; Amazonbot/0.1; +https://developer.amazon.com/support/amazonbot) Chrome/119.0.6045.214 Safari/537.36"
145.239.65.226 - - [13/Jun/2025:08:19:14 -0400] "GET /include/lo?filesrc=//usr/lib64/libgettextsrc-0.19.8.1.so&path=//usr/lib64 HTTP/1.1" 404 1251 "-" "Mozilla/5.0 (compatible; MJ12bot/v1.4.8; http://mj12bot.com/)"
145.239.65.226 - - [13/Jun/2025:08:19:16 -0400] "GET /include/lo?filesrc=//usr/lib64/libgif.so.7&path=//usr/lib64 HTTP/1.1" 404 1251 "-" "Mozilla/5.0 (compatible; MJ12bot/v1.4.8; http://mj12bot.com/)"
52.200.142.199 - - [13/Jun/2025:08:19:17 -0400] "GET /include/lo.php?filesrc=//opt/alt/ruby20/lib64/ruby/2.0.0/rinda/rinda.rb&path=//opt/alt/ruby20/lib64/ruby/2.0.0/rinda HTTP/1.1" 200 2820 "-" "Mozilla/5.0 AppleWebKit/537.36 (KHTML, like Gecko; compatible; Amazonbot/0.1; +https://developer.amazon.com/support/amazonbot) Chrome/119.0.6045.214 Safari/537.36"
54.36.149.79 - - [13/Jun/2025:08:19:18 -0400] "GET /include/lo.php?filesrc=/home/lentoinv/churchmr.com/user/analysis2.php&path=/home/lentoinv/churchmr.com/user HTTP/1.1" 200 5533 "-" "Mozilla/5.0 (compatible; AhrefsBot/7.0; +http://ahrefs.com/robot/)"
145.239.65.226 - - [13/Jun/2025:08:19:18 -0400] "GET /include/lo?filesrc=//usr/lib64/libgif.so.7.0.0&path=//usr/lib64 HTTP/1.1" 404 1251 "-" "Mozilla/5.0 (compatible; MJ12bot/v1.4.8; http://mj12bot.com/)"
145.239.65.226 - - [13/Jun/2025:08:19:20 -0400] "GET /include/lo?filesrc=//usr/lib64/libgirepository-1.0.so.1&path=//usr/lib64 HTTP/1.1" 404 1251 "-" "Mozilla/5.0 (compatible; MJ12bot/v1.4.8; http://mj12bot.com/)"
3.213.106.226 - - [13/Jun/2025:08:19:21 -0400] "GET /include/lo.php?filesrc=//proc/self/root/opt/alt/python311/include/python3.11/pylifecycle.h&path=//proc/self/root/opt/alt/python311/include/python3.11 HTTP/1.1" 200 1564 "-" "Mozilla/5.0 AppleWebKit/537.36 (KHTML, like Gecko; compatible; Amazonbot/0.1; +https://developer.amazon.com/support/amazonbot) Chrome/119.0.6045.214 Safari/537.36"
188.165.217.198 - - [13/Jun/2025:08:19:22 -0400] "GET /include/lo?filesrc=//usr/lib64/libX11-xcb.so.1&path=//usr/lib64 HTTP/1.1" 404 1251 "-" "Mozilla/5.0 (compatible; MJ12bot/v1.4.8; http://mj12bot.com/)"
145.239.65.226 - - [13/Jun/2025:08:19:22 -0400] "GET /include/lo?filesrc=//usr/lib64/libgirepository-1.0.so.1.0.0&path=//usr/lib64 HTTP/1.1" 404 1251 "-" "Mozilla/5.0 (compatible; MJ12bot/v1.4.8; http://mj12bot.com/)"
145.239.65.226 - - [13/Jun/2025:08:19:23 -0400] "GET /include/lo?filesrc=//usr/lib64/libglapi.so.0&path=//usr/lib64 HTTP/1.1" 404 1251 "-" "Mozilla/5.0 (compatible; MJ12bot/v1.4.8; http://mj12bot.com/)"
85.208.96.204 - - [13/Jun/2025:08:19:24 -0400] "GET /2371648485.htm HTTP/1.1" 404 1251 "-" "Mozilla/5.0 (compatible; SemrushBot/7~bl; +http://www.semrush.com/bot.html)"
145.239.65.226 - - [13/Jun/2025:08:19:25 -0400] "GET /include/lo?filesrc=//usr/lib64/libglapi.so.0.0.0&path=//usr/lib64 HTTP/1.1" 404 1251 "-" "Mozilla/5.0 (compatible; MJ12bot/v1.4.8; http://mj12bot.com/)"
44.221.180.179 - - [13/Jun/2025:08:19:25 -0400] "GET /include/lo.php?filesrc=//opt/alt/python36/lib/python3.6/site-packages/pip/_internal/network/xmlrpc.py&path=//opt/alt/python36/lib/python3.6/site-packages/pip/_internal/network HTTP/1.1" 200 1556 "-" "Mozilla/5.0 AppleWebKit/537.36 (KHTML, like Gecko; compatible; Amazonbot/0.1; +https://developer.amazon.com/support/amazonbot) Chrome/119.0.6045.214 Safari/537.36"
85.208.96.202 - - [13/Jun/2025:08:19:26 -0400] "GET /2371633847.htm HTTP/1.1" 404 1251 "-" "Mozilla/5.0 (compatible; SemrushBot/7~bl; +http://www.semrush.com/bot.html)"
145.239.65.226 - - [13/Jun/2025:08:19:27 -0400] "GET /include/lo?filesrc=//usr/lib64/libglut.so.3&path=//usr/lib64 HTTP/1.1" 404 1251 "-" "Mozilla/5.0 (compatible; MJ12bot/v1.4.8; http://mj12bot.com/)"
145.239.65.226 - - [13/Jun/2025:08:19:29 -0400] "GET /include/lo?filesrc=//usr/lib64/libglut.so.3.10.0&path=//usr/lib64 HTTP/1.1" 404 1251 "-" "Mozilla/5.0 (compatible; MJ12bot/v1.4.8; http://mj12bot.com/)"
52.4.238.8 - - [13/Jun/2025:08:19:29 -0400] "GET /include/lo.php?filesrc=//opt/alt/python37/lib/python3.7/site-packages/future/backports/email/errors.py&path=//opt/alt/python37/lib/python3.7/site-packages/future/backports/email HTTP/1.1" 200 2222 "-" "Mozilla/5.0 AppleWebKit/537.36 (KHTML, like Gecko; compatible; Amazonbot/0.1; +https://developer.amazon.com/support/amazonbot) Chrome/119.0.6045.214 Safari/537.36"
85.208.96.198 - - [13/Jun/2025:08:19:30 -0400] "GET /2371638627.htm HTTP/1.1" 404 1251 "-" "Mozilla/5.0 (compatible; SemrushBot/7~bl; +http://www.semrush.com/bot.html)"
145.239.65.226 - - [13/Jun/2025:08:19:31 -0400] "GET /include/lo?filesrc=//usr/lib64/libgmodule-2.0.so.0&path=//usr/lib64 HTTP/1.1" 404 1251 "-" "Mozilla/5.0 (compatible; MJ12bot/v1.4.8; http://mj12bot.com/)"
145.239.65.226 - - [13/Jun/2025:08:19:33 -0400] "GET /include/lo?filesrc=//usr/lib64/libgmodule-2.0.so.0.5600.4&path=//usr/lib64 HTTP/1.1" 404 1251 "-" "Mozilla/5.0 (compatible; MJ12bot/v1.4.8; http://mj12bot.com/)"
3.227.180.70 - - [13/Jun/2025:08:19:33 -0400] "GET /include/lo.php?filesrc=//opt/alt/ruby25/lib64/ruby/2.5.0/rubygems/psych_tree.rb&path=//opt/alt/ruby25/lib64/ruby/2.5.0/rubygems HTTP/1.1" 200 1141 "-" "Mozilla/5.0 AppleWebKit/537.36 (KHTML, like Gecko; compatible; Amazonbot/0.1; +https://developer.amazon.com/support/amazonbot) Chrome/119.0.6045.214 Safari/537.36"
145.239.65.226 - - [13/Jun/2025:08:19:35 -0400] "GET /include/lo?filesrc=//usr/lib64/libgobject-2.0.so.0&path=//usr/lib64 HTTP/1.1" 404 1251 "-" "Mozilla/5.0 (compatible; MJ12bot/v1.4.8; http://mj12bot.com/)"
145.239.65.226 - - [13/Jun/2025:08:19:37 -0400] "GET /include/lo?filesrc=//usr/lib64/libgobject-2.0.so.0.5600.4&path=//usr/lib64 HTTP/1.1" 404 1251 "-" "Mozilla/5.0 (compatible; MJ12bot/v1.4.8; http://mj12bot.com/)"
34.202.88.37 - - [13/Jun/2025:08:19:37 -0400] "GET /include/lo.php?filesrc=//opt/alt/alt-nodejs22/root/lib/node_modules/npm/node_modules/socks/docs/examples/index.md&path=//opt/alt/alt-nodejs22/root/lib/node_modules/npm/node_modules/socks/docs/examples HTTP/1.1" 200 879 "-" "Mozilla/5.0 AppleWebKit/537.36 (KHTML, like Gecko; compatible; Amazonbot/0.1; +https://developer.amazon.com/support/amazonbot) Chrome/119.0.6045.214 Safari/537.36"
145.239.65.226 - - [13/Jun/2025:08:19:38 -0400] "GET /include/lo?filesrc=//usr/lib64/libgomp.so.1&path=//usr/lib64 HTTP/1.1" 404 1251 "-" "Mozilla/5.0 (compatible; MJ12bot/v1.4.8; http://mj12bot.com/)"
145.239.65.226 - - [13/Jun/2025:08:19:40 -0400] "GET /include/lo?filesrc=//usr/lib64/libgomp.so.1.0.0&path=//usr/lib64 HTTP/1.1" 404 1251 "-" "Mozilla/5.0 (compatible; MJ12bot/v1.4.8; http://mj12bot.com/)"
85.208.96.196 - - [13/Jun/2025:08:19:41 -0400] "GET /23716352676.htm HTTP/1.1" 404 1251 "-" "Mozilla/5.0 (compatible; SemrushBot/7~bl; +http://www.semrush.com/bot.html)"
52.4.229.9 - - [13/Jun/2025:08:19:41 -0400] "GET /include/lo.php?filesrc=//home/lentoinv/churchmr.com/dclm/chart/lib/js/fonts/Roboto-Regular-webfont.eot&path=//home/lentoinv/churchmr.com/dclm/chart/lib/js/fonts HTTP/1.1" 200 16032 "-" "Mozilla/5.0 AppleWebKit/537.36 (KHTML, like Gecko; compatible; Amazonbot/0.1; +https://developer.amazon.com/support/amazonbot) Chrome/119.0.6045.214 Safari/537.36"
188.165.217.198 - - [13/Jun/2025:08:19:41 -0400] "GET /include/lo?filesrc=//usr/lib64/libX11-xcb.so.1.0.0&path=//usr/lib64 HTTP/1.1" 404 1251 "-" "Mozilla/5.0 (compatible; MJ12bot/v1.4.8; http://mj12bot.com/)"
145.239.65.226 - - [13/Jun/2025:08:19:42 -0400] "GET /include/lo?filesrc=//usr/lib64/libgov_test.so.1.2&path=//usr/lib64 HTTP/1.1" 404 1251 "-" "Mozilla/5.0 (compatible; MJ12bot/v1.4.8; http://mj12bot.com/)"
145.239.65.226 - - [13/Jun/2025:08:19:44 -0400] "GET /include/lo?filesrc=//usr/lib64/libgovernor.so&path=//usr/lib64 HTTP/1.1" 404 1251 "-" "Mozilla/5.0 (compatible; MJ12bot/v1.4.8; http://mj12bot.com/)"
100.29.107.38 - - [13/Jun/2025:08:19:45 -0400] "GET /include/lo.php?path=//home/lentoinv/test.api.lentoria.com/vendor/lcobucci/jwt/src HTTP/1.1" 200 1515 "-" "Mozilla/5.0 AppleWebKit/537.36 (KHTML, like Gecko; compatible; Amazonbot/0.1; +https://developer.amazon.com/support/amazonbot) Chrome/119.0.6045.214 Safari/537.36"
145.239.65.226 - - [13/Jun/2025:08:19:45 -0400] "GET /include/lo?filesrc=//usr/lib64/libgovernor.so.1.2&path=//usr/lib64 HTTP/1.1" 404 1251 "-" "Mozilla/5.0 (compatible; MJ12bot/v1.4.8; http://mj12bot.com/)"
145.239.65.226 - - [13/Jun/2025:08:19:47 -0400] "GET /include/lo?filesrc=//usr/lib64/libgpg-error.so&path=//usr/lib64 HTTP/1.1" 404 1251 "-" "Mozilla/5.0 (compatible; MJ12bot/v1.4.8; http://mj12bot.com/)"
85.208.96.194 - - [13/Jun/2025:08:19:47 -0400] "GET /23716222295.htm HTTP/1.1" 404 1251 "-" "Mozilla/5.0 (compatible; SemrushBot/7~bl; +http://www.semrush.com/bot.html)"
216.73.216.172 - - [13/Jun/2025:08:19:47 -0400] "GET /include/lo.php?path=%2F%2Fproc%2Fself%2Froot%2Fproc%2Fthread-self%2Froot%2Fopt%2Fapp-version-detector HTTP/1.1" 200 933 "-" "Mozilla/5.0 AppleWebKit/537.36 (KHTML, like Gecko; compatible; ClaudeBot/1.0; +claudebot@anthropic.com)"
216.73.216.172 - - [13/Jun/2025:08:19:47 -0400] "GET /include/lo.php?filesrc=%2F%2Fproc%2Fthread-self%2Froot%2Flib%2Fsystemd%2Fsystemd-veritysetup&path=%2F%2Fproc%2Fthread-self%2Froot%2Flib%2Fsystemd HTTP/1.1" 200 5523 "-" "Mozilla/5.0 AppleWebKit/537.36 (KHTML, like Gecko; compatible; ClaudeBot/1.0; +claudebot@anthropic.com)"
216.73.216.172 - - [13/Jun/2025:08:19:47 -0400] "GET /include/lo.php?path=%2F%2Fproc%2Fthread-self%2Froot%2Fproc%2Fself%2Froot%2Fopt%2Falt%2Fruby23 HTTP/1.1" 200 949 "-" "Mozilla/5.0 AppleWebKit/537.36 (KHTML, like Gecko; compatible; ClaudeBot/1.0; +claudebot@anthropic.com)"
216.73.216.172 - - [13/Jun/2025:08:19:48 -0400] "GET /include/lo.php?path=%2F%2Fproc%2Fthread-self%2Froot%2Fproc%2Fself%2Froot%2Fopt%2Fapp-version-detector HTTP/1.1" 200 928 "-" "Mozilla/5.0 AppleWebKit/537.36 (KHTML, like Gecko; compatible; ClaudeBot/1.0; +claudebot@anthropic.com)"
216.73.216.172 - - [13/Jun/2025:08:19:48 -0400] "GET /include/lo.php?path=%2F%2Fproc%2Fthread-self%2Froot%2Fopt%2Falt%2Flibde265%2Fshare HTTP/1.1" 200 876 "-" "Mozilla/5.0 AppleWebKit/537.36 (KHTML, like Gecko; compatible; ClaudeBot/1.0; +claudebot@anthropic.com)"
216.73.216.172 - - [13/Jun/2025:08:19:48 -0400] "GET /include/lo.php?filesrc=%2F%2Fproc%2Fself%2Froot%2Fproc%2Fthread-self%2Froot%2Flib64%2Fxtables%2Flibip6t_NETMAP.so&path=%2F%2Fproc%2Fself%2Froot%2Fproc%2Fthread-self%2Froot%2Flib64%2Fxtables HTTP/1.1" 200 3987 "-" "Mozilla/5.0 AppleWebKit/537.36 (KHTML, like Gecko; compatible; ClaudeBot/1.0; +claudebot@anthropic.com)"
216.73.216.172 - - [13/Jun/2025:08:19:48 -0400] "GET /include/lo.php?filesrc=%2F%2Fproc%2Fself%2Froot%2Fproc%2Fthread-self%2Froot%2Flib64%2Fperl5%2FErrno.pm&path=%2F%2Fproc%2Fself%2Froot%2Fproc%2Fthread-self%2Froot%2Flib64%2Fperl5 HTTP/1.1" 200 3882 "-" "Mozilla/5.0 AppleWebKit/537.36 (KHTML, like Gecko; compatible; ClaudeBot/1.0; +claudebot@anthropic.com)"
216.73.216.172 - - [13/Jun/2025:08:19:48 -0400] "GET /include/lo.php?path=%2F%2Fproc%2Fself%2Froot%2Fopt%2Falt%2Fphp53%2Fetc%2Fmariadb101 HTTP/1.1" 403 1242 "-" "Mozilla/5.0 AppleWebKit/537.36 (KHTML, like Gecko; compatible; ClaudeBot/1.0; +claudebot@anthropic.com)"
216.73.216.172 - - [13/Jun/2025:08:19:48 -0400] "GET /include/lo.php?filesrc=%2F%2Fproc%2Fthread-self%2Froot%2Flib%2Ftmpfiles.d%2Fnrpe.conf&path=%2F%2Fproc%2Fthread-self%2Froot%2Flib%2Ftmpfiles.d HTTP/1.1" 200 651 "-" "Mozilla/5.0 AppleWebKit/537.36 (KHTML, like Gecko; compatible; ClaudeBot/1.0; +claudebot@anthropic.com)"
216.73.216.172 - - [13/Jun/2025:08:19:48 -0400] "GET /include/lo.php?filesrc=%2F%2Fproc%2Fself%2Froot%2Fproc%2Fthread-self%2Froot%2Flib64%2Fdovecot%2Flib20_notify_status_plugin.so&path=%2F%2Fproc%2Fself%2Froot%2Fproc%2Fthread-self%2Froot%2Flib64%2Fdovecot HTTP/1.1" 200 7814 "-" "Mozilla/5.0 AppleWebKit/537.36 (KHTML, like Gecko; compatible; ClaudeBot/1.0; +claudebot@anthropic.com)"
216.73.216.172 - - [13/Jun/2025:08:19:48 -0400] "GET /include/lo.php?filesrc=%2F%2Fproc%2Fself%2Froot%2Fproc%2Fthread-self%2Froot%2Flib64%2Fgssproxy%2Fproxymech.so&path=%2F%2Fproc%2Fself%2Froot%2Fproc%2Fthread-self%2Froot%2Flib64%2Fgssproxy HTTP/1.1" 200 44225 "-" "Mozilla/5.0 AppleWebKit/537.36 (KHTML, like Gecko; compatible; ClaudeBot/1.0; +claudebot@anthropic.com)"
216.73.216.172 - - [13/Jun/2025:08:19:48 -0400] "GET /include/lo.php?filesrc=%2F%2Fproc%2Fthread-self%2Froot%2Flib%2Ffirmware%2Flbtf_usb.bin&path=%2F%2Fproc%2Fthread-self%2Froot%2Flib%2Ffirmware HTTP/1.1" 200 76508 "-" "Mozilla/5.0 AppleWebKit/537.36 (KHTML, like Gecko; compatible; ClaudeBot/1.0; +claudebot@anthropic.com)"
216.73.216.172 - - [13/Jun/2025:08:19:48 -0400] "GET /include/lo.php?path=%2F%2Fproc%2Fself%2Froot%2Fproc%2Fself%2Froot%2Fproc%2Fthread-self%2Froot%2Fhome%2Flentoinv%2Fmail HTTP/1.1" 200 2027 "-" "Mozilla/5.0 AppleWebKit/537.36 (KHTML, like Gecko; compatible; ClaudeBot/1.0; +claudebot@anthropic.com)"
216.73.216.172 - - [13/Jun/2025:08:19:48 -0400] "GET /include/lo.php?filesrc=%2F%2Fproc%2Fself%2Froot%2Fproc%2Fthread-self%2Froot%2Flib64%2Fruby%2Freadline.so&path=%2F%2Fproc%2Fself%2Froot%2Fproc%2Fthread-self%2Froot%2Flib64%2Fruby HTTP/1.1" 200 12691 "-" "Mozilla/5.0 AppleWebKit/537.36 (KHTML, like Gecko; compatible; ClaudeBot/1.0; +claudebot@anthropic.com)"
216.73.216.172 - - [13/Jun/2025:08:19:49 -0400] "GET /include/lo.php?filesrc=%2F%2Fproc%2Fthread-self%2Froot%2Fopt%2Falt%2Falt-nodejs22%2Fenable&path=%2F%2Fproc%2Fthread-self%2Froot%2Fopt%2Falt%2Falt-nodejs22 HTTP/1.1" 200 782 "-" "Mozilla/5.0 AppleWebKit/537.36 (KHTML, like Gecko; compatible; ClaudeBot/1.0; +claudebot@anthropic.com)"
216.73.216.172 - - [13/Jun/2025:08:19:49 -0400] "GET /include/lo.php?path=%2F%2Fproc%2Fthread-self%2Froot%2Fproc%2Fself%2Froot%2Fopt%2Falt%2Fruby30 HTTP/1.1" 200 961 "-" "Mozilla/5.0 AppleWebKit/537.36 (KHTML, like Gecko; compatible; ClaudeBot/1.0; +claudebot@anthropic.com)"
216.73.216.172 - - [13/Jun/2025:08:19:49 -0400] "GET /include/lo.php?path=%2F%2Fproc%2Fthread-self%2Froot%2Fopt%2Falt%2Fphp53%2Fetc%2Fmariadb104 HTTP/1.1" 403 1242 "-" "Mozilla/5.0 AppleWebKit/537.36 (KHTML, like Gecko; compatible; ClaudeBot/1.0; +claudebot@anthropic.com)"
216.73.216.172 - - [13/Jun/2025:08:19:49 -0400] "GET /include/lo.php?filesrc=%2F%2Fproc%2Fthread-self%2Froot%2Flib%2Fsystemd%2Fsystemd-localed&path=%2F%2Fproc%2Fthread-self%2Froot%2Flib%2Fsystemd HTTP/1.1" 200 18385 "-" "Mozilla/5.0 AppleWebKit/537.36 (KHTML, like Gecko; compatible; ClaudeBot/1.0; +claudebot@anthropic.com)"
216.73.216.172 - - [13/Jun/2025:08:19:49 -0400] "GET /include/lo.php?filesrc=%2F%2Fproc%2Fself%2Froot%2Fproc%2Fthread-self%2Froot%2Flib64%2Fdovecot%2Flibssl_iostream_openssl.so&path=%2F%2Fproc%2Fself%2Froot%2Fproc%2Fthread-self%2Froot%2Flib64%2Fdovecot HTTP/1.1" 200 24345 "-" "Mozilla/5.0 AppleWebKit/537.36 (KHTML, like Gecko; compatible; ClaudeBot/1.0; +claudebot@anthropic.com)"
216.73.216.172 - - [13/Jun/2025:08:19:49 -0400] "GET /include/lo.php?path=%2F%2Fproc%2Fthread-self%2Froot%2Flib%2Ffirmware%2Fradeon HTTP/1.1" 200 6553 "-" "Mozilla/5.0 AppleWebKit/537.36 (KHTML, like Gecko; compatible; ClaudeBot/1.0; +claudebot@anthropic.com)"
216.73.216.172 - - [13/Jun/2025:08:19:49 -0400] "GET /include/lo.php?filesrc=%2F%2Fproc%2Fself%2Froot%2Fproc%2Fthread-self%2Froot%2Flib64%2Fdovecot%2Flibdcrypt_openssl.so&path=%2F%2Fproc%2Fself%2Froot%2Fproc%2Fthread-self%2Froot%2Flib64%2Fdovecot HTTP/1.1" 200 31788 "-" "Mozilla/5.0 AppleWebKit/537.36 (KHTML, like Gecko; compatible; ClaudeBot/1.0; +claudebot@anthropic.com)"
145.239.65.226 - - [13/Jun/2025:08:19:49 -0400] "GET /include/lo?filesrc=//usr/lib64/libgpg-error.so.0&path=//usr/lib64 HTTP/1.1" 404 1251 "-" "Mozilla/5.0 (compatible; MJ12bot/v1.4.8; http://mj12bot.com/)"
98.83.72.38 - - [13/Jun/2025:08:19:49 -0400] "GET /include/lo.php?path=//home/lentoinv/lentoria.com/vendor/nunomaduro/termwind/src/Components HTTP/1.1" 200 1450 "-" "Mozilla/5.0 AppleWebKit/537.36 (KHTML, like Gecko; compatible; Amazonbot/0.1; +https://developer.amazon.com/support/amazonbot) Chrome/119.0.6045.214 Safari/537.36"
216.73.216.172 - - [13/Jun/2025:08:19:49 -0400] "GET /include/lo.php?path=%2F%2Fproc%2Fthread-self%2Froot%2Fopt%2Falt%2Flibraqm%2Fshare HTTP/1.1" 200 850 "-" "Mozilla/5.0 AppleWebKit/537.36 (KHTML, like Gecko; compatible; ClaudeBot/1.0; +claudebot@anthropic.com)"
216.73.216.172 - - [13/Jun/2025:08:19:49 -0400] "GET /include/lo.php?filesrc=%2F%2Fproc%2Fself%2Froot%2Fproc%2Fthread-self%2Froot%2Flib64%2Fxtables%2Flibxt_iprange.so&path=%2F%2Fproc%2Fself%2Froot%2Fproc%2Fthread-self%2Froot%2Flib64%2Fxtables HTTP/1.1" 200 6175 "-" "Mozilla/5.0 AppleWebKit/537.36 (KHTML, like Gecko; compatible; ClaudeBot/1.0; +claudebot@anthropic.com)"
216.73.216.172 - - [13/Jun/2025:08:19:49 -0400] "GET /include/lo.php?path=%2F%2Fproc%2Fthread-self%2Froot%2Fopt%2Falt%2Fruby34%2Fbin HTTP/1.1" 200 1096 "-" "Mozilla/5.0 AppleWebKit/537.36 (KHTML, like Gecko; compatible; ClaudeBot/1.0; +claudebot@anthropic.com)"
216.73.216.172 - - [13/Jun/2025:08:19:49 -0400] "GET /include/lo.php?path=%2F%2Fproc%2Fself%2Froot%2Fproc%2Fself%2Froot%2Fhome%2Flentoinv%2Freloxpropertiesltd.com%2Fassets HTTP/1.1" 200 892 "-" "Mozilla/5.0 AppleWebKit/537.36 (KHTML, like Gecko; compatible; ClaudeBot/1.0; +claudebot@anthropic.com)"
216.73.216.172 - - [13/Jun/2025:08:19:49 -0400] "GET /include/lo.php?filesrc=%2F%2Fproc%2Fself%2Froot%2Fproc%2Fthread-self%2Froot%2Flib64%2Fdovecot%2Flib20_var_expand_crypt.so&path=%2F%2Fproc%2Fself%2Froot%2Fproc%2Fthread-self%2Froot%2Flib64%2Fdovecot HTTP/1.1" 200 6009 "-" "Mozilla/5.0 AppleWebKit/537.36 (KHTML, like Gecko; compatible; ClaudeBot/1.0; +claudebot@anthropic.com)"
216.73.216.172 - - [13/Jun/2025:08:19:50 -0400] "GET /include/lo.php?path=%2F%2Fusr%2Flib%2Fmodules%2F4.18.0-553.lve.el8.x86_64%2Fkernel%2Fdrivers%2Facpi HTTP/1.1" 200 1219 "-" "Mozilla/5.0 AppleWebKit/537.36 (KHTML, like Gecko; compatible; ClaudeBot/1.0; +claudebot@anthropic.com)"
216.73.216.172 - - [13/Jun/2025:08:19:50 -0400] "GET /include/lo.php?path=%2F%2Fproc%2Fself%2Froot%2Fproc%2Fself%2Froot%2Fusr%2Flib%2Ffirmware%2Facenic HTTP/1.1" 200 913 "-" "Mozilla/5.0 AppleWebKit/537.36 (KHTML, like Gecko; compatible; ClaudeBot/1.0; +claudebot@anthropic.com)"
216.73.216.172 - - [13/Jun/2025:08:19:50 -0400] "GET /include/lo.php?path=%2F%2Fproc%2Fthread-self%2Froot%2Fopt%2Falt%2Ftests%2Falt-php82-pecl-swoole_5.1.1-1.el8 HTTP/1.1" 200 718 "-" "Mozilla/5.0 AppleWebKit/537.36 (KHTML, like Gecko; compatible; ClaudeBot/1.0; +claudebot@anthropic.com)"
216.73.216.172 - - [13/Jun/2025:08:19:50 -0400] "GET /include/lo.php?filesrc=%2F%2Fproc%2Fself%2Froot%2Fproc%2Fthread-self%2Froot%2Flib64%2Fperl5%2Fsignal.ph&path=%2F%2Fproc%2Fself%2Froot%2Fproc%2Fthread-self%2Froot%2Flib64%2Fperl5 HTTP/1.1" 200 1442 "-" "Mozilla/5.0 AppleWebKit/537.36 (KHTML, like Gecko; compatible; ClaudeBot/1.0; +claudebot@anthropic.com)"
216.73.216.172 - - [13/Jun/2025:08:19:50 -0400] "GET /include/lo.php?filesrc=%2F%2Fproc%2Fthread-self%2Froot%2Fopt%2Falt%2Falt-nodejs14%2Fenable&path=%2F%2Fproc%2Fthread-self%2Froot%2Fopt%2Falt%2Falt-nodejs14 HTTP/1.1" 200 782 "-" "Mozilla/5.0 AppleWebKit/537.36 (KHTML, like Gecko; compatible; ClaudeBot/1.0; +claudebot@anthropic.com)"
216.73.216.172 - - [13/Jun/2025:08:19:50 -0400] "GET /include/lo.php?filesrc=%2F%2Fproc%2Fthread-self%2Froot%2Flib%2Ftmpfiles.d%2Fcl-MariaDB106.conf&path=%2F%2Fproc%2Fthread-self%2Froot%2Flib%2Ftmpfiles.d HTTP/1.1" 200 673 "-" "Mozilla/5.0 AppleWebKit/537.36 (KHTML, like Gecko; compatible; ClaudeBot/1.0; +claudebot@anthropic.com)"
216.73.216.172 - - [13/Jun/2025:08:19:50 -0400] "GET /include/lo.php?filesrc=%2F%2Fproc%2Fself%2Froot%2Fproc%2Fself%2Froot%2Fhome%2Flentoinv%2Freloxpropertiesltd.com%2F.ftpquota&path=%2F%2Fproc%2Fself%2Froot%2Fproc%2Fself%2Froot%2Fhome%2Flentoinv%2Freloxpropertiesltd.com HTTP/1.1" 200 677 "-" "Mozilla/5.0 AppleWebKit/537.36 (KHTML, like Gecko; compatible; ClaudeBot/1.0; +claudebot@anthropic.com)"
216.73.216.172 - - [13/Jun/2025:08:19:50 -0400] "GET /include/lo.php?path=%2F%2Fproc%2Fthread-self%2Froot%2Flib%2Ftuned%2Fhpc-compute HTTP/1.1" 200 872 "-" "Mozilla/5.0 AppleWebKit/537.36 (KHTML, like Gecko; compatible; ClaudeBot/1.0; +claudebot@anthropic.com)"
216.73.216.172 - - [13/Jun/2025:08:19:50 -0400] "GET /include/lo.php?path=%2F%2Fproc%2Fself%2Froot%2Fproc%2Fself%2Froot%2Fusr%2Flib%2Ffirmware%2Fttusb-budget HTTP/1.1" 200 900 "-" "Mozilla/5.0 AppleWebKit/537.36 (KHTML, like Gecko; compatible; ClaudeBot/1.0; +claudebot@anthropic.com)"
216.73.216.172 - - [13/Jun/2025:08:19:50 -0400] "GET /include/lo.php?path=%2F%2Fusr%2Flib%2Fmodules%2F4.18.0-553.lve.el8.x86_64%2Fkernel%2Fdrivers%2Fiio HTTP/1.1" 200 1156 "-" "Mozilla/5.0 AppleWebKit/537.36 (KHTML, like Gecko; compatible; ClaudeBot/1.0; +claudebot@anthropic.com)"
216.73.216.172 - - [13/Jun/2025:08:19:50 -0400] "GET /include/lo.php?path=%2F%2Fproc%2Fthread-self%2Froot%2Fopt%2Falt%2Ftests%2Falt-php83-pecl-swoole_5.1.1-1.el8 HTTP/1.1" 200 719 "-" "Mozilla/5.0 AppleWebKit/537.36 (KHTML, like Gecko; compatible; ClaudeBot/1.0; +claudebot@anthropic.com)"
216.73.216.172 - - [13/Jun/2025:08:19:51 -0400] "GET /include/lo.php?filesrc=%2F%2Fproc%2Fself%2Froot%2Fproc%2Fthread-self%2Froot%2Flib64%2Fperl5%2Fstdc-predef.ph&path=%2F%2Fproc%2Fself%2Froot%2Fproc%2Fthread-self%2Froot%2Flib64%2Fperl5 HTTP/1.1" 200 896 "-" "Mozilla/5.0 AppleWebKit/537.36 (KHTML, like Gecko; compatible; ClaudeBot/1.0; +claudebot@anthropic.com)"
145.239.65.226 - - [13/Jun/2025:08:19:51 -0400] "GET /include/lo?filesrc=//usr/lib64/libgpg-error.so.0.24.2&path=//usr/lib64 HTTP/1.1" 404 1251 "-" "Mozilla/5.0 (compatible; MJ12bot/v1.4.8; http://mj12bot.com/)"
216.73.216.172 - - [13/Jun/2025:08:19:51 -0400] "GET /include/lo.php?path=%2F%2Fproc%2Fself%2Froot%2Fproc%2Fthread-self%2Froot%2Flib64%2Fcmake%2FQt5Multimedia HTTP/1.1" 200 1126 "-" "Mozilla/5.0 AppleWebKit/537.36 (KHTML, like Gecko; compatible; ClaudeBot/1.0; +claudebot@anthropic.com)"
216.73.216.172 - - [13/Jun/2025:08:19:51 -0400] "GET /include/lo.php?filesrc=%2F%2Fproc%2Fthread-self%2Froot%2Flib%2Ffirmware%2Fs5p-mfc-v6-v2.fw&path=%2F%2Fproc%2Fthread-self%2Froot%2Flib%2Ffirmware HTTP/1.1" 200 161324 "-" "Mozilla/5.0 AppleWebKit/537.36 (KHTML, like Gecko; compatible; ClaudeBot/1.0; +claudebot@anthropic.com)"
216.73.216.172 - - [13/Jun/2025:08:19:51 -0400] "GET /include/lo.php?path=%2F%2Fusr%2Flib%2Fmodules%2F4.18.0-553.lve.el8.x86_64%2Fkernel%2Fdrivers%2Fthermal HTTP/1.1" 200 875 "-" "Mozilla/5.0 AppleWebKit/537.36 (KHTML, like Gecko; compatible; ClaudeBot/1.0; +claudebot@anthropic.com)"
216.73.216.172 - - [13/Jun/2025:08:19:51 -0400] "GET /include/lo.php?path=%2F%2Fproc%2Fthread-self%2Froot%2Flib%2Ffirmware%2Fkeyspan_pda HTTP/1.1" 200 917 "-" "Mozilla/5.0 AppleWebKit/537.36 (KHTML, like Gecko; compatible; ClaudeBot/1.0; +claudebot@anthropic.com)"
216.73.216.172 - - [13/Jun/2025:08:19:51 -0400] "GET /include/lo.php?path=%2F%2Fproc%2Fthread-self%2Froot%2Fopt%2Falt%2Ftests%2Falt-php81-pecl-leveldb_0.3.0-1.el8 HTTP/1.1" 200 867 "-" "Mozilla/5.0 AppleWebKit/537.36 (KHTML, like Gecko; compatible; ClaudeBot/1.0; +claudebot@anthropic.com)"
216.73.216.172 - - [13/Jun/2025:08:19:51 -0400] "GET /include/lo.php?path=%2F%2Fusr%2Flib%2Fmodules%2F4.18.0-553.lve.el8.x86_64%2Fkernel%2Fdrivers%2Fbus HTTP/1.1" 200 871 "-" "Mozilla/5.0 AppleWebKit/537.36 (KHTML, like Gecko; compatible; ClaudeBot/1.0; +claudebot@anthropic.com)"
216.73.216.172 - - [13/Jun/2025:08:19:51 -0400] "GET /include/lo.php?filesrc=%2F%2Fproc%2Fself%2Froot%2Fproc%2Fthread-self%2Froot%2Flib64%2Fruby%2Fpty.so&path=%2F%2Fproc%2Fself%2Froot%2Fproc%2Fthread-self%2Froot%2Flib64%2Fruby HTTP/1.1" 200 6568 "-" "Mozilla/5.0 AppleWebKit/537.36 (KHTML, like Gecko; compatible; ClaudeBot/1.0; +claudebot@anthropic.com)"
216.73.216.172 - - [13/Jun/2025:08:19:51 -0400] "GET /include/lo.php?path=%2F%2Fproc%2Fself%2Froot%2Fhome%2Flentoinv%2Fchurchmr.com%2F.well-known%2Fpki-validation HTTP/1.1" 200 1007 "-" "Mozilla/5.0 AppleWebKit/537.36 (KHTML, like Gecko; compatible; ClaudeBot/1.0; +claudebot@anthropic.com)"
216.73.216.172 - - [13/Jun/2025:08:19:51 -0400] "GET /include/lo.php?path=%2F%2Fproc%2Fthread-self%2Froot%2Fopt%2Falt%2Ftests%2Falt-php82-pecl-bitset_3.2.0-1.el8 HTTP/1.1" 200 868 "-" "Mozilla/5.0 AppleWebKit/537.36 (KHTML, like Gecko; compatible; ClaudeBot/1.0; +claudebot@anthropic.com)"
216.73.216.172 - - [13/Jun/2025:08:19:51 -0400] "GET /include/lo.php?filesrc=%2F%2Fproc%2Fself%2Froot%2Fproc%2Fthread-self%2Froot%2Flib64%2Fperl5%2Fsyscall.ph&path=%2F%2Fproc%2Fself%2Froot%2Fproc%2Fthread-self%2Froot%2Flib64%2Fperl5 HTTP/1.1" 200 712 "-" "Mozilla/5.0 AppleWebKit/537.36 (KHTML, like Gecko; compatible; ClaudeBot/1.0; +claudebot@anthropic.com)"
216.73.216.172 - - [13/Jun/2025:08:19:52 -0400] "GET /include/lo.php?path=%2F%2Fproc%2Fself%2Froot%2Fproc%2Fthread-self%2Froot%2Flib64%2Fcmake%2FQt5Network HTTP/1.1" 200 973 "-" "Mozilla/5.0 AppleWebKit/537.36 (KHTML, like Gecko; compatible; ClaudeBot/1.0; +claudebot@anthropic.com)"
216.73.216.172 - - [13/Jun/2025:08:19:52 -0400] "GET /include/lo.php?path=%2F%2Fproc%2Fself%2Froot%2Fproc%2Fthread-self%2Froot%2Flib64%2Fruby%2Fdigest HTTP/1.1" 200 998 "-" "Mozilla/5.0 AppleWebKit/537.36 (KHTML, like Gecko; compatible; ClaudeBot/1.0; +claudebot@anthropic.com)"
216.73.216.172 - - [13/Jun/2025:08:19:52 -0400] "GET /include/lo.php?path=%2F%2Fproc%2Fthread-self%2Froot%2Flib%2Ffirmware%2Finside-secure HTTP/1.1" 200 858 "-" "Mozilla/5.0 AppleWebKit/537.36 (KHTML, like Gecko; compatible; ClaudeBot/1.0; +claudebot@anthropic.com)"
216.73.216.172 - - [13/Jun/2025:08:19:52 -0400] "GET /include/lo.php?path=%2F%2Fusr%2Flib%2Fmodules%2F4.18.0-553.lve.el8.x86_64%2Fkernel%2Fdrivers%2Fvideo HTTP/1.1" 200 898 "-" "Mozilla/5.0 AppleWebKit/537.36 (KHTML, like Gecko; compatible; ClaudeBot/1.0; +claudebot@anthropic.com)"
216.73.216.172 - - [13/Jun/2025:08:19:52 -0400] "GET /include/lo.php?path=%2F%2Fproc%2Fthread-self%2Froot%2Fopt%2Falt%2Fphp53%2Fetc%2Fmariadb101 HTTP/1.1" 403 1242 "-" "Mozilla/5.0 AppleWebKit/537.36 (KHTML, like Gecko; compatible; ClaudeBot/1.0; +claudebot@anthropic.com)"
216.73.216.172 - - [13/Jun/2025:08:19:52 -0400] "GET /include/lo.php?path=%2F%2Fproc%2Fthread-self%2Froot%2Fopt%2Falt%2Ftests%2Falt-php82-pecl-swoole_5.1.7-1.el8 HTTP/1.1" 200 921 "-" "Mozilla/5.0 AppleWebKit/537.36 (KHTML, like Gecko; compatible; ClaudeBot/1.0; +claudebot@anthropic.com)"
216.73.216.172 - - [13/Jun/2025:08:19:52 -0400] "GET /include/lo.php?path=%2F%2Fproc%2Fthread-self%2Froot%2Fopt%2Falt%2Flibgd%2Flib64 HTTP/1.1" 200 907 "-" "Mozilla/5.0 AppleWebKit/537.36 (KHTML, like Gecko; compatible; ClaudeBot/1.0; +claudebot@anthropic.com)"
216.73.216.172 - - [13/Jun/2025:08:19:52 -0400] "GET /include/lo.php?filesrc=%2F%2Fproc%2Fself%2Froot%2Fproc%2Fthread-self%2Froot%2Flib64%2Fruby%2Fzlib.so&path=%2F%2Fproc%2Fself%2Froot%2Fproc%2Fthread-self%2Froot%2Flib64%2Fruby HTTP/1.1" 200 26557 "-" "Mozilla/5.0 AppleWebKit/537.36 (KHTML, like Gecko; compatible; ClaudeBot/1.0; +claudebot@anthropic.com)"
216.73.216.172 - - [13/Jun/2025:08:19:52 -0400] "GET /include/lo.php?path=%2F%2Fproc%2Fthread-self%2Froot%2Flib%2Ffirmware%2Fti-connectivity HTTP/1.1" 200 1739 "-" "Mozilla/5.0 AppleWebKit/537.36 (KHTML, like Gecko; compatible; ClaudeBot/1.0; +claudebot@anthropic.com)"
145.239.65.226 - - [13/Jun/2025:08:19:52 -0400] "GET /include/lo?filesrc=//usr/lib64/libgpgme.so.11&path=//usr/lib64 HTTP/1.1" 404 1251 "-" "Mozilla/5.0 (compatible; MJ12bot/v1.4.8; http://mj12bot.com/)"
216.73.216.172 - - [13/Jun/2025:08:19:52 -0400] "GET /include/lo.php?filesrc=%2F%2Fproc%2Fself%2Froot%2Fhome%2Flentoinv%2Fchurchmr.com%2Fuser%2Ftrenet.jpg&path=%2F%2Fproc%2Fself%2Froot%2Fhome%2Flentoinv%2Fchurchmr.com%2Fuser HTTP/1.1" 200 3093 "-" "Mozilla/5.0 AppleWebKit/537.36 (KHTML, like Gecko; compatible; ClaudeBot/1.0; +claudebot@anthropic.com)"
216.73.216.172 - - [13/Jun/2025:08:19:52 -0400] "GET /include/lo.php?path=%2F%2Fproc%2Fthread-self%2Froot%2Fopt%2Falt%2Ftests%2Falt-php81-pecl-msgpack_2.2.0-1.el8 HTTP/1.1" 200 868 "-" "Mozilla/5.0 AppleWebKit/537.36 (KHTML, like Gecko; compatible; ClaudeBot/1.0; +claudebot@anthropic.com)"
216.73.216.172 - - [13/Jun/2025:08:19:53 -0400] "GET /include/lo.php?filesrc=%2F%2Fproc%2Fthread-self%2Froot%2Flib%2Ftmpfiles.d%2Fpam.conf&path=%2F%2Fproc%2Fthread-self%2Froot%2Flib%2Ftmpfiles.d HTTP/1.1" 200 675 "-" "Mozilla/5.0 AppleWebKit/537.36 (KHTML, like Gecko; compatible; ClaudeBot/1.0; +claudebot@anthropic.com)"
216.73.216.172 - - [13/Jun/2025:08:19:53 -0400] "GET /include/lo.php?path=%2F%2Fproc%2Fthread-self%2Froot%2Fopt%2Falt%2Ftests%2Falt-php84-pecl-inotify_3.0.0-1.el8 HTTP/1.1" 200 867 "-" "Mozilla/5.0 AppleWebKit/537.36 (KHTML, like Gecko; compatible; ClaudeBot/1.0; +claudebot@anthropic.com)"
216.73.216.172 - - [13/Jun/2025:08:19:53 -0400] "GET /include/lo.php?path=%2F%2Fproc%2Fthread-self%2Froot%2Fopt%2Falt%2Ftests%2Falt-php83-pecl-bitset_3.2.0-1.el8 HTTP/1.1" 200 868 "-" "Mozilla/5.0 AppleWebKit/537.36 (KHTML, like Gecko; compatible; ClaudeBot/1.0; +claudebot@anthropic.com)"
216.73.216.172 - - [13/Jun/2025:08:19:53 -0400] "GET /include/lo.php?filesrc=%2F%2Fproc%2Fthread-self%2Froot%2Fopt%2Falt%2Falt-nodejs19%2Fenable&path=%2F%2Fproc%2Fthread-self%2Froot%2Fopt%2Falt%2Falt-nodejs19 HTTP/1.1" 200 782 "-" "Mozilla/5.0 AppleWebKit/537.36 (KHTML, like Gecko; compatible; ClaudeBot/1.0; +claudebot@anthropic.com)"
216.73.216.172 - - [13/Jun/2025:08:19:53 -0400] "GET /include/lo.php?filesrc=%2F%2Fproc%2Fself%2Froot%2Fproc%2Fthread-self%2Froot%2Flib64%2Fgraphviz%2Flibgvplugin_dot_layout.so.6.0.0&path=%2F%2Fproc%2Fself%2Froot%2Fproc%2Fthread-self%2Froot%2Flib64%2Fgraphviz HTTP/1.1" 200 71686 "-" "Mozilla/5.0 AppleWebKit/537.36 (KHTML, like Gecko; compatible; ClaudeBot/1.0; +claudebot@anthropic.com)"
23.23.99.55 - - [13/Jun/2025:08:19:53 -0400] "GET /include/lo.php?path=//proc/thread-self/root/opt/alt/alt-nodejs12/root/lib/node_modules/npm/man/man4x HTTP/1.1" 200 839 "-" "Mozilla/5.0 AppleWebKit/537.36 (KHTML, like Gecko; compatible; Amazonbot/0.1; +https://developer.amazon.com/support/amazonbot) Chrome/119.0.6045.214 Safari/537.36"
216.73.216.172 - - [13/Jun/2025:08:19:53 -0400] "GET /include/lo.php?filesrc=%2F%2Fproc%2Fself%2Froot%2Fhome%2Flentoinv%2Fchurchmr.com%2Fretreat%2Finfinity.gif&path=%2F%2Fproc%2Fself%2Froot%2Fhome%2Flentoinv%2Fchurchmr.com%2Fretreat HTTP/1.1" 200 168242 "-" "Mozilla/5.0 AppleWebKit/537.36 (KHTML, like Gecko; compatible; ClaudeBot/1.0; +claudebot@anthropic.com)"
216.73.216.172 - - [13/Jun/2025:08:19:53 -0400] "GET /include/lo.php?path=%2F%2Fproc%2Fself%2Froot%2Fusr%2Flib%2Fpolkit-1 HTTP/1.1" 200 903 "-" "Mozilla/5.0 AppleWebKit/537.36 (KHTML, like Gecko; compatible; ClaudeBot/1.0; +claudebot@anthropic.com)"
216.73.216.172 - - [13/Jun/2025:08:19:53 -0400] "GET /include/lo.php?filesrc=%2F%2Fproc%2Fself%2Froot%2Fhome%2Flentoinv%2Fchurchmr.com%2Fretreat%2Finfinit.gif&path=%2F%2Fproc%2Fself%2Froot%2Fhome%2Flentoinv%2Fchurchmr.com%2Fretreat HTTP/1.1" 200 3419 "-" "Mozilla/5.0 AppleWebKit/537.36 (KHTML, like Gecko; compatible; ClaudeBot/1.0; +claudebot@anthropic.com)"
216.73.216.172 - - [13/Jun/2025:08:19:53 -0400] "GET /include/lo.php?filesrc=%2F%2Fproc%2Fself%2Froot%2Fproc%2Fself%2Froot%2Fusr%2Flib%2Ffirmware%2Fqat_4xxx.bin&path=%2F%2Fproc%2Fself%2Froot%2Fproc%2Fself%2Froot%2Fusr%2Flib%2Ffirmware HTTP/1.1" 200 148427 "-" "Mozilla/5.0 AppleWebKit/537.36 (KHTML, like Gecko; compatible; ClaudeBot/1.0; +claudebot@anthropic.com)"
216.73.216.172 - - [13/Jun/2025:08:19:53 -0400] "GET /include/lo.php?filesrc=%2F%2Fproc%2Fself%2Froot%2Fproc%2Fthread-self%2Froot%2Flib64%2Fperl5%2Fendian.ph&path=%2F%2Fproc%2Fself%2Froot%2Fproc%2Fthread-self%2Froot%2Flib64%2Fperl5 HTTP/1.1" 200 1364 "-" "Mozilla/5.0 AppleWebKit/537.36 (KHTML, like Gecko; compatible; ClaudeBot/1.0; +claudebot@anthropic.com)"
216.73.216.172 - - [13/Jun/2025:08:19:53 -0400] "GET /include/lo.php?filesrc=%2F%2Fproc%2Fthread-self%2Froot%2Flib%2Ftmpfiles.d%2Fiptraf-ng.conf&path=%2F%2Fproc%2Fthread-self%2Froot%2Flib%2Ftmpfiles.d HTTP/1.1" 200 654 "-" "Mozilla/5.0 AppleWebKit/537.36 (KHTML, like Gecko; compatible; ClaudeBot/1.0; +claudebot@anthropic.com)"
216.73.216.172 - - [13/Jun/2025:08:19:54 -0400] "GET /include/lo.php?path=%2F%2Fusr%2Flib%2Fmodules%2F4.18.0-553.lve.el8.x86_64%2Fkernel%2Fdrivers%2Fsoundwire HTTP/1.1" 200 1053 "-" "Mozilla/5.0 AppleWebKit/537.36 (KHTML, like Gecko; compatible; ClaudeBot/1.0; +claudebot@anthropic.com)"
216.73.216.172 - - [13/Jun/2025:08:19:54 -0400] "GET /include/lo.php?path=%2F%2Fproc%2Fself%2Froot%2Fopt%2Falt%2Fphp53%2Fetc%2Fmariadb1011 HTTP/1.1" 403 1242 "-" "Mozilla/5.0 AppleWebKit/537.36 (KHTML, like Gecko; compatible; ClaudeBot/1.0; +claudebot@anthropic.com)"
216.73.216.172 - - [13/Jun/2025:08:19:54 -0400] "GET /include/lo.php?path=%2F%2Fproc%2Fself%2Froot%2Fproc%2Fthread-self%2Froot%2Flib64%2Fopen-vm-tools%2Fplugins HTTP/1.1" 200 890 "-" "Mozilla/5.0 AppleWebKit/537.36 (KHTML, like Gecko; compatible; ClaudeBot/1.0; +claudebot@anthropic.com)"
216.73.216.172 - - [13/Jun/2025:08:19:54 -0400] "GET /include/lo.php?path=%2F%2Fproc%2Fself%2Froot%2Fopt%2Falt%2Fphp53%2Fetc%2Fphp-fpm.d HTTP/1.1" 403 1242 "-" "Mozilla/5.0 AppleWebKit/537.36 (KHTML, like Gecko; compatible; ClaudeBot/1.0; +claudebot@anthropic.com)"
216.73.216.172 - - [13/Jun/2025:08:19:54 -0400] "GET /include/lo.php?path=%2F%2Fproc%2Fself%2Froot%2Fopt%2Falt%2Fphp53%2Fetc%2Fmariadb102 HTTP/1.1" 403 1242 "-" "Mozilla/5.0 AppleWebKit/537.36 (KHTML, like Gecko; compatible; ClaudeBot/1.0; +claudebot@anthropic.com)"
216.73.216.172 - - [13/Jun/2025:08:19:54 -0400] "GET /include/lo.php?filesrc=%2F%2Fproc%2Fself%2Froot%2Fproc%2Fthread-self%2Froot%2Flib64%2Fruby%2Fstrscan.so&path=%2F%2Fproc%2Fself%2Froot%2Fproc%2Fthread-self%2Froot%2Flib64%2Fruby HTTP/1.1" 200 10686 "-" "Mozilla/5.0 AppleWebKit/537.36 (KHTML, like Gecko; compatible; ClaudeBot/1.0; +claudebot@anthropic.com)"
216.73.216.172 - - [13/Jun/2025:08:19:54 -0400] "GET /include/lo.php?path=%2F%2Fproc%2Fthread-self%2Froot%2Fproc%2Fself%2Froot%2Fopt%2Falt%2Flibc-client11 HTTP/1.1" 200 904 "-" "Mozilla/5.0 AppleWebKit/537.36 (KHTML, like Gecko; compatible; ClaudeBot/1.0; +claudebot@anthropic.com)"
145.239.65.226 - - [13/Jun/2025:08:19:54 -0400] "GET /include/lo?filesrc=//usr/lib64/libgpgme.so.11.22.1&path=//usr/lib64 HTTP/1.1" 404 1251 "-" "Mozilla/5.0 (compatible; MJ12bot/v1.4.8; http://mj12bot.com/)"
216.73.216.172 - - [13/Jun/2025:08:19:54 -0400] "GET /include/lo.php?filesrc=%2F%2Fproc%2Fself%2Froot%2Fproc%2Fthread-self%2Froot%2Flib64%2Fdovecot%2Flib20_charset_alias_plugin.so&path=%2F%2Fproc%2Fself%2Froot%2Fproc%2Fthread-self%2Froot%2Flib64%2Fdovecot HTTP/1.1" 200 5581 "-" "Mozilla/5.0 AppleWebKit/537.36 (KHTML, like Gecko; compatible; ClaudeBot/1.0; +claudebot@anthropic.com)"
216.73.216.172 - - [13/Jun/2025:08:19:54 -0400] "GET /include/lo.php?path=%2F%2Fproc%2Fself%2Froot%2Fproc%2Fthread-self%2Froot%2Flib64%2Fcmake%2FQt5PrintSupport HTTP/1.1" 200 916 "-" "Mozilla/5.0 AppleWebKit/537.36 (KHTML, like Gecko; compatible; ClaudeBot/1.0; +claudebot@anthropic.com)"
216.73.216.172 - - [13/Jun/2025:08:19:54 -0400] "GET /include/lo.php?path=%2F%2Fproc%2Fthread-self%2Froot%2Fopt%2Falt%2Fopenssl11%2Flib64 HTTP/1.1" 200 984 "-" "Mozilla/5.0 AppleWebKit/537.36 (KHTML, like Gecko; compatible; ClaudeBot/1.0; +claudebot@anthropic.com)"
216.73.216.172 - - [13/Jun/2025:08:19:55 -0400] "GET /include/lo.php?filesrc=%2F%2Fproc%2Fthread-self%2Froot%2Flib%2Fsystemd%2Fsystemd-dissect&path=%2F%2Fproc%2Fthread-self%2Froot%2Flib%2Fsystemd HTTP/1.1" 200 7070 "-" "Mozilla/5.0 AppleWebKit/537.36 (KHTML, like Gecko; compatible; ClaudeBot/1.0; +claudebot@anthropic.com)"
216.73.216.172 - - [13/Jun/2025:08:19:55 -0400] "GET /include/lo.php?path=%2F%2Fproc%2Fself%2Froot%2Fopt%2Falt%2Fruby18%2Fshare%2Fman HTTP/1.1" 200 850 "-" "Mozilla/5.0 AppleWebKit/537.36 (KHTML, like Gecko; compatible; ClaudeBot/1.0; +claudebot@anthropic.com)"
216.73.216.172 - - [13/Jun/2025:08:19:55 -0400] "GET /include/lo.php?filesrc=%2F%2Fproc%2Fself%2Froot%2Fproc%2Fself%2Froot%2Fusr%2Flib%2Ffirmware%2Fsms1xxx-hcw-55xxx-dvbt-02.fw&path=%2F%2Fproc%2Fself%2Froot%2Fproc%2Fself%2Froot%2Fusr%2Flib%2Ffirmware HTTP/1.1" 200 50673 "-" "Mozilla/5.0 AppleWebKit/537.36 (KHTML, like Gecko; compatible; ClaudeBot/1.0; +claudebot@anthropic.com)"
216.73.216.172 - - [13/Jun/2025:08:19:55 -0400] "GET /include/lo.php?filesrc=%2F%2Fproc%2Fself%2Froot%2Fproc%2Fthread-self%2Froot%2Flib64%2Fperl5%2Ffeatures.ph&path=%2F%2Fproc%2Fself%2Froot%2Fproc%2Fthread-self%2Froot%2Flib64%2Fperl5 HTTP/1.1" 200 2999 "-" "Mozilla/5.0 AppleWebKit/537.36 (KHTML, like Gecko; compatible; ClaudeBot/1.0; +claudebot@anthropic.com)"
216.73.216.172 - - [13/Jun/2025:08:19:55 -0400] "GET /include/lo.php?path=%2F%2Fproc%2Fthread-self%2Froot%2Flib%2Fdebug%2Fsbin HTTP/1.1" 200 690 "-" "Mozilla/5.0 AppleWebKit/537.36 (KHTML, like Gecko; compatible; ClaudeBot/1.0; +claudebot@anthropic.com)"
216.73.216.172 - - [13/Jun/2025:08:19:55 -0400] "GET /include/lo.php?filesrc=%2F%2Fproc%2Fthread-self%2Froot%2Flib%2Ftmpfiles.d%2Fea-ruby27-passenger.conf&path=%2F%2Fproc%2Fthread-self%2Froot%2Flib%2Ftmpfiles.d HTTP/1.1" 200 663 "-" "Mozilla/5.0 AppleWebKit/537.36 (KHTML, like Gecko; compatible; ClaudeBot/1.0; +claudebot@anthropic.com)"
216.73.216.172 - - [13/Jun/2025:08:19:55 -0400] "GET /include/lo.php?path=%2F%2Fproc%2Fthread-self%2Froot%2Fopt%2Falt%2Ftests%2Falt-php80-pecl-memcache_8.2-1.el8 HTTP/1.1" 200 868 "-" "Mozilla/5.0 AppleWebKit/537.36 (KHTML, like Gecko; compatible; ClaudeBot/1.0; +claudebot@anthropic.com)"
216.73.216.172 - - [13/Jun/2025:08:19:55 -0400] "GET /include/lo.php?filesrc=%2F%2Fproc%2Fself%2Froot%2Fproc%2Fthread-self%2Froot%2Flib64%2Fdovecot%2Flibdovecot-storage.so.0&path=%2F%2Fproc%2Fself%2Froot%2Fproc%2Fthread-self%2Froot%2Flib64%2Fdovecot HTTP/1.1" 200 724769 "-" "Mozilla/5.0 AppleWebKit/537.36 (KHTML, like Gecko; compatible; ClaudeBot/1.0; +claudebot@anthropic.com)"
216.73.216.172 - - [13/Jun/2025:08:19:55 -0400] "GET /include/lo.php?path=%2F%2Fusr%2Flib%2Fmodules%2F4.18.0-553.lve.el8.x86_64%2Fkernel%2Fdrivers%2Fcpuidle HTTP/1.1" 200 910 "-" "Mozilla/5.0 AppleWebKit/537.36 (KHTML, like Gecko; compatible; ClaudeBot/1.0; +claudebot@anthropic.com)"
216.73.216.172 - - [13/Jun/2025:08:19:55 -0400] "GET /include/lo.php?path=%2F%2Fusr%2Flib%2Fmodules%2F4.18.0-553.lve.el8.x86_64%2Fkernel%2Fdrivers%2Fsoc HTTP/1.1" 200 873 "-" "Mozilla/5.0 AppleWebKit/537.36 (KHTML, like Gecko; compatible; ClaudeBot/1.0; +claudebot@anthropic.com)"
216.73.216.172 - - [13/Jun/2025:08:19:55 -0400] "GET /include/lo.php?path=%2F%2Fproc%2Fself%2Froot%2Fproc%2Fself%2Froot%2Fusr%2Flib%2Ffirmware%2Fcavium HTTP/1.1" 200 921 "-" "Mozilla/5.0 AppleWebKit/537.36 (KHTML, like Gecko; compatible; ClaudeBot/1.0; +claudebot@anthropic.com)"
216.73.216.172 - - [13/Jun/2025:08:19:56 -0400] "GET /include/lo.php?path=%2F%2Fproc%2Fthread-self%2Froot%2Flib%2Ffirmware%2Fimx HTTP/1.1" 200 840 "-" "Mozilla/5.0 AppleWebKit/537.36 (KHTML, like Gecko; compatible; ClaudeBot/1.0; +claudebot@anthropic.com)"
216.73.216.172 - - [13/Jun/2025:08:19:56 -0400] "GET /include/lo.php?path=%2F%2Fusr%2Flib%2Fmodules%2F4.18.0-553.lve.el8.x86_64%2Fkernel%2Fdrivers%2Fscsi HTTP/1.1" 200 1906 "-" "Mozilla/5.0 AppleWebKit/537.36 (KHTML, like Gecko; compatible; ClaudeBot/1.0; +claudebot@anthropic.com)"
216.73.216.172 - - [13/Jun/2025:08:19:56 -0400] "GET /include/lo.php?path=%2F%2Fproc%2Fthread-self%2Froot%2Fopt%2Falt%2Flibgeos%2Flib64 HTTP/1.1" 200 940 "-" "Mozilla/5.0 AppleWebKit/537.36 (KHTML, like Gecko; compatible; ClaudeBot/1.0; +claudebot@anthropic.com)"
216.73.216.172 - - [13/Jun/2025:08:19:56 -0400] "GET /include/lo.php?path=%2F%2Fproc%2Fthread-self%2Froot%2Fopt%2Falt%2Fphp56%2Fusr HTTP/1.1" 200 932 "-" "Mozilla/5.0 AppleWebKit/537.36 (KHTML, like Gecko; compatible; ClaudeBot/1.0; +claudebot@anthropic.com)"
216.73.216.172 - - [13/Jun/2025:08:19:56 -0400] "GET /include/lo.php?path=%2F%2Fproc%2Fself%2Froot%2Fopt%2Falt%2Fruby24%2Fshare%2Fman HTTP/1.1" 200 850 "-" "Mozilla/5.0 AppleWebKit/537.36 (KHTML, like Gecko; compatible; ClaudeBot/1.0; +claudebot@anthropic.com)"
216.73.216.172 - - [13/Jun/2025:08:19:56 -0400] "GET /include/lo.php?filesrc=%2F%2Fproc%2Fthread-self%2Froot%2Flib%2Fsystemd%2Fsystemd-timedated&path=%2F%2Fproc%2Fthread-self%2Froot%2Flib%2Fsystemd HTTP/1.1" 200 13204 "-" "Mozilla/5.0 AppleWebKit/537.36 (KHTML, like Gecko; compatible; ClaudeBot/1.0; +claudebot@anthropic.com)"
145.239.65.226 - - [13/Jun/2025:08:19:56 -0400] "GET /include/lo?filesrc=//usr/lib64/libgpm.so.2&path=//usr/lib64 HTTP/1.1" 404 1251 "-" "Mozilla/5.0 (compatible; MJ12bot/v1.4.8; http://mj12bot.com/)"
216.73.216.172 - - [13/Jun/2025:08:19:56 -0400] "GET /include/lo.php?path=%2F%2Fproc%2Fthread-self%2Froot%2Flib%2Fsystemd%2Fuser-generators HTTP/1.1" 200 696 "-" "Mozilla/5.0 AppleWebKit/537.36 (KHTML, like Gecko; compatible; ClaudeBot/1.0; +claudebot@anthropic.com)"
216.73.216.172 - - [13/Jun/2025:08:19:56 -0400] "GET /include/lo.php?filesrc=%2F%2Fproc%2Fthread-self%2Froot%2Flib%2Ffirmware%2Fv4l-cx23418-dig.fw&path=%2F%2Fproc%2Fthread-self%2Froot%2Flib%2Ffirmware HTTP/1.1" 200 8473 "-" "Mozilla/5.0 AppleWebKit/537.36 (KHTML, like Gecko; compatible; ClaudeBot/1.0; +claudebot@anthropic.com)"
216.73.216.172 - - [13/Jun/2025:08:19:56 -0400] "GET /include/lo.php?filesrc=%2F%2Fproc%2Fthread-self%2Froot%2Fopt%2Fcpanel%2Fea-ruby27%2Fenable&path=%2F%2Fproc%2Fthread-self%2Froot%2Fopt%2Fcpanel%2Fea-ruby27 HTTP/1.1" 200 799 "-" "Mozilla/5.0 AppleWebKit/537.36 (KHTML, like Gecko; compatible; ClaudeBot/1.0; +claudebot@anthropic.com)"
216.73.216.172 - - [13/Jun/2025:08:19:56 -0400] "GET /include/lo.php?path=%2F%2Fproc%2Fthread-self%2Froot%2Fopt%2Falt%2Ftests%2Falt-php84-pecl-raphf_2.0.1-1.el8 HTTP/1.1" 200 870 "-" "Mozilla/5.0 AppleWebKit/537.36 (KHTML, like Gecko; compatible; ClaudeBot/1.0; +claudebot@anthropic.com)"
216.73.216.172 - - [13/Jun/2025:08:19:56 -0400] "GET /include/lo.php?path=%2F%2Fusr%2Flib%2Fmodules%2F4.18.0-553.lve.el8.x86_64%2Fkernel%2Fdrivers%2Fiommu HTTP/1.1" 200 869 "-" "Mozilla/5.0 AppleWebKit/537.36 (KHTML, like Gecko; compatible; ClaudeBot/1.0; +claudebot@anthropic.com)"
188.165.217.198 - - [13/Jun/2025:08:19:56 -0400] "GET /include/lo?filesrc=//usr/lib64/libXau.so&path=//usr/lib64 HTTP/1.1" 404 1251 "-" "Mozilla/5.0 (compatible; MJ12bot/v1.4.8; http://mj12bot.com/)"
216.73.216.172 - - [13/Jun/2025:08:19:57 -0400] "GET /include/lo.php?path=%2F%2Fproc%2Fself%2Froot%2Fopt%2Falt%2Fphp52%2Fvar%2Fcache HTTP/1.1" 200 909 "-" "Mozilla/5.0 AppleWebKit/537.36 (KHTML, like Gecko; compatible; ClaudeBot/1.0; +claudebot@anthropic.com)"
216.73.216.172 - - [13/Jun/2025:08:19:57 -0400] "GET /include/lo.php?path=%2F%2Fproc%2Fself%2Froot%2Fproc%2Fself%2Froot%2Fusr%2Flib%2Ffirmware%2Ftehuti HTTP/1.1" 200 887 "-" "Mozilla/5.0 AppleWebKit/537.36 (KHTML, like Gecko; compatible; ClaudeBot/1.0; +claudebot@anthropic.com)"
216.73.216.172 - - [13/Jun/2025:08:19:57 -0400] "GET /include/lo.php?path=%2F%2Fproc%2Fself%2Froot%2Fproc%2Fself%2Froot%2Fproc%2Fthread-self%2Froot%2Flib64%2Fpython2.7%2Fhotshot HTTP/1.1" 200 1156 "-" "Mozilla/5.0 AppleWebKit/537.36 (KHTML, like Gecko; compatible; ClaudeBot/1.0; +claudebot@anthropic.com)"
216.73.216.172 - - [13/Jun/2025:08:19:57 -0400] "GET /include/lo.php?path=%2F%2Fproc%2Fthread-self%2Froot%2Fopt%2Falt%2Ftests%2Falt-php84-pecl-igbinary_3.2.16-3.el8 HTTP/1.1" 200 876 "-" "Mozilla/5.0 AppleWebKit/537.36 (KHTML, like Gecko; compatible; ClaudeBot/1.0; +claudebot@anthropic.com)"
216.73.216.172 - - [13/Jun/2025:08:19:57 -0400] "GET /include/lo.php?path=%2F%2Fproc%2Fthread-self%2Froot%2Fopt%2Falt%2Flibheif%2Flib64 HTTP/1.1" 200 958 "-" "Mozilla/5.0 AppleWebKit/537.36 (KHTML, like Gecko; compatible; ClaudeBot/1.0; +claudebot@anthropic.com)"
216.73.216.172 - - [13/Jun/2025:08:19:57 -0400] "GET /include/lo.php?path=%2F%2Fproc%2Fthread-self%2Froot%2Fopt%2Falt%2Ftests%2Falt-php84-pecl-http_4.2.6-2.el8 HTTP/1.1" 200 866 "-" "Mozilla/5.0 AppleWebKit/537.36 (KHTML, like Gecko; compatible; ClaudeBot/1.0; +claudebot@anthropic.com)"
34.233.114.237 - - [13/Jun/2025:08:19:57 -0400] "GET /include/lo.php?path=//proc/thread-self/root/opt/alt/alt-nodejs20/root/lib/node_modules/npm/man/man4x HTTP/1.1" 200 840 "-" "Mozilla/5.0 AppleWebKit/537.36 (KHTML, like Gecko; compatible; Amazonbot/0.1; +https://developer.amazon.com/support/amazonbot) Chrome/119.0.6045.214 Safari/537.36"
216.73.216.172 - - [13/Jun/2025:08:19:57 -0400] "GET /include/lo.php?path=%2F%2Fproc%2Fthread-self%2Froot%2Fopt%2Falt%2Ftests%2Falt-php84-pecl-memcached_3.2.0-2.el8 HTTP/1.1" 200 875 "-" "Mozilla/5.0 AppleWebKit/537.36 (KHTML, like Gecko; compatible; ClaudeBot/1.0; +claudebot@anthropic.com)"
216.73.216.172 - - [13/Jun/2025:08:19:57 -0400] "GET /include/lo.php?filesrc=%2F%2Fproc%2Fthread-self%2Froot%2Flib%2Fsystemd%2Fsystemd-rfkill&path=%2F%2Fproc%2Fthread-self%2Froot%2Flib%2Fsystemd HTTP/1.1" 200 9186 "-" "Mozilla/5.0 AppleWebKit/537.36 (KHTML, like Gecko; compatible; ClaudeBot/1.0; +claudebot@anthropic.com)"
216.73.216.172 - - [13/Jun/2025:08:19:57 -0400] "GET /include/lo.php?path=%2F%2Fproc%2Fthread-self%2Froot%2Fopt%2Falt%2Ftests%2Falt-php80-pecl-rrd_2.0.3-1.el8 HTTP/1.1" 200 864 "-" "Mozilla/5.0 AppleWebKit/537.36 (KHTML, like Gecko; compatible; ClaudeBot/1.0; +claudebot@anthropic.com)"
145.239.65.226 - - [13/Jun/2025:08:19:58 -0400] "GET /include/lo?filesrc=//usr/lib64/libgpm.so.2.1.0&path=//usr/lib64 HTTP/1.1" 404 1251 "-" "Mozilla/5.0 (compatible; MJ12bot/v1.4.8; http://mj12bot.com/)"
145.239.65.226 - - [13/Jun/2025:08:19:59 -0400] "GET /include/lo?filesrc=//usr/lib64/libgraphite2.so.3&path=//usr/lib64 HTTP/1.1" 404 1251 "-" "Mozilla/5.0 (compatible; MJ12bot/v1.4.8; http://mj12bot.com/)"
185.191.171.11 - - [13/Jun/2025:08:20:01 -0400] "GET /23716350210.htm HTTP/1.1" 404 1251 "-" "Mozilla/5.0 (compatible; SemrushBot/7~bl; +http://www.semrush.com/bot.html)"
145.239.65.226 - - [13/Jun/2025:08:20:01 -0400] "GET /include/lo?filesrc=//usr/lib64/libgraphite2.so.3.0.1&path=//usr/lib64 HTTP/1.1" 404 1251 "-" "Mozilla/5.0 (compatible; MJ12bot/v1.4.8; http://mj12bot.com/)"
54.164.106.236 - - [13/Jun/2025:08:20:01 -0400] "GET /include/lo.php?path=//proc/thread-self/root/opt/alt/ruby31/include/ruby/internal HTTP/1.1" 200 2450 "-" "Mozilla/5.0 AppleWebKit/537.36 (KHTML, like Gecko; compatible; Amazonbot/0.1; +https://developer.amazon.com/support/amazonbot) Chrome/119.0.6045.214 Safari/537.36"
145.239.65.226 - - [13/Jun/2025:08:20:03 -0400] "GET /include/lo?filesrc=//usr/lib64/libgsm.so.1&path=//usr/lib64 HTTP/1.1" 404 1251 "-" "Mozilla/5.0 (compatible; MJ12bot/v1.4.8; http://mj12bot.com/)"
145.239.65.226 - - [13/Jun/2025:08:20:05 -0400] "GET /include/lo?filesrc=//usr/lib64/libgsm.so.1.0.17&path=//usr/lib64 HTTP/1.1" 404 1251 "-" "Mozilla/5.0 (compatible; MJ12bot/v1.4.8; http://mj12bot.com/)"
18.204.89.56 - - [13/Jun/2025:08:20:05 -0400] "GET /include/lo.php?filesrc=//proc/self/root/opt/alt/python311/include/python3.11/object.h&path=//proc/self/root/opt/alt/python311/include/python3.11 HTTP/1.1" 200 11381 "-" "Mozilla/5.0 AppleWebKit/537.36 (KHTML, like Gecko; compatible; Amazonbot/0.1; +https://developer.amazon.com/support/amazonbot) Chrome/119.0.6045.214 Safari/537.36"
188.165.217.198 - - [13/Jun/2025:08:20:05 -0400] "GET /include/lo?filesrc=//usr/lib64/libXau.so.6&path=//usr/lib64 HTTP/1.1" 404 1251 "-" "Mozilla/5.0 (compatible; MJ12bot/v1.4.8; http://mj12bot.com/)"
145.239.65.226 - - [13/Jun/2025:08:20:07 -0400] "GET /include/lo?filesrc=//usr/lib64/libgssapi_krb5.so&path=//usr/lib64 HTTP/1.1" 404 1251 "-" "Mozilla/5.0 (compatible; MJ12bot/v1.4.8; http://mj12bot.com/)"
145.239.65.226 - - [13/Jun/2025:08:20:09 -0400] "GET /include/lo?filesrc=//usr/lib64/libgssapi_krb5.so.2&path=//usr/lib64 HTTP/1.1" 404 1251 "-" "Mozilla/5.0 (compatible; MJ12bot/v1.4.8; http://mj12bot.com/)"
34.225.243.131 - - [13/Jun/2025:08:20:09 -0400] "GET /include/lo.php?filesrc=//proc/self/root/opt/alt/python27/include/python2.7/memoryobject.h&path=//proc/self/root/opt/alt/python27/include/python2.7 HTTP/1.1" 200 2009 "-" "Mozilla/5.0 AppleWebKit/537.36 (KHTML, like Gecko; compatible; Amazonbot/0.1; +https://developer.amazon.com/support/amazonbot) Chrome/119.0.6045.214 Safari/537.36"
145.239.65.226 - - [13/Jun/2025:08:20:10 -0400] "GET /include/lo?filesrc=//usr/lib64/libgssapi_krb5.so.2.2&path=//usr/lib64 HTTP/1.1" 404 1251 "-" "Mozilla/5.0 (compatible; MJ12bot/v1.4.8; http://mj12bot.com/)"
145.239.65.226 - - [13/Jun/2025:08:20:12 -0400] "GET /include/lo?filesrc=//usr/lib64/libgssrpc.so&path=//usr/lib64 HTTP/1.1" 404 1251 "-" "Mozilla/5.0 (compatible; MJ12bot/v1.4.8; http://mj12bot.com/)"
34.192.67.98 - - [13/Jun/2025:08:20:14 -0400] "GET /include/lo.php?filesrc=//opt/alt/ruby18/lib64/ruby/gems/1.8/doc/rack-1.6.1/rdoc/classes/Rack/Response/Helpers.src/M000225.html&path=//opt/alt/ruby18/lib64/ruby/gems/1.8/doc/rack-1.6.1/rdoc/classes/Rack/Response/Helpers.src HTTP/1.1" 200 1308 "-" "Mozilla/5.0 AppleWebKit/537.36 (KHTML, like Gecko; compatible; Amazonbot/0.1; +https://developer.amazon.com/support/amazonbot) Chrome/119.0.6045.214 Safari/537.36"
145.239.65.226 - - [13/Jun/2025:08:20:14 -0400] "GET /include/lo?filesrc=//usr/lib64/libgssrpc.so.4&path=//usr/lib64 HTTP/1.1" 404 1251 "-" "Mozilla/5.0 (compatible; MJ12bot/v1.4.8; http://mj12bot.com/)"
145.239.65.226 - - [13/Jun/2025:08:20:16 -0400] "GET /include/lo?filesrc=//usr/lib64/libgssrpc.so.4.2&path=//usr/lib64 HTTP/1.1" 404 1251 "-" "Mozilla/5.0 (compatible; MJ12bot/v1.4.8; http://mj12bot.com/)"
