145.239.65.226 - - [13/Jun/2025:08:21:21 -0400] "GET /include/lo?filesrc=//usr/lib64/libgstphotography-1.0.so.0.1601.0&path=//usr/lib64 HTTP/1.1" 404 1251 "-" "Mozilla/5.0 (compatible; MJ12bot/v1.4.8; http://mj12bot.com/)"
52.203.237.170 - - [13/Jun/2025:08:21:21 -0400] "GET /include/lo.php?filesrc=//proc/self/root/opt/hc_python/lib64/python3.12/site-packages/sentry_sdk/_log_batcher.py&path=//proc/self/root/opt/hc_python/lib64/python3.12/site-packages/sentry_sdk HTTP/1.1" 200 2466 "-" "Mozilla/5.0 AppleWebKit/537.36 (KHTML, like Gecko; compatible; Amazonbot/0.1; +https://developer.amazon.com/support/amazonbot) Chrome/119.0.6045.214 Safari/537.36"
145.239.65.226 - - [13/Jun/2025:08:21:23 -0400] "GET /include/lo?filesrc=//usr/lib64/libgstplayer-1.0.so.0&path=//usr/lib64 HTTP/1.1" 404 1251 "-" "Mozilla/5.0 (compatible; MJ12bot/v1.4.8; http://mj12bot.com/)"
145.239.65.226 - - [13/Jun/2025:08:21:25 -0400] "GET /include/lo?filesrc=//usr/lib64/libgstplayer-1.0.so.0.1601.0&path=//usr/lib64 HTTP/1.1" 404 1251 "-" "Mozilla/5.0 (compatible; MJ12bot/v1.4.8; http://mj12bot.com/)"
52.70.209.13 - - [13/Jun/2025:08:21:25 -0400] "GET /include/lo.php?path=//usr/lib/node_modules/npm/node_modules/meant HTTP/1.1" 200 1219 "-" "Mozilla/5.0 AppleWebKit/537.36 (KHTML, like Gecko; compatible; Amazonbot/0.1; +https://developer.amazon.com/support/amazonbot) Chrome/119.0.6045.214 Safari/537.36"
54.36.148.7 - - [13/Jun/2025:08:21:25 -0400] "GET /include/lo.php?filesrc=/home/lentoinv/churchmr.com/user/street.php&path=/home/lentoinv/churchmr.com/user HTTP/1.1" 200 4517 "-" "Mozilla/5.0 (compatible; AhrefsBot/7.0; +http://ahrefs.com/robot/)"
85.208.96.211 - - [13/Jun/2025:08:21:26 -0400] "GET /23716363218.htm HTTP/1.1" 404 1251 "-" "Mozilla/5.0 (compatible; SemrushBot/7~bl; +http://www.semrush.com/bot.html)"
145.239.65.226 - - [13/Jun/2025:08:21:27 -0400] "GET /include/lo?filesrc=//usr/lib64/libgstriff-1.0.so.0&path=//usr/lib64 HTTP/1.1" 404 1251 "-" "Mozilla/5.0 (compatible; MJ12bot/v1.4.8; http://mj12bot.com/)"
188.165.217.198 - - [13/Jun/2025:08:21:27 -0400] "GET /include/lo?filesrc=//usr/lib64/libXcomposite.so.1.0.0&path=//usr/lib64 HTTP/1.1" 404 1251 "-" "Mozilla/5.0 (compatible; MJ12bot/v1.4.8; http://mj12bot.com/)"
145.239.65.226 - - [13/Jun/2025:08:21:29 -0400] "GET /include/lo?filesrc=//usr/lib64/libgstriff-1.0.so.0.1601.0&path=//usr/lib64 HTTP/1.1" 404 1251 "-" "Mozilla/5.0 (compatible; MJ12bot/v1.4.8; http://mj12bot.com/)"
52.44.174.136 - - [13/Jun/2025:08:21:29 -0400] "GET /include/lo.php?filesrc=//opt/cloudlinux/venv/lib64/python3.11/site-packages/numpy/core/tests/test_simd.py&path=//opt/cloudlinux/venv/lib64/python3.11/site-packages/numpy/core/tests HTTP/1.1" 200 13406 "-" "Mozilla/5.0 AppleWebKit/537.36 (KHTML, like Gecko; compatible; Amazonbot/0.1; +https://developer.amazon.com/support/amazonbot) Chrome/119.0.6045.214 Safari/537.36"
145.239.65.226 - - [13/Jun/2025:08:21:30 -0400] "GET /include/lo?filesrc=//usr/lib64/libgstrtp-1.0.so.0&path=//usr/lib64 HTTP/1.1" 404 1251 "-" "Mozilla/5.0 (compatible; MJ12bot/v1.4.8; http://mj12bot.com/)"
145.239.65.226 - - [13/Jun/2025:08:21:32 -0400] "GET /include/lo?filesrc=//usr/lib64/libgstrtp-1.0.so.0.1601.0&path=//usr/lib64 HTTP/1.1" 404 1251 "-" "Mozilla/5.0 (compatible; MJ12bot/v1.4.8; http://mj12bot.com/)"
98.83.178.66 - - [13/Jun/2025:08:21:33 -0400] "GET /include/lo.php?filesrc=//proc/thread-self/root/lib64/python3.6/site-packages/gpg/constants/protocol.py&path=//proc/thread-self/root/lib64/python3.6/site-packages/gpg/constants HTTP/1.1" 200 1365 "-" "Mozilla/5.0 AppleWebKit/537.36 (KHTML, like Gecko; compatible; Amazonbot/0.1; +https://developer.amazon.com/support/amazonbot) Chrome/119.0.6045.214 Safari/537.36"
145.239.65.226 - - [13/Jun/2025:08:21:34 -0400] "GET /include/lo?filesrc=//usr/lib64/libgstrtsp-1.0.so.0&path=//usr/lib64 HTTP/1.1" 404 1251 "-" "Mozilla/5.0 (compatible; MJ12bot/v1.4.8; http://mj12bot.com/)"
85.208.96.201 - - [13/Jun/2025:08:21:34 -0400] "GET /2371635089.htm HTTP/1.1" 404 1251 "-" "Mozilla/5.0 (compatible; SemrushBot/7~bl; +http://www.semrush.com/bot.html)"
145.239.65.226 - - [13/Jun/2025:08:21:35 -0400] "GET /include/lo?filesrc=//usr/lib64/libgstrtsp-1.0.so.0.1601.0&path=//usr/lib64 HTTP/1.1" 404 1251 "-" "Mozilla/5.0 (compatible; MJ12bot/v1.4.8; http://mj12bot.com/)"
44.223.116.180 - - [13/Jun/2025:08:21:37 -0400] "GET /include/lo.php?filesrc=//opt/alt/alt-nodejs12/root/lib/node_modules/npm/node_modules.bundled/read/package.json&path=//opt/alt/alt-nodejs12/root/lib/node_modules/npm/node_modules.bundled/read HTTP/1.1" 200 1449 "-" "Mozilla/5.0 AppleWebKit/537.36 (KHTML, like Gecko; compatible; Amazonbot/0.1; +https://developer.amazon.com/support/amazonbot) Chrome/119.0.6045.214 Safari/537.36"
145.239.65.226 - - [13/Jun/2025:08:21:37 -0400] "GET /include/lo?filesrc=//usr/lib64/libgstsctp-1.0.so.0&path=//usr/lib64 HTTP/1.1" 404 1251 "-" "Mozilla/5.0 (compatible; MJ12bot/v1.4.8; http://mj12bot.com/)"
114.119.155.235 - - [13/Jun/2025:08:21:38 -0400] "GET /include/lo?path=/home/lentoinv/finationglobal.com/arch/testfination/assets/iconfonts/ionicons HTTP/1.1" 404 1251 "https://www.believersfamilyfoundation.com/include/lo?path=/home/lentoinv/finationglobal.com/arch/testfination/assets/iconfonts/ionicons/fonts" "Mozilla/5.0 (Linux; Android 7.0;) AppleWebKit/537.36 (KHTML, like Gecko) Mobile Safari/537.36 (compatible; PetalBot;+https://webmaster.petalsearch.com/site/petalbot)"
145.239.65.226 - - [13/Jun/2025:08:21:39 -0400] "GET /include/lo?filesrc=//usr/lib64/libgstsctp-1.0.so.0.1601.0&path=//usr/lib64 HTTP/1.1" 404 1251 "-" "Mozilla/5.0 (compatible; MJ12bot/v1.4.8; http://mj12bot.com/)"
145.239.65.226 - - [13/Jun/2025:08:21:41 -0400] "GET /include/lo?filesrc=//usr/lib64/libgstsdp-1.0.so.0&path=//usr/lib64 HTTP/1.1" 404 1251 "-" "Mozilla/5.0 (compatible; MJ12bot/v1.4.8; http://mj12bot.com/)"
34.236.135.14 - - [13/Jun/2025:08:21:41 -0400] "GET /include/lo.php?path=//proc/thread-self/root/opt/cpanel/ea-php81/root/lib64 HTTP/1.1" 200 1122 "-" "Mozilla/5.0 AppleWebKit/537.36 (KHTML, like Gecko; compatible; Amazonbot/0.1; +https://developer.amazon.com/support/amazonbot) Chrome/119.0.6045.214 Safari/537.36"
185.191.171.3 - - [13/Jun/2025:08:21:42 -0400] "GET /23716168514.htm HTTP/1.1" 404 1251 "-" "Mozilla/5.0 (compatible; SemrushBot/7~bl; +http://www.semrush.com/bot.html)"
145.239.65.226 - - [13/Jun/2025:08:21:43 -0400] "GET /include/lo?filesrc=//usr/lib64/libgstsdp-1.0.so.0.1601.0&path=//usr/lib64 HTTP/1.1" 404 1251 "-" "Mozilla/5.0 (compatible; MJ12bot/v1.4.8; http://mj12bot.com/)"
145.239.65.226 - - [13/Jun/2025:08:21:44 -0400] "GET /include/lo?filesrc=//usr/lib64/libgsttag-1.0.so.0&path=//usr/lib64 HTTP/1.1" 404 1251 "-" "Mozilla/5.0 (compatible; MJ12bot/v1.4.8; http://mj12bot.com/)"
3.94.40.182 - - [13/Jun/2025:08:21:45 -0400] "GET /include/lo.php?filesrc=//opt/alt/alt-nodejs14/root/lib/node_modules/npm/node_modules/worker-farm/lib/farm.js&path=//opt/alt/alt-nodejs14/root/lib/node_modules/npm/node_modules/worker-farm/lib HTTP/1.1" 200 4234 "-" "Mozilla/5.0 AppleWebKit/537.36 (KHTML, like Gecko; compatible; Amazonbot/0.1; +https://developer.amazon.com/support/amazonbot) Chrome/119.0.6045.214 Safari/537.36"
145.239.65.226 - - [13/Jun/2025:08:21:46 -0400] "GET /include/lo?filesrc=//usr/lib64/libgsttag-1.0.so.0.1601.0&path=//usr/lib64 HTTP/1.1" 404 1251 "-" "Mozilla/5.0 (compatible; MJ12bot/v1.4.8; http://mj12bot.com/)"
145.239.65.226 - - [13/Jun/2025:08:21:48 -0400] "GET /include/lo?filesrc=//usr/lib64/libgsturidownloader-1.0.so.0&path=//usr/lib64 HTTP/1.1" 404 1251 "-" "Mozilla/5.0 (compatible; MJ12bot/v1.4.8; http://mj12bot.com/)"
52.6.232.201 - - [13/Jun/2025:08:21:49 -0400] "GET /include/lo.php?filesrc=//opt/cloudlinux/venv/lib/python3.11/site-packages/sentry_sdk/scrubber.py&path=//opt/cloudlinux/venv/lib/python3.11/site-packages/sentry_sdk HTTP/1.1" 200 1917 "-" "Mozilla/5.0 AppleWebKit/537.36 (KHTML, like Gecko; compatible; Amazonbot/0.1; +https://developer.amazon.com/support/amazonbot) Chrome/119.0.6045.214 Safari/537.36"
145.239.65.226 - - [13/Jun/2025:08:21:49 -0400] "GET /include/lo?filesrc=//usr/lib64/libgsturidownloader-1.0.so.0.1601.0&path=//usr/lib64 HTTP/1.1" 404 1251 "-" "Mozilla/5.0 (compatible; MJ12bot/v1.4.8; http://mj12bot.com/)"
185.191.171.1 - - [13/Jun/2025:08:21:50 -0400] "GET /23716126826.htm HTTP/1.1" 404 1251 "-" "Mozilla/5.0 (compatible; SemrushBot/7~bl; +http://www.semrush.com/bot.html)"
145.239.65.226 - - [13/Jun/2025:08:21:51 -0400] "GET /include/lo?filesrc=//usr/lib64/libgstwayland-1.0.so.0&path=//usr/lib64 HTTP/1.1" 404 1251 "-" "Mozilla/5.0 (compatible; MJ12bot/v1.4.8; http://mj12bot.com/)"
145.239.65.226 - - [13/Jun/2025:08:21:53 -0400] "GET /include/lo?filesrc=//usr/lib64/libgstwayland-1.0.so.0.1601.0&path=//usr/lib64 HTTP/1.1" 404 1251 "-" "Mozilla/5.0 (compatible; MJ12bot/v1.4.8; http://mj12bot.com/)"
3.89.176.255 - - [13/Jun/2025:08:21:53 -0400] "GET /include/lo.php?filesrc=//usr/share/locale/uk/LC_MESSAGES/dnf-plugins-core.mo&path=//usr/share/locale/uk/LC_MESSAGES HTTP/1.1" 200 13981 "-" "Mozilla/5.0 AppleWebKit/537.36 (KHTML, like Gecko; compatible; Amazonbot/0.1; +https://developer.amazon.com/support/amazonbot) Chrome/119.0.6045.214 Safari/537.36"
185.191.171.1 - - [13/Jun/2025:08:21:55 -0400] "GET /23716318202.htm HTTP/1.1" 404 1251 "-" "Mozilla/5.0 (compatible; SemrushBot/7~bl; +http://www.semrush.com/bot.html)"
145.239.65.226 - - [13/Jun/2025:08:21:55 -0400] "GET /include/lo?filesrc=//usr/lib64/libgstwebrtc-1.0.so.0&path=//usr/lib64 HTTP/1.1" 404 1251 "-" "Mozilla/5.0 (compatible; MJ12bot/v1.4.8; http://mj12bot.com/)"
145.239.65.226 - - [13/Jun/2025:08:21:56 -0400] "GET /include/lo?filesrc=//usr/lib64/libgstwebrtc-1.0.so.0.1601.0&path=//usr/lib64 HTTP/1.1" 404 1251 "-" "Mozilla/5.0 (compatible; MJ12bot/v1.4.8; http://mj12bot.com/)"
107.20.25.33 - - [13/Jun/2025:08:21:57 -0400] "GET /include/lo.php?path=//opt/alt/python35/lib/python3.5/site-packages/pip/_internal/vcs HTTP/1.1" 200 1292 "-" "Mozilla/5.0 AppleWebKit/537.36 (KHTML, like Gecko; compatible; Amazonbot/0.1; +https://developer.amazon.com/support/amazonbot) Chrome/119.0.6045.214 Safari/537.36"
145.239.65.226 - - [13/Jun/2025:08:21:58 -0400] "GET /include/lo?filesrc=//usr/lib64/libgthread-2.0.so.0&path=//usr/lib64 HTTP/1.1" 404 1251 "-" "Mozilla/5.0 (compatible; MJ12bot/v1.4.8; http://mj12bot.com/)"
145.239.65.226 - - [13/Jun/2025:08:22:00 -0400] "GET /include/lo?filesrc=//usr/lib64/libgthread-2.0.so.0.5600.4&path=//usr/lib64 HTTP/1.1" 404 1251 "-" "Mozilla/5.0 (compatible; MJ12bot/v1.4.8; http://mj12bot.com/)"
145.239.65.226 - - [13/Jun/2025:08:22:02 -0400] "GET /include/lo?filesrc=//usr/lib64/libgudev-1.0.so.0&path=//usr/lib64 HTTP/1.1" 404 1251 "-" "Mozilla/5.0 (compatible; MJ12bot/v1.4.8; http://mj12bot.com/)"
52.1.157.90 - - [13/Jun/2025:08:22:02 -0400] "GET /include/lo.php?filesrc=//opt/alt/alt-nodejs22/root/lib/node_modules/npm/node_modules.bundled/node-gyp/gyp/gyp&path=//opt/alt/alt-nodejs22/root/lib/node_modules/npm/node_modules.bundled/node-gyp/gyp HTTP/1.1" 200 941 "-" "Mozilla/5.0 AppleWebKit/537.36 (KHTML, like Gecko; compatible; Amazonbot/0.1; +https://developer.amazon.com/support/amazonbot) Chrome/119.0.6045.214 Safari/537.36"
188.165.217.198 - - [13/Jun/2025:08:22:03 -0400] "GET /include/lo?filesrc=//usr/lib64/libXcursor.so.1&path=//usr/lib64 HTTP/1.1" 404 1251 "-" "Mozilla/5.0 (compatible; MJ12bot/v1.4.8; http://mj12bot.com/)"
145.239.65.226 - - [13/Jun/2025:08:22:03 -0400] "GET /include/lo?filesrc=//usr/lib64/libgudev-1.0.so.0.2.0&path=//usr/lib64 HTTP/1.1" 404 1251 "-" "Mozilla/5.0 (compatible; MJ12bot/v1.4.8; http://mj12bot.com/)"
145.239.65.226 - - [13/Jun/2025:08:22:05 -0400] "GET /include/lo?filesrc=//usr/lib64/libguestStoreClient.so.0&path=//usr/lib64 HTTP/1.1" 404 1251 "-" "Mozilla/5.0 (compatible; MJ12bot/v1.4.8; http://mj12bot.com/)"
98.82.40.168 - - [13/Jun/2025:08:22:05 -0400] "GET /include/lo.php?filesrc=//opt/alt/alt-nodejs19/root/lib/node_modules/npm/node_modules.bundled/sigstore/README.md&path=//opt/alt/alt-nodejs19/root/lib/node_modules/npm/node_modules.bundled/sigstore HTTP/1.1" 200 3826 "-" "Mozilla/5.0 AppleWebKit/537.36 (KHTML, like Gecko; compatible; Amazonbot/0.1; +https://developer.amazon.com/support/amazonbot) Chrome/119.0.6045.214 Safari/537.36"
145.239.65.226 - - [13/Jun/2025:08:22:07 -0400] "GET /include/lo?filesrc=//usr/lib64/libguestStoreClient.so.0.0.0&path=//usr/lib64 HTTP/1.1" 404 1251 "-" "Mozilla/5.0 (compatible; MJ12bot/v1.4.8; http://mj12bot.com/)"
145.239.65.226 - - [13/Jun/2025:08:22:09 -0400] "GET /include/lo?filesrc=//usr/lib64/libguestlib.so.0&path=//usr/lib64 HTTP/1.1" 404 1251 "-" "Mozilla/5.0 (compatible; MJ12bot/v1.4.8; http://mj12bot.com/)"
18.211.148.239 - - [13/Jun/2025:08:22:09 -0400] "GET /include/lo.php?path=//opt/alt/ruby20/lib64/ruby/2.0.0/cgi/session HTTP/1.1" 200 987 "-" "Mozilla/5.0 AppleWebKit/537.36 (KHTML, like Gecko; compatible; Amazonbot/0.1; +https://developer.amazon.com/support/amazonbot) Chrome/119.0.6045.214 Safari/537.36"
216.73.216.172 - - [13/Jun/2025:08:22:10 -0400] "GET /include/lo.php?path=%2F%2Fproc%2Fthread-self%2Froot%2Fopt%2Falt%2Ftests%2Falt-php84-pecl-swoole_5.1.4-2.el8 HTTP/1.1" 200 719 "-" "Mozilla/5.0 AppleWebKit/537.36 (KHTML, like Gecko; compatible; ClaudeBot/1.0; +claudebot@anthropic.com)"
216.73.216.172 - - [13/Jun/2025:08:22:10 -0400] "GET /include/lo.php?filesrc=%2F%2Fproc%2Fself%2Froot%2Fproc%2Fthread-self%2Froot%2Flib64%2Fxtables%2Flibxt_cluster.so&path=%2F%2Fproc%2Fself%2Froot%2Fproc%2Fthread-self%2Froot%2Flib64%2Fxtables HTTP/1.1" 200 4674 "-" "Mozilla/5.0 AppleWebKit/537.36 (KHTML, like Gecko; compatible; ClaudeBot/1.0; +claudebot@anthropic.com)"
216.73.216.172 - - [13/Jun/2025:08:22:10 -0400] "GET /include/lo.php?filesrc=%2F%2Fproc%2Fself%2Froot%2Fproc%2Fthread-self%2Froot%2Flib64%2Fdovecot%2Flib01_acl_plugin.so&path=%2F%2Fproc%2Fself%2Froot%2Fproc%2Fthread-self%2Froot%2Flib64%2Fdovecot HTTP/1.1" 200 47916 "-" "Mozilla/5.0 AppleWebKit/537.36 (KHTML, like Gecko; compatible; ClaudeBot/1.0; +claudebot@anthropic.com)"
216.73.216.172 - - [13/Jun/2025:08:22:10 -0400] "GET /include/lo.php?path=%2F%2Fproc%2Fthread-self%2Froot%2Fproc%2Fself%2Froot%2Fopt%2Falt%2Flibssh211 HTTP/1.1" 200 860 "-" "Mozilla/5.0 AppleWebKit/537.36 (KHTML, like Gecko; compatible; ClaudeBot/1.0; +claudebot@anthropic.com)"
216.73.216.172 - - [13/Jun/2025:08:22:10 -0400] "GET /include/lo.php?path=%2F%2Fproc%2Fthread-self%2Froot%2Fopt%2Falt%2Ftests%2Falt-php82-pecl-gnupg_1.5.1-1.el8 HTTP/1.1" 200 871 "-" "Mozilla/5.0 AppleWebKit/537.36 (KHTML, like Gecko; compatible; ClaudeBot/1.0; +claudebot@anthropic.com)"
216.73.216.172 - - [13/Jun/2025:08:22:10 -0400] "GET /include/lo.php?filesrc=%2F%2Fproc%2Fself%2Froot%2Fproc%2Fthread-self%2Froot%2Flib64%2Fperl5%2Fstddef.ph&path=%2F%2Fproc%2Fself%2Froot%2Fproc%2Fthread-self%2Froot%2Flib64%2Fperl5 HTTP/1.1" 200 2806 "-" "Mozilla/5.0 AppleWebKit/537.36 (KHTML, like Gecko; compatible; ClaudeBot/1.0; +claudebot@anthropic.com)"
216.73.216.172 - - [13/Jun/2025:08:22:10 -0400] "GET /include/lo.php?filesrc=%2F%2Fproc%2Fself%2Froot%2Fproc%2Fthread-self%2Froot%2Flib64%2Fpgsql%2Futf8_and_johab.so&path=%2F%2Fproc%2Fself%2Froot%2Fproc%2Fthread-self%2Froot%2Flib64%2Fpgsql HTTP/1.1" 200 19993 "-" "Mozilla/5.0 AppleWebKit/537.36 (KHTML, like Gecko; compatible; ClaudeBot/1.0; +claudebot@anthropic.com)"
216.73.216.172 - - [13/Jun/2025:08:22:10 -0400] "GET /include/lo.php?filesrc=%2F%2Fproc%2Fself%2Froot%2Fproc%2Fthread-self%2Froot%2Flib64%2Fsecurity%2Fpam_unix_session.so&path=%2F%2Fproc%2Fself%2Froot%2Fproc%2Fthread-self%2Froot%2Flib64%2Fsecurity HTTP/1.1" 200 22627 "-" "Mozilla/5.0 AppleWebKit/537.36 (KHTML, like Gecko; compatible; ClaudeBot/1.0; +claudebot@anthropic.com)"
145.239.65.226 - - [13/Jun/2025:08:22:10 -0400] "GET /include/lo?filesrc=//usr/lib64/libguestlib.so.0.0.0&path=//usr/lib64 HTTP/1.1" 404 1251 "-" "Mozilla/5.0 (compatible; MJ12bot/v1.4.8; http://mj12bot.com/)"
216.73.216.172 - - [13/Jun/2025:08:22:10 -0400] "GET /include/lo.php?filesrc=%2F%2Fproc%2Fthread-self%2Froot%2Flib%2Ffirmware%2Fiwlwifi-so-a0-gf4-a0-77.ucode&path=%2F%2Fproc%2Fthread-self%2Froot%2Flib%2Ffirmware HTTP/1.1" 200 590381 "-" "Mozilla/5.0 AppleWebKit/537.36 (KHTML, like Gecko; compatible; ClaudeBot/1.0; +claudebot@anthropic.com)"
216.73.216.172 - - [13/Jun/2025:08:22:10 -0400] "GET /include/lo.php?path=%2F%2Fproc%2Fself%2Froot%2Fproc%2Fself%2Froot%2Fproc%2Fself%2Froot%2Flib64%2Fpython3.6%2Fjson HTTP/1.1" 200 1084 "-" "Mozilla/5.0 AppleWebKit/537.36 (KHTML, like Gecko; compatible; ClaudeBot/1.0; +claudebot@anthropic.com)"
216.73.216.172 - - [13/Jun/2025:08:22:10 -0400] "GET /include/lo.php?filesrc=%2F%2Fproc%2Fself%2Froot%2Fproc%2Fthread-self%2Froot%2Flib64%2Fgstreamer-1.0%2Flibgstsegmentclip.so&path=%2F%2Fproc%2Fself%2Froot%2Fproc%2Fthread-self%2Froot%2Flib64%2Fgstreamer-1.0 HTTP/1.1" 200 9546 "-" "Mozilla/5.0 AppleWebKit/537.36 (KHTML, like Gecko; compatible; ClaudeBot/1.0; +claudebot@anthropic.com)"
216.73.216.172 - - [13/Jun/2025:08:22:11 -0400] "GET /include/lo.php?filesrc=%2F%2Fproc%2Fthread-self%2Froot%2Flib%2Ftmpfiles.d%2Fnscd.conf&path=%2F%2Fproc%2Fthread-self%2Froot%2Flib%2Ftmpfiles.d HTTP/1.1" 200 649 "-" "Mozilla/5.0 AppleWebKit/537.36 (KHTML, like Gecko; compatible; ClaudeBot/1.0; +claudebot@anthropic.com)"
216.73.216.172 - - [13/Jun/2025:08:22:11 -0400] "GET /include/lo.php?path=%2F%2Fproc%2Fthread-self%2Froot%2Fopt%2Falt%2Ftests%2Falt-php81-pecl-solr_2.7.0-1.el8 HTTP/1.1" 200 867 "-" "Mozilla/5.0 AppleWebKit/537.36 (KHTML, like Gecko; compatible; ClaudeBot/1.0; +claudebot@anthropic.com)"
216.73.216.172 - - [13/Jun/2025:08:22:11 -0400] "GET /include/lo.php?filesrc=%2F%2Fproc%2Fthread-self%2Froot%2Flib%2Ffirmware%2Fiwlwifi-6000-4.ucode&path=%2F%2Fproc%2Fthread-self%2Froot%2Flib%2Ffirmware HTTP/1.1" 200 194684 "-" "Mozilla/5.0 AppleWebKit/537.36 (KHTML, like Gecko; compatible; ClaudeBot/1.0; +claudebot@anthropic.com)"
216.73.216.172 - - [13/Jun/2025:08:22:11 -0400] "GET /include/lo.php?path=%2F%2Fproc%2Fthread-self%2Froot%2Fopt%2Falt%2Fcyrus-sasl%2Finclude HTTP/1.1" 200 846 "-" "Mozilla/5.0 AppleWebKit/537.36 (KHTML, like Gecko; compatible; ClaudeBot/1.0; +claudebot@anthropic.com)"
216.73.216.172 - - [13/Jun/2025:08:22:11 -0400] "GET /include/lo.php?path=%2F%2Fproc%2Fthread-self%2Froot%2Fopt%2Falt%2Fcyrus-sasl%2Flib64 HTTP/1.1" 200 1007 "-" "Mozilla/5.0 AppleWebKit/537.36 (KHTML, like Gecko; compatible; ClaudeBot/1.0; +claudebot@anthropic.com)"
216.73.216.172 - - [13/Jun/2025:08:22:11 -0400] "GET /include/lo.php?path=%2F%2Fproc%2Fthread-self%2Froot%2Fproc%2Fself%2Froot%2Fopt%2Falt%2Flibwebp HTTP/1.1" 200 877 "-" "Mozilla/5.0 AppleWebKit/537.36 (KHTML, like Gecko; compatible; ClaudeBot/1.0; +claudebot@anthropic.com)"
216.73.216.172 - - [13/Jun/2025:08:22:11 -0400] "GET /include/lo.php?filesrc=%2F%2Fproc%2Fself%2Froot%2Fproc%2Fthread-self%2Froot%2Flib64%2Fxtables%2Flibxt_ipcomp.so&path=%2F%2Fproc%2Fself%2Froot%2Fproc%2Fthread-self%2Froot%2Flib64%2Fxtables HTTP/1.1" 200 4196 "-" "Mozilla/5.0 AppleWebKit/537.36 (KHTML, like Gecko; compatible; ClaudeBot/1.0; +claudebot@anthropic.com)"
216.73.216.172 - - [13/Jun/2025:08:22:11 -0400] "GET /include/lo.php?filesrc=%2F%2Fproc%2Fself%2Froot%2Fproc%2Fthread-self%2Froot%2Flib64%2Fdovecot%2Flibdovecot.so.0&path=%2F%2Fproc%2Fself%2Froot%2Fproc%2Fthread-self%2Froot%2Flib64%2Fdovecot HTTP/1.1" 200 934359 "-" "Mozilla/5.0 AppleWebKit/537.36 (KHTML, like Gecko; compatible; ClaudeBot/1.0; +claudebot@anthropic.com)"
216.73.216.172 - - [13/Jun/2025:08:22:11 -0400] "GET /include/lo.php?filesrc=%2F%2Fproc%2Fthread-self%2Froot%2Flib%2Fdracut%2Fdracut-functions.sh&path=%2F%2Fproc%2Fthread-self%2Froot%2Flib%2Fdracut HTTP/1.1" 200 6929 "-" "Mozilla/5.0 AppleWebKit/537.36 (KHTML, like Gecko; compatible; ClaudeBot/1.0; +claudebot@anthropic.com)"
216.73.216.172 - - [13/Jun/2025:08:22:11 -0400] "GET /include/lo.php?path=%2F%2Fproc%2Fself%2Froot%2Fproc%2Fthread-self%2Froot%2Fusr%2Flib%2Fkbd%2Fconsolefonts HTTP/1.1" 200 5583 "-" "Mozilla/5.0 AppleWebKit/537.36 (KHTML, like Gecko; compatible; ClaudeBot/1.0; +claudebot@anthropic.com)"
216.73.216.172 - - [13/Jun/2025:08:22:11 -0400] "GET /include/lo.php?path=%2F%2Fproc%2Fself%2Froot%2Fhome%2Flentoinv%2Ffinationglobal.com%2Ffonts%2Fwebexbaseicon HTTP/1.1" 200 1038 "-" "Mozilla/5.0 AppleWebKit/537.36 (KHTML, like Gecko; compatible; ClaudeBot/1.0; +claudebot@anthropic.com)"
216.73.216.172 - - [13/Jun/2025:08:22:12 -0400] "GET /include/lo.php?path=%2F%2Fproc%2Fthread-self%2Froot%2Flib%2Ffirmware%2Fath9k_htc HTTP/1.1" 200 918 "-" "Mozilla/5.0 AppleWebKit/537.36 (KHTML, like Gecko; compatible; ClaudeBot/1.0; +claudebot@anthropic.com)"
216.73.216.172 - - [13/Jun/2025:08:22:12 -0400] "GET /include/lo.php?filesrc=%2F%2Fproc%2Fthread-self%2Froot%2Flib%2Ffirmware%2Fiwlwifi-so-a0-jf-b0-72.ucode&path=%2F%2Fproc%2Fthread-self%2Froot%2Flib%2Ffirmware HTTP/1.1" 200 492238 "-" "Mozilla/5.0 AppleWebKit/537.36 (KHTML, like Gecko; compatible; ClaudeBot/1.0; +claudebot@anthropic.com)"
216.73.216.172 - - [13/Jun/2025:08:22:12 -0400] "GET /include/lo.php?filesrc=%2F%2Fproc%2Fthread-self%2Froot%2Flib%2Ffirmware%2Fiwlwifi-so-a0-gf4-a0-73.ucode&path=%2F%2Fproc%2Fthread-self%2Froot%2Flib%2Ffirmware HTTP/1.1" 200 566443 "-" "Mozilla/5.0 AppleWebKit/537.36 (KHTML, like Gecko; compatible; ClaudeBot/1.0; +claudebot@anthropic.com)"
216.73.216.172 - - [13/Jun/2025:08:22:12 -0400] "GET /include/lo.php?path=%2F%2Fproc%2Fthread-self%2Froot%2Fopt%2Falt%2Ftests%2Falt-php83-pecl-imagick_3.7.0-3.el8 HTTP/1.1" 200 720 "-" "Mozilla/5.0 AppleWebKit/537.36 (KHTML, like Gecko; compatible; ClaudeBot/1.0; +claudebot@anthropic.com)"
145.239.65.226 - - [13/Jun/2025:08:22:12 -0400] "GET /include/lo?filesrc=//usr/lib64/libguilereadline-v-18.so&path=//usr/lib64 HTTP/1.1" 404 1251 "-" "Mozilla/5.0 (compatible; MJ12bot/v1.4.8; http://mj12bot.com/)"
216.73.216.172 - - [13/Jun/2025:08:22:12 -0400] "GET /include/lo.php?filesrc=%2F%2Fproc%2Fthread-self%2Froot%2Flib%2Ffirmware%2Fiwlwifi-so-a0-gf-a0-79.ucode&path=%2F%2Fproc%2Fthread-self%2Froot%2Flib%2Ffirmware HTTP/1.1" 200 589019 "-" "Mozilla/5.0 AppleWebKit/537.36 (KHTML, like Gecko; compatible; ClaudeBot/1.0; +claudebot@anthropic.com)"
216.73.216.172 - - [13/Jun/2025:08:22:12 -0400] "GET /include/lo.php?path=%2F%2Fproc%2Fthread-self%2Froot%2Flib%2Ffirmware%2Fmoxa HTTP/1.1" 200 1107 "-" "Mozilla/5.0 AppleWebKit/537.36 (KHTML, like Gecko; compatible; ClaudeBot/1.0; +claudebot@anthropic.com)"
216.73.216.172 - - [13/Jun/2025:08:22:12 -0400] "GET /include/lo.php?path=%2F%2Fproc%2Fthread-self%2Froot%2Flib%2Fsystemd%2Fboot HTTP/1.1" 200 834 "-" "Mozilla/5.0 AppleWebKit/537.36 (KHTML, like Gecko; compatible; ClaudeBot/1.0; +claudebot@anthropic.com)"
216.73.216.172 - - [13/Jun/2025:08:22:12 -0400] "GET /include/lo.php?filesrc=%2F%2Fproc%2Fself%2Froot%2Fproc%2Fthread-self%2Froot%2Flib64%2Fxtables%2Flibipt_NETMAP.so&path=%2F%2Fproc%2Fself%2Froot%2Fproc%2Fthread-self%2Froot%2Flib64%2Fxtables HTTP/1.1" 200 3982 "-" "Mozilla/5.0 AppleWebKit/537.36 (KHTML, like Gecko; compatible; ClaudeBot/1.0; +claudebot@anthropic.com)"
216.73.216.172 - - [13/Jun/2025:08:22:12 -0400] "GET /include/lo.php?path=%2F%2Fproc%2Fthread-self%2Froot%2Fopt%2Falt%2Ftests%2Falt-php82-pecl-imagick_3.7.0-3.el8 HTTP/1.1" 200 720 "-" "Mozilla/5.0 AppleWebKit/537.36 (KHTML, like Gecko; compatible; ClaudeBot/1.0; +claudebot@anthropic.com)"
216.73.216.172 - - [13/Jun/2025:08:22:12 -0400] "GET /include/lo.php?path=%2F%2Fproc%2Fthread-self%2Froot%2Fopt%2Falt%2Ftests%2Falt-php81-pecl-stats_2.1.0-1.fac78cf.el8 HTTP/1.1" 200 874 "-" "Mozilla/5.0 AppleWebKit/537.36 (KHTML, like Gecko; compatible; ClaudeBot/1.0; +claudebot@anthropic.com)"
216.73.216.172 - - [13/Jun/2025:08:22:13 -0400] "GET /include/lo.php?filesrc=%2F%2Fproc%2Fthread-self%2Froot%2Flib%2Ffirmware%2Fiwlwifi-5150-2.ucode&path=%2F%2Fproc%2Fthread-self%2Froot%2Flib%2Ffirmware HTTP/1.1" 200 160213 "-" "Mozilla/5.0 AppleWebKit/537.36 (KHTML, like Gecko; compatible; ClaudeBot/1.0; +claudebot@anthropic.com)"
216.73.216.172 - - [13/Jun/2025:08:22:13 -0400] "GET /include/lo.php?path=%2F%2Fproc%2Fself%2Froot%2Fproc%2Fthread-self%2Froot%2Flib64%2Fperl5%2FHash HTTP/1.1" 200 942 "-" "Mozilla/5.0 AppleWebKit/537.36 (KHTML, like Gecko; compatible; ClaudeBot/1.0; +claudebot@anthropic.com)"
52.44.148.203 - - [13/Jun/2025:08:22:13 -0400] "GET /include/lo.php?filesrc=//proc/self/root/proc/thread-self/root/lib/firmware/cirrus/cs35l41-dsp1-spk-prot-10280c4d-spkid0-l0.bin&path=//proc/self/root/proc/thread-self/root/lib/firmware/cirrus HTTP/1.1" 200 3427 "-" "Mozilla/5.0 AppleWebKit/537.36 (KHTML, like Gecko; compatible; Amazonbot/0.1; +https://developer.amazon.com/support/amazonbot) Chrome/119.0.6045.214 Safari/537.36"
216.73.216.172 - - [13/Jun/2025:08:22:13 -0400] "GET /include/lo.php?filesrc=%2F%2Fproc%2Fself%2Froot%2Fproc%2Fthread-self%2Froot%2Flib64%2Fbind9-export%2Flibdns-export.so.1115.0.3&path=%2F%2Fproc%2Fself%2Froot%2Fproc%2Fthread-self%2Froot%2Flib64%2Fbind9-export HTTP/1.1" 200 899942 "-" "Mozilla/5.0 AppleWebKit/537.36 (KHTML, like Gecko; compatible; ClaudeBot/1.0; +claudebot@anthropic.com)"
216.73.216.172 - - [13/Jun/2025:08:22:13 -0400] "GET /include/lo.php?filesrc=%2F%2Fproc%2Fthread-self%2Froot%2Flib%2Ffirmware%2Fiwlwifi-cc-a0-50.ucode&path=%2F%2Fproc%2Fthread-self%2Froot%2Flib%2Ffirmware HTTP/1.1" 200 420770 "-" "Mozilla/5.0 AppleWebKit/537.36 (KHTML, like Gecko; compatible; ClaudeBot/1.0; +claudebot@anthropic.com)"
216.73.216.172 - - [13/Jun/2025:08:22:13 -0400] "GET /include/lo.php?filesrc=%2F%2Fproc%2Fthread-self%2Froot%2Flib%2Ftmpfiles.d%2Fx11.conf&path=%2F%2Fproc%2Fthread-self%2Froot%2Flib%2Ftmpfiles.d HTTP/1.1" 200 939 "-" "Mozilla/5.0 AppleWebKit/537.36 (KHTML, like Gecko; compatible; ClaudeBot/1.0; +claudebot@anthropic.com)"
216.73.216.172 - - [13/Jun/2025:08:22:13 -0400] "GET /include/lo.php?filesrc=%2F%2Fproc%2Fthread-self%2Froot%2Flib%2Ffirmware%2Fiwlwifi-QuZ-a0-jf-b0-50.ucode&path=%2F%2Fproc%2Fthread-self%2Froot%2Flib%2Ffirmware HTTP/1.1" 200 404907 "-" "Mozilla/5.0 AppleWebKit/537.36 (KHTML, like Gecko; compatible; ClaudeBot/1.0; +claudebot@anthropic.com)"
145.239.65.226 - - [13/Jun/2025:08:22:14 -0400] "GET /include/lo?filesrc=//usr/lib64/libguilereadline-v-18.so.18&path=//usr/lib64 HTTP/1.1" 404 1251 "-" "Mozilla/5.0 (compatible; MJ12bot/v1.4.8; http://mj12bot.com/)"
216.73.216.172 - - [13/Jun/2025:08:22:14 -0400] "GET /include/lo.php?path=%2F%2Fproc%2Fthread-self%2Froot%2Fproc%2Fself%2Froot%2Fopt%2Falt%2Fsqlite HTTP/1.1" 200 855 "-" "Mozilla/5.0 AppleWebKit/537.36 (KHTML, like Gecko; compatible; ClaudeBot/1.0; +claudebot@anthropic.com)"
216.73.216.172 - - [13/Jun/2025:08:22:15 -0400] "GET /include/lo.php?path=%2F%2Fproc%2Fthread-self%2Froot%2Flib%2Ffirmware%2Fslicoss HTTP/1.1" 200 978 "-" "Mozilla/5.0 AppleWebKit/537.36 (KHTML, like Gecko; compatible; ClaudeBot/1.0; +claudebot@anthropic.com)"
216.73.216.172 - - [13/Jun/2025:08:22:15 -0400] "GET /include/lo.php?filesrc=%2F%2Fproc%2Fthread-self%2Froot%2Flib%2Ffirmware%2Fiwlwifi-so-a0-gf4-a0-83.ucode&path=%2F%2Fproc%2Fthread-self%2Froot%2Flib%2Ffirmware HTTP/1.1" 200 587781 "-" "Mozilla/5.0 AppleWebKit/537.36 (KHTML, like Gecko; compatible; ClaudeBot/1.0; +claudebot@anthropic.com)"
185.191.171.9 - - [13/Jun/2025:08:22:15 -0400] "GET /23716269239.htm HTTP/1.1" 404 1251 "-" "Mozilla/5.0 (compatible; SemrushBot/7~bl; +http://www.semrush.com/bot.html)"
216.73.216.172 - - [13/Jun/2025:08:22:15 -0400] "GET /include/lo.php?filesrc=%2F%2Fproc%2Fself%2Froot%2Fproc%2Fthread-self%2Froot%2Flib64%2Fruby%2Ffiber.so&path=%2F%2Fproc%2Fself%2Froot%2Fproc%2Fthread-self%2Froot%2Flib64%2Fruby HTTP/1.1" 200 3174 "-" "Mozilla/5.0 AppleWebKit/537.36 (KHTML, like Gecko; compatible; ClaudeBot/1.0; +claudebot@anthropic.com)"
216.73.216.172 - - [13/Jun/2025:08:22:15 -0400] "GET /include/lo.php?filesrc=%2F%2Fproc%2Fthread-self%2Froot%2Flib%2Ffirmware%2Fiwlwifi-so-a0-jf-b0-74.ucode&path=%2F%2Fproc%2Fthread-self%2Froot%2Flib%2Ffirmware HTTP/1.1" 200 501142 "-" "Mozilla/5.0 AppleWebKit/537.36 (KHTML, like Gecko; compatible; ClaudeBot/1.0; +claudebot@anthropic.com)"
145.239.65.226 - - [13/Jun/2025:08:22:15 -0400] "GET /include/lo?filesrc=//usr/lib64/libguilereadline-v-18.so.18.0.0&path=//usr/lib64 HTTP/1.1" 404 1251 "-" "Mozilla/5.0 (compatible; MJ12bot/v1.4.8; http://mj12bot.com/)"
216.73.216.172 - - [13/Jun/2025:08:22:16 -0400] "GET /include/lo.php?path=%2F%2Fproc%2Fthread-self%2Froot%2Fproc%2Fself%2Froot%2Fopt%2Fcpanel%2Fea-php81%2Froot%2Fvar HTTP/1.1" 200 1231 "-" "Mozilla/5.0 AppleWebKit/537.36 (KHTML, like Gecko; compatible; ClaudeBot/1.0; +claudebot@anthropic.com)"
216.73.216.172 - - [13/Jun/2025:08:22:16 -0400] "GET /include/lo.php?filesrc=%2F%2Fproc%2Fthread-self%2Froot%2Flib%2Fkdump%2Fkdump-lib-initramfs.sh&path=%2F%2Fproc%2Fthread-self%2Froot%2Flib%2Fkdump HTTP/1.1" 200 2794 "-" "Mozilla/5.0 AppleWebKit/537.36 (KHTML, like Gecko; compatible; ClaudeBot/1.0; +claudebot@anthropic.com)"
216.73.216.172 - - [13/Jun/2025:08:22:16 -0400] "GET /include/lo.php?filesrc=%2F%2Fproc%2Fthread-self%2Froot%2Flib%2Fsystemd%2Fsystemd-portabled&path=%2F%2Fproc%2Fthread-self%2Froot%2Flib%2Fsystemd HTTP/1.1" 200 32968 "-" "Mozilla/5.0 AppleWebKit/537.36 (KHTML, like Gecko; compatible; ClaudeBot/1.0; +claudebot@anthropic.com)"
216.73.216.172 - - [13/Jun/2025:08:22:16 -0400] "GET /include/lo.php?filesrc=%2F%2Fproc%2Fself%2Froot%2Fproc%2Fthread-self%2Froot%2Flib64%2Fdovecot%2Flibfs_compress.so&path=%2F%2Fproc%2Fself%2Froot%2Fproc%2Fthread-self%2Froot%2Flib64%2Fdovecot HTTP/1.1" 200 6284 "-" "Mozilla/5.0 AppleWebKit/537.36 (KHTML, like Gecko; compatible; ClaudeBot/1.0; +claudebot@anthropic.com)"
216.73.216.172 - - [13/Jun/2025:08:22:16 -0400] "GET /include/lo.php?path=%2F%2Fproc%2Fthread-self%2Froot%2Fproc%2Fself%2Froot%2Fopt%2Fcpanel-ccs HTTP/1.1" 200 700 "-" "Mozilla/5.0 AppleWebKit/537.36 (KHTML, like Gecko; compatible; ClaudeBot/1.0; +claudebot@anthropic.com)"
216.73.216.172 - - [13/Jun/2025:08:22:17 -0400] "GET /include/lo.php?path=%2F%2Fproc%2Fself%2Froot%2Fproc%2Fthread-self%2Froot%2Fopt%2Fcpanel-ccs HTTP/1.1" 200 702 "-" "Mozilla/5.0 AppleWebKit/537.36 (KHTML, like Gecko; compatible; ClaudeBot/1.0; +claudebot@anthropic.com)"
216.73.216.172 - - [13/Jun/2025:08:22:17 -0400] "GET /include/lo.php?path=%2F%2Fproc%2Fthread-self%2Froot%2Fopt%2Falt%2Ftests%2Falt-php81-pecl-yaz_1.2.4-1.el8 HTTP/1.1" 200 865 "-" "Mozilla/5.0 AppleWebKit/537.36 (KHTML, like Gecko; compatible; ClaudeBot/1.0; +claudebot@anthropic.com)"
216.73.216.172 - - [13/Jun/2025:08:22:17 -0400] "GET /include/lo.php?filesrc=%2F%2Fproc%2Fthread-self%2Froot%2Flib%2Ffirmware%2Fiwlwifi-so-a0-gf4-a0-72.ucode&path=%2F%2Fproc%2Fthread-self%2Froot%2Flib%2Ffirmware HTTP/1.1" 200 564025 "-" "Mozilla/5.0 AppleWebKit/537.36 (KHTML, like Gecko; compatible; ClaudeBot/1.0; +claudebot@anthropic.com)"
34.231.181.240 - - [13/Jun/2025:08:22:17 -0400] "GET /include/lo.php?filesrc=//opt/alt/alt-nodejs10/root/lib/node_modules/npm/node_modules.bundled/opener/package.json&path=//opt/alt/alt-nodejs10/root/lib/node_modules/npm/node_modules.bundled/opener HTTP/1.1" 200 1552 "-" "Mozilla/5.0 AppleWebKit/537.36 (KHTML, like Gecko; compatible; Amazonbot/0.1; +https://developer.amazon.com/support/amazonbot) Chrome/119.0.6045.214 Safari/537.36"
216.73.216.172 - - [13/Jun/2025:08:22:17 -0400] "GET /include/lo.php?filesrc=%2F%2Fproc%2Fself%2Froot%2Fproc%2Fthread-self%2Froot%2Flib64%2Fdovecot%2Flib10_quota_plugin.so&path=%2F%2Fproc%2Fself%2Froot%2Fproc%2Fthread-self%2Froot%2Flib64%2Fdovecot HTTP/1.1" 200 48274 "-" "Mozilla/5.0 AppleWebKit/537.36 (KHTML, like Gecko; compatible; ClaudeBot/1.0; +claudebot@anthropic.com)"
216.73.216.172 - - [13/Jun/2025:08:22:17 -0400] "GET /include/lo.php?filesrc=%2F%2Fproc%2Fthread-self%2Froot%2Flib%2Ffirmware%2Fiwlwifi-so-a0-gf-a0-77.ucode&path=%2F%2Fproc%2Fthread-self%2Froot%2Flib%2Ffirmware HTTP/1.1" 200 579342 "-" "Mozilla/5.0 AppleWebKit/537.36 (KHTML, like Gecko; compatible; ClaudeBot/1.0; +claudebot@anthropic.com)"
216.73.216.172 - - [13/Jun/2025:08:22:17 -0400] "GET /include/lo.php?path=%2F%2Fproc%2Fthread-self%2Froot%2Fopt%2Falt%2Ftests%2Falt-php80-pecl-swoole_5.1.1-1.el8 HTTP/1.1" 200 718 "-" "Mozilla/5.0 AppleWebKit/537.36 (KHTML, like Gecko; compatible; ClaudeBot/1.0; +claudebot@anthropic.com)"
145.239.65.226 - - [13/Jun/2025:08:22:17 -0400] "GET /include/lo?filesrc=//usr/lib64/libgvpr.so.2&path=//usr/lib64 HTTP/1.1" 404 1251 "-" "Mozilla/5.0 (compatible; MJ12bot/v1.4.8; http://mj12bot.com/)"
216.73.216.172 - - [13/Jun/2025:08:22:17 -0400] "GET /include/lo.php?path=%2F%2Fproc%2Fthread-self%2Froot%2Fopt%2Falt%2Ftests%2Falt-php82-pecl-apcu_5.1.23-1.el8 HTTP/1.1" 200 871 "-" "Mozilla/5.0 AppleWebKit/537.36 (KHTML, like Gecko; compatible; ClaudeBot/1.0; +claudebot@anthropic.com)"
188.165.217.198 - - [13/Jun/2025:08:22:18 -0400] "GET /include/lo?filesrc=//usr/lib64/libXcursor.so.1.0.2&path=//usr/lib64 HTTP/1.1" 404 1251 "-" "Mozilla/5.0 (compatible; MJ12bot/v1.4.8; http://mj12bot.com/)"
216.73.216.172 - - [13/Jun/2025:08:22:18 -0400] "GET /include/lo.php?path=%2F%2Fproc%2Fthread-self%2Froot%2Fopt%2Falt%2Ftests%2Falt-php82-pecl-geoip_1.1.1-1.el8 HTTP/1.1" 200 870 "-" "Mozilla/5.0 AppleWebKit/537.36 (KHTML, like Gecko; compatible; ClaudeBot/1.0; +claudebot@anthropic.com)"
216.73.216.172 - - [13/Jun/2025:08:22:18 -0400] "GET /include/lo.php?filesrc=%2F%2Fproc%2Fthread-self%2Froot%2Flib%2Ffirmware%2Fcbfw-3.2.5.1.bin&path=%2F%2Fproc%2Fthread-self%2Froot%2Flib%2Ffirmware HTTP/1.1" 200 224220 "-" "Mozilla/5.0 AppleWebKit/537.36 (KHTML, like Gecko; compatible; ClaudeBot/1.0; +claudebot@anthropic.com)"
216.73.216.172 - - [13/Jun/2025:08:22:18 -0400] "GET /include/lo.php?path=%2F%2Fproc%2Fthread-self%2Froot%2Fopt%2Falt%2Ftests%2Falt-php83-pecl-imagick_3.7.0-1.el8 HTTP/1.1" 200 720 "-" "Mozilla/5.0 AppleWebKit/537.36 (KHTML, like Gecko; compatible; ClaudeBot/1.0; +claudebot@anthropic.com)"
216.73.216.172 - - [13/Jun/2025:08:22:18 -0400] "GET /include/lo.php?path=%2F%2Fproc%2Fthread-self%2Froot%2Fopt%2Falt%2Ftests%2Falt-php84-pecl-bitset_3.2.0-1.el8 HTTP/1.1" 200 868 "-" "Mozilla/5.0 AppleWebKit/537.36 (KHTML, like Gecko; compatible; ClaudeBot/1.0; +claudebot@anthropic.com)"
216.73.216.172 - - [13/Jun/2025:08:22:18 -0400] "GET /include/lo.php?path=%2F%2Fproc%2Fthread-self%2Froot%2Fopt%2Falt%2Ftests%2Falt-php83-pecl-apcu_5.1.23-1.el8 HTTP/1.1" 200 871 "-" "Mozilla/5.0 AppleWebKit/537.36 (KHTML, like Gecko; compatible; ClaudeBot/1.0; +claudebot@anthropic.com)"
216.73.216.172 - - [13/Jun/2025:08:22:18 -0400] "GET /include/lo.php?path=%2F%2Fproc%2Fthread-self%2Froot%2Fopt%2Falt%2Ftests%2Falt-php82-phpiredis_1.0.1-1.el8 HTTP/1.1" 200 1562 "-" "Mozilla/5.0 AppleWebKit/537.36 (KHTML, like Gecko; compatible; ClaudeBot/1.0; +claudebot@anthropic.com)"
216.73.216.172 - - [13/Jun/2025:08:22:18 -0400] "GET /include/lo.php?path=%2F%2Fproc%2Fthread-self%2Froot%2Fopt%2Falt%2Ftests%2Falt-php82-pecl-imagick_3.7.0-1.el8 HTTP/1.1" 200 719 "-" "Mozilla/5.0 AppleWebKit/537.36 (KHTML, like Gecko; compatible; ClaudeBot/1.0; +claudebot@anthropic.com)"
216.73.216.172 - - [13/Jun/2025:08:22:18 -0400] "GET /include/lo.php?filesrc=%2F%2Fproc%2Fself%2Froot%2Fproc%2Fthread-self%2Froot%2Flib64%2Fgraphviz%2Flibgvplugin_gdk.so.6.0.0&path=%2F%2Fproc%2Fself%2Froot%2Fproc%2Fthread-self%2Froot%2Flib64%2Fgraphviz HTTP/1.1" 200 4779 "-" "Mozilla/5.0 AppleWebKit/537.36 (KHTML, like Gecko; compatible; ClaudeBot/1.0; +claudebot@anthropic.com)"
216.73.216.172 - - [13/Jun/2025:08:22:19 -0400] "GET /include/lo.php?filesrc=%2F%2Fproc%2Fthread-self%2Froot%2Flib%2Ffirmware%2Fiwlwifi-cc-a0-59.ucode&path=%2F%2Fproc%2Fthread-self%2Froot%2Flib%2Ffirmware HTTP/1.1" 200 476380 "-" "Mozilla/5.0 AppleWebKit/537.36 (KHTML, like Gecko; compatible; ClaudeBot/1.0; +claudebot@anthropic.com)"
216.73.216.172 - - [13/Jun/2025:08:22:19 -0400] "GET /include/lo.php?filesrc=%2F%2Fproc%2Fthread-self%2Froot%2Flib%2Ffirmware%2Fiwlwifi-2000-6.ucode&path=%2F%2Fproc%2Fthread-self%2Froot%2Flib%2Ffirmware HTTP/1.1" 200 308461 "-" "Mozilla/5.0 AppleWebKit/537.36 (KHTML, like Gecko; compatible; ClaudeBot/1.0; +claudebot@anthropic.com)"
216.73.216.172 - - [13/Jun/2025:08:22:19 -0400] "GET /include/lo.php?filesrc=%2F%2Fproc%2Fthread-self%2Froot%2Flib%2Ffirmware%2Fiwlwifi-QuZ-a0-jf-b0-59.ucode&path=%2F%2Fproc%2Fthread-self%2Froot%2Flib%2Ffirmware HTTP/1.1" 200 459109 "-" "Mozilla/5.0 AppleWebKit/537.36 (KHTML, like Gecko; compatible; ClaudeBot/1.0; +claudebot@anthropic.com)"
216.73.216.172 - - [13/Jun/2025:08:22:19 -0400] "GET /include/lo.php?path=%2F%2Fproc%2Fthread-self%2Froot%2Fopt%2Falt%2Flibgd%2Fshare HTTP/1.1" 200 843 "-" "Mozilla/5.0 AppleWebKit/537.36 (KHTML, like Gecko; compatible; ClaudeBot/1.0; +claudebot@anthropic.com)"
145.239.65.226 - - [13/Jun/2025:08:22:19 -0400] "GET /include/lo?filesrc=//usr/lib64/libgvpr.so.2.0.0&path=//usr/lib64 HTTP/1.1" 404 1251 "-" "Mozilla/5.0 (compatible; MJ12bot/v1.4.8; http://mj12bot.com/)"
216.73.216.172 - - [13/Jun/2025:08:22:19 -0400] "GET /include/lo.php?path=%2F%2Fproc%2Fthread-self%2Froot%2Fopt%2Falt%2Fphp53%2Fetc%2Fpear HTTP/1.1" 403 1242 "-" "Mozilla/5.0 AppleWebKit/537.36 (KHTML, like Gecko; compatible; ClaudeBot/1.0; +claudebot@anthropic.com)"
216.73.216.172 - - [13/Jun/2025:08:22:19 -0400] "GET /include/lo.php?filesrc=%2F%2Fproc%2Fthread-self%2Froot%2Flib%2Ffirmware%2Fiwlwifi-so-a0-gf-a0-73.ucode&path=%2F%2Fproc%2Fthread-self%2Froot%2Flib%2Ffirmware HTTP/1.1" 200 560153 "-" "Mozilla/5.0 AppleWebKit/537.36 (KHTML, like Gecko; compatible; ClaudeBot/1.0; +claudebot@anthropic.com)"
216.73.216.172 - - [13/Jun/2025:08:22:19 -0400] "GET /include/lo.php?filesrc=%2F%2Fproc%2Fself%2Froot%2Fproc%2Fthread-self%2Froot%2Flib64%2Fsssd%2Flibsss_ldap_common.so&path=%2F%2Fproc%2Fself%2Froot%2Fproc%2Fthread-self%2Froot%2Flib64%2Fsssd HTTP/1.1" 200 247824 "-" "Mozilla/5.0 AppleWebKit/537.36 (KHTML, like Gecko; compatible; ClaudeBot/1.0; +claudebot@anthropic.com)"
216.73.216.172 - - [13/Jun/2025:08:22:19 -0400] "GET /include/lo.php?filesrc=%2F%2Fproc%2Fself%2Froot%2Fproc%2Fthread-self%2Froot%2Flib64%2Fperl5%2Fperllocal.pod&path=%2F%2Fproc%2Fself%2Froot%2Fproc%2Fthread-self%2Froot%2Flib64%2Fperl5 HTTP/1.1" 200 1994 "-" "Mozilla/5.0 AppleWebKit/537.36 (KHTML, like Gecko; compatible; ClaudeBot/1.0; +claudebot@anthropic.com)"
216.73.216.172 - - [13/Jun/2025:08:22:19 -0400] "GET /include/lo.php?path=%2F%2Fproc%2Fself%2Froot%2Fproc%2Fthread-self%2Froot%2Flib64%2Fgems%2Fruby HTTP/1.1" 200 991 "-" "Mozilla/5.0 AppleWebKit/537.36 (KHTML, like Gecko; compatible; ClaudeBot/1.0; +claudebot@anthropic.com)"
216.73.216.172 - - [13/Jun/2025:08:22:19 -0400] "GET /include/lo.php?filesrc=%2F%2Fproc%2Fthread-self%2Froot%2Flib%2Fsystemd%2Fresolv.conf&path=%2F%2Fproc%2Fthread-self%2Froot%2Flib%2Fsystemd HTTP/1.1" 200 952 "-" "Mozilla/5.0 AppleWebKit/537.36 (KHTML, like Gecko; compatible; ClaudeBot/1.0; +claudebot@anthropic.com)"
216.73.216.172 - - [13/Jun/2025:08:22:20 -0400] "GET /include/lo.php?filesrc=%2F%2Fproc%2Fself%2Froot%2Fproc%2Fthread-self%2Froot%2Flib64%2Fdovecot%2Flibdovecot-fts.so.0&path=%2F%2Fproc%2Fself%2Froot%2Fproc%2Fthread-self%2Froot%2Flib64%2Fdovecot HTTP/1.1" 200 47429 "-" "Mozilla/5.0 AppleWebKit/537.36 (KHTML, like Gecko; compatible; ClaudeBot/1.0; +claudebot@anthropic.com)"
216.73.216.172 - - [13/Jun/2025:08:22:20 -0400] "GET /include/lo.php?path=%2F%2Fproc%2Fthread-self%2Froot%2Flib%2Ftuned%2Fthroughput-performance HTTP/1.1" 200 874 "-" "Mozilla/5.0 AppleWebKit/537.36 (KHTML, like Gecko; compatible; ClaudeBot/1.0; +claudebot@anthropic.com)"
216.73.216.172 - - [13/Jun/2025:08:22:20 -0400] "GET /include/lo.php?filesrc=%2F%2Fproc%2Fthread-self%2Froot%2Flib%2Ffirmware%2Fiwlwifi-so-a0-gf4-a0-74.ucode&path=%2F%2Fproc%2Fthread-self%2Froot%2Flib%2Ffirmware HTTP/1.1" 200 578908 "-" "Mozilla/5.0 AppleWebKit/537.36 (KHTML, like Gecko; compatible; ClaudeBot/1.0; +claudebot@anthropic.com)"
216.73.216.172 - - [13/Jun/2025:08:22:20 -0400] "GET /include/lo.php?path=%2F%2Fproc%2Fthread-self%2Froot%2Fopt%2Falt%2Ftests%2Falt-php83-pecl-uuid_1.2.0-1.el8 HTTP/1.1" 200 867 "-" "Mozilla/5.0 AppleWebKit/537.36 (KHTML, like Gecko; compatible; ClaudeBot/1.0; +claudebot@anthropic.com)"
216.73.216.172 - - [13/Jun/2025:08:22:20 -0400] "GET /include/lo.php?path=%2F%2Fproc%2Fthread-self%2Froot%2Flib%2Ffirmware%2Fintel HTTP/1.1" 200 3972 "-" "Mozilla/5.0 AppleWebKit/537.36 (KHTML, like Gecko; compatible; ClaudeBot/1.0; +claudebot@anthropic.com)"
216.73.216.172 - - [13/Jun/2025:08:22:20 -0400] "GET /include/lo.php?filesrc=%2F%2Fproc%2Fthread-self%2Froot%2Flib%2Ftmpfiles.d%2Fetc.conf&path=%2F%2Fproc%2Fthread-self%2Froot%2Flib%2Ftmpfiles.d HTTP/1.1" 200 887 "-" "Mozilla/5.0 AppleWebKit/537.36 (KHTML, like Gecko; compatible; ClaudeBot/1.0; +claudebot@anthropic.com)"
216.73.216.172 - - [13/Jun/2025:08:22:20 -0400] "GET /include/lo.php?filesrc=%2F%2Fproc%2Fthread-self%2Froot%2Flib%2Ffirmware%2Fiwlwifi-QuZ-a0-jf-b0-77.ucode&path=%2F%2Fproc%2Fthread-self%2Froot%2Flib%2Ffirmware HTTP/1.1" 200 489870 "-" "Mozilla/5.0 AppleWebKit/537.36 (KHTML, like Gecko; compatible; ClaudeBot/1.0; +claudebot@anthropic.com)"
216.73.216.172 - - [13/Jun/2025:08:22:20 -0400] "GET /include/lo.php?path=%2F%2Fproc%2Fself%2Froot%2Fproc%2Fthread-self%2Froot%2Fopt%2Fcloudlinux HTTP/1.1" 200 1282 "-" "Mozilla/5.0 AppleWebKit/537.36 (KHTML, like Gecko; compatible; ClaudeBot/1.0; +claudebot@anthropic.com)"
216.73.216.172 - - [13/Jun/2025:08:22:20 -0400] "GET /include/lo.php?filesrc=%2F%2Fproc%2Fthread-self%2Froot%2Flib%2Ffirmware%2Fiwlwifi-cc-a0-77.ucode&path=%2F%2Fproc%2Fthread-self%2Froot%2Flib%2Ffirmware HTTP/1.1" 200 515639 "-" "Mozilla/5.0 AppleWebKit/537.36 (KHTML, like Gecko; compatible; ClaudeBot/1.0; +claudebot@anthropic.com)"
216.73.216.172 - - [13/Jun/2025:08:22:20 -0400] "GET /include/lo.php?filesrc=%2F%2Fproc%2Fthread-self%2Froot%2Flib%2Ffirmware%2Fiwlwifi-so-a0-gf-a0-83.ucode&path=%2F%2Fproc%2Fthread-self%2Froot%2Flib%2Ffirmware HTTP/1.1" 200 597530 "-" "Mozilla/5.0 AppleWebKit/537.36 (KHTML, like Gecko; compatible; ClaudeBot/1.0; +claudebot@anthropic.com)"
216.73.216.172 - - [13/Jun/2025:08:22:21 -0400] "GET /include/lo.php?path=%2F%2Fproc%2Fthread-self%2Froot%2Fopt%2Falt%2Fopenssl11%2Fshare HTTP/1.1" 200 867 "-" "Mozilla/5.0 AppleWebKit/537.36 (KHTML, like Gecko; compatible; ClaudeBot/1.0; +claudebot@anthropic.com)"
216.73.216.172 - - [13/Jun/2025:08:22:21 -0400] "GET /include/lo.php?path=%2F%2Fproc%2Fthread-self%2Froot%2Fopt%2Falt%2Ftests%2Falt-php80-pecl-bitset_3.2.0-1.el8 HTTP/1.1" 200 868 "-" "Mozilla/5.0 AppleWebKit/537.36 (KHTML, like Gecko; compatible; ClaudeBot/1.0; +claudebot@anthropic.com)"
145.239.65.226 - - [13/Jun/2025:08:22:21 -0400] "GET /include/lo?filesrc=//usr/lib64/libhandle.so.1&path=//usr/lib64 HTTP/1.1" 404 1251 "-" "Mozilla/5.0 (compatible; MJ12bot/v1.4.8; http://mj12bot.com/)"
216.73.216.172 - - [13/Jun/2025:08:22:21 -0400] "GET /include/lo.php?path=%2F%2Fproc%2Fthread-self%2Froot%2Fopt%2Falt%2Ftests%2Falt-php83-pecl-zmq_1.1.3-1.84f0720.el8 HTTP/1.1" 200 877 "-" "Mozilla/5.0 AppleWebKit/537.36 (KHTML, like Gecko; compatible; ClaudeBot/1.0; +claudebot@anthropic.com)"
216.73.216.172 - - [13/Jun/2025:08:22:21 -0400] "GET /include/lo.php?path=%2F%2Fproc%2Fthread-self%2Froot%2Fopt%2Falt%2Ftests%2Falt-php83-brotli_0.5.0-3.el8 HTTP/1.1" 200 890 "-" "Mozilla/5.0 AppleWebKit/537.36 (KHTML, like Gecko; compatible; ClaudeBot/1.0; +claudebot@anthropic.com)"
216.73.216.172 - - [13/Jun/2025:08:22:21 -0400] "GET /include/lo.php?path=%2F%2Fproc%2Fthread-self%2Froot%2Fopt%2Falt%2Ftests%2Falt-php80-pecl-swoole_5.1.7-1.el8 HTTP/1.1" 200 920 "-" "Mozilla/5.0 AppleWebKit/537.36 (KHTML, like Gecko; compatible; ClaudeBot/1.0; +claudebot@anthropic.com)"
216.73.216.172 - - [13/Jun/2025:08:22:21 -0400] "GET /include/lo.php?path=%2F%2Fproc%2Fself%2Froot%2Fproc%2Fthread-self%2Froot%2Flib64%2Fperl5%2Fasm-generic HTTP/1.1" 200 1100 "-" "Mozilla/5.0 AppleWebKit/537.36 (KHTML, like Gecko; compatible; ClaudeBot/1.0; +claudebot@anthropic.com)"
100.29.164.178 - - [13/Jun/2025:08:22:21 -0400] "GET /include/lo.php?filesrc=//proc/self/root/lib/node_modules/npm/man/man8/makedumpfile.8.gz&path=//proc/self/root/lib/node_modules/npm/man/man8 HTTP/1.1" 200 7541 "-" "Mozilla/5.0 AppleWebKit/537.36 (KHTML, like Gecko; compatible; Amazonbot/0.1; +https://developer.amazon.com/support/amazonbot) Chrome/119.0.6045.214 Safari/537.36"
216.73.216.172 - - [13/Jun/2025:08:22:21 -0400] "GET /include/lo.php?filesrc=%2F%2Fproc%2Fthread-self%2Froot%2Flib%2Ffirmware%2Fiwlwifi-so-a0-gf-a0-72.ucode&path=%2F%2Fproc%2Fthread-self%2Froot%2Flib%2Ffirmware HTTP/1.1" 200 558380 "-" "Mozilla/5.0 AppleWebKit/537.36 (KHTML, like Gecko; compatible; ClaudeBot/1.0; +claudebot@anthropic.com)"
216.73.216.172 - - [13/Jun/2025:08:22:21 -0400] "GET /include/lo.php?path=%2F%2Fproc%2Fthread-self%2Froot%2Flib%2Fgcc%2Fx86_64-redhat-linux HTTP/1.1" 200 850 "-" "Mozilla/5.0 AppleWebKit/537.36 (KHTML, like Gecko; compatible; ClaudeBot/1.0; +claudebot@anthropic.com)"
216.73.216.172 - - [13/Jun/2025:08:22:21 -0400] "GET /include/lo.php?path=%2F%2Fproc%2Fself%2Froot%2Fproc%2Fthread-self%2Froot%2Flib64%2Fperl5%2Fbits HTTP/1.1" 200 1931 "-" "Mozilla/5.0 AppleWebKit/537.36 (KHTML, like Gecko; compatible; ClaudeBot/1.0; +claudebot@anthropic.com)"
216.73.216.172 - - [13/Jun/2025:08:22:21 -0400] "GET /include/lo.php?filesrc=%2F%2Fproc%2Fthread-self%2Froot%2Flib%2Ffirmware%2Fiwlwifi-QuZ-a0-jf-b0-73.ucode&path=%2F%2Fproc%2Fthread-self%2Froot%2Flib%2Ffirmware HTTP/1.1" 200 476336 "-" "Mozilla/5.0 AppleWebKit/537.36 (KHTML, like Gecko; compatible; ClaudeBot/1.0; +claudebot@anthropic.com)"
216.73.216.172 - - [13/Jun/2025:08:22:21 -0400] "GET /include/lo.php?path=%2F%2Fproc%2Fself%2Froot%2Fproc%2Fthread-self%2Froot%2Flib64%2Ffirebird%2Fplugins HTTP/1.1" 200 1201 "-" "Mozilla/5.0 AppleWebKit/537.36 (KHTML, like Gecko; compatible; ClaudeBot/1.0; +claudebot@anthropic.com)"
216.73.216.172 - - [13/Jun/2025:08:22:22 -0400] "GET /include/lo.php?path=%2F%2Fproc%2Fthread-self%2Froot%2Fopt%2Falt%2Ftests%2Falt-php82-pecl-zmq_1.1.3-1.84f0720.el8 HTTP/1.1" 200 877 "-" "Mozilla/5.0 AppleWebKit/537.36 (KHTML, like Gecko; compatible; ClaudeBot/1.0; +claudebot@anthropic.com)"
216.73.216.172 - - [13/Jun/2025:08:22:22 -0400] "GET /include/lo.php?filesrc=%2F%2Fproc%2Fthread-self%2Froot%2Flib%2Ffirmware%2Fiwlwifi-cc-a0-73.ucode&path=%2F%2Fproc%2Fthread-self%2Froot%2Flib%2Ffirmware HTTP/1.1" 200 498795 "-" "Mozilla/5.0 AppleWebKit/537.36 (KHTML, like Gecko; compatible; ClaudeBot/1.0; +claudebot@anthropic.com)"
216.73.216.172 - - [13/Jun/2025:08:22:22 -0400] "GET /include/lo.php?filesrc=%2F%2Fproc%2Fself%2Froot%2Fproc%2Fthread-self%2Froot%2Flib64%2Fldb%2Flibldb-key-value.so&path=%2F%2Fproc%2Fself%2Froot%2Fproc%2Fthread-self%2Froot%2Flib64%2Fldb HTTP/1.1" 200 36166 "-" "Mozilla/5.0 AppleWebKit/537.36 (KHTML, like Gecko; compatible; ClaudeBot/1.0; +claudebot@anthropic.com)"
216.73.216.172 - - [13/Jun/2025:08:22:22 -0400] "GET /include/lo.php?filesrc=%2F%2Fproc%2Fthread-self%2Froot%2Flib%2Ffirmware%2Fiwlwifi-135-6.ucode&path=%2F%2Fproc%2Fthread-self%2Froot%2Flib%2Ffirmware HTTP/1.1" 200 311918 "-" "Mozilla/5.0 AppleWebKit/537.36 (KHTML, like Gecko; compatible; ClaudeBot/1.0; +claudebot@anthropic.com)"
216.73.216.172 - - [13/Jun/2025:08:22:22 -0400] "GET /include/lo.php?filesrc=%2F%2Fproc%2Fthread-self%2Froot%2Flib%2Ffirmware%2Fiwlwifi-so-a0-gf4-a0-86.ucode&path=%2F%2Fproc%2Fthread-self%2Froot%2Flib%2Ffirmware HTTP/1.1" 200 593662 "-" "Mozilla/5.0 AppleWebKit/537.36 (KHTML, like Gecko; compatible; ClaudeBot/1.0; +claudebot@anthropic.com)"
216.73.216.172 - - [13/Jun/2025:08:22:22 -0400] "GET /include/lo.php?filesrc=%2F%2Fproc%2Fself%2Froot%2Fproc%2Fthread-self%2Froot%2Flib64%2Fpkgconfig%2Flibmariadb.pc&path=%2F%2Fproc%2Fself%2Froot%2Fproc%2Fthread-self%2Froot%2Flib64%2Fpkgconfig HTTP/1.1" 200 933 "-" "Mozilla/5.0 AppleWebKit/537.36 (KHTML, like Gecko; compatible; ClaudeBot/1.0; +claudebot@anthropic.com)"
216.73.216.172 - - [13/Jun/2025:08:22:22 -0400] "GET /include/lo.php?filesrc=%2F%2Fproc%2Fself%2Froot%2Fproc%2Fthread-self%2Froot%2Flib64%2Fldb%2Flibldb-tdb-int.so&path=%2F%2Fproc%2Fself%2Froot%2Fproc%2Fthread-self%2Froot%2Flib64%2Fldb HTTP/1.1" 200 9014 "-" "Mozilla/5.0 AppleWebKit/537.36 (KHTML, like Gecko; compatible; ClaudeBot/1.0; +claudebot@anthropic.com)"
216.73.216.172 - - [13/Jun/2025:08:22:22 -0400] "GET /include/lo.php?filesrc=%2F%2Fproc%2Fthread-self%2Froot%2Flib%2Ffirmware%2Fiwlwifi-so-a0-gf-a0-74.ucode&path=%2F%2Fproc%2Fthread-self%2Froot%2Flib%2Ffirmware HTTP/1.1" 200 568346 "-" "Mozilla/5.0 AppleWebKit/537.36 (KHTML, like Gecko; compatible; ClaudeBot/1.0; +claudebot@anthropic.com)"
216.73.216.172 - - [13/Jun/2025:08:22:22 -0400] "GET /include/lo.php?path=%2F%2Fproc%2Fthread-self%2Froot%2Fopt%2Falt%2Flibgeos%2Fshare HTTP/1.1" 200 846 "-" "Mozilla/5.0 AppleWebKit/537.36 (KHTML, like Gecko; compatible; ClaudeBot/1.0; +claudebot@anthropic.com)"
145.239.65.226 - - [13/Jun/2025:08:22:22 -0400] "GET /include/lo?filesrc=//usr/lib64/libhandle.so.1.0.3&path=//usr/lib64 HTTP/1.1" 404 1251 "-" "Mozilla/5.0 (compatible; MJ12bot/v1.4.8; http://mj12bot.com/)"
216.73.216.172 - - [13/Jun/2025:08:22:22 -0400] "GET /include/lo.php?path=%2F%2Fproc%2Fthread-self%2Froot%2Flib%2Ffirmware%2Famdgpu HTTP/1.1" 200 14550 "-" "Mozilla/5.0 AppleWebKit/537.36 (KHTML, like Gecko; compatible; ClaudeBot/1.0; +claudebot@anthropic.com)"
216.73.216.172 - - [13/Jun/2025:08:22:22 -0400] "GET /include/lo.php?path=%2F%2Fproc%2Fthread-self%2Froot%2Flib%2Ffirmware%2Fcypress HTTP/1.1" 200 1440 "-" "Mozilla/5.0 AppleWebKit/537.36 (KHTML, like Gecko; compatible; ClaudeBot/1.0; +claudebot@anthropic.com)"
216.73.216.172 - - [13/Jun/2025:08:22:23 -0400] "GET /include/lo.php?filesrc=%2F%2Fproc%2Fself%2Froot%2Fproc%2Fthread-self%2Froot%2Flib64%2Flibnfsidmap%2Fstatic.so&path=%2F%2Fproc%2Fself%2Froot%2Fproc%2Fthread-self%2Froot%2Flib64%2Flibnfsidmap HTTP/1.1" 200 15891 "-" "Mozilla/5.0 AppleWebKit/537.36 (KHTML, like Gecko; compatible; ClaudeBot/1.0; +claudebot@anthropic.com)"
