85.208.96.195 - - [13/Jun/2025:08:16:16 -0400] "GET /23716315276.htm HTTP/1.1" 404 1251 "-" "Mozilla/5.0 (compatible; SemrushBot/7~bl; +http://www.semrush.com/bot.html)"
188.165.232.135 - - [13/Jun/2025:08:16:17 -0400] "GET /include/lo.php?path=/home/lentoinv/test.api.lentoria.com/vendor/laravel/framework/src/Illuminate/Console/resources/views HTTP/1.1" 200 944 "-" "Mozilla/5.0 (compatible; MJ12bot/v1.4.8; http://mj12bot.com/)"
3.230.224.6 - - [13/Jun/2025:08:16:17 -0400] "GET /include/lo.php?filesrc=//proc/self/root/lib/node_modules/npm/man/man3/DTLS_client_method.3ssl.gz&path=//proc/self/root/lib/node_modules/npm/man/man3 HTTP/1.1" 200 4751 "-" "Mozilla/5.0 AppleWebKit/537.36 (KHTML, like Gecko; compatible; Amazonbot/0.1; +https://developer.amazon.com/support/amazonbot) Chrome/119.0.6045.214 Safari/537.36"
145.239.65.226 - - [13/Jun/2025:08:16:17 -0400] "GET /include/lo?filesrc=//usr/lib64/libedit.so.0.0.56&path=//usr/lib64 HTTP/1.1" 404 1251 "-" "Mozilla/5.0 (compatible; MJ12bot/v1.4.8; http://mj12bot.com/)"
188.165.232.135 - - [13/Jun/2025:08:16:19 -0400] "GET /include/lo.php?path=/home/lentoinv/test.api.lentoria.com/vendor/laravel/serializable-closure/src/Contracts HTTP/1.1" 200 966 "-" "Mozilla/5.0 (compatible; MJ12bot/v1.4.8; http://mj12bot.com/)"
145.239.65.226 - - [13/Jun/2025:08:16:19 -0400] "GET /include/lo?filesrc=//usr/lib64/libefa.so.1&path=//usr/lib64 HTTP/1.1" 404 1251 "-" "Mozilla/5.0 (compatible; MJ12bot/v1.4.8; http://mj12bot.com/)"
145.239.65.226 - - [13/Jun/2025:08:16:20 -0400] "GET /include/lo?filesrc=//usr/lib64/libefa.so.1.2.48.0&path=//usr/lib64 HTTP/1.1" 404 1251 "-" "Mozilla/5.0 (compatible; MJ12bot/v1.4.8; http://mj12bot.com/)"
188.165.232.135 - - [13/Jun/2025:08:16:21 -0400] "GET /include/lo.php?path=/home/lentoinv/test.api.lentoria.com/vendor/laravel/serializable-closure/src/Exceptions HTTP/1.1" 200 1032 "-" "Mozilla/5.0 (compatible; MJ12bot/v1.4.8; http://mj12bot.com/)"
66.249.70.133 - - [13/Jun/2025:08:16:21 -0400] "GET /index.phppp=3507066 HTTP/1.1" 404 1251 "-" "Mozilla/5.0 (Linux; Android 6.0.1; Nexus 5X Build/MMB29P) AppleWebKit/537.36 (KHTML, like Gecko) Chrome/136.0.7103.113 Mobile Safari/537.36 (compatible; Googlebot/2.1; +http://www.google.com/bot.html)"
52.207.47.227 - - [13/Jun/2025:08:16:21 -0400] "GET /include/lo.php?filesrc=//proc/self/root/home/lentoinv/covisclubinternational.com/plugins/pace-progress/themes/black/pace-theme-loading-bar.css&path=//proc/self/root/home/lentoinv/covisclubinternational.com/plugins/pace-progress/themes/black HTTP/1.1" 200 2378 "-" "Mozilla/5.0 AppleWebKit/537.36 (KHTML, like Gecko; compatible; Amazonbot/0.1; +https://developer.amazon.com/support/amazonbot) Chrome/119.0.6045.214 Safari/537.36"
145.239.65.226 - - [13/Jun/2025:08:16:22 -0400] "GET /include/lo?filesrc=//usr/lib64/libelf-0.190.so&path=//usr/lib64 HTTP/1.1" 404 1251 "-" "Mozilla/5.0 (compatible; MJ12bot/v1.4.8; http://mj12bot.com/)"
188.165.232.135 - - [13/Jun/2025:08:16:22 -0400] "GET /include/lo.php?path=/home/lentoinv/test.api.lentoria.com/vendor/laravel/serializable-closure/src/Serializers HTTP/1.1" 200 963 "-" "Mozilla/5.0 (compatible; MJ12bot/v1.4.8; http://mj12bot.com/)"
145.239.65.226 - - [13/Jun/2025:08:16:24 -0400] "GET /include/lo?filesrc=//usr/lib64/libelf.so.1&path=//usr/lib64 HTTP/1.1" 404 1251 "-" "Mozilla/5.0 (compatible; MJ12bot/v1.4.8; http://mj12bot.com/)"
188.165.232.135 - - [13/Jun/2025:08:16:25 -0400] "GET /include/lo.php?path=/home/lentoinv/test.api.lentoria.com/vendor/laravel/serializable-closure/src/Signers HTTP/1.1" 200 929 "-" "Mozilla/5.0 (compatible; MJ12bot/v1.4.8; http://mj12bot.com/)"
52.73.142.41 - - [13/Jun/2025:08:16:25 -0400] "GET /include/lo.php?filesrc=//opt/cloudlinux/venv/lib/python3.11/site-packages/numpy/typing/tests/data/pass/ndarray_conversion.py&path=//opt/cloudlinux/venv/lib/python3.11/site-packages/numpy/typing/tests/data/pass HTTP/1.1" 200 1395 "-" "Mozilla/5.0 AppleWebKit/537.36 (KHTML, like Gecko; compatible; Amazonbot/0.1; +https://developer.amazon.com/support/amazonbot) Chrome/119.0.6045.214 Safari/537.36"
145.239.65.226 - - [13/Jun/2025:08:16:25 -0400] "GET /include/lo?filesrc=//usr/lib64/libenchant.so.1&path=//usr/lib64 HTTP/1.1" 404 1251 "-" "Mozilla/5.0 (compatible; MJ12bot/v1.4.8; http://mj12bot.com/)"
188.165.217.198 - - [13/Jun/2025:08:16:25 -0400] "GET /include/lo?filesrc=//usr/lib64/libQt5Test.so.5.15.3&path=//usr/lib64 HTTP/1.1" 404 1251 "-" "Mozilla/5.0 (compatible; MJ12bot/v1.4.8; http://mj12bot.com/)"
188.165.232.135 - - [13/Jun/2025:08:16:26 -0400] "GET /include/lo.php?path=/home/lentoinv/test.api.lentoria.com/vendor/laravel/serializable-closure/src/Support HTTP/1.1" 200 1033 "-" "Mozilla/5.0 (compatible; MJ12bot/v1.4.8; http://mj12bot.com/)"
85.208.96.210 - - [13/Jun/2025:08:16:27 -0400] "GET /2371647175.htm HTTP/1.1" 404 1251 "-" "Mozilla/5.0 (compatible; SemrushBot/7~bl; +http://www.semrush.com/bot.html)"
145.239.65.226 - - [13/Jun/2025:08:16:27 -0400] "GET /include/lo?filesrc=//usr/lib64/libenchant.so.1.6.0&path=//usr/lib64 HTTP/1.1" 404 1251 "-" "Mozilla/5.0 (compatible; MJ12bot/v1.4.8; http://mj12bot.com/)"
216.73.216.172 - - [13/Jun/2025:08:16:28 -0400] "GET /include/lo.php?path=%2F%2Fproc%2Fself%2Froot%2Fproc%2Fself%2Froot%2Fusr%2Flib%2Ffirmware%2Frockchip HTTP/1.1" 200 888 "-" "Mozilla/5.0 AppleWebKit/537.36 (KHTML, like Gecko; compatible; ClaudeBot/1.0; +claudebot@anthropic.com)"
216.73.216.172 - - [13/Jun/2025:08:16:28 -0400] "GET /include/lo.php?filesrc=%2F%2Fproc%2Fthread-self%2Froot%2Flib%2Fsystemd%2Fsystemd-backlight&path=%2F%2Fproc%2Fthread-self%2Froot%2Flib%2Fsystemd HTTP/1.1" 200 8600 "-" "Mozilla/5.0 AppleWebKit/537.36 (KHTML, like Gecko; compatible; ClaudeBot/1.0; +claudebot@anthropic.com)"
216.73.216.172 - - [13/Jun/2025:08:16:28 -0400] "GET /include/lo.php?path=%2F%2Fproc%2Fself%2Froot%2Fproc%2Fself%2Froot%2Fusr%2Flib%2Ffirmware%2Fgo7007 HTTP/1.1" 200 1113 "-" "Mozilla/5.0 AppleWebKit/537.36 (KHTML, like Gecko; compatible; ClaudeBot/1.0; +claudebot@anthropic.com)"
216.73.216.172 - - [13/Jun/2025:08:16:28 -0400] "GET /include/lo.php?path=%2F%2Fproc%2Fself%2Froot%2Fusr%2Flib%2Fmodules%2F4.18.0-553.45.1.lve.el8.x86_64%2Fkernel%2Fnet%2Fsched HTTP/1.1" 200 2185 "-" "Mozilla/5.0 AppleWebKit/537.36 (KHTML, like Gecko; compatible; ClaudeBot/1.0; +claudebot@anthropic.com)"
216.73.216.172 - - [13/Jun/2025:08:16:28 -0400] "GET /include/lo.php?path=%2F%2Fproc%2Fthread-self%2Froot%2Fopt%2Falt%2Ftests%2Falt-php82-pecl-rrd_2.0.3-1.el8 HTTP/1.1" 200 864 "-" "Mozilla/5.0 AppleWebKit/537.36 (KHTML, like Gecko; compatible; ClaudeBot/1.0; +claudebot@anthropic.com)"
216.73.216.172 - - [13/Jun/2025:08:16:28 -0400] "GET /include/lo.php?path=%2F%2Fusr%2Flib%2Fmodules%2F4.18.0-553.lve.el8.x86_64%2Fkernel%2Fdrivers%2Fpps HTTP/1.1" 200 872 "-" "Mozilla/5.0 AppleWebKit/537.36 (KHTML, like Gecko; compatible; ClaudeBot/1.0; +claudebot@anthropic.com)"
216.73.216.172 - - [13/Jun/2025:08:16:28 -0400] "GET /include/lo.php?filesrc=%2F%2Fproc%2Fthread-self%2Froot%2Fopt%2Falt%2Fdefault_php_ini%2Fphp80.ini&path=%2F%2Fproc%2Fthread-self%2Froot%2Fopt%2Falt%2Fdefault_php_ini HTTP/1.1" 200 926 "-" "Mozilla/5.0 AppleWebKit/537.36 (KHTML, like Gecko; compatible; ClaudeBot/1.0; +claudebot@anthropic.com)"
145.239.65.226 - - [13/Jun/2025:08:16:28 -0400] "GET /include/lo?filesrc=//usr/lib64/libesoobS.so.2&path=//usr/lib64 HTTP/1.1" 404 1251 "-" "Mozilla/5.0 (compatible; MJ12bot/v1.4.8; http://mj12bot.com/)"
216.73.216.172 - - [13/Jun/2025:08:16:28 -0400] "GET /include/lo.php?path=%2F%2Fproc%2Fself%2Froot%2Fusr%2Flib%2Fkdump HTTP/1.1" 200 935 "-" "Mozilla/5.0 AppleWebKit/537.36 (KHTML, like Gecko; compatible; ClaudeBot/1.0; +claudebot@anthropic.com)"
216.73.216.172 - - [13/Jun/2025:08:16:28 -0400] "GET /include/lo.php?path=%2F%2Fproc%2Fself%2Froot%2Fhome%2Flentoinv%2Fchurchmr.com%2Fdist%2Fimg HTTP/1.1" 200 1434 "-" "Mozilla/5.0 AppleWebKit/537.36 (KHTML, like Gecko; compatible; ClaudeBot/1.0; +claudebot@anthropic.com)"
216.73.216.172 - - [13/Jun/2025:08:16:28 -0400] "GET /include/lo.php?filesrc=%2F%2Fproc%2Fthread-self%2Froot%2Flib%2Fsystemd%2Fsystemd-modules-load&path=%2F%2Fproc%2Fthread-self%2Froot%2Flib%2Fsystemd HTTP/1.1" 200 7606 "-" "Mozilla/5.0 AppleWebKit/537.36 (KHTML, like Gecko; compatible; ClaudeBot/1.0; +claudebot@anthropic.com)"
216.73.216.172 - - [13/Jun/2025:08:16:29 -0400] "GET /include/lo.php?path=%2F%2Fproc%2Fthread-self%2Froot%2Fopt%2Falt%2Ftests%2Falt-php82-pecl-raphf_2.0.1-1.el8 HTTP/1.1" 200 869 "-" "Mozilla/5.0 AppleWebKit/537.36 (KHTML, like Gecko; compatible; ClaudeBot/1.0; +claudebot@anthropic.com)"
216.73.216.172 - - [13/Jun/2025:08:16:29 -0400] "GET /include/lo.php?path=%2F%2Fproc%2Fself%2Froot%2Fproc%2Fthread-self%2Froot%2Frun%2Fpostgresql HTTP/1.1" 200 904 "-" "Mozilla/5.0 AppleWebKit/537.36 (KHTML, like Gecko; compatible; ClaudeBot/1.0; +claudebot@anthropic.com)"
216.73.216.172 - - [13/Jun/2025:08:16:29 -0400] "GET /include/lo.php?path=%2F%2Fproc%2Fself%2Froot%2Fproc%2Fthread-self%2Froot%2Flib64%2Fcmake%2FQt5MultimediaWidgets HTTP/1.1" 200 722 "-" "Mozilla/5.0 AppleWebKit/537.36 (KHTML, like Gecko; compatible; ClaudeBot/1.0; +claudebot@anthropic.com)"
216.73.216.172 - - [13/Jun/2025:08:16:29 -0400] "GET /include/lo.php?path=%2F%2Fproc%2Fself%2Froot%2Fproc%2Fself%2Froot%2Fusr%2Flib%2Ffirmware%2Famdnpu HTTP/1.1" 200 905 "-" "Mozilla/5.0 AppleWebKit/537.36 (KHTML, like Gecko; compatible; ClaudeBot/1.0; +claudebot@anthropic.com)"
216.73.216.172 - - [13/Jun/2025:08:16:29 -0400] "GET /include/lo.php?path=%2F%2Fopt%2Falt%2Falt-nodejs11%2Froot%2Fusr%2Fshare%2Flocale%2Fmh%2FLC_MESSAGES HTTP/1.1" 200 721 "-" "Mozilla/5.0 AppleWebKit/537.36 (KHTML, like Gecko; compatible; ClaudeBot/1.0; +claudebot@anthropic.com)"
216.73.216.172 - - [13/Jun/2025:08:16:29 -0400] "GET /include/lo.php?path=%2F%2Fproc%2Fself%2Froot%2Fproc%2Fself%2Froot%2Fusr%2Flib%2Ffirmware%2Fe100 HTTP/1.1" 200 933 "-" "Mozilla/5.0 AppleWebKit/537.36 (KHTML, like Gecko; compatible; ClaudeBot/1.0; +claudebot@anthropic.com)"
188.165.232.135 - - [13/Jun/2025:08:16:29 -0400] "GET /include/lo.php?path=/home/lentoinv/test.api.lentoria.com/vendor/laravel/tinker/src/Console HTTP/1.1" 200 933 "-" "Mozilla/5.0 (compatible; MJ12bot/v1.4.8; http://mj12bot.com/)"
216.73.216.172 - - [13/Jun/2025:08:16:29 -0400] "GET /include/lo.php?path=%2F%2Fproc%2Fself%2Froot%2Fproc%2Fself%2Froot%2Fhome%2Flentoinv%2Freloxpropertiesltd.com%2Fuploads HTTP/1.1" 200 989 "-" "Mozilla/5.0 AppleWebKit/537.36 (KHTML, like Gecko; compatible; ClaudeBot/1.0; +claudebot@anthropic.com)"
100.29.63.24 - - [13/Jun/2025:08:16:29 -0400] "GET /include/lo.php?filesrc=//opt/alt/ruby20/lib64/ruby/gems/2.0.0/doc/rack-1.6.4/ri/Rack/Request/params-i.ri&path=//opt/alt/ruby20/lib64/ruby/gems/2.0.0/doc/rack-1.6.4/ri/Rack/Request HTTP/1.1" 200 1125 "-" "Mozilla/5.0 AppleWebKit/537.36 (KHTML, like Gecko; compatible; Amazonbot/0.1; +https://developer.amazon.com/support/amazonbot) Chrome/119.0.6045.214 Safari/537.36"
216.73.216.172 - - [13/Jun/2025:08:16:29 -0400] "GET /include/lo.php?path=%2F%2Fproc%2Fself%2Froot%2Fproc%2Fself%2Froot%2Fusr%2Flib%2Ffirmware%2Fsun HTTP/1.1" 200 887 "-" "Mozilla/5.0 AppleWebKit/537.36 (KHTML, like Gecko; compatible; ClaudeBot/1.0; +claudebot@anthropic.com)"
216.73.216.172 - - [13/Jun/2025:08:16:29 -0400] "GET /include/lo.php?path=%2F%2Fproc%2Fself%2Froot%2Fproc%2Fthread-self%2Froot%2Flib64%2Fcmake%2FQt5OpenGL HTTP/1.1" 200 713 "-" "Mozilla/5.0 AppleWebKit/537.36 (KHTML, like Gecko; compatible; ClaudeBot/1.0; +claudebot@anthropic.com)"
216.73.216.172 - - [13/Jun/2025:08:16:29 -0400] "GET /include/lo.php?filesrc=%2F%2Fproc%2Fself%2Froot%2Fproc%2Fthread-self%2Froot%2Flib64%2Fruby%2Fsyslog.so&path=%2F%2Fproc%2Fself%2Froot%2Fproc%2Fthread-self%2Froot%2Flib64%2Fruby HTTP/1.1" 200 6548 "-" "Mozilla/5.0 AppleWebKit/537.36 (KHTML, like Gecko; compatible; ClaudeBot/1.0; +claudebot@anthropic.com)"
216.73.216.172 - - [13/Jun/2025:08:16:29 -0400] "GET /include/lo.php?filesrc=%2F%2Fproc%2Fself%2Froot%2Fproc%2Fself%2Froot%2Fusr%2Flib%2Ffirmware%2Fqat_402xx.bin&path=%2F%2Fproc%2Fself%2Froot%2Fproc%2Fself%2Froot%2Fusr%2Flib%2Ffirmware HTTP/1.1" 200 126493 "-" "Mozilla/5.0 AppleWebKit/537.36 (KHTML, like Gecko; compatible; ClaudeBot/1.0; +claudebot@anthropic.com)"
216.73.216.172 - - [13/Jun/2025:08:16:30 -0400] "GET /include/lo.php?filesrc=%2F%2Fproc%2Fthread-self%2Froot%2Fopt%2Falt%2Falt-nodejs10%2Fenable&path=%2F%2Fproc%2Fthread-self%2Froot%2Fopt%2Falt%2Falt-nodejs10 HTTP/1.1" 200 782 "-" "Mozilla/5.0 AppleWebKit/537.36 (KHTML, like Gecko; compatible; ClaudeBot/1.0; +claudebot@anthropic.com)"
216.73.216.172 - - [13/Jun/2025:08:16:30 -0400] "GET /include/lo.php?path=%2F%2Fproc%2Fthread-self%2Froot%2Fopt%2Falt%2Ftests%2Falt-php82-pecl-memcached_3.2.0-1.el8 HTTP/1.1" 200 875 "-" "Mozilla/5.0 AppleWebKit/537.36 (KHTML, like Gecko; compatible; ClaudeBot/1.0; +claudebot@anthropic.com)"
145.239.65.226 - - [13/Jun/2025:08:16:30 -0400] "GET /include/lo?filesrc=//usr/lib64/libesoobS.so.2.0.0&path=//usr/lib64 HTTP/1.1" 404 1251 "-" "Mozilla/5.0 (compatible; MJ12bot/v1.4.8; http://mj12bot.com/)"
216.73.216.172 - - [13/Jun/2025:08:16:30 -0400] "GET /include/lo.php?path=%2F%2Fproc%2Fthread-self%2Froot%2Fopt%2Falt%2Ftests%2Falt-php81-pecl-redis_5.3.7-5.el8 HTTP/1.1" 200 870 "-" "Mozilla/5.0 AppleWebKit/537.36 (KHTML, like Gecko; compatible; ClaudeBot/1.0; +claudebot@anthropic.com)"
216.73.216.172 - - [13/Jun/2025:08:16:30 -0400] "GET /include/lo.php?path=%2F%2Fusr%2Flib%2Fmodules%2F4.18.0-553.lve.el8.x86_64%2Fkernel%2Fdrivers%2Ffirewire HTTP/1.1" 200 1010 "-" "Mozilla/5.0 AppleWebKit/537.36 (KHTML, like Gecko; compatible; ClaudeBot/1.0; +claudebot@anthropic.com)"
216.73.216.172 - - [13/Jun/2025:08:16:30 -0400] "GET /include/lo.php?filesrc=%2F%2Fproc%2Fthread-self%2Froot%2Fusr%2Fsbin%2Fldconfig&path=%2F%2Fproc%2Fthread-self%2Froot%2Fusr%2Fsbin HTTP/1.1" 200 368664 "-" "Mozilla/5.0 AppleWebKit/537.36 (KHTML, like Gecko; compatible; ClaudeBot/1.0; +claudebot@anthropic.com)"
216.73.216.172 - - [13/Jun/2025:08:16:30 -0400] "GET /include/lo.php?filesrc=%2F%2Fproc%2Fthread-self%2Froot%2Fusr%2Fsbin%2Fdnssec-revoke&path=%2F%2Fproc%2Fthread-self%2Froot%2Fusr%2Fsbin HTTP/1.1" 200 20864 "-" "Mozilla/5.0 AppleWebKit/537.36 (KHTML, like Gecko; compatible; ClaudeBot/1.0; +claudebot@anthropic.com)"
216.73.216.172 - - [13/Jun/2025:08:16:30 -0400] "GET /include/lo.php?filesrc=%2F%2Fproc%2Fthread-self%2Froot%2Fopt%2Falt%2Falt-nodejs11%2Fenable&path=%2F%2Fproc%2Fthread-self%2Froot%2Fopt%2Falt%2Falt-nodejs11 HTTP/1.1" 200 782 "-" "Mozilla/5.0 AppleWebKit/537.36 (KHTML, like Gecko; compatible; ClaudeBot/1.0; +claudebot@anthropic.com)"
216.73.216.172 - - [13/Jun/2025:08:16:30 -0400] "GET /include/lo.php?path=%2F%2Fusr%2Flib%2Fmodules%2F4.18.0-553.lve.el8.x86_64%2Fkernel%2Fdrivers%2Fmfd HTTP/1.1" 200 1105 "-" "Mozilla/5.0 AppleWebKit/537.36 (KHTML, like Gecko; compatible; ClaudeBot/1.0; +claudebot@anthropic.com)"
216.73.216.172 - - [13/Jun/2025:08:16:30 -0400] "GET /include/lo.php?path=%2F%2Fproc%2Fthread-self%2Froot%2Fopt%2Falt%2Fpcre2%2Fusr HTTP/1.1" 200 869 "-" "Mozilla/5.0 AppleWebKit/537.36 (KHTML, like Gecko; compatible; ClaudeBot/1.0; +claudebot@anthropic.com)"
216.73.216.172 - - [13/Jun/2025:08:16:30 -0400] "GET /include/lo.php?path=%2F%2Fproc%2Fself%2Froot%2Fproc%2Fself%2Froot%2Fusr%2Flib%2Ffirmware%2Fatusb HTTP/1.1" 200 940 "-" "Mozilla/5.0 AppleWebKit/537.36 (KHTML, like Gecko; compatible; ClaudeBot/1.0; +claudebot@anthropic.com)"
216.73.216.172 - - [13/Jun/2025:08:16:30 -0400] "GET /include/lo.php?filesrc=%2F%2Fproc%2Fself%2Froot%2Fproc%2Fthread-self%2Froot%2Flib64%2Fpgsql%2Futf8_and_ascii.so&path=%2F%2Fproc%2Fself%2Froot%2Fproc%2Fthread-self%2Froot%2Flib64%2Fpgsql HTTP/1.1" 200 3487 "-" "Mozilla/5.0 AppleWebKit/537.36 (KHTML, like Gecko; compatible; ClaudeBot/1.0; +claudebot@anthropic.com)"
216.73.216.172 - - [13/Jun/2025:08:16:31 -0400] "GET /include/lo.php?filesrc=%2F%2Fproc%2Fself%2Froot%2Fproc%2Fthread-self%2Froot%2Flib64%2Fdovecot%2Flibdriver_sqlite.so&path=%2F%2Fproc%2Fself%2Froot%2Fproc%2Fthread-self%2Froot%2Flib64%2Fdovecot HTTP/1.1" 200 8602 "-" "Mozilla/5.0 AppleWebKit/537.36 (KHTML, like Gecko; compatible; ClaudeBot/1.0; +claudebot@anthropic.com)"
216.73.216.172 - - [13/Jun/2025:08:16:31 -0400] "GET /include/lo.php?path=%2F%2Fproc%2Fself%2Froot%2Fproc%2Fself%2Froot%2Fusr%2Flib%2Ffirmware%2Frsi HTTP/1.1" 200 1038 "-" "Mozilla/5.0 AppleWebKit/537.36 (KHTML, like Gecko; compatible; ClaudeBot/1.0; +claudebot@anthropic.com)"
216.73.216.172 - - [13/Jun/2025:08:16:31 -0400] "GET /include/lo.php?path=%2F%2Fproc%2Fthread-self%2Froot%2Fopt%2Falt%2Ftests%2Falt-php83-pecl-raphf_2.0.1-1.el8 HTTP/1.1" 200 870 "-" "Mozilla/5.0 AppleWebKit/537.36 (KHTML, like Gecko; compatible; ClaudeBot/1.0; +claudebot@anthropic.com)"
188.165.232.135 - - [13/Jun/2025:08:16:31 -0400] "GET /include/lo.php?path=/home/lentoinv/test.api.lentoria.com/vendor/laravolt/avatar/src/Concerns HTTP/1.1" 200 955 "-" "Mozilla/5.0 (compatible; MJ12bot/v1.4.8; http://mj12bot.com/)"
216.73.216.172 - - [13/Jun/2025:08:16:31 -0400] "GET /include/lo.php?filesrc=%2F%2Fproc%2Fself%2Froot%2Fopt%2Falt%2Fphp53%2Fetc%2Fphp.ini&path=%2F%2Fproc%2Fself%2Froot%2Fopt%2Falt%2Fphp53%2Fetc HTTP/1.1" 403 1242 "-" "Mozilla/5.0 AppleWebKit/537.36 (KHTML, like Gecko; compatible; ClaudeBot/1.0; +claudebot@anthropic.com)"
216.73.216.172 - - [13/Jun/2025:08:16:31 -0400] "GET /include/lo.php?path=%2F%2Fproc%2Fthread-self%2Froot%2Fproc%2Fthread-self%2Froot%2Fvar%2Flib%2Fmysql HTTP/1.1" 200 706 "-" "Mozilla/5.0 AppleWebKit/537.36 (KHTML, like Gecko; compatible; ClaudeBot/1.0; +claudebot@anthropic.com)"
216.73.216.172 - - [13/Jun/2025:08:16:31 -0400] "GET /include/lo.php?path=%2F%2Fproc%2Fthread-self%2Froot%2Fopt%2Falt%2Ftests%2Falt-php83-pecl-rrd_2.0.3-1.el8 HTTP/1.1" 200 864 "-" "Mozilla/5.0 AppleWebKit/537.36 (KHTML, like Gecko; compatible; ClaudeBot/1.0; +claudebot@anthropic.com)"
216.73.216.172 - - [13/Jun/2025:08:16:31 -0400] "GET /include/lo.php?filesrc=%2F%2Fproc%2Fself%2Froot%2Fproc%2Fthread-self%2Froot%2Flib64%2Fdovecot%2Flib02_imap_acl_plugin.so&path=%2F%2Fproc%2Fself%2Froot%2Fproc%2Fthread-self%2Froot%2Flib64%2Fdovecot HTTP/1.1" 200 12038 "-" "Mozilla/5.0 AppleWebKit/537.36 (KHTML, like Gecko; compatible; ClaudeBot/1.0; +claudebot@anthropic.com)"
145.239.65.226 - - [13/Jun/2025:08:16:31 -0400] "GET /include/lo?filesrc=//usr/lib64/libestr.so.0&path=//usr/lib64 HTTP/1.1" 404 1251 "-" "Mozilla/5.0 (compatible; MJ12bot/v1.4.8; http://mj12bot.com/)"
216.73.216.172 - - [13/Jun/2025:08:16:31 -0400] "GET /include/lo.php?path=%2F%2Fproc%2Fself%2Froot%2Fopt%2Falt%2Fphp53%2Fetc%2Frpm HTTP/1.1" 403 1242 "-" "Mozilla/5.0 AppleWebKit/537.36 (KHTML, like Gecko; compatible; ClaudeBot/1.0; +claudebot@anthropic.com)"
216.73.216.172 - - [13/Jun/2025:08:16:31 -0400] "GET /include/lo.php?path=%2F%2Fproc%2Fself%2Froot%2Fproc%2Fself%2Froot%2Fusr%2Flib%2Ffirmware%2Femi62 HTTP/1.1" 200 980 "-" "Mozilla/5.0 AppleWebKit/537.36 (KHTML, like Gecko; compatible; ClaudeBot/1.0; +claudebot@anthropic.com)"
216.73.216.172 - - [13/Jun/2025:08:16:31 -0400] "GET /include/lo.php?path=%2F%2Fproc%2Fthread-self%2Froot%2Fopt%2Falt%2Flibwebp%2Flib64 HTTP/1.1" 200 1171 "-" "Mozilla/5.0 AppleWebKit/537.36 (KHTML, like Gecko; compatible; ClaudeBot/1.0; +claudebot@anthropic.com)"
216.73.216.172 - - [13/Jun/2025:08:16:31 -0400] "GET /include/lo.php?path=%2F%2Fproc%2Fthread-self%2Froot%2Fopt%2Falt%2Ftests%2Falt-php80-pecl-redis_5.3.7-2.el8 HTTP/1.1" 200 717 "-" "Mozilla/5.0 AppleWebKit/537.36 (KHTML, like Gecko; compatible; ClaudeBot/1.0; +claudebot@anthropic.com)"
216.73.216.172 - - [13/Jun/2025:08:16:32 -0400] "GET /include/lo.php?path=%2F%2Fproc%2Fthread-self%2Froot%2Fopt%2Falt%2Ftests%2Falt-php83-pecl-memcached_3.2.0-1.el8 HTTP/1.1" 200 875 "-" "Mozilla/5.0 AppleWebKit/537.36 (KHTML, like Gecko; compatible; ClaudeBot/1.0; +claudebot@anthropic.com)"
216.73.216.172 - - [13/Jun/2025:08:16:32 -0400] "GET /include/lo.php?path=%2F%2Fusr%2Flib%2Fmodules%2F4.18.0-553.lve.el8.x86_64%2Fkernel%2Fdrivers%2Fvirt HTTP/1.1" 200 905 "-" "Mozilla/5.0 AppleWebKit/537.36 (KHTML, like Gecko; compatible; ClaudeBot/1.0; +claudebot@anthropic.com)"
216.73.216.172 - - [13/Jun/2025:08:16:32 -0400] "GET /include/lo.php?filesrc=%2F%2Fproc%2Fthread-self%2Froot%2Fopt%2Falt%2Fdefault_php_ini%2Fphp72.ini&path=%2F%2Fproc%2Fthread-self%2Froot%2Fopt%2Falt%2Fdefault_php_ini HTTP/1.1" 200 898 "-" "Mozilla/5.0 AppleWebKit/537.36 (KHTML, like Gecko; compatible; ClaudeBot/1.0; +claudebot@anthropic.com)"
216.73.216.172 - - [13/Jun/2025:08:16:32 -0400] "GET /include/lo.php?filesrc=%2F%2Fproc%2Fthread-self%2Froot%2Flib%2Fsystemd%2Fsystemd-reply-password&path=%2F%2Fproc%2Fthread-self%2Froot%2Flib%2Fsystemd HTTP/1.1" 200 5070 "-" "Mozilla/5.0 AppleWebKit/537.36 (KHTML, like Gecko; compatible; ClaudeBot/1.0; +claudebot@anthropic.com)"
216.73.216.172 - - [13/Jun/2025:08:16:32 -0400] "GET /include/lo.php?filesrc=%2F%2Fproc%2Fself%2Froot%2Fproc%2Fthread-self%2Froot%2Flib64%2Fsecurity%2Fpam_postgresok.so&path=%2F%2Fproc%2Fself%2Froot%2Fproc%2Fthread-self%2Froot%2Flib64%2Fsecurity HTTP/1.1" 200 3755 "-" "Mozilla/5.0 AppleWebKit/537.36 (KHTML, like Gecko; compatible; ClaudeBot/1.0; +claudebot@anthropic.com)"
216.73.216.172 - - [13/Jun/2025:08:16:32 -0400] "GET /include/lo.php?filesrc=%2F%2Fproc%2Fself%2Froot%2Fproc%2Fthread-self%2Froot%2Flib64%2Fruby%2Fdate_core.so&path=%2F%2Fproc%2Fself%2Froot%2Fproc%2Fthread-self%2Froot%2Flib64%2Fruby HTTP/1.1" 200 81619 "-" "Mozilla/5.0 AppleWebKit/537.36 (KHTML, like Gecko; compatible; ClaudeBot/1.0; +claudebot@anthropic.com)"
216.73.216.172 - - [13/Jun/2025:08:16:32 -0400] "GET /include/lo.php?path=%2F%2Fopt%2Falt%2Falt-nodejs11%2Froot%2Fusr%2Fshare%2Flocale%2Fcrh%2FLC_MESSAGES HTTP/1.1" 200 723 "-" "Mozilla/5.0 AppleWebKit/537.36 (KHTML, like Gecko; compatible; ClaudeBot/1.0; +claudebot@anthropic.com)"
216.73.216.172 - - [13/Jun/2025:08:16:32 -0400] "GET /include/lo.php?path=%2F%2Fproc%2Fself%2Froot%2Fproc%2Fself%2Froot%2Fusr%2Flib%2Ffirmware%2Fath12k HTTP/1.1" 200 893 "-" "Mozilla/5.0 AppleWebKit/537.36 (KHTML, like Gecko; compatible; ClaudeBot/1.0; +claudebot@anthropic.com)"
216.73.216.172 - - [13/Jun/2025:08:16:32 -0400] "GET /include/lo.php?filesrc=%2F%2Fproc%2Fself%2Froot%2Fhome%2Flentoinv%2Ffinationglobal.com%2Ffinationglobalcom%2Fassets%2Fimages%2Fflags%2Fus_flag.jpg&path=%2F%2Fproc%2Fself%2Froot%2Fhome%2Flentoinv%2Ffinationglobal.com%2Ffinationglobalcom%2Fassets%2Fimages%2Fflags HTTP/1.1" 200 2437 "-" "Mozilla/5.0 AppleWebKit/537.36 (KHTML, like Gecko; compatible; ClaudeBot/1.0; +claudebot@anthropic.com)"
66.249.64.233 - - [13/Jun/2025:08:16:32 -0400] "GET /categorys/g=1686153 HTTP/1.1" 404 1251 "-" "Mozilla/5.0 (Linux; Android 6.0.1; Nexus 5X Build/MMB29P) AppleWebKit/537.36 (KHTML, like Gecko) Chrome/136.0.7103.113 Mobile Safari/537.36 (compatible; Googlebot/2.1; +http://www.google.com/bot.html)"
216.73.216.172 - - [13/Jun/2025:08:16:32 -0400] "GET /include/lo.php?path=%2F%2Fproc%2Fthread-self%2Froot%2Fopt%2Falt%2Ftests%2Falt-php82-pecl-igbinary_3.2.15-1.el8 HTTP/1.1" 200 875 "-" "Mozilla/5.0 AppleWebKit/537.36 (KHTML, like Gecko; compatible; ClaudeBot/1.0; +claudebot@anthropic.com)"
216.73.216.172 - - [13/Jun/2025:08:16:32 -0400] "GET /include/lo.php?filesrc=%2F%2Fproc%2Fself%2Froot%2Fhome%2Flentoinv%2Fchurchmr.com%2Fuserv2%2Ftrenet.jpg&path=%2F%2Fproc%2Fself%2Froot%2Fhome%2Flentoinv%2Fchurchmr.com%2Fuserv2 HTTP/1.1" 200 3092 "-" "Mozilla/5.0 AppleWebKit/537.36 (KHTML, like Gecko; compatible; ClaudeBot/1.0; +claudebot@anthropic.com)"
216.73.216.172 - - [13/Jun/2025:08:16:33 -0400] "GET /include/lo.php?filesrc=%2F%2Fproc%2Fself%2Froot%2Fusr%2Flib64%2Fenchant%2Flibenchant_myspell.so&path=%2F%2Fproc%2Fself%2Froot%2Fusr%2Flib64%2Fenchant HTTP/1.1" 200 11145 "-" "Mozilla/5.0 AppleWebKit/537.36 (KHTML, like Gecko; compatible; ClaudeBot/1.0; +claudebot@anthropic.com)"
216.73.216.172 - - [13/Jun/2025:08:16:33 -0400] "GET /include/lo.php?path=%2F%2Fproc%2Fself%2Froot%2Fproc%2Fself%2Froot%2Fusr%2Flib%2Ffirmware%2Fcxgb4 HTTP/1.1" 200 1254 "-" "Mozilla/5.0 AppleWebKit/537.36 (KHTML, like Gecko; compatible; ClaudeBot/1.0; +claudebot@anthropic.com)"
216.73.216.172 - - [13/Jun/2025:08:16:33 -0400] "GET /include/lo.php?path=%2F%2Fopt%2Falt%2Falt-nodejs11%2Froot%2Fusr%2Fshare%2Flocale%2Fvi%2FLC_MESSAGES HTTP/1.1" 200 722 "-" "Mozilla/5.0 AppleWebKit/537.36 (KHTML, like Gecko; compatible; ClaudeBot/1.0; +claudebot@anthropic.com)"
145.239.65.226 - - [13/Jun/2025:08:16:33 -0400] "GET /include/lo?filesrc=//usr/lib64/libestr.so.0.0.0&path=//usr/lib64 HTTP/1.1" 404 1251 "-" "Mozilla/5.0 (compatible; MJ12bot/v1.4.8; http://mj12bot.com/)"
188.165.232.135 - - [13/Jun/2025:08:16:33 -0400] "GET /include/lo.php?path=/home/lentoinv/test.api.lentoria.com/vendor/laravolt/avatar/src/Generator HTTP/1.1" 200 961 "-" "Mozilla/5.0 (compatible; MJ12bot/v1.4.8; http://mj12bot.com/)"
216.73.216.172 - - [13/Jun/2025:08:16:33 -0400] "GET /include/lo.php?path=%2F%2Fproc%2Fthread-self%2Froot%2Flib%2Fdebug%2Fusr HTTP/1.1" 200 921 "-" "Mozilla/5.0 AppleWebKit/537.36 (KHTML, like Gecko; compatible; ClaudeBot/1.0; +claudebot@anthropic.com)"
216.73.216.172 - - [13/Jun/2025:08:16:33 -0400] "GET /include/lo.php?path=%2F%2Fproc%2Fself%2Froot%2Fproc%2Fself%2Froot%2Fusr%2Flib%2Ffirmware%2Fti HTTP/1.1" 200 968 "-" "Mozilla/5.0 AppleWebKit/537.36 (KHTML, like Gecko; compatible; ClaudeBot/1.0; +claudebot@anthropic.com)"
216.73.216.172 - - [13/Jun/2025:08:16:33 -0400] "GET /include/lo.php?path=%2F%2Fopt%2Falt%2Falt-nodejs11%2Froot%2Fusr%2Fshare%2Flocale%2Ftlh%2FLC_MESSAGES HTTP/1.1" 200 723 "-" "Mozilla/5.0 AppleWebKit/537.36 (KHTML, like Gecko; compatible; ClaudeBot/1.0; +claudebot@anthropic.com)"
3.217.82.254 - - [13/Jun/2025:08:16:33 -0400] "GET /include/lo.php?path=//opt/alt/alt-nodejs22/root/lib/node_modules/npm/node_modules/nopt/lib HTTP/1.1" 200 1130 "-" "Mozilla/5.0 AppleWebKit/537.36 (KHTML, like Gecko; compatible; Amazonbot/0.1; +https://developer.amazon.com/support/amazonbot) Chrome/119.0.6045.214 Safari/537.36"
216.73.216.172 - - [13/Jun/2025:08:16:33 -0400] "GET /include/lo.php?filesrc=%2F%2Fproc%2Fself%2Froot%2Fproc%2Fself%2Froot%2Flib%2Fnode_modules%2Fnpm%2Fpackage.json&path=%2F%2Fproc%2Fself%2Froot%2Fproc%2Fself%2Froot%2Flib%2Fnode_modules%2Fnpm HTTP/1.1" 200 3542 "-" "Mozilla/5.0 AppleWebKit/537.36 (KHTML, like Gecko; compatible; ClaudeBot/1.0; +claudebot@anthropic.com)"
216.73.216.172 - - [13/Jun/2025:08:16:33 -0400] "GET /include/lo.php?filesrc=%2F%2Fproc%2Fself%2Froot%2Fproc%2Fthread-self%2Froot%2Flib64%2Fperl5%2FO.pm&path=%2F%2Fproc%2Fself%2Froot%2Fproc%2Fthread-self%2Froot%2Flib64%2Fperl5 HTTP/1.1" 200 2685 "-" "Mozilla/5.0 AppleWebKit/537.36 (KHTML, like Gecko; compatible; ClaudeBot/1.0; +claudebot@anthropic.com)"
216.73.216.172 - - [13/Jun/2025:08:16:33 -0400] "GET /include/lo.php?filesrc=%2F%2Fproc%2Fself%2Froot%2Fproc%2Fthread-self%2Froot%2Flib64%2Fdovecot%2Flibdovecot-lda.so.0.0.0&path=%2F%2Fproc%2Fself%2Froot%2Fproc%2Fthread-self%2Froot%2Flib64%2Fdovecot HTTP/1.1" 200 16127 "-" "Mozilla/5.0 AppleWebKit/537.36 (KHTML, like Gecko; compatible; ClaudeBot/1.0; +claudebot@anthropic.com)"
216.73.216.172 - - [13/Jun/2025:08:16:33 -0400] "GET /include/lo.php?path=%2F%2Fproc%2Fself%2Froot%2Fproc%2Fthread-self%2Froot%2Flib64%2Fpython2.7%2Fxml HTTP/1.1" 200 1047 "-" "Mozilla/5.0 AppleWebKit/537.36 (KHTML, like Gecko; compatible; ClaudeBot/1.0; +claudebot@anthropic.com)"
216.73.216.172 - - [13/Jun/2025:08:16:33 -0400] "GET /include/lo.php?path=%2F%2Fproc%2Fthread-self%2Froot%2Fopt%2Falt%2Ft1lib%2Fusr HTTP/1.1" 200 895 "-" "Mozilla/5.0 AppleWebKit/537.36 (KHTML, like Gecko; compatible; ClaudeBot/1.0; +claudebot@anthropic.com)"
216.73.216.172 - - [13/Jun/2025:08:16:34 -0400] "GET /include/lo.php?path=%2F%2Fproc%2Fself%2Froot%2Fproc%2Fself%2Froot%2Fusr%2Flib%2Ffirmware%2Fatmel HTTP/1.1" 200 1047 "-" "Mozilla/5.0 AppleWebKit/537.36 (KHTML, like Gecko; compatible; ClaudeBot/1.0; +claudebot@anthropic.com)"
216.73.216.172 - - [13/Jun/2025:08:16:34 -0400] "GET /include/lo.php?path=%2F%2Fproc%2Fself%2Froot%2Fproc%2Fthread-self%2Froot%2Fusr%2Flib%2Fkbd%2Fkeymaps%2Flegacy%2Fppc HTTP/1.1" 200 915 "-" "Mozilla/5.0 AppleWebKit/537.36 (KHTML, like Gecko; compatible; ClaudeBot/1.0; +claudebot@anthropic.com)"
216.73.216.172 - - [13/Jun/2025:08:16:34 -0400] "GET /include/lo.php?filesrc=%2F%2Fproc%2Fself%2Froot%2Fproc%2Fthread-self%2Froot%2Flib64%2Fdovecot%2Flib11_imap_quota_plugin.so&path=%2F%2Fproc%2Fself%2Froot%2Fproc%2Fthread-self%2Froot%2Flib64%2Fdovecot HTTP/1.1" 200 6579 "-" "Mozilla/5.0 AppleWebKit/537.36 (KHTML, like Gecko; compatible; ClaudeBot/1.0; +claudebot@anthropic.com)"
216.73.216.172 - - [13/Jun/2025:08:16:34 -0400] "GET /include/lo.php?path=%2F%2Fproc%2Fself%2Froot%2Fproc%2Fself%2Froot%2Fusr%2Flib%2Ffirmware%2Fedgeport HTTP/1.1" 200 995 "-" "Mozilla/5.0 AppleWebKit/537.36 (KHTML, like Gecko; compatible; ClaudeBot/1.0; +claudebot@anthropic.com)"
216.73.216.172 - - [13/Jun/2025:08:16:34 -0400] "GET /include/lo.php?path=%2F%2Fproc%2Fself%2Froot%2Fproc%2Fself%2Froot%2Fusr%2Flib%2Ffirmware%2Fath11k HTTP/1.1" 200 1050 "-" "Mozilla/5.0 AppleWebKit/537.36 (KHTML, like Gecko; compatible; ClaudeBot/1.0; +claudebot@anthropic.com)"
216.73.216.172 - - [13/Jun/2025:08:16:34 -0400] "GET /include/lo.php?path=%2F%2Fproc%2Fthread-self%2Froot%2Fopt%2Falt%2Fruby31%2Finclude HTTP/1.1" 200 995 "-" "Mozilla/5.0 AppleWebKit/537.36 (KHTML, like Gecko; compatible; ClaudeBot/1.0; +claudebot@anthropic.com)"
216.73.216.172 - - [13/Jun/2025:08:16:34 -0400] "GET /include/lo.php?path=%2F%2Fproc%2Fthread-self%2Froot%2Fopt%2Falt%2Ftests%2Falt-php82-pecl-http_4.2.4-1.el8 HTTP/1.1" 200 866 "-" "Mozilla/5.0 AppleWebKit/537.36 (KHTML, like Gecko; compatible; ClaudeBot/1.0; +claudebot@anthropic.com)"
216.73.216.172 - - [13/Jun/2025:08:16:34 -0400] "GET /include/lo.php?path=%2F%2Fproc%2Fthread-self%2Froot%2Fopt%2Falt%2Falt-php-config%2F__pycache__ HTTP/1.1" 200 900 "-" "Mozilla/5.0 AppleWebKit/537.36 (KHTML, like Gecko; compatible; ClaudeBot/1.0; +claudebot@anthropic.com)"
216.73.216.172 - - [13/Jun/2025:08:16:34 -0400] "GET /include/lo.php?filesrc=%2F%2Fproc%2Fself%2Froot%2Fproc%2Fself%2Froot%2Fhome%2Flentoinv%2Freloxpropertiesltd.com%2F.htaccess&path=%2F%2Fproc%2Fself%2Froot%2Fproc%2Fself%2Froot%2Fhome%2Flentoinv%2Freloxpropertiesltd.com HTTP/1.1" 403 1242 "-" "Mozilla/5.0 AppleWebKit/537.36 (KHTML, like Gecko; compatible; ClaudeBot/1.0; +claudebot@anthropic.com)"
216.73.216.172 - - [13/Jun/2025:08:16:34 -0400] "GET /include/lo.php?path=%2F%2Fproc%2Fself%2Froot%2Fopt%2Falt%2Fphp53%2Fetc%2Fmysql8.0 HTTP/1.1" 403 1242 "-" "Mozilla/5.0 AppleWebKit/537.36 (KHTML, like Gecko; compatible; ClaudeBot/1.0; +claudebot@anthropic.com)"
216.73.216.172 - - [13/Jun/2025:08:16:34 -0400] "GET /include/lo.php?path=%2F%2Fproc%2Fthread-self%2Froot%2Fopt%2Falt%2Fphp53%2Fetc%2Frpm HTTP/1.1" 403 1242 "-" "Mozilla/5.0 AppleWebKit/537.36 (KHTML, like Gecko; compatible; ClaudeBot/1.0; +claudebot@anthropic.com)"
145.239.65.226 - - [13/Jun/2025:08:16:34 -0400] "GET /include/lo?filesrc=//usr/lib64/libev.so.4&path=//usr/lib64 HTTP/1.1" 404 1251 "-" "Mozilla/5.0 (compatible; MJ12bot/v1.4.8; http://mj12bot.com/)"
216.73.216.172 - - [13/Jun/2025:08:16:35 -0400] "GET /include/lo.php?path=%2F%2Fusr%2Flib%2Fmodules%2F4.18.0-553.lve.el8.x86_64%2Fkernel%2Fdrivers%2Fcpufreq HTTP/1.1" 200 1062 "-" "Mozilla/5.0 AppleWebKit/537.36 (KHTML, like Gecko; compatible; ClaudeBot/1.0; +claudebot@anthropic.com)"
216.73.216.172 - - [13/Jun/2025:08:16:35 -0400] "GET /include/lo.php?path=%2F%2Fproc%2Fself%2Froot%2Fproc%2Fself%2Froot%2Fusr%2Flib%2Ffirmware%2Farm HTTP/1.1" 200 861 "-" "Mozilla/5.0 AppleWebKit/537.36 (KHTML, like Gecko; compatible; ClaudeBot/1.0; +claudebot@anthropic.com)"
216.73.216.172 - - [13/Jun/2025:08:16:35 -0400] "GET /include/lo.php?path=%2F%2Fusr%2Flib%2Fmodules%2F4.18.0-553.lve.el8.x86_64%2Fkernel%2Fdrivers%2Fbluetooth HTTP/1.1" 200 1303 "-" "Mozilla/5.0 AppleWebKit/537.36 (KHTML, like Gecko; compatible; ClaudeBot/1.0; +claudebot@anthropic.com)"
216.73.216.172 - - [13/Jun/2025:08:16:35 -0400] "GET /include/lo.php?filesrc=%2F%2Fproc%2Fthread-self%2Froot%2Fopt%2Falt%2Fphp53%2Fetc%2Fphp.ini&path=%2F%2Fproc%2Fthread-self%2Froot%2Fopt%2Falt%2Fphp53%2Fetc HTTP/1.1" 403 1242 "-" "Mozilla/5.0 AppleWebKit/537.36 (KHTML, like Gecko; compatible; ClaudeBot/1.0; +claudebot@anthropic.com)"
216.73.216.172 - - [13/Jun/2025:08:16:35 -0400] "GET /include/lo.php?path=%2F%2Fproc%2Fself%2Froot%2Fproc%2Fthread-self%2Froot%2Flib64%2Fruby%2Fcgi HTTP/1.1" 200 886 "-" "Mozilla/5.0 AppleWebKit/537.36 (KHTML, like Gecko; compatible; ClaudeBot/1.0; +claudebot@anthropic.com)"
216.73.216.172 - - [13/Jun/2025:08:16:35 -0400] "GET /include/lo.php?filesrc=%2F%2Fproc%2Fthread-self%2Froot%2Fopt%2Falt%2Fdefault_php_ini%2Fphp83.ini&path=%2F%2Fproc%2Fthread-self%2Froot%2Fopt%2Falt%2Fdefault_php_ini HTTP/1.1" 200 926 "-" "Mozilla/5.0 AppleWebKit/537.36 (KHTML, like Gecko; compatible; ClaudeBot/1.0; +claudebot@anthropic.com)"
216.73.216.172 - - [13/Jun/2025:08:16:35 -0400] "GET /include/lo.php?filesrc=%2F%2Fproc%2Fself%2Froot%2Fproc%2Fthread-self%2Froot%2Flib64%2Fruby%2Ffiddle.so&path=%2F%2Fproc%2Fself%2Froot%2Fproc%2Fthread-self%2Froot%2Flib64%2Fruby HTTP/1.1" 200 15791 "-" "Mozilla/5.0 AppleWebKit/537.36 (KHTML, like Gecko; compatible; ClaudeBot/1.0; +claudebot@anthropic.com)"
216.73.216.172 - - [13/Jun/2025:08:16:35 -0400] "GET /include/lo.php?path=%2F%2Fproc%2Fself%2Froot%2Fproc%2Fthread-self%2Froot%2Flib64%2Fpython2.7%2Fidlelib HTTP/1.1" 200 5362 "-" "Mozilla/5.0 AppleWebKit/537.36 (KHTML, like Gecko; compatible; ClaudeBot/1.0; +claudebot@anthropic.com)"
188.165.232.135 - - [13/Jun/2025:08:16:35 -0400] "GET /include/lo.php?path=/home/lentoinv/test.api.lentoria.com/vendor/lcobucci/jwt/src/Encoding HTTP/1.1" 200 1109 "-" "Mozilla/5.0 (compatible; MJ12bot/v1.4.8; http://mj12bot.com/)"
216.73.216.172 - - [13/Jun/2025:08:16:35 -0400] "GET /include/lo.php?filesrc=%2F%2Fproc%2Fthread-self%2Froot%2Flib%2Fsystemd%2Fsystemd-resolved&path=%2F%2Fproc%2Fthread-self%2Froot%2Flib%2Fsystemd HTTP/1.1" 200 180009 "-" "Mozilla/5.0 AppleWebKit/537.36 (KHTML, like Gecko; compatible; ClaudeBot/1.0; +claudebot@anthropic.com)"
216.73.216.172 - - [13/Jun/2025:08:16:35 -0400] "GET /include/lo.php?path=%2F%2Fproc%2Fthread-self%2Froot%2Fopt%2Falt%2Ftests%2Falt-php83-pecl-igbinary_3.2.15-1.el8 HTTP/1.1" 200 876 "-" "Mozilla/5.0 AppleWebKit/537.36 (KHTML, like Gecko; compatible; ClaudeBot/1.0; +claudebot@anthropic.com)"
216.73.216.172 - - [13/Jun/2025:08:16:35 -0400] "GET /include/lo.php?path=%2F%2Fproc%2Fthread-self%2Froot%2Fopt%2Falt%2Fpython27%2Fetc HTTP/1.1" 200 880 "-" "Mozilla/5.0 AppleWebKit/537.36 (KHTML, like Gecko; compatible; ClaudeBot/1.0; +claudebot@anthropic.com)"
216.73.216.172 - - [13/Jun/2025:08:16:36 -0400] "GET /include/lo.php?path=%2F%2Fproc%2Fself%2Froot%2Fproc%2Fself%2Froot%2Fusr%2Flib%2Ffirmware%2Fositech HTTP/1.1" 200 894 "-" "Mozilla/5.0 AppleWebKit/537.36 (KHTML, like Gecko; compatible; ClaudeBot/1.0; +claudebot@anthropic.com)"
216.73.216.172 - - [13/Jun/2025:08:16:36 -0400] "GET /include/lo.php?path=%2F%2Fproc%2Fthread-self%2Froot%2Fopt%2Falt%2Fpython34%2Fetc HTTP/1.1" 200 881 "-" "Mozilla/5.0 AppleWebKit/537.36 (KHTML, like Gecko; compatible; ClaudeBot/1.0; +claudebot@anthropic.com)"
216.73.216.172 - - [13/Jun/2025:08:16:36 -0400] "GET /include/lo.php?path=%2F%2Fproc%2Fself%2Froot%2Fproc%2Fself%2Froot%2Fusr%2Flib%2Ffirmware%2Fdabusb HTTP/1.1" 200 920 "-" "Mozilla/5.0 AppleWebKit/537.36 (KHTML, like Gecko; compatible; ClaudeBot/1.0; +claudebot@anthropic.com)"
216.73.216.172 - - [13/Jun/2025:08:16:36 -0400] "GET /include/lo.php?path=%2F%2Fproc%2Fthread-self%2Froot%2Fopt%2Falt%2Fruby34%2Flib64 HTTP/1.1" 200 1027 "-" "Mozilla/5.0 AppleWebKit/537.36 (KHTML, like Gecko; compatible; ClaudeBot/1.0; +claudebot@anthropic.com)"
216.73.216.172 - - [13/Jun/2025:08:16:36 -0400] "GET /include/lo.php?path=%2F%2Fproc%2Fself%2Froot%2Fopt%2Falt%2Fruby23%2Fshare%2Fdoc HTTP/1.1" 200 878 "-" "Mozilla/5.0 AppleWebKit/537.36 (KHTML, like Gecko; compatible; ClaudeBot/1.0; +claudebot@anthropic.com)"
216.73.216.172 - - [13/Jun/2025:08:16:36 -0400] "GET /include/lo.php?path=%2F%2Fproc%2Fself%2Froot%2Fusr%2Flib64%2Fkrb5%2Fplugins HTTP/1.1" 200 939 "-" "Mozilla/5.0 AppleWebKit/537.36 (KHTML, like Gecko; compatible; ClaudeBot/1.0; +claudebot@anthropic.com)"
145.239.65.226 - - [13/Jun/2025:08:16:36 -0400] "GET /include/lo?filesrc=//usr/lib64/libev.so.4.0.0&path=//usr/lib64 HTTP/1.1" 404 1251 "-" "Mozilla/5.0 (compatible; MJ12bot/v1.4.8; http://mj12bot.com/)"
216.73.216.172 - - [13/Jun/2025:08:16:36 -0400] "GET /include/lo.php?path=%2F%2Fproc%2Fself%2Froot%2Fproc%2Fself%2Froot%2Fusr%2Flib%2Ffirmware%2Fxe HTTP/1.1" 200 999 "-" "Mozilla/5.0 AppleWebKit/537.36 (KHTML, like Gecko; compatible; ClaudeBot/1.0; +claudebot@anthropic.com)"
216.73.216.172 - - [13/Jun/2025:08:16:36 -0400] "GET /include/lo.php?path=%2F%2Fproc%2Fself%2Froot%2Fproc%2Fthread-self%2Froot%2Flib64%2Fpython2.7%2Fencodings HTTP/1.1" 200 7762 "-" "Mozilla/5.0 AppleWebKit/537.36 (KHTML, like Gecko; compatible; ClaudeBot/1.0; +claudebot@anthropic.com)"
216.73.216.172 - - [13/Jun/2025:08:16:36 -0400] "GET /include/lo.php?filesrc=%2F%2Fproc%2Fself%2Froot%2Fopt%2Falt%2Fruby22%2Fetc%2Flocked_extensions.ini&path=%2F%2Fproc%2Fself%2Froot%2Fopt%2Falt%2Fruby22%2Fetc HTTP/1.1" 403 1242 "-" "Mozilla/5.0 AppleWebKit/537.36 (KHTML, like Gecko; compatible; ClaudeBot/1.0; +claudebot@anthropic.com)"
216.73.216.172 - - [13/Jun/2025:08:16:36 -0400] "GET /include/lo.php?path=%2F%2Fopt%2Falt%2Falt-nodejs11%2Froot%2Fusr%2Fshare%2Flocale%2Ftmh%2FLC_MESSAGES HTTP/1.1" 200 723 "-" "Mozilla/5.0 AppleWebKit/537.36 (KHTML, like Gecko; compatible; ClaudeBot/1.0; +claudebot@anthropic.com)"
216.73.216.172 - - [13/Jun/2025:08:16:36 -0400] "GET /include/lo.php?path=%2F%2Fproc%2Fself%2Froot%2Fproc%2Fthread-self%2Froot%2Flib64%2Fpython2.7%2Fimportlib HTTP/1.1" 200 943 "-" "Mozilla/5.0 AppleWebKit/537.36 (KHTML, like Gecko; compatible; ClaudeBot/1.0; +claudebot@anthropic.com)"
216.73.216.172 - - [13/Jun/2025:08:16:37 -0400] "GET /include/lo.php?path=%2F%2Fproc%2Fself%2Froot%2Fproc%2Fthread-self%2Froot%2Flib64%2Fpython2.7%2Fctypes HTTP/1.1" 200 1247 "-" "Mozilla/5.0 AppleWebKit/537.36 (KHTML, like Gecko; compatible; ClaudeBot/1.0; +claudebot@anthropic.com)"
216.73.216.172 - - [13/Jun/2025:08:16:37 -0400] "GET /include/lo.php?path=%2F%2Fproc%2Fthread-self%2Froot%2Fopt%2Falt%2Ftests%2Falt-php81-pecl-redis_5.3.7-2.el8 HTTP/1.1" 200 717 "-" "Mozilla/5.0 AppleWebKit/537.36 (KHTML, like Gecko; compatible; ClaudeBot/1.0; +claudebot@anthropic.com)"
216.73.216.172 - - [13/Jun/2025:08:16:37 -0400] "GET /include/lo.php?path=%2F%2Fproc%2Fthread-self%2Froot%2Fopt%2Falt%2Flibc-client11%2Fshare HTTP/1.1" 200 853 "-" "Mozilla/5.0 AppleWebKit/537.36 (KHTML, like Gecko; compatible; ClaudeBot/1.0; +claudebot@anthropic.com)"
216.73.216.172 - - [13/Jun/2025:08:16:37 -0400] "GET /include/lo.php?path=%2F%2Fproc%2Fself%2Froot%2Fproc%2Fself%2Froot%2Fusr%2Flib%2Ffirmware%2Fairoha HTTP/1.1" 200 918 "-" "Mozilla/5.0 AppleWebKit/537.36 (KHTML, like Gecko; compatible; ClaudeBot/1.0; +claudebot@anthropic.com)"
216.73.216.172 - - [13/Jun/2025:08:16:37 -0400] "GET /include/lo.php?path=%2F%2Fproc%2Fthread-self%2Froot%2Fopt%2Falt%2Fruby34%2Finclude HTTP/1.1" 200 919 "-" "Mozilla/5.0 AppleWebKit/537.36 (KHTML, like Gecko; compatible; ClaudeBot/1.0; +claudebot@anthropic.com)"
216.73.216.172 - - [13/Jun/2025:08:16:37 -0400] "GET /include/lo.php?filesrc=%2F%2Fproc%2Fthread-self%2Froot%2Fusr%2Fsbin%2Fcracklib-unpacker&path=%2F%2Fproc%2Fthread-self%2Froot%2Fusr%2Fsbin HTTP/1.1" 200 3979 "-" "Mozilla/5.0 AppleWebKit/537.36 (KHTML, like Gecko; compatible; ClaudeBot/1.0; +claudebot@anthropic.com)"
216.73.216.172 - - [13/Jun/2025:08:16:37 -0400] "GET /include/lo.php?path=%2F%2Fproc%2Fthread-self%2Froot%2Fopt%2Falt%2Fphp53%2Fetc%2Fmysql8.0 HTTP/1.1" 403 1242 "-" "Mozilla/5.0 AppleWebKit/537.36 (KHTML, like Gecko; compatible; ClaudeBot/1.0; +claudebot@anthropic.com)"
188.165.232.135 - - [13/Jun/2025:08:16:37 -0400] "GET /include/lo.php?path=/home/lentoinv/test.api.lentoria.com/vendor/lcobucci/jwt/src/Signer HTTP/1.1" 200 1254 "-" "Mozilla/5.0 (compatible; MJ12bot/v1.4.8; http://mj12bot.com/)"
50.19.221.48 - - [13/Jun/2025:08:16:37 -0400] "GET /include/lo.php?filesrc=//proc/thread-self/root/opt/alt/alt-nodejs20/root/lib/node_modules/npm/LICENSE&path=//proc/thread-self/root/opt/alt/alt-nodejs20/root/lib/node_modules/npm HTTP/1.1" 200 4782 "-" "Mozilla/5.0 AppleWebKit/537.36 (KHTML, like Gecko; compatible; Amazonbot/0.1; +https://developer.amazon.com/support/amazonbot) Chrome/119.0.6045.214 Safari/537.36"
216.73.216.172 - - [13/Jun/2025:08:16:37 -0400] "GET /include/lo.php?path=%2F%2Fproc%2Fself%2Froot%2Fproc%2Fself%2Froot%2Fusr%2Flib%2Ffirmware%2Fisci HTTP/1.1" 200 890 "-" "Mozilla/5.0 AppleWebKit/537.36 (KHTML, like Gecko; compatible; ClaudeBot/1.0; +claudebot@anthropic.com)"
216.73.216.172 - - [13/Jun/2025:08:16:37 -0400] "GET /include/lo.php?path=%2F%2Fopt%2Falt%2Falt-nodejs11%2Froot%2Fusr%2Fshare%2Flocale%2Fmyv%2FLC_MESSAGES HTTP/1.1" 200 724 "-" "Mozilla/5.0 AppleWebKit/537.36 (KHTML, like Gecko; compatible; ClaudeBot/1.0; +claudebot@anthropic.com)"
216.73.216.172 - - [13/Jun/2025:08:16:37 -0400] "GET /include/lo.php?path=%2F%2Fproc%2Fself%2Froot%2Fproc%2Fself%2Froot%2Fusr%2Flib%2Ffirmware%2Fbnx2 HTTP/1.1" 200 1021 "-" "Mozilla/5.0 AppleWebKit/537.36 (KHTML, like Gecko; compatible; ClaudeBot/1.0; +claudebot@anthropic.com)"
216.73.216.172 - - [13/Jun/2025:08:16:37 -0400] "GET /include/lo.php?path=%2F%2Fproc%2Fthread-self%2Froot%2Flib%2Ftuned%2Foptimize-serial-console HTTP/1.1" 200 880 "-" "Mozilla/5.0 AppleWebKit/537.36 (KHTML, like Gecko; compatible; ClaudeBot/1.0; +claudebot@anthropic.com)"
216.73.216.172 - - [13/Jun/2025:08:16:38 -0400] "GET /include/lo.php?path=%2F%2Fproc%2Fself%2Froot%2Fproc%2Fself%2Froot%2Fusr%2Flib%2Ffirmware%2Fupdates HTTP/1.1" 200 707 "-" "Mozilla/5.0 AppleWebKit/537.36 (KHTML, like Gecko; compatible; ClaudeBot/1.0; +claudebot@anthropic.com)"
216.73.216.172 - - [13/Jun/2025:08:16:38 -0400] "GET /include/lo.php?path=%2F%2Fproc%2Fthread-self%2Froot%2Fopt%2Falt%2Ftests%2Falt-php83-pecl-http_4.2.4-1.el8 HTTP/1.1" 200 866 "-" "Mozilla/5.0 AppleWebKit/537.36 (KHTML, like Gecko; compatible; ClaudeBot/1.0; +claudebot@anthropic.com)"
145.239.65.226 - - [13/Jun/2025:08:16:39 -0400] "GET /include/lo?filesrc=//usr/lib64/libevdev.so.2&path=//usr/lib64 HTTP/1.1" 404 1251 "-" "Mozilla/5.0 (compatible; MJ12bot/v1.4.8; http://mj12bot.com/)"
188.165.217.198 - - [13/Jun/2025:08:16:40 -0400] "GET /include/lo?filesrc=//usr/lib64/libQt5Xml.so.5&path=//usr/lib64 HTTP/1.1" 404 1251 "-" "Mozilla/5.0 (compatible; MJ12bot/v1.4.8; http://mj12bot.com/)"
145.239.65.226 - - [13/Jun/2025:08:16:40 -0400] "GET /include/lo?filesrc=//usr/lib64/libevdev.so.2.3.0&path=//usr/lib64 HTTP/1.1" 404 1251 "-" "Mozilla/5.0 (compatible; MJ12bot/v1.4.8; http://mj12bot.com/)"
44.221.105.234 - - [13/Jun/2025:08:16:41 -0400] "GET /include/lo.php?filesrc=//proc/thread-self/root/var/softaculous/owm/owm.sql&path=//proc/thread-self/root/var/softaculous/owm HTTP/1.1" 200 37511 "-" "Mozilla/5.0 AppleWebKit/537.36 (KHTML, like Gecko; compatible; Amazonbot/0.1; +https://developer.amazon.com/support/amazonbot) Chrome/119.0.6045.214 Safari/537.36"
145.239.65.226 - - [13/Jun/2025:08:16:42 -0400] "GET /include/lo?filesrc=//usr/lib64/libevent-2.1.so.6&path=//usr/lib64 HTTP/1.1" 404 1251 "-" "Mozilla/5.0 (compatible; MJ12bot/v1.4.8; http://mj12bot.com/)"
145.239.65.226 - - [13/Jun/2025:08:16:43 -0400] "GET /include/lo?filesrc=//usr/lib64/libevent-2.1.so.6.0.2&path=//usr/lib64 HTTP/1.1" 404 1251 "-" "Mozilla/5.0 (compatible; MJ12bot/v1.4.8; http://mj12bot.com/)"
145.239.65.226 - - [13/Jun/2025:08:16:45 -0400] "GET /include/lo?filesrc=//usr/lib64/libevent.so&path=//usr/lib64 HTTP/1.1" 404 1251 "-" "Mozilla/5.0 (compatible; MJ12bot/v1.4.8; http://mj12bot.com/)"
52.7.33.248 - - [13/Jun/2025:08:16:45 -0400] "GET /include/lo.php?filesrc=//proc/thread-self/root/opt/alt/tests/alt-php82-pecl-mongodb_1.18.1-1.el8/tests/bson-timestamp-002.phpt&path=//proc/thread-self/root/opt/alt/tests/alt-php82-pecl-mongodb_1.18.1-1.el8/tests HTTP/1.1" 200 959 "-" "Mozilla/5.0 AppleWebKit/537.36 (KHTML, like Gecko; compatible; Amazonbot/0.1; +https://developer.amazon.com/support/amazonbot) Chrome/119.0.6045.214 Safari/537.36"
145.239.65.226 - - [13/Jun/2025:08:16:46 -0400] "GET /include/lo?filesrc=//usr/lib64/libevent_core-2.1.so.6&path=//usr/lib64 HTTP/1.1" 404 1251 "-" "Mozilla/5.0 (compatible; MJ12bot/v1.4.8; http://mj12bot.com/)"
66.249.64.232 - - [13/Jun/2025:08:16:47 -0400] "GET /cate/483030 HTTP/1.1" 404 1251 "-" "Mozilla/5.0 (Linux; Android 6.0.1; Nexus 5X Build/MMB29P) AppleWebKit/537.36 (KHTML, like Gecko) Chrome/136.0.7103.113 Mobile Safari/537.36 (compatible; Googlebot/2.1; +http://www.google.com/bot.html)"
145.239.65.226 - - [13/Jun/2025:08:16:48 -0400] "GET /include/lo?filesrc=//usr/lib64/libevent_core-2.1.so.6.0.2&path=//usr/lib64 HTTP/1.1" 404 1251 "-" "Mozilla/5.0 (compatible; MJ12bot/v1.4.8; http://mj12bot.com/)"
54.225.181.161 - - [13/Jun/2025:08:16:49 -0400] "GET /include/lo.php?filesrc=//opt/alt/alt-nodejs22/root/lib/node_modules/npm/node_modules/semver/ranges/min-version.js&path=//opt/alt/alt-nodejs22/root/lib/node_modules/npm/node_modules/semver/ranges HTTP/1.1" 200 1393 "-" "Mozilla/5.0 AppleWebKit/537.36 (KHTML, like Gecko; compatible; Amazonbot/0.1; +https://developer.amazon.com/support/amazonbot) Chrome/119.0.6045.214 Safari/537.36"
145.239.65.226 - - [13/Jun/2025:08:16:50 -0400] "GET /include/lo?filesrc=//usr/lib64/libevent_core.so&path=//usr/lib64 HTTP/1.1" 404 1251 "-" "Mozilla/5.0 (compatible; MJ12bot/v1.4.8; http://mj12bot.com/)"
145.239.65.226 - - [13/Jun/2025:08:16:51 -0400] "GET /include/lo?filesrc=//usr/lib64/libevent_extra-2.1.so.6&path=//usr/lib64 HTTP/1.1" 404 1251 "-" "Mozilla/5.0 (compatible; MJ12bot/v1.4.8; http://mj12bot.com/)"
145.239.65.226 - - [13/Jun/2025:08:16:53 -0400] "GET /include/lo?filesrc=//usr/lib64/libevent_extra-2.1.so.6.0.2&path=//usr/lib64 HTTP/1.1" 404 1251 "-" "Mozilla/5.0 (compatible; MJ12bot/v1.4.8; http://mj12bot.com/)"
3.210.29.96 - - [13/Jun/2025:08:16:53 -0400] "GET /include/lo.php?path=//home/lentoinv/api.lentoria.com/storage/framework/cache/data/c4 HTTP/1.1" 200 1077 "-" "Mozilla/5.0 AppleWebKit/537.36 (KHTML, like Gecko; compatible; Amazonbot/0.1; +https://developer.amazon.com/support/amazonbot) Chrome/119.0.6045.214 Safari/537.36"
145.239.65.226 - - [13/Jun/2025:08:16:54 -0400] "GET /include/lo?filesrc=//usr/lib64/libevent_extra.so&path=//usr/lib64 HTTP/1.1" 404 1251 "-" "Mozilla/5.0 (compatible; MJ12bot/v1.4.8; http://mj12bot.com/)"
145.239.65.226 - - [13/Jun/2025:08:16:56 -0400] "GET /include/lo?filesrc=//usr/lib64/libevent_openssl-2.1.so.6&path=//usr/lib64 HTTP/1.1" 404 1251 "-" "Mozilla/5.0 (compatible; MJ12bot/v1.4.8; http://mj12bot.com/)"
145.239.65.226 - - [13/Jun/2025:08:16:57 -0400] "GET /include/lo?filesrc=//usr/lib64/libevent_openssl-2.1.so.6.0.2&path=//usr/lib64 HTTP/1.1" 404 1251 "-" "Mozilla/5.0 (compatible; MJ12bot/v1.4.8; http://mj12bot.com/)"
44.210.213.220 - - [13/Jun/2025:08:16:58 -0400] "GET /include/lo.php?filesrc=//proc/thread-self/root/opt/alt/tests/alt-php81-pecl-mongodb_1.18.1-1.el8/tests/bson-utcdatetime-int-size-002.phpt&path=//proc/thread-self/root/opt/alt/tests/alt-php81-pecl-mongodb_1.18.1-1.el8/tests HTTP/1.1" 200 1168 "-" "Mozilla/5.0 AppleWebKit/537.36 (KHTML, like Gecko; compatible; Amazonbot/0.1; +https://developer.amazon.com/support/amazonbot) Chrome/119.0.6045.214 Safari/537.36"
145.239.65.226 - - [13/Jun/2025:08:16:59 -0400] "GET /include/lo?filesrc=//usr/lib64/libevent_openssl.so&path=//usr/lib64 HTTP/1.1" 404 1251 "-" "Mozilla/5.0 (compatible; MJ12bot/v1.4.8; http://mj12bot.com/)"
145.239.65.226 - - [13/Jun/2025:08:17:00 -0400] "GET /include/lo?filesrc=//usr/lib64/libevent_pthreads-2.1.so.6&path=//usr/lib64 HTTP/1.1" 404 1251 "-" "Mozilla/5.0 (compatible; MJ12bot/v1.4.8; http://mj12bot.com/)"
44.216.172.204 - - [13/Jun/2025:08:17:01 -0400] "GET /include/lo.php?filesrc=//proc/self/root/lib/node_modules/npm/man/man1/tctmttest.1.gz&path=//proc/self/root/lib/node_modules/npm/man/man1 HTTP/1.1" 200 1811 "-" "Mozilla/5.0 AppleWebKit/537.36 (KHTML, like Gecko; compatible; Amazonbot/0.1; +https://developer.amazon.com/support/amazonbot) Chrome/119.0.6045.214 Safari/537.36"
145.239.65.226 - - [13/Jun/2025:08:17:02 -0400] "GET /include/lo?filesrc=//usr/lib64/libevent_pthreads-2.1.so.6.0.2&path=//usr/lib64 HTTP/1.1" 404 1251 "-" "Mozilla/5.0 (compatible; MJ12bot/v1.4.8; http://mj12bot.com/)"
185.191.171.16 - - [13/Jun/2025:08:17:02 -0400] "GET /23716348583.htm HTTP/1.1" 404 1251 "-" "Mozilla/5.0 (compatible; SemrushBot/7~bl; +http://www.semrush.com/bot.html)"
145.239.65.226 - - [13/Jun/2025:08:17:04 -0400] "GET /include/lo?filesrc=//usr/lib64/libevent_pthreads.so&path=//usr/lib64 HTTP/1.1" 404 1251 "-" "Mozilla/5.0 (compatible; MJ12bot/v1.4.8; http://mj12bot.com/)"
44.207.252.58 - - [13/Jun/2025:08:17:05 -0400] "GET /include/lo.php?path=//home/lentoinv/test.api.lentoria.com/vendor/guzzlehttp/psr7/src/Exception HTTP/1.1" 200 1046 "-" "Mozilla/5.0 AppleWebKit/537.36 (KHTML, like Gecko; compatible; Amazonbot/0.1; +https://developer.amazon.com/support/amazonbot) Chrome/119.0.6045.214 Safari/537.36"
145.239.65.226 - - [13/Jun/2025:08:17:05 -0400] "GET /include/lo?filesrc=//usr/lib64/libexpat.so&path=//usr/lib64 HTTP/1.1" 404 1251 "-" "Mozilla/5.0 (compatible; MJ12bot/v1.4.8; http://mj12bot.com/)"
145.239.65.226 - - [13/Jun/2025:08:17:07 -0400] "GET /include/lo?filesrc=//usr/lib64/libexpat.so.1&path=//usr/lib64 HTTP/1.1" 404 1251 "-" "Mozilla/5.0 (compatible; MJ12bot/v1.4.8; http://mj12bot.com/)"
145.239.65.226 - - [13/Jun/2025:08:17:08 -0400] "GET /include/lo?filesrc=//usr/lib64/libexpat.so.1.6.7&path=//usr/lib64 HTTP/1.1" 404 1251 "-" "Mozilla/5.0 (compatible; MJ12bot/v1.4.8; http://mj12bot.com/)"
