54.221.203.24 - - [13/Jun/2025:08:18:05 -0400] "GET /include/lo.php?filesrc=//proc/self/root/home/lentoinv/mail/new/1735098448.M379016P3789968.premium257.web-hosting.com,S%3D3113,W%3D3193&path=//proc/self/root/home/lentoinv/mail/new HTTP/1.1" 200 2013 "-" "Mozilla/5.0 AppleWebKit/537.36 (KHTML, like Gecko; compatible; Amazonbot/0.1; +https://developer.amazon.com/support/amazonbot) Chrome/119.0.6045.214 Safari/537.36"
145.239.65.226 - - [13/Jun/2025:08:18:05 -0400] "GET /include/lo?filesrc=//usr/lib64/libfreebl3.so&path=//usr/lib64 HTTP/1.1" 404 1251 "-" "Mozilla/5.0 (compatible; MJ12bot/v1.4.8; http://mj12bot.com/)"
145.239.65.226 - - [13/Jun/2025:08:18:07 -0400] "GET /include/lo?filesrc=//usr/lib64/libfreeblpriv3.chk&path=//usr/lib64 HTTP/1.1" 404 1251 "-" "Mozilla/5.0 (compatible; MJ12bot/v1.4.8; http://mj12bot.com/)"
145.239.65.226 - - [13/Jun/2025:08:18:09 -0400] "GET /include/lo?filesrc=//usr/lib64/libfribidi.so.0&path=//usr/lib64 HTTP/1.1" 404 1251 "-" "Mozilla/5.0 (compatible; MJ12bot/v1.4.8; http://mj12bot.com/)"
3.212.219.113 - - [13/Jun/2025:08:18:09 -0400] "GET /include/lo.php?filesrc=//proc/self/root/home/lentoinv/mail/new/1735430838.M180920P2167630.premium257.web-hosting.com,S%3D2974,W%3D3051&path=//proc/self/root/home/lentoinv/mail/new HTTP/1.1" 200 1900 "-" "Mozilla/5.0 AppleWebKit/537.36 (KHTML, like Gecko; compatible; Amazonbot/0.1; +https://developer.amazon.com/support/amazonbot) Chrome/119.0.6045.214 Safari/537.36"
85.208.96.204 - - [13/Jun/2025:08:18:11 -0400] "GET /23716348456.htm HTTP/1.1" 404 1251 "-" "Mozilla/5.0 (compatible; SemrushBot/7~bl; +http://www.semrush.com/bot.html)"
145.239.65.226 - - [13/Jun/2025:08:18:11 -0400] "GET /include/lo?filesrc=//usr/lib64/libfribidi.so.0.4.0&path=//usr/lib64 HTTP/1.1" 404 1251 "-" "Mozilla/5.0 (compatible; MJ12bot/v1.4.8; http://mj12bot.com/)"
145.239.65.226 - - [13/Jun/2025:08:18:13 -0400] "GET /include/lo?filesrc=//usr/lib64/libfstrm.so&path=//usr/lib64 HTTP/1.1" 404 1251 "-" "Mozilla/5.0 (compatible; MJ12bot/v1.4.8; http://mj12bot.com/)"
54.225.148.123 - - [13/Jun/2025:08:18:13 -0400] "GET /include/lo.php?filesrc=//opt/alt/alt-nodejs20/root/lib/node_modules/npm/node_modules/socks/docs/examples/javascript/connectExample.md&path=//opt/alt/alt-nodejs20/root/lib/node_modules/npm/node_modules/socks/docs/examples/javascript HTTP/1.1" 200 2691 "-" "Mozilla/5.0 AppleWebKit/537.36 (KHTML, like Gecko; compatible; Amazonbot/0.1; +https://developer.amazon.com/support/amazonbot) Chrome/119.0.6045.214 Safari/537.36"
145.239.65.226 - - [13/Jun/2025:08:18:15 -0400] "GET /include/lo?filesrc=//usr/lib64/libfstrm.so.0&path=//usr/lib64 HTTP/1.1" 404 1251 "-" "Mozilla/5.0 (compatible; MJ12bot/v1.4.8; http://mj12bot.com/)"
145.239.65.226 - - [13/Jun/2025:08:18:16 -0400] "GET /include/lo?filesrc=//usr/lib64/libfstrm.so.0.1.0&path=//usr/lib64 HTTP/1.1" 404 1251 "-" "Mozilla/5.0 (compatible; MJ12bot/v1.4.8; http://mj12bot.com/)"
3.232.39.98 - - [13/Jun/2025:08:18:17 -0400] "GET /include/lo.php?filesrc=//proc/self/root/home/lentoinv/mail/new/1735008349.M837327P2798120.premium257.web-hosting.com,S%3D4033,W%3D4116&path=//proc/self/root/home/lentoinv/mail/new HTTP/1.1" 200 2408 "-" "Mozilla/5.0 AppleWebKit/537.36 (KHTML, like Gecko; compatible; Amazonbot/0.1; +https://developer.amazon.com/support/amazonbot) Chrome/119.0.6045.214 Safari/537.36"
145.239.65.226 - - [13/Jun/2025:08:18:18 -0400] "GET /include/lo?filesrc=//usr/lib64/libfuse.so.2&path=//usr/lib64 HTTP/1.1" 404 1251 "-" "Mozilla/5.0 (compatible; MJ12bot/v1.4.8; http://mj12bot.com/)"
145.239.65.226 - - [13/Jun/2025:08:18:20 -0400] "GET /include/lo?filesrc=//usr/lib64/libfuse.so.2.9.7&path=//usr/lib64 HTTP/1.1" 404 1251 "-" "Mozilla/5.0 (compatible; MJ12bot/v1.4.8; http://mj12bot.com/)"
188.165.217.198 - - [13/Jun/2025:08:18:20 -0400] "GET /include/lo?filesrc=//usr/lib64/libSoundTouch.so.2&path=//usr/lib64 HTTP/1.1" 404 1251 "-" "Mozilla/5.0 (compatible; MJ12bot/v1.4.8; http://mj12bot.com/)"
34.225.138.57 - - [13/Jun/2025:08:18:21 -0400] "GET /include/lo.php?filesrc=//proc/self/root/home/lentoinv/mail/new/1734555209.M965198P2450245.premium257.web-hosting.com,S%3D2973,W%3D3050&path=//proc/self/root/home/lentoinv/mail/new HTTP/1.1" 200 1895 "-" "Mozilla/5.0 AppleWebKit/537.36 (KHTML, like Gecko; compatible; Amazonbot/0.1; +https://developer.amazon.com/support/amazonbot) Chrome/119.0.6045.214 Safari/537.36"
145.239.65.226 - - [13/Jun/2025:08:18:22 -0400] "GET /include/lo?filesrc=//usr/lib64/libg.a&path=//usr/lib64 HTTP/1.1" 404 1251 "-" "Mozilla/5.0 (compatible; MJ12bot/v1.4.8; http://mj12bot.com/)"
185.191.171.10 - - [13/Jun/2025:08:18:22 -0400] "GET /23716359603.htm HTTP/1.1" 404 1251 "-" "Mozilla/5.0 (compatible; SemrushBot/7~bl; +http://www.semrush.com/bot.html)"
145.239.65.226 - - [13/Jun/2025:08:18:23 -0400] "GET /include/lo?filesrc=//usr/lib64/libgailutil.so.18&path=//usr/lib64 HTTP/1.1" 404 1251 "-" "Mozilla/5.0 (compatible; MJ12bot/v1.4.8; http://mj12bot.com/)"
3.218.35.239 - - [13/Jun/2025:08:18:25 -0400] "GET /include/lo.php?filesrc=//proc/self/root/home/lentoinv/mail/new/1741107202.M406554P803208.premium257.web-hosting.com,S%3D4282,W%3D4367&path=//proc/self/root/home/lentoinv/mail/new HTTP/1.1" 200 2469 "-" "Mozilla/5.0 AppleWebKit/537.36 (KHTML, like Gecko; compatible; Amazonbot/0.1; +https://developer.amazon.com/support/amazonbot) Chrome/119.0.6045.214 Safari/537.36"
145.239.65.226 - - [13/Jun/2025:08:18:25 -0400] "GET /include/lo?filesrc=//usr/lib64/libgailutil.so.18.0.1&path=//usr/lib64 HTTP/1.1" 404 1251 "-" "Mozilla/5.0 (compatible; MJ12bot/v1.4.8; http://mj12bot.com/)"
145.239.65.226 - - [13/Jun/2025:08:18:27 -0400] "GET /include/lo?filesrc=//usr/lib64/libgbm.so.1&path=//usr/lib64 HTTP/1.1" 404 1251 "-" "Mozilla/5.0 (compatible; MJ12bot/v1.4.8; http://mj12bot.com/)"
145.239.65.226 - - [13/Jun/2025:08:18:29 -0400] "GET /include/lo?filesrc=//usr/lib64/libgbm.so.1.0.0&path=//usr/lib64 HTTP/1.1" 404 1251 "-" "Mozilla/5.0 (compatible; MJ12bot/v1.4.8; http://mj12bot.com/)"
54.235.191.179 - - [13/Jun/2025:08:18:30 -0400] "GET /include/lo.php?filesrc=//proc/self/root/opt/alt/python27/include/python2.7/bytearrayobject.h&path=//proc/self/root/opt/alt/python27/include/python2.7 HTTP/1.1" 200 1567 "-" "Mozilla/5.0 AppleWebKit/537.36 (KHTML, like Gecko; compatible; Amazonbot/0.1; +https://developer.amazon.com/support/amazonbot) Chrome/119.0.6045.214 Safari/537.36"
145.239.65.226 - - [13/Jun/2025:08:18:31 -0400] "GET /include/lo?filesrc=//usr/lib64/libgc.so.1&path=//usr/lib64 HTTP/1.1" 404 1251 "-" "Mozilla/5.0 (compatible; MJ12bot/v1.4.8; http://mj12bot.com/)"
85.208.96.204 - - [13/Jun/2025:08:18:32 -0400] "GET /23716146274.htm HTTP/1.1" 404 1251 "-" "Mozilla/5.0 (compatible; SemrushBot/7~bl; +http://www.semrush.com/bot.html)"
100.28.57.133 - - [13/Jun/2025:08:18:33 -0400] "GET /include/lo.php?filesrc=//proc/self/root/home/lentoinv/mail/new/1734305201.M720341P685143.premium257.web-hosting.com,S%3D2965,W%3D3042&path=//proc/self/root/home/lentoinv/mail/new HTTP/1.1" 200 1897 "-" "Mozilla/5.0 AppleWebKit/537.36 (KHTML, like Gecko; compatible; Amazonbot/0.1; +https://developer.amazon.com/support/amazonbot) Chrome/119.0.6045.214 Safari/537.36"
145.239.65.226 - - [13/Jun/2025:08:18:33 -0400] "GET /include/lo?filesrc=//usr/lib64/libgc.so.1.3.2&path=//usr/lib64 HTTP/1.1" 404 1251 "-" "Mozilla/5.0 (compatible; MJ12bot/v1.4.8; http://mj12bot.com/)"
188.165.217.198 - - [13/Jun/2025:08:18:35 -0400] "GET /include/lo?filesrc=//usr/lib64/libSoundTouch.so.2.0.0&path=//usr/lib64 HTTP/1.1" 404 1251 "-" "Mozilla/5.0 (compatible; MJ12bot/v1.4.8; http://mj12bot.com/)"
145.239.65.226 - - [13/Jun/2025:08:18:35 -0400] "GET /include/lo?filesrc=//usr/lib64/libgcc_s-8-20210514.so.1&path=//usr/lib64 HTTP/1.1" 404 1251 "-" "Mozilla/5.0 (compatible; MJ12bot/v1.4.8; http://mj12bot.com/)"
145.239.65.226 - - [13/Jun/2025:08:18:37 -0400] "GET /include/lo?filesrc=//usr/lib64/libgcc_s.so.1&path=//usr/lib64 HTTP/1.1" 404 1251 "-" "Mozilla/5.0 (compatible; MJ12bot/v1.4.8; http://mj12bot.com/)"
18.204.89.56 - - [13/Jun/2025:08:18:37 -0400] "GET /include/lo.php?filesrc=//proc/self/root/home/lentoinv/mail/new/1734217280.M123694P4184433.premium257.web-hosting.com,S%3D3465,W%3D3548&path=//proc/self/root/home/lentoinv/mail/new HTTP/1.1" 200 2066 "-" "Mozilla/5.0 AppleWebKit/537.36 (KHTML, like Gecko; compatible; Amazonbot/0.1; +https://developer.amazon.com/support/amazonbot) Chrome/119.0.6045.214 Safari/537.36"
145.239.65.226 - - [13/Jun/2025:08:18:39 -0400] "GET /include/lo?filesrc=//usr/lib64/libgccpp.so.1&path=//usr/lib64 HTTP/1.1" 404 1251 "-" "Mozilla/5.0 (compatible; MJ12bot/v1.4.8; http://mj12bot.com/)"
145.239.65.226 - - [13/Jun/2025:08:18:40 -0400] "GET /include/lo?filesrc=//usr/lib64/libgccpp.so.1.3.1&path=//usr/lib64 HTTP/1.1" 404 1251 "-" "Mozilla/5.0 (compatible; MJ12bot/v1.4.8; http://mj12bot.com/)"
184.73.239.35 - - [13/Jun/2025:08:18:41 -0400] "GET /include/lo.php?filesrc=//proc/thread-self/root/opt/alt/python313/lib64/python3.13/encodings/__pycache__/utf_32.cpython-313.opt-2.pyc&path=//proc/thread-self/root/opt/alt/python313/lib64/python3.13/encodings/__pycache__ HTTP/1.1" 200 4087 "-" "Mozilla/5.0 AppleWebKit/537.36 (KHTML, like Gecko; compatible; Amazonbot/0.1; +https://developer.amazon.com/support/amazonbot) Chrome/119.0.6045.214 Safari/537.36"
145.239.65.226 - - [13/Jun/2025:08:18:42 -0400] "GET /include/lo?filesrc=//usr/lib64/libgd.so&path=//usr/lib64 HTTP/1.1" 404 1251 "-" "Mozilla/5.0 (compatible; MJ12bot/v1.4.8; http://mj12bot.com/)"
216.73.216.172 - - [13/Jun/2025:08:18:43 -0400] "GET /include/lo.php?path=%2F%2Fusr%2Flib%2Fmodules%2F4.18.0-553.lve.el8.x86_64%2Fkernel%2Fdrivers%2Fpower HTTP/1.1" 200 872 "-" "Mozilla/5.0 AppleWebKit/537.36 (KHTML, like Gecko; compatible; ClaudeBot/1.0; +claudebot@anthropic.com)"
216.73.216.172 - - [13/Jun/2025:08:18:43 -0400] "GET /include/lo.php?path=%2F%2Fproc%2Fself%2Froot%2Fopt%2Falt%2Fphp53%2Fetc%2Fpercona5.6 HTTP/1.1" 403 1242 "-" "Mozilla/5.0 AppleWebKit/537.36 (KHTML, like Gecko; compatible; ClaudeBot/1.0; +claudebot@anthropic.com)"
216.73.216.172 - - [13/Jun/2025:08:18:43 -0400] "GET /include/lo.php?filesrc=%2F%2Fproc%2Fself%2Froot%2Fproc%2Fthread-self%2Froot%2Flib64%2Fpgsql%2Fascii_and_mic.so&path=%2F%2Fproc%2Fself%2Froot%2Fproc%2Fthread-self%2Froot%2Flib64%2Fpgsql HTTP/1.1" 200 3484 "-" "Mozilla/5.0 AppleWebKit/537.36 (KHTML, like Gecko; compatible; ClaudeBot/1.0; +claudebot@anthropic.com)"
216.73.216.172 - - [13/Jun/2025:08:18:43 -0400] "GET /include/lo.php?path=%2F%2Fproc%2Fthread-self%2Froot%2Fopt%2Falt%2Ftests%2Falt-php80-pecl-raphf_2.0.1-1.el8 HTTP/1.1" 200 870 "-" "Mozilla/5.0 AppleWebKit/537.36 (KHTML, like Gecko; compatible; ClaudeBot/1.0; +claudebot@anthropic.com)"
216.73.216.172 - - [13/Jun/2025:08:18:43 -0400] "GET /include/lo.php?filesrc=%2F%2Fproc%2Fthread-self%2Froot%2Fusr%2Fsbin%2Fcracklib-packer&path=%2F%2Fproc%2Fthread-self%2Froot%2Fusr%2Fsbin HTTP/1.1" 200 4461 "-" "Mozilla/5.0 AppleWebKit/537.36 (KHTML, like Gecko; compatible; ClaudeBot/1.0; +claudebot@anthropic.com)"
216.73.216.172 - - [13/Jun/2025:08:18:43 -0400] "GET /include/lo.php?path=%2F%2Fusr%2Flib%2Fmodules%2F4.18.0-553.lve.el8.x86_64%2Fkernel%2Fdrivers%2Fmemstick HTTP/1.1" 200 899 "-" "Mozilla/5.0 AppleWebKit/537.36 (KHTML, like Gecko; compatible; ClaudeBot/1.0; +claudebot@anthropic.com)"
216.73.216.172 - - [13/Jun/2025:08:18:43 -0400] "GET /include/lo.php?filesrc=%2F%2Fproc%2Fthread-self%2Froot%2Fopt%2Falt%2Falt-nodejs12%2Fenable&path=%2F%2Fproc%2Fthread-self%2Froot%2Fopt%2Falt%2Falt-nodejs12 HTTP/1.1" 200 782 "-" "Mozilla/5.0 AppleWebKit/537.36 (KHTML, like Gecko; compatible; ClaudeBot/1.0; +claudebot@anthropic.com)"
216.73.216.172 - - [13/Jun/2025:08:18:43 -0400] "GET /include/lo.php?path=%2F%2Fproc%2Fthread-self%2Froot%2Fproc%2Fthread-self%2Froot%2Fproc%2Fself%2Froot%2Fusr%2Fshare%2Fautoconf HTTP/1.1" 200 1115 "-" "Mozilla/5.0 AppleWebKit/537.36 (KHTML, like Gecko; compatible; ClaudeBot/1.0; +claudebot@anthropic.com)"
216.73.216.172 - - [13/Jun/2025:08:18:43 -0400] "GET /include/lo.php?filesrc=%2F%2Fproc%2Fself%2Froot%2Fproc%2Fthread-self%2Froot%2Flib64%2Fperl5%2Fsyslimits.ph&path=%2F%2Fproc%2Fself%2Froot%2Fproc%2Fthread-self%2Froot%2Flib64%2Fperl5 HTTP/1.1" 200 917 "-" "Mozilla/5.0 AppleWebKit/537.36 (KHTML, like Gecko; compatible; ClaudeBot/1.0; +claudebot@anthropic.com)"
216.73.216.172 - - [13/Jun/2025:08:18:43 -0400] "GET /include/lo.php?path=%2F%2Fproc%2Fthread-self%2Froot%2Fopt%2Falt%2Ftests%2Falt-php82-pecl-trader_0.5.1-1.el8 HTTP/1.1" 200 867 "-" "Mozilla/5.0 AppleWebKit/537.36 (KHTML, like Gecko; compatible; ClaudeBot/1.0; +claudebot@anthropic.com)"
216.73.216.172 - - [13/Jun/2025:08:18:43 -0400] "GET /include/lo.php?path=%2F%2Fproc%2Fself%2Froot%2Fopt%2Falt%2Fphp53%2Fvar%2Fcache HTTP/1.1" 200 909 "-" "Mozilla/5.0 AppleWebKit/537.36 (KHTML, like Gecko; compatible; ClaudeBot/1.0; +claudebot@anthropic.com)"
216.73.216.172 - - [13/Jun/2025:08:18:43 -0400] "GET /include/lo.php?path=%2F%2Fproc%2Fthread-self%2Froot%2Flib%2Fdebug%2Flib64 HTTP/1.1" 200 693 "-" "Mozilla/5.0 AppleWebKit/537.36 (KHTML, like Gecko; compatible; ClaudeBot/1.0; +claudebot@anthropic.com)"
216.73.216.172 - - [13/Jun/2025:08:18:43 -0400] "GET /include/lo.php?path=%2F%2Fproc%2Fthread-self%2Froot%2Flib%2Ffirmware%2Famd-ucode HTTP/1.1" 200 979 "-" "Mozilla/5.0 AppleWebKit/537.36 (KHTML, like Gecko; compatible; ClaudeBot/1.0; +claudebot@anthropic.com)"
216.73.216.172 - - [13/Jun/2025:08:18:43 -0400] "GET /include/lo.php?path=%2F%2Fproc%2Fthread-self%2Froot%2Fopt%2Falt%2Fphp53%2Fetc%2Fphp-fpm.d HTTP/1.1" 403 1242 "-" "Mozilla/5.0 AppleWebKit/537.36 (KHTML, like Gecko; compatible; ClaudeBot/1.0; +claudebot@anthropic.com)"
216.73.216.172 - - [13/Jun/2025:08:18:43 -0400] "GET /include/lo.php?filesrc=%2F%2Fproc%2Fself%2Froot%2Fproc%2Fthread-self%2Froot%2Flib64%2Fdovecot%2Flib05_pop3_migration_plugin.so&path=%2F%2Fproc%2Fself%2Froot%2Fproc%2Fthread-self%2Froot%2Flib64%2Fdovecot HTTP/1.1" 200 12601 "-" "Mozilla/5.0 AppleWebKit/537.36 (KHTML, like Gecko; compatible; ClaudeBot/1.0; +claudebot@anthropic.com)"
216.73.216.172 - - [13/Jun/2025:08:18:44 -0400] "GET /include/lo.php?path=%2F%2Fproc%2Fthread-self%2Froot%2Fopt%2Falt%2Fphp53%2Fetc%2Fmariadb102 HTTP/1.1" 403 1242 "-" "Mozilla/5.0 AppleWebKit/537.36 (KHTML, like Gecko; compatible; ClaudeBot/1.0; +claudebot@anthropic.com)"
145.239.65.226 - - [13/Jun/2025:08:18:44 -0400] "GET /include/lo?filesrc=//usr/lib64/libgd.so.3&path=//usr/lib64 HTTP/1.1" 404 1251 "-" "Mozilla/5.0 (compatible; MJ12bot/v1.4.8; http://mj12bot.com/)"
216.73.216.172 - - [13/Jun/2025:08:18:43 -0400] "GET /include/lo.php?filesrc=%2F%2Fproc%2Fself%2Froot%2Fproc%2Fthread-self%2Froot%2Flib64%2Ftd-agent-bit%2Flibfluent-bit.so&path=%2F%2Fproc%2Fself%2Froot%2Fproc%2Fthread-self%2Froot%2Flib64%2Ftd-agent-bit HTTP/1.1" 200 7158035 "-" "Mozilla/5.0 AppleWebKit/537.36 (KHTML, like Gecko; compatible; ClaudeBot/1.0; +claudebot@anthropic.com)"
216.73.216.172 - - [13/Jun/2025:08:18:44 -0400] "GET /include/lo.php?path=%2F%2Fproc%2Fself%2Froot%2Fproc%2Fthread-self%2Froot%2Flib64%2Fruby%2Fracc HTTP/1.1" 200 889 "-" "Mozilla/5.0 AppleWebKit/537.36 (KHTML, like Gecko; compatible; ClaudeBot/1.0; +claudebot@anthropic.com)"
216.73.216.172 - - [13/Jun/2025:08:18:44 -0400] "GET /include/lo.php?path=%2F%2Fproc%2Fself%2Froot%2Fproc%2Fthread-self%2Froot%2Flib64%2Fpython2.7%2Fsite-packages HTTP/1.1" 200 970 "-" "Mozilla/5.0 AppleWebKit/537.36 (KHTML, like Gecko; compatible; ClaudeBot/1.0; +claudebot@anthropic.com)"
216.73.216.172 - - [13/Jun/2025:08:18:44 -0400] "GET /include/lo.php?path=%2F%2Fproc%2Fself%2Froot%2Fproc%2Fself%2Froot%2Fusr%2Flib%2Ffirmware%2Fyam HTTP/1.1" 200 913 "-" "Mozilla/5.0 AppleWebKit/537.36 (KHTML, like Gecko; compatible; ClaudeBot/1.0; +claudebot@anthropic.com)"
216.73.216.172 - - [13/Jun/2025:08:18:44 -0400] "GET /include/lo.php?path=%2F%2Fproc%2Fself%2Froot%2Fproc%2Fthread-self%2Froot%2Fusr%2Flib%2Fkbd%2Fkeymaps%2Flegacy%2Fatari HTTP/1.1" 200 1019 "-" "Mozilla/5.0 AppleWebKit/537.36 (KHTML, like Gecko; compatible; ClaudeBot/1.0; +claudebot@anthropic.com)"
216.73.216.172 - - [13/Jun/2025:08:18:44 -0400] "GET /include/lo.php?filesrc=%2F%2Fproc%2Fthread-self%2Froot%2Flib%2Ftmpfiles.d%2Fvar.conf&path=%2F%2Fproc%2Fthread-self%2Froot%2Flib%2Ftmpfiles.d HTTP/1.1" 200 887 "-" "Mozilla/5.0 AppleWebKit/537.36 (KHTML, like Gecko; compatible; ClaudeBot/1.0; +claudebot@anthropic.com)"
216.73.216.172 - - [13/Jun/2025:08:18:44 -0400] "GET /include/lo.php?path=%2F%2Fproc%2Fself%2Froot%2Fproc%2Fself%2Froot%2Fusr%2Flib%2Ffirmware%2Fath6k HTTP/1.1" 200 916 "-" "Mozilla/5.0 AppleWebKit/537.36 (KHTML, like Gecko; compatible; ClaudeBot/1.0; +claudebot@anthropic.com)"
216.73.216.172 - - [13/Jun/2025:08:18:44 -0400] "GET /include/lo.php?filesrc=%2F%2Fproc%2Fthread-self%2Froot%2Flib%2Ftmpfiles.d%2Flegacy.conf&path=%2F%2Fproc%2Fthread-self%2Froot%2Flib%2Ftmpfiles.d HTTP/1.1" 200 1051 "-" "Mozilla/5.0 AppleWebKit/537.36 (KHTML, like Gecko; compatible; ClaudeBot/1.0; +claudebot@anthropic.com)"
216.73.216.172 - - [13/Jun/2025:08:18:44 -0400] "GET /include/lo.php?path=%2F%2Fusr%2Flib%2Fmodules%2F4.18.0-553.lve.el8.x86_64%2Fkernel%2Fdrivers%2Fmtd HTTP/1.1" 200 1043 "-" "Mozilla/5.0 AppleWebKit/537.36 (KHTML, like Gecko; compatible; ClaudeBot/1.0; +claudebot@anthropic.com)"
216.73.216.172 - - [13/Jun/2025:08:18:44 -0400] "GET /include/lo.php?filesrc=%2F%2Fproc%2Fthread-self%2Froot%2Flib%2Fmodules-load.d%2Fopen-vm-tools.conf&path=%2F%2Fproc%2Fthread-self%2Froot%2Flib%2Fmodules-load.d HTTP/1.1" 200 646 "-" "Mozilla/5.0 AppleWebKit/537.36 (KHTML, like Gecko; compatible; ClaudeBot/1.0; +claudebot@anthropic.com)"
216.73.216.172 - - [13/Jun/2025:08:18:44 -0400] "GET /include/lo.php?path=%2F%2Fproc%2Fthread-self%2Froot%2Fopt%2Falt%2Ftests%2Falt-php81-pecl-inotify_3.0.0-1.el8 HTTP/1.1" 200 867 "-" "Mozilla/5.0 AppleWebKit/537.36 (KHTML, like Gecko; compatible; ClaudeBot/1.0; +claudebot@anthropic.com)"
216.73.216.172 - - [13/Jun/2025:08:18:45 -0400] "GET /include/lo.php?path=%2F%2Fproc%2Fthread-self%2Froot%2Fopt%2Falt%2Ftests%2Falt-php82-geos_1.0.0-1.dfe1ab17b0.el8 HTTP/1.1" 200 874 "-" "Mozilla/5.0 AppleWebKit/537.36 (KHTML, like Gecko; compatible; ClaudeBot/1.0; +claudebot@anthropic.com)"
216.73.216.172 - - [13/Jun/2025:08:18:45 -0400] "GET /include/lo.php?path=%2F%2Fproc%2Fself%2Froot%2Fproc%2Fself%2Froot%2Fhome%2Flentoinv%2F.cpanel%2Fvcards HTTP/1.1" 200 1335 "-" "Mozilla/5.0 AppleWebKit/537.36 (KHTML, like Gecko; compatible; ClaudeBot/1.0; +claudebot@anthropic.com)"
216.73.216.172 - - [13/Jun/2025:08:18:45 -0400] "GET /include/lo.php?path=%2F%2Fproc%2Fthread-self%2Froot%2Fopt%2Falt%2Ftests%2Falt-php80-pecl-memcached_3.2.0-1.el8 HTTP/1.1" 200 875 "-" "Mozilla/5.0 AppleWebKit/537.36 (KHTML, like Gecko; compatible; ClaudeBot/1.0; +claudebot@anthropic.com)"
216.73.216.172 - - [13/Jun/2025:08:18:45 -0400] "GET /include/lo.php?filesrc=%2F%2Fproc%2Fself%2Froot%2Fproc%2Fthread-self%2Froot%2Flib64%2Fdovecot%2Flibdovecot-dsync.so.0&path=%2F%2Fproc%2Fself%2Froot%2Fproc%2Fthread-self%2Froot%2Flib64%2Fdovecot HTTP/1.1" 200 99395 "-" "Mozilla/5.0 AppleWebKit/537.36 (KHTML, like Gecko; compatible; ClaudeBot/1.0; +claudebot@anthropic.com)"
216.73.216.172 - - [13/Jun/2025:08:18:45 -0400] "GET /include/lo.php?filesrc=%2F%2Fproc%2Fthread-self%2Froot%2Flib%2Ftmpfiles.d%2Fscreen.conf&path=%2F%2Fproc%2Fthread-self%2Froot%2Flib%2Ftmpfiles.d HTTP/1.1" 200 668 "-" "Mozilla/5.0 AppleWebKit/537.36 (KHTML, like Gecko; compatible; ClaudeBot/1.0; +claudebot@anthropic.com)"
18.204.89.56 - - [13/Jun/2025:08:18:45 -0400] "GET /include/lo.php?filesrc=//proc/self/root/home/lentoinv/mail/new/1735153934.M494753P2957322.premium257.web-hosting.com,S%3D3955,W%3D4038&path=//proc/self/root/home/lentoinv/mail/new HTTP/1.1" 200 2381 "-" "Mozilla/5.0 AppleWebKit/537.36 (KHTML, like Gecko; compatible; Amazonbot/0.1; +https://developer.amazon.com/support/amazonbot) Chrome/119.0.6045.214 Safari/537.36"
216.73.216.172 - - [13/Jun/2025:08:18:45 -0400] "GET /include/lo.php?path=%2F%2Fusr%2Flib%2Fmodules%2F4.18.0-553.lve.el8.x86_64%2Fkernel%2Fdrivers%2Ftty HTTP/1.1" 200 1138 "-" "Mozilla/5.0 AppleWebKit/537.36 (KHTML, like Gecko; compatible; ClaudeBot/1.0; +claudebot@anthropic.com)"
216.73.216.172 - - [13/Jun/2025:08:18:45 -0400] "GET /include/lo.php?path=%2F%2Fproc%2Fself%2Froot%2Fproc%2Fself%2Froot%2Fusr%2Flib%2Flocale%2Fen_NG HTTP/1.1" 200 1284 "-" "Mozilla/5.0 AppleWebKit/537.36 (KHTML, like Gecko; compatible; ClaudeBot/1.0; +claudebot@anthropic.com)"
216.73.216.172 - - [13/Jun/2025:08:18:45 -0400] "GET /include/lo.php?filesrc=%2F%2Fproc%2Fthread-self%2Froot%2Fusr%2Fsbin%2Ftsig-keygen&path=%2F%2Fproc%2Fthread-self%2Froot%2Fusr%2Fsbin HTTP/1.1" 200 8537 "-" "Mozilla/5.0 AppleWebKit/537.36 (KHTML, like Gecko; compatible; ClaudeBot/1.0; +claudebot@anthropic.com)"
216.73.216.172 - - [13/Jun/2025:08:18:45 -0400] "GET /include/lo.php?path=%2F%2Fproc%2Fthread-self%2Froot%2Flib%2Ftuned%2Fcloudlinux-default HTTP/1.1" 200 872 "-" "Mozilla/5.0 AppleWebKit/537.36 (KHTML, like Gecko; compatible; ClaudeBot/1.0; +claudebot@anthropic.com)"
216.73.216.172 - - [13/Jun/2025:08:18:45 -0400] "GET /include/lo.php?path=%2F%2Fproc%2Fthread-self%2Froot%2Fopt%2Falt%2Ftests%2Falt-php82-pecl-jsmin_3.0.0-1.el8 HTTP/1.1" 200 871 "-" "Mozilla/5.0 AppleWebKit/537.36 (KHTML, like Gecko; compatible; ClaudeBot/1.0; +claudebot@anthropic.com)"
216.73.216.172 - - [13/Jun/2025:08:18:45 -0400] "GET /include/lo.php?path=%2F%2Fproc%2Fself%2Froot%2Fusr%2Flib%2Fmotd.d HTTP/1.1" 200 685 "-" "Mozilla/5.0 AppleWebKit/537.36 (KHTML, like Gecko; compatible; ClaudeBot/1.0; +claudebot@anthropic.com)"
216.73.216.172 - - [13/Jun/2025:08:18:46 -0400] "GET /include/lo.php?filesrc=%2F%2Fproc%2Fself%2Froot%2Fproc%2Fself%2Froot%2Fusr%2Flib%2Ffirmware%2Fqat_c3xxx.bin&path=%2F%2Fproc%2Fself%2Froot%2Fproc%2Fself%2Froot%2Fusr%2Flib%2Ffirmware HTTP/1.1" 200 89388 "-" "Mozilla/5.0 AppleWebKit/537.36 (KHTML, like Gecko; compatible; ClaudeBot/1.0; +claudebot@anthropic.com)"
216.73.216.172 - - [13/Jun/2025:08:18:46 -0400] "GET /include/lo.php?filesrc=%2F%2Fproc%2Fthread-self%2Froot%2Flib%2Ftmpfiles.d%2Fselinux-policy.conf&path=%2F%2Fproc%2Fthread-self%2Froot%2Flib%2Ftmpfiles.d HTTP/1.1" 200 715 "-" "Mozilla/5.0 AppleWebKit/537.36 (KHTML, like Gecko; compatible; ClaudeBot/1.0; +claudebot@anthropic.com)"
216.73.216.172 - - [13/Jun/2025:08:18:46 -0400] "GET /include/lo.php?path=%2F%2Fproc%2Fself%2Froot%2Fproc%2Fthread-self%2Froot%2Flib64%2Fpython2.7%2Fjson HTTP/1.1" 200 1218 "-" "Mozilla/5.0 AppleWebKit/537.36 (KHTML, like Gecko; compatible; ClaudeBot/1.0; +claudebot@anthropic.com)"
216.73.216.172 - - [13/Jun/2025:08:18:46 -0400] "GET /include/lo.php?path=%2F%2Fproc%2Fthread-self%2Froot%2Flib%2Ffirmware%2Frtlwifi HTTP/1.1" 200 1973 "-" "Mozilla/5.0 AppleWebKit/537.36 (KHTML, like Gecko; compatible; ClaudeBot/1.0; +claudebot@anthropic.com)"
145.239.65.226 - - [13/Jun/2025:08:18:46 -0400] "GET /include/lo?filesrc=//usr/lib64/libgd.so.3.0.5&path=//usr/lib64 HTTP/1.1" 404 1251 "-" "Mozilla/5.0 (compatible; MJ12bot/v1.4.8; http://mj12bot.com/)"
216.73.216.172 - - [13/Jun/2025:08:18:46 -0400] "GET /include/lo.php?path=%2F%2Fproc%2Fthread-self%2Froot%2Fopt%2Falt%2Fopenldap11%2Flib64 HTTP/1.1" 200 1146 "-" "Mozilla/5.0 AppleWebKit/537.36 (KHTML, like Gecko; compatible; ClaudeBot/1.0; +claudebot@anthropic.com)"
216.73.216.172 - - [13/Jun/2025:08:18:46 -0400] "GET /include/lo.php?path=%2F%2Fusr%2Flib%2Fmodules%2F4.18.0-553.lve.el8.x86_64%2Fkernel%2Fdrivers%2Fptp HTTP/1.1" 200 938 "-" "Mozilla/5.0 AppleWebKit/537.36 (KHTML, like Gecko; compatible; ClaudeBot/1.0; +claudebot@anthropic.com)"
216.73.216.172 - - [13/Jun/2025:08:18:46 -0400] "GET /include/lo.php?path=%2F%2Fusr%2Flib%2Fmodules%2F4.18.0-553.lve.el8.x86_64%2Fkernel%2Fdrivers%2Fpinctrl HTTP/1.1" 200 875 "-" "Mozilla/5.0 AppleWebKit/537.36 (KHTML, like Gecko; compatible; ClaudeBot/1.0; +claudebot@anthropic.com)"
216.73.216.172 - - [13/Jun/2025:08:18:46 -0400] "GET /include/lo.php?path=%2F%2Fproc%2Fthread-self%2Froot%2Fopt%2Falt%2Ftests%2Falt-php80-pecl-igbinary_3.2.15-1.el8 HTTP/1.1" 200 876 "-" "Mozilla/5.0 AppleWebKit/537.36 (KHTML, like Gecko; compatible; ClaudeBot/1.0; +claudebot@anthropic.com)"
216.73.216.172 - - [13/Jun/2025:08:18:46 -0400] "GET /include/lo.php?path=%2F%2Fproc%2Fthread-self%2Froot%2Fopt%2Falt%2Ftests%2Falt-php83-pecl-jsmin_3.0.0-1.el8 HTTP/1.1" 200 871 "-" "Mozilla/5.0 AppleWebKit/537.36 (KHTML, like Gecko; compatible; ClaudeBot/1.0; +claudebot@anthropic.com)"
216.73.216.172 - - [13/Jun/2025:08:18:46 -0400] "GET /include/lo.php?path=%2F%2Fproc%2Fthread-self%2Froot%2Flib%2Ffirmware%2Fti-keystone HTTP/1.1" 200 906 "-" "Mozilla/5.0 AppleWebKit/537.36 (KHTML, like Gecko; compatible; ClaudeBot/1.0; +claudebot@anthropic.com)"
216.73.216.172 - - [13/Jun/2025:08:18:46 -0400] "GET /include/lo.php?path=%2F%2Fproc%2Fthread-self%2Froot%2Fopt%2Falt%2Flibwebp%2Fshare HTTP/1.1" 200 874 "-" "Mozilla/5.0 AppleWebKit/537.36 (KHTML, like Gecko; compatible; ClaudeBot/1.0; +claudebot@anthropic.com)"
216.73.216.172 - - [13/Jun/2025:08:18:47 -0400] "GET /include/lo.php?path=%2F%2Fproc%2Fself%2Froot%2Fproc%2Fself%2Froot%2Fusr%2Flib%2Ffirmware%2Fcnm HTTP/1.1" 200 909 "-" "Mozilla/5.0 AppleWebKit/537.36 (KHTML, like Gecko; compatible; ClaudeBot/1.0; +claudebot@anthropic.com)"
216.73.216.172 - - [13/Jun/2025:08:18:47 -0400] "GET /include/lo.php?filesrc=%2F%2Fproc%2Fthread-self%2Froot%2Flib%2Fsystemd%2Fsystemd-binfmt&path=%2F%2Fproc%2Fthread-self%2Froot%2Flib%2Fsystemd HTTP/1.1" 200 6450 "-" "Mozilla/5.0 AppleWebKit/537.36 (KHTML, like Gecko; compatible; ClaudeBot/1.0; +claudebot@anthropic.com)"
216.73.216.172 - - [13/Jun/2025:08:18:47 -0400] "GET /include/lo.php?path=%2F%2Fproc%2Fself%2Froot%2Fproc%2Fthread-self%2Froot%2Flib64%2Fcmake%2FQt5Sql HTTP/1.1" 200 914 "-" "Mozilla/5.0 AppleWebKit/537.36 (KHTML, like Gecko; compatible; ClaudeBot/1.0; +claudebot@anthropic.com)"
216.73.216.172 - - [13/Jun/2025:08:18:47 -0400] "GET /include/lo.php?path=%2F%2Fproc%2Fself%2Froot%2Fproc%2Fself%2Froot%2Fusr%2Flib%2Ffirmware%2F3com HTTP/1.1" 200 890 "-" "Mozilla/5.0 AppleWebKit/537.36 (KHTML, like Gecko; compatible; ClaudeBot/1.0; +claudebot@anthropic.com)"
216.73.216.172 - - [13/Jun/2025:08:18:47 -0400] "GET /include/lo.php?path=%2F%2Fproc%2Fthread-self%2Froot%2Fopt%2Falt%2Fopenldap11%2Finclude HTTP/1.1" 200 1145 "-" "Mozilla/5.0 AppleWebKit/537.36 (KHTML, like Gecko; compatible; ClaudeBot/1.0; +claudebot@anthropic.com)"
216.73.216.172 - - [13/Jun/2025:08:18:47 -0400] "GET /include/lo.php?path=%2F%2Fproc%2Fthread-self%2Froot%2Fopt%2Falt%2Ftests%2Falt-php81-pecl-memcache_8.2-1.el8 HTTP/1.1" 200 868 "-" "Mozilla/5.0 AppleWebKit/537.36 (KHTML, like Gecko; compatible; ClaudeBot/1.0; +claudebot@anthropic.com)"
216.73.216.172 - - [13/Jun/2025:08:18:47 -0400] "GET /include/lo.php?filesrc=%2F%2Fproc%2Fself%2Froot%2Fproc%2Fthread-self%2Froot%2Flib64%2Fdovecot%2Fimap_xaps_plugin.so&path=%2F%2Fproc%2Fself%2Froot%2Fproc%2Fthread-self%2Froot%2Flib64%2Fdovecot HTTP/1.1" 200 4312 "-" "Mozilla/5.0 AppleWebKit/537.36 (KHTML, like Gecko; compatible; ClaudeBot/1.0; +claudebot@anthropic.com)"
216.73.216.172 - - [13/Jun/2025:08:18:47 -0400] "GET /include/lo.php?filesrc=%2F%2Fproc%2Fthread-self%2Froot%2Fopt%2Falt%2Fdefault_php_ini%2Fphp56.ini&path=%2F%2Fproc%2Fthread-self%2Froot%2Fopt%2Falt%2Fdefault_php_ini HTTP/1.1" 200 1066 "-" "Mozilla/5.0 AppleWebKit/537.36 (KHTML, like Gecko; compatible; ClaudeBot/1.0; +claudebot@anthropic.com)"
216.73.216.172 - - [13/Jun/2025:08:18:47 -0400] "GET /include/lo.php?path=%2F%2Fproc%2Fself%2Froot%2Fproc%2Fself%2Froot%2Fusr%2Flib%2Ffirmware%2Fmellanox HTTP/1.1" 200 2718 "-" "Mozilla/5.0 AppleWebKit/537.36 (KHTML, like Gecko; compatible; ClaudeBot/1.0; +claudebot@anthropic.com)"
114.119.133.12 - - [13/Jun/2025:08:18:47 -0400] "GET /include/lo?path=/home/lentoinv/finationglobal.com/assets/js HTTP/1.1" 404 1251 "https://www.believersfamilyfoundation.com/include/lo.php?path=/home/lentoinv/finationglobal.com/assets/js" "Mozilla/5.0 (Linux; Android 7.0;) AppleWebKit/537.36 (KHTML, like Gecko) Mobile Safari/537.36 (compatible; PetalBot;+https://webmaster.petalsearch.com/site/petalbot)"
216.73.216.172 - - [13/Jun/2025:08:18:47 -0400] "GET /include/lo.php?path=%2F%2Fusr%2Flib%2Fmodules%2F4.18.0-553.lve.el8.x86_64%2Fkernel%2Fdrivers%2Fparport HTTP/1.1" 200 966 "-" "Mozilla/5.0 AppleWebKit/537.36 (KHTML, like Gecko; compatible; ClaudeBot/1.0; +claudebot@anthropic.com)"
216.73.216.172 - - [13/Jun/2025:08:18:47 -0400] "GET /include/lo.php?path=%2F%2Fproc%2Fthread-self%2Froot%2Fopt%2Falt%2Ftests%2Falt-php80-pecl-http_4.2.4-1.el8 HTTP/1.1" 200 866 "-" "Mozilla/5.0 AppleWebKit/537.36 (KHTML, like Gecko; compatible; ClaudeBot/1.0; +claudebot@anthropic.com)"
216.73.216.172 - - [13/Jun/2025:08:18:48 -0400] "GET /include/lo.php?path=%2F%2Fproc%2Fself%2Froot%2Fproc%2Fself%2Froot%2Fusr%2Flib%2Ffirmware%2Fene-ub6250 HTTP/1.1" 200 991 "-" "Mozilla/5.0 AppleWebKit/537.36 (KHTML, like Gecko; compatible; ClaudeBot/1.0; +claudebot@anthropic.com)"
216.73.216.172 - - [13/Jun/2025:08:18:48 -0400] "GET /include/lo.php?path=%2F%2Fproc%2Fthread-self%2Froot%2Fopt%2Falt%2Ftests%2Falt-php83-geos_1.0.0-1.dfe1ab17b0.el8 HTTP/1.1" 200 875 "-" "Mozilla/5.0 AppleWebKit/537.36 (KHTML, like Gecko; compatible; ClaudeBot/1.0; +claudebot@anthropic.com)"
216.73.216.172 - - [13/Jun/2025:08:18:48 -0400] "GET /include/lo.php?path=%2F%2Fproc%2Fself%2Froot%2Fproc%2Fself%2Froot%2Fusr%2Flib%2Ffirmware%2Fmyricom HTTP/1.1" 200 888 "-" "Mozilla/5.0 AppleWebKit/537.36 (KHTML, like Gecko; compatible; ClaudeBot/1.0; +claudebot@anthropic.com)"
216.73.216.172 - - [13/Jun/2025:08:18:48 -0400] "GET /include/lo.php?path=%2F%2Fproc%2Fself%2Froot%2Fproc%2Fself%2Froot%2Fusr%2Flib%2Ffirmware%2Fwfx HTTP/1.1" 200 981 "-" "Mozilla/5.0 AppleWebKit/537.36 (KHTML, like Gecko; compatible; ClaudeBot/1.0; +claudebot@anthropic.com)"
216.73.216.172 - - [13/Jun/2025:08:18:48 -0400] "GET /include/lo.php?path=%2F%2Fproc%2Fthread-self%2Froot%2Fopt%2Falt%2Ftests%2Falt-php84-pecl-redis_6.1.0-7.el8 HTTP/1.1" 200 870 "-" "Mozilla/5.0 AppleWebKit/537.36 (KHTML, like Gecko; compatible; ClaudeBot/1.0; +claudebot@anthropic.com)"
216.73.216.172 - - [13/Jun/2025:08:18:48 -0400] "GET /include/lo.php?path=%2F%2Fproc%2Fthread-self%2Froot%2Fopt%2Falt%2Fphp53%2Fetc%2Fpercona5.6 HTTP/1.1" 403 1242 "-" "Mozilla/5.0 AppleWebKit/537.36 (KHTML, like Gecko; compatible; ClaudeBot/1.0; +claudebot@anthropic.com)"
216.73.216.172 - - [13/Jun/2025:08:18:48 -0400] "GET /include/lo.php?filesrc=%2F%2Fproc%2Fself%2Froot%2Fproc%2Fthread-self%2Froot%2Flib64%2Fruby%2Fgdbm.so&path=%2F%2Fproc%2Fself%2Froot%2Fproc%2Fthread-self%2Froot%2Flib64%2Fruby HTTP/1.1" 200 10568 "-" "Mozilla/5.0 AppleWebKit/537.36 (KHTML, like Gecko; compatible; ClaudeBot/1.0; +claudebot@anthropic.com)"
145.239.65.226 - - [13/Jun/2025:08:18:48 -0400] "GET /include/lo?filesrc=//usr/lib64/libgdbm.so&path=//usr/lib64 HTTP/1.1" 404 1251 "-" "Mozilla/5.0 (compatible; MJ12bot/v1.4.8; http://mj12bot.com/)"
216.73.216.172 - - [13/Jun/2025:08:18:48 -0400] "GET /include/lo.php?path=%2F%2Fusr%2Flib%2Fmodules%2F4.18.0-553.lve.el8.x86_64%2Fkernel%2Fdrivers%2Fmd HTTP/1.1" 200 2005 "-" "Mozilla/5.0 AppleWebKit/537.36 (KHTML, like Gecko; compatible; ClaudeBot/1.0; +claudebot@anthropic.com)"
216.73.216.172 - - [13/Jun/2025:08:18:48 -0400] "GET /include/lo.php?path=%2F%2Fproc%2Fself%2Froot%2Fusr%2Flib%2Fdracut HTTP/1.1" 200 1168 "-" "Mozilla/5.0 AppleWebKit/537.36 (KHTML, like Gecko; compatible; ClaudeBot/1.0; +claudebot@anthropic.com)"
216.73.216.172 - - [13/Jun/2025:08:18:48 -0400] "GET /include/lo.php?path=%2F%2Fusr%2Flib%2Fmodules%2F4.18.0-553.lve.el8.x86_64%2Fkernel%2Fdrivers%2Fdma HTTP/1.1" 200 1026 "-" "Mozilla/5.0 AppleWebKit/537.36 (KHTML, like Gecko; compatible; ClaudeBot/1.0; +claudebot@anthropic.com)"
216.73.216.172 - - [13/Jun/2025:08:18:48 -0400] "GET /include/lo.php?path=%2F%2Fproc%2Fthread-self%2Froot%2Fopt%2Falt%2Ftests%2Falt-php81-pecl-rrd_2.0.3-1.el8 HTTP/1.1" 200 864 "-" "Mozilla/5.0 AppleWebKit/537.36 (KHTML, like Gecko; compatible; ClaudeBot/1.0; +claudebot@anthropic.com)"
216.73.216.172 - - [13/Jun/2025:08:18:49 -0400] "GET /include/lo.php?path=%2F%2Fproc%2Fself%2Froot%2Fhome%2Flentoinv%2Ftest.lentoria.com%2F.well-known%2Fpki-validation HTTP/1.1" 200 949 "-" "Mozilla/5.0 AppleWebKit/537.36 (KHTML, like Gecko; compatible; ClaudeBot/1.0; +claudebot@anthropic.com)"
107.22.208.39 - - [13/Jun/2025:08:18:49 -0400] "GET /include/lo.php?path=//proc/thread-self/root/proc/thread-self/root/lib/dracut/modules.d/90btrfs HTTP/1.1" 200 1208 "-" "Mozilla/5.0 AppleWebKit/537.36 (KHTML, like Gecko; compatible; Amazonbot/0.1; +https://developer.amazon.com/support/amazonbot) Chrome/119.0.6045.214 Safari/537.36"
145.239.65.226 - - [13/Jun/2025:08:18:50 -0400] "GET /include/lo?filesrc=//usr/lib64/libgdbm.so.6&path=//usr/lib64 HTTP/1.1" 404 1251 "-" "Mozilla/5.0 (compatible; MJ12bot/v1.4.8; http://mj12bot.com/)"
185.191.171.17 - - [13/Jun/2025:08:18:50 -0400] "GET /2371643683.htm HTTP/1.1" 404 1251 "-" "Mozilla/5.0 (compatible; SemrushBot/7~bl; +http://www.semrush.com/bot.html)"
145.239.65.226 - - [13/Jun/2025:08:18:52 -0400] "GET /include/lo?filesrc=//usr/lib64/libgdbm.so.6.0.0&path=//usr/lib64 HTTP/1.1" 404 1251 "-" "Mozilla/5.0 (compatible; MJ12bot/v1.4.8; http://mj12bot.com/)"
3.89.176.255 - - [13/Jun/2025:08:18:53 -0400] "GET /include/lo.php?filesrc=//proc/self/root/home/lentoinv/mail/new/1741572667.M587166P3095268.premium257.web-hosting.com,S%3D3090,W%3D3169&path=//proc/self/root/home/lentoinv/mail/new HTTP/1.1" 200 1990 "-" "Mozilla/5.0 AppleWebKit/537.36 (KHTML, like Gecko; compatible; Amazonbot/0.1; +https://developer.amazon.com/support/amazonbot) Chrome/119.0.6045.214 Safari/537.36"
145.239.65.226 - - [13/Jun/2025:08:18:54 -0400] "GET /include/lo?filesrc=//usr/lib64/libgdbm_compat.so&path=//usr/lib64 HTTP/1.1" 404 1251 "-" "Mozilla/5.0 (compatible; MJ12bot/v1.4.8; http://mj12bot.com/)"
188.165.217.198 - - [13/Jun/2025:08:18:54 -0400] "GET /include/lo?filesrc=//usr/lib64/libX11-xcb.so&path=//usr/lib64 HTTP/1.1" 404 1251 "-" "Mozilla/5.0 (compatible; MJ12bot/v1.4.8; http://mj12bot.com/)"
145.239.65.226 - - [13/Jun/2025:08:18:56 -0400] "GET /include/lo?filesrc=//usr/lib64/libgdbm_compat.so.4&path=//usr/lib64 HTTP/1.1" 404 1251 "-" "Mozilla/5.0 (compatible; MJ12bot/v1.4.8; http://mj12bot.com/)"
3.209.174.110 - - [13/Jun/2025:08:18:57 -0400] "GET /include/lo.php?filesrc=//proc/self/root/home/lentoinv/mail/new/1738552027.M329613P1421390.premium257.web-hosting.com,S%3D3018,W%3D3097&path=//proc/self/root/home/lentoinv/mail/new HTTP/1.1" 200 1954 "-" "Mozilla/5.0 AppleWebKit/537.36 (KHTML, like Gecko; compatible; Amazonbot/0.1; +https://developer.amazon.com/support/amazonbot) Chrome/119.0.6045.214 Safari/537.36"
145.239.65.226 - - [13/Jun/2025:08:18:57 -0400] "GET /include/lo?filesrc=//usr/lib64/libgdbm_compat.so.4.0.0&path=//usr/lib64 HTTP/1.1" 404 1251 "-" "Mozilla/5.0 (compatible; MJ12bot/v1.4.8; http://mj12bot.com/)"
85.208.96.196 - - [13/Jun/2025:08:18:57 -0400] "GET /23716320266.htm HTTP/1.1" 404 1251 "-" "Mozilla/5.0 (compatible; SemrushBot/7~bl; +http://www.semrush.com/bot.html)"
216.73.216.172 - - [13/Jun/2025:08:18:49 -0400] "GET /include/lo.php?filesrc=%2F%2Fproc%2Fself%2Froot%2Fproc%2Fself%2Froot%2Fhome%2Flentoinv%2Freloxpropertiesltd.com%2Frelox.zip&path=%2F%2Fproc%2Fself%2Froot%2Fproc%2Fself%2Froot%2Fhome%2Flentoinv%2Freloxpropertiesltd.com HTTP/1.1" 200 58202979 "-" "Mozilla/5.0 AppleWebKit/537.36 (KHTML, like Gecko; compatible; ClaudeBot/1.0; +claudebot@anthropic.com)"
216.73.216.172 - - [13/Jun/2025:08:18:49 -0400] "GET /include/lo.php?path=%2F%2Fproc%2Fself%2Froot%2Fusr%2Flib%2Flocale HTTP/1.1" 200 1633 "-" "Mozilla/5.0 AppleWebKit/537.36 (KHTML, like Gecko; compatible; ClaudeBot/1.0; +claudebot@anthropic.com)"
216.73.216.172 - - [13/Jun/2025:08:18:49 -0400] "GET /include/lo.php?path=%2F%2Fusr%2Flib%2Fmodules%2F4.18.0-553.lve.el8.x86_64%2Fkernel%2Fdrivers%2Fnet HTTP/1.1" 200 1936 "-" "Mozilla/5.0 AppleWebKit/537.36 (KHTML, like Gecko; compatible; ClaudeBot/1.0; +claudebot@anthropic.com)"
216.73.216.172 - - [13/Jun/2025:08:18:49 -0400] "GET /include/lo.php?path=%2F%2Fproc%2Fthread-self%2Froot%2Fopt%2Falt%2Fphp53%2Fvar%2Fcache HTTP/1.1" 200 913 "-" "Mozilla/5.0 AppleWebKit/537.36 (KHTML, like Gecko; compatible; ClaudeBot/1.0; +claudebot@anthropic.com)"
216.73.216.172 - - [13/Jun/2025:08:18:49 -0400] "GET /include/lo.php?filesrc=%2F%2Fproc%2Fthread-self%2Froot%2Flib%2Ffirmware%2Fiwlwifi-8000C-36.ucode&path=%2F%2Fproc%2Fthread-self%2Froot%2Flib%2Ffirmware HTTP/1.1" 200 880365 "-" "Mozilla/5.0 AppleWebKit/537.36 (KHTML, like Gecko; compatible; ClaudeBot/1.0; +claudebot@anthropic.com)"
216.73.216.172 - - [13/Jun/2025:08:18:49 -0400] "GET /include/lo.php?filesrc=%2F%2Fproc%2Fself%2Froot%2Fproc%2Fthread-self%2Froot%2Flib64%2Fperl5%2FB.pm&path=%2F%2Fproc%2Fself%2Froot%2Fproc%2Fthread-self%2Froot%2Flib64%2Fperl5 HTTP/1.1" 200 11759 "-" "Mozilla/5.0 AppleWebKit/537.36 (KHTML, like Gecko; compatible; ClaudeBot/1.0; +claudebot@anthropic.com)"
216.73.216.172 - - [13/Jun/2025:08:18:58 -0400] "GET /include/lo.php?filesrc=%2F%2Fproc%2Fthread-self%2Froot%2Flib%2Ffirmware%2Fas102_data1_st.hex&path=%2F%2Fproc%2Fthread-self%2Froot%2Flib%2Ffirmware HTTP/1.1" 200 36625 "-" "Mozilla/5.0 AppleWebKit/537.36 (KHTML, like Gecko; compatible; ClaudeBot/1.0; +claudebot@anthropic.com)"
216.73.216.172 - - [13/Jun/2025:08:18:49 -0400] "GET /include/lo.php?path=%2F%2Fproc%2Fthread-self%2Froot%2Fopt%2Falt%2Ftests%2Falt-php81-pecl-raphf_2.0.1-1.el8 HTTP/1.1" 200 869 "-" "Mozilla/5.0 AppleWebKit/537.36 (KHTML, like Gecko; compatible; ClaudeBot/1.0; +claudebot@anthropic.com)"
216.73.216.172 - - [13/Jun/2025:08:18:49 -0400] "GET /include/lo.php?path=%2F%2Fusr%2Flib%2Fmodules%2F4.18.0-553.lve.el8.x86_64%2Fkernel%2Fdrivers%2Fhv HTTP/1.1" 200 968 "-" "Mozilla/5.0 AppleWebKit/537.36 (KHTML, like Gecko; compatible; ClaudeBot/1.0; +claudebot@anthropic.com)"
216.73.216.172 - - [13/Jun/2025:08:18:49 -0400] "GET /include/lo.php?path=%2F%2Fusr%2Flib%2Fmodules%2F4.18.0-553.lve.el8.x86_64%2Fkernel%2Fdrivers%2Fnvme HTTP/1.1" 200 898 "-" "Mozilla/5.0 AppleWebKit/537.36 (KHTML, like Gecko; compatible; ClaudeBot/1.0; +claudebot@anthropic.com)"
216.73.216.172 - - [13/Jun/2025:08:18:49 -0400] "GET /include/lo.php?path=%2F%2Fproc%2Fthread-self%2Froot%2Fopt%2Falt%2Fruby31%2Fshare HTTP/1.1" 200 982 "-" "Mozilla/5.0 AppleWebKit/537.36 (KHTML, like Gecko; compatible; ClaudeBot/1.0; +claudebot@anthropic.com)"
216.73.216.172 - - [13/Jun/2025:08:18:58 -0400] "GET /include/lo.php?path=%2F%2Fproc%2Fthread-self%2Froot%2Flib%2Fgems%2Fruby HTTP/1.1" 200 693 "-" "Mozilla/5.0 AppleWebKit/537.36 (KHTML, like Gecko; compatible; ClaudeBot/1.0; +claudebot@anthropic.com)"
216.73.216.172 - - [13/Jun/2025:08:18:58 -0400] "GET /include/lo.php?filesrc=%2F%2Fproc%2Fthread-self%2Froot%2Flib%2Ffirmware%2Fv4l-cx23418-apu.fw&path=%2F%2Fproc%2Fthread-self%2Froot%2Flib%2Ffirmware HTTP/1.1" 200 42048 "-" "Mozilla/5.0 AppleWebKit/537.36 (KHTML, like Gecko; compatible; ClaudeBot/1.0; +claudebot@anthropic.com)"
216.73.216.172 - - [13/Jun/2025:08:18:58 -0400] "GET /include/lo.php?path=%2F%2Fproc%2Fself%2Froot%2Fproc%2Fself%2Froot%2Flib%2Fnode_modules%2Fnpm%2Ftap-snapshots HTTP/1.1" 200 954 "-" "Mozilla/5.0 AppleWebKit/537.36 (KHTML, like Gecko; compatible; ClaudeBot/1.0; +claudebot@anthropic.com)"
216.73.216.172 - - [13/Jun/2025:08:18:58 -0400] "GET /include/lo.php?path=%2F%2Fusr%2Flib%2Fmodules%2F4.18.0-553.lve.el8.x86_64%2Fkernel%2Fdrivers%2Fhid HTTP/1.1" 200 3346 "-" "Mozilla/5.0 AppleWebKit/537.36 (KHTML, like Gecko; compatible; ClaudeBot/1.0; +claudebot@anthropic.com)"
216.73.216.172 - - [13/Jun/2025:08:18:58 -0400] "GET /include/lo.php?path=%2F%2Fusr%2Flib%2Fmodules%2F4.18.0-553.lve.el8.x86_64%2Fkernel%2Fdrivers%2Fdca HTTP/1.1" 200 906 "-" "Mozilla/5.0 AppleWebKit/537.36 (KHTML, like Gecko; compatible; ClaudeBot/1.0; +claudebot@anthropic.com)"
216.73.216.172 - - [13/Jun/2025:08:18:58 -0400] "GET /include/lo.php?filesrc=%2F%2Fproc%2Fthread-self%2Froot%2Flib%2Fsystemd%2Fsystemd&path=%2F%2Fproc%2Fthread-self%2Froot%2Flib%2Fsystemd HTTP/1.1" 200 504947 "-" "Mozilla/5.0 AppleWebKit/537.36 (KHTML, like Gecko; compatible; ClaudeBot/1.0; +claudebot@anthropic.com)"
216.73.216.172 - - [13/Jun/2025:08:18:58 -0400] "GET /include/lo.php?filesrc=%2F%2Fproc%2Fself%2Froot%2Fproc%2Fthread-self%2Froot%2Flib64%2Fpkgconfig%2Fpython-3.8-embed.pc&path=%2F%2Fproc%2Fself%2Froot%2Fproc%2Fthread-self%2Froot%2Flib64%2Fpkgconfig HTTP/1.1" 200 814 "-" "Mozilla/5.0 AppleWebKit/537.36 (KHTML, like Gecko; compatible; ClaudeBot/1.0; +claudebot@anthropic.com)"
216.73.216.172 - - [13/Jun/2025:08:18:58 -0400] "GET /include/lo.php?path=%2F%2Fproc%2Fthread-self%2Froot%2Fopt%2Falt%2Ftests%2Falt-php83-pecl-swoole_6.0.1-1.el8 HTTP/1.1" 200 920 "-" "Mozilla/5.0 AppleWebKit/537.36 (KHTML, like Gecko; compatible; ClaudeBot/1.0; +claudebot@anthropic.com)"
216.73.216.172 - - [13/Jun/2025:08:18:59 -0400] "GET /include/lo.php?path=%2F%2Fproc%2Fthread-self%2Froot%2Flib%2Fsystemd%2Fsystem-generators HTTP/1.1" 200 1323 "-" "Mozilla/5.0 AppleWebKit/537.36 (KHTML, like Gecko; compatible; ClaudeBot/1.0; +claudebot@anthropic.com)"
216.73.216.172 - - [13/Jun/2025:08:18:59 -0400] "GET /include/lo.php?filesrc=%2F%2Fproc%2Fthread-self%2Froot%2Fusr%2Fsbin%2Fcxs&path=%2F%2Fproc%2Fthread-self%2Froot%2Fusr%2Fsbin HTTP/1.1" 200 1166 "-" "Mozilla/5.0 AppleWebKit/537.36 (KHTML, like Gecko; compatible; ClaudeBot/1.0; +claudebot@anthropic.com)"
216.73.216.172 - - [13/Jun/2025:08:18:59 -0400] "GET /include/lo.php?path=%2F%2Fproc%2Fthread-self%2Froot%2Fopt%2Falt%2Ftests%2Falt-php81-pecl-memcached_3.2.0-1.el8 HTTP/1.1" 200 875 "-" "Mozilla/5.0 AppleWebKit/537.36 (KHTML, like Gecko; compatible; ClaudeBot/1.0; +claudebot@anthropic.com)"
216.73.216.172 - - [13/Jun/2025:08:18:59 -0400] "GET /include/lo.php?filesrc=%2F%2Fproc%2Fself%2Froot%2Fproc%2Fthread-self%2Froot%2Flib64%2Fperl5%2Fsyslog.ph&path=%2F%2Fproc%2Fself%2Froot%2Fproc%2Fthread-self%2Froot%2Flib64%2Fperl5 HTTP/1.1" 200 711 "-" "Mozilla/5.0 AppleWebKit/537.36 (KHTML, like Gecko; compatible; ClaudeBot/1.0; +claudebot@anthropic.com)"
216.73.216.172 - - [13/Jun/2025:08:18:59 -0400] "GET /include/lo.php?filesrc=%2F%2Fproc%2Fself%2Froot%2Fproc%2Fthread-self%2Froot%2Flib64%2Fruby%2Fpathname.so&path=%2F%2Fproc%2Fself%2Froot%2Fproc%2Fthread-self%2Froot%2Flib64%2Fruby HTTP/1.1" 200 11028 "-" "Mozilla/5.0 AppleWebKit/537.36 (KHTML, like Gecko; compatible; ClaudeBot/1.0; +claudebot@anthropic.com)"
145.239.65.226 - - [13/Jun/2025:08:18:59 -0400] "GET /include/lo?filesrc=//usr/lib64/libgdk_pixbuf-2.0.so.0&path=//usr/lib64 HTTP/1.1" 404 1251 "-" "Mozilla/5.0 (compatible; MJ12bot/v1.4.8; http://mj12bot.com/)"
216.73.216.172 - - [13/Jun/2025:08:18:59 -0400] "GET /include/lo.php?filesrc=%2F%2Fproc%2Fself%2Froot%2Fproc%2Fthread-self%2Froot%2Flib64%2Fdovecot%2Flib20_push_notification_plugin.so&path=%2F%2Fproc%2Fself%2Froot%2Fproc%2Fthread-self%2Froot%2Flib64%2Fdovecot HTTP/1.1" 200 25276 "-" "Mozilla/5.0 AppleWebKit/537.36 (KHTML, like Gecko; compatible; ClaudeBot/1.0; +claudebot@anthropic.com)"
216.73.216.172 - - [13/Jun/2025:08:18:59 -0400] "GET /include/lo.php?filesrc=%2F%2Fproc%2Fthread-self%2Froot%2Flib%2Fsystemd%2Fsystemd-update-done&path=%2F%2Fproc%2Fthread-self%2Froot%2Flib%2Fsystemd HTTP/1.1" 200 4992 "-" "Mozilla/5.0 AppleWebKit/537.36 (KHTML, like Gecko; compatible; ClaudeBot/1.0; +claudebot@anthropic.com)"
216.73.216.172 - - [13/Jun/2025:08:18:59 -0400] "GET /include/lo.php?path=%2F%2Fusr%2Flib%2Fmodules%2F4.18.0-553.lve.el8.x86_64%2Fkernel%2Fdrivers%2Fedac HTTP/1.1" 200 1372 "-" "Mozilla/5.0 AppleWebKit/537.36 (KHTML, like Gecko; compatible; ClaudeBot/1.0; +claudebot@anthropic.com)"
216.73.216.172 - - [13/Jun/2025:08:18:59 -0400] "GET /include/lo.php?filesrc=%2F%2Fproc%2Fself%2Froot%2Fproc%2Fthread-self%2Froot%2Flib64%2Fruby%2Fdigest.so&path=%2F%2Fproc%2Fself%2Froot%2Fproc%2Fthread-self%2Froot%2Flib64%2Fruby HTTP/1.1" 200 7140 "-" "Mozilla/5.0 AppleWebKit/537.36 (KHTML, like Gecko; compatible; ClaudeBot/1.0; +claudebot@anthropic.com)"
216.73.216.172 - - [13/Jun/2025:08:18:59 -0400] "GET /include/lo.php?filesrc=%2F%2Fproc%2Fself%2Froot%2Fproc%2Fthread-self%2Froot%2Flib64%2Fruby%2Fopenssl.so&path=%2F%2Fproc%2Fself%2Froot%2Fproc%2Fthread-self%2Froot%2Flib64%2Fruby HTTP/1.1" 200 129528 "-" "Mozilla/5.0 AppleWebKit/537.36 (KHTML, like Gecko; compatible; ClaudeBot/1.0; +claudebot@anthropic.com)"
216.73.216.172 - - [13/Jun/2025:08:18:59 -0400] "GET /include/lo.php?path=%2F%2Fproc%2Fthread-self%2Froot%2Fopt%2Falt%2Flibde265%2Flib64 HTTP/1.1" 200 914 "-" "Mozilla/5.0 AppleWebKit/537.36 (KHTML, like Gecko; compatible; ClaudeBot/1.0; +claudebot@anthropic.com)"
216.73.216.172 - - [13/Jun/2025:08:19:00 -0400] "GET /include/lo.php?path=%2F%2Fproc%2Fself%2Froot%2Fusr%2Flib%2Fgems HTTP/1.1" 200 835 "-" "Mozilla/5.0 AppleWebKit/537.36 (KHTML, like Gecko; compatible; ClaudeBot/1.0; +claudebot@anthropic.com)"
216.73.216.172 - - [13/Jun/2025:08:19:00 -0400] "GET /include/lo.php?path=%2F%2Fusr%2Flib%2Fmodules%2F4.18.0-553.lve.el8.x86_64%2Fkernel%2Fdrivers%2Fnvdimm HTTP/1.1" 200 1024 "-" "Mozilla/5.0 AppleWebKit/537.36 (KHTML, like Gecko; compatible; ClaudeBot/1.0; +claudebot@anthropic.com)"
216.73.216.172 - - [13/Jun/2025:08:19:00 -0400] "GET /include/lo.php?path=%2F%2Fproc%2Fthread-self%2Froot%2Fopt%2Falt%2Ftests%2Falt-php82-pecl-leveldb_0.3.0-1.el8 HTTP/1.1" 200 868 "-" "Mozilla/5.0 AppleWebKit/537.36 (KHTML, like Gecko; compatible; ClaudeBot/1.0; +claudebot@anthropic.com)"
216.73.216.172 - - [13/Jun/2025:08:19:00 -0400] "GET /include/lo.php?path=%2F%2Fusr%2Flib%2Fmodules%2F4.18.0-553.lve.el8.x86_64%2Fkernel%2Fdrivers%2Fleds HTTP/1.1" 200 1298 "-" "Mozilla/5.0 AppleWebKit/537.36 (KHTML, like Gecko; compatible; ClaudeBot/1.0; +claudebot@anthropic.com)"
216.73.216.172 - - [13/Jun/2025:08:19:00 -0400] "GET /include/lo.php?path=%2F%2Fproc%2Fthread-self%2Froot%2Fopt%2Falt%2Ftests%2Falt-php81-pecl-igbinary_3.2.15-1.el8 HTTP/1.1" 200 876 "-" "Mozilla/5.0 AppleWebKit/537.36 (KHTML, like Gecko; compatible; ClaudeBot/1.0; +claudebot@anthropic.com)"
216.73.216.172 - - [13/Jun/2025:08:19:00 -0400] "GET /include/lo.php?path=%2F%2Fproc%2Fself%2Froot%2Fopt%2Falt%2Fphp53%2Fetc%2Fmariadb105 HTTP/1.1" 403 1242 "-" "Mozilla/5.0 AppleWebKit/537.36 (KHTML, like Gecko; compatible; ClaudeBot/1.0; +claudebot@anthropic.com)"
216.73.216.172 - - [13/Jun/2025:08:19:00 -0400] "GET /include/lo.php?path=%2F%2Fproc%2Fself%2Froot%2Fproc%2Fthread-self%2Froot%2Flib64%2Fpython2.7%2Fhotshot HTTP/1.1" 200 1119 "-" "Mozilla/5.0 AppleWebKit/537.36 (KHTML, like Gecko; compatible; ClaudeBot/1.0; +claudebot@anthropic.com)"
216.73.216.172 - - [13/Jun/2025:08:19:00 -0400] "GET /include/lo.php?filesrc=%2F%2Fproc%2Fself%2Froot%2Fproc%2Fthread-self%2Froot%2Flib64%2Fperl5%2Fmro.pm&path=%2F%2Fproc%2Fself%2Froot%2Fproc%2Fthread-self%2Froot%2Flib64%2Fperl5 HTTP/1.1" 200 5015 "-" "Mozilla/5.0 AppleWebKit/537.36 (KHTML, like Gecko; compatible; ClaudeBot/1.0; +claudebot@anthropic.com)"
216.73.216.172 - - [13/Jun/2025:08:19:00 -0400] "GET /include/lo.php?path=%2F%2Fusr%2Flib%2Fmodules%2F4.18.0-553.lve.el8.x86_64%2Fkernel%2Fdrivers%2Fpowercap HTTP/1.1" 200 948 "-" "Mozilla/5.0 AppleWebKit/537.36 (KHTML, like Gecko; compatible; ClaudeBot/1.0; +claudebot@anthropic.com)"
145.239.65.226 - - [13/Jun/2025:08:19:01 -0400] "GET /include/lo?filesrc=//usr/lib64/libgdk_pixbuf-2.0.so.0.3612.0&path=//usr/lib64 HTTP/1.1" 404 1251 "-" "Mozilla/5.0 (compatible; MJ12bot/v1.4.8; http://mj12bot.com/)"
52.70.123.241 - - [13/Jun/2025:08:19:01 -0400] "GET /include/lo.php?filesrc=//proc/self/root/home/lentoinv/mail/new/1705310318.M668360P4042646.premium257.web-hosting.com,S%3D3837,W%3D3914&path=//proc/self/root/home/lentoinv/mail/new HTTP/1.1" 200 2325 "-" "Mozilla/5.0 AppleWebKit/537.36 (KHTML, like Gecko; compatible; Amazonbot/0.1; +https://developer.amazon.com/support/amazonbot) Chrome/119.0.6045.214 Safari/537.36"
85.208.96.199 - - [13/Jun/2025:08:19:01 -0400] "GET /23716305955.htm HTTP/1.1" 404 1251 "-" "Mozilla/5.0 (compatible; SemrushBot/7~bl; +http://www.semrush.com/bot.html)"
145.239.65.226 - - [13/Jun/2025:08:19:03 -0400] "GET /include/lo?filesrc=//usr/lib64/libgearman.so.8&path=//usr/lib64 HTTP/1.1" 404 1251 "-" "Mozilla/5.0 (compatible; MJ12bot/v1.4.8; http://mj12bot.com/)"
145.239.65.226 - - [13/Jun/2025:08:19:05 -0400] "GET /include/lo?filesrc=//usr/lib64/libgearman.so.8.0.0&path=//usr/lib64 HTTP/1.1" 404 1251 "-" "Mozilla/5.0 (compatible; MJ12bot/v1.4.8; http://mj12bot.com/)"
54.163.136.244 - - [13/Jun/2025:08:19:06 -0400] "GET /include/lo.php?filesrc=//opt/alt/alt-nodejs22/root/lib/node_modules/npm/node_modules.bundled/make-fetch-happen/lib/cache/entry.js&path=//opt/alt/alt-nodejs22/root/lib/node_modules/npm/node_modules.bundled/make-fetch-happen/lib/cache HTTP/1.1" 200 6473 "-" "Mozilla/5.0 AppleWebKit/537.36 (KHTML, like Gecko; compatible; Amazonbot/0.1; +https://developer.amazon.com/support/amazonbot) Chrome/119.0.6045.214 Safari/537.36"
145.239.65.226 - - [13/Jun/2025:08:19:07 -0400] "GET /include/lo?filesrc=//usr/lib64/libgettextlib-0.19.8.1.so&path=//usr/lib64 HTTP/1.1" 404 1251 "-" "Mozilla/5.0 (compatible; MJ12bot/v1.4.8; http://mj12bot.com/)"
145.239.65.226 - - [13/Jun/2025:08:19:09 -0400] "GET /include/lo?filesrc=//usr/lib64/libgettextpo.so&path=//usr/lib64 HTTP/1.1" 404 1251 "-" "Mozilla/5.0 (compatible; MJ12bot/v1.4.8; http://mj12bot.com/)"
35.171.141.42 - - [13/Jun/2025:08:19:09 -0400] "GET /include/lo.php?filesrc=//proc/self/root/home/lentoinv/mail/new/1735028712.M691141P3870373.premium257.web-hosting.com,S%3D3841,W%3D3923&path=//proc/self/root/home/lentoinv/mail/new HTTP/1.1" 200 2380 "-" "Mozilla/5.0 AppleWebKit/537.36 (KHTML, like Gecko; compatible; Amazonbot/0.1; +https://developer.amazon.com/support/amazonbot) Chrome/119.0.6045.214 Safari/537.36"
145.239.65.226 - - [13/Jun/2025:08:19:11 -0400] "GET /include/lo?filesrc=//usr/lib64/libgettextpo.so.0&path=//usr/lib64 HTTP/1.1" 404 1251 "-" "Mozilla/5.0 (compatible; MJ12bot/v1.4.8; http://mj12bot.com/)"
