40.77.167.78 - - [29/May/2025:08:35:23 -0400] "GET /?d=95238961260&filter=70f96d&share_to_url=pin.php?id=3226470&name=wholesale%20ladies%20fashion%20office HTTP/1.1" 200 0 "-" "Mozilla/5.0 AppleWebKit/537.36 (KHTML, like Gecko; compatible; bingbot/2.0; +http://www.bing.com/bingbot.htm) Chrome/116.0.1938.76 Safari/537.36"
66.249.70.39 - - [29/May/2025:08:34:45 -0400] "GET /?d=112907376260&filter=f313c0&share_to_url=item.php%3Fid%3D3823861%26name%3Daqua+disney+princess+large+kids HTTP/1.1" 302 0 "-" "Mozilla/5.0 (Linux; Android 6.0.1; Nexus 5X Build/MMB29P) AppleWebKit/537.36 (KHTML, like Gecko) Chrome/136.0.7103.113 Mobile Safari/537.36 (compatible; Googlebot/2.1; +http://www.google.com/bot.html)"
66.249.70.39 - - [29/May/2025:08:36:17 -0400] "GET /loginn.php HTTP/1.1" 200 832 "-" "Mozilla/5.0 (Linux; Android 6.0.1; Nexus 5X Build/MMB29P) AppleWebKit/537.36 (KHTML, like Gecko) Chrome/136.0.7103.113 Mobile Safari/537.36 (compatible; Googlebot/2.1; +http://www.google.com/bot.html)"
66.249.70.39 - - [29/May/2025:08:35:00 -0400] "GET /?d=97252077260&filter=160466&share_to_url=shop.php%3Fid%3D3295303%26name%3Dnew+balance+yv HTTP/1.1" 302 0 "-" "Mozilla/5.0 (Linux; Android 6.0.1; Nexus 5X Build/MMB29P) AppleWebKit/537.36 (KHTML, like Gecko) Chrome/136.0.7103.113 Mobile Safari/537.36 (compatible; Googlebot/2.1; +http://www.google.com/bot.html)"
66.249.70.39 - - [29/May/2025:08:36:30 -0400] "GET /loginn.php HTTP/1.1" 200 832 "-" "Mozilla/5.0 (Linux; Android 6.0.1; Nexus 5X Build/MMB29P) AppleWebKit/537.36 (KHTML, like Gecko) Chrome/136.0.7103.113 Mobile Safari/537.36 (compatible; Googlebot/2.1; +http://www.google.com/bot.html)"
40.77.167.78 - - [29/May/2025:08:35:44 -0400] "GET /?d=115720854260&filter=8acecb&share_to_url=article.php?id=3918770&name=buy%20free%20express%20ps HTTP/1.1" 200 0 "-" "Mozilla/5.0 AppleWebKit/537.36 (KHTML, like Gecko; compatible; bingbot/2.0; +http://www.bing.com/bingbot.htm) Chrome/116.0.1938.76 Safari/537.36"
52.167.144.180 - - [29/May/2025:08:35:50 -0400] "GET /?d=17477574260&filter=e69463&share_to_url=model.php%3Fid%3D594951%26name%3D8inch+mini+electric+scooter HTTP/1.1" 200 0 "-" "Mozilla/5.0 AppleWebKit/537.36 (KHTML, like Gecko; compatible; bingbot/2.0; +http://www.bing.com/bingbot.htm) Chrome/116.0.1938.76 Safari/537.36"
40.77.167.78 - - [29/May/2025:08:35:54 -0400] "GET /?d=108420458260&filter=74e00d&share_to_url=item.php?id=3670945&name=velvet%20teddy%20archives HTTP/1.1" 200 0 "-" "Mozilla/5.0 AppleWebKit/537.36 (KHTML, like Gecko; compatible; bingbot/2.0; +http://www.bing.com/bingbot.htm) Chrome/116.0.1938.76 Safari/537.36"
52.167.144.180 - - [29/May/2025:08:36:00 -0400] "GET /?d=21594194260&filter=edd546&share_to_url=goods.php%3Fid%3D732719%26name%3Dcaptune+apk+for+android HTTP/1.1" 200 0 "-" "Mozilla/5.0 AppleWebKit/537.36 (KHTML, like Gecko; compatible; bingbot/2.0; +http://www.bing.com/bingbot.htm) Chrome/116.0.1938.76 Safari/537.36"
66.249.70.32 - - [29/May/2025:08:35:23 -0400] "GET /?d=114281256260&filter=8e5441&share_to_url=shop.php%3Fid%3D3869827%26name%3Dblue+melanie+dress HTTP/1.1" 302 0 "-" "Mozilla/5.0 (Linux; Android 6.0.1; Nexus 5X Build/MMB29P) AppleWebKit/537.36 (KHTML, like Gecko) Chrome/136.0.7103.113 Mobile Safari/537.36 (compatible; Googlebot/2.1; +http://www.google.com/bot.html)"
66.249.70.39 - - [29/May/2025:08:36:53 -0400] "GET /loginn.php HTTP/1.1" 200 832 "-" "Mozilla/5.0 (Linux; Android 6.0.1; Nexus 5X Build/MMB29P) AppleWebKit/537.36 (KHTML, like Gecko) Chrome/136.0.7103.113 Mobile Safari/537.36 (compatible; Googlebot/2.1; +http://www.google.com/bot.html)"
52.167.144.199 - - [29/May/2025:08:36:05 -0400] "GET /?d=89172622260&filter=132c35&share_to_url=detail.php%3Fid%3D3022725%26name%3Dcute+hairstyles+for HTTP/1.1" 200 0 "-" "Mozilla/5.0 AppleWebKit/537.36 (KHTML, like Gecko; compatible; bingbot/2.0; +http://www.bing.com/bingbot.htm) Chrome/116.0.1938.76 Safari/537.36"
52.167.144.209 - - [29/May/2025:08:36:10 -0400] "GET /?d=75170636260&filter=e69463&share_to_url=detail.php%3Fid%3D2547213%26name%3Dcentral+nj+motorcycles+scooters HTTP/1.1" 200 0 "-" "Mozilla/5.0 AppleWebKit/537.36 (KHTML, like Gecko; compatible; bingbot/2.0; +http://www.bing.com/bingbot.htm) Chrome/116.0.1938.76 Safari/537.36"
40.77.167.38 - - [29/May/2025:08:36:14 -0400] "GET /?d=102319096260&filter=20ae0e&share_to_url=product-page.php?id=3468388&name=plus%20scratch%20that%20super HTTP/1.1" 200 0 "-" "Mozilla/5.0 AppleWebKit/537.36 (KHTML, like Gecko; compatible; bingbot/2.0; +http://www.bing.com/bingbot.htm) Chrome/116.0.1938.76 Safari/537.36"
52.167.144.209 - - [29/May/2025:08:36:15 -0400] "GET /?d=68204886260&filter=bdaf2f&share_to_url=model.php%3Fid%3D2311935%26name%3Dpiante+da+interno+alte HTTP/1.1" 200 0 "-" "Mozilla/5.0 AppleWebKit/537.36 (KHTML, like Gecko; compatible; bingbot/2.0; +http://www.bing.com/bingbot.htm) Chrome/116.0.1938.76 Safari/537.36"
66.249.70.39 - - [29/May/2025:08:35:41 -0400] "GET /?d=103814340260&filter=469540&share_to_url=item.php%3Fid%3D3517345%26name%3Dproform+magnetic+safety+key+lanyard HTTP/1.1" 302 0 "-" "Mozilla/5.0 (Linux; Android 6.0.1; Nexus 5X Build/MMB29P) AppleWebKit/537.36 (KHTML, like Gecko) Chrome/136.0.7103.113 Mobile Safari/537.36 (compatible; Googlebot/2.1; +http://www.google.com/bot.html)"
66.249.70.39 - - [29/May/2025:08:37:12 -0400] "GET /loginn.php HTTP/1.1" 200 832 "-" "Mozilla/5.0 (Linux; Android 6.0.1; Nexus 5X Build/MMB29P) AppleWebKit/537.36 (KHTML, like Gecko) Chrome/136.0.7103.113 Mobile Safari/537.36 (compatible; Googlebot/2.1; +http://www.google.com/bot.html)"
40.77.167.38 - - [29/May/2025:08:36:24 -0400] "GET /?d=102613879260&filter=29bf04&share_to_url=goods.php?id=3477959&name=new%20under%20armour%20men HTTP/1.1" 200 0 "-" "Mozilla/5.0 AppleWebKit/537.36 (KHTML, like Gecko; compatible; bingbot/2.0; +http://www.bing.com/bingbot.htm) Chrome/116.0.1938.76 Safari/537.36"
40.77.167.38 - - [29/May/2025:08:36:44 -0400] "GET /?d=102471177260&filter=7254a2&share_to_url=product-page.php?id=3473380&name=robe%20de%20cocktail%20rose%20poudr%C3%A9 HTTP/1.1" 200 0 "-" "Mozilla/5.0 AppleWebKit/537.36 (KHTML, like Gecko; compatible; bingbot/2.0; +http://www.bing.com/bingbot.htm) Chrome/116.0.1938.76 Safari/537.36"
66.249.70.32 - - [29/May/2025:08:36:05 -0400] "GET /?d=101270099260&filter=bfc81f&share_to_url=goods.php%3Fid%3D3432995%26name%3Dmtb+mountain HTTP/1.1" 302 0 "-" "Mozilla/5.0 (Linux; Android 6.0.1; Nexus 5X Build/MMB29P) AppleWebKit/537.36 (KHTML, like Gecko) Chrome/136.0.7103.113 Mobile Safari/537.36 (compatible; Googlebot/2.1; +http://www.google.com/bot.html)"
66.249.70.39 - - [29/May/2025:08:37:36 -0400] "GET /loginn.php HTTP/1.1" 200 832 "-" "Mozilla/5.0 (Linux; Android 6.0.1; Nexus 5X Build/MMB29P) AppleWebKit/537.36 (KHTML, like Gecko) Chrome/136.0.7103.113 Mobile Safari/537.36 (compatible; Googlebot/2.1; +http://www.google.com/bot.html)"
40.77.167.159 - - [29/May/2025:08:36:50 -0400] "GET /?d=113819891260&filter=7a102c&share_to_url=shop.php%3Fid%3D3854467%26name%3Dplato+shimano+32d HTTP/1.1" 200 0 "-" "Mozilla/5.0 AppleWebKit/537.36 (KHTML, like Gecko; compatible; bingbot/2.0; +http://www.bing.com/bingbot.htm) Chrome/116.0.1938.76 Safari/537.36"
40.77.167.38 - - [29/May/2025:08:36:54 -0400] "GET /?d=103679461260&filter=e874f3&share_to_url=shop.php?id=3512923&name=1pcs%20chakra%20healing HTTP/1.1" 200 0 "-" "Mozilla/5.0 AppleWebKit/537.36 (KHTML, like Gecko; compatible; bingbot/2.0; +http://www.bing.com/bingbot.htm) Chrome/116.0.1938.76 Safari/537.36"
40.77.167.159 - - [29/May/2025:08:37:00 -0400] "GET /?d=73032332260&filter=14708a&share_to_url=goods.php%3Fid%3D2476403%26name%3Dleft+side+precision+powermeter HTTP/1.1" 200 0 "-" "Mozilla/5.0 AppleWebKit/537.36 (KHTML, like Gecko; compatible; bingbot/2.0; +http://www.bing.com/bingbot.htm) Chrome/116.0.1938.76 Safari/537.36"
138.185.90.153 - - [29/May/2025:08:37:35 -0400] "GET /?d=92305217260&filter=60ee15&share_to_url=detail.php%3Fid%3D3127041%26name%3Dnancy+clothes+for+bjd HTTP/1.1" 200 0 "-" "Opera/8.15.(X11; Linux x86_64; hy-AM) Presto/2.9.173 Version/10.00"
52.167.144.199 - - [29/May/2025:08:37:05 -0400] "GET /?d=86847180260&filter=14708a&share_to_url=article.php%3Fid%3D2942474%26name%3Dsendy+ss+jersey HTTP/1.1" 200 0 "-" "Mozilla/5.0 AppleWebKit/537.36 (KHTML, like Gecko; compatible; bingbot/2.0; +http://www.bing.com/bingbot.htm) Chrome/116.0.1938.76 Safari/537.36"
52.167.144.209 - - [29/May/2025:08:37:10 -0400] "GET /?d=116278366260&filter=7b931f&share_to_url=shopdetail.php%3Fid%3D3937964%26name%3Dshimano+deore+ensemble HTTP/1.1" 200 0 "-" "Mozilla/5.0 AppleWebKit/537.36 (KHTML, like Gecko; compatible; bingbot/2.0; +http://www.bing.com/bingbot.htm) Chrome/116.0.1938.76 Safari/537.36"
40.77.167.38 - - [29/May/2025:08:37:14 -0400] "GET /?d=111208371260&filter=6f7032&share_to_url=article.php?id=3765902&name=cheese%20stuffed%20chicken%20parmesan HTTP/1.1" 200 0 "-" "Mozilla/5.0 AppleWebKit/537.36 (KHTML, like Gecko; compatible; bingbot/2.0; +http://www.bing.com/bingbot.htm) Chrome/116.0.1938.76 Safari/537.36"
66.249.70.39 - - [29/May/2025:08:36:38 -0400] "GET /?d=110504644260&filter=b18bc9&share_to_url=model.php%3Fid%3D3740883%26name%3Drenault+presenta+su+primera HTTP/1.1" 302 0 "-" "Mozilla/5.0 (Linux; Android 6.0.1; Nexus 5X Build/MMB29P) AppleWebKit/537.36 (KHTML, like Gecko) Chrome/136.0.7103.113 Mobile Safari/537.36 (compatible; Googlebot/2.1; +http://www.google.com/bot.html)"
66.249.70.39 - - [29/May/2025:08:38:08 -0400] "GET /loginn.php HTTP/1.1" 200 832 "-" "Mozilla/5.0 (Linux; Android 6.0.1; Nexus 5X Build/MMB29P) AppleWebKit/537.36 (KHTML, like Gecko) Chrome/136.0.7103.113 Mobile Safari/537.36 (compatible; Googlebot/2.1; +http://www.google.com/bot.html)"
40.77.167.38 - - [29/May/2025:08:37:23 -0400] "GET /?d=100633499260&filter=bfc81f&share_to_url=model.php?id=3411027&name=stigmata%20rival%202x%20axs HTTP/1.1" 200 0 "-" "Mozilla/5.0 AppleWebKit/537.36 (KHTML, like Gecko; compatible; bingbot/2.0; +http://www.bing.com/bingbot.htm) Chrome/116.0.1938.76 Safari/537.36"
196.250.215.153 - - [29/May/2025:08:38:07 -0400] "GET /?d=92305217260&filter=60ee15&share_to_url=detail.php%3Fid%3D3127041%26name%3Dnancy+clothes+for+bjd HTTP/1.1" 200 0 "-" "Mozilla/5.0 (Macintosh; Intel Mac OS X 10_5_1) AppleWebKit/536.2 (KHTML, like Gecko) Chrome/35.0.838.0 Safari/536.2"
66.249.70.39 - - [29/May/2025:08:36:55 -0400] "GET /?d=111728710260&filter=f7447b&share_to_url=detail.php%3Fid%3D3784245%26name%3Dwebcams+kronplatz+dolomiti HTTP/1.1" 302 0 "-" "Mozilla/5.0 (Linux; Android 6.0.1; Nexus 5X Build/MMB29P) AppleWebKit/537.36 (KHTML, like Gecko) Chrome/136.0.7103.113 Mobile Safari/537.36 (compatible; Googlebot/2.1; +http://www.google.com/bot.html)"
66.249.70.39 - - [29/May/2025:08:38:25 -0400] "GET /loginn.php HTTP/1.1" 200 832 "-" "Mozilla/5.0 (Linux; Android 6.0.1; Nexus 5X Build/MMB29P) AppleWebKit/537.36 (KHTML, like Gecko) Chrome/136.0.7103.113 Mobile Safari/537.36 (compatible; Googlebot/2.1; +http://www.google.com/bot.html)"
177.70.197.8 - - [29/May/2025:08:38:31 -0400] "GET /?d=117496152260&filter=7faa10&share_to_url=product-page.php%3Fid%3D3979096%26name%3Dsneakerologue+x+la HTTP/1.1" 200 0 "-" "Mozilla/5.0 (compatible; MSIE 8.0; Windows NT 11.0; Trident/4.1)"
40.77.167.38 - - [29/May/2025:08:37:44 -0400] "GET /?d=116558572260&filter=1876cd&share_to_url=pin.php?id=3947214&name=sustainable%20organic%20basics%20clothes HTTP/1.1" 200 0 "-" "Mozilla/5.0 AppleWebKit/537.36 (KHTML, like Gecko; compatible; bingbot/2.0; +http://www.bing.com/bingbot.htm) Chrome/116.0.1938.76 Safari/537.36"
40.77.167.38 - - [29/May/2025:08:37:54 -0400] "GET /?d=104872447260&filter=298b97&share_to_url=detail.php?id=3553233&name=bobo%20choses%20embroidery%20mock%20neck HTTP/1.1" 200 0 "-" "Mozilla/5.0 AppleWebKit/537.36 (KHTML, like Gecko; compatible; bingbot/2.0; +http://www.bing.com/bingbot.htm) Chrome/116.0.1938.76 Safari/537.36"
66.249.70.39 - - [29/May/2025:08:37:17 -0400] "GET /?d=96149302260&filter=5b5f88&share_to_url=pin.php%3Fid%3D3257574%26name%3Dwhistler+puritan+quilted+hooded+bomber HTTP/1.1" 302 0 "-" "Mozilla/5.0 (Linux; Android 6.0.1; Nexus 5X Build/MMB29P) AppleWebKit/537.36 (KHTML, like Gecko) Chrome/136.0.7103.113 Mobile Safari/537.36 (compatible; Googlebot/2.1; +http://www.google.com/bot.html)"
66.249.70.39 - - [29/May/2025:08:38:47 -0400] "GET /loginn.php HTTP/1.1" 200 832 "-" "Mozilla/5.0 (Linux; Android 6.0.1; Nexus 5X Build/MMB29P) AppleWebKit/537.36 (KHTML, like Gecko) Chrome/136.0.7103.113 Mobile Safari/537.36 (compatible; Googlebot/2.1; +http://www.google.com/bot.html)"
138.185.137.247 - - [29/May/2025:08:38:32 -0400] "GET /?d=92305217260&filter=60ee15&share_to_url=detail.php%3Fid%3D3127041%26name%3Dnancy+clothes+for+bjd HTTP/1.1" 200 0 "-" "Mozilla/5.0 (iPod; U; CPU iPhone OS 4_1 like Mac OS X; wo-SN) AppleWebKit/534.12.4 (KHTML, like Gecko) Version/4.0.5 Mobile/8B119 Safari/6534.12.4"
40.77.167.159 - - [29/May/2025:08:38:00 -0400] "GET /?d=58374996260&filter=3c96b6&share_to_url=ideas.php%3Fid%3D1981416%26name%3Dmini+men+s+wallet HTTP/1.1" 200 0 "-" "Mozilla/5.0 AppleWebKit/537.36 (KHTML, like Gecko; compatible; bingbot/2.0; +http://www.bing.com/bingbot.htm) Chrome/116.0.1938.76 Safari/537.36"
52.167.144.199 - - [29/May/2025:08:38:04 -0400] "GET /?d=58185270260&filter=6563e1&share_to_url=product.php%3Fid%3D1975390%26name%3Ddurange+rustic+gray+dining HTTP/1.1" 200 0 "-" "Mozilla/5.0 AppleWebKit/537.36 (KHTML, like Gecko; compatible; bingbot/2.0; +http://www.bing.com/bingbot.htm) Chrome/116.0.1938.76 Safari/537.36"
103.226.202.159 - - [29/May/2025:08:38:43 -0400] "GET /?d=117496152260&filter=7faa10&share_to_url=product-page.php%3Fid%3D3979096%26name%3Dsneakerologue+x+la HTTP/1.1" 200 0 "-" "Mozilla/5.0 (compatible; MSIE 6.0; Windows 98; Win 9x 4.90; Trident/3.1)"
52.167.144.209 - - [29/May/2025:08:38:10 -0400] "GET /?d=108224911260&filter=cb3ca5&share_to_url=article.php%3Fid%3D3664298%26name%3Dcandy+cane+party HTTP/1.1" 200 0 "-" "Mozilla/5.0 AppleWebKit/537.36 (KHTML, like Gecko; compatible; bingbot/2.0; +http://www.bing.com/bingbot.htm) Chrome/116.0.1938.76 Safari/537.36"
40.77.167.38 - - [29/May/2025:08:38:14 -0400] "GET /?d=104780777260&filter=d627b2&share_to_url=shop.php?id=3550399&name=kemper%20hoses HTTP/1.1" 200 0 "-" "Mozilla/5.0 AppleWebKit/537.36 (KHTML, like Gecko; compatible; bingbot/2.0; +http://www.bing.com/bingbot.htm) Chrome/116.0.1938.76 Safari/537.36"
35.237.73.182 - - [29/May/2025:08:38:58 -0400] "GET /media/system/js/core.js HTTP/1.1" 200 0 "http://churchmr.com/media/system/js/core.js" "Mozilla/5.0 (Macintosh; Intel Mac OS X 10_10_1) AppleWebKit/537.36 (KHTML, like Gecko) Chrome/39.0.2171.95 Safari/537.36"
66.249.70.39 - - [29/May/2025:08:37:36 -0400] "GET /?d=97119897260&filter=0b3edf&share_to_url=item.php%3Fid%3D3290581%26name%3Dbeige+gar%C3%87ons+ensemble+de HTTP/1.1" 302 0 "-" "Mozilla/5.0 (Linux; Android 6.0.1; Nexus 5X Build/MMB29P) AppleWebKit/537.36 (KHTML, like Gecko) Chrome/136.0.7103.113 Mobile Safari/537.36 (compatible; Googlebot/2.1; +http://www.google.com/bot.html)"
66.249.70.39 - - [29/May/2025:08:39:06 -0400] "GET /loginn.php HTTP/1.1" 200 832 "-" "Mozilla/5.0 (Linux; Android 6.0.1; Nexus 5X Build/MMB29P) AppleWebKit/537.36 (KHTML, like Gecko) Chrome/136.0.7103.113 Mobile Safari/537.36 (compatible; Googlebot/2.1; +http://www.google.com/bot.html)"
40.77.167.159 - - [29/May/2025:08:38:20 -0400] "GET /?d=7119853260&filter=edd546&share_to_url=article.php%3Fid%3D243998%26name%3Damazon+also+discounts HTTP/1.1" 200 0 "-" "Mozilla/5.0 AppleWebKit/537.36 (KHTML, like Gecko; compatible; bingbot/2.0; +http://www.bing.com/bingbot.htm) Chrome/116.0.1938.76 Safari/537.36"
40.77.167.38 - - [29/May/2025:08:38:24 -0400] "GET /?d=101249113260&filter=bfc81f&share_to_url=discover.php?id=3432209&name=bca%20mt20%20store HTTP/1.1" 200 0 "-" "Mozilla/5.0 AppleWebKit/537.36 (KHTML, like Gecko; compatible; bingbot/2.0; +http://www.bing.com/bingbot.htm) Chrome/116.0.1938.76 Safari/537.36"
200.233.186.22 - - [29/May/2025:08:39:08 -0400] "GET /?d=117496152260&filter=7faa10&share_to_url=product-page.php%3Fid%3D3979096%26name%3Dsneakerologue+x+la HTTP/1.1" 200 0 "-" "Mozilla/5.0 (compatible; MSIE 7.0; Windows NT 11.0; Trident/3.1)"
66.249.70.39 - - [29/May/2025:08:37:56 -0400] "GET /?d=102056908260&filter=e151ef&share_to_url=discover.php%3Fid%3D3459365%26name%3Dlayered+choker+neon HTTP/1.1" 302 0 "-" "Mozilla/5.0 (Linux; Android 6.0.1; Nexus 5X Build/MMB29P) AppleWebKit/537.36 (KHTML, like Gecko) Chrome/136.0.7103.113 Mobile Safari/537.36 (compatible; Googlebot/2.1; +http://www.google.com/bot.html)"
66.249.70.39 - - [29/May/2025:08:39:27 -0400] "GET /loginn.php HTTP/1.1" 200 832 "-" "Mozilla/5.0 (Linux; Android 6.0.1; Nexus 5X Build/MMB29P) AppleWebKit/537.36 (KHTML, like Gecko) Chrome/136.0.7103.113 Mobile Safari/537.36 (compatible; Googlebot/2.1; +http://www.google.com/bot.html)"
40.77.167.38 - - [29/May/2025:08:38:44 -0400] "GET /?d=105857119260&filter=3b21ec&share_to_url=article.php?id=3585602&name=amlesh%20nagesh%20new%20comedy%20videos HTTP/1.1" 200 0 "-" "Mozilla/5.0 AppleWebKit/537.36 (KHTML, like Gecko; compatible; bingbot/2.0; +http://www.bing.com/bingbot.htm) Chrome/116.0.1938.76 Safari/537.36"
40.77.167.38 - - [29/May/2025:08:38:54 -0400] "GET /?d=111976766260&filter=59111c&share_to_url=shop.php?id=3792847&name=aoc%2024g2zu%20bk%2024%20fhd%20ips HTTP/1.1" 200 0 "-" "Mozilla/5.0 AppleWebKit/537.36 (KHTML, like Gecko; compatible; bingbot/2.0; +http://www.bing.com/bingbot.htm) Chrome/116.0.1938.76 Safari/537.36"
66.249.70.39 - - [29/May/2025:08:38:18 -0400] "GET /?d=105310468260&filter=c9876a&share_to_url=shopdetail.php%3Fid%3D3567584%26name%3Dkurti+ghera+daman HTTP/1.1" 302 0 "-" "Mozilla/5.0 (Linux; Android 6.0.1; Nexus 5X Build/MMB29P) AppleWebKit/537.36 (KHTML, like Gecko) Chrome/136.0.7103.113 Mobile Safari/537.36 (compatible; Googlebot/2.1; +http://www.google.com/bot.html)"
66.249.70.39 - - [29/May/2025:08:39:48 -0400] "GET /loginn.php HTTP/1.1" 200 832 "-" "Mozilla/5.0 (Linux; Android 6.0.1; Nexus 5X Build/MMB29P) AppleWebKit/537.36 (KHTML, like Gecko) Chrome/136.0.7103.113 Mobile Safari/537.36 (compatible; Googlebot/2.1; +http://www.google.com/bot.html)"
52.167.144.199 - - [29/May/2025:08:39:02 -0400] "GET /?d=18992768260&filter=c08dc8&share_to_url=product.php%3Fid%3D645658%26name%3Dbethel+thrift+sparta HTTP/1.1" 200 0 "-" "Mozilla/5.0 AppleWebKit/537.36 (KHTML, like Gecko; compatible; bingbot/2.0; +http://www.bing.com/bingbot.htm) Chrome/116.0.1938.76 Safari/537.36"
52.167.144.209 - - [29/May/2025:08:39:09 -0400] "GET /?d=9217084260&filter=b873a7&share_to_url=product.php%3Fid%3D316642%26name%3Dbissell+1606428+proheat HTTP/1.1" 200 0 "-" "Mozilla/5.0 AppleWebKit/537.36 (KHTML, like Gecko; compatible; bingbot/2.0; +http://www.bing.com/bingbot.htm) Chrome/116.0.1938.76 Safari/537.36"
40.77.167.38 - - [29/May/2025:08:39:15 -0400] "GET /?d=112502817260&filter=c31721&share_to_url=model.php?id=3810711&name=classic%20tote%20treecycle HTTP/1.1" 200 0 "-" "Mozilla/5.0 AppleWebKit/537.36 (KHTML, like Gecko; compatible; bingbot/2.0; +http://www.bing.com/bingbot.htm) Chrome/116.0.1938.76 Safari/537.36"
40.77.167.159 - - [29/May/2025:08:39:21 -0400] "GET /?d=68103940260&filter=30b959&share_to_url=item.php%3Fid%3D2308525%26name%3Dlot+84+tasco+280 HTTP/1.1" 200 0 "-" "Mozilla/5.0 AppleWebKit/537.36 (KHTML, like Gecko; compatible; bingbot/2.0; +http://www.bing.com/bingbot.htm) Chrome/116.0.1938.76 Safari/537.36"
40.77.167.38 - - [29/May/2025:08:39:23 -0400] "GET /?d=97197999260&filter=d98b3e&share_to_url=article.php%3Fid%3D3293498%26name%3Dsuzuki+gixxer+150+2025 HTTP/1.1" 200 0 "-" "Mozilla/5.0 AppleWebKit/537.36 (KHTML, like Gecko; compatible; bingbot/2.0; +http://www.bing.com/bingbot.htm) Chrome/116.0.1938.76 Safari/537.36"
40.77.167.38 - - [29/May/2025:08:39:44 -0400] "GET /?d=93182642260&filter=62bca5&share_to_url=discover.php?id=3157157&name=thule%20proride%20store HTTP/1.1" 200 0 "-" "Mozilla/5.0 AppleWebKit/537.36 (KHTML, like Gecko; compatible; bingbot/2.0; +http://www.bing.com/bingbot.htm) Chrome/116.0.1938.76 Safari/537.36"
66.249.70.39 - - [29/May/2025:08:39:07 -0400] "GET /?d=109443084260&filter=9aabe5&share_to_url=shopdetail.php%3Fid%3D3704492%26name%3Dchhote+mangalsutra+store HTTP/1.1" 302 0 "-" "Mozilla/5.0 (Linux; Android 6.0.1; Nexus 5X Build/MMB29P) AppleWebKit/537.36 (KHTML, like Gecko) Chrome/136.0.7103.113 Mobile Safari/537.36 (compatible; Googlebot/2.1; +http://www.google.com/bot.html)"
40.77.167.38 - - [29/May/2025:08:40:14 -0400] "GET /?d=112545973260&filter=febea6&share_to_url=model.php?id=3812331&name=red5%20motion%20control HTTP/1.1" 200 22259 "-" "Mozilla/5.0 AppleWebKit/537.36 (KHTML, like Gecko; compatible; bingbot/2.0; +http://www.bing.com/bingbot.htm) Chrome/116.0.1938.76 Safari/537.36"
66.249.70.39 - - [29/May/2025:08:40:37 -0400] "GET /loginn.php HTTP/1.1" 200 832 "-" "Mozilla/5.0 (Linux; Android 6.0.1; Nexus 5X Build/MMB29P) AppleWebKit/537.36 (KHTML, like Gecko) Chrome/136.0.7103.113 Mobile Safari/537.36 (compatible; Googlebot/2.1; +http://www.google.com/bot.html)"
186.15.99.139 - - [29/May/2025:08:39:46 -0400] "GET /?d=83342478260&filter=61fa9d&share_to_url=article.php%3Fid%3D2823182%26name%3Dblue+sea+butterflies HTTP/1.1" 302 0 "-" "Mozilla/5.0 (X11; Linux x86_64) AppleWebKit/536.0 (KHTML, like Gecko) Chrome/47.0.839.0 Safari/536.0"
186.22.13.159 - - [29/May/2025:08:40:00 -0400] "GET /?d=83342478260&filter=61fa9d&share_to_url=article.php%3Fid%3D2823182%26name%3Dblue+sea+butterflies HTTP/1.1" 302 0 "-" "Mozilla/5.0 (Windows; U; Windows NT 6.2) AppleWebKit/533.50.4 (KHTML, like Gecko) Version/5.0.5 Safari/533.50.4"
66.249.70.32 - - [29/May/2025:08:40:37 -0400] "GET /?d=111304666260&filter=8c05fb&share_to_url=detail.php%3Fid%3D3769509%26name%3Dunveiling+the+led HTTP/1.1" 200 24974 "-" "Mozilla/5.0 (Linux; Android 6.0.1; Nexus 5X Build/MMB29P) AppleWebKit/537.36 (KHTML, like Gecko) Chrome/136.0.7103.113 Mobile Safari/537.36 (compatible; Googlebot/2.1; +http://www.google.com/bot.html)"
40.77.167.7 - - [29/May/2025:08:40:02 -0400] "GET /?d=20163030260&filter=edd546&share_to_url=pin.php%3Fid%3D685098%26name%3Dbest+classic+earbuds HTTP/1.1" 200 23587 "-" "Mozilla/5.0 AppleWebKit/537.36 (KHTML, like Gecko; compatible; bingbot/2.0; +http://www.bing.com/bingbot.htm) Chrome/116.0.1938.76 Safari/537.36"
66.249.70.39 - - [29/May/2025:08:39:45 -0400] "GET /?d=98671267260&filter=8f6469&share_to_url=shopdetail.php%3Fid%3D3343952%26name%3Djuniors+039+sequin+sleeveless HTTP/1.1" 200 24194 "-" "Mozilla/5.0 (Linux; Android 6.0.1; Nexus 5X Build/MMB29P) AppleWebKit/537.36 (KHTML, like Gecko) Chrome/136.0.7103.113 Mobile Safari/537.36 (compatible; Googlebot/2.1; +http://www.google.com/bot.html)"
52.167.144.209 - - [29/May/2025:08:40:14 -0400] "GET /?d=117535382260&filter=5e3718&share_to_url=item.php%3Fid%3D3980401%26name%3Dinfantile+b%C3%A9b%C3%A9+et+enfant HTTP/1.1" 200 25154 "-" "Mozilla/5.0 AppleWebKit/537.36 (KHTML, like Gecko; compatible; bingbot/2.0; +http://www.bing.com/bingbot.htm) Chrome/116.0.1938.76 Safari/537.36"
66.249.70.32 - - [29/May/2025:08:40:19 -0400] "GET /?d=97332911260&filter=f4213a&share_to_url=shopdetail.php%3Fid%3D3298232%26name%3Dasics+discount+volleybalschoenen+dames HTTP/1.1" 200 21863 "-" "Mozilla/5.0 (Linux; Android 6.0.1; Nexus 5X Build/MMB29P) AppleWebKit/537.36 (KHTML, like Gecko) Chrome/136.0.7103.113 Mobile Safari/537.36 (compatible; Googlebot/2.1; +http://www.google.com/bot.html)"
66.249.70.39 - - [29/May/2025:08:40:01 -0400] "GET /?d=96259289260&filter=e5eb8f&share_to_url=product.php%3Fid%3D3261298%26name%3Dcarmela+ladies+wedge+sandals HTTP/1.1" 200 22856 "-" "Mozilla/5.0 (Linux; Android 6.0.1; Nexus 5X Build/MMB29P) AppleWebKit/537.36 (KHTML, like Gecko) Chrome/136.0.7103.113 Mobile Safari/537.36 (compatible; Googlebot/2.1; +http://www.google.com/bot.html)"
52.167.144.209 - - [29/May/2025:08:40:09 -0400] "GET /?d=117030356260&filter=05d6a9&share_to_url=shopdetail.php%3Fid%3D3963200%26name%3Ddino+bebes HTTP/1.1" 200 24741 "-" "Mozilla/5.0 AppleWebKit/537.36 (KHTML, like Gecko; compatible; bingbot/2.0; +http://www.bing.com/bingbot.htm) Chrome/116.0.1938.76 Safari/537.36"
205.169.39.117 - - [29/May/2025:08:40:20 -0400] "GET /?d=90698376260&filter=3cd9b2&share_to_url=goods.php?id=3073967&name=grubbin HTTP/1.1" 302 0 "-" "Mozilla/5.0 (Windows NT 6.1; Win64; x64) AppleWebKit/537.36 (KHTML, like Gecko) Chrome/83.0.4103.61 Safari/537.36"
205.169.39.117 - - [29/May/2025:08:40:40 -0400] "GET /loginn.php HTTP/1.1" 200 832 "-" "Mozilla/5.0 (Windows NT 6.1; Win64; x64) AppleWebKit/537.36 (KHTML, like Gecko) Chrome/83.0.4103.61 Safari/537.36"
205.169.39.117 - - [29/May/2025:08:40:40 -0400] "GET /plugins/jQuery/jQuery-2.1.4.min.js HTTP/1.1" 200 30452 "https://churchmr.com/loginn.php" "Mozilla/5.0 (Windows NT 6.1; Win64; x64) AppleWebKit/537.36 (KHTML, like Gecko) Chrome/83.0.4103.61 Safari/537.36"
40.77.167.159 - - [29/May/2025:08:40:20 -0400] "GET /?d=102187628260&filter=4d7b9c&share_to_url=item.php%3Fid%3D3463777%26name%3Dlego+10882+duplo HTTP/1.1" 200 23654 "-" "Mozilla/5.0 AppleWebKit/537.36 (KHTML, like Gecko; compatible; bingbot/2.0; +http://www.bing.com/bingbot.htm) Chrome/116.0.1938.76 Safari/537.36"
205.169.39.117 - - [29/May/2025:08:40:41 -0400] "GET /bootstrap/js/bootstrap.min.js HTTP/1.1" 200 10885 "https://churchmr.com/loginn.php" "Mozilla/5.0 (Windows NT 6.1; Win64; x64) AppleWebKit/537.36 (KHTML, like Gecko) Chrome/83.0.4103.61 Safari/537.36"
40.77.167.38 - - [29/May/2025:08:39:54 -0400] "GET /?d=113373020260&filter=38a14a&share_to_url=discover.php?id=3839777&name=maevona%20rose%20gold HTTP/1.1" 200 23577 "-" "Mozilla/5.0 AppleWebKit/537.36 (KHTML, like Gecko; compatible; bingbot/2.0; +http://www.bing.com/bingbot.htm) Chrome/116.0.1938.76 Safari/537.36"
40.77.167.38 - - [29/May/2025:08:40:24 -0400] "GET /?d=115145835260&filter=96a32b&share_to_url=product.php?id=3899194&name=galway%20ierland%20jun HTTP/1.1" 200 23046 "-" "Mozilla/5.0 AppleWebKit/537.36 (KHTML, like Gecko; compatible; bingbot/2.0; +http://www.bing.com/bingbot.htm) Chrome/116.0.1938.76 Safari/537.36"
40.77.167.38 - - [29/May/2025:08:40:44 -0400] "GET /?d=98843700260&filter=22c4ad&share_to_url=ideas.php?id=3349788&name=casio%202594%20hot%20sale HTTP/1.1" 200 22193 "-" "Mozilla/5.0 AppleWebKit/537.36 (KHTML, like Gecko; compatible; bingbot/2.0; +http://www.bing.com/bingbot.htm) Chrome/116.0.1938.76 Safari/537.36"
40.77.167.38 - - [29/May/2025:08:40:44 -0400] "GET /?d=98459617260&filter=58ce6a&share_to_url=product.php?id=3336778&name=cotton%20unisex%20full HTTP/1.1" 200 24436 "-" "Mozilla/5.0 AppleWebKit/537.36 (KHTML, like Gecko; compatible; bingbot/2.0; +http://www.bing.com/bingbot.htm) Chrome/116.0.1938.76 Safari/537.36"
40.77.167.38 - - [29/May/2025:08:40:44 -0400] "GET /?d=97865246260&filter=e3650e&share_to_url=model.php?id=3316875&name=ekoneem%20oil%20top HTTP/1.1" 200 22336 "-" "Mozilla/5.0 AppleWebKit/537.36 (KHTML, like Gecko; compatible; bingbot/2.0; +http://www.bing.com/bingbot.htm) Chrome/116.0.1938.76 Safari/537.36"
40.77.167.7 - - [29/May/2025:08:40:45 -0400] "GET /?d=90101932260&filter=d02e2d&share_to_url=shopdetail.php%3Fid%3D3053624%26name%3Dnfl+swimwear HTTP/1.1" 200 23623 "-" "Mozilla/5.0 AppleWebKit/537.36 (KHTML, like Gecko; compatible; bingbot/2.0; +http://www.bing.com/bingbot.htm) Chrome/116.0.1938.76 Safari/537.36"
40.77.167.38 - - [29/May/2025:08:40:45 -0400] "GET /?d=104457585260&filter=7af24f&share_to_url=detail.php?id=3539421&name=f3%20yeti%20rambler HTTP/1.1" 200 24459 "-" "Mozilla/5.0 AppleWebKit/537.36 (KHTML, like Gecko; compatible; bingbot/2.0; +http://www.bing.com/bingbot.htm) Chrome/116.0.1938.76 Safari/537.36"
40.77.167.38 - - [29/May/2025:08:40:45 -0400] "GET /?d=99497649260&filter=6afb2d&share_to_url=detail.php?id=3372249&name=sith%20trooper%20helmet%20diy HTTP/1.1" 200 24070 "-" "Mozilla/5.0 AppleWebKit/537.36 (KHTML, like Gecko; compatible; bingbot/2.0; +http://www.bing.com/bingbot.htm) Chrome/116.0.1938.76 Safari/537.36"
40.77.167.7 - - [29/May/2025:08:40:45 -0400] "GET /?d=28611468260&filter=016c7a&share_to_url=goods.php%3Fid%3D971711%26name%3Dnirvana+sunglasses+compra HTTP/1.1" 200 24071 "-" "Mozilla/5.0 AppleWebKit/537.36 (KHTML, like Gecko; compatible; bingbot/2.0; +http://www.bing.com/bingbot.htm) Chrome/116.0.1938.76 Safari/537.36"
40.77.167.38 - - [29/May/2025:08:40:46 -0400] "GET /?d=106855126260&filter=be673b&share_to_url=detail.php?id=3619053&name=mizuno%20wave%20z4 HTTP/1.1" 200 21697 "-" "Mozilla/5.0 AppleWebKit/537.36 (KHTML, like Gecko; compatible; bingbot/2.0; +http://www.bing.com/bingbot.htm) Chrome/116.0.1938.76 Safari/537.36"
40.77.167.7 - - [29/May/2025:08:40:46 -0400] "GET /?d=20533229260&filter=14708a&share_to_url=goods.php%3Fid%3D697871%26name%3Dsubrosa+sales+letum+2018 HTTP/1.1" 200 22967 "-" "Mozilla/5.0 AppleWebKit/537.36 (KHTML, like Gecko; compatible; bingbot/2.0; +http://www.bing.com/bingbot.htm) Chrome/116.0.1938.76 Safari/537.36"
40.77.167.38 - - [29/May/2025:08:40:46 -0400] "GET /?d=117027254260&filter=40f37c&share_to_url=item.php?id=3963109&name=bonhams%20a%20gone HTTP/1.1" 200 23960 "-" "Mozilla/5.0 AppleWebKit/537.36 (KHTML, like Gecko; compatible; bingbot/2.0; +http://www.bing.com/bingbot.htm) Chrome/116.0.1938.76 Safari/537.36"
205.169.39.117 - - [29/May/2025:08:40:47 -0400] "GET /?d=90698376260&filter=3cd9b2&share_to_url=goods.php?id=3073967&name=grubbin HTTP/1.1" 302 0 "-" "Mozilla/5.0 (Windows NT 10.0; Win64; x64) AppleWebKit/537.36 (KHTML, like Gecko) Chrome/79.0.3945.79 Safari/537.36"
205.169.39.117 - - [29/May/2025:08:40:47 -0400] "GET /loginn.php HTTP/1.1" 200 832 "-" "Mozilla/5.0 (Windows NT 10.0; Win64; x64) AppleWebKit/537.36 (KHTML, like Gecko) Chrome/79.0.3945.79 Safari/537.36"
40.77.167.38 - - [29/May/2025:08:40:47 -0400] "GET /?d=109100844260&filter=6d6f21&share_to_url=shop.php?id=3693451&name=cala%20orange%20handbag HTTP/1.1" 200 24294 "-" "Mozilla/5.0 AppleWebKit/537.36 (KHTML, like Gecko; compatible; bingbot/2.0; +http://www.bing.com/bingbot.htm) Chrome/116.0.1938.76 Safari/537.36"
40.77.167.38 - - [29/May/2025:08:40:47 -0400] "GET /?d=107348181260&filter=7f045f&share_to_url=detail.php?id=3635049&name=meet%20the%20kissing HTTP/1.1" 200 24686 "-" "Mozilla/5.0 AppleWebKit/537.36 (KHTML, like Gecko; compatible; bingbot/2.0; +http://www.bing.com/bingbot.htm) Chrome/116.0.1938.76 Safari/537.36"
205.169.39.117 - - [29/May/2025:08:40:47 -0400] "GET /plugins/jQuery/jQuery-2.1.4.min.js HTTP/1.1" 200 30452 "https://churchmr.com/loginn.php" "Mozilla/5.0 (Windows NT 10.0; Win64; x64) AppleWebKit/537.36 (KHTML, like Gecko) Chrome/79.0.3945.79 Safari/537.36"
205.169.39.117 - - [29/May/2025:08:40:47 -0400] "GET /bootstrap/css/bootstrap.min.css HTTP/1.1" 200 18419 "https://churchmr.com/loginn.php" "Mozilla/5.0 (Windows NT 10.0; Win64; x64) AppleWebKit/537.36 (KHTML, like Gecko) Chrome/79.0.3945.79 Safari/537.36"
205.169.39.117 - - [29/May/2025:08:40:47 -0400] "GET /dist/css/AdminLTE.min.css HTTP/1.1" 200 13899 "https://churchmr.com/loginn.php" "Mozilla/5.0 (Windows NT 10.0; Win64; x64) AppleWebKit/537.36 (KHTML, like Gecko) Chrome/79.0.3945.79 Safari/537.36"
205.169.39.117 - - [29/May/2025:08:40:48 -0400] "GET /bootstrap/js/bootstrap.min.js HTTP/1.1" 200 10885 "https://churchmr.com/loginn.php" "Mozilla/5.0 (Windows NT 10.0; Win64; x64) AppleWebKit/537.36 (KHTML, like Gecko) Chrome/79.0.3945.79 Safari/537.36"
205.169.39.117 - - [29/May/2025:08:40:48 -0400] "GET /user/upload/user.jpg HTTP/1.1" 200 9265 "https://churchmr.com/loginn.php" "Mozilla/5.0 (Windows NT 10.0; Win64; x64) AppleWebKit/537.36 (KHTML, like Gecko) Chrome/79.0.3945.79 Safari/537.36"
40.77.167.38 - - [29/May/2025:08:40:48 -0400] "GET /?d=96067628260&filter=1c3e5e&share_to_url=detail.php?id=3254865&name=bazaarmantri%20iball%20accord HTTP/1.1" 200 24229 "-" "Mozilla/5.0 AppleWebKit/537.36 (KHTML, like Gecko; compatible; bingbot/2.0; +http://www.bing.com/bingbot.htm) Chrome/116.0.1938.76 Safari/537.36"
40.77.167.38 - - [29/May/2025:08:40:48 -0400] "GET /?d=118038999260&filter=468daa&share_to_url=product-page.php?id=3997312&name=asics%20mens%20woven HTTP/1.1" 200 22623 "-" "Mozilla/5.0 AppleWebKit/537.36 (KHTML, like Gecko; compatible; bingbot/2.0; +http://www.bing.com/bingbot.htm) Chrome/116.0.1938.76 Safari/537.36"
205.169.39.117 - - [29/May/2025:08:40:48 -0400] "GET /bootstrap/fonts/glyphicons-halflings-regular.woff2 HTTP/1.1" 200 18028 "https://churchmr.com/bootstrap/css/bootstrap.min.css" "Mozilla/5.0 (Windows NT 10.0; Win64; x64) AppleWebKit/537.36 (KHTML, like Gecko) Chrome/79.0.3945.79 Safari/537.36"
40.77.167.38 - - [29/May/2025:08:40:48 -0400] "GET /?d=114136801260&filter=ca372c&share_to_url=ideas.php?id=3865140&name=jumbo%20pineapple%20squishy HTTP/1.1" 200 24659 "-" "Mozilla/5.0 AppleWebKit/537.36 (KHTML, like Gecko; compatible; bingbot/2.0; +http://www.bing.com/bingbot.htm) Chrome/116.0.1938.76 Safari/537.36"
40.77.167.38 - - [29/May/2025:08:40:48 -0400] "GET /?d=102534843260&filter=590f1c&share_to_url=detail.php?id=3475389&name=vetement%20discount%20equitable HTTP/1.1" 200 24533 "-" "Mozilla/5.0 AppleWebKit/537.36 (KHTML, like Gecko; compatible; bingbot/2.0; +http://www.bing.com/bingbot.htm) Chrome/116.0.1938.76 Safari/537.36"
40.77.167.38 - - [29/May/2025:08:40:49 -0400] "GET /?d=99472179260&filter=20c71b&share_to_url=goods.php?id=3371375&name=blazer%20office%20outfits HTTP/1.1" 200 23942 "-" "Mozilla/5.0 AppleWebKit/537.36 (KHTML, like Gecko; compatible; bingbot/2.0; +http://www.bing.com/bingbot.htm) Chrome/116.0.1938.76 Safari/537.36"
40.77.167.38 - - [29/May/2025:08:40:49 -0400] "GET /?d=117016618260&filter=80ae2a&share_to_url=item.php%3Fid%3D3962725%26name%3Dhands+on+with+the+marloe HTTP/1.1" 200 24189 "-" "Mozilla/5.0 AppleWebKit/537.36 (KHTML, like Gecko; compatible; bingbot/2.0; +http://www.bing.com/bingbot.htm) Chrome/116.0.1938.76 Safari/537.36"
40.77.167.38 - - [29/May/2025:08:40:50 -0400] "GET /?d=117764295260&filter=ba9bae&share_to_url=pin.php?id=3988194&name=life%20jackets%20for%20sale HTTP/1.1" 200 24552 "-" "Mozilla/5.0 AppleWebKit/537.36 (KHTML, like Gecko; compatible; bingbot/2.0; +http://www.bing.com/bingbot.htm) Chrome/116.0.1938.76 Safari/537.36"
40.77.167.38 - - [29/May/2025:08:40:50 -0400] "GET /?d=112047161260&filter=77eedc&share_to_url=pin.php?id=3795306&name=bid%C3%B3n%20pl%C3%A1stico%20x%2025 HTTP/1.1" 200 24212 "-" "Mozilla/5.0 AppleWebKit/537.36 (KHTML, like Gecko; compatible; bingbot/2.0; +http://www.bing.com/bingbot.htm) Chrome/116.0.1938.76 Safari/537.36"
40.77.167.38 - - [29/May/2025:08:40:50 -0400] "GET /?d=104353025260&filter=1cbf7a&share_to_url=ideas.php?id=3535692&name=dr%20pro%20xl60tf HTTP/1.1" 200 24288 "-" "Mozilla/5.0 AppleWebKit/537.36 (KHTML, like Gecko; compatible; bingbot/2.0; +http://www.bing.com/bingbot.htm) Chrome/116.0.1938.76 Safari/537.36"
40.77.167.38 - - [29/May/2025:08:40:50 -0400] "GET /?d=115614196260&filter=3208d7&share_to_url=product-page.php?id=3915340&name=jd%20sports%20page HTTP/1.1" 200 22909 "-" "Mozilla/5.0 AppleWebKit/537.36 (KHTML, like Gecko; compatible; bingbot/2.0; +http://www.bing.com/bingbot.htm) Chrome/116.0.1938.76 Safari/537.36"
40.77.167.38 - - [29/May/2025:08:40:51 -0400] "GET /?d=104993414260&filter=5bd759&share_to_url=product.php?id=3557194&name=philo%20roku%20free%20trial HTTP/1.1" 200 23475 "-" "Mozilla/5.0 AppleWebKit/537.36 (KHTML, like Gecko; compatible; bingbot/2.0; +http://www.bing.com/bingbot.htm) Chrome/116.0.1938.76 Safari/537.36"
52.167.144.209 - - [29/May/2025:08:40:51 -0400] "GET /?d=107438669260&filter=4ec8f9&share_to_url=shopdetail.php%3Fid%3D3638660%26name%3Da+scoop+anorak HTTP/1.1" 200 22638 "-" "Mozilla/5.0 AppleWebKit/537.36 (KHTML, like Gecko; compatible; bingbot/2.0; +http://www.bing.com/bingbot.htm) Chrome/116.0.1938.76 Safari/537.36"
40.77.167.38 - - [29/May/2025:08:40:51 -0400] "GET /?d=97203022260&filter=d98b3e&share_to_url=item.php%3Fid%3D3293689%26name%3Dsuzuki+gixxer+dual HTTP/1.1" 200 22965 "-" "Mozilla/5.0 AppleWebKit/537.36 (KHTML, like Gecko; compatible; bingbot/2.0; +http://www.bing.com/bingbot.htm) Chrome/116.0.1938.76 Safari/537.36"
40.77.167.38 - - [29/May/2025:08:40:51 -0400] "GET /?d=113213498260&filter=38b690&share_to_url=shopdetail.php?id=3834296&name=shorty%20fille%20shop HTTP/1.1" 200 23981 "-" "Mozilla/5.0 AppleWebKit/537.36 (KHTML, like Gecko; compatible; bingbot/2.0; +http://www.bing.com/bingbot.htm) Chrome/116.0.1938.76 Safari/537.36"
40.77.167.38 - - [29/May/2025:08:40:52 -0400] "GET /?d=102471177260&filter=7254a2&share_to_url=product-page.php?id=3473380&name=robe%20de%20cocktail%20rose%20poudr%C3%A9 HTTP/1.1" 200 23479 "-" "Mozilla/5.0 AppleWebKit/537.36 (KHTML, like Gecko; compatible; bingbot/2.0; +http://www.bing.com/bingbot.htm) Chrome/116.0.1938.76 Safari/537.36"
40.77.167.38 - - [29/May/2025:08:40:52 -0400] "GET /?d=103679461260&filter=e874f3&share_to_url=shop.php?id=3512923&name=1pcs%20chakra%20healing HTTP/1.1" 200 24006 "-" "Mozilla/5.0 AppleWebKit/537.36 (KHTML, like Gecko; compatible; bingbot/2.0; +http://www.bing.com/bingbot.htm) Chrome/116.0.1938.76 Safari/537.36"
40.77.167.38 - - [29/May/2025:08:40:53 -0400] "GET /?d=111208371260&filter=6f7032&share_to_url=article.php?id=3765902&name=cheese%20stuffed%20chicken%20parmesan HTTP/1.1" 200 22861 "-" "Mozilla/5.0 AppleWebKit/537.36 (KHTML, like Gecko; compatible; bingbot/2.0; +http://www.bing.com/bingbot.htm) Chrome/116.0.1938.76 Safari/537.36"
40.77.167.38 - - [29/May/2025:08:40:53 -0400] "GET /?d=100633499260&filter=bfc81f&share_to_url=model.php?id=3411027&name=stigmata%20rival%202x%20axs HTTP/1.1" 200 22768 "-" "Mozilla/5.0 AppleWebKit/537.36 (KHTML, like Gecko; compatible; bingbot/2.0; +http://www.bing.com/bingbot.htm) Chrome/116.0.1938.76 Safari/537.36"
40.77.167.38 - - [29/May/2025:08:40:54 -0400] "GET /?d=104872447260&filter=298b97&share_to_url=detail.php?id=3553233&name=bobo%20choses%20embroidery%20mock%20neck HTTP/1.1" 200 23694 "-" "Mozilla/5.0 AppleWebKit/537.36 (KHTML, like Gecko; compatible; bingbot/2.0; +http://www.bing.com/bingbot.htm) Chrome/116.0.1938.76 Safari/537.36"
40.77.167.38 - - [29/May/2025:08:40:54 -0400] "GET /?d=116558572260&filter=1876cd&share_to_url=pin.php?id=3947214&name=sustainable%20organic%20basics%20clothes HTTP/1.1" 200 23938 "-" "Mozilla/5.0 AppleWebKit/537.36 (KHTML, like Gecko; compatible; bingbot/2.0; +http://www.bing.com/bingbot.htm) Chrome/116.0.1938.76 Safari/537.36"
40.77.167.38 - - [29/May/2025:08:40:55 -0400] "GET /?d=104780777260&filter=d627b2&share_to_url=shop.php?id=3550399&name=kemper%20hoses HTTP/1.1" 200 24751 "-" "Mozilla/5.0 AppleWebKit/537.36 (KHTML, like Gecko; compatible; bingbot/2.0; +http://www.bing.com/bingbot.htm) Chrome/116.0.1938.76 Safari/537.36"
40.77.167.38 - - [29/May/2025:08:40:55 -0400] "GET /?d=101249113260&filter=bfc81f&share_to_url=discover.php?id=3432209&name=bca%20mt20%20store HTTP/1.1" 200 23032 "-" "Mozilla/5.0 AppleWebKit/537.36 (KHTML, like Gecko; compatible; bingbot/2.0; +http://www.bing.com/bingbot.htm) Chrome/116.0.1938.76 Safari/537.36"
40.77.167.38 - - [29/May/2025:08:40:55 -0400] "GET /?d=105857119260&filter=3b21ec&share_to_url=article.php?id=3585602&name=amlesh%20nagesh%20new%20comedy%20videos HTTP/1.1" 200 23509 "-" "Mozilla/5.0 AppleWebKit/537.36 (KHTML, like Gecko; compatible; bingbot/2.0; +http://www.bing.com/bingbot.htm) Chrome/116.0.1938.76 Safari/537.36"
40.77.167.159 - - [29/May/2025:08:40:56 -0400] "GET /?d=21537864260&filter=7eb81d&share_to_url=shop.php%3Fid%3D730783%26name%3Dbuy+zebra+wristbands+zebra HTTP/1.1" 200 21671 "-" "Mozilla/5.0 AppleWebKit/537.36 (KHTML, like Gecko; compatible; bingbot/2.0; +http://www.bing.com/bingbot.htm) Chrome/116.0.1938.76 Safari/537.36"
40.77.167.38 - - [29/May/2025:08:40:56 -0400] "GET /?d=106936982260&filter=96a32b&share_to_url=discover.php?id=3621713&name=tomy%20games HTTP/1.1" 200 23148 "-" "Mozilla/5.0 AppleWebKit/537.36 (KHTML, like Gecko; compatible; bingbot/2.0; +http://www.bing.com/bingbot.htm) Chrome/116.0.1938.76 Safari/537.36"
40.77.167.38 - - [29/May/2025:08:40:56 -0400] "GET /?d=97993816260&filter=bfc81f&share_to_url=detail.php?id=3320865&name=felt%20broam%2030%20grx HTTP/1.1" 200 22695 "-" "Mozilla/5.0 AppleWebKit/537.36 (KHTML, like Gecko; compatible; bingbot/2.0; +http://www.bing.com/bingbot.htm) Chrome/116.0.1938.76 Safari/537.36"
40.77.167.159 - - [29/May/2025:08:40:56 -0400] "GET /?d=113346625260&filter=384224&share_to_url=detail.php%3Fid%3D3839013%26name%3Dmacarenacollection+new HTTP/1.1" 200 22495 "-" "Mozilla/5.0 AppleWebKit/537.36 (KHTML, like Gecko; compatible; bingbot/2.0; +http://www.bing.com/bingbot.htm) Chrome/116.0.1938.76 Safari/537.36"
40.77.167.38 - - [29/May/2025:08:40:57 -0400] "GET /?d=95238961260&filter=70f96d&share_to_url=pin.php?id=3226470&name=wholesale%20ladies%20fashion%20office HTTP/1.1" 200 23670 "-" "Mozilla/5.0 AppleWebKit/537.36 (KHTML, like Gecko; compatible; bingbot/2.0; +http://www.bing.com/bingbot.htm) Chrome/116.0.1938.76 Safari/537.36"
40.77.167.38 - - [29/May/2025:08:40:57 -0400] "GET /?d=115720854260&filter=8acecb&share_to_url=article.php?id=3918770&name=buy%20free%20express%20ps HTTP/1.1" 200 22629 "-" "Mozilla/5.0 AppleWebKit/537.36 (KHTML, like Gecko; compatible; bingbot/2.0; +http://www.bing.com/bingbot.htm) Chrome/116.0.1938.76 Safari/537.36"
40.77.167.38 - - [29/May/2025:08:40:57 -0400] "GET /?d=108420458260&filter=74e00d&share_to_url=item.php?id=3670945&name=velvet%20teddy%20archives HTTP/1.1" 200 24294 "-" "Mozilla/5.0 AppleWebKit/537.36 (KHTML, like Gecko; compatible; bingbot/2.0; +http://www.bing.com/bingbot.htm) Chrome/116.0.1938.76 Safari/537.36"
40.77.167.38 - - [29/May/2025:08:40:58 -0400] "GET /?d=112502817260&filter=c31721&share_to_url=model.php?id=3810711&name=classic%20tote%20treecycle HTTP/1.1" 200 24420 "-" "Mozilla/5.0 AppleWebKit/537.36 (KHTML, like Gecko; compatible; bingbot/2.0; +http://www.bing.com/bingbot.htm) Chrome/116.0.1938.76 Safari/537.36"
40.77.167.38 - - [29/May/2025:08:40:58 -0400] "GET /?d=102319096260&filter=20ae0e&share_to_url=product-page.php?id=3468388&name=plus%20scratch%20that%20super HTTP/1.1" 200 23727 "-" "Mozilla/5.0 AppleWebKit/537.36 (KHTML, like Gecko; compatible; bingbot/2.0; +http://www.bing.com/bingbot.htm) Chrome/116.0.1938.76 Safari/537.36"
40.77.167.38 - - [29/May/2025:08:40:58 -0400] "GET /?d=112545973260&filter=febea6&share_to_url=model.php?id=3812331&name=red5%20motion%20control HTTP/1.1" 200 22303 "-" "Mozilla/5.0 AppleWebKit/537.36 (KHTML, like Gecko; compatible; bingbot/2.0; +http://www.bing.com/bingbot.htm) Chrome/116.0.1938.76 Safari/537.36"
40.77.167.38 - - [29/May/2025:08:40:58 -0400] "GET /?d=102613879260&filter=29bf04&share_to_url=goods.php?id=3477959&name=new%20under%20armour%20men HTTP/1.1" 200 23186 "-" "Mozilla/5.0 AppleWebKit/537.36 (KHTML, like Gecko; compatible; bingbot/2.0; +http://www.bing.com/bingbot.htm) Chrome/116.0.1938.76 Safari/537.36"
40.77.167.38 - - [29/May/2025:08:40:59 -0400] "GET /?d=98843700260&filter=22c4ad&share_to_url=ideas.php?id=3349788&name=casio%202594%20hot%20sale HTTP/1.1" 200 22104 "-" "Mozilla/5.0 AppleWebKit/537.36 (KHTML, like Gecko; compatible; bingbot/2.0; +http://www.bing.com/bingbot.htm) Chrome/116.0.1938.76 Safari/537.36"
40.77.167.38 - - [29/May/2025:08:40:59 -0400] "GET /?d=115145835260&filter=96a32b&share_to_url=product.php?id=3899194&name=galway%20ierland%20jun HTTP/1.1" 200 23173 "-" "Mozilla/5.0 AppleWebKit/537.36 (KHTML, like Gecko; compatible; bingbot/2.0; +http://www.bing.com/bingbot.htm) Chrome/116.0.1938.76 Safari/537.36"
40.77.167.38 - - [29/May/2025:08:40:59 -0400] "GET /?d=111976766260&filter=59111c&share_to_url=shop.php?id=3792847&name=aoc%2024g2zu%20bk%2024%20fhd%20ips HTTP/1.1" 200 23206 "-" "Mozilla/5.0 AppleWebKit/537.36 (KHTML, like Gecko; compatible; bingbot/2.0; +http://www.bing.com/bingbot.htm) Chrome/116.0.1938.76 Safari/537.36"
40.77.167.38 - - [29/May/2025:08:40:59 -0400] "GET /?d=97865246260&filter=e3650e&share_to_url=model.php?id=3316875&name=ekoneem%20oil%20top HTTP/1.1" 200 22304 "-" "Mozilla/5.0 AppleWebKit/537.36 (KHTML, like Gecko; compatible; bingbot/2.0; +http://www.bing.com/bingbot.htm) Chrome/116.0.1938.76 Safari/537.36"
52.167.144.209 - - [29/May/2025:08:41:00 -0400] "GET /?d=118060652260&filter=6a8aaf&share_to_url=model.php%3Fid%3D3998067%26name%3Dzapatillas+skechers+d HTTP/1.1" 200 21874 "-" "Mozilla/5.0 AppleWebKit/537.36 (KHTML, like Gecko; compatible; bingbot/2.0; +http://www.bing.com/bingbot.htm) Chrome/116.0.1938.76 Safari/537.36"
40.77.167.38 - - [29/May/2025:08:41:00 -0400] "GET /?d=98459617260&filter=58ce6a&share_to_url=product.php?id=3336778&name=cotton%20unisex%20full HTTP/1.1" 200 24459 "-" "Mozilla/5.0 AppleWebKit/537.36 (KHTML, like Gecko; compatible; bingbot/2.0; +http://www.bing.com/bingbot.htm) Chrome/116.0.1938.76 Safari/537.36"
40.77.167.38 - - [29/May/2025:08:41:00 -0400] "GET /?d=104457585260&filter=7af24f&share_to_url=detail.php?id=3539421&name=f3%20yeti%20rambler HTTP/1.1" 200 24356 "-" "Mozilla/5.0 AppleWebKit/537.36 (KHTML, like Gecko; compatible; bingbot/2.0; +http://www.bing.com/bingbot.htm) Chrome/116.0.1938.76 Safari/537.36"
52.167.144.209 - - [29/May/2025:08:41:01 -0400] "GET /?d=104743063260&filter=a8fc1c&share_to_url=detail.php%3Fid%3D3549177%26name%3Dbb4145+top HTTP/1.1" 200 22865 "-" "Mozilla/5.0 AppleWebKit/537.36 (KHTML, like Gecko; compatible; bingbot/2.0; +http://www.bing.com/bingbot.htm) Chrome/116.0.1938.76 Safari/537.36"
66.249.70.32 - - [29/May/2025:08:41:01 -0400] "GET /?d=98794963260&filter=162259&share_to_url=detail.php%3Fid%3D3348141%26name%3Drfl+electric+geyser HTTP/1.1" 200 23095 "-" "Mozilla/5.0 (Linux; Android 6.0.1; Nexus 5X Build/MMB29P) AppleWebKit/537.36 (KHTML, like Gecko) Chrome/136.0.7103.113 Mobile Safari/537.36 (compatible; Googlebot/2.1; +http://www.google.com/bot.html)"
40.77.167.38 - - [29/May/2025:08:41:01 -0400] "GET /?d=97197999260&filter=d98b3e&share_to_url=article.php%3Fid%3D3293498%26name%3Dsuzuki+gixxer+150+2025 HTTP/1.1" 200 22793 "-" "Mozilla/5.0 AppleWebKit/537.36 (KHTML, like Gecko; compatible; bingbot/2.0; +http://www.bing.com/bingbot.htm) Chrome/116.0.1938.76 Safari/537.36"
40.77.167.38 - - [29/May/2025:08:41:01 -0400] "GET /?d=99497649260&filter=6afb2d&share_to_url=detail.php?id=3372249&name=sith%20trooper%20helmet%20diy HTTP/1.1" 200 24014 "-" "Mozilla/5.0 AppleWebKit/537.36 (KHTML, like Gecko; compatible; bingbot/2.0; +http://www.bing.com/bingbot.htm) Chrome/116.0.1938.76 Safari/537.36"
40.77.167.38 - - [29/May/2025:08:41:02 -0400] "GET /?d=93182642260&filter=62bca5&share_to_url=discover.php?id=3157157&name=thule%20proride%20store HTTP/1.1" 200 22994 "-" "Mozilla/5.0 AppleWebKit/537.36 (KHTML, like Gecko; compatible; bingbot/2.0; +http://www.bing.com/bingbot.htm) Chrome/116.0.1938.76 Safari/537.36"
40.77.167.38 - - [29/May/2025:08:41:02 -0400] "GET /?d=113373020260&filter=38a14a&share_to_url=discover.php?id=3839777&name=maevona%20rose%20gold HTTP/1.1" 200 23693 "-" "Mozilla/5.0 AppleWebKit/537.36 (KHTML, like Gecko; compatible; bingbot/2.0; +http://www.bing.com/bingbot.htm) Chrome/116.0.1938.76 Safari/537.36"
40.77.167.38 - - [29/May/2025:08:41:02 -0400] "GET /?d=106855126260&filter=be673b&share_to_url=detail.php?id=3619053&name=mizuno%20wave%20z4 HTTP/1.1" 200 21624 "-" "Mozilla/5.0 AppleWebKit/537.36 (KHTML, like Gecko; compatible; bingbot/2.0; +http://www.bing.com/bingbot.htm) Chrome/116.0.1938.76 Safari/537.36"
40.77.167.38 - - [29/May/2025:08:41:03 -0400] "GET /?d=109100844260&filter=6d6f21&share_to_url=shop.php?id=3693451&name=cala%20orange%20handbag HTTP/1.1" 200 24222 "-" "Mozilla/5.0 AppleWebKit/537.36 (KHTML, like Gecko; compatible; bingbot/2.0; +http://www.bing.com/bingbot.htm) Chrome/116.0.1938.76 Safari/537.36"
40.77.167.38 - - [29/May/2025:08:41:03 -0400] "GET /?d=117027254260&filter=40f37c&share_to_url=item.php?id=3963109&name=bonhams%20a%20gone HTTP/1.1" 200 23907 "-" "Mozilla/5.0 AppleWebKit/537.36 (KHTML, like Gecko; compatible; bingbot/2.0; +http://www.bing.com/bingbot.htm) Chrome/116.0.1938.76 Safari/537.36"
40.77.167.38 - - [29/May/2025:08:41:03 -0400] "GET /?d=107348181260&filter=7f045f&share_to_url=detail.php?id=3635049&name=meet%20the%20kissing HTTP/1.1" 200 24844 "-" "Mozilla/5.0 AppleWebKit/537.36 (KHTML, like Gecko; compatible; bingbot/2.0; +http://www.bing.com/bingbot.htm) Chrome/116.0.1938.76 Safari/537.36"
40.77.167.38 - - [29/May/2025:08:41:03 -0400] "GET /?d=96067628260&filter=1c3e5e&share_to_url=detail.php?id=3254865&name=bazaarmantri%20iball%20accord HTTP/1.1" 200 24192 "-" "Mozilla/5.0 AppleWebKit/537.36 (KHTML, like Gecko; compatible; bingbot/2.0; +http://www.bing.com/bingbot.htm) Chrome/116.0.1938.76 Safari/537.36"
40.77.167.38 - - [29/May/2025:08:41:04 -0400] "GET /?d=114136801260&filter=ca372c&share_to_url=ideas.php?id=3865140&name=jumbo%20pineapple%20squishy HTTP/1.1" 200 24612 "-" "Mozilla/5.0 AppleWebKit/537.36 (KHTML, like Gecko; compatible; bingbot/2.0; +http://www.bing.com/bingbot.htm) Chrome/116.0.1938.76 Safari/537.36"
40.77.167.38 - - [29/May/2025:08:41:04 -0400] "GET /?d=118038999260&filter=468daa&share_to_url=product-page.php?id=3997312&name=asics%20mens%20woven HTTP/1.1" 200 22736 "-" "Mozilla/5.0 AppleWebKit/537.36 (KHTML, like Gecko; compatible; bingbot/2.0; +http://www.bing.com/bingbot.htm) Chrome/116.0.1938.76 Safari/537.36"
40.77.167.38 - - [29/May/2025:08:41:05 -0400] "GET /?d=102534843260&filter=590f1c&share_to_url=detail.php?id=3475389&name=vetement%20discount%20equitable HTTP/1.1" 200 24622 "-" "Mozilla/5.0 AppleWebKit/537.36 (KHTML, like Gecko; compatible; bingbot/2.0; +http://www.bing.com/bingbot.htm) Chrome/116.0.1938.76 Safari/537.36"
40.77.167.7 - - [29/May/2025:08:41:05 -0400] "GET /?d=661982260&filter=a890ef&share_to_url=pin.php%3Fid%3D22914%26name%3Dlynn+swann+unsigned HTTP/1.1" 200 23486 "-" "Mozilla/5.0 AppleWebKit/537.36 (KHTML, like Gecko; compatible; bingbot/2.0; +http://www.bing.com/bingbot.htm) Chrome/116.0.1938.76 Safari/537.36"
