52.167.144.145 - - [29/May/2025:09:42:30 -0400] "GET /?d=116893019260&filter=1699c2&share_to_url=shop.php%3Fid%3D3958495%26name%3Dlunette+vue+paul HTTP/1.1" 200 22580 "-" "Mozilla/5.0 AppleWebKit/537.36 (KHTML, like Gecko; compatible; bingbot/2.0; +http://www.bing.com/bingbot.htm) Chrome/116.0.1938.76 Safari/537.36"
40.77.167.53 - - [29/May/2025:09:42:30 -0400] "GET /?d=8827488260&filter=eb41aa&share_to_url=item.php%3Fid%3D302941%26name%3Dred+mary+janes+outfit+ideas HTTP/1.1" 200 24601 "-" "Mozilla/5.0 AppleWebKit/537.36 (KHTML, like Gecko; compatible; bingbot/2.0; +http://www.bing.com/bingbot.htm) Chrome/116.0.1938.76 Safari/537.36"
103.14.143.67 - - [29/May/2025:09:42:32 -0400] "GET /?d=90698376260&filter=3cd9b2&share_to_url=goods.php?id=3073967&name=grubbin HTTP/1.1" 302 0 "-" "Mozilla/5.0 (Windows NT 10.0; WOW64) AppleWebKit/537.36 (KHTML, like Gecko) Chrome/90.0.4430.72 Safari/537.36"
52.167.144.145 - - [29/May/2025:09:42:33 -0400] "GET /?d=112138461260&filter=69d8f0&share_to_url=goods.php%3Fid%3D3798659%26name%3Dcaschi+bici+store HTTP/1.1" 200 23194 "-" "Mozilla/5.0 AppleWebKit/537.36 (KHTML, like Gecko; compatible; bingbot/2.0; +http://www.bing.com/bingbot.htm) Chrome/116.0.1938.76 Safari/537.36"
103.14.143.67 - - [29/May/2025:09:42:35 -0400] "GET /loginn.php HTTP/1.1" 200 832 "-" "Mozilla/5.0 (Windows NT 10.0; WOW64) AppleWebKit/537.36 (KHTML, like Gecko) Chrome/90.0.4430.72 Safari/537.36"
103.14.143.67 - - [29/May/2025:09:42:37 -0400] "GET /bootstrap/css/bootstrap.min.css HTTP/1.1" 200 18419 "https://churchmr.com/loginn.php" "Mozilla/5.0 (Windows NT 10.0; WOW64) AppleWebKit/537.36 (KHTML, like Gecko) Chrome/90.0.4430.72 Safari/537.36"
103.14.143.67 - - [29/May/2025:09:42:37 -0400] "GET /dist/css/AdminLTE.min.css HTTP/1.1" 200 13899 "https://churchmr.com/loginn.php" "Mozilla/5.0 (Windows NT 10.0; WOW64) AppleWebKit/537.36 (KHTML, like Gecko) Chrome/90.0.4430.72 Safari/537.36"
103.14.143.67 - - [29/May/2025:09:42:38 -0400] "GET /plugins/jQuery/jQuery-2.1.4.min.js HTTP/1.1" 200 30452 "https://churchmr.com/loginn.php" "Mozilla/5.0 (Windows NT 10.0; WOW64) AppleWebKit/537.36 (KHTML, like Gecko) Chrome/90.0.4430.72 Safari/537.36"
103.14.143.67 - - [29/May/2025:09:42:39 -0400] "GET /bootstrap/js/bootstrap.min.js HTTP/1.1" 200 10885 "https://churchmr.com/loginn.php" "Mozilla/5.0 (Windows NT 10.0; WOW64) AppleWebKit/537.36 (KHTML, like Gecko) Chrome/90.0.4430.72 Safari/537.36"
103.14.143.67 - - [29/May/2025:09:42:39 -0400] "GET /user/upload/user.jpg HTTP/1.1" 200 9265 "https://churchmr.com/loginn.php" "Mozilla/5.0 (Windows NT 10.0; WOW64) AppleWebKit/537.36 (KHTML, like Gecko) Chrome/90.0.4430.72 Safari/537.36"
40.77.167.143 - - [29/May/2025:09:42:39 -0400] "GET /?d=111722488260&filter=15d3b1&share_to_url=shopdetail.php%3Fid%3D3784016%26name%3Dmario+kart+tour+039+s+exploration+tour HTTP/1.1" 200 23282 "-" "Mozilla/5.0 AppleWebKit/537.36 (KHTML, like Gecko; compatible; bingbot/2.0; +http://www.bing.com/bingbot.htm) Chrome/116.0.1938.76 Safari/537.36"
103.14.143.67 - - [29/May/2025:09:42:44 -0400] "GET /bootstrap/fonts/glyphicons-halflings-regular.woff2 HTTP/1.1" 200 18028 "https://churchmr.com/bootstrap/css/bootstrap.min.css" "Mozilla/5.0 (Windows NT 10.0; WOW64) AppleWebKit/537.36 (KHTML, like Gecko) Chrome/90.0.4430.72 Safari/537.36"
40.77.167.22 - - [29/May/2025:09:42:45 -0400] "GET /?d=117260075260&filter=00f09d&share_to_url=discover.php%3Fid%3D3971381%26name%3Dmarmitta+per+vespa HTTP/1.1" 200 24364 "-" "Mozilla/5.0 AppleWebKit/537.36 (KHTML, like Gecko; compatible; bingbot/2.0; +http://www.bing.com/bingbot.htm) Chrome/116.0.1938.76 Safari/537.36"
40.77.167.22 - - [29/May/2025:09:42:46 -0400] "GET /?d=106607874260&filter=fd45ef&share_to_url=ideas.php%3Fid%3D3610692%26name%3Dbeaver+ball+toy+electric HTTP/1.1" 200 24102 "-" "Mozilla/5.0 AppleWebKit/537.36 (KHTML, like Gecko; compatible; bingbot/2.0; +http://www.bing.com/bingbot.htm) Chrome/116.0.1938.76 Safari/537.36"
52.167.144.145 - - [29/May/2025:09:42:46 -0400] "GET /?d=93129190260&filter=75d149&share_to_url=product.php?id=3155326&name=wit%20wisdom%20elastic HTTP/1.1" 200 24397 "-" "Mozilla/5.0 AppleWebKit/537.36 (KHTML, like Gecko; compatible; bingbot/2.0; +http://www.bing.com/bingbot.htm) Chrome/116.0.1938.76 Safari/537.36"
52.167.144.16 - - [29/May/2025:09:42:46 -0400] "GET /?d=106855126260&filter=be673b&share_to_url=detail.php?id=3619053&name=mizuno%20wave%20z4 HTTP/1.1" 200 21597 "-" "Mozilla/5.0 AppleWebKit/537.36 (KHTML, like Gecko; compatible; bingbot/2.0; +http://www.bing.com/bingbot.htm) Chrome/116.0.1938.76 Safari/537.36"
52.167.144.16 - - [29/May/2025:09:42:46 -0400] "GET /?d=117027254260&filter=40f37c&share_to_url=item.php?id=3963109&name=bonhams%20a%20gone HTTP/1.1" 200 23941 "-" "Mozilla/5.0 AppleWebKit/537.36 (KHTML, like Gecko; compatible; bingbot/2.0; +http://www.bing.com/bingbot.htm) Chrome/116.0.1938.76 Safari/537.36"
52.167.144.16 - - [29/May/2025:09:42:47 -0400] "GET /?d=109100844260&filter=6d6f21&share_to_url=shop.php?id=3693451&name=cala%20orange%20handbag HTTP/1.1" 200 24348 "-" "Mozilla/5.0 AppleWebKit/537.36 (KHTML, like Gecko; compatible; bingbot/2.0; +http://www.bing.com/bingbot.htm) Chrome/116.0.1938.76 Safari/537.36"
52.167.144.16 - - [29/May/2025:09:42:48 -0400] "GET /?d=107348181260&filter=7f045f&share_to_url=detail.php?id=3635049&name=meet%20the%20kissing HTTP/1.1" 200 24638 "-" "Mozilla/5.0 AppleWebKit/537.36 (KHTML, like Gecko; compatible; bingbot/2.0; +http://www.bing.com/bingbot.htm) Chrome/116.0.1938.76 Safari/537.36"
45.4.133.158 - - [29/May/2025:09:42:48 -0400] "GET /?d=117323093260&filter=16dc78&share_to_url=discover.php%3Fid%3D3973445%26name%3Duthara+unnikrishnan+tamil+devotional+songs HTTP/1.1" 302 0 "-" "Mozilla/5.0 (Windows; U; Windows 98; Win 9x 4.90) AppleWebKit/532.28.4 (KHTML, like Gecko) Version/5.0 Safari/532.28.4"
52.167.144.16 - - [29/May/2025:09:42:49 -0400] "GET /?d=115150916260&filter=96a32b&share_to_url=goods.php%3Fid%3D3899351%26name%3Dwitte+kanten+bruiloft+bestelwagens HTTP/1.1" 200 24656 "-" "Mozilla/5.0 AppleWebKit/537.36 (KHTML, like Gecko; compatible; bingbot/2.0; +http://www.bing.com/bingbot.htm) Chrome/116.0.1938.76 Safari/537.36"
172.56.6.64 - - [29/May/2025:09:42:51 -0400] "GET /?d=104641535260&filter=fefd24&share_to_url=detail.php%3Fid%3D3545853%26name%3Dinfinite+diamond+shape+icon+vector HTTP/1.1" 302 0 "-" "Opera/9.15.(X11; Linux x86_64; ko-KR) Presto/2.9.160 Version/11.00"
66.249.70.32 - - [29/May/2025:09:42:54 -0400] "GET /?d=104455167260&filter=7af24f&share_to_url=model.php%3Fid%3D3539343%26name%3Dkyowa+hot+and+normal+table HTTP/1.1" 200 24148 "-" "Mozilla/5.0 (Linux; Android 6.0.1; Nexus 5X Build/MMB29P) AppleWebKit/537.36 (KHTML, like Gecko) Chrome/136.0.7103.113 Mobile Safari/537.36 (compatible; Googlebot/2.1; +http://www.google.com/bot.html)"
52.167.144.145 - - [29/May/2025:09:42:56 -0400] "GET /?d=117904076260&filter=7e48cd&share_to_url=shopdetail.php?id=3993008&name=old%20telephone%20seat HTTP/1.1" 200 24531 "-" "Mozilla/5.0 AppleWebKit/537.36 (KHTML, like Gecko; compatible; bingbot/2.0; +http://www.bing.com/bingbot.htm) Chrome/116.0.1938.76 Safari/537.36"
52.167.144.145 - - [29/May/2025:09:42:57 -0400] "GET /?d=109782752260&filter=01758e&share_to_url=detail.php?id=3715725&name=barbie%20la%20princesa HTTP/1.1" 200 23731 "-" "Mozilla/5.0 AppleWebKit/537.36 (KHTML, like Gecko; compatible; bingbot/2.0; +http://www.bing.com/bingbot.htm) Chrome/116.0.1938.76 Safari/537.36"
52.167.144.145 - - [29/May/2025:09:42:58 -0400] "GET /?d=117603673260&filter=edc3db&share_to_url=pin.php?id=3982782&name=cooking%20tips HTTP/1.1" 200 24849 "-" "Mozilla/5.0 AppleWebKit/537.36 (KHTML, like Gecko; compatible; bingbot/2.0; +http://www.bing.com/bingbot.htm) Chrome/116.0.1938.76 Safari/537.36"
52.167.144.145 - - [29/May/2025:09:42:59 -0400] "GET /?d=103035608260&filter=b6fea1&share_to_url=pin.php?id=3491790&name=abbe%20glasses%20hurry HTTP/1.1" 200 23933 "-" "Mozilla/5.0 AppleWebKit/537.36 (KHTML, like Gecko; compatible; bingbot/2.0; +http://www.bing.com/bingbot.htm) Chrome/116.0.1938.76 Safari/537.36"
52.167.144.145 - - [29/May/2025:09:42:59 -0400] "GET /?d=97204787260&filter=d98b3e&share_to_url=shop.php?id=3293755&name=22o%20pulsar%20hotsell HTTP/1.1" 200 23595 "-" "Mozilla/5.0 AppleWebKit/537.36 (KHTML, like Gecko; compatible; bingbot/2.0; +http://www.bing.com/bingbot.htm) Chrome/116.0.1938.76 Safari/537.36"
52.167.144.16 - - [29/May/2025:09:43:01 -0400] "GET /?d=110533579260&filter=0f1ecd&share_to_url=item.php?id=3742021&name=sog%20toc%20review HTTP/1.1" 200 23102 "-" "Mozilla/5.0 AppleWebKit/537.36 (KHTML, like Gecko; compatible; bingbot/2.0; +http://www.bing.com/bingbot.htm) Chrome/116.0.1938.76 Safari/537.36"
52.167.144.16 - - [29/May/2025:09:43:02 -0400] "GET /?d=117486661260&filter=fe5903&share_to_url=model.php?id=3978795&name=private%20selection%20llc HTTP/1.1" 200 23339 "-" "Mozilla/5.0 AppleWebKit/537.36 (KHTML, like Gecko; compatible; bingbot/2.0; +http://www.bing.com/bingbot.htm) Chrome/116.0.1938.76 Safari/537.36"
52.167.144.16 - - [29/May/2025:09:43:02 -0400] "GET /?d=113344382260&filter=be1eff&share_to_url=product.php?id=3838942&name=gem%20webbing%20bag HTTP/1.1" 200 24407 "-" "Mozilla/5.0 AppleWebKit/537.36 (KHTML, like Gecko; compatible; bingbot/2.0; +http://www.bing.com/bingbot.htm) Chrome/116.0.1938.76 Safari/537.36"
52.167.144.16 - - [29/May/2025:09:43:03 -0400] "GET /?d=116860666260&filter=f4e409&share_to_url=product-page.php?id=3957412&name=284%20vintage%20swiss HTTP/1.1" 200 23152 "-" "Mozilla/5.0 AppleWebKit/537.36 (KHTML, like Gecko; compatible; bingbot/2.0; +http://www.bing.com/bingbot.htm) Chrome/116.0.1938.76 Safari/537.36"
52.167.144.16 - - [29/May/2025:09:43:03 -0400] "GET /?d=97234649260&filter=81a506&share_to_url=model.php?id=3294735&name=whistles%20midi%20dress HTTP/1.1" 200 22406 "-" "Mozilla/5.0 AppleWebKit/537.36 (KHTML, like Gecko; compatible; bingbot/2.0; +http://www.bing.com/bingbot.htm) Chrome/116.0.1938.76 Safari/537.36"
52.167.144.16 - - [29/May/2025:09:43:04 -0400] "GET /?d=99912889260&filter=01758e&share_to_url=shop.php?id=3386179&name=polo%20verde%20shop HTTP/1.1" 200 24321 "-" "Mozilla/5.0 AppleWebKit/537.36 (KHTML, like Gecko; compatible; bingbot/2.0; +http://www.bing.com/bingbot.htm) Chrome/116.0.1938.76 Safari/537.36"
52.167.144.16 - - [29/May/2025:09:43:05 -0400] "GET /?d=104445424260&filter=7af24f&share_to_url=goods.php?id=3539039&name=juice%20dispenser%20argos%202024 HTTP/1.1" 200 23979 "-" "Mozilla/5.0 AppleWebKit/537.36 (KHTML, like Gecko; compatible; bingbot/2.0; +http://www.bing.com/bingbot.htm) Chrome/116.0.1938.76 Safari/537.36"
52.167.144.16 - - [29/May/2025:09:43:05 -0400] "GET /?d=103651705260&filter=3b21ec&share_to_url=ideas.php?id=3512112&name=bored%20ideas HTTP/1.1" 200 24855 "-" "Mozilla/5.0 AppleWebKit/537.36 (KHTML, like Gecko; compatible; bingbot/2.0; +http://www.bing.com/bingbot.htm) Chrome/116.0.1938.76 Safari/537.36"
103.14.143.67 - - [29/May/2025:09:43:06 -0400] "GET /favicon.ico HTTP/1.1" 404 1251 "https://churchmr.com/loginn.php" "Mozilla/5.0 (Windows NT 10.0; WOW64) AppleWebKit/537.36 (KHTML, like Gecko) Chrome/90.0.4430.72 Safari/537.36"
52.167.144.16 - - [29/May/2025:09:43:06 -0400] "GET /?d=112909112260&filter=f313c0&share_to_url=shop.php?id=3823915&name=jimmy%20choo%20nylon HTTP/1.1" 200 24053 "-" "Mozilla/5.0 AppleWebKit/537.36 (KHTML, like Gecko; compatible; bingbot/2.0; +http://www.bing.com/bingbot.htm) Chrome/116.0.1938.76 Safari/537.36"
52.167.144.145 - - [29/May/2025:09:43:06 -0400] "GET /?d=74175183260&filter=45b8ec&share_to_url=shopdetail.php%3Fid%3D2514524%26name%3Dworking+memory+activities+for HTTP/1.1" 200 24073 "-" "Mozilla/5.0 AppleWebKit/537.36 (KHTML, like Gecko; compatible; bingbot/2.0; +http://www.bing.com/bingbot.htm) Chrome/116.0.1938.76 Safari/537.36"
52.167.144.16 - - [29/May/2025:09:43:07 -0400] "GET /?d=115759547260&filter=06712c&share_to_url=ideas.php?id=3920028&name=jeans%20special%20yars HTTP/1.1" 200 23809 "-" "Mozilla/5.0 AppleWebKit/537.36 (KHTML, like Gecko; compatible; bingbot/2.0; +http://www.bing.com/bingbot.htm) Chrome/116.0.1938.76 Safari/537.36"
52.167.144.16 - - [29/May/2025:09:43:07 -0400] "GET /?d=97197999260&filter=d98b3e&share_to_url=article.php%3Fid%3D3293498%26name%3Dsuzuki+gixxer+150+2025 HTTP/1.1" 200 22970 "-" "Mozilla/5.0 AppleWebKit/537.36 (KHTML, like Gecko; compatible; bingbot/2.0; +http://www.bing.com/bingbot.htm) Chrome/116.0.1938.76 Safari/537.36"
40.77.167.22 - - [29/May/2025:09:43:07 -0400] "GET /?d=94179499260&filter=5b8aed&share_to_url=item.php%3Fid%3D3191329%26name%3Dovernights+kasautii+zindagii+kay HTTP/1.1" 200 21651 "-" "Mozilla/5.0 AppleWebKit/537.36 (KHTML, like Gecko; compatible; bingbot/2.0; +http://www.bing.com/bingbot.htm) Chrome/116.0.1938.76 Safari/537.36"
52.167.144.16 - - [29/May/2025:09:43:09 -0400] "GET /?d=102764626260&filter=cdfba6&share_to_url=ideas.php%3Fid%3D3483060%26name%3Dpolo+ralph+lauren+hemingway+bear HTTP/1.1" 200 24053 "-" "Mozilla/5.0 AppleWebKit/537.36 (KHTML, like Gecko; compatible; bingbot/2.0; +http://www.bing.com/bingbot.htm) Chrome/116.0.1938.76 Safari/537.36"
52.167.144.16 - - [29/May/2025:09:43:11 -0400] "GET /?d=93182642260&filter=62bca5&share_to_url=discover.php?id=3157157&name=thule%20proride%20store HTTP/1.1" 200 22929 "-" "Mozilla/5.0 AppleWebKit/537.36 (KHTML, like Gecko; compatible; bingbot/2.0; +http://www.bing.com/bingbot.htm) Chrome/116.0.1938.76 Safari/537.36"
52.167.144.16 - - [29/May/2025:09:43:11 -0400] "GET /?d=113373020260&filter=38a14a&share_to_url=discover.php?id=3839777&name=maevona%20rose%20gold HTTP/1.1" 200 23621 "-" "Mozilla/5.0 AppleWebKit/537.36 (KHTML, like Gecko; compatible; bingbot/2.0; +http://www.bing.com/bingbot.htm) Chrome/116.0.1938.76 Safari/537.36"
52.167.144.16 - - [29/May/2025:09:43:12 -0400] "GET /?d=113306449260&filter=21e51a&share_to_url=pin.php%3Fid%3D3837654%26name%3Dseresto+flea+and+sale+tick HTTP/1.1" 200 23407 "-" "Mozilla/5.0 AppleWebKit/537.36 (KHTML, like Gecko; compatible; bingbot/2.0; +http://www.bing.com/bingbot.htm) Chrome/116.0.1938.76 Safari/537.36"
52.167.144.16 - - [29/May/2025:09:43:13 -0400] "GET /?d=112703624260&filter=0d81df&share_to_url=item.php%3Fid%3D3817429%26name%3Dmochila+terrano+9189+grande HTTP/1.1" 200 23165 "-" "Mozilla/5.0 AppleWebKit/537.36 (KHTML, like Gecko; compatible; bingbot/2.0; +http://www.bing.com/bingbot.htm) Chrome/116.0.1938.76 Safari/537.36"
66.249.70.32 - - [29/May/2025:09:43:16 -0400] "GET /?d=106177314260&filter=4125cd&share_to_url=item.php%3Fid%3D3596245%26name%3Dbuy+discount+ghodiyu+online HTTP/1.1" 200 23399 "-" "Mozilla/5.0 (Linux; Android 6.0.1; Nexus 5X Build/MMB29P) AppleWebKit/537.36 (KHTML, like Gecko) Chrome/136.0.7103.113 Mobile Safari/537.36 (compatible; Googlebot/2.1; +http://www.google.com/bot.html)"
52.167.144.145 - - [29/May/2025:09:43:18 -0400] "GET /?d=99516447260&filter=a7148c&share_to_url=discover.php%3Fid%3D3372965%26name%3Dojotas+nike+benassi+jdi+mujer HTTP/1.1" 200 22427 "-" "Mozilla/5.0 AppleWebKit/537.36 (KHTML, like Gecko; compatible; bingbot/2.0; +http://www.bing.com/bingbot.htm) Chrome/116.0.1938.76 Safari/537.36"
40.77.167.143 - - [29/May/2025:09:43:20 -0400] "GET /?d=95903154260&filter=c08dc8&share_to_url=article.php%3Fid%3D3249242%26name%3Djuguettos+carrefour+clearance+los+patios HTTP/1.1" 200 23615 "-" "Mozilla/5.0 AppleWebKit/537.36 (KHTML, like Gecko; compatible; bingbot/2.0; +http://www.bing.com/bingbot.htm) Chrome/116.0.1938.76 Safari/537.36"
52.167.144.16 - - [29/May/2025:09:43:26 -0400] "GET /?d=96067628260&filter=1c3e5e&share_to_url=detail.php?id=3254865&name=bazaarmantri%20iball%20accord HTTP/1.1" 200 24280 "-" "Mozilla/5.0 AppleWebKit/537.36 (KHTML, like Gecko; compatible; bingbot/2.0; +http://www.bing.com/bingbot.htm) Chrome/116.0.1938.76 Safari/537.36"
52.167.144.16 - - [29/May/2025:09:43:26 -0400] "GET /?d=117016618260&filter=80ae2a&share_to_url=item.php%3Fid%3D3962725%26name%3Dhands+on+with+the+marloe HTTP/1.1" 200 24078 "-" "Mozilla/5.0 AppleWebKit/537.36 (KHTML, like Gecko; compatible; bingbot/2.0; +http://www.bing.com/bingbot.htm) Chrome/116.0.1938.76 Safari/537.36"
52.167.144.16 - - [29/May/2025:09:43:27 -0400] "GET /?d=112047161260&filter=77eedc&share_to_url=pin.php?id=3795306&name=bid%C3%B3n%20pl%C3%A1stico%20x%2025 HTTP/1.1" 200 24212 "-" "Mozilla/5.0 AppleWebKit/537.36 (KHTML, like Gecko; compatible; bingbot/2.0; +http://www.bing.com/bingbot.htm) Chrome/116.0.1938.76 Safari/537.36"
52.167.144.16 - - [29/May/2025:09:43:28 -0400] "GET /?d=117764295260&filter=ba9bae&share_to_url=pin.php?id=3988194&name=life%20jackets%20for%20sale HTTP/1.1" 200 24616 "-" "Mozilla/5.0 AppleWebKit/537.36 (KHTML, like Gecko; compatible; bingbot/2.0; +http://www.bing.com/bingbot.htm) Chrome/116.0.1938.76 Safari/537.36"
52.167.144.145 - - [29/May/2025:09:43:30 -0400] "GET /?d=104335163260&filter=1cbf7a&share_to_url=discover.php?id=3535073&name=hole%20wheel HTTP/1.1" 200 24234 "-" "Mozilla/5.0 AppleWebKit/537.36 (KHTML, like Gecko; compatible; bingbot/2.0; +http://www.bing.com/bingbot.htm) Chrome/116.0.1938.76 Safari/537.36"
52.167.144.145 - - [29/May/2025:09:43:31 -0400] "GET /?d=101688500260&filter=8cfd8c&share_to_url=discover.php?id=3447593&name=hey%20mama%20chic HTTP/1.1" 200 23744 "-" "Mozilla/5.0 AppleWebKit/537.36 (KHTML, like Gecko; compatible; bingbot/2.0; +http://www.bing.com/bingbot.htm) Chrome/116.0.1938.76 Safari/537.36"
52.167.144.145 - - [29/May/2025:09:43:32 -0400] "GET /?d=103576927260&filter=1876cd&share_to_url=shop.php?id=3509599&name=powerwolf%20wolf HTTP/1.1" 200 23475 "-" "Mozilla/5.0 AppleWebKit/537.36 (KHTML, like Gecko; compatible; bingbot/2.0; +http://www.bing.com/bingbot.htm) Chrome/116.0.1938.76 Safari/537.36"
52.167.144.145 - - [29/May/2025:09:43:33 -0400] "GET /?d=96466258260&filter=74e00d&share_to_url=shop.php?id=3268351&name=tom%20ford%20noir%20de HTTP/1.1" 200 23091 "-" "Mozilla/5.0 AppleWebKit/537.36 (KHTML, like Gecko; compatible; bingbot/2.0; +http://www.bing.com/bingbot.htm) Chrome/116.0.1938.76 Safari/537.36"
52.167.144.145 - - [29/May/2025:09:43:34 -0400] "GET /?d=104976445260&filter=fd4510&share_to_url=item.php?id=3556609&name=buy%20kalp%20essential HTTP/1.1" 200 23319 "-" "Mozilla/5.0 AppleWebKit/537.36 (KHTML, like Gecko; compatible; bingbot/2.0; +http://www.bing.com/bingbot.htm) Chrome/116.0.1938.76 Safari/537.36"
40.77.167.22 - - [29/May/2025:09:43:36 -0400] "GET /?d=68359671260&filter=cdc800&share_to_url=product.php%3Fid%3D2317162%26name%3Dnap+chat+discount+cousin HTTP/1.1" 200 24098 "-" "Mozilla/5.0 AppleWebKit/537.36 (KHTML, like Gecko; compatible; bingbot/2.0; +http://www.bing.com/bingbot.htm) Chrome/116.0.1938.76 Safari/537.36"
40.77.167.22 - - [29/May/2025:09:43:37 -0400] "GET /?d=62927135260&filter=5e3718&share_to_url=article.php%3Fid%3D2133566%26name%3Dkorean+sweatpants+women+patchwork HTTP/1.1" 200 24277 "-" "Mozilla/5.0 AppleWebKit/537.36 (KHTML, like Gecko; compatible; bingbot/2.0; +http://www.bing.com/bingbot.htm) Chrome/116.0.1938.76 Safari/537.36"
52.167.144.16 - - [29/May/2025:09:43:38 -0400] "GET /?d=97249672260&filter=160466&share_to_url=shop.php?id=3295219&name=weekly%20offer%20for%20men HTTP/1.1" 200 23089 "-" "Mozilla/5.0 AppleWebKit/537.36 (KHTML, like Gecko; compatible; bingbot/2.0; +http://www.bing.com/bingbot.htm) Chrome/116.0.1938.76 Safari/537.36"
52.167.144.16 - - [29/May/2025:09:43:38 -0400] "GET /?d=100216643260&filter=37632c&share_to_url=item.php?id=3396553&name=adidas%20shoes%201st HTTP/1.1" 200 22579 "-" "Mozilla/5.0 AppleWebKit/537.36 (KHTML, like Gecko; compatible; bingbot/2.0; +http://www.bing.com/bingbot.htm) Chrome/116.0.1938.76 Safari/537.36"
52.167.144.16 - - [29/May/2025:09:43:39 -0400] "GET /?d=102036682260&filter=8f0945&share_to_url=pin.php?id=3458766&name=oakley%20foa402996 HTTP/1.1" 200 23026 "-" "Mozilla/5.0 AppleWebKit/537.36 (KHTML, like Gecko; compatible; bingbot/2.0; +http://www.bing.com/bingbot.htm) Chrome/116.0.1938.76 Safari/537.36"
40.77.167.53 - - [29/May/2025:09:43:39 -0400] "GET /?d=95301974260&filter=ebbdc0&share_to_url=product.php%3Fid%3D3228586%26name%3Dasics+gt1000v9+ladies HTTP/1.1" 200 22387 "-" "Mozilla/5.0 AppleWebKit/537.36 (KHTML, like Gecko; compatible; bingbot/2.0; +http://www.bing.com/bingbot.htm) Chrome/116.0.1938.76 Safari/537.36"
52.167.144.16 - - [29/May/2025:09:43:40 -0400] "GET /?d=84255419260&filter=a4f79d&share_to_url=product.php%3Fid%3D2853850%26name%3Dwild+lady+slipper HTTP/1.1" 200 24048 "-" "Mozilla/5.0 AppleWebKit/537.36 (KHTML, like Gecko; compatible; bingbot/2.0; +http://www.bing.com/bingbot.htm) Chrome/116.0.1938.76 Safari/537.36"
52.167.144.16 - - [29/May/2025:09:43:40 -0400] "GET /?d=99003403260&filter=2432cb&share_to_url=discover.php?id=3355409&name=ecco%20ashford%20designer HTTP/1.1" 200 23170 "-" "Mozilla/5.0 AppleWebKit/537.36 (KHTML, like Gecko; compatible; bingbot/2.0; +http://www.bing.com/bingbot.htm) Chrome/116.0.1938.76 Safari/537.36"
52.167.144.16 - - [29/May/2025:09:43:41 -0400] "GET /?d=100124843260&filter=f4e1c0&share_to_url=discover.php?id=3393377&name=10%20deck%20furniture HTTP/1.1" 200 24389 "-" "Mozilla/5.0 AppleWebKit/537.36 (KHTML, like Gecko; compatible; bingbot/2.0; +http://www.bing.com/bingbot.htm) Chrome/116.0.1938.76 Safari/537.36"
52.167.144.16 - - [29/May/2025:09:43:42 -0400] "GET /?d=95042662260&filter=be5512&share_to_url=article.php?id=3220118&name=black%20solid%20all HTTP/1.1" 200 23448 "-" "Mozilla/5.0 AppleWebKit/537.36 (KHTML, like Gecko; compatible; bingbot/2.0; +http://www.bing.com/bingbot.htm) Chrome/116.0.1938.76 Safari/537.36"
52.167.144.16 - - [29/May/2025:09:43:43 -0400] "GET /?d=93836525260&filter=44b0ce&share_to_url=goods.php?id=3179063&name=ignite%20pwradapt%20summer HTTP/1.1" 200 23203 "-" "Mozilla/5.0 AppleWebKit/537.36 (KHTML, like Gecko; compatible; bingbot/2.0; +http://www.bing.com/bingbot.htm) Chrome/116.0.1938.76 Safari/537.36"
40.77.167.143 - - [29/May/2025:09:43:48 -0400] "GET /?d=108835104260&filter=dc973f&share_to_url=shop.php%3Fid%3D3684799%26name%3Dshrimp+and+scallop HTTP/1.1" 200 23159 "-" "Mozilla/5.0 AppleWebKit/537.36 (KHTML, like Gecko; compatible; bingbot/2.0; +http://www.bing.com/bingbot.htm) Chrome/116.0.1938.76 Safari/537.36"
66.249.70.39 - - [29/May/2025:09:43:48 -0400] "GET /?d=99400730260&filter=3fa24f&share_to_url=article.php%3Fid%3D3368978%26name%3Dam+to+pm HTTP/1.1" 200 24435 "-" "Mozilla/5.0 (Linux; Android 6.0.1; Nexus 5X Build/MMB29P) AppleWebKit/537.36 (KHTML, like Gecko) Chrome/136.0.7103.113 Mobile Safari/537.36 (compatible; Googlebot/2.1; +http://www.google.com/bot.html)"
40.77.167.143 - - [29/May/2025:09:43:49 -0400] "GET /?d=116154806260&filter=ceb7b1&share_to_url=goods.php%3Fid%3D3933683%26name%3Dtrail+run+quarter+socks HTTP/1.1" 200 23010 "-" "Mozilla/5.0 AppleWebKit/537.36 (KHTML, like Gecko; compatible; bingbot/2.0; +http://www.bing.com/bingbot.htm) Chrome/116.0.1938.76 Safari/537.36"
52.167.144.16 - - [29/May/2025:09:43:50 -0400] "GET /?d=105824963260&filter=c3ec3a&share_to_url=detail.php%3Fid%3D3584613%26name%3Dinspiraci%C3%B3n+en+el+perfume HTTP/1.1" 200 24365 "-" "Mozilla/5.0 AppleWebKit/537.36 (KHTML, like Gecko; compatible; bingbot/2.0; +http://www.bing.com/bingbot.htm) Chrome/116.0.1938.76 Safari/537.36"
40.77.167.53 - - [29/May/2025:09:43:52 -0400] "GET /?d=19356413260&filter=731959&share_to_url=shopdetail.php%3Fid%3D657812%26name%3Drolex+pocket+watch+rolex HTTP/1.1" 200 23354 "-" "Mozilla/5.0 AppleWebKit/537.36 (KHTML, like Gecko; compatible; bingbot/2.0; +http://www.bing.com/bingbot.htm) Chrome/116.0.1938.76 Safari/537.36"
40.77.167.53 - - [29/May/2025:09:43:53 -0400] "GET /?d=68792038260&filter=95c78c&share_to_url=discover.php%3Fid%3D2331245%26name%3Dskazi+moda+clearance+feminina HTTP/1.1" 200 24451 "-" "Mozilla/5.0 AppleWebKit/537.36 (KHTML, like Gecko; compatible; bingbot/2.0; +http://www.bing.com/bingbot.htm) Chrome/116.0.1938.76 Safari/537.36"
52.167.144.16 - - [29/May/2025:09:43:57 -0400] "GET /?d=117182391260&filter=80d279&share_to_url=model.php%3Fid%3D3968499%26name%3Dno+matter+the+weather+ooni HTTP/1.1" 200 23240 "-" "Mozilla/5.0 AppleWebKit/537.36 (KHTML, like Gecko; compatible; bingbot/2.0; +http://www.bing.com/bingbot.htm) Chrome/116.0.1938.76 Safari/537.36"
40.77.167.143 - - [29/May/2025:09:44:08 -0400] "GET /?d=90295912260&filter=fc397e&share_to_url=item.php%3Fid%3D3060037%26name%3Dbarbie+sewing+machine HTTP/1.1" 200 22734 "-" "Mozilla/5.0 AppleWebKit/537.36 (KHTML, like Gecko; compatible; bingbot/2.0; +http://www.bing.com/bingbot.htm) Chrome/116.0.1938.76 Safari/537.36"
40.77.167.143 - - [29/May/2025:09:44:09 -0400] "GET /?d=72096400260&filter=0c0b6e&share_to_url=ideas.php%3Fid%3D2443332%26name%3Dinova+adem%C3%A1s+las+s%C3%A1banas HTTP/1.1" 200 22986 "-" "Mozilla/5.0 AppleWebKit/537.36 (KHTML, like Gecko; compatible; bingbot/2.0; +http://www.bing.com/bingbot.htm) Chrome/116.0.1938.76 Safari/537.36"
52.167.144.16 - - [29/May/2025:09:44:19 -0400] "GET /?d=106538788260&filter=2fbbdb&share_to_url=item.php?id=3608281&name=anthony%20on%20x HTTP/1.1" 200 24156 "-" "Mozilla/5.0 AppleWebKit/537.36 (KHTML, like Gecko; compatible; bingbot/2.0; +http://www.bing.com/bingbot.htm) Chrome/116.0.1938.76 Safari/537.36"
52.167.144.16 - - [29/May/2025:09:44:19 -0400] "GET /?d=103395248260&filter=3ba2dc&share_to_url=product.php%3Fid%3D3503770%26name%3Dlapiz+facial+en HTTP/1.1" 200 24209 "-" "Mozilla/5.0 AppleWebKit/537.36 (KHTML, like Gecko; compatible; bingbot/2.0; +http://www.bing.com/bingbot.htm) Chrome/116.0.1938.76 Safari/537.36"
52.167.144.16 - - [29/May/2025:09:44:26 -0400] "GET /?d=118038999260&filter=468daa&share_to_url=product-page.php?id=3997312&name=asics%20mens%20woven HTTP/1.1" 200 22685 "-" "Mozilla/5.0 AppleWebKit/537.36 (KHTML, like Gecko; compatible; bingbot/2.0; +http://www.bing.com/bingbot.htm) Chrome/116.0.1938.76 Safari/537.36"
52.167.144.16 - - [29/May/2025:09:44:26 -0400] "GET /?d=114136801260&filter=ca372c&share_to_url=ideas.php?id=3865140&name=jumbo%20pineapple%20squishy HTTP/1.1" 200 24625 "-" "Mozilla/5.0 AppleWebKit/537.36 (KHTML, like Gecko; compatible; bingbot/2.0; +http://www.bing.com/bingbot.htm) Chrome/116.0.1938.76 Safari/537.36"
52.167.144.16 - - [29/May/2025:09:44:27 -0400] "GET /?d=102534843260&filter=590f1c&share_to_url=detail.php?id=3475389&name=vetement%20discount%20equitable HTTP/1.1" 200 24585 "-" "Mozilla/5.0 AppleWebKit/537.36 (KHTML, like Gecko; compatible; bingbot/2.0; +http://www.bing.com/bingbot.htm) Chrome/116.0.1938.76 Safari/537.36"
52.167.144.16 - - [29/May/2025:09:44:28 -0400] "GET /?d=99472179260&filter=20c71b&share_to_url=goods.php?id=3371375&name=blazer%20office%20outfits HTTP/1.1" 200 24007 "-" "Mozilla/5.0 AppleWebKit/537.36 (KHTML, like Gecko; compatible; bingbot/2.0; +http://www.bing.com/bingbot.htm) Chrome/116.0.1938.76 Safari/537.36"
52.167.144.16 - - [29/May/2025:09:44:29 -0400] "GET /?d=93101725260&filter=e874f3&share_to_url=pin.php%3Fid%3D3154434%26name%3Dmothers+birthstone+necklace+family HTTP/1.1" 200 23448 "-" "Mozilla/5.0 AppleWebKit/537.36 (KHTML, like Gecko; compatible; bingbot/2.0; +http://www.bing.com/bingbot.htm) Chrome/116.0.1938.76 Safari/537.36"
52.167.144.16 - - [29/May/2025:09:44:31 -0400] "GET /?d=91984007260&filter=ea2dc1&share_to_url=pin.php%3Fid%3D3116214%26name%3Dpurple+velvet+heels HTTP/1.1" 200 24446 "-" "Mozilla/5.0 AppleWebKit/537.36 (KHTML, like Gecko; compatible; bingbot/2.0; +http://www.bing.com/bingbot.htm) Chrome/116.0.1938.76 Safari/537.36"
172.56.221.21 - - [29/May/2025:09:44:34 -0400] "GET /?d=109167327260&filter=bcf072&share_to_url=item.php%3Fid%3D3695653%26name%3Dgaucho+cotton+thread+beret HTTP/1.1" 302 0 "-" "Mozilla/5.0 (Macintosh; U; PPC Mac OS X 10_6_0) AppleWebKit/534.0 (KHTML, like Gecko) Chrome/34.0.846.0 Safari/534.0"
40.77.167.22 - - [29/May/2025:09:44:37 -0400] "GET /?d=85946325260&filter=ab7dfe&share_to_url=ideas.php%3Fid%3D2911632%26name%3Dbulbous+nose+contour+tutorial HTTP/1.1" 200 23317 "-" "Mozilla/5.0 AppleWebKit/537.36 (KHTML, like Gecko; compatible; bingbot/2.0; +http://www.bing.com/bingbot.htm) Chrome/116.0.1938.76 Safari/537.36"
40.77.167.22 - - [29/May/2025:09:44:37 -0400] "GET /?d=64290047260&filter=1c04d1&share_to_url=detail.php%3Fid%3D2179821%26name%3Dapple+tv+problems HTTP/1.1" 200 23339 "-" "Mozilla/5.0 AppleWebKit/537.36 (KHTML, like Gecko; compatible; bingbot/2.0; +http://www.bing.com/bingbot.htm) Chrome/116.0.1938.76 Safari/537.36"
40.77.167.143 - - [29/May/2025:09:44:38 -0400] "GET /?d=104849274260&filter=1b6d6c&share_to_url=pin.php%3Fid%3D3552546%26name%3Dgrunt+style+the+raiders HTTP/1.1" 200 23225 "-" "Mozilla/5.0 AppleWebKit/537.36 (KHTML, like Gecko; compatible; bingbot/2.0; +http://www.bing.com/bingbot.htm) Chrome/116.0.1938.76 Safari/537.36"
40.77.167.22 - - [29/May/2025:09:44:38 -0400] "GET /?d=93313468260&filter=ce52f2&share_to_url=product-page.php%3Fid%3D3161368%26name%3D HTTP/1.1" 200 23474 "-" "Mozilla/5.0 AppleWebKit/537.36 (KHTML, like Gecko; compatible; bingbot/2.0; +http://www.bing.com/bingbot.htm) Chrome/116.0.1938.76 Safari/537.36"
66.249.70.32 - - [29/May/2025:09:44:40 -0400] "GET /?d=103957873260&filter=1460ea&share_to_url=pin.php%3Fid%3D3522402%26name%3Dstinky+stuff+sale HTTP/1.1" 200 22140 "-" "Mozilla/5.0 (Linux; Android 6.0.1; Nexus 5X Build/MMB29P) AppleWebKit/537.36 (KHTML, like Gecko) Chrome/136.0.7103.113 Mobile Safari/537.36 (compatible; Googlebot/2.1; +http://www.google.com/bot.html)"
52.167.144.16 - - [29/May/2025:09:44:48 -0400] "GET /?d=92257987260&filter=b94814&share_to_url=detail.php%3Fid%3D3125493%26name%3Dvivo+y81+back+panel HTTP/1.1" 200 24110 "-" "Mozilla/5.0 AppleWebKit/537.36 (KHTML, like Gecko; compatible; bingbot/2.0; +http://www.bing.com/bingbot.htm) Chrome/116.0.1938.76 Safari/537.36"
52.167.144.16 - - [29/May/2025:09:44:49 -0400] "GET /?d=90808097260&filter=37e1a1&share_to_url=item.php%3Fid%3D3077737%26name%3Djordan+store+horizon+bg HTTP/1.1" 200 23395 "-" "Mozilla/5.0 AppleWebKit/537.36 (KHTML, like Gecko; compatible; bingbot/2.0; +http://www.bing.com/bingbot.htm) Chrome/116.0.1938.76 Safari/537.36"
40.77.167.143 - - [29/May/2025:09:44:50 -0400] "GET /?d=100722235260&filter=2a2d38&share_to_url=shopdetail.php%3Fid%3D3413732%26name%3Dmonsoon+on+x+float+away HTTP/1.1" 200 22873 "-" "Mozilla/5.0 AppleWebKit/537.36 (KHTML, like Gecko; compatible; bingbot/2.0; +http://www.bing.com/bingbot.htm) Chrome/116.0.1938.76 Safari/537.36"
52.167.144.145 - - [29/May/2025:09:44:52 -0400] "GET /?d=91131795260&filter=4c20f0&share_to_url=goods.php%3Fid%3D3088511%26name%3Dvivitar+tx+fixed HTTP/1.1" 200 24008 "-" "Mozilla/5.0 AppleWebKit/537.36 (KHTML, like Gecko; compatible; bingbot/2.0; +http://www.bing.com/bingbot.htm) Chrome/116.0.1938.76 Safari/537.36"
52.167.144.16 - - [29/May/2025:09:44:58 -0400] "GET /?d=104210003260&filter=d9247f&share_to_url=ideas.php%3Fid%3D3530688%26name%3Dkawada+nbm+006+nanoblock HTTP/1.1" 200 22844 "-" "Mozilla/5.0 AppleWebKit/537.36 (KHTML, like Gecko; compatible; bingbot/2.0; +http://www.bing.com/bingbot.htm) Chrome/116.0.1938.76 Safari/537.36"
52.167.144.16 - - [29/May/2025:09:44:58 -0400] "GET /?d=94597010260&filter=99bfb5&share_to_url=goods.php%3Fid%3D3205343%26name%3Dhoneywell+t87f2782+t87f+series HTTP/1.1" 200 22856 "-" "Mozilla/5.0 AppleWebKit/537.36 (KHTML, like Gecko; compatible; bingbot/2.0; +http://www.bing.com/bingbot.htm) Chrome/116.0.1938.76 Safari/537.36"
52.167.144.16 - - [29/May/2025:09:45:03 -0400] "GET /?d=93134525260&filter=75d149&share_to_url=shop.php?id=3155491&name=preet%20punjabi%20suit HTTP/1.1" 200 24232 "-" "Mozilla/5.0 AppleWebKit/537.36 (KHTML, like Gecko; compatible; bingbot/2.0; +http://www.bing.com/bingbot.htm) Chrome/116.0.1938.76 Safari/537.36"
52.167.144.16 - - [29/May/2025:09:45:04 -0400] "GET /?d=114585140260&filter=894e1d&share_to_url=shop.php?id=3880195&name=vans%20logo%20history HTTP/1.1" 200 22506 "-" "Mozilla/5.0 AppleWebKit/537.36 (KHTML, like Gecko; compatible; bingbot/2.0; +http://www.bing.com/bingbot.htm) Chrome/116.0.1938.76 Safari/537.36"
52.167.144.16 - - [29/May/2025:09:45:05 -0400] "GET /?d=106239823260&filter=ca372c&share_to_url=ideas.php?id=3598212&name=bubbles%20my%20little HTTP/1.1" 200 24173 "-" "Mozilla/5.0 AppleWebKit/537.36 (KHTML, like Gecko; compatible; bingbot/2.0; +http://www.bing.com/bingbot.htm) Chrome/116.0.1938.76 Safari/537.36"
52.167.144.16 - - [29/May/2025:09:45:06 -0400] "GET /?d=113439077260&filter=128aa4&share_to_url=item.php?id=3841813&name=sonik%20feeder%20reels%202024 HTTP/1.1" 200 23716 "-" "Mozilla/5.0 AppleWebKit/537.36 (KHTML, like Gecko; compatible; bingbot/2.0; +http://www.bing.com/bingbot.htm) Chrome/116.0.1938.76 Safari/537.36"
66.249.70.33 - - [29/May/2025:09:45:06 -0400] "GET /?d=117993351260&filter=fe5903&share_to_url=product-page.php%3Fid%3D3995836%26name%3Dma+meilleure+amie+de HTTP/1.1" 200 24513 "-" "Mozilla/5.0 (Linux; Android 6.0.1; Nexus 5X Build/MMB29P) AppleWebKit/537.36 (KHTML, like Gecko) Chrome/136.0.7103.113 Mobile Safari/537.36 (compatible; Googlebot/2.1; +http://www.google.com/bot.html)"
52.167.144.16 - - [29/May/2025:09:45:06 -0400] "GET /?d=106774187260&filter=25e9e2&share_to_url=shop.php%3Fid%3D3616267%26name%3Dsoft+clear+hd+smart HTTP/1.1" 200 24715 "-" "Mozilla/5.0 AppleWebKit/537.36 (KHTML, like Gecko; compatible; bingbot/2.0; +http://www.bing.com/bingbot.htm) Chrome/116.0.1938.76 Safari/537.36"
52.167.144.145 - - [29/May/2025:09:45:07 -0400] "GET /?d=110698825260&filter=8d13fd&share_to_url=item.php?id=3747889&name=enterizo%20tipo%20cargo%20con HTTP/1.1" 200 23844 "-" "Mozilla/5.0 AppleWebKit/537.36 (KHTML, like Gecko; compatible; bingbot/2.0; +http://www.bing.com/bingbot.htm) Chrome/116.0.1938.76 Safari/537.36"
52.167.144.16 - - [29/May/2025:09:45:07 -0400] "GET /?d=104353025260&filter=1cbf7a&share_to_url=ideas.php?id=3535692&name=dr%20pro%20xl60tf HTTP/1.1" 200 24254 "-" "Mozilla/5.0 AppleWebKit/537.36 (KHTML, like Gecko; compatible; bingbot/2.0; +http://www.bing.com/bingbot.htm) Chrome/116.0.1938.76 Safari/537.36"
52.167.144.16 - - [29/May/2025:09:45:08 -0400] "GET /?d=115614196260&filter=3208d7&share_to_url=product-page.php?id=3915340&name=jd%20sports%20page HTTP/1.1" 200 22862 "-" "Mozilla/5.0 AppleWebKit/537.36 (KHTML, like Gecko; compatible; bingbot/2.0; +http://www.bing.com/bingbot.htm) Chrome/116.0.1938.76 Safari/537.36"
52.167.144.16 - - [29/May/2025:09:45:09 -0400] "GET /?d=110587762260&filter=c805fc&share_to_url=pin.php%3Fid%3D3743922%26name%3Dcockapoo+puppies+for+sale HTTP/1.1" 200 22612 "-" "Mozilla/5.0 AppleWebKit/537.36 (KHTML, like Gecko; compatible; bingbot/2.0; +http://www.bing.com/bingbot.htm) Chrome/116.0.1938.76 Safari/537.36"
52.167.144.16 - - [29/May/2025:09:45:10 -0400] "GET /?d=106580772260&filter=190ccd&share_to_url=ideas.php%3Fid%3D3609852%26name%3Dmickey+mouse+store+automatic+watch HTTP/1.1" 200 23854 "-" "Mozilla/5.0 AppleWebKit/537.36 (KHTML, like Gecko; compatible; bingbot/2.0; +http://www.bing.com/bingbot.htm) Chrome/116.0.1938.76 Safari/537.36"
52.167.144.145 - - [29/May/2025:09:45:16 -0400] "GET /?d=117757907260&filter=cf39b4&share_to_url=model.php?id=3987939&name=best%20mens%20hotsell HTTP/1.1" 200 23883 "-" "Mozilla/5.0 AppleWebKit/537.36 (KHTML, like Gecko; compatible; bingbot/2.0; +http://www.bing.com/bingbot.htm) Chrome/116.0.1938.76 Safari/537.36"
40.77.167.143 - - [29/May/2025:09:45:16 -0400] "GET /?d=21325161260&filter=55b63a&share_to_url=goods.php%3Fid%3D723971%26name%3Dboxer+endura+twin+pack HTTP/1.1" 200 23425 "-" "Mozilla/5.0 AppleWebKit/537.36 (KHTML, like Gecko; compatible; bingbot/2.0; +http://www.bing.com/bingbot.htm) Chrome/116.0.1938.76 Safari/537.36"
52.167.144.145 - - [29/May/2025:09:45:17 -0400] "GET /?d=109846565260&filter=bcf072&share_to_url=shop.php%3Fid%3D3717799%26name%3Dstash+bucket+hat HTTP/1.1" 200 23130 "-" "Mozilla/5.0 AppleWebKit/537.36 (KHTML, like Gecko; compatible; bingbot/2.0; +http://www.bing.com/bingbot.htm) Chrome/116.0.1938.76 Safari/537.36"
52.167.144.16 - - [29/May/2025:09:45:21 -0400] "GET /?d=99351821260&filter=80d279&share_to_url=pin.php%3Fid%3D3367230%26name%3Dparkdale+free+range+charcoal+chicken HTTP/1.1" 200 22988 "-" "Mozilla/5.0 AppleWebKit/537.36 (KHTML, like Gecko; compatible; bingbot/2.0; +http://www.bing.com/bingbot.htm) Chrome/116.0.1938.76 Safari/537.36"
52.167.144.16 - - [29/May/2025:09:45:25 -0400] "GET /?d=104993414260&filter=5bd759&share_to_url=product.php?id=3557194&name=philo%20roku%20free%20trial HTTP/1.1" 200 23708 "-" "Mozilla/5.0 AppleWebKit/537.36 (KHTML, like Gecko; compatible; bingbot/2.0; +http://www.bing.com/bingbot.htm) Chrome/116.0.1938.76 Safari/537.36"
52.167.144.16 - - [29/May/2025:09:45:26 -0400] "GET /?d=113213498260&filter=38b690&share_to_url=shopdetail.php?id=3834296&name=shorty%20fille%20shop HTTP/1.1" 200 23977 "-" "Mozilla/5.0 AppleWebKit/537.36 (KHTML, like Gecko; compatible; bingbot/2.0; +http://www.bing.com/bingbot.htm) Chrome/116.0.1938.76 Safari/537.36"
52.167.144.16 - - [29/May/2025:09:45:27 -0400] "GET /?d=97203022260&filter=d98b3e&share_to_url=item.php%3Fid%3D3293689%26name%3Dsuzuki+gixxer+dual HTTP/1.1" 200 22816 "-" "Mozilla/5.0 AppleWebKit/537.36 (KHTML, like Gecko; compatible; bingbot/2.0; +http://www.bing.com/bingbot.htm) Chrome/116.0.1938.76 Safari/537.36"
52.167.144.16 - - [29/May/2025:09:45:28 -0400] "GET /?d=114200327260&filter=133a7e&share_to_url=goods.php%3Fid%3D3867287%26name%3Dsandales+top+tropeziennes+enfant HTTP/1.1" 200 22210 "-" "Mozilla/5.0 AppleWebKit/537.36 (KHTML, like Gecko; compatible; bingbot/2.0; +http://www.bing.com/bingbot.htm) Chrome/116.0.1938.76 Safari/537.36"
52.167.144.16 - - [29/May/2025:09:45:28 -0400] "GET /?d=93306785260&filter=8f6469&share_to_url=goods.php%3Fid%3D3161171%26name%3Dred+tutu+dress HTTP/1.1" 200 24673 "-" "Mozilla/5.0 AppleWebKit/537.36 (KHTML, like Gecko; compatible; bingbot/2.0; +http://www.bing.com/bingbot.htm) Chrome/116.0.1938.76 Safari/537.36"
52.167.144.16 - - [29/May/2025:09:45:29 -0400] "GET /?d=113026759260&filter=bfc81f&share_to_url=item.php?id=3827809&name=evo%20big%20ridge HTTP/1.1" 200 23712 "-" "Mozilla/5.0 AppleWebKit/537.36 (KHTML, like Gecko; compatible; bingbot/2.0; +http://www.bing.com/bingbot.htm) Chrome/116.0.1938.76 Safari/537.36"
40.77.167.53 - - [29/May/2025:09:45:31 -0400] "GET /?d=92626700260&filter=9e9754&share_to_url=pin.php%3Fid%3D3138438%26name%3Dfoil+pie+dishes HTTP/1.1" 200 24688 "-" "Mozilla/5.0 AppleWebKit/537.36 (KHTML, like Gecko; compatible; bingbot/2.0; +http://www.bing.com/bingbot.htm) Chrome/116.0.1938.76 Safari/537.36"
40.77.167.53 - - [29/May/2025:09:45:31 -0400] "GET /?d=113002032260&filter=f25e61&share_to_url=ideas.php%3Fid%3D3826920%26name%3Dcomparing+learning+theories+instructional HTTP/1.1" 200 23217 "-" "Mozilla/5.0 AppleWebKit/537.36 (KHTML, like Gecko; compatible; bingbot/2.0; +http://www.bing.com/bingbot.htm) Chrome/116.0.1938.76 Safari/537.36"
52.167.144.145 - - [29/May/2025:09:45:31 -0400] "GET /?d=98842639260&filter=22c4ad&share_to_url=product-page.php?id=3349744&name=kennedy%20center%20announces%20select%20tickets HTTP/1.1" 200 22230 "-" "Mozilla/5.0 AppleWebKit/537.36 (KHTML, like Gecko; compatible; bingbot/2.0; +http://www.bing.com/bingbot.htm) Chrome/116.0.1938.76 Safari/537.36"
52.167.144.145 - - [29/May/2025:09:45:32 -0400] "GET /?d=114540071260&filter=ec9b91&share_to_url=product-page.php?id=3878716&name=fiat%20ducato%20vans%20hot%20sale HTTP/1.1" 200 23838 "-" "Mozilla/5.0 AppleWebKit/537.36 (KHTML, like Gecko; compatible; bingbot/2.0; +http://www.bing.com/bingbot.htm) Chrome/116.0.1938.76 Safari/537.36"
52.167.144.145 - - [29/May/2025:09:45:33 -0400] "GET /?d=102740686260&filter=2b3734&share_to_url=shop.php?id=3482383&name=graphic%20t%20slim%20shirt HTTP/1.1" 200 24070 "-" "Mozilla/5.0 AppleWebKit/537.36 (KHTML, like Gecko; compatible; bingbot/2.0; +http://www.bing.com/bingbot.htm) Chrome/116.0.1938.76 Safari/537.36"
52.167.144.145 - - [29/May/2025:09:45:34 -0400] "GET /?d=110688237260&filter=1d105a&share_to_url=model.php?id=3747471 HTTP/1.1" 200 24423 "-" "Mozilla/5.0 AppleWebKit/537.36 (KHTML, like Gecko; compatible; bingbot/2.0; +http://www.bing.com/bingbot.htm) Chrome/116.0.1938.76 Safari/537.36"
52.167.144.145 - - [29/May/2025:09:45:36 -0400] "GET /?d=107402716260&filter=ecb55f&share_to_url=detail.php?id=3637329&name=new%20mags%20the HTTP/1.1" 200 23082 "-" "Mozilla/5.0 AppleWebKit/537.36 (KHTML, like Gecko; compatible; bingbot/2.0; +http://www.bing.com/bingbot.htm) Chrome/116.0.1938.76 Safari/537.36"
52.167.144.16 - - [29/May/2025:09:45:41 -0400] "GET /?d=104479207260&filter=628e2a&share_to_url=discover.php%3Fid%3D3540209%26name%3D10+barbie+movie+outfits HTTP/1.1" 200 22219 "-" "Mozilla/5.0 AppleWebKit/537.36 (KHTML, like Gecko; compatible; bingbot/2.0; +http://www.bing.com/bingbot.htm) Chrome/116.0.1938.76 Safari/537.36"
40.77.167.22 - - [29/May/2025:09:45:48 -0400] "GET /?d=91540287260&filter=fd377f&share_to_url=pin.php%3Fid%3D3102090%26name%3Dgalaxy+s10+note10 HTTP/1.1" 200 22278 "-" "Mozilla/5.0 AppleWebKit/537.36 (KHTML, like Gecko; compatible; bingbot/2.0; +http://www.bing.com/bingbot.htm) Chrome/116.0.1938.76 Safari/537.36"
66.249.70.39 - - [29/May/2025:09:45:48 -0400] "GET /?d=93635953260&filter=662838&share_to_url=goods.php%3Fid%3D3172127%26name%3Dvintage+old+binoculars+7x50+ocean HTTP/1.1" 200 23549 "-" "Mozilla/5.0 (Linux; Android 6.0.1; Nexus 5X Build/MMB29P) AppleWebKit/537.36 (KHTML, like Gecko) Chrome/136.0.7103.113 Mobile Safari/537.36 (compatible; Googlebot/2.1; +http://www.google.com/bot.html)"
52.167.144.16 - - [29/May/2025:09:45:56 -0400] "GET /?d=106936982260&filter=96a32b&share_to_url=discover.php?id=3621713&name=tomy%20games HTTP/1.1" 200 23123 "-" "Mozilla/5.0 AppleWebKit/537.36 (KHTML, like Gecko; compatible; bingbot/2.0; +http://www.bing.com/bingbot.htm) Chrome/116.0.1938.76 Safari/537.36"
52.167.144.16 - - [29/May/2025:09:45:56 -0400] "GET /?d=97993816260&filter=bfc81f&share_to_url=detail.php?id=3320865&name=felt%20broam%2030%20grx HTTP/1.1" 200 22665 "-" "Mozilla/5.0 AppleWebKit/537.36 (KHTML, like Gecko; compatible; bingbot/2.0; +http://www.bing.com/bingbot.htm) Chrome/116.0.1938.76 Safari/537.36"
52.167.144.16 - - [29/May/2025:09:45:57 -0400] "GET /?d=95238961260&filter=70f96d&share_to_url=pin.php?id=3226470&name=wholesale%20ladies%20fashion%20office HTTP/1.1" 200 23739 "-" "Mozilla/5.0 AppleWebKit/537.36 (KHTML, like Gecko; compatible; bingbot/2.0; +http://www.bing.com/bingbot.htm) Chrome/116.0.1938.76 Safari/537.36"
52.167.144.16 - - [29/May/2025:09:45:58 -0400] "GET /?d=115720854260&filter=8acecb&share_to_url=article.php?id=3918770&name=buy%20free%20express%20ps HTTP/1.1" 200 22578 "-" "Mozilla/5.0 AppleWebKit/537.36 (KHTML, like Gecko; compatible; bingbot/2.0; +http://www.bing.com/bingbot.htm) Chrome/116.0.1938.76 Safari/537.36"
52.167.144.16 - - [29/May/2025:09:45:58 -0400] "GET /?d=97460787260&filter=128aa4&share_to_url=detail.php%3Fid%3D3302733%26name%3Dsecret+using+h2o HTTP/1.1" 200 24513 "-" "Mozilla/5.0 AppleWebKit/537.36 (KHTML, like Gecko; compatible; bingbot/2.0; +http://www.bing.com/bingbot.htm) Chrome/116.0.1938.76 Safari/537.36"
52.167.144.16 - - [29/May/2025:09:45:58 -0400] "GET /?d=108420458260&filter=74e00d&share_to_url=item.php?id=3670945&name=velvet%20teddy%20archives HTTP/1.1" 200 24382 "-" "Mozilla/5.0 AppleWebKit/537.36 (KHTML, like Gecko; compatible; bingbot/2.0; +http://www.bing.com/bingbot.htm) Chrome/116.0.1938.76 Safari/537.36"
52.167.144.16 - - [29/May/2025:09:45:59 -0400] "GET /?d=117891427260&filter=b11d37&share_to_url=product-page.php%3Fid%3D3992632%26name%3Dmoon+boot+official+online+montserrat HTTP/1.1" 200 24261 "-" "Mozilla/5.0 AppleWebKit/537.36 (KHTML, like Gecko; compatible; bingbot/2.0; +http://www.bing.com/bingbot.htm) Chrome/116.0.1938.76 Safari/537.36"
52.167.144.145 - - [29/May/2025:09:46:01 -0400] "GET /?d=111723992260&filter=f7447b&share_to_url=pin.php?id=3784074&name=live%20beach%20cam%20of HTTP/1.1" 200 23154 "-" "Mozilla/5.0 AppleWebKit/537.36 (KHTML, like Gecko; compatible; bingbot/2.0; +http://www.bing.com/bingbot.htm) Chrome/116.0.1938.76 Safari/537.36"
52.167.144.145 - - [29/May/2025:09:46:01 -0400] "GET /?d=101021549260&filter=cd7390&share_to_url=pin.php%3Fid%3D3424350%26name%3Dan+adventure+to HTTP/1.1" 200 24033 "-" "Mozilla/5.0 AppleWebKit/537.36 (KHTML, like Gecko; compatible; bingbot/2.0; +http://www.bing.com/bingbot.htm) Chrome/116.0.1938.76 Safari/537.36"
52.167.144.145 - - [29/May/2025:09:46:02 -0400] "GET /?d=110890979260&filter=934019&share_to_url=discover.php?id=3754937&name=black%20boots%20curtis HTTP/1.1" 200 24074 "-" "Mozilla/5.0 AppleWebKit/537.36 (KHTML, like Gecko; compatible; bingbot/2.0; +http://www.bing.com/bingbot.htm) Chrome/116.0.1938.76 Safari/537.36"
52.167.144.145 - - [29/May/2025:09:46:03 -0400] "GET /?d=99989184260&filter=475947&share_to_url=model.php?id=3388803&name=correa%20star%20wars HTTP/1.1" 200 22574 "-" "Mozilla/5.0 AppleWebKit/537.36 (KHTML, like Gecko; compatible; bingbot/2.0; +http://www.bing.com/bingbot.htm) Chrome/116.0.1938.76 Safari/537.36"
52.167.144.145 - - [29/May/2025:09:46:03 -0400] "GET /?d=101294507260&filter=ca372c&share_to_url=detail.php?id=3433941&name=scale%20re%20ment HTTP/1.1" 200 23775 "-" "Mozilla/5.0 AppleWebKit/537.36 (KHTML, like Gecko; compatible; bingbot/2.0; +http://www.bing.com/bingbot.htm) Chrome/116.0.1938.76 Safari/537.36"
40.77.167.143 - - [29/May/2025:09:46:07 -0400] "GET /?d=73936861260&filter=edd546&share_to_url=pin.php%3Fid%3D2506494%26name%3Dbehringer+ha4400+powerplay HTTP/1.1" 200 22973 "-" "Mozilla/5.0 AppleWebKit/537.36 (KHTML, like Gecko; compatible; bingbot/2.0; +http://www.bing.com/bingbot.htm) Chrome/116.0.1938.76 Safari/537.36"
52.167.144.16 - - [29/May/2025:09:46:08 -0400] "GET /?d=113462436260&filter=19d891&share_to_url=discover.php?id=3842609&name=mixer%202025%20on%20ps4 HTTP/1.1" 200 23920 "-" "Mozilla/5.0 AppleWebKit/537.36 (KHTML, like Gecko; compatible; bingbot/2.0; +http://www.bing.com/bingbot.htm) Chrome/116.0.1938.76 Safari/537.36"
52.167.144.16 - - [29/May/2025:09:46:09 -0400] "GET /?d=97426840260&filter=773a7d&share_to_url=shop.php?id=3301615&name=giacca%20sportiva%20dior HTTP/1.1" 200 23367 "-" "Mozilla/5.0 AppleWebKit/537.36 (KHTML, like Gecko; compatible; bingbot/2.0; +http://www.bing.com/bingbot.htm) Chrome/116.0.1938.76 Safari/537.36"
40.77.167.143 - - [29/May/2025:09:46:09 -0400] "GET /?d=25586085260&filter=4d7b9c&share_to_url=ideas.php%3Fid%3D867156%26name%3Dlego+ninjago+samurai+vxl+building HTTP/1.1" 200 22801 "-" "Mozilla/5.0 AppleWebKit/537.36 (KHTML, like Gecko; compatible; bingbot/2.0; +http://www.bing.com/bingbot.htm) Chrome/116.0.1938.76 Safari/537.36"
52.167.144.16 - - [29/May/2025:09:46:09 -0400] "GET /?d=106023372260&filter=7af24f&share_to_url=shopdetail.php%3Fid%3D3591332%26name%3Dbreezair+reference+book HTTP/1.1" 200 23658 "-" "Mozilla/5.0 AppleWebKit/537.36 (KHTML, like Gecko; compatible; bingbot/2.0; +http://www.bing.com/bingbot.htm) Chrome/116.0.1938.76 Safari/537.36"
52.167.144.16 - - [29/May/2025:09:46:10 -0400] "GET /?d=116688876260&filter=a4f79d&share_to_url=item.php?id=3951625&name=reebok%20core%20shop%20training HTTP/1.1" 200 24212 "-" "Mozilla/5.0 AppleWebKit/537.36 (KHTML, like Gecko; compatible; bingbot/2.0; +http://www.bing.com/bingbot.htm) Chrome/116.0.1938.76 Safari/537.36"
52.167.144.16 - - [29/May/2025:09:46:11 -0400] "GET /?d=97513641260&filter=6f69da&share_to_url=goods.php?id=3304427&name=bull%20terrier%20shoes%20socks HTTP/1.1" 200 24325 "-" "Mozilla/5.0 AppleWebKit/537.36 (KHTML, like Gecko; compatible; bingbot/2.0; +http://www.bing.com/bingbot.htm) Chrome/116.0.1938.76 Safari/537.36"
52.167.144.162 - - [29/May/2025:09:46:11 -0400] "GET /?d=34811011260&filter=a96410&share_to_url=shop.php%3Fid%3D1183759%26name%3Dmegha+kishore+marathon HTTP/1.1" 200 23584 "-" "Mozilla/5.0 AppleWebKit/537.36 (KHTML, like Gecko; compatible; bingbot/2.0; +http://www.bing.com/bingbot.htm) Chrome/116.0.1938.76 Safari/537.36"
52.167.144.16 - - [29/May/2025:09:46:12 -0400] "GET /?d=97711684260&filter=53a569&share_to_url=detail.php?id=3311565&name=mens%20deakins%20ealing HTTP/1.1" 200 22972 "-" "Mozilla/5.0 AppleWebKit/537.36 (KHTML, like Gecko; compatible; bingbot/2.0; +http://www.bing.com/bingbot.htm) Chrome/116.0.1938.76 Safari/537.36"
52.167.144.16 - - [29/May/2025:09:46:13 -0400] "GET /?d=99361795260&filter=74e00d&share_to_url=product-page.php?id=3367600&name=shop%20bentley%20infinite%20rush%20eau HTTP/1.1" 200 22966 "-" "Mozilla/5.0 AppleWebKit/537.36 (KHTML, like Gecko; compatible; bingbot/2.0; +http://www.bing.com/bingbot.htm) Chrome/116.0.1938.76 Safari/537.36"
52.167.144.16 - - [29/May/2025:09:46:14 -0400] "GET /?d=109416385260&filter=704690&share_to_url=article.php?id=3703694&name=custom%20urns%20for HTTP/1.1" 200 24448 "-" "Mozilla/5.0 AppleWebKit/537.36 (KHTML, like Gecko; compatible; bingbot/2.0; +http://www.bing.com/bingbot.htm) Chrome/116.0.1938.76 Safari/537.36"
52.167.144.16 - - [29/May/2025:09:46:14 -0400] "GET /?d=92668101260&filter=23a820&share_to_url=goods.php?id=3139715&name=jubba%20for%20women%20jubba HTTP/1.1" 200 23211 "-" "Mozilla/5.0 AppleWebKit/537.36 (KHTML, like Gecko; compatible; bingbot/2.0; +http://www.bing.com/bingbot.htm) Chrome/116.0.1938.76 Safari/537.36"
52.167.144.145 - - [29/May/2025:09:46:17 -0400] "GET /?d=105087146260&filter=7dfe8b&share_to_url=shop.php?id=3560203&name=selected%20wide%20amazon HTTP/1.1" 200 22489 "-" "Mozilla/5.0 AppleWebKit/537.36 (KHTML, like Gecko; compatible; bingbot/2.0; +http://www.bing.com/bingbot.htm) Chrome/116.0.1938.76 Safari/537.36"
52.167.144.16 - - [29/May/2025:09:46:18 -0400] "GET /?d=102471177260&filter=7254a2&share_to_url=product-page.php?id=3473380&name=robe%20de%20cocktail%20rose%20poudr%C3%A9 HTTP/1.1" 200 23553 "-" "Mozilla/5.0 AppleWebKit/537.36 (KHTML, like Gecko; compatible; bingbot/2.0; +http://www.bing.com/bingbot.htm) Chrome/116.0.1938.76 Safari/537.36"
