Your IP : 216.73.216.182
172.203.190.132 - - [29/May/2025:08:14:28 -0400] "GET /robots.txt HTTP/1.1" 200 0 "-" "Mozilla/5.0 (Macintosh; Intel Mac OS X 10_15_7) AppleWebKit/537.36 (KHTML, like Gecko) Chrome/131.0.0.0 Safari/537.36; compatible; OAI-SearchBot/1.0; +https://openai.com/searchbot"
52.167.144.211 - - [29/May/2025:08:13:54 -0400] "GET /?d=101249113260&filter=bfc81f&share_to_url=discover.php?id=3432209&name=bca%20mt20%20store HTTP/1.1" 200 0 "-" "Mozilla/5.0 AppleWebKit/537.36 (KHTML, like Gecko; compatible; bingbot/2.0; +http://www.bing.com/bingbot.htm) Chrome/116.0.1938.76 Safari/537.36"
40.77.167.58 - - [29/May/2025:08:13:57 -0400] "GET /?d=87408690260&filter=df0c98&share_to_url=model.php%3Fid%3D2961879%26name%3Dhist%C3%B3ria+a HTTP/1.1" 200 0 "-" "Mozilla/5.0 AppleWebKit/537.36 (KHTML, like Gecko; compatible; bingbot/2.0; +http://www.bing.com/bingbot.htm) Chrome/116.0.1938.76 Safari/537.36"
66.249.70.39 - - [29/May/2025:08:13:18 -0400] "GET /?d=117157593260&filter=b48d5b&share_to_url=discover.php%3Fid%3D3967649%26name%3Demporio+armani+yooto HTTP/1.1" 302 0 "-" "Mozilla/5.0 (Linux; Android 6.0.1; Nexus 5X Build/MMB29P) AppleWebKit/537.36 (KHTML, like Gecko) Chrome/136.0.7103.113 Mobile Safari/537.36 (compatible; Googlebot/2.1; +http://www.google.com/bot.html)"
66.249.70.39 - - [29/May/2025:08:14:49 -0400] "GET /loginn.php HTTP/1.1" 200 832 "-" "Mozilla/5.0 (Linux; Android 6.0.1; Nexus 5X Build/MMB29P) AppleWebKit/537.36 (KHTML, like Gecko) Chrome/136.0.7103.113 Mobile Safari/537.36 (compatible; Googlebot/2.1; +http://www.google.com/bot.html)"
52.167.144.196 - - [29/May/2025:08:14:07 -0400] "GET /?d=21574291260&filter=956610&share_to_url=discover.php%3Fid%3D732053%26name%3Dkeratina+hidrolizada+cosm%C3%89tica+botica HTTP/1.1" 200 0 "-" "Mozilla/5.0 AppleWebKit/537.36 (KHTML, like Gecko; compatible; bingbot/2.0; +http://www.bing.com/bingbot.htm) Chrome/116.0.1938.76 Safari/537.36"
172.203.190.139 - - [29/May/2025:08:14:43 -0400] "GET /robots.txt HTTP/1.1" 200 0 "-" "Mozilla/5.0 (Macintosh; Intel Mac OS X 10_15_7) AppleWebKit/537.36 (KHTML, like Gecko) Chrome/131.0.0.0 Safari/537.36; compatible; OAI-SearchBot/1.0; +https://openai.com/searchbot"
52.167.144.174 - - [29/May/2025:08:14:14 -0400] "GET /?d=105857119260&filter=3b21ec&share_to_url=article.php?id=3585602&name=amlesh%20nagesh%20new%20comedy%20videos HTTP/1.1" 200 0 "-" "Mozilla/5.0 AppleWebKit/537.36 (KHTML, like Gecko; compatible; bingbot/2.0; +http://www.bing.com/bingbot.htm) Chrome/116.0.1938.76 Safari/537.36"
40.77.167.151 - - [29/May/2025:08:14:18 -0400] "GET /?d=92503046260&filter=cdc800&share_to_url=product.php%3Fid%3D3134002%26name%3Dbuy+matching+batman HTTP/1.1" 200 0 "-" "Mozilla/5.0 AppleWebKit/537.36 (KHTML, like Gecko; compatible; bingbot/2.0; +http://www.bing.com/bingbot.htm) Chrome/116.0.1938.76 Safari/537.36"
66.249.70.39 - - [29/May/2025:08:13:41 -0400] "GET /?d=96960289260&filter=f3166a&share_to_url=product-page.php%3Fid%3D3285064%26name%3Dmh+skultimate+roller HTTP/1.1" 302 0 "-" "Mozilla/5.0 (Linux; Android 6.0.1; Nexus 5X Build/MMB29P) AppleWebKit/537.36 (KHTML, like Gecko) Chrome/136.0.7103.113 Mobile Safari/537.36 (compatible; Googlebot/2.1; +http://www.google.com/bot.html)"
66.249.70.39 - - [29/May/2025:08:15:11 -0400] "GET /loginn.php HTTP/1.1" 200 832 "-" "Mozilla/5.0 (Linux; Android 6.0.1; Nexus 5X Build/MMB29P) AppleWebKit/537.36 (KHTML, like Gecko) Chrome/136.0.7103.113 Mobile Safari/537.36 (compatible; Googlebot/2.1; +http://www.google.com/bot.html)"
52.167.144.174 - - [29/May/2025:08:14:23 -0400] "GET /?d=106936982260&filter=96a32b&share_to_url=discover.php?id=3621713&name=tomy%20games HTTP/1.1" 200 0 "-" "Mozilla/5.0 AppleWebKit/537.36 (KHTML, like Gecko; compatible; bingbot/2.0; +http://www.bing.com/bingbot.htm) Chrome/116.0.1938.76 Safari/537.36"
172.203.190.132 - - [29/May/2025:08:14:59 -0400] "GET /robots.txt HTTP/1.1" 200 0 "-" "Mozilla/5.0 (Macintosh; Intel Mac OS X 10_15_7) AppleWebKit/537.36 (KHTML, like Gecko) Chrome/131.0.0.0 Safari/537.36; compatible; OAI-SearchBot/1.0; +https://openai.com/searchbot"
102.219.208.46 - - [29/May/2025:08:13:53 -0400] "GET /?d=109899244260&filter=b70501&share_to_url=shop.php%3Fid%3D3719683%26name%3Dmanchester+city+keyring+gift+keychain HTTP/1.1" 302 0 "-" "Mozilla/5.0 (Windows; U; Windows NT 5.0) AppleWebKit/533.20.4 (KHTML, like Gecko) Version/4.0.1 Safari/533.20.4"
52.167.144.235 - - [29/May/2025:08:14:41 -0400] "GET /?d=112851836260&filter=3d3b19&share_to_url=article.php%3Fid%3D3822134%26name%3Dcolonia+ralph+lauren HTTP/1.1" 200 0 "-" "Mozilla/5.0 AppleWebKit/537.36 (KHTML, like Gecko; compatible; bingbot/2.0; +http://www.bing.com/bingbot.htm) Chrome/116.0.1938.76 Safari/537.36"
52.167.144.174 - - [29/May/2025:08:14:44 -0400] "GET /?d=97993816260&filter=bfc81f&share_to_url=detail.php?id=3320865&name=felt%20broam%2030%20grx HTTP/1.1" 200 0 "-" "Mozilla/5.0 AppleWebKit/537.36 (KHTML, like Gecko; compatible; bingbot/2.0; +http://www.bing.com/bingbot.htm) Chrome/116.0.1938.76 Safari/537.36"
172.203.190.142 - - [29/May/2025:08:15:22 -0400] "GET /robots.txt HTTP/1.1" 200 0 "-" "Mozilla/5.0 (Macintosh; Intel Mac OS X 10_15_7) AppleWebKit/537.36 (KHTML, like Gecko) Chrome/131.0.0.0 Safari/537.36; compatible; OAI-SearchBot/1.0; +https://openai.com/searchbot"
201.131.65.201 - - [29/May/2025:08:14:07 -0400] "GET /?d=109899244260&filter=b70501&share_to_url=shop.php%3Fid%3D3719683%26name%3Dmanchester+city+keyring+gift+keychain HTTP/1.1" 302 0 "-" "Mozilla/5.0 (compatible; MSIE 9.0; Windows NT 11.0; Trident/5.0)"
66.249.70.33 - - [29/May/2025:08:14:10 -0400] "GET /?d=118078633260&filter=5edd4d&share_to_url=product.php%3Fid%3D3998710%26name%3D44+best+miniature+cocker+spaniel HTTP/1.1" 302 0 "-" "Mozilla/5.0 (Linux; Android 6.0.1; Nexus 5X Build/MMB29P) AppleWebKit/537.36 (KHTML, like Gecko) Chrome/136.0.7103.113 Mobile Safari/537.36 (compatible; Googlebot/2.1; +http://www.google.com/bot.html)"
66.249.70.39 - - [29/May/2025:08:15:40 -0400] "GET /loginn.php HTTP/1.1" 200 832 "-" "Mozilla/5.0 (Linux; Android 6.0.1; Nexus 5X Build/MMB29P) AppleWebKit/537.36 (KHTML, like Gecko) Chrome/136.0.7103.113 Mobile Safari/537.36 (compatible; Googlebot/2.1; +http://www.google.com/bot.html)"
52.167.144.174 - - [29/May/2025:08:14:54 -0400] "GET /?d=95238961260&filter=70f96d&share_to_url=pin.php?id=3226470&name=wholesale%20ladies%20fashion%20office HTTP/1.1" 200 0 "-" "Mozilla/5.0 AppleWebKit/537.36 (KHTML, like Gecko; compatible; bingbot/2.0; +http://www.bing.com/bingbot.htm) Chrome/116.0.1938.76 Safari/537.36"
52.167.144.196 - - [29/May/2025:08:14:57 -0400] "GET /?d=71090923260&filter=132c35&share_to_url=product.php%3Fid%3D2409190%26name%3Drandom+one+3cm+hot HTTP/1.1" 200 0 "-" "Mozilla/5.0 AppleWebKit/537.36 (KHTML, like Gecko; compatible; bingbot/2.0; +http://www.bing.com/bingbot.htm) Chrome/116.0.1938.76 Safari/537.36"
52.167.144.235 - - [29/May/2025:08:15:01 -0400] "GET /?d=67942709260&filter=edd546&share_to_url=model.php%3Fid%3D2303043%26name%3Dbuy+aroma+true+wireless HTTP/1.1" 200 0 "-" "Mozilla/5.0 AppleWebKit/537.36 (KHTML, like Gecko; compatible; bingbot/2.0; +http://www.bing.com/bingbot.htm) Chrome/116.0.1938.76 Safari/537.36"
172.203.190.137 - - [29/May/2025:08:15:37 -0400] "GET /robots.txt HTTP/1.1" 200 0 "-" "Mozilla/5.0 (Macintosh; Intel Mac OS X 10_15_7) AppleWebKit/537.36 (KHTML, like Gecko) Chrome/131.0.0.0 Safari/537.36; compatible; OAI-SearchBot/1.0; +https://openai.com/searchbot"
52.167.144.174 - - [29/May/2025:08:15:14 -0400] "GET /?d=115720854260&filter=8acecb&share_to_url=article.php?id=3918770&name=buy%20free%20express%20ps HTTP/1.1" 200 0 "-" "Mozilla/5.0 AppleWebKit/537.36 (KHTML, like Gecko; compatible; bingbot/2.0; +http://www.bing.com/bingbot.htm) Chrome/116.0.1938.76 Safari/537.36"
172.203.190.140 - - [29/May/2025:08:15:52 -0400] "GET /robots.txt HTTP/1.1" 200 0 "-" "Mozilla/5.0 (Macintosh; Intel Mac OS X 10_15_7) AppleWebKit/537.36 (KHTML, like Gecko) Chrome/131.0.0.0 Safari/537.36; compatible; OAI-SearchBot/1.0; +https://openai.com/searchbot"
40.77.167.151 - - [29/May/2025:08:15:18 -0400] "GET /?d=106676381260&filter=b2e434&share_to_url=ideas.php%3Fid%3D3612840%26name%3Dbxe216+shop+bowflex+hotsell HTTP/1.1" 200 0 "-" "Mozilla/5.0 AppleWebKit/537.36 (KHTML, like Gecko; compatible; bingbot/2.0; +http://www.bing.com/bingbot.htm) Chrome/116.0.1938.76 Safari/537.36"
66.249.70.39 - - [29/May/2025:08:14:44 -0400] "GET /?d=111752923260&filter=ef3f7a&share_to_url=item.php%3Fid%3D3785077%26name%3Dauthentic+jimmy+choo+silver+glitter HTTP/1.1" 302 0 "-" "Mozilla/5.0 (Linux; Android 6.0.1; Nexus 5X Build/MMB29P) AppleWebKit/537.36 (KHTML, like Gecko) Chrome/136.0.7103.113 Mobile Safari/537.36 (compatible; Googlebot/2.1; +http://www.google.com/bot.html)"
52.167.144.174 - - [29/May/2025:08:15:24 -0400] "GET /?d=108420458260&filter=74e00d&share_to_url=item.php?id=3670945&name=velvet%20teddy%20archives HTTP/1.1" 200 0 "-" "Mozilla/5.0 AppleWebKit/537.36 (KHTML, like Gecko; compatible; bingbot/2.0; +http://www.bing.com/bingbot.htm) Chrome/116.0.1938.76 Safari/537.36"
66.249.70.39 - - [29/May/2025:08:16:14 -0400] "GET /loginn.php HTTP/1.1" 200 832 "-" "Mozilla/5.0 (Linux; Android 6.0.1; Nexus 5X Build/MMB29P) AppleWebKit/537.36 (KHTML, like Gecko) Chrome/136.0.7103.113 Mobile Safari/537.36 (compatible; Googlebot/2.1; +http://www.google.com/bot.html)"
172.203.190.140 - - [29/May/2025:08:16:07 -0400] "GET /robots.txt HTTP/1.1" 200 0 "-" "Mozilla/5.0 (Macintosh; Intel Mac OS X 10_15_7) AppleWebKit/537.36 (KHTML, like Gecko) Chrome/131.0.0.0 Safari/537.36; compatible; OAI-SearchBot/1.0; +https://openai.com/searchbot"
52.167.144.235 - - [29/May/2025:08:15:42 -0400] "GET /?d=111694939260&filter=2baa40&share_to_url=article.php%3Fid%3D3782978%26name%3Dwith+future+charter+demand HTTP/1.1" 200 0 "-" "Mozilla/5.0 AppleWebKit/537.36 (KHTML, like Gecko; compatible; bingbot/2.0; +http://www.bing.com/bingbot.htm) Chrome/116.0.1938.76 Safari/537.36"
52.167.144.174 - - [29/May/2025:08:15:44 -0400] "GET /?d=112502817260&filter=c31721&share_to_url=model.php?id=3810711&name=classic%20tote%20treecycle HTTP/1.1" 200 0 "-" "Mozilla/5.0 AppleWebKit/537.36 (KHTML, like Gecko; compatible; bingbot/2.0; +http://www.bing.com/bingbot.htm) Chrome/116.0.1938.76 Safari/537.36"
172.56.109.99 - - [29/May/2025:08:16:28 -0400] "GET /?d=88719840260&filter=6826bd&share_to_url=shopdetail.php%3Fid%3D3007016%26name%3Dhype+cotton+rich HTTP/1.1" 200 0 "-" "Mozilla/5.0 (iPod; U; CPU iPhone OS 4_2 like Mac OS X; ve-ZA) AppleWebKit/531.5.3 (KHTML, like Gecko) Version/3.0.5 Mobile/8B115 Safari/6531.5.3"
52.167.144.174 - - [29/May/2025:08:15:54 -0400] "GET /?d=102319096260&filter=20ae0e&share_to_url=product-page.php?id=3468388&name=plus%20scratch%20that%20super HTTP/1.1" 200 0 "-" "Mozilla/5.0 AppleWebKit/537.36 (KHTML, like Gecko; compatible; bingbot/2.0; +http://www.bing.com/bingbot.htm) Chrome/116.0.1938.76 Safari/537.36"
52.167.144.196 - - [29/May/2025:08:15:57 -0400] "GET /?d=11574231260&filter=fd45ef&share_to_url=goods.php%3Fid%3D396191%26name%3Dbuy+hand+puppets HTTP/1.1" 200 0 "-" "Mozilla/5.0 AppleWebKit/537.36 (KHTML, like Gecko; compatible; bingbot/2.0; +http://www.bing.com/bingbot.htm) Chrome/116.0.1938.76 Safari/537.36"
66.249.70.39 - - [29/May/2025:08:15:18 -0400] "GET /?d=109182264260&filter=af4b8a&share_to_url=product-page.php%3Fid%3D3696100%26name%3Dgivenchy+camicia+cropped HTTP/1.1" 302 0 "-" "Mozilla/5.0 (Linux; Android 6.0.1; Nexus 5X Build/MMB29P) AppleWebKit/537.36 (KHTML, like Gecko) Chrome/136.0.7103.113 Mobile Safari/537.36 (compatible; Googlebot/2.1; +http://www.google.com/bot.html)"
66.249.70.39 - - [29/May/2025:08:16:48 -0400] "GET /loginn.php HTTP/1.1" 200 832 "-" "Mozilla/5.0 (Linux; Android 6.0.1; Nexus 5X Build/MMB29P) AppleWebKit/537.36 (KHTML, like Gecko) Chrome/136.0.7103.113 Mobile Safari/537.36 (compatible; Googlebot/2.1; +http://www.google.com/bot.html)"
52.167.144.235 - - [29/May/2025:08:16:01 -0400] "GET /?d=112851293260&filter=c4573d&share_to_url=product.php%3Fid%3D3822118%26name%3Dbanananina+neutral HTTP/1.1" 200 0 "-" "Mozilla/5.0 AppleWebKit/537.36 (KHTML, like Gecko; compatible; bingbot/2.0; +http://www.bing.com/bingbot.htm) Chrome/116.0.1938.76 Safari/537.36"
98.96.192.225 - - [29/May/2025:08:16:43 -0400] "GET /?d=88719840260&filter=6826bd&share_to_url=shopdetail.php%3Fid%3D3007016%26name%3Dhype+cotton+rich HTTP/1.1" 200 0 "-" "Mozilla/5.0 (Windows; U; Windows 95) AppleWebKit/535.15.7 (KHTML, like Gecko) Version/5.1 Safari/535.15.7"
52.167.144.196 - - [29/May/2025:08:16:07 -0400] "GET /?d=27964679260&filter=c7968e&share_to_url=ideas.php%3Fid%3D949188%26name%3Dhugo+mel+crossbody+re HTTP/1.1" 200 0 "-" "Mozilla/5.0 AppleWebKit/537.36 (KHTML, like Gecko; compatible; bingbot/2.0; +http://www.bing.com/bingbot.htm) Chrome/116.0.1938.76 Safari/537.36"
52.167.144.174 - - [29/May/2025:08:16:14 -0400] "GET /?d=102613879260&filter=29bf04&share_to_url=goods.php?id=3477959&name=new%20under%20armour%20men HTTP/1.1" 200 0 "-" "Mozilla/5.0 AppleWebKit/537.36 (KHTML, like Gecko; compatible; bingbot/2.0; +http://www.bing.com/bingbot.htm) Chrome/116.0.1938.76 Safari/537.36"
43.130.60.195 - - [29/May/2025:08:16:38 -0400] "GET / HTTP/1.1" 200 0 "http://www.churchmr.com" "Mozilla/5.0 (iPhone; CPU iPhone OS 13_2_3 like Mac OS X) AppleWebKit/605.1.15 (KHTML, like Gecko) Version/13.0.3 Mobile/15E148 Safari/604.1"
40.77.167.151 - - [29/May/2025:08:16:18 -0400] "GET /?d=68276537260&filter=55b63a&share_to_url=shop.php%3Fid%3D2314279%26name%3D2017+juliana+roubion+carbon HTTP/1.1" 200 0 "-" "Mozilla/5.0 AppleWebKit/537.36 (KHTML, like Gecko; compatible; bingbot/2.0; +http://www.bing.com/bingbot.htm) Chrome/116.0.1938.76 Safari/537.36"
66.249.70.39 - - [29/May/2025:08:15:41 -0400] "GET /?d=112300950260&filter=138133&share_to_url=ideas.php%3Fid%3D3803940%26name%3D2022+williams+racing+performance+jacket HTTP/1.1" 302 0 "-" "Mozilla/5.0 (Linux; Android 6.0.1; Nexus 5X Build/MMB29P) AppleWebKit/537.36 (KHTML, like Gecko) Chrome/136.0.7103.113 Mobile Safari/537.36 (compatible; Googlebot/2.1; +http://www.google.com/bot.html)"
66.249.70.39 - - [29/May/2025:08:17:12 -0400] "GET /loginn.php HTTP/1.1" 200 832 "-" "Mozilla/5.0 (Linux; Android 6.0.1; Nexus 5X Build/MMB29P) AppleWebKit/537.36 (KHTML, like Gecko) Chrome/136.0.7103.113 Mobile Safari/537.36 (compatible; Googlebot/2.1; +http://www.google.com/bot.html)"
52.167.144.174 - - [29/May/2025:08:16:23 -0400] "GET /?d=112545973260&filter=febea6&share_to_url=model.php?id=3812331&name=red5%20motion%20control HTTP/1.1" 200 0 "-" "Mozilla/5.0 AppleWebKit/537.36 (KHTML, like Gecko; compatible; bingbot/2.0; +http://www.bing.com/bingbot.htm) Chrome/116.0.1938.76 Safari/537.36"
52.167.144.235 - - [29/May/2025:08:16:41 -0400] "GET /?d=76482901260&filter=f7abf7&share_to_url=item.php%3Fid%3D2591953%26name%3Dwoolworths+sandals+fyp+woolworthssa HTTP/1.1" 200 0 "-" "Mozilla/5.0 AppleWebKit/537.36 (KHTML, like Gecko; compatible; bingbot/2.0; +http://www.bing.com/bingbot.htm) Chrome/116.0.1938.76 Safari/537.36"
52.167.144.174 - - [29/May/2025:08:16:44 -0400] "GET /?d=115145835260&filter=96a32b&share_to_url=product.php?id=3899194&name=galway%20ierland%20jun HTTP/1.1" 200 0 "-" "Mozilla/5.0 AppleWebKit/537.36 (KHTML, like Gecko; compatible; bingbot/2.0; +http://www.bing.com/bingbot.htm) Chrome/116.0.1938.76 Safari/537.36"
185.221.255.32 - - [29/May/2025:08:16:10 -0400] "GET /?d=88719840260&filter=6826bd&share_to_url=shopdetail.php%3Fid%3D3007016%26name%3Dhype+cotton+rich HTTP/1.1" 302 0 "-" "Opera/8.51.(X11; Linux i686; bg-BG) Presto/2.9.185 Version/10.00"
52.167.144.174 - - [29/May/2025:08:16:53 -0400] "GET /?d=98843700260&filter=22c4ad&share_to_url=ideas.php?id=3349788&name=casio%202594%20hot%20sale HTTP/1.1" 200 0 "-" "Mozilla/5.0 AppleWebKit/537.36 (KHTML, like Gecko; compatible; bingbot/2.0; +http://www.bing.com/bingbot.htm) Chrome/116.0.1938.76 Safari/537.36"
66.249.70.39 - - [29/May/2025:08:16:15 -0400] "GET /?d=115720021260&filter=8acecb&share_to_url=item.php%3Fid%3D3918745%26name%3Dalpha+kappa+alpha HTTP/1.1" 302 0 "-" "Mozilla/5.0 (Linux; Android 6.0.1; Nexus 5X Build/MMB29P) AppleWebKit/537.36 (KHTML, like Gecko) Chrome/136.0.7103.113 Mobile Safari/537.36 (compatible; Googlebot/2.1; +http://www.google.com/bot.html)"
66.249.70.39 - - [29/May/2025:08:17:50 -0400] "GET /loginn.php HTTP/1.1" 200 832 "-" "Mozilla/5.0 (Linux; Android 6.0.1; Nexus 5X Build/MMB29P) AppleWebKit/537.36 (KHTML, like Gecko) Chrome/136.0.7103.113 Mobile Safari/537.36 (compatible; Googlebot/2.1; +http://www.google.com/bot.html)"
52.167.144.235 - - [29/May/2025:08:17:00 -0400] "GET /?d=103220253260&filter=0c0b6e&share_to_url=discover.php%3Fid%3D3497885%26name%3Drollerface+accesorios HTTP/1.1" 200 0 "-" "Mozilla/5.0 AppleWebKit/537.36 (KHTML, like Gecko; compatible; bingbot/2.0; +http://www.bing.com/bingbot.htm) Chrome/116.0.1938.76 Safari/537.36"
52.167.144.196 - - [29/May/2025:08:17:07 -0400] "GET /?d=70560331260&filter=cdc800&share_to_url=shopdetail.php%3Fid%3D2390792%26name%3Dwomens+2pcs+hooded HTTP/1.1" 200 0 "-" "Mozilla/5.0 AppleWebKit/537.36 (KHTML, like Gecko; compatible; bingbot/2.0; +http://www.bing.com/bingbot.htm) Chrome/116.0.1938.76 Safari/537.36"
52.167.144.196 - - [29/May/2025:08:17:12 -0400] "GET /?d=115645620260&filter=731e6d&share_to_url=item.php%3Fid%3D3916477%26name%3Dcsg+champs+sports+gear HTTP/1.1" 200 0 "-" "Mozilla/5.0 AppleWebKit/537.36 (KHTML, like Gecko; compatible; bingbot/2.0; +http://www.bing.com/bingbot.htm) Chrome/116.0.1938.76 Safari/537.36"
52.167.144.174 - - [29/May/2025:08:17:13 -0400] "GET /?d=111976766260&filter=59111c&share_to_url=shop.php?id=3792847&name=aoc%2024g2zu%20bk%2024%20fhd%20ips HTTP/1.1" 200 0 "-" "Mozilla/5.0 AppleWebKit/537.36 (KHTML, like Gecko; compatible; bingbot/2.0; +http://www.bing.com/bingbot.htm) Chrome/116.0.1938.76 Safari/537.36"
66.249.70.39 - - [29/May/2025:08:16:37 -0400] "GET /?d=95878761260&filter=934019&share_to_url=detail.php%3Fid%3D3248493%26name%3Dbarbour+wool+boots HTTP/1.1" 302 0 "-" "Mozilla/5.0 (Linux; Android 6.0.1; Nexus 5X Build/MMB29P) AppleWebKit/537.36 (KHTML, like Gecko) Chrome/136.0.7103.113 Mobile Safari/537.36 (compatible; Googlebot/2.1; +http://www.google.com/bot.html)"
40.77.167.151 - - [29/May/2025:08:17:18 -0400] "GET /?d=68368811260&filter=cdc800&share_to_url=model.php%3Fid%3D2317443%26name%3Dliberty+floral+eve+tana HTTP/1.1" 200 0 "-" "Mozilla/5.0 AppleWebKit/537.36 (KHTML, like Gecko; compatible; bingbot/2.0; +http://www.bing.com/bingbot.htm) Chrome/116.0.1938.76 Safari/537.36"
52.167.144.174 - - [29/May/2025:08:17:24 -0400] "GET /?d=97865246260&filter=e3650e&share_to_url=model.php?id=3316875&name=ekoneem%20oil%20top HTTP/1.1" 200 0 "-" "Mozilla/5.0 AppleWebKit/537.36 (KHTML, like Gecko; compatible; bingbot/2.0; +http://www.bing.com/bingbot.htm) Chrome/116.0.1938.76 Safari/537.36"
66.249.70.39 - - [29/May/2025:08:16:48 -0400] "GET /?d=102661948260&filter=b04d15&share_to_url=shopdetail.php%3Fid%3D3479672%26name%3Dfcbga1023+socket+store HTTP/1.1" 302 0 "-" "Mozilla/5.0 (Linux; Android 6.0.1; Nexus 5X Build/MMB29P) AppleWebKit/537.36 (KHTML, like Gecko) Chrome/136.0.7103.113 Mobile Safari/537.36 (compatible; Googlebot/2.1; +http://www.google.com/bot.html)"
66.249.70.39 - - [29/May/2025:08:18:22 -0400] "GET /loginn.php HTTP/1.1" 200 832 "-" "Mozilla/5.0 (Linux; Android 6.0.1; Nexus 5X Build/MMB29P) AppleWebKit/537.36 (KHTML, like Gecko) Chrome/136.0.7103.113 Mobile Safari/537.36 (compatible; Googlebot/2.1; +http://www.google.com/bot.html)"
66.249.70.39 - - [29/May/2025:08:17:01 -0400] "GET /?d=115470037260&filter=6f7032&share_to_url=detail.php%3Fid%3D3910389%26name%3Dbuy+naga+chilli HTTP/1.1" 302 0 "-" "Mozilla/5.0 (Linux; Android 6.0.1; Nexus 5X Build/MMB29P) AppleWebKit/537.36 (KHTML, like Gecko) Chrome/136.0.7103.113 Mobile Safari/537.36 (compatible; Googlebot/2.1; +http://www.google.com/bot.html)"
66.249.70.39 - - [29/May/2025:08:18:31 -0400] "GET /loginn.php HTTP/1.1" 200 832 "-" "Mozilla/5.0 (Linux; Android 6.0.1; Nexus 5X Build/MMB29P) AppleWebKit/537.36 (KHTML, like Gecko) Chrome/136.0.7103.113 Mobile Safari/537.36 (compatible; Googlebot/2.1; +http://www.google.com/bot.html)"
66.249.70.39 - - [29/May/2025:08:18:31 -0400] "GET /loginn.php HTTP/1.1" 200 832 "-" "Mozilla/5.0 (Linux; Android 6.0.1; Nexus 5X Build/MMB29P) AppleWebKit/537.36 (KHTML, like Gecko) Chrome/136.0.7103.113 Mobile Safari/537.36 (compatible; Googlebot/2.1; +http://www.google.com/bot.html)"
52.167.144.235 - - [29/May/2025:08:17:42 -0400] "GET /?d=18252380260&filter=edd546&share_to_url=pin.php%3Fid%3D620298%26name%3Dxiaomi+redmi+airdots+original HTTP/1.1" 200 0 "-" "Mozilla/5.0 AppleWebKit/537.36 (KHTML, like Gecko; compatible; bingbot/2.0; +http://www.bing.com/bingbot.htm) Chrome/116.0.1938.76 Safari/537.36"
52.167.144.174 - - [29/May/2025:08:17:44 -0400] "GET /?d=98459617260&filter=58ce6a&share_to_url=product.php?id=3336778&name=cotton%20unisex%20full HTTP/1.1" 200 0 "-" "Mozilla/5.0 AppleWebKit/537.36 (KHTML, like Gecko; compatible; bingbot/2.0; +http://www.bing.com/bingbot.htm) Chrome/116.0.1938.76 Safari/537.36"
45.148.10.80 - - [29/May/2025:08:18:36 -0400] "GET /.git/config HTTP/1.1" 403 1242 "-" "Mozilla/5.0 (Macintosh; Intel Mac OS X 10_15_7) AppleWebKit/605.1.15 (KHTML, like Gecko) LoiLoNote/8.0.0 Version/17.4.1 Safari/605.1.15"
52.167.144.174 - - [29/May/2025:08:17:54 -0400] "GET /?d=104457585260&filter=7af24f&share_to_url=detail.php?id=3539421&name=f3%20yeti%20rambler HTTP/1.1" 200 0 "-" "Mozilla/5.0 AppleWebKit/537.36 (KHTML, like Gecko; compatible; bingbot/2.0; +http://www.bing.com/bingbot.htm) Chrome/116.0.1938.76 Safari/537.36"
66.249.70.32 - - [29/May/2025:08:17:14 -0400] "GET /?d=104631143260&filter=ca372c&share_to_url=model.php%3Fid%3D3545463%26name%3Dx+maxx+8s HTTP/1.1" 302 0 "-" "Mozilla/5.0 (Linux; Android 6.0.1; Nexus 5X Build/MMB29P) AppleWebKit/537.36 (KHTML, like Gecko) Chrome/136.0.7103.113 Mobile Safari/537.36 (compatible; Googlebot/2.1; +http://www.google.com/bot.html)"
66.249.70.39 - - [29/May/2025:08:18:46 -0400] "GET /loginn.php HTTP/1.1" 200 832 "-" "Mozilla/5.0 (Linux; Android 6.0.1; Nexus 5X Build/MMB29P) AppleWebKit/537.36 (KHTML, like Gecko) Chrome/136.0.7103.113 Mobile Safari/537.36 (compatible; Googlebot/2.1; +http://www.google.com/bot.html)"
52.167.144.186 - - [29/May/2025:08:18:01 -0400] "GET /?d=33088423260&filter=43927c&share_to_url=shopdetail.php%3Fid%3D1125092%26name%3Dtrueno+marca+de+ropa HTTP/1.1" 200 0 "-" "Mozilla/5.0 AppleWebKit/537.36 (KHTML, like Gecko; compatible; bingbot/2.0; +http://www.bing.com/bingbot.htm) Chrome/116.0.1938.76 Safari/537.36"
52.167.144.196 - - [29/May/2025:08:18:08 -0400] "GET /?d=56874423260&filter=6563e1&share_to_url=item.php%3Fid%3D1930777%26name%3Demerge+gaming+chair+vortex HTTP/1.1" 200 0 "-" "Mozilla/5.0 AppleWebKit/537.36 (KHTML, like Gecko; compatible; bingbot/2.0; +http://www.bing.com/bingbot.htm) Chrome/116.0.1938.76 Safari/537.36"
52.167.144.174 - - [29/May/2025:08:18:14 -0400] "GET /?d=99497649260&filter=6afb2d&share_to_url=detail.php?id=3372249&name=sith%20trooper%20helmet%20diy HTTP/1.1" 200 0 "-" "Mozilla/5.0 AppleWebKit/537.36 (KHTML, like Gecko; compatible; bingbot/2.0; +http://www.bing.com/bingbot.htm) Chrome/116.0.1938.76 Safari/537.36"
40.77.167.151 - - [29/May/2025:08:18:19 -0400] "GET /?d=87355918260&filter=c60b51&share_to_url=ideas.php%3Fid%3D2960304%26name%3Dlola+rose+angel HTTP/1.1" 200 0 "-" "Mozilla/5.0 AppleWebKit/537.36 (KHTML, like Gecko; compatible; bingbot/2.0; +http://www.bing.com/bingbot.htm) Chrome/116.0.1938.76 Safari/537.36"
52.167.144.174 - - [29/May/2025:08:18:24 -0400] "GET /?d=97197999260&filter=d98b3e&share_to_url=article.php%3Fid%3D3293498%26name%3Dsuzuki+gixxer+150+2025 HTTP/1.1" 200 0 "-" "Mozilla/5.0 AppleWebKit/537.36 (KHTML, like Gecko; compatible; bingbot/2.0; +http://www.bing.com/bingbot.htm) Chrome/116.0.1938.76 Safari/537.36"
66.249.70.39 - - [29/May/2025:08:17:50 -0400] "GET /?d=111006360260&filter=b4ef1a&share_to_url=shopdetail.php%3Fid%3D3759020%26name%3Dyeijoshop+listo+nuestro+bolso HTTP/1.1" 302 0 "-" "Mozilla/5.0 (Linux; Android 6.0.1; Nexus 5X Build/MMB29P) AppleWebKit/537.36 (KHTML, like Gecko) Chrome/136.0.7103.113 Mobile Safari/537.36 (compatible; Googlebot/2.1; +http://www.google.com/bot.html)"
66.249.70.39 - - [29/May/2025:08:19:23 -0400] "GET /loginn.php HTTP/1.1" 200 832 "-" "Mozilla/5.0 (Linux; Android 6.0.1; Nexus 5X Build/MMB29P) AppleWebKit/537.36 (KHTML, like Gecko) Chrome/136.0.7103.113 Mobile Safari/537.36 (compatible; Googlebot/2.1; +http://www.google.com/bot.html)"
52.167.144.186 - - [29/May/2025:08:18:41 -0400] "GET /?d=84127775260&filter=0c0b6e&share_to_url=item.php%3Fid%3D2849557%26name%3Dauriculares+bluetooth+best HTTP/1.1" 200 0 "-" "Mozilla/5.0 AppleWebKit/537.36 (KHTML, like Gecko; compatible; bingbot/2.0; +http://www.bing.com/bingbot.htm) Chrome/116.0.1938.76 Safari/537.36"
52.167.144.174 - - [29/May/2025:08:18:44 -0400] "GET /?d=93182642260&filter=62bca5&share_to_url=discover.php?id=3157157&name=thule%20proride%20store HTTP/1.1" 200 0 "-" "Mozilla/5.0 AppleWebKit/537.36 (KHTML, like Gecko; compatible; bingbot/2.0; +http://www.bing.com/bingbot.htm) Chrome/116.0.1938.76 Safari/537.36"
66.249.70.39 - - [29/May/2025:08:18:10 -0400] "GET /?d=96050051260&filter=a0f400&share_to_url=pin.php%3Fid%3D3254250%26name%3Dmachere+da+sci+acquista HTTP/1.1" 302 0 "-" "Mozilla/5.0 (Linux; Android 6.0.1; Nexus 5X Build/MMB29P) AppleWebKit/537.36 (KHTML, like Gecko) Chrome/136.0.7103.113 Mobile Safari/537.36 (compatible; Googlebot/2.1; +http://www.google.com/bot.html)"
66.249.70.39 - - [29/May/2025:08:19:41 -0400] "GET /loginn.php HTTP/1.1" 200 832 "-" "Mozilla/5.0 (Linux; Android 6.0.1; Nexus 5X Build/MMB29P) AppleWebKit/537.36 (KHTML, like Gecko) Chrome/136.0.7103.113 Mobile Safari/537.36 (compatible; Googlebot/2.1; +http://www.google.com/bot.html)"
52.167.144.174 - - [29/May/2025:08:18:53 -0400] "GET /?d=113373020260&filter=38a14a&share_to_url=discover.php?id=3839777&name=maevona%20rose%20gold HTTP/1.1" 200 0 "-" "Mozilla/5.0 AppleWebKit/537.36 (KHTML, like Gecko; compatible; bingbot/2.0; +http://www.bing.com/bingbot.htm) Chrome/116.0.1938.76 Safari/537.36"
216.169.136.170 - - [29/May/2025:08:18:20 -0400] "GET /?d=110585157260&filter=ce0598&share_to_url=article.php%3Fid%3D3743834%26name%3Dada+lily+pipe HTTP/1.1" 302 0 "-" "Mozilla/5.0 (Windows; U; Windows NT 11.0) AppleWebKit/532.45.6 (KHTML, like Gecko) Version/5.0.5 Safari/532.45.6"
66.249.70.39 - - [29/May/2025:08:18:23 -0400] "GET /?d=98802539260&filter=162259&share_to_url=product-page.php%3Fid%3D3348376%26name%3Dshop+fridge+tv+ac+washing+machine+online HTTP/1.1" 302 0 "-" "Mozilla/5.0 (Linux; Android 6.0.1; Nexus 5X Build/MMB29P) AppleWebKit/537.36 (KHTML, like Gecko) Chrome/136.0.7103.113 Mobile Safari/537.36 (compatible; Googlebot/2.1; +http://www.google.com/bot.html)"
52.167.144.186 - - [29/May/2025:08:19:12 -0400] "GET /?d=86948140260&filter=0dc018&share_to_url=detail.php%3Fid%3D2946105%26name%3Dair+fryer+nachos+easy HTTP/1.1" 200 0 "-" "Mozilla/5.0 AppleWebKit/537.36 (KHTML, like Gecko; compatible; bingbot/2.0; +http://www.bing.com/bingbot.htm) Chrome/116.0.1938.76 Safari/537.36"
52.167.144.174 - - [29/May/2025:08:19:14 -0400] "GET /?d=106855126260&filter=be673b&share_to_url=detail.php?id=3619053&name=mizuno%20wave%20z4 HTTP/1.1" 200 0 "-" "Mozilla/5.0 AppleWebKit/537.36 (KHTML, like Gecko; compatible; bingbot/2.0; +http://www.bing.com/bingbot.htm) Chrome/116.0.1938.76 Safari/537.36"
52.167.144.196 - - [29/May/2025:08:19:18 -0400] "GET /?d=16263062260&filter=edd546&share_to_url=detail.php%3Fid%3D554577%26name%3Dpowerxcel+bluetooth+wireless HTTP/1.1" 200 0 "-" "Mozilla/5.0 AppleWebKit/537.36 (KHTML, like Gecko; compatible; bingbot/2.0; +http://www.bing.com/bingbot.htm) Chrome/116.0.1938.76 Safari/537.36"
66.249.70.39 - - [29/May/2025:08:18:38 -0400] "GET /?d=100940101260&filter=140534&share_to_url=shop.php%3Fid%3D3421459%26name%3Dwomens+denim+short+dress+classic HTTP/1.1" 302 0 "-" "Mozilla/5.0 (Linux; Android 6.0.1; Nexus 5X Build/MMB29P) AppleWebKit/537.36 (KHTML, like Gecko) Chrome/136.0.7103.113 Mobile Safari/537.36 (compatible; Googlebot/2.1; +http://www.google.com/bot.html)"
66.249.70.39 - - [29/May/2025:08:20:09 -0400] "GET /loginn.php HTTP/1.1" 200 832 "-" "Mozilla/5.0 (Linux; Android 6.0.1; Nexus 5X Build/MMB29P) AppleWebKit/537.36 (KHTML, like Gecko) Chrome/136.0.7103.113 Mobile Safari/537.36 (compatible; Googlebot/2.1; +http://www.google.com/bot.html)"
66.249.70.39 - - [29/May/2025:08:20:09 -0400] "GET /loginn.php HTTP/1.1" 200 832 "-" "Mozilla/5.0 (Linux; Android 6.0.1; Nexus 5X Build/MMB29P) AppleWebKit/537.36 (KHTML, like Gecko) Chrome/136.0.7103.113 Mobile Safari/537.36 (compatible; Googlebot/2.1; +http://www.google.com/bot.html)"
40.77.167.151 - - [29/May/2025:08:19:22 -0400] "GET /?d=92464925260&filter=6abf87&share_to_url=detail.php%3Fid%3D3132489%26name%3Dblaue+puma+taper+sneakers HTTP/1.1" 200 0 "-" "Mozilla/5.0 AppleWebKit/537.36 (KHTML, like Gecko; compatible; bingbot/2.0; +http://www.bing.com/bingbot.htm) Chrome/116.0.1938.76 Safari/537.36"
52.167.144.174 - - [29/May/2025:08:19:24 -0400] "GET /?d=117027254260&filter=40f37c&share_to_url=item.php?id=3963109&name=bonhams%20a%20gone HTTP/1.1" 200 0 "-" "Mozilla/5.0 AppleWebKit/537.36 (KHTML, like Gecko; compatible; bingbot/2.0; +http://www.bing.com/bingbot.htm) Chrome/116.0.1938.76 Safari/537.36"
52.167.144.186 - - [29/May/2025:08:19:41 -0400] "GET /?d=20425669260&filter=e69463&share_to_url=shop.php%3Fid%3D694039%26name%3Ddahon+curl+i8 HTTP/1.1" 200 0 "-" "Mozilla/5.0 AppleWebKit/537.36 (KHTML, like Gecko; compatible; bingbot/2.0; +http://www.bing.com/bingbot.htm) Chrome/116.0.1938.76 Safari/537.36"
52.167.144.174 - - [29/May/2025:08:19:44 -0400] "GET /?d=109100844260&filter=6d6f21&share_to_url=shop.php?id=3693451&name=cala%20orange%20handbag HTTP/1.1" 200 0 "-" "Mozilla/5.0 AppleWebKit/537.36 (KHTML, like Gecko; compatible; bingbot/2.0; +http://www.bing.com/bingbot.htm) Chrome/116.0.1938.76 Safari/537.36"
66.249.70.33 - - [29/May/2025:08:19:04 -0400] "GET /?d=113207294260&filter=38b690&share_to_url=goods.php%3Fid%3D3834107%26name%3Dportugal+lv+jersey HTTP/1.1" 302 0 "-" "Mozilla/5.0 (Linux; Android 6.0.1; Nexus 5X Build/MMB29P) AppleWebKit/537.36 (KHTML, like Gecko) Chrome/136.0.7103.113 Mobile Safari/537.36 (compatible; Googlebot/2.1; +http://www.google.com/bot.html)"
66.249.70.39 - - [29/May/2025:08:20:34 -0400] "GET /loginn.php HTTP/1.1" 200 832 "-" "Mozilla/5.0 (Linux; Android 6.0.1; Nexus 5X Build/MMB29P) AppleWebKit/537.36 (KHTML, like Gecko) Chrome/136.0.7103.113 Mobile Safari/537.36 (compatible; Googlebot/2.1; +http://www.google.com/bot.html)"
52.167.144.174 - - [29/May/2025:08:19:54 -0400] "GET /?d=107348181260&filter=7f045f&share_to_url=detail.php?id=3635049&name=meet%20the%20kissing HTTP/1.1" 200 0 "-" "Mozilla/5.0 AppleWebKit/537.36 (KHTML, like Gecko; compatible; bingbot/2.0; +http://www.bing.com/bingbot.htm) Chrome/116.0.1938.76 Safari/537.36"
52.167.144.174 - - [29/May/2025:08:20:14 -0400] "GET /?d=118038999260&filter=468daa&share_to_url=product-page.php?id=3997312&name=asics%20mens%20woven HTTP/1.1" 200 0 "-" "Mozilla/5.0 AppleWebKit/537.36 (KHTML, like Gecko; compatible; bingbot/2.0; +http://www.bing.com/bingbot.htm) Chrome/116.0.1938.76 Safari/537.36"
66.249.70.39 - - [29/May/2025:08:19:36 -0400] "GET /?d=98814487260&filter=1e390e&share_to_url=goods.php%3Fid%3D3348731%26name%3Dsarner+tirolese HTTP/1.1" 302 0 "-" "Mozilla/5.0 (Linux; Android 6.0.1; Nexus 5X Build/MMB29P) AppleWebKit/537.36 (KHTML, like Gecko) Chrome/136.0.7103.113 Mobile Safari/537.36 (compatible; Googlebot/2.1; +http://www.google.com/bot.html)"
66.249.70.39 - - [29/May/2025:08:21:06 -0400] "GET /loginn.php HTTP/1.1" 200 832 "-" "Mozilla/5.0 (Linux; Android 6.0.1; Nexus 5X Build/MMB29P) AppleWebKit/537.36 (KHTML, like Gecko) Chrome/136.0.7103.113 Mobile Safari/537.36 (compatible; Googlebot/2.1; +http://www.google.com/bot.html)"
52.167.144.196 - - [29/May/2025:08:20:18 -0400] "GET /?d=18048129260&filter=b32929&share_to_url=discover.php%3Fid%3D613313%26name%3Dapple+power+adapter HTTP/1.1" 200 0 "-" "Mozilla/5.0 AppleWebKit/537.36 (KHTML, like Gecko; compatible; bingbot/2.0; +http://www.bing.com/bingbot.htm) Chrome/116.0.1938.76 Safari/537.36"
40.77.167.151 - - [29/May/2025:08:20:23 -0400] "GET /?d=46305485260&filter=ab67d8&share_to_url=discover.php%3Fid%3D1571621%26name%3Doutdoor+collection+sonora+ash HTTP/1.1" 200 0 "-" "Mozilla/5.0 AppleWebKit/537.36 (KHTML, like Gecko; compatible; bingbot/2.0; +http://www.bing.com/bingbot.htm) Chrome/116.0.1938.76 Safari/537.36"
52.167.144.174 - - [29/May/2025:08:20:24 -0400] "GET /?d=114136801260&filter=ca372c&share_to_url=ideas.php?id=3865140&name=jumbo%20pineapple%20squishy HTTP/1.1" 200 0 "-" "Mozilla/5.0 AppleWebKit/537.36 (KHTML, like Gecko; compatible; bingbot/2.0; +http://www.bing.com/bingbot.htm) Chrome/116.0.1938.76 Safari/537.36"
66.249.70.39 - - [29/May/2025:08:19:53 -0400] "GET /?d=111864250260&filter=eef298&share_to_url=goods.php%3Fid%3D3788987%26name%3Dipad+gen+support HTTP/1.1" 302 0 "-" "Mozilla/5.0 (Linux; Android 6.0.1; Nexus 5X Build/MMB29P) AppleWebKit/537.36 (KHTML, like Gecko) Chrome/136.0.7103.113 Mobile Safari/537.36 (compatible; Googlebot/2.1; +http://www.google.com/bot.html)"
66.249.70.39 - - [29/May/2025:08:21:23 -0400] "GET /loginn.php HTTP/1.1" 200 832 "-" "Mozilla/5.0 (Linux; Android 6.0.1; Nexus 5X Build/MMB29P) AppleWebKit/537.36 (KHTML, like Gecko) Chrome/136.0.7103.113 Mobile Safari/537.36 (compatible; Googlebot/2.1; +http://www.google.com/bot.html)"
52.167.144.186 - - [29/May/2025:08:20:41 -0400] "GET /?d=61450938260&filter=93ffb4&share_to_url=shop.php%3Fid%3D2084443%26name%3Dek+tools+glue HTTP/1.1" 200 0 "-" "Mozilla/5.0 AppleWebKit/537.36 (KHTML, like Gecko; compatible; bingbot/2.0; +http://www.bing.com/bingbot.htm) Chrome/116.0.1938.76 Safari/537.36"
52.167.144.174 - - [29/May/2025:08:20:44 -0400] "GET /?d=102534843260&filter=590f1c&share_to_url=detail.php?id=3475389&name=vetement%20discount%20equitable HTTP/1.1" 200 0 "-" "Mozilla/5.0 AppleWebKit/537.36 (KHTML, like Gecko; compatible; bingbot/2.0; +http://www.bing.com/bingbot.htm) Chrome/116.0.1938.76 Safari/537.36"
66.249.70.39 - - [29/May/2025:08:20:09 -0400] "GET /?d=97061087260&filter=6ee96f&share_to_url=detail.php%3Fid%3D3288549%26name%3Dkeshav+healthcare+nursing+services HTTP/1.1" 302 0 "-" "Mozilla/5.0 (Linux; Android 6.0.1; Nexus 5X Build/MMB29P) AppleWebKit/537.36 (KHTML, like Gecko) Chrome/136.0.7103.113 Mobile Safari/537.36 (compatible; Googlebot/2.1; +http://www.google.com/bot.html)"
66.249.70.39 - - [29/May/2025:08:21:39 -0400] "GET /loginn.php HTTP/1.1" 200 832 "-" "Mozilla/5.0 (Linux; Android 6.0.1; Nexus 5X Build/MMB29P) AppleWebKit/537.36 (KHTML, like Gecko) Chrome/136.0.7103.113 Mobile Safari/537.36 (compatible; Googlebot/2.1; +http://www.google.com/bot.html)"
52.167.144.174 - - [29/May/2025:08:20:53 -0400] "GET /?d=99472179260&filter=20c71b&share_to_url=goods.php?id=3371375&name=blazer%20office%20outfits HTTP/1.1" 200 0 "-" "Mozilla/5.0 AppleWebKit/537.36 (KHTML, like Gecko; compatible; bingbot/2.0; +http://www.bing.com/bingbot.htm) Chrome/116.0.1938.76 Safari/537.36"
52.167.144.174 - - [29/May/2025:08:21:14 -0400] "GET /?d=96067628260&filter=1c3e5e&share_to_url=detail.php?id=3254865&name=bazaarmantri%20iball%20accord HTTP/1.1" 200 0 "-" "Mozilla/5.0 AppleWebKit/537.36 (KHTML, like Gecko; compatible; bingbot/2.0; +http://www.bing.com/bingbot.htm) Chrome/116.0.1938.76 Safari/537.36"
66.249.70.39 - - [29/May/2025:08:20:36 -0400] "GET /?d=96301677260&filter=6d2f0b&share_to_url=detail.php%3Fid%3D3262617%26name%3Dtrump+2024+summer+fishing HTTP/1.1" 302 0 "-" "Mozilla/5.0 (Linux; Android 6.0.1; Nexus 5X Build/MMB29P) AppleWebKit/537.36 (KHTML, like Gecko) Chrome/136.0.7103.113 Mobile Safari/537.36 (compatible; Googlebot/2.1; +http://www.google.com/bot.html)"
66.249.70.39 - - [29/May/2025:08:22:06 -0400] "GET /loginn.php HTTP/1.1" 200 832 "-" "Mozilla/5.0 (Linux; Android 6.0.1; Nexus 5X Build/MMB29P) AppleWebKit/537.36 (KHTML, like Gecko) Chrome/136.0.7103.113 Mobile Safari/537.36 (compatible; Googlebot/2.1; +http://www.google.com/bot.html)"
52.167.144.196 - - [29/May/2025:08:21:18 -0400] "GET /?d=93688013260&filter=397f34&share_to_url=shop.php%3Fid%3D3173863%26name%3Dpinjra+episode HTTP/1.1" 200 0 "-" "Mozilla/5.0 AppleWebKit/537.36 (KHTML, like Gecko; compatible; bingbot/2.0; +http://www.bing.com/bingbot.htm) Chrome/116.0.1938.76 Safari/537.36"
40.77.167.151 - - [29/May/2025:08:21:22 -0400] "GET /?d=88700668260&filter=bdaf2f&share_to_url=discover.php%3Fid%3D3006389%26name%3Dcopridivano+cuscino HTTP/1.1" 200 0 "-" "Mozilla/5.0 AppleWebKit/537.36 (KHTML, like Gecko; compatible; bingbot/2.0; +http://www.bing.com/bingbot.htm) Chrome/116.0.1938.76 Safari/537.36"
52.167.144.174 - - [29/May/2025:08:21:24 -0400] "GET /?d=104353025260&filter=1cbf7a&share_to_url=ideas.php?id=3535692&name=dr%20pro%20xl60tf HTTP/1.1" 200 0 "-" "Mozilla/5.0 AppleWebKit/537.36 (KHTML, like Gecko; compatible; bingbot/2.0; +http://www.bing.com/bingbot.htm) Chrome/116.0.1938.76 Safari/537.36"
52.167.144.186 - - [29/May/2025:08:21:31 -0400] "GET /?d=61579860260&filter=132c35&share_to_url=product.php%3Fid%3D2088478%26name%3Dlego+creator+carousel+10257 HTTP/1.1" 200 0 "-" "Mozilla/5.0 AppleWebKit/537.36 (KHTML, like Gecko; compatible; bingbot/2.0; +http://www.bing.com/bingbot.htm) Chrome/116.0.1938.76 Safari/537.36"
52.167.144.174 - - [29/May/2025:08:21:44 -0400] "GET /?d=115614196260&filter=3208d7&share_to_url=product-page.php?id=3915340&name=jd%20sports%20page HTTP/1.1" 200 0 "-" "Mozilla/5.0 AppleWebKit/537.36 (KHTML, like Gecko; compatible; bingbot/2.0; +http://www.bing.com/bingbot.htm) Chrome/116.0.1938.76 Safari/537.36"
66.249.70.32 - - [29/May/2025:08:21:06 -0400] "GET /?d=99473040260&filter=ce5c66&share_to_url=pin.php%3Fid%3D3371406%26name%3Daudifonos+normales+de HTTP/1.1" 302 0 "-" "Mozilla/5.0 (Linux; Android 6.0.1; Nexus 5X Build/MMB29P) AppleWebKit/537.36 (KHTML, like Gecko) Chrome/136.0.7103.113 Mobile Safari/537.36 (compatible; Googlebot/2.1; +http://www.google.com/bot.html)"
66.249.70.39 - - [29/May/2025:08:22:37 -0400] "GET /loginn.php HTTP/1.1" 200 832 "-" "Mozilla/5.0 (Linux; Android 6.0.1; Nexus 5X Build/MMB29P) AppleWebKit/537.36 (KHTML, like Gecko) Chrome/136.0.7103.113 Mobile Safari/537.36 (compatible; Googlebot/2.1; +http://www.google.com/bot.html)"
52.167.144.186 - - [29/May/2025:08:21:50 -0400] "GET /?d=39118551260&filter=116a77&share_to_url=ideas.php%3Fid%3D1327776%26name%3Dus+stove+ashley+1300 HTTP/1.1" 200 0 "-" "Mozilla/5.0 AppleWebKit/537.36 (KHTML, like Gecko; compatible; bingbot/2.0; +http://www.bing.com/bingbot.htm) Chrome/116.0.1938.76 Safari/537.36"
52.167.144.174 - - [29/May/2025:08:21:54 -0400] "GET /?d=117016618260&filter=80ae2a&share_to_url=item.php%3Fid%3D3962725%26name%3Dhands+on+with+the+marloe HTTP/1.1" 200 0 "-" "Mozilla/5.0 AppleWebKit/537.36 (KHTML, like Gecko; compatible; bingbot/2.0; +http://www.bing.com/bingbot.htm) Chrome/116.0.1938.76 Safari/537.36"
66.249.70.32 - - [29/May/2025:08:21:17 -0400] "GET /?d=114605082260&filter=49e5cd&share_to_url=detail.php%3Fid%3D3880845%26name%3Dkenwood+sale+cafe HTTP/1.1" 302 0 "-" "Mozilla/5.0 (Linux; Android 6.0.1; Nexus 5X Build/MMB29P) AppleWebKit/537.36 (KHTML, like Gecko) Chrome/136.0.7103.113 Mobile Safari/537.36 (compatible; Googlebot/2.1; +http://www.google.com/bot.html)"
66.249.70.39 - - [29/May/2025:08:22:48 -0400] "GET /loginn.php HTTP/1.1" 200 832 "-" "Mozilla/5.0 (Linux; Android 6.0.1; Nexus 5X Build/MMB29P) AppleWebKit/537.36 (KHTML, like Gecko) Chrome/136.0.7103.113 Mobile Safari/537.36 (compatible; Googlebot/2.1; +http://www.google.com/bot.html)"
52.167.144.174 - - [29/May/2025:08:22:14 -0400] "GET /?d=112047161260&filter=77eedc&share_to_url=pin.php?id=3795306&name=bid%C3%B3n%20pl%C3%A1stico%20x%2025 HTTP/1.1" 200 0 "-" "Mozilla/5.0 AppleWebKit/537.36 (KHTML, like Gecko; compatible; bingbot/2.0; +http://www.bing.com/bingbot.htm) Chrome/116.0.1938.76 Safari/537.36"
52.167.144.196 - - [29/May/2025:08:22:18 -0400] "GET /?d=35945970260&filter=8ac724&share_to_url=ideas.php%3Fid%3D1221276%26name%3Dfelix+joe+signed+navajo HTTP/1.1" 200 0 "-" "Mozilla/5.0 AppleWebKit/537.36 (KHTML, like Gecko; compatible; bingbot/2.0; +http://www.bing.com/bingbot.htm) Chrome/116.0.1938.76 Safari/537.36"
40.77.167.151 - - [29/May/2025:08:22:23 -0400] "GET /?d=81478856260&filter=61fa9d&share_to_url=product.php%3Fid%3D2759842%26name%3Dkawaii+desktop+foldable+mobile HTTP/1.1" 200 0 "-" "Mozilla/5.0 AppleWebKit/537.36 (KHTML, like Gecko; compatible; bingbot/2.0; +http://www.bing.com/bingbot.htm) Chrome/116.0.1938.76 Safari/537.36"
66.249.70.39 - - [29/May/2025:08:21:43 -0400] "GET /?d=95671898260&filter=f3b098&share_to_url=model.php%3Fid%3D3241539%26name%3Dserval+kitten+sitting+looking HTTP/1.1" 302 0 "-" "Mozilla/5.0 (Linux; Android 6.0.1; Nexus 5X Build/MMB29P) AppleWebKit/537.36 (KHTML, like Gecko) Chrome/136.0.7103.113 Mobile Safari/537.36 (compatible; Googlebot/2.1; +http://www.google.com/bot.html)"
52.167.144.174 - - [29/May/2025:08:22:24 -0400] "GET /?d=117764295260&filter=ba9bae&share_to_url=pin.php?id=3988194&name=life%20jackets%20for%20sale HTTP/1.1" 200 0 "-" "Mozilla/5.0 AppleWebKit/537.36 (KHTML, like Gecko; compatible; bingbot/2.0; +http://www.bing.com/bingbot.htm) Chrome/116.0.1938.76 Safari/537.36"
52.167.144.174 - - [29/May/2025:08:22:44 -0400] "GET /?d=104993414260&filter=5bd759&share_to_url=product.php?id=3557194&name=philo%20roku%20free%20trial HTTP/1.1" 200 0 "-" "Mozilla/5.0 AppleWebKit/537.36 (KHTML, like Gecko; compatible; bingbot/2.0; +http://www.bing.com/bingbot.htm) Chrome/116.0.1938.76 Safari/537.36"
52.167.144.186 - - [29/May/2025:08:22:51 -0400] "GET /?d=113941979260&filter=cdc800&share_to_url=item.php%3Fid%3D3858865%26name%3Dcollege+team+flannel+pajama HTTP/1.1" 200 0 "-" "Mozilla/5.0 AppleWebKit/537.36 (KHTML, like Gecko; compatible; bingbot/2.0; +http://www.bing.com/bingbot.htm) Chrome/116.0.1938.76 Safari/537.36"
52.167.144.174 - - [29/May/2025:08:22:53 -0400] "GET /?d=113213498260&filter=38b690&share_to_url=shopdetail.php?id=3834296&name=shorty%20fille%20shop HTTP/1.1" 200 0 "-" "Mozilla/5.0 AppleWebKit/537.36 (KHTML, like Gecko; compatible; bingbot/2.0; +http://www.bing.com/bingbot.htm) Chrome/116.0.1938.76 Safari/537.36"
66.249.70.39 - - [29/May/2025:08:22:19 -0400] "GET /?d=100148769260&filter=ea2dc1&share_to_url=model.php%3Fid%3D3394179%26name%3Droyal+feet+para HTTP/1.1" 302 0 "-" "Mozilla/5.0 (Linux; Android 6.0.1; Nexus 5X Build/MMB29P) AppleWebKit/537.36 (KHTML, like Gecko) Chrome/136.0.7103.113 Mobile Safari/537.36 (compatible; Googlebot/2.1; +http://www.google.com/bot.html)"
66.249.70.39 - - [29/May/2025:08:23:51 -0400] "GET /loginn.php HTTP/1.1" 200 832 "-" "Mozilla/5.0 (Linux; Android 6.0.1; Nexus 5X Build/MMB29P) AppleWebKit/537.36 (KHTML, like Gecko) Chrome/136.0.7103.113 Mobile Safari/537.36 (compatible; Googlebot/2.1; +http://www.google.com/bot.html)"
52.167.144.174 - - [29/May/2025:08:23:14 -0400] "GET /?d=97203022260&filter=d98b3e&share_to_url=item.php%3Fid%3D3293689%26name%3Dsuzuki+gixxer+dual HTTP/1.1" 200 0 "-" "Mozilla/5.0 AppleWebKit/537.36 (KHTML, like Gecko; compatible; bingbot/2.0; +http://www.bing.com/bingbot.htm) Chrome/116.0.1938.76 Safari/537.36"
66.249.70.39 - - [29/May/2025:08:22:35 -0400] "GET /?d=94153996260&filter=f4b633&share_to_url=article.php%3Fid%3D3190430%26name%3Dnest+chair+kaa HTTP/1.1" 302 0 "-" "Mozilla/5.0 (Linux; Android 6.0.1; Nexus 5X Build/MMB29P) AppleWebKit/537.36 (KHTML, like Gecko) Chrome/136.0.7103.113 Mobile Safari/537.36 (compatible; Googlebot/2.1; +http://www.google.com/bot.html)"
52.167.144.196 - - [29/May/2025:08:23:18 -0400] "GET /?d=13111914260&filter=edd546&share_to_url=shop.php%3Fid%3D447319%26name%3Dbest+hiking+headphones+enjoy HTTP/1.1" 200 0 "-" "Mozilla/5.0 AppleWebKit/537.36 (KHTML, like Gecko; compatible; bingbot/2.0; +http://www.bing.com/bingbot.htm) Chrome/116.0.1938.76 Safari/537.36"
40.77.167.151 - - [29/May/2025:08:23:22 -0400] "GET /?d=105697682260&filter=00f09d&share_to_url=detail.php%3Fid%3D3580425%26name%3Dadattatore+pinza+freno+per HTTP/1.1" 200 0 "-" "Mozilla/5.0 AppleWebKit/537.36 (KHTML, like Gecko; compatible; bingbot/2.0; +http://www.bing.com/bingbot.htm) Chrome/116.0.1938.76 Safari/537.36"
52.167.144.174 - - [29/May/2025:08:23:24 -0400] "GET /?d=106936982260&filter=96a32b&share_to_url=discover.php?id=3621713&name=tomy%20games HTTP/1.1" 200 0 "-" "Mozilla/5.0 AppleWebKit/537.36 (KHTML, like Gecko; compatible; bingbot/2.0; +http://www.bing.com/bingbot.htm) Chrome/116.0.1938.76 Safari/537.36"
66.249.70.39 - - [29/May/2025:08:22:48 -0400] "GET /?d=109424916260&filter=e0b3ef&share_to_url=goods.php%3Fid%3D3703955%26name%3Dchristian+view+damenarmbanduhr+schwarz+gold HTTP/1.1" 302 0 "-" "Mozilla/5.0 (Linux; Android 6.0.1; Nexus 5X Build/MMB29P) AppleWebKit/537.36 (KHTML, like Gecko) Chrome/136.0.7103.113 Mobile Safari/537.36 (compatible; Googlebot/2.1; +http://www.google.com/bot.html)"
66.249.70.39 - - [29/May/2025:08:24:18 -0400] "GET /loginn.php HTTP/1.1" 200 832 "-" "Mozilla/5.0 (Linux; Android 6.0.1; Nexus 5X Build/MMB29P) AppleWebKit/537.36 (KHTML, like Gecko) Chrome/136.0.7103.113 Mobile Safari/537.36 (compatible; Googlebot/2.1; +http://www.google.com/bot.html)"
66.249.70.39 - - [29/May/2025:08:24:18 -0400] "GET /loginn.php HTTP/1.1" 200 832 "-" "Mozilla/5.0 (Linux; Android 6.0.1; Nexus 5X Build/MMB29P) AppleWebKit/537.36 (KHTML, like Gecko) Chrome/136.0.7103.113 Mobile Safari/537.36 (compatible; Googlebot/2.1; +http://www.google.com/bot.html)"
52.167.144.186 - - [29/May/2025:08:23:31 -0400] "GET /?d=114829248260&filter=0b0473&share_to_url=pin.php%3Fid%3D3888366%26name%3Dvintage+circus+art HTTP/1.1" 200 0 "-" "Mozilla/5.0 AppleWebKit/537.36 (KHTML, like Gecko; compatible; bingbot/2.0; +http://www.bing.com/bingbot.htm) Chrome/116.0.1938.76 Safari/537.36"
52.167.144.174 - - [29/May/2025:08:23:43 -0400] "GET /?d=97993816260&filter=bfc81f&share_to_url=detail.php?id=3320865&name=felt%20broam%2030%20grx HTTP/1.1" 200 0 "-" "Mozilla/5.0 AppleWebKit/537.36 (KHTML, like Gecko; compatible; bingbot/2.0; +http://www.bing.com/bingbot.htm) Chrome/116.0.1938.76 Safari/537.36"
4.43.184.114 - - [29/May/2025:08:23:06 -0400] "GET /hope/link.html HTTP/1.0" 302 0 "-" "Mozilla/5.0 (Macintosh; Intel Mac OS X 10.6) Gecko/20100101 Firefox/5.0.1"
66.249.70.33 - - [29/May/2025:08:23:11 -0400] "GET /?d=113915594260&filter=91dbaa&share_to_url=article.php%3Fid%3D3858050%26name%3Dvispring+hungarian+goose+feather+and HTTP/1.1" 302 0 "-" "Mozilla/5.0 (Linux; Android 6.0.1; Nexus 5X Build/MMB29P) AppleWebKit/537.36 (KHTML, like Gecko) Chrome/136.0.7103.113 Mobile Safari/537.36 (compatible; Googlebot/2.1; +http://www.google.com/bot.html)"
66.249.70.39 - - [29/May/2025:08:24:43 -0400] "GET /loginn.php HTTP/1.1" 200 832 "-" "Mozilla/5.0 (Linux; Android 6.0.1; Nexus 5X Build/MMB29P) AppleWebKit/537.36 (KHTML, like Gecko) Chrome/136.0.7103.113 Mobile Safari/537.36 (compatible; Googlebot/2.1; +http://www.google.com/bot.html)"
66.249.70.39 - - [29/May/2025:08:23:13 -0400] "GET /?d=23064945260&filter=2369bf&share_to_url=product-page.php%3Fid%3D782680%26name%3Dharness+bag+penta HTTP/1.1" 302 0 "-" "Mozilla/5.0 (Linux; Android 6.0.1; Nexus 5X Build/MMB29P) AppleWebKit/537.36 (KHTML, like Gecko) Chrome/136.0.7103.113 Mobile Safari/537.36 (compatible; Googlebot/2.1; +http://www.google.com/bot.html)"
66.249.70.39 - - [29/May/2025:08:24:43 -0400] "GET /loginn.php HTTP/1.1" 200 832 "-" "Mozilla/5.0 (Linux; Android 6.0.1; Nexus 5X Build/MMB29P) AppleWebKit/537.36 (KHTML, like Gecko) Chrome/136.0.7103.113 Mobile Safari/537.36 (compatible; Googlebot/2.1; +http://www.google.com/bot.html)"
66.249.70.39 - - [29/May/2025:08:24:43 -0400] "GET /loginn.php HTTP/1.1" 200 832 "-" "Mozilla/5.0 (Linux; Android 6.0.1; Nexus 5X Build/MMB29P) AppleWebKit/537.36 (KHTML, like Gecko) Chrome/136.0.7103.113 Mobile Safari/537.36 (compatible; Googlebot/2.1; +http://www.google.com/bot.html)"
52.167.144.174 - - [29/May/2025:08:23:54 -0400] "GET /?d=95238961260&filter=70f96d&share_to_url=pin.php?id=3226470&name=wholesale%20ladies%20fashion%20office HTTP/1.1" 200 0 "-" "Mozilla/5.0 AppleWebKit/537.36 (KHTML, like Gecko; compatible; bingbot/2.0; +http://www.bing.com/bingbot.htm) Chrome/116.0.1938.76 Safari/537.36"
52.167.144.174 - - [29/May/2025:08:24:14 -0400] "GET /?d=115720854260&filter=8acecb&share_to_url=article.php?id=3918770&name=buy%20free%20express%20ps HTTP/1.1" 200 0 "-" "Mozilla/5.0 AppleWebKit/537.36 (KHTML, like Gecko; compatible; bingbot/2.0; +http://www.bing.com/bingbot.htm) Chrome/116.0.1938.76 Safari/537.36"
52.167.144.196 - - [29/May/2025:08:24:19 -0400] "GET /?d=99450594260&filter=4eb82a&share_to_url=ideas.php%3Fid%3D3370668%26name%3Dsailor+dance+costume HTTP/1.1" 200 0 "-" "Mozilla/5.0 AppleWebKit/537.36 (KHTML, like Gecko; compatible; bingbot/2.0; +http://www.bing.com/bingbot.htm) Chrome/116.0.1938.76 Safari/537.36"
52.167.144.186 - - [29/May/2025:08:24:21 -0400] "GET /?d=72791103260&filter=2aa707&share_to_url=pin.php%3Fid%3D2467662%26name%3Dcraig+electronics+cht825 HTTP/1.1" 200 0 "-" "Mozilla/5.0 AppleWebKit/537.36 (KHTML, like Gecko; compatible; bingbot/2.0; +http://www.bing.com/bingbot.htm) Chrome/116.0.1938.76 Safari/537.36"
40.77.167.151 - - [29/May/2025:08:24:23 -0400] "GET /?d=87090972260&filter=7781af&share_to_url=ideas.php%3Fid%3D2951304%26name%3Dnike+waffle+racer+summit HTTP/1.1" 200 0 "-" "Mozilla/5.0 AppleWebKit/537.36 (KHTML, like Gecko; compatible; bingbot/2.0; +http://www.bing.com/bingbot.htm) Chrome/116.0.1938.76 Safari/537.36"
52.167.144.174 - - [29/May/2025:08:24:24 -0400] "GET /?d=108420458260&filter=74e00d&share_to_url=item.php?id=3670945&name=velvet%20teddy%20archives HTTP/1.1" 200 0 "-" "Mozilla/5.0 AppleWebKit/537.36 (KHTML, like Gecko; compatible; bingbot/2.0; +http://www.bing.com/bingbot.htm) Chrome/116.0.1938.76 Safari/537.36"
