216.244.66.238 - - [29/May/2025:09:14:15 -0400] "GET /?d=100483536260&filter=f4b633&share_to_url=pin.php%3Fid%3D3405774%26name%3Dthe+range+wow+our HTTP/1.1" 302 0 "-" "Mozilla/5.0 (compatible; DotBot/1.2; +https://opensiteexplorer.org/dotbot; help@moz.com)"
40.77.167.74 - - [29/May/2025:09:14:15 -0400] "GET /?d=117796222260&filter=6b8509&share_to_url=pin.php?id=3989370&name=z%2020%20ultra HTTP/1.1" 200 23209 "-" "Mozilla/5.0 AppleWebKit/537.36 (KHTML, like Gecko; compatible; bingbot/2.0; +http://www.bing.com/bingbot.htm) Chrome/116.0.1938.76 Safari/537.36"
40.77.167.74 - - [29/May/2025:09:14:16 -0400] "GET /?d=94856580260&filter=71e57e&share_to_url=item.php?id=3214093&name=stardew%20valley%20stardew HTTP/1.1" 200 22664 "-" "Mozilla/5.0 AppleWebKit/537.36 (KHTML, like Gecko; compatible; bingbot/2.0; +http://www.bing.com/bingbot.htm) Chrome/116.0.1938.76 Safari/537.36"
40.77.167.74 - - [29/May/2025:09:14:17 -0400] "GET /?d=112150375260&filter=14f4ff&share_to_url=product-page.php?id=3799048&name=jennifer%20lopez%20promise%20perfume HTTP/1.1" 200 22909 "-" "Mozilla/5.0 AppleWebKit/537.36 (KHTML, like Gecko; compatible; bingbot/2.0; +http://www.bing.com/bingbot.htm) Chrome/116.0.1938.76 Safari/537.36"
40.77.167.74 - - [29/May/2025:09:14:17 -0400] "GET /?d=112653399260&filter=20c71b&share_to_url=item.php?id=3815725&name=levi%20039%20s%20women%20039%20s%20fishtail HTTP/1.1" 200 23961 "-" "Mozilla/5.0 AppleWebKit/537.36 (KHTML, like Gecko; compatible; bingbot/2.0; +http://www.bing.com/bingbot.htm) Chrome/116.0.1938.76 Safari/537.36"
40.77.167.74 - - [29/May/2025:09:14:18 -0400] "GET /?d=113228563260&filter=995e37&share_to_url=item.php?id=3834745&name=ab%20flex%20belt HTTP/1.1" 200 22356 "-" "Mozilla/5.0 AppleWebKit/537.36 (KHTML, like Gecko; compatible; bingbot/2.0; +http://www.bing.com/bingbot.htm) Chrome/116.0.1938.76 Safari/537.36"
40.77.167.74 - - [29/May/2025:09:14:19 -0400] "GET /?d=105017232260&filter=e732cc&share_to_url=ideas.php?id=3558072&name=puma%20lqd%20cell%20optic HTTP/1.1" 200 22500 "-" "Mozilla/5.0 AppleWebKit/537.36 (KHTML, like Gecko; compatible; bingbot/2.0; +http://www.bing.com/bingbot.htm) Chrome/116.0.1938.76 Safari/537.36"
66.249.70.32 - - [29/May/2025:09:14:19 -0400] "GET /?d=104730169260&filter=c1aa4c&share_to_url=discover.php%3Fid%3D3548717%26name%3D2013+benelli+quattronove HTTP/1.1" 200 23576 "-" "Mozilla/5.0 (Linux; Android 6.0.1; Nexus 5X Build/MMB29P) AppleWebKit/537.36 (KHTML, like Gecko) Chrome/136.0.7103.113 Mobile Safari/537.36 (compatible; Googlebot/2.1; +http://www.google.com/bot.html)"
40.77.167.74 - - [29/May/2025:09:14:19 -0400] "GET /?d=98408870260&filter=1876cd&share_to_url=ideas.php?id=3335268&name=christmas%20party%20family HTTP/1.1" 200 24544 "-" "Mozilla/5.0 AppleWebKit/537.36 (KHTML, like Gecko; compatible; bingbot/2.0; +http://www.bing.com/bingbot.htm) Chrome/116.0.1938.76 Safari/537.36"
40.77.167.74 - - [29/May/2025:09:14:20 -0400] "GET /?d=107486680260&filter=f5b74d&share_to_url=shop.php?id=3640075&name=jaqueta%20de%20couro%20com%20punho HTTP/1.1" 200 23856 "-" "Mozilla/5.0 AppleWebKit/537.36 (KHTML, like Gecko; compatible; bingbot/2.0; +http://www.bing.com/bingbot.htm) Chrome/116.0.1938.76 Safari/537.36"
40.77.167.74 - - [29/May/2025:09:14:21 -0400] "GET /?d=93530985260&filter=475947&share_to_url=shop.php?id=3168643&name=michael%20kors%20smartwatch%20el HTTP/1.1" 200 22985 "-" "Mozilla/5.0 AppleWebKit/537.36 (KHTML, like Gecko; compatible; bingbot/2.0; +http://www.bing.com/bingbot.htm) Chrome/116.0.1938.76 Safari/537.36"
216.244.66.238 - - [29/May/2025:09:14:21 -0400] "GET /?d=96527965260&filter=6593d3&share_to_url=article.php%3Fid%3D3270566%26name%3Dspiced+plum+clove HTTP/1.1" 302 0 "-" "Mozilla/5.0 (compatible; DotBot/1.2; +https://opensiteexplorer.org/dotbot; help@moz.com)"
40.77.167.74 - - [29/May/2025:09:14:21 -0400] "GET /?d=111161815260&filter=88b0bd&share_to_url=model.php?id=3764175&name=rieker%20denise%20slip HTTP/1.1" 200 23986 "-" "Mozilla/5.0 AppleWebKit/537.36 (KHTML, like Gecko; compatible; bingbot/2.0; +http://www.bing.com/bingbot.htm) Chrome/116.0.1938.76 Safari/537.36"
40.77.167.74 - - [29/May/2025:09:14:23 -0400] "GET /?d=95531871260&filter=eba88d&share_to_url=ideas.php?id=3236724&name=beauty%20costume%20chinese HTTP/1.1" 200 24146 "-" "Mozilla/5.0 AppleWebKit/537.36 (KHTML, like Gecko; compatible; bingbot/2.0; +http://www.bing.com/bingbot.htm) Chrome/116.0.1938.76 Safari/537.36"
40.77.167.74 - - [29/May/2025:09:14:23 -0400] "GET /?d=111133168260&filter=a0f400&share_to_url=pin.php%3Fid%3D3763242%26name%3Ditalian+oyster+fest HTTP/1.1" 200 24682 "-" "Mozilla/5.0 AppleWebKit/537.36 (KHTML, like Gecko; compatible; bingbot/2.0; +http://www.bing.com/bingbot.htm) Chrome/116.0.1938.76 Safari/537.36"
216.244.66.238 - - [29/May/2025:09:14:27 -0400] "GET /?d=96861972260&filter=4d7b9c&share_to_url=model.php%3Fid%3D3282051%26name%3Dstar+wars+aat+tank HTTP/1.1" 302 0 "-" "Mozilla/5.0 (compatible; DotBot/1.2; +https://opensiteexplorer.org/dotbot; help@moz.com)"
52.167.144.170 - - [29/May/2025:09:14:28 -0400] "GET /?d=104993414260&filter=5bd759&share_to_url=product.php?id=3557194&name=philo%20roku%20free%20trial HTTP/1.1" 200 23559 "-" "Mozilla/5.0 AppleWebKit/537.36 (KHTML, like Gecko; compatible; bingbot/2.0; +http://www.bing.com/bingbot.htm) Chrome/116.0.1938.76 Safari/537.36"
52.167.144.170 - - [29/May/2025:09:14:29 -0400] "GET /?d=113213498260&filter=38b690&share_to_url=shopdetail.php?id=3834296&name=shorty%20fille%20shop HTTP/1.1" 200 24124 "-" "Mozilla/5.0 AppleWebKit/537.36 (KHTML, like Gecko; compatible; bingbot/2.0; +http://www.bing.com/bingbot.htm) Chrome/116.0.1938.76 Safari/537.36"
52.167.144.170 - - [29/May/2025:09:14:30 -0400] "GET /?d=97203022260&filter=d98b3e&share_to_url=item.php%3Fid%3D3293689%26name%3Dsuzuki+gixxer+dual HTTP/1.1" 200 22868 "-" "Mozilla/5.0 AppleWebKit/537.36 (KHTML, like Gecko; compatible; bingbot/2.0; +http://www.bing.com/bingbot.htm) Chrome/116.0.1938.76 Safari/537.36"
52.167.144.170 - - [29/May/2025:09:14:30 -0400] "GET /?d=102319096260&filter=20ae0e&share_to_url=product-page.php?id=3468388&name=plus%20scratch%20that%20super HTTP/1.1" 200 23592 "-" "Mozilla/5.0 AppleWebKit/537.36 (KHTML, like Gecko; compatible; bingbot/2.0; +http://www.bing.com/bingbot.htm) Chrome/116.0.1938.76 Safari/537.36"
52.167.144.170 - - [29/May/2025:09:14:31 -0400] "GET /?d=102613879260&filter=29bf04&share_to_url=goods.php?id=3477959&name=new%20under%20armour%20men HTTP/1.1" 200 23091 "-" "Mozilla/5.0 AppleWebKit/537.36 (KHTML, like Gecko; compatible; bingbot/2.0; +http://www.bing.com/bingbot.htm) Chrome/116.0.1938.76 Safari/537.36"
52.167.144.170 - - [29/May/2025:09:14:32 -0400] "GET /?d=102471177260&filter=7254a2&share_to_url=product-page.php?id=3473380&name=robe%20de%20cocktail%20rose%20poudr%C3%A9 HTTP/1.1" 200 23502 "-" "Mozilla/5.0 AppleWebKit/537.36 (KHTML, like Gecko; compatible; bingbot/2.0; +http://www.bing.com/bingbot.htm) Chrome/116.0.1938.76 Safari/537.36"
52.167.144.170 - - [29/May/2025:09:14:32 -0400] "GET /?d=103679461260&filter=e874f3&share_to_url=shop.php?id=3512923&name=1pcs%20chakra%20healing HTTP/1.1" 200 23926 "-" "Mozilla/5.0 AppleWebKit/537.36 (KHTML, like Gecko; compatible; bingbot/2.0; +http://www.bing.com/bingbot.htm) Chrome/116.0.1938.76 Safari/537.36"
52.167.144.170 - - [29/May/2025:09:14:33 -0400] "GET /?d=111208371260&filter=6f7032&share_to_url=article.php?id=3765902&name=cheese%20stuffed%20chicken%20parmesan HTTP/1.1" 200 22877 "-" "Mozilla/5.0 AppleWebKit/537.36 (KHTML, like Gecko; compatible; bingbot/2.0; +http://www.bing.com/bingbot.htm) Chrome/116.0.1938.76 Safari/537.36"
52.167.144.170 - - [29/May/2025:09:14:33 -0400] "GET /?d=100633499260&filter=bfc81f&share_to_url=model.php?id=3411027&name=stigmata%20rival%202x%20axs HTTP/1.1" 200 22754 "-" "Mozilla/5.0 AppleWebKit/537.36 (KHTML, like Gecko; compatible; bingbot/2.0; +http://www.bing.com/bingbot.htm) Chrome/116.0.1938.76 Safari/537.36"
52.167.144.170 - - [29/May/2025:09:14:34 -0400] "GET /?d=116558572260&filter=1876cd&share_to_url=pin.php?id=3947214&name=sustainable%20organic%20basics%20clothes HTTP/1.1" 200 23936 "-" "Mozilla/5.0 AppleWebKit/537.36 (KHTML, like Gecko; compatible; bingbot/2.0; +http://www.bing.com/bingbot.htm) Chrome/116.0.1938.76 Safari/537.36"
52.167.144.170 - - [29/May/2025:09:14:35 -0400] "GET /?d=104872447260&filter=298b97&share_to_url=detail.php?id=3553233&name=bobo%20choses%20embroidery%20mock%20neck HTTP/1.1" 200 23719 "-" "Mozilla/5.0 AppleWebKit/537.36 (KHTML, like Gecko; compatible; bingbot/2.0; +http://www.bing.com/bingbot.htm) Chrome/116.0.1938.76 Safari/537.36"
52.167.144.170 - - [29/May/2025:09:14:35 -0400] "GET /?d=104780777260&filter=d627b2&share_to_url=shop.php?id=3550399&name=kemper%20hoses HTTP/1.1" 200 24864 "-" "Mozilla/5.0 AppleWebKit/537.36 (KHTML, like Gecko; compatible; bingbot/2.0; +http://www.bing.com/bingbot.htm) Chrome/116.0.1938.76 Safari/537.36"
52.167.144.170 - - [29/May/2025:09:14:36 -0400] "GET /?d=101249113260&filter=bfc81f&share_to_url=discover.php?id=3432209&name=bca%20mt20%20store HTTP/1.1" 200 22915 "-" "Mozilla/5.0 AppleWebKit/537.36 (KHTML, like Gecko; compatible; bingbot/2.0; +http://www.bing.com/bingbot.htm) Chrome/116.0.1938.76 Safari/537.36"
52.167.144.170 - - [29/May/2025:09:14:37 -0400] "GET /?d=105857119260&filter=3b21ec&share_to_url=article.php?id=3585602&name=amlesh%20nagesh%20new%20comedy%20videos HTTP/1.1" 200 23569 "-" "Mozilla/5.0 AppleWebKit/537.36 (KHTML, like Gecko; compatible; bingbot/2.0; +http://www.bing.com/bingbot.htm) Chrome/116.0.1938.76 Safari/537.36"
52.167.144.170 - - [29/May/2025:09:14:37 -0400] "GET /?d=111976766260&filter=59111c&share_to_url=shop.php?id=3792847&name=aoc%2024g2zu%20bk%2024%20fhd%20ips HTTP/1.1" 200 23209 "-" "Mozilla/5.0 AppleWebKit/537.36 (KHTML, like Gecko; compatible; bingbot/2.0; +http://www.bing.com/bingbot.htm) Chrome/116.0.1938.76 Safari/537.36"
52.167.144.170 - - [29/May/2025:09:14:38 -0400] "GET /?d=97197999260&filter=d98b3e&share_to_url=article.php%3Fid%3D3293498%26name%3Dsuzuki+gixxer+150+2025 HTTP/1.1" 200 23015 "-" "Mozilla/5.0 AppleWebKit/537.36 (KHTML, like Gecko; compatible; bingbot/2.0; +http://www.bing.com/bingbot.htm) Chrome/116.0.1938.76 Safari/537.36"
52.167.144.170 - - [29/May/2025:09:14:39 -0400] "GET /?d=93182642260&filter=62bca5&share_to_url=discover.php?id=3157157&name=thule%20proride%20store HTTP/1.1" 200 22952 "-" "Mozilla/5.0 AppleWebKit/537.36 (KHTML, like Gecko; compatible; bingbot/2.0; +http://www.bing.com/bingbot.htm) Chrome/116.0.1938.76 Safari/537.36"
52.167.144.170 - - [29/May/2025:09:14:39 -0400] "GET /?d=113373020260&filter=38a14a&share_to_url=discover.php?id=3839777&name=maevona%20rose%20gold HTTP/1.1" 200 23636 "-" "Mozilla/5.0 AppleWebKit/537.36 (KHTML, like Gecko; compatible; bingbot/2.0; +http://www.bing.com/bingbot.htm) Chrome/116.0.1938.76 Safari/537.36"
52.167.144.170 - - [29/May/2025:09:14:40 -0400] "GET /?d=105300595260&filter=1a053c&share_to_url=model.php?id=3567315&name=janet%20jackson%20poetic HTTP/1.1" 200 23467 "-" "Mozilla/5.0 AppleWebKit/537.36 (KHTML, like Gecko; compatible; bingbot/2.0; +http://www.bing.com/bingbot.htm) Chrome/116.0.1938.76 Safari/537.36"
40.77.167.42 - - [29/May/2025:09:14:45 -0400] "GET /?d=25591899260&filter=14708a&share_to_url=item.php%3Fid%3D867397%26name%3Dstop+go+8065+tubeless HTTP/1.1" 200 22741 "-" "Mozilla/5.0 AppleWebKit/537.36 (KHTML, like Gecko; compatible; bingbot/2.0; +http://www.bing.com/bingbot.htm) Chrome/116.0.1938.76 Safari/537.36"
112.202.237.2 - - [29/May/2025:09:14:47 -0400] "GET /?d=110254265260&filter=eab85f&share_to_url=discover.php%3Fid%3D3731741%26name%3Dpeppa+pig+as HTTP/1.1" 302 0 "-" "Mozilla/5.0 (iPhone; CPU iPhone OS 17_4 like Mac OS X) AppleWebKit/534.0 (KHTML, like Gecko) CriOS/58.0.867.0 Mobile/71K642 Safari/534.0"
52.167.144.170 - - [29/May/2025:09:14:47 -0400] "GET /?d=112502817260&filter=c31721&share_to_url=model.php?id=3810711&name=classic%20tote%20treecycle HTTP/1.1" 200 24397 "-" "Mozilla/5.0 AppleWebKit/537.36 (KHTML, like Gecko; compatible; bingbot/2.0; +http://www.bing.com/bingbot.htm) Chrome/116.0.1938.76 Safari/537.36"
40.77.167.42 - - [29/May/2025:09:14:48 -0400] "GET /?d=100638488260&filter=8ad5dd&share_to_url=article.php%3Fid%3D3411182%26name%3Dasics+gelmoya HTTP/1.1" 200 21625 "-" "Mozilla/5.0 AppleWebKit/537.36 (KHTML, like Gecko; compatible; bingbot/2.0; +http://www.bing.com/bingbot.htm) Chrome/116.0.1938.76 Safari/537.36"
52.167.144.170 - - [29/May/2025:09:14:48 -0400] "GET /?d=111927674260&filter=593d11&share_to_url=shop.php%3Fid%3D3791011%26name%3Dadidas+men+039+s+ace+sg HTTP/1.1" 200 23114 "-" "Mozilla/5.0 AppleWebKit/537.36 (KHTML, like Gecko; compatible; bingbot/2.0; +http://www.bing.com/bingbot.htm) Chrome/116.0.1938.76 Safari/537.36"
52.167.144.170 - - [29/May/2025:09:14:49 -0400] "GET /?d=113846462260&filter=7a6bde&share_to_url=article.php%3Fid%3D3855590%26name%3Dfossil+fs5402+the HTTP/1.1" 200 22493 "-" "Mozilla/5.0 AppleWebKit/537.36 (KHTML, like Gecko; compatible; bingbot/2.0; +http://www.bing.com/bingbot.htm) Chrome/116.0.1938.76 Safari/537.36"
52.167.144.170 - - [29/May/2025:09:14:49 -0400] "GET /?d=106261484260&filter=bcf072&share_to_url=shop.php%3Fid%3D3598927%26name%3Dloden+black+rubber+patch HTTP/1.1" 200 24048 "-" "Mozilla/5.0 AppleWebKit/537.36 (KHTML, like Gecko; compatible; bingbot/2.0; +http://www.bing.com/bingbot.htm) Chrome/116.0.1938.76 Safari/537.36"
52.167.144.170 - - [29/May/2025:09:14:50 -0400] "GET /?d=88474035260&filter=1cbf7a&share_to_url=pin.php%3Fid%3D2998650%26name%3Dbcs+sickle+mower HTTP/1.1" 200 24061 "-" "Mozilla/5.0 AppleWebKit/537.36 (KHTML, like Gecko; compatible; bingbot/2.0; +http://www.bing.com/bingbot.htm) Chrome/116.0.1938.76 Safari/537.36"
40.77.167.27 - - [29/May/2025:09:14:53 -0400] "GET /?d=104142459260&filter=d44514&share_to_url=item.php%3Fid%3D3528505%26name%3Dvivaness+2016+show+report HTTP/1.1" 200 21491 "-" "Mozilla/5.0 AppleWebKit/537.36 (KHTML, like Gecko; compatible; bingbot/2.0; +http://www.bing.com/bingbot.htm) Chrome/116.0.1938.76 Safari/537.36"
52.167.144.221 - - [29/May/2025:09:14:54 -0400] "GET /?d=110762048260&filter=80d279&share_to_url=pin.php?id=3750030&name=alfa%20allegro%20high HTTP/1.1" 200 23230 "-" "Mozilla/5.0 AppleWebKit/537.36 (KHTML, like Gecko; compatible; bingbot/2.0; +http://www.bing.com/bingbot.htm) Chrome/116.0.1938.76 Safari/537.36"
66.249.70.39 - - [29/May/2025:09:14:55 -0400] "GET /?d=115420248260&filter=d99075&share_to_url=discover.php%3Fid%3D3908669%26name%3Dt+shirt+printing+murah HTTP/1.1" 200 23599 "-" "Mozilla/5.0 (Linux; Android 6.0.1; Nexus 5X Build/MMB29P) AppleWebKit/537.36 (KHTML, like Gecko) Chrome/136.0.7103.113 Mobile Safari/537.36 (compatible; Googlebot/2.1; +http://www.google.com/bot.html)"
52.167.144.221 - - [29/May/2025:09:14:56 -0400] "GET /?d=33567148260&filter=7af24f&share_to_url=detail.php%3Fid%3D1141497%26name%3Dcompressed+air+cooler HTTP/1.1" 200 24131 "-" "Mozilla/5.0 AppleWebKit/537.36 (KHTML, like Gecko; compatible; bingbot/2.0; +http://www.bing.com/bingbot.htm) Chrome/116.0.1938.76 Safari/537.36"
52.167.144.212 - - [29/May/2025:09:14:58 -0400] "GET /?d=75165683260&filter=e69463&share_to_url=discover.php%3Fid%3D2547029%26name%3Dducati+launches+new HTTP/1.1" 200 22011 "-" "Mozilla/5.0 AppleWebKit/537.36 (KHTML, like Gecko; compatible; bingbot/2.0; +http://www.bing.com/bingbot.htm) Chrome/116.0.1938.76 Safari/537.36"
52.167.144.221 - - [29/May/2025:09:14:58 -0400] "GET /?d=98842639260&filter=22c4ad&share_to_url=product-page.php?id=3349744&name=kennedy%20center%20announces%20select%20tickets HTTP/1.1" 200 22252 "-" "Mozilla/5.0 AppleWebKit/537.36 (KHTML, like Gecko; compatible; bingbot/2.0; +http://www.bing.com/bingbot.htm) Chrome/116.0.1938.76 Safari/537.36"
52.167.144.212 - - [29/May/2025:09:14:58 -0400] "GET /?d=21418140260&filter=ada5f8&share_to_url=discover.php%3Fid%3D726845%26name%3Dikea+f%C3%84rgklar HTTP/1.1" 200 22443 "-" "Mozilla/5.0 AppleWebKit/537.36 (KHTML, like Gecko; compatible; bingbot/2.0; +http://www.bing.com/bingbot.htm) Chrome/116.0.1938.76 Safari/537.36"
52.167.144.221 - - [29/May/2025:09:14:59 -0400] "GET /?d=114540071260&filter=ec9b91&share_to_url=product-page.php?id=3878716&name=fiat%20ducato%20vans%20hot%20sale HTTP/1.1" 200 24012 "-" "Mozilla/5.0 AppleWebKit/537.36 (KHTML, like Gecko; compatible; bingbot/2.0; +http://www.bing.com/bingbot.htm) Chrome/116.0.1938.76 Safari/537.36"
52.167.144.221 - - [29/May/2025:09:14:59 -0400] "GET /?d=102740686260&filter=2b3734&share_to_url=shop.php?id=3482383&name=graphic%20t%20slim%20shirt HTTP/1.1" 200 24000 "-" "Mozilla/5.0 AppleWebKit/537.36 (KHTML, like Gecko; compatible; bingbot/2.0; +http://www.bing.com/bingbot.htm) Chrome/116.0.1938.76 Safari/537.36"
52.167.144.212 - - [29/May/2025:09:14:59 -0400] "GET /?d=114604547260&filter=cb3ca5&share_to_url=goods.php%3Fid%3D3880823%26name%3Doster+slice+toaster+stainless HTTP/1.1" 200 22056 "-" "Mozilla/5.0 AppleWebKit/537.36 (KHTML, like Gecko; compatible; bingbot/2.0; +http://www.bing.com/bingbot.htm) Chrome/116.0.1938.76 Safari/537.36"
52.167.144.221 - - [29/May/2025:09:15:00 -0400] "GET /?d=110688237260&filter=1d105a&share_to_url=model.php?id=3747471 HTTP/1.1" 200 24467 "-" "Mozilla/5.0 AppleWebKit/537.36 (KHTML, like Gecko; compatible; bingbot/2.0; +http://www.bing.com/bingbot.htm) Chrome/116.0.1938.76 Safari/537.36"
52.167.144.212 - - [29/May/2025:09:15:00 -0400] "GET /?d=60593024260&filter=aca228&share_to_url=shop.php%3Fid%3D2056123%26name%3Dhans+natur+kinder HTTP/1.1" 200 23628 "-" "Mozilla/5.0 AppleWebKit/537.36 (KHTML, like Gecko; compatible; bingbot/2.0; +http://www.bing.com/bingbot.htm) Chrome/116.0.1938.76 Safari/537.36"
52.167.144.221 - - [29/May/2025:09:15:00 -0400] "GET /?d=107402716260&filter=ecb55f&share_to_url=detail.php?id=3637329&name=new%20mags%20the HTTP/1.1" 200 23028 "-" "Mozilla/5.0 AppleWebKit/537.36 (KHTML, like Gecko; compatible; bingbot/2.0; +http://www.bing.com/bingbot.htm) Chrome/116.0.1938.76 Safari/537.36"
52.167.144.212 - - [29/May/2025:09:15:00 -0400] "GET /?d=112068042260&filter=c7968e&share_to_url=ideas.php%3Fid%3D3796044%26name%3Dhanging+bag+organizer HTTP/1.1" 200 24127 "-" "Mozilla/5.0 AppleWebKit/537.36 (KHTML, like Gecko; compatible; bingbot/2.0; +http://www.bing.com/bingbot.htm) Chrome/116.0.1938.76 Safari/537.36"
52.167.144.221 - - [29/May/2025:09:15:01 -0400] "GET /?d=110391071260&filter=6f7032&share_to_url=ideas.php?id=3736812&name=pan%20seared%20oven%20baked%20chicken HTTP/1.1" 200 24005 "-" "Mozilla/5.0 AppleWebKit/537.36 (KHTML, like Gecko; compatible; bingbot/2.0; +http://www.bing.com/bingbot.htm) Chrome/116.0.1938.76 Safari/537.36"
52.167.144.221 - - [29/May/2025:09:15:02 -0400] "GET /?d=101622601260&filter=1c8ef9&share_to_url=ideas.php?id=3445476&name=tucano%20urbano%20r082x HTTP/1.1" 200 23299 "-" "Mozilla/5.0 AppleWebKit/537.36 (KHTML, like Gecko; compatible; bingbot/2.0; +http://www.bing.com/bingbot.htm) Chrome/116.0.1938.76 Safari/537.36"
52.167.144.221 - - [29/May/2025:09:15:02 -0400] "GET /?d=115382228260&filter=400a61&share_to_url=shop.php?id=3907303&name=marmitta%20polini%20team HTTP/1.1" 200 23348 "-" "Mozilla/5.0 AppleWebKit/537.36 (KHTML, like Gecko; compatible; bingbot/2.0; +http://www.bing.com/bingbot.htm) Chrome/116.0.1938.76 Safari/537.36"
52.167.144.221 - - [29/May/2025:09:15:03 -0400] "GET /?d=113825119260&filter=754b31&share_to_url=model.php?id=3854679&name=boldr%20hotsell%20odyssey HTTP/1.1" 200 23670 "-" "Mozilla/5.0 AppleWebKit/537.36 (KHTML, like Gecko; compatible; bingbot/2.0; +http://www.bing.com/bingbot.htm) Chrome/116.0.1938.76 Safari/537.36"
40.77.167.27 - - [29/May/2025:09:15:03 -0400] "GET /?d=105817528260&filter=edd546&share_to_url=item.php%3Fid%3D3584365%26name%3Due+fits+are HTTP/1.1" 200 23397 "-" "Mozilla/5.0 AppleWebKit/537.36 (KHTML, like Gecko; compatible; bingbot/2.0; +http://www.bing.com/bingbot.htm) Chrome/116.0.1938.76 Safari/537.36"
52.167.144.221 - - [29/May/2025:09:15:04 -0400] "GET /?d=105087146260&filter=7dfe8b&share_to_url=shop.php?id=3560203&name=selected%20wide%20amazon HTTP/1.1" 200 22531 "-" "Mozilla/5.0 AppleWebKit/537.36 (KHTML, like Gecko; compatible; bingbot/2.0; +http://www.bing.com/bingbot.htm) Chrome/116.0.1938.76 Safari/537.36"
40.77.167.27 - - [29/May/2025:09:15:04 -0400] "GET /?d=91214748260&filter=eb8c1b&share_to_url=discover.php%3Fid%3D3091301%26name%3Dthis+off+camera+flash HTTP/1.1" 200 22799 "-" "Mozilla/5.0 AppleWebKit/537.36 (KHTML, like Gecko; compatible; bingbot/2.0; +http://www.bing.com/bingbot.htm) Chrome/116.0.1938.76 Safari/537.36"
52.167.144.221 - - [29/May/2025:09:15:04 -0400] "GET /?d=110256718260&filter=3c6ceb&share_to_url=shopdetail.php?id=3731828&name=botina%20de%20seguran%C3%A7a%20hot HTTP/1.1" 200 23524 "-" "Mozilla/5.0 AppleWebKit/537.36 (KHTML, like Gecko; compatible; bingbot/2.0; +http://www.bing.com/bingbot.htm) Chrome/116.0.1938.76 Safari/537.36"
52.167.144.221 - - [29/May/2025:09:15:05 -0400] "GET /?d=111333748260&filter=cc1802&share_to_url=item.php?id=3770497&name=dickies%20shirt%20forest HTTP/1.1" 200 23517 "-" "Mozilla/5.0 AppleWebKit/537.36 (KHTML, like Gecko; compatible; bingbot/2.0; +http://www.bing.com/bingbot.htm) Chrome/116.0.1938.76 Safari/537.36"
52.167.144.221 - - [29/May/2025:09:15:06 -0400] "GET /?d=117483375260&filter=fe5903&share_to_url=product.php?id=3978694&name=district%20one%20ny HTTP/1.1" 200 23934 "-" "Mozilla/5.0 AppleWebKit/537.36 (KHTML, like Gecko; compatible; bingbot/2.0; +http://www.bing.com/bingbot.htm) Chrome/116.0.1938.76 Safari/537.36"
52.167.144.221 - - [29/May/2025:09:15:07 -0400] "GET /?d=95143537260&filter=20ae0e&share_to_url=model.php?id=3223359&name=wedding%20portrait%20of%20a HTTP/1.1" 200 23681 "-" "Mozilla/5.0 AppleWebKit/537.36 (KHTML, like Gecko; compatible; bingbot/2.0; +http://www.bing.com/bingbot.htm) Chrome/116.0.1938.76 Safari/537.36"
52.167.144.221 - - [29/May/2025:09:15:07 -0400] "GET /?d=95464905260&filter=d50c1d&share_to_url=article.php?id=3234422&name=the%2024%20best%20classic HTTP/1.1" 200 24725 "-" "Mozilla/5.0 AppleWebKit/537.36 (KHTML, like Gecko; compatible; bingbot/2.0; +http://www.bing.com/bingbot.htm) Chrome/116.0.1938.76 Safari/537.36"
52.167.144.221 - - [29/May/2025:09:15:08 -0400] "GET /?d=111835845260&filter=80d279&share_to_url=article.php?id=3787946&name=frangos%20charcoal%20chicken%20petersham HTTP/1.1" 200 23493 "-" "Mozilla/5.0 AppleWebKit/537.36 (KHTML, like Gecko; compatible; bingbot/2.0; +http://www.bing.com/bingbot.htm) Chrome/116.0.1938.76 Safari/537.36"
52.167.144.221 - - [29/May/2025:09:15:08 -0400] "GET /?d=116971172260&filter=d0d815&share_to_url=discover.php?id=3961121&name=acg%20tommy%20jeans%20retro HTTP/1.1" 200 23009 "-" "Mozilla/5.0 AppleWebKit/537.36 (KHTML, like Gecko; compatible; bingbot/2.0; +http://www.bing.com/bingbot.htm) Chrome/116.0.1938.76 Safari/537.36"
52.167.144.221 - - [29/May/2025:09:15:09 -0400] "GET /?d=107675189260&filter=23178a&share_to_url=item.php?id=3646069&name=dynex%20green%20chargers HTTP/1.1" 200 24613 "-" "Mozilla/5.0 AppleWebKit/537.36 (KHTML, like Gecko; compatible; bingbot/2.0; +http://www.bing.com/bingbot.htm) Chrome/116.0.1938.76 Safari/537.36"
52.167.144.221 - - [29/May/2025:09:15:10 -0400] "GET /?d=98763356260&filter=ed0729&share_to_url=discover.php?id=3347093&name=buy%20feather%20shaped%20pendant HTTP/1.1" 200 24476 "-" "Mozilla/5.0 AppleWebKit/537.36 (KHTML, like Gecko; compatible; bingbot/2.0; +http://www.bing.com/bingbot.htm) Chrome/116.0.1938.76 Safari/537.36"
52.167.144.221 - - [29/May/2025:09:15:11 -0400] "GET /?d=115573562260&filter=117b29&share_to_url=item.php?id=3913873&name=camera%20body%20caps%20rear HTTP/1.1" 200 23899 "-" "Mozilla/5.0 AppleWebKit/537.36 (KHTML, like Gecko; compatible; bingbot/2.0; +http://www.bing.com/bingbot.htm) Chrome/116.0.1938.76 Safari/537.36"
52.167.144.221 - - [29/May/2025:09:15:12 -0400] "GET /?d=103035608260&filter=b6fea1&share_to_url=pin.php?id=3491790&name=abbe%20glasses%20hurry HTTP/1.1" 200 23933 "-" "Mozilla/5.0 AppleWebKit/537.36 (KHTML, like Gecko; compatible; bingbot/2.0; +http://www.bing.com/bingbot.htm) Chrome/116.0.1938.76 Safari/537.36"
52.167.144.221 - - [29/May/2025:09:15:13 -0400] "GET /?d=97204787260&filter=d98b3e&share_to_url=shop.php?id=3293755&name=22o%20pulsar%20hotsell HTTP/1.1" 200 23485 "-" "Mozilla/5.0 AppleWebKit/537.36 (KHTML, like Gecko; compatible; bingbot/2.0; +http://www.bing.com/bingbot.htm) Chrome/116.0.1938.76 Safari/537.36"
52.167.144.221 - - [29/May/2025:09:15:13 -0400] "GET /?d=108713201260&filter=e82715&share_to_url=item.php?id=3680917&name=hatch%20baby%20smart HTTP/1.1" 200 23905 "-" "Mozilla/5.0 AppleWebKit/537.36 (KHTML, like Gecko; compatible; bingbot/2.0; +http://www.bing.com/bingbot.htm) Chrome/116.0.1938.76 Safari/537.36"
52.167.144.212 - - [29/May/2025:09:15:16 -0400] "GET /?d=98255492260&filter=2b61a2&share_to_url=discover.php%3Fid%3D3329489%26name%3Ddaniella+organic HTTP/1.1" 200 23401 "-" "Mozilla/5.0 AppleWebKit/537.36 (KHTML, like Gecko; compatible; bingbot/2.0; +http://www.bing.com/bingbot.htm) Chrome/116.0.1938.76 Safari/537.36"
52.167.144.221 - - [29/May/2025:09:15:19 -0400] "GET /?d=105110441260&filter=7dfe8b&share_to_url=product.php?id=3560938&name=drops%20flat%20half%20rain HTTP/1.1" 200 23208 "-" "Mozilla/5.0 AppleWebKit/537.36 (KHTML, like Gecko; compatible; bingbot/2.0; +http://www.bing.com/bingbot.htm) Chrome/116.0.1938.76 Safari/537.36"
52.167.144.221 - - [29/May/2025:09:15:19 -0400] "GET /?d=113677974260&filter=e874f3&share_to_url=shop.php%3Fid%3D3849667%26name%3Dgarnet+amethyst+necklace HTTP/1.1" 200 24294 "-" "Mozilla/5.0 AppleWebKit/537.36 (KHTML, like Gecko; compatible; bingbot/2.0; +http://www.bing.com/bingbot.htm) Chrome/116.0.1938.76 Safari/537.36"
52.167.144.221 - - [29/May/2025:09:15:20 -0400] "GET /?d=112539396260&filter=febea6&share_to_url=model.php?id=3812115&name=jumper%20t20%20t20s%20elrs HTTP/1.1" 200 23033 "-" "Mozilla/5.0 AppleWebKit/537.36 (KHTML, like Gecko; compatible; bingbot/2.0; +http://www.bing.com/bingbot.htm) Chrome/116.0.1938.76 Safari/537.36"
52.167.144.221 - - [29/May/2025:09:15:21 -0400] "GET /?d=99427907260&filter=6afb2d&share_to_url=ideas.php%3Fid%3D3369840%26name%3Dskarkali+m%C3%B3torhj%C3%B3lafatna%C3%B0ur HTTP/1.1" 200 22755 "-" "Mozilla/5.0 AppleWebKit/537.36 (KHTML, like Gecko; compatible; bingbot/2.0; +http://www.bing.com/bingbot.htm) Chrome/116.0.1938.76 Safari/537.36"
66.249.70.33 - - [29/May/2025:09:15:21 -0400] "GET /?d=89814316260&filter=b00edb&share_to_url=shop.php%3Fid%3D3044179%26name%3Dthis+4k+webcam HTTP/1.1" 200 22117 "-" "Mozilla/5.0 (Linux; Android 6.0.1; Nexus 5X Build/MMB29P) AppleWebKit/537.36 (KHTML, like Gecko) Chrome/136.0.7103.113 Mobile Safari/537.36 (compatible; Googlebot/2.1; +http://www.google.com/bot.html)"
52.167.144.221 - - [29/May/2025:09:15:21 -0400] "GET /?d=113299151260&filter=21e51a&share_to_url=article.php%3Fid%3D3837374%26name%3Dloungefly+pets+warner+brothers+harry HTTP/1.1" 200 24331 "-" "Mozilla/5.0 AppleWebKit/537.36 (KHTML, like Gecko; compatible; bingbot/2.0; +http://www.bing.com/bingbot.htm) Chrome/116.0.1938.76 Safari/537.36"
52.167.144.170 - - [29/May/2025:09:15:24 -0400] "GET /?d=112545973260&filter=febea6&share_to_url=model.php?id=3812331&name=red5%20motion%20control HTTP/1.1" 200 22307 "-" "Mozilla/5.0 AppleWebKit/537.36 (KHTML, like Gecko; compatible; bingbot/2.0; +http://www.bing.com/bingbot.htm) Chrome/116.0.1938.76 Safari/537.36"
52.167.144.170 - - [29/May/2025:09:15:24 -0400] "GET /?d=115145835260&filter=96a32b&share_to_url=product.php?id=3899194&name=galway%20ierland%20jun HTTP/1.1" 200 23042 "-" "Mozilla/5.0 AppleWebKit/537.36 (KHTML, like Gecko; compatible; bingbot/2.0; +http://www.bing.com/bingbot.htm) Chrome/116.0.1938.76 Safari/537.36"
52.167.144.170 - - [29/May/2025:09:15:25 -0400] "GET /?d=98843700260&filter=22c4ad&share_to_url=ideas.php?id=3349788&name=casio%202594%20hot%20sale HTTP/1.1" 200 22115 "-" "Mozilla/5.0 AppleWebKit/537.36 (KHTML, like Gecko; compatible; bingbot/2.0; +http://www.bing.com/bingbot.htm) Chrome/116.0.1938.76 Safari/537.36"
52.167.144.170 - - [29/May/2025:09:15:25 -0400] "GET /?d=92937619260&filter=eef298&share_to_url=discover.php%3Fid%3D3148817%26name%3Dpininfarina+segno+aero HTTP/1.1" 200 22847 "-" "Mozilla/5.0 AppleWebKit/537.36 (KHTML, like Gecko; compatible; bingbot/2.0; +http://www.bing.com/bingbot.htm) Chrome/116.0.1938.76 Safari/537.36"
52.167.144.170 - - [29/May/2025:09:15:26 -0400] "GET /?d=114872402260&filter=ec40a3&share_to_url=product.php%3Fid%3D3889714%26name%3Ddunne+katoenen+joggingbroek+heren HTTP/1.1" 200 23703 "-" "Mozilla/5.0 AppleWebKit/537.36 (KHTML, like Gecko; compatible; bingbot/2.0; +http://www.bing.com/bingbot.htm) Chrome/116.0.1938.76 Safari/537.36"
52.167.144.170 - - [29/May/2025:09:15:28 -0400] "GET /?d=100403659260&filter=ebf321&share_to_url=pin.php%3Fid%3D3403098%26name%3Dmcelhinneys+dresses+2024 HTTP/1.1" 200 23454 "-" "Mozilla/5.0 AppleWebKit/537.36 (KHTML, like Gecko; compatible; bingbot/2.0; +http://www.bing.com/bingbot.htm) Chrome/116.0.1938.76 Safari/537.36"
52.167.144.170 - - [29/May/2025:09:15:29 -0400] "GET /?d=107336215260&filter=9c413b&share_to_url=detail.php%3Fid%3D3634677%26name%3Dornament+jewelry+vocabulary HTTP/1.1" 200 24241 "-" "Mozilla/5.0 AppleWebKit/537.36 (KHTML, like Gecko; compatible; bingbot/2.0; +http://www.bing.com/bingbot.htm) Chrome/116.0.1938.76 Safari/537.36"
52.167.144.170 - - [29/May/2025:09:15:30 -0400] "GET /?d=39366665260&filter=914454&share_to_url=article.php%3Fid%3D1336190%26name%3D10+occasions+to+gift HTTP/1.1" 200 23908 "-" "Mozilla/5.0 AppleWebKit/537.36 (KHTML, like Gecko; compatible; bingbot/2.0; +http://www.bing.com/bingbot.htm) Chrome/116.0.1938.76 Safari/537.36"
52.167.144.170 - - [29/May/2025:09:15:30 -0400] "GET /?d=111667479260&filter=353642&share_to_url=goods.php%3Fid%3D3782027%26name%3Dchristian+louboutin+platform+heels+for HTTP/1.1" 200 23748 "-" "Mozilla/5.0 AppleWebKit/537.36 (KHTML, like Gecko; compatible; bingbot/2.0; +http://www.bing.com/bingbot.htm) Chrome/116.0.1938.76 Safari/537.36"
52.167.144.170 - - [29/May/2025:09:15:31 -0400] "GET /?d=107796345260&filter=f7447b&share_to_url=pin.php%3Fid%3D3650106%26name%3Dlego+creator+castillo+de HTTP/1.1" 200 22472 "-" "Mozilla/5.0 AppleWebKit/537.36 (KHTML, like Gecko; compatible; bingbot/2.0; +http://www.bing.com/bingbot.htm) Chrome/116.0.1938.76 Safari/537.36"
52.167.144.170 - - [29/May/2025:09:15:35 -0400] "GET /?d=94604593260&filter=99bfb5&share_to_url=product-page.php%3Fid%3D3205588%26name%3Dbridlington+anglers HTTP/1.1" 200 23585 "-" "Mozilla/5.0 AppleWebKit/537.36 (KHTML, like Gecko; compatible; bingbot/2.0; +http://www.bing.com/bingbot.htm) Chrome/116.0.1938.76 Safari/537.36"
52.167.144.170 - - [29/May/2025:09:15:35 -0400] "GET /?d=53127267260&filter=767074&share_to_url=shopdetail.php%3Fid%3D1805168%26name%3Dt+shirt+batwing+gris+fille HTTP/1.1" 200 23724 "-" "Mozilla/5.0 AppleWebKit/537.36 (KHTML, like Gecko; compatible; bingbot/2.0; +http://www.bing.com/bingbot.htm) Chrome/116.0.1938.76 Safari/537.36"
40.77.167.27 - - [29/May/2025:09:15:36 -0400] "GET /?d=109112307260&filter=28e007&share_to_url=goods.php%3Fid%3D3693899%26name%3Dfm+jean+paul+gaultier HTTP/1.1" 200 22200 "-" "Mozilla/5.0 AppleWebKit/537.36 (KHTML, like Gecko; compatible; bingbot/2.0; +http://www.bing.com/bingbot.htm) Chrome/116.0.1938.76 Safari/537.36"
52.167.144.170 - - [29/May/2025:09:15:36 -0400] "GET /?d=48537980260&filter=d9247f&share_to_url=goods.php%3Fid%3D1649963%26name%3Dcosbaby+deadpool+chef+deadpool+bobble+head HTTP/1.1" 200 23409 "-" "Mozilla/5.0 AppleWebKit/537.36 (KHTML, like Gecko; compatible; bingbot/2.0; +http://www.bing.com/bingbot.htm) Chrome/116.0.1938.76 Safari/537.36"
43.159.141.150 - - [29/May/2025:09:15:36 -0400] "GET / HTTP/1.1" 302 0 "http://churchmr.com" "Mozilla/5.0 (iPhone; CPU iPhone OS 13_2_3 like Mac OS X) AppleWebKit/605.1.15 (KHTML, like Gecko) Version/13.0.3 Mobile/15E148 Safari/604.1"
52.167.144.170 - - [29/May/2025:09:15:37 -0400] "GET /?d=42557929260&filter=85ff31&share_to_url=shopdetail.php%3Fid%3D1444088%26name%3Dadidas+switch+run+w+wonder HTTP/1.1" 200 22801 "-" "Mozilla/5.0 AppleWebKit/537.36 (KHTML, like Gecko; compatible; bingbot/2.0; +http://www.bing.com/bingbot.htm) Chrome/116.0.1938.76 Safari/537.36"
52.167.144.170 - - [29/May/2025:09:15:37 -0400] "GET /?d=98813013260&filter=162259&share_to_url=product-page.php%3Fid%3D3348688%26name%3Dds+electronic+aquafresh HTTP/1.1" 200 23773 "-" "Mozilla/5.0 AppleWebKit/537.36 (KHTML, like Gecko; compatible; bingbot/2.0; +http://www.bing.com/bingbot.htm) Chrome/116.0.1938.76 Safari/537.36"
52.167.144.170 - - [29/May/2025:09:15:38 -0400] "GET /?d=84939393260&filter=144b1a&share_to_url=shopdetail.php%3Fid%3D2876696%26name%3Dcalzado+aquarella+by+bata HTTP/1.1" 200 23678 "-" "Mozilla/5.0 AppleWebKit/537.36 (KHTML, like Gecko; compatible; bingbot/2.0; +http://www.bing.com/bingbot.htm) Chrome/116.0.1938.76 Safari/537.36"
66.249.70.39 - - [29/May/2025:09:15:38 -0400] "GET /?d=91756035260&filter=c3ec3a&share_to_url=discover.php%3Fid%3D3109205%26name%3Dzapras+bolso HTTP/1.1" 200 23700 "-" "Mozilla/5.0 (Linux; Android 6.0.1; Nexus 5X Build/MMB29P) AppleWebKit/537.36 (KHTML, like Gecko) Chrome/136.0.7103.113 Mobile Safari/537.36 (compatible; Googlebot/2.1; +http://www.google.com/bot.html)"
52.167.144.170 - - [29/May/2025:09:15:39 -0400] "GET /?d=96079788260&filter=4125cd&share_to_url=product-page.php%3Fid%3D3255256%26name%3Dbashundhara+pants+diaper HTTP/1.1" 200 23973 "-" "Mozilla/5.0 AppleWebKit/537.36 (KHTML, like Gecko; compatible; bingbot/2.0; +http://www.bing.com/bingbot.htm) Chrome/116.0.1938.76 Safari/537.36"
52.167.144.170 - - [29/May/2025:09:15:40 -0400] "GET /?d=95878018260&filter=934019&share_to_url=product.php%3Fid%3D3248470%26name%3Dnewfeel+women+active HTTP/1.1" 200 23905 "-" "Mozilla/5.0 AppleWebKit/537.36 (KHTML, like Gecko; compatible; bingbot/2.0; +http://www.bing.com/bingbot.htm) Chrome/116.0.1938.76 Safari/537.36"
52.167.144.212 - - [29/May/2025:09:15:40 -0400] "GET /?d=103765036260&filter=05d6a9&share_to_url=article.php%3Fid%3D3515762%26name%3Daprovecha+las+%C3%BAltimas HTTP/1.1" 200 24707 "-" "Mozilla/5.0 AppleWebKit/537.36 (KHTML, like Gecko; compatible; bingbot/2.0; +http://www.bing.com/bingbot.htm) Chrome/116.0.1938.76 Safari/537.36"
52.167.144.170 - - [29/May/2025:09:15:40 -0400] "GET /?d=107163360260&filter=89626b&share_to_url=shop.php%3Fid%3D3629023%26name%3Dhackers+take+over HTTP/1.1" 200 24226 "-" "Mozilla/5.0 AppleWebKit/537.36 (KHTML, like Gecko; compatible; bingbot/2.0; +http://www.bing.com/bingbot.htm) Chrome/116.0.1938.76 Safari/537.36"
43.159.141.150 - - [29/May/2025:09:15:41 -0400] "GET /loginn.php HTTP/1.1" 200 970 "https://churchmr.com/" "Mozilla/5.0 (iPhone; CPU iPhone OS 13_2_3 like Mac OS X) AppleWebKit/605.1.15 (KHTML, like Gecko) Version/13.0.3 Mobile/15E148 Safari/604.1"
52.167.144.170 - - [29/May/2025:09:15:41 -0400] "GET /?d=115439984260&filter=c51e37&share_to_url=shop.php%3Fid%3D3909355%26name%3Ddog+carriers+air HTTP/1.1" 200 23346 "-" "Mozilla/5.0 AppleWebKit/537.36 (KHTML, like Gecko; compatible; bingbot/2.0; +http://www.bing.com/bingbot.htm) Chrome/116.0.1938.76 Safari/537.36"
52.167.144.170 - - [29/May/2025:09:15:42 -0400] "GET /?d=94717940260&filter=f068d5&share_to_url=detail.php%3Fid%3D3209397%26name%3Dlanza+roam+luggage HTTP/1.1" 200 24354 "-" "Mozilla/5.0 AppleWebKit/537.36 (KHTML, like Gecko; compatible; bingbot/2.0; +http://www.bing.com/bingbot.htm) Chrome/116.0.1938.76 Safari/537.36"
52.167.144.170 - - [29/May/2025:09:15:43 -0400] "GET /?d=91416363260&filter=1876cd&share_to_url=pin.php%3Fid%3D3098046%26name%3Dtrendy+309+fancy HTTP/1.1" 200 24656 "-" "Mozilla/5.0 AppleWebKit/537.36 (KHTML, like Gecko; compatible; bingbot/2.0; +http://www.bing.com/bingbot.htm) Chrome/116.0.1938.76 Safari/537.36"
52.167.144.212 - - [29/May/2025:09:15:45 -0400] "GET /?d=3257279260&filter=132c35&share_to_url=product.php%3Fid%3D112258%26name%3Dtop+free+udacity+courses HTTP/1.1" 200 23922 "-" "Mozilla/5.0 AppleWebKit/537.36 (KHTML, like Gecko; compatible; bingbot/2.0; +http://www.bing.com/bingbot.htm) Chrome/116.0.1938.76 Safari/537.36"
52.167.144.170 - - [29/May/2025:09:15:46 -0400] "GET /?d=97865246260&filter=e3650e&share_to_url=model.php?id=3316875&name=ekoneem%20oil%20top HTTP/1.1" 200 22318 "-" "Mozilla/5.0 AppleWebKit/537.36 (KHTML, like Gecko; compatible; bingbot/2.0; +http://www.bing.com/bingbot.htm) Chrome/116.0.1938.76 Safari/537.36"
52.167.144.170 - - [29/May/2025:09:15:47 -0400] "GET /?d=98459617260&filter=58ce6a&share_to_url=product.php?id=3336778&name=cotton%20unisex%20full HTTP/1.1" 200 24560 "-" "Mozilla/5.0 AppleWebKit/537.36 (KHTML, like Gecko; compatible; bingbot/2.0; +http://www.bing.com/bingbot.htm) Chrome/116.0.1938.76 Safari/537.36"
52.167.144.170 - - [29/May/2025:09:15:47 -0400] "GET /?d=104457585260&filter=7af24f&share_to_url=detail.php?id=3539421&name=f3%20yeti%20rambler HTTP/1.1" 200 24394 "-" "Mozilla/5.0 AppleWebKit/537.36 (KHTML, like Gecko; compatible; bingbot/2.0; +http://www.bing.com/bingbot.htm) Chrome/116.0.1938.76 Safari/537.36"
52.167.144.170 - - [29/May/2025:09:15:48 -0400] "GET /?d=99497649260&filter=6afb2d&share_to_url=detail.php?id=3372249&name=sith%20trooper%20helmet%20diy HTTP/1.1" 200 24105 "-" "Mozilla/5.0 AppleWebKit/537.36 (KHTML, like Gecko; compatible; bingbot/2.0; +http://www.bing.com/bingbot.htm) Chrome/116.0.1938.76 Safari/537.36"
52.167.144.170 - - [29/May/2025:09:15:49 -0400] "GET /?d=110330881260&filter=a61e7f&share_to_url=goods.php%3Fid%3D3734687%26name%3Dkids+green HTTP/1.1" 200 23237 "-" "Mozilla/5.0 AppleWebKit/537.36 (KHTML, like Gecko; compatible; bingbot/2.0; +http://www.bing.com/bingbot.htm) Chrome/116.0.1938.76 Safari/537.36"
52.167.144.170 - - [29/May/2025:09:15:49 -0400] "GET /?d=110005864260&filter=ca372c&share_to_url=detail.php%3Fid%3D3723069%26name%3Deye+one+xtreme+v2 HTTP/1.1" 200 23553 "-" "Mozilla/5.0 AppleWebKit/537.36 (KHTML, like Gecko; compatible; bingbot/2.0; +http://www.bing.com/bingbot.htm) Chrome/116.0.1938.76 Safari/537.36"
52.167.144.170 - - [29/May/2025:09:15:50 -0400] "GET /?d=113753241260&filter=c19a1f&share_to_url=model.php%3Fid%3D3852063%26name%3Dhumor+rolex HTTP/1.1" 200 24389 "-" "Mozilla/5.0 AppleWebKit/537.36 (KHTML, like Gecko; compatible; bingbot/2.0; +http://www.bing.com/bingbot.htm) Chrome/116.0.1938.76 Safari/537.36"
52.167.144.170 - - [29/May/2025:09:15:51 -0400] "GET /?d=88073793260&filter=772a7d&share_to_url=item.php%3Fid%3D2984389%26name%3Dlauson+shop+om83+opiniones HTTP/1.1" 200 23166 "-" "Mozilla/5.0 AppleWebKit/537.36 (KHTML, like Gecko; compatible; bingbot/2.0; +http://www.bing.com/bingbot.htm) Chrome/116.0.1938.76 Safari/537.36"
52.167.144.170 - - [29/May/2025:09:15:52 -0400] "GET /?d=95087246260&filter=2b9fbf&share_to_url=item.php%3Fid%3D3221497%26name%3Dmetallic+wrap+around HTTP/1.1" 200 23764 "-" "Mozilla/5.0 AppleWebKit/537.36 (KHTML, like Gecko; compatible; bingbot/2.0; +http://www.bing.com/bingbot.htm) Chrome/116.0.1938.76 Safari/537.36"
52.167.144.170 - - [29/May/2025:09:15:52 -0400] "GET /?d=112970413260&filter=77322a&share_to_url=shopdetail.php%3Fid%3D3825908%26name%3Dlego+boost+can HTTP/1.1" 200 22952 "-" "Mozilla/5.0 AppleWebKit/537.36 (KHTML, like Gecko; compatible; bingbot/2.0; +http://www.bing.com/bingbot.htm) Chrome/116.0.1938.76 Safari/537.36"
52.167.144.170 - - [29/May/2025:09:15:53 -0400] "GET /?d=107336175260&filter=9c413b&share_to_url=shopdetail.php%3Fid%3D3634676%26name%3Dbuy+raja+rani HTTP/1.1" 200 24424 "-" "Mozilla/5.0 AppleWebKit/537.36 (KHTML, like Gecko; compatible; bingbot/2.0; +http://www.bing.com/bingbot.htm) Chrome/116.0.1938.76 Safari/537.36"
40.77.167.27 - - [29/May/2025:09:15:53 -0400] "GET /?d=46563528260&filter=95c78c&share_to_url=ideas.php%3Fid%3D1580496%26name%3Dprivate+label+sadoer+joint HTTP/1.1" 200 24859 "-" "Mozilla/5.0 AppleWebKit/537.36 (KHTML, like Gecko; compatible; bingbot/2.0; +http://www.bing.com/bingbot.htm) Chrome/116.0.1938.76 Safari/537.36"
52.167.144.170 - - [29/May/2025:09:15:54 -0400] "GET /?d=100759304260&filter=5919d3&share_to_url=product.php%3Fid%3D3415042%26name%3Dvelour+sweatshirt+for+girls HTTP/1.1" 200 24094 "-" "Mozilla/5.0 AppleWebKit/537.36 (KHTML, like Gecko; compatible; bingbot/2.0; +http://www.bing.com/bingbot.htm) Chrome/116.0.1938.76 Safari/537.36"
52.167.144.170 - - [29/May/2025:09:15:55 -0400] "GET /?d=92646997260&filter=23a820&share_to_url=item.php%3Fid%3D3139129%26name%3Dmarilyn+button+collared+swing HTTP/1.1" 200 24028 "-" "Mozilla/5.0 AppleWebKit/537.36 (KHTML, like Gecko; compatible; bingbot/2.0; +http://www.bing.com/bingbot.htm) Chrome/116.0.1938.76 Safari/537.36"
52.167.144.170 - - [29/May/2025:09:15:55 -0400] "GET /?d=112739321260&filter=5118fa&share_to_url=article.php%3Fid%3D3818582%26name%3Danthropologie+moth+sherpa HTTP/1.1" 200 24265 "-" "Mozilla/5.0 AppleWebKit/537.36 (KHTML, like Gecko; compatible; bingbot/2.0; +http://www.bing.com/bingbot.htm) Chrome/116.0.1938.76 Safari/537.36"
52.167.144.170 - - [29/May/2025:09:15:56 -0400] "GET /?d=97647780260&filter=3217d2&share_to_url=model.php%3Fid%3D3309375%26name%3Dskechers+gobionic+trail HTTP/1.1" 200 22113 "-" "Mozilla/5.0 AppleWebKit/537.36 (KHTML, like Gecko; compatible; bingbot/2.0; +http://www.bing.com/bingbot.htm) Chrome/116.0.1938.76 Safari/537.36"
52.167.144.221 - - [29/May/2025:09:16:01 -0400] "GET /?d=114002928260&filter=bce36f&share_to_url=discover.php?id=3860921&name=carg7%20bluetooth%20car HTTP/1.1" 200 22960 "-" "Mozilla/5.0 AppleWebKit/537.36 (KHTML, like Gecko; compatible; bingbot/2.0; +http://www.bing.com/bingbot.htm) Chrome/116.0.1938.76 Safari/537.36"
52.167.144.221 - - [29/May/2025:09:16:02 -0400] "GET /?d=105615435260&filter=203e31&share_to_url=detail.php?id=3577749&name=sxv%20039%20never%20give%20up%20039%20printed HTTP/1.1" 200 23511 "-" "Mozilla/5.0 AppleWebKit/537.36 (KHTML, like Gecko; compatible; bingbot/2.0; +http://www.bing.com/bingbot.htm) Chrome/116.0.1938.76 Safari/537.36"
52.167.144.221 - - [29/May/2025:09:16:03 -0400] "GET /?d=96481606260&filter=f4b633&share_to_url=article.php?id=3268886&name=best%20rattan%20hotsell HTTP/1.1" 200 22936 "-" "Mozilla/5.0 AppleWebKit/537.36 (KHTML, like Gecko; compatible; bingbot/2.0; +http://www.bing.com/bingbot.htm) Chrome/116.0.1938.76 Safari/537.36"
52.167.144.221 - - [29/May/2025:09:16:03 -0400] "GET /?d=93129190260&filter=75d149&share_to_url=product.php?id=3155326&name=wit%20wisdom%20elastic HTTP/1.1" 200 24285 "-" "Mozilla/5.0 AppleWebKit/537.36 (KHTML, like Gecko; compatible; bingbot/2.0; +http://www.bing.com/bingbot.htm) Chrome/116.0.1938.76 Safari/537.36"
52.167.144.221 - - [29/May/2025:09:16:04 -0400] "GET /?d=117904076260&filter=7e48cd&share_to_url=shopdetail.php?id=3993008&name=old%20telephone%20seat HTTP/1.1" 200 24350 "-" "Mozilla/5.0 AppleWebKit/537.36 (KHTML, like Gecko; compatible; bingbot/2.0; +http://www.bing.com/bingbot.htm) Chrome/116.0.1938.76 Safari/537.36"
52.167.144.212 - - [29/May/2025:09:16:05 -0400] "GET /?d=97907056260&filter=64a9bc&share_to_url=article.php%3Fid%3D3318242%26name%3Dshopping+femmes HTTP/1.1" 200 24031 "-" "Mozilla/5.0 AppleWebKit/537.36 (KHTML, like Gecko; compatible; bingbot/2.0; +http://www.bing.com/bingbot.htm) Chrome/116.0.1938.76 Safari/537.36"
40.77.167.42 - - [29/May/2025:09:16:05 -0400] "GET /?d=111192382260&filter=7ffa06&share_to_url=item.php%3Fid%3D3765277%26name%3Dminiboz+dog+breed HTTP/1.1" 200 23357 "-" "Mozilla/5.0 AppleWebKit/537.36 (KHTML, like Gecko; compatible; bingbot/2.0; +http://www.bing.com/bingbot.htm) Chrome/116.0.1938.76 Safari/537.36"
52.167.144.170 - - [29/May/2025:09:16:06 -0400] "GET /?d=106855126260&filter=be673b&share_to_url=detail.php?id=3619053&name=mizuno%20wave%20z4 HTTP/1.1" 200 21548 "-" "Mozilla/5.0 AppleWebKit/537.36 (KHTML, like Gecko; compatible; bingbot/2.0; +http://www.bing.com/bingbot.htm) Chrome/116.0.1938.76 Safari/537.36"
66.249.70.33 - - [29/May/2025:09:16:06 -0400] "GET /?d=100113173260&filter=3b16e9&share_to_url=item.php%3Fid%3D3392977%26name%3Dbanananina+meet HTTP/1.1" 200 24125 "-" "Mozilla/5.0 (Linux; Android 6.0.1; Nexus 5X Build/MMB29P) AppleWebKit/537.36 (KHTML, like Gecko) Chrome/136.0.7103.113 Mobile Safari/537.36 (compatible; Googlebot/2.1; +http://www.google.com/bot.html)"
52.167.144.170 - - [29/May/2025:09:16:06 -0400] "GET /?d=117027254260&filter=40f37c&share_to_url=item.php?id=3963109&name=bonhams%20a%20gone HTTP/1.1" 200 24036 "-" "Mozilla/5.0 AppleWebKit/537.36 (KHTML, like Gecko; compatible; bingbot/2.0; +http://www.bing.com/bingbot.htm) Chrome/116.0.1938.76 Safari/537.36"
52.167.144.170 - - [29/May/2025:09:16:07 -0400] "GET /?d=109100844260&filter=6d6f21&share_to_url=shop.php?id=3693451&name=cala%20orange%20handbag HTTP/1.1" 200 24297 "-" "Mozilla/5.0 AppleWebKit/537.36 (KHTML, like Gecko; compatible; bingbot/2.0; +http://www.bing.com/bingbot.htm) Chrome/116.0.1938.76 Safari/537.36"
52.167.144.170 - - [29/May/2025:09:16:08 -0400] "GET /?d=107348181260&filter=7f045f&share_to_url=detail.php?id=3635049&name=meet%20the%20kissing HTTP/1.1" 200 24648 "-" "Mozilla/5.0 AppleWebKit/537.36 (KHTML, like Gecko; compatible; bingbot/2.0; +http://www.bing.com/bingbot.htm) Chrome/116.0.1938.76 Safari/537.36"
52.167.144.170 - - [29/May/2025:09:16:09 -0400] "GET /?d=96908754260&filter=3cd9b2&share_to_url=shopdetail.php%3Fid%3D3283460%26name%3D2000+geoffrey+toys+r+us+animal HTTP/1.1" 200 22713 "-" "Mozilla/5.0 AppleWebKit/537.36 (KHTML, like Gecko; compatible; bingbot/2.0; +http://www.bing.com/bingbot.htm) Chrome/116.0.1938.76 Safari/537.36"
52.167.144.221 - - [29/May/2025:09:16:14 -0400] "GET /?d=102740686260&filter=2b3734&share_to_url=shop.php?id=3482383&name=graphic%20t%20slim%20shirt HTTP/1.1" 200 24062 "-" "Mozilla/5.0 AppleWebKit/537.36 (KHTML, like Gecko; compatible; bingbot/2.0; +http://www.bing.com/bingbot.htm) Chrome/116.0.1938.76 Safari/537.36"
52.167.144.221 - - [29/May/2025:09:16:15 -0400] "GET /?d=109782752260&filter=01758e&share_to_url=detail.php?id=3715725&name=barbie%20la%20princesa HTTP/1.1" 200 23763 "-" "Mozilla/5.0 AppleWebKit/537.36 (KHTML, like Gecko; compatible; bingbot/2.0; +http://www.bing.com/bingbot.htm) Chrome/116.0.1938.76 Safari/537.36"
52.167.144.221 - - [29/May/2025:09:16:16 -0400] "GET /?d=117603673260&filter=edc3db&share_to_url=pin.php?id=3982782&name=cooking%20tips HTTP/1.1" 200 25006 "-" "Mozilla/5.0 AppleWebKit/537.36 (KHTML, like Gecko; compatible; bingbot/2.0; +http://www.bing.com/bingbot.htm) Chrome/116.0.1938.76 Safari/537.36"
52.167.144.221 - - [29/May/2025:09:16:16 -0400] "GET /?d=108917063260&filter=af4b8a&share_to_url=product.php%3Fid%3D3687466%26name%3Dazazie+teton+ready HTTP/1.1" 200 23358 "-" "Mozilla/5.0 AppleWebKit/537.36 (KHTML, like Gecko; compatible; bingbot/2.0; +http://www.bing.com/bingbot.htm) Chrome/116.0.1938.76 Safari/537.36"
52.167.144.212 - - [29/May/2025:09:16:16 -0400] "GET /?d=98649345260&filter=1c81c9&share_to_url=product-page.php%3Fid%3D3343264%26name%3Dv%C3%AAtements+anti+uv+pour+la+baignade HTTP/1.1" 200 22984 "-" "Mozilla/5.0 AppleWebKit/537.36 (KHTML, like Gecko; compatible; bingbot/2.0; +http://www.bing.com/bingbot.htm) Chrome/116.0.1938.76 Safari/537.36"
52.167.144.221 - - [29/May/2025:09:16:17 -0400] "GET /?d=98354199260&filter=2ae663&share_to_url=discover.php%3Fid%3D3333221%26name%3Dclassic+racing+motorcycles+2025 HTTP/1.1" 200 23490 "-" "Mozilla/5.0 AppleWebKit/537.36 (KHTML, like Gecko; compatible; bingbot/2.0; +http://www.bing.com/bingbot.htm) Chrome/116.0.1938.76 Safari/537.36"
52.167.144.212 - - [29/May/2025:09:16:17 -0400] "GET /?d=98953400260&filter=61fa9d&share_to_url=product.php%3Fid%3D3353374%26name%3Dairpods+are+now+easier HTTP/1.1" 200 24290 "-" "Mozilla/5.0 AppleWebKit/537.36 (KHTML, like Gecko; compatible; bingbot/2.0; +http://www.bing.com/bingbot.htm) Chrome/116.0.1938.76 Safari/537.36"
40.77.167.74 - - [29/May/2025:09:16:19 -0400] "GET /?d=117326733260&filter=25e9e2&share_to_url=detail.php?id=3973557&name=aarohi%20dil%20todne%20se HTTP/1.1" 200 24299 "-" "Mozilla/5.0 AppleWebKit/537.36 (KHTML, like Gecko; compatible; bingbot/2.0; +http://www.bing.com/bingbot.htm) Chrome/116.0.1938.76 Safari/537.36"
40.77.167.74 - - [29/May/2025:09:16:20 -0400] "GET /?d=100188114260&filter=e0b3ef&share_to_url=article.php?id=3395510&name=derwent%20world%20patents%20index HTTP/1.1" 200 23611 "-" "Mozilla/5.0 AppleWebKit/537.36 (KHTML, like Gecko; compatible; bingbot/2.0; +http://www.bing.com/bingbot.htm) Chrome/116.0.1938.76 Safari/537.36"
66.249.70.32 - - [29/May/2025:09:16:20 -0400] "GET /?d=99453483260&filter=8c4686&share_to_url=model.php%3Fid%3D3370755%26name%3Dcheap+fashion+kids+boys+two+piece HTTP/1.1" 200 23481 "-" "Mozilla/5.0 (Linux; Android 6.0.1; Nexus 5X Build/MMB29P) AppleWebKit/537.36 (KHTML, like Gecko) Chrome/136.0.7103.113 Mobile Safari/537.36 (compatible; Googlebot/2.1; +http://www.google.com/bot.html)"
40.77.167.74 - - [29/May/2025:09:16:20 -0400] "GET /?d=115576172260&filter=117b29&share_to_url=item.php?id=3913993&name=buy%20wyze%20cam%20v3 HTTP/1.1" 200 22953 "-" "Mozilla/5.0 AppleWebKit/537.36 (KHTML, like Gecko; compatible; bingbot/2.0; +http://www.bing.com/bingbot.htm) Chrome/116.0.1938.76 Safari/537.36"
40.77.167.74 - - [29/May/2025:09:16:21 -0400] "GET /?d=105243877260&filter=65e9c5&share_to_url=model.php?id=3565599&name=baby%20eco%20jackets HTTP/1.1" 200 24035 "-" "Mozilla/5.0 AppleWebKit/537.36 (KHTML, like Gecko; compatible; bingbot/2.0; +http://www.bing.com/bingbot.htm) Chrome/116.0.1938.76 Safari/537.36"
40.77.167.74 - - [29/May/2025:09:16:22 -0400] "GET /?d=106298486260&filter=654806&share_to_url=product-page.php?id=3600244&name=men%20039%20s%20shoes%20diesel HTTP/1.1" 200 22840 "-" "Mozilla/5.0 AppleWebKit/537.36 (KHTML, like Gecko; compatible; bingbot/2.0; +http://www.bing.com/bingbot.htm) Chrome/116.0.1938.76 Safari/537.36"
