52.167.144.186 - - [29/May/2025:08:24:31 -0400] "GET /?d=29173142260&filter=edd546&share_to_url=item.php%3Fid%3D990961%26name%3Djbl+t205bt+in+ear HTTP/1.1" 200 0 "-" "Mozilla/5.0 AppleWebKit/537.36 (KHTML, like Gecko; compatible; bingbot/2.0; +http://www.bing.com/bingbot.htm) Chrome/116.0.1938.76 Safari/537.36"
66.249.70.39 - - [29/May/2025:08:23:51 -0400] "GET /?d=98405151260&filter=128aa4&share_to_url=discover.php%3Fid%3D3335141%26name%3Dclearwater+lightweight+mesh+fishing+vest HTTP/1.1" 302 0 "-" "Mozilla/5.0 (Linux; Android 6.0.1; Nexus 5X Build/MMB29P) AppleWebKit/537.36 (KHTML, like Gecko) Chrome/136.0.7103.113 Mobile Safari/537.36 (compatible; Googlebot/2.1; +http://www.google.com/bot.html)"
66.249.70.39 - - [29/May/2025:08:25:29 -0400] "GET /loginn.php HTTP/1.1" 200 832 "-" "Mozilla/5.0 (Linux; Android 6.0.1; Nexus 5X Build/MMB29P) AppleWebKit/537.36 (KHTML, like Gecko) Chrome/136.0.7103.113 Mobile Safari/537.36 (compatible; Googlebot/2.1; +http://www.google.com/bot.html)"
52.167.144.174 - - [29/May/2025:08:24:44 -0400] "GET /?d=102471177260&filter=7254a2&share_to_url=product-page.php?id=3473380&name=robe%20de%20cocktail%20rose%20poudr%C3%A9 HTTP/1.1" 200 0 "-" "Mozilla/5.0 AppleWebKit/537.36 (KHTML, like Gecko; compatible; bingbot/2.0; +http://www.bing.com/bingbot.htm) Chrome/116.0.1938.76 Safari/537.36"
52.167.144.174 - - [29/May/2025:08:24:53 -0400] "GET /?d=103679461260&filter=e874f3&share_to_url=shop.php?id=3512923&name=1pcs%20chakra%20healing HTTP/1.1" 200 0 "-" "Mozilla/5.0 AppleWebKit/537.36 (KHTML, like Gecko; compatible; bingbot/2.0; +http://www.bing.com/bingbot.htm) Chrome/116.0.1938.76 Safari/537.36"
66.249.70.39 - - [29/May/2025:08:24:18 -0400] "GET /?d=101847001260&filter=de6ef0&share_to_url=article.php%3Fid%3D3452678%26name%3Dbrand+new+women+039+s+helly+hansen HTTP/1.1" 302 0 "-" "Mozilla/5.0 (Linux; Android 6.0.1; Nexus 5X Build/MMB29P) AppleWebKit/537.36 (KHTML, like Gecko) Chrome/136.0.7103.113 Mobile Safari/537.36 (compatible; Googlebot/2.1; +http://www.google.com/bot.html)"
66.249.70.39 - - [29/May/2025:08:25:48 -0400] "GET /loginn.php HTTP/1.1" 200 832 "-" "Mozilla/5.0 (Linux; Android 6.0.1; Nexus 5X Build/MMB29P) AppleWebKit/537.36 (KHTML, like Gecko) Chrome/136.0.7103.113 Mobile Safari/537.36 (compatible; Googlebot/2.1; +http://www.google.com/bot.html)"
66.249.70.39 - - [29/May/2025:08:24:18 -0400] "GET /?d=98239720260&filter=84e315&share_to_url=item.php%3Fid%3D3328909%26name%3Dqueen+blue+kanchi HTTP/1.1" 302 0 "-" "Mozilla/5.0 (Linux; Android 6.0.1; Nexus 5X Build/MMB29P) AppleWebKit/537.36 (KHTML, like Gecko) Chrome/136.0.7103.113 Mobile Safari/537.36 (compatible; Googlebot/2.1; +http://www.google.com/bot.html)"
66.249.70.39 - - [29/May/2025:08:25:49 -0400] "GET /loginn.php HTTP/1.1" 200 832 "-" "Mozilla/5.0 (Linux; Android 6.0.1; Nexus 5X Build/MMB29P) AppleWebKit/537.36 (KHTML, like Gecko) Chrome/136.0.7103.113 Mobile Safari/537.36 (compatible; Googlebot/2.1; +http://www.google.com/bot.html)"
40.77.167.151 - - [29/May/2025:08:24:59 -0400] "GET /?d=106661276260&filter=b00345&share_to_url=model.php%3Fid%3D3612363%26name%3Dclub+new+omega HTTP/1.1" 200 0 "-" "Mozilla/5.0 AppleWebKit/537.36 (KHTML, like Gecko; compatible; bingbot/2.0; +http://www.bing.com/bingbot.htm) Chrome/116.0.1938.76 Safari/537.36"
52.167.144.186 - - [29/May/2025:08:25:12 -0400] "GET /?d=16209480260&filter=14708a&share_to_url=product.php%3Fid%3D552694%26name%3Dscott+cr1+10+2014 HTTP/1.1" 200 0 "-" "Mozilla/5.0 AppleWebKit/537.36 (KHTML, like Gecko; compatible; bingbot/2.0; +http://www.bing.com/bingbot.htm) Chrome/116.0.1938.76 Safari/537.36"
40.77.167.78 - - [29/May/2025:08:25:14 -0400] "GET /?d=111208371260&filter=6f7032&share_to_url=article.php?id=3765902&name=cheese%20stuffed%20chicken%20parmesan HTTP/1.1" 200 0 "-" "Mozilla/5.0 AppleWebKit/537.36 (KHTML, like Gecko; compatible; bingbot/2.0; +http://www.bing.com/bingbot.htm) Chrome/116.0.1938.76 Safari/537.36"
4.43.184.114 - - [29/May/2025:08:24:37 -0400] "GET /hope/loginn.php HTTP/1.0" 302 0 "-" "Mozilla/5.0 (Windows; U; Windows NT 6.0; en-US; rv:1.9.2.8) Gecko/20100722 Firefox/3.6.8"
66.249.70.39 - - [29/May/2025:08:24:43 -0400] "GET /?d=101957347260&filter=882db7&share_to_url=ideas.php%3Fid%3D3456276%26name%3Dpan+bauletto+linea+bella HTTP/1.1" 302 0 "-" "Mozilla/5.0 (Linux; Android 6.0.1; Nexus 5X Build/MMB29P) AppleWebKit/537.36 (KHTML, like Gecko) Chrome/136.0.7103.113 Mobile Safari/537.36 (compatible; Googlebot/2.1; +http://www.google.com/bot.html)"
66.249.70.39 - - [29/May/2025:08:26:13 -0400] "GET /loginn.php HTTP/1.1" 200 832 "-" "Mozilla/5.0 (Linux; Android 6.0.1; Nexus 5X Build/MMB29P) AppleWebKit/537.36 (KHTML, like Gecko) Chrome/136.0.7103.113 Mobile Safari/537.36 (compatible; Googlebot/2.1; +http://www.google.com/bot.html)"
40.77.167.78 - - [29/May/2025:08:25:23 -0400] "GET /?d=100633499260&filter=bfc81f&share_to_url=model.php?id=3411027&name=stigmata%20rival%202x%20axs HTTP/1.1" 200 0 "-" "Mozilla/5.0 AppleWebKit/537.36 (KHTML, like Gecko; compatible; bingbot/2.0; +http://www.bing.com/bingbot.htm) Chrome/116.0.1938.76 Safari/537.36"
40.77.167.78 - - [29/May/2025:08:25:43 -0400] "GET /?d=116558572260&filter=1876cd&share_to_url=pin.php?id=3947214&name=sustainable%20organic%20basics%20clothes HTTP/1.1" 200 0 "-" "Mozilla/5.0 AppleWebKit/537.36 (KHTML, like Gecko; compatible; bingbot/2.0; +http://www.bing.com/bingbot.htm) Chrome/116.0.1938.76 Safari/537.36"
66.249.70.33 - - [29/May/2025:08:25:06 -0400] "GET /?d=109995675260&filter=d473fe&share_to_url=discover.php%3Fid%3D3722741%26name%3Djeannot+light+brown HTTP/1.1" 302 0 "-" "Mozilla/5.0 (Linux; Android 6.0.1; Nexus 5X Build/MMB29P) AppleWebKit/537.36 (KHTML, like Gecko) Chrome/136.0.7103.113 Mobile Safari/537.36 (compatible; Googlebot/2.1; +http://www.google.com/bot.html)"
66.249.70.39 - - [29/May/2025:08:26:36 -0400] "GET /loginn.php HTTP/1.1" 200 832 "-" "Mozilla/5.0 (Linux; Android 6.0.1; Nexus 5X Build/MMB29P) AppleWebKit/537.36 (KHTML, like Gecko) Chrome/136.0.7103.113 Mobile Safari/537.36 (compatible; Googlebot/2.1; +http://www.google.com/bot.html)"
40.77.167.78 - - [29/May/2025:08:25:54 -0400] "GET /?d=104872447260&filter=298b97&share_to_url=detail.php?id=3553233&name=bobo%20choses%20embroidery%20mock%20neck HTTP/1.1" 200 0 "-" "Mozilla/5.0 AppleWebKit/537.36 (KHTML, like Gecko; compatible; bingbot/2.0; +http://www.bing.com/bingbot.htm) Chrome/116.0.1938.76 Safari/537.36"
52.167.144.180 - - [29/May/2025:08:25:59 -0400] "GET /?d=60375730260&filter=471295&share_to_url=shopdetail.php%3Fid%3D2048804%26name%3Dconversor+optico+a HTTP/1.1" 200 0 "-" "Mozilla/5.0 AppleWebKit/537.36 (KHTML, like Gecko; compatible; bingbot/2.0; +http://www.bing.com/bingbot.htm) Chrome/116.0.1938.76 Safari/537.36"
40.77.167.14 - - [29/May/2025:08:26:08 -0400] "GET /?d=14613758260&filter=6f993e&share_to_url=shop.php%3Fid%3D498163%26name%3Dsale+1973+indian HTTP/1.1" 200 0 "-" "Mozilla/5.0 AppleWebKit/537.36 (KHTML, like Gecko; compatible; bingbot/2.0; +http://www.bing.com/bingbot.htm) Chrome/116.0.1938.76 Safari/537.36"
52.167.144.186 - - [29/May/2025:08:26:12 -0400] "GET /?d=13431868260&filter=95c78c&share_to_url=pin.php%3Fid%3D458154%26name%3Dtop+cropped+no+torcido HTTP/1.1" 200 0 "-" "Mozilla/5.0 AppleWebKit/537.36 (KHTML, like Gecko; compatible; bingbot/2.0; +http://www.bing.com/bingbot.htm) Chrome/116.0.1938.76 Safari/537.36"
52.167.144.186 - - [29/May/2025:08:26:13 -0400] "GET /?d=103666972260&filter=408ae0&share_to_url=ideas.php%3Fid%3D3512568%26name%3Droscoe+mcgillicuddy+official HTTP/1.1" 200 0 "-" "Mozilla/5.0 AppleWebKit/537.36 (KHTML, like Gecko; compatible; bingbot/2.0; +http://www.bing.com/bingbot.htm) Chrome/116.0.1938.76 Safari/537.36"
40.77.167.78 - - [29/May/2025:08:26:14 -0400] "GET /?d=104780777260&filter=d627b2&share_to_url=shop.php?id=3550399&name=kemper%20hoses HTTP/1.1" 200 0 "-" "Mozilla/5.0 AppleWebKit/537.36 (KHTML, like Gecko; compatible; bingbot/2.0; +http://www.bing.com/bingbot.htm) Chrome/116.0.1938.76 Safari/537.36"
40.77.167.78 - - [29/May/2025:08:26:24 -0400] "GET /?d=101249113260&filter=bfc81f&share_to_url=discover.php?id=3432209&name=bca%20mt20%20store HTTP/1.1" 200 0 "-" "Mozilla/5.0 AppleWebKit/537.36 (KHTML, like Gecko; compatible; bingbot/2.0; +http://www.bing.com/bingbot.htm) Chrome/116.0.1938.76 Safari/537.36"
66.249.70.33 - - [29/May/2025:08:26:01 -0400] "GET /?d=110268512260&filter=400a61&share_to_url=item.php%3Fid%3D3732265%26name%3Dguarnitura+per+mountain HTTP/1.1" 302 0 "-" "Mozilla/5.0 (Linux; Android 6.0.1; Nexus 5X Build/MMB29P) AppleWebKit/537.36 (KHTML, like Gecko) Chrome/136.0.7103.113 Mobile Safari/537.36 (compatible; Googlebot/2.1; +http://www.google.com/bot.html)"
66.249.70.39 - - [29/May/2025:08:27:32 -0400] "GET /loginn.php HTTP/1.1" 200 832 "-" "Mozilla/5.0 (Linux; Android 6.0.1; Nexus 5X Build/MMB29P) AppleWebKit/537.36 (KHTML, like Gecko) Chrome/136.0.7103.113 Mobile Safari/537.36 (compatible; Googlebot/2.1; +http://www.google.com/bot.html)"
40.77.167.78 - - [29/May/2025:08:26:44 -0400] "GET /?d=105857119260&filter=3b21ec&share_to_url=article.php?id=3585602&name=amlesh%20nagesh%20new%20comedy%20videos HTTP/1.1" 200 0 "-" "Mozilla/5.0 AppleWebKit/537.36 (KHTML, like Gecko; compatible; bingbot/2.0; +http://www.bing.com/bingbot.htm) Chrome/116.0.1938.76 Safari/537.36"
40.77.167.78 - - [29/May/2025:08:26:53 -0400] "GET /?d=102319096260&filter=20ae0e&share_to_url=product-page.php?id=3468388&name=plus%20scratch%20that%20super HTTP/1.1" 200 0 "-" "Mozilla/5.0 AppleWebKit/537.36 (KHTML, like Gecko; compatible; bingbot/2.0; +http://www.bing.com/bingbot.htm) Chrome/116.0.1938.76 Safari/537.36"
52.167.144.180 - - [29/May/2025:08:26:59 -0400] "GET /?d=103206764260&filter=0c0b6e&share_to_url=item.php%3Fid%3D3497425%26name%3Dspiuk+nexion+my HTTP/1.1" 200 0 "-" "Mozilla/5.0 AppleWebKit/537.36 (KHTML, like Gecko; compatible; bingbot/2.0; +http://www.bing.com/bingbot.htm) Chrome/116.0.1938.76 Safari/537.36"
66.249.70.39 - - [29/May/2025:08:26:21 -0400] "GET /?d=111229719260&filter=71a094&share_to_url=pin.php%3Fid%3D3766698%26name%3Dtory+burch+tasche+mini HTTP/1.1" 302 0 "-" "Mozilla/5.0 (Linux; Android 6.0.1; Nexus 5X Build/MMB29P) AppleWebKit/537.36 (KHTML, like Gecko) Chrome/136.0.7103.113 Mobile Safari/537.36 (compatible; Googlebot/2.1; +http://www.google.com/bot.html)"
66.249.70.39 - - [29/May/2025:08:27:52 -0400] "GET /loginn.php HTTP/1.1" 200 832 "-" "Mozilla/5.0 (Linux; Android 6.0.1; Nexus 5X Build/MMB29P) AppleWebKit/537.36 (KHTML, like Gecko) Chrome/136.0.7103.113 Mobile Safari/537.36 (compatible; Googlebot/2.1; +http://www.google.com/bot.html)"
40.77.167.14 - - [29/May/2025:08:27:08 -0400] "GET /?d=13123263260&filter=edd546&share_to_url=shopdetail.php%3Fid%3D447800%26name%3Dtop+five+shop HTTP/1.1" 200 0 "-" "Mozilla/5.0 AppleWebKit/537.36 (KHTML, like Gecko; compatible; bingbot/2.0; +http://www.bing.com/bingbot.htm) Chrome/116.0.1938.76 Safari/537.36"
52.167.144.180 - - [29/May/2025:08:27:10 -0400] "GET /?d=56369155260&filter=b8bcfc&share_to_url=product-page.php%3Fid%3D1914064%26name%3Dweight+training HTTP/1.1" 200 0 "-" "Mozilla/5.0 AppleWebKit/537.36 (KHTML, like Gecko; compatible; bingbot/2.0; +http://www.bing.com/bingbot.htm) Chrome/116.0.1938.76 Safari/537.36"
52.167.144.186 - - [29/May/2025:08:27:11 -0400] "GET /?d=86519775260&filter=6ca228&share_to_url=ideas.php%3Fid%3D2931576%26name%3Dfor+love+lemons+knitted HTTP/1.1" 200 0 "-" "Mozilla/5.0 AppleWebKit/537.36 (KHTML, like Gecko; compatible; bingbot/2.0; +http://www.bing.com/bingbot.htm) Chrome/116.0.1938.76 Safari/537.36"
40.77.167.14 - - [29/May/2025:08:27:12 -0400] "GET /?d=48680519260&filter=b2e434&share_to_url=product.php%3Fid%3D1654966%26name%3Dsnap+fitness+training HTTP/1.1" 200 0 "-" "Mozilla/5.0 AppleWebKit/537.36 (KHTML, like Gecko; compatible; bingbot/2.0; +http://www.bing.com/bingbot.htm) Chrome/116.0.1938.76 Safari/537.36"
40.77.167.78 - - [29/May/2025:08:27:14 -0400] "GET /?d=102613879260&filter=29bf04&share_to_url=goods.php?id=3477959&name=new%20under%20armour%20men HTTP/1.1" 200 0 "-" "Mozilla/5.0 AppleWebKit/537.36 (KHTML, like Gecko; compatible; bingbot/2.0; +http://www.bing.com/bingbot.htm) Chrome/116.0.1938.76 Safari/537.36"
52.167.144.186 - - [29/May/2025:08:27:21 -0400] "GET /?d=53965013260&filter=2d376d&share_to_url=shopdetail.php%3Fid%3D1832924%26name%3Dherren+hosen+mt+woven HTTP/1.1" 200 0 "-" "Mozilla/5.0 AppleWebKit/537.36 (KHTML, like Gecko; compatible; bingbot/2.0; +http://www.bing.com/bingbot.htm) Chrome/116.0.1938.76 Safari/537.36"
40.77.167.78 - - [29/May/2025:08:27:23 -0400] "GET /?d=112502817260&filter=c31721&share_to_url=model.php?id=3810711&name=classic%20tote%20treecycle HTTP/1.1" 200 0 "-" "Mozilla/5.0 AppleWebKit/537.36 (KHTML, like Gecko; compatible; bingbot/2.0; +http://www.bing.com/bingbot.htm) Chrome/116.0.1938.76 Safari/537.36"
66.249.70.39 - - [29/May/2025:08:26:45 -0400] "GET /?d=104112334260&filter=c19a1f&share_to_url=pin.php%3Fid%3D3527406%26name%3Damazon+pre+prime+day HTTP/1.1" 302 0 "-" "Mozilla/5.0 (Linux; Android 6.0.1; Nexus 5X Build/MMB29P) AppleWebKit/537.36 (KHTML, like Gecko) Chrome/136.0.7103.113 Mobile Safari/537.36 (compatible; Googlebot/2.1; +http://www.google.com/bot.html)"
66.249.70.39 - - [29/May/2025:08:28:15 -0400] "GET /loginn.php HTTP/1.1" 200 832 "-" "Mozilla/5.0 (Linux; Android 6.0.1; Nexus 5X Build/MMB29P) AppleWebKit/537.36 (KHTML, like Gecko) Chrome/136.0.7103.113 Mobile Safari/537.36 (compatible; Googlebot/2.1; +http://www.google.com/bot.html)"
40.77.167.78 - - [29/May/2025:08:27:43 -0400] "GET /?d=111976766260&filter=59111c&share_to_url=shop.php?id=3792847&name=aoc%2024g2zu%20bk%2024%20fhd%20ips HTTP/1.1" 200 0 "-" "Mozilla/5.0 AppleWebKit/537.36 (KHTML, like Gecko; compatible; bingbot/2.0; +http://www.bing.com/bingbot.htm) Chrome/116.0.1938.76 Safari/537.36"
40.77.167.78 - - [29/May/2025:08:27:54 -0400] "GET /?d=112545973260&filter=febea6&share_to_url=model.php?id=3812331&name=red5%20motion%20control HTTP/1.1" 200 0 "-" "Mozilla/5.0 AppleWebKit/537.36 (KHTML, like Gecko; compatible; bingbot/2.0; +http://www.bing.com/bingbot.htm) Chrome/116.0.1938.76 Safari/537.36"
66.249.70.39 - - [29/May/2025:08:27:16 -0400] "GET /?d=109032033260&filter=3b569e&share_to_url=shop.php%3Fid%3D3691351%26name%3Dtania+martinez+videos HTTP/1.1" 302 0 "-" "Mozilla/5.0 (Linux; Android 6.0.1; Nexus 5X Build/MMB29P) AppleWebKit/537.36 (KHTML, like Gecko) Chrome/136.0.7103.113 Mobile Safari/537.36 (compatible; Googlebot/2.1; +http://www.google.com/bot.html)"
66.249.70.39 - - [29/May/2025:08:28:47 -0400] "GET /loginn.php HTTP/1.1" 200 832 "-" "Mozilla/5.0 (Linux; Android 6.0.1; Nexus 5X Build/MMB29P) AppleWebKit/537.36 (KHTML, like Gecko) Chrome/136.0.7103.113 Mobile Safari/537.36 (compatible; Googlebot/2.1; +http://www.google.com/bot.html)"
52.167.144.180 - - [29/May/2025:08:28:00 -0400] "GET /?d=69338281260&filter=5e3718&share_to_url=goods.php%3Fid%3D2349611%26name%3Dshort+sleeve+elsa+frozen HTTP/1.1" 200 0 "-" "Mozilla/5.0 AppleWebKit/537.36 (KHTML, like Gecko; compatible; bingbot/2.0; +http://www.bing.com/bingbot.htm) Chrome/116.0.1938.76 Safari/537.36"
40.77.167.14 - - [29/May/2025:08:28:08 -0400] "GET /?d=36392285260&filter=95c78c&share_to_url=pin.php%3Fid%3D1236114%26name%3Djean+estilo+chileno HTTP/1.1" 200 0 "-" "Mozilla/5.0 AppleWebKit/537.36 (KHTML, like Gecko; compatible; bingbot/2.0; +http://www.bing.com/bingbot.htm) Chrome/116.0.1938.76 Safari/537.36"
40.77.167.14 - - [29/May/2025:08:28:13 -0400] "GET /?d=10640773260&filter=edd546&share_to_url=item.php%3Fid%3D364669%26name%3Dastro+mixamp+outlet HTTP/1.1" 200 0 "-" "Mozilla/5.0 AppleWebKit/537.36 (KHTML, like Gecko; compatible; bingbot/2.0; +http://www.bing.com/bingbot.htm) Chrome/116.0.1938.76 Safari/537.36"
40.77.167.78 - - [29/May/2025:08:28:13 -0400] "GET /?d=114048106260&filter=9ca3b3&share_to_url=ideas.php?id=3862416&name=pyjama%20jumpsuit%20in HTTP/1.1" 200 0 "-" "Mozilla/5.0 AppleWebKit/537.36 (KHTML, like Gecko; compatible; bingbot/2.0; +http://www.bing.com/bingbot.htm) Chrome/116.0.1938.76 Safari/537.36"
66.249.70.32 - - [29/May/2025:08:27:35 -0400] "GET /?d=106542562260&filter=2fbbdb&share_to_url=shop.php%3Fid%3D3608419%26name%3Darizona+state+unveils HTTP/1.1" 302 0 "-" "Mozilla/5.0 (Linux; Android 6.0.1; Nexus 5X Build/MMB29P) AppleWebKit/537.36 (KHTML, like Gecko) Chrome/136.0.7103.113 Mobile Safari/537.36 (compatible; Googlebot/2.1; +http://www.google.com/bot.html)"
66.249.70.39 - - [29/May/2025:08:29:06 -0400] "GET /loginn.php HTTP/1.1" 200 832 "-" "Mozilla/5.0 (Linux; Android 6.0.1; Nexus 5X Build/MMB29P) AppleWebKit/537.36 (KHTML, like Gecko) Chrome/136.0.7103.113 Mobile Safari/537.36 (compatible; Googlebot/2.1; +http://www.google.com/bot.html)"
52.167.144.186 - - [29/May/2025:08:28:21 -0400] "GET /?d=39118551260&filter=116a77&share_to_url=ideas.php%3Fid%3D1327776%26name%3Dus+stove+ashley+1300 HTTP/1.1" 200 0 "-" "Mozilla/5.0 AppleWebKit/537.36 (KHTML, like Gecko; compatible; bingbot/2.0; +http://www.bing.com/bingbot.htm) Chrome/116.0.1938.76 Safari/537.36"
40.77.167.78 - - [29/May/2025:08:28:24 -0400] "GET /?d=115145835260&filter=96a32b&share_to_url=product.php?id=3899194&name=galway%20ierland%20jun HTTP/1.1" 200 0 "-" "Mozilla/5.0 AppleWebKit/537.36 (KHTML, like Gecko; compatible; bingbot/2.0; +http://www.bing.com/bingbot.htm) Chrome/116.0.1938.76 Safari/537.36"
66.249.70.39 - - [29/May/2025:08:27:48 -0400] "GET /?d=117673566260&filter=00388a&share_to_url=pin.php%3Fid%3D3985194%26name%3Dgeekbench+alleged+2018 HTTP/1.1" 302 0 "-" "Mozilla/5.0 (Linux; Android 6.0.1; Nexus 5X Build/MMB29P) AppleWebKit/537.36 (KHTML, like Gecko) Chrome/136.0.7103.113 Mobile Safari/537.36 (compatible; Googlebot/2.1; +http://www.google.com/bot.html)"
66.249.70.39 - - [29/May/2025:08:29:18 -0400] "GET /loginn.php HTTP/1.1" 200 832 "-" "Mozilla/5.0 (Linux; Android 6.0.1; Nexus 5X Build/MMB29P) AppleWebKit/537.36 (KHTML, like Gecko) Chrome/136.0.7103.113 Mobile Safari/537.36 (compatible; Googlebot/2.1; +http://www.google.com/bot.html)"
40.77.167.78 - - [29/May/2025:08:28:44 -0400] "GET /?d=98843700260&filter=22c4ad&share_to_url=ideas.php?id=3349788&name=casio%202594%20hot%20sale HTTP/1.1" 200 0 "-" "Mozilla/5.0 AppleWebKit/537.36 (KHTML, like Gecko; compatible; bingbot/2.0; +http://www.bing.com/bingbot.htm) Chrome/116.0.1938.76 Safari/537.36"
40.77.167.78 - - [29/May/2025:08:28:54 -0400] "GET /?d=97197999260&filter=d98b3e&share_to_url=article.php%3Fid%3D3293498%26name%3Dsuzuki+gixxer+150+2025 HTTP/1.1" 200 0 "-" "Mozilla/5.0 AppleWebKit/537.36 (KHTML, like Gecko; compatible; bingbot/2.0; +http://www.bing.com/bingbot.htm) Chrome/116.0.1938.76 Safari/537.36"
66.249.70.39 - - [29/May/2025:08:28:15 -0400] "GET /?d=92867145260&filter=ee0841&share_to_url=discover.php%3Fid%3D3146321%26name%3D53+ideas+de+fiesta+hombre HTTP/1.1" 302 0 "-" "Mozilla/5.0 (Linux; Android 6.0.1; Nexus 5X Build/MMB29P) AppleWebKit/537.36 (KHTML, like Gecko) Chrome/136.0.7103.113 Mobile Safari/537.36 (compatible; Googlebot/2.1; +http://www.google.com/bot.html)"
66.249.70.39 - - [29/May/2025:08:29:46 -0400] "GET /loginn.php HTTP/1.1" 200 832 "-" "Mozilla/5.0 (Linux; Android 6.0.1; Nexus 5X Build/MMB29P) AppleWebKit/537.36 (KHTML, like Gecko) Chrome/136.0.7103.113 Mobile Safari/537.36 (compatible; Googlebot/2.1; +http://www.google.com/bot.html)"
52.167.144.180 - - [29/May/2025:08:29:00 -0400] "GET /?d=105335895260&filter=bc40a5&share_to_url=product.php%3Fid%3D3568378%26name%3Dverve+commercial+power+rack HTTP/1.1" 200 0 "-" "Mozilla/5.0 AppleWebKit/537.36 (KHTML, like Gecko; compatible; bingbot/2.0; +http://www.bing.com/bingbot.htm) Chrome/116.0.1938.76 Safari/537.36"
40.77.167.14 - - [29/May/2025:08:29:09 -0400] "GET /?d=15718416260&filter=edd546&share_to_url=ideas.php%3Fid%3D535680%26name%3Da+case+study+of HTTP/1.1" 200 0 "-" "Mozilla/5.0 AppleWebKit/537.36 (KHTML, like Gecko; compatible; bingbot/2.0; +http://www.bing.com/bingbot.htm) Chrome/116.0.1938.76 Safari/537.36"
40.77.167.14 - - [29/May/2025:08:29:13 -0400] "GET /?d=25048415260&filter=132c35&share_to_url=shop.php%3Fid%3D848947%26name%3Dlego+76041+age+of HTTP/1.1" 200 0 "-" "Mozilla/5.0 AppleWebKit/537.36 (KHTML, like Gecko; compatible; bingbot/2.0; +http://www.bing.com/bingbot.htm) Chrome/116.0.1938.76 Safari/537.36"
40.77.167.78 - - [29/May/2025:08:29:14 -0400] "GET /?d=93182642260&filter=62bca5&share_to_url=discover.php?id=3157157&name=thule%20proride%20store HTTP/1.1" 200 0 "-" "Mozilla/5.0 AppleWebKit/537.36 (KHTML, like Gecko; compatible; bingbot/2.0; +http://www.bing.com/bingbot.htm) Chrome/116.0.1938.76 Safari/537.36"
66.249.70.39 - - [29/May/2025:08:28:39 -0400] "GET /?d=114354282260&filter=e8f594&share_to_url=pin.php%3Fid%3D3872394%26name%3Darmani+myrrhe+imperiale HTTP/1.1" 302 0 "-" "Mozilla/5.0 (Linux; Android 6.0.1; Nexus 5X Build/MMB29P) AppleWebKit/537.36 (KHTML, like Gecko) Chrome/136.0.7103.113 Mobile Safari/537.36 (compatible; Googlebot/2.1; +http://www.google.com/bot.html)"
66.249.70.39 - - [29/May/2025:08:30:09 -0400] "GET /loginn.php HTTP/1.1" 200 832 "-" "Mozilla/5.0 (Linux; Android 6.0.1; Nexus 5X Build/MMB29P) AppleWebKit/537.36 (KHTML, like Gecko) Chrome/136.0.7103.113 Mobile Safari/537.36 (compatible; Googlebot/2.1; +http://www.google.com/bot.html)"
40.77.167.27 - - [29/May/2025:08:29:21 -0400] "GET /?d=34249633260&filter=95c78c&share_to_url=ideas.php%3Fid%3D1164996%26name%3Dkarl+lagerfeld+cal%C3%A7as+de HTTP/1.1" 200 0 "-" "Mozilla/5.0 AppleWebKit/537.36 (KHTML, like Gecko; compatible; bingbot/2.0; +http://www.bing.com/bingbot.htm) Chrome/116.0.1938.76 Safari/537.36"
40.77.167.78 - - [29/May/2025:08:29:23 -0400] "GET /?d=113373020260&filter=38a14a&share_to_url=discover.php?id=3839777&name=maevona%20rose%20gold HTTP/1.1" 200 0 "-" "Mozilla/5.0 AppleWebKit/537.36 (KHTML, like Gecko; compatible; bingbot/2.0; +http://www.bing.com/bingbot.htm) Chrome/116.0.1938.76 Safari/537.36"
40.77.167.27 - - [29/May/2025:08:29:41 -0400] "GET /?d=89083505260&filter=016c7a&share_to_url=shopdetail.php%3Fid%3D3019412%26name%3Dmontura+policarbonato+opticas HTTP/1.1" 200 0 "-" "Mozilla/5.0 AppleWebKit/537.36 (KHTML, like Gecko; compatible; bingbot/2.0; +http://www.bing.com/bingbot.htm) Chrome/116.0.1938.76 Safari/537.36"
40.77.167.78 - - [29/May/2025:08:29:44 -0400] "GET /?d=97865246260&filter=e3650e&share_to_url=model.php?id=3316875&name=ekoneem%20oil%20top HTTP/1.1" 200 0 "-" "Mozilla/5.0 AppleWebKit/537.36 (KHTML, like Gecko; compatible; bingbot/2.0; +http://www.bing.com/bingbot.htm) Chrome/116.0.1938.76 Safari/537.36"
66.249.70.39 - - [29/May/2025:08:29:09 -0400] "GET /?d=112328200260&filter=70475e&share_to_url=item.php%3Fid%3D3804829%26name%3D500+immagini+di+scarpe+da HTTP/1.1" 302 0 "-" "Mozilla/5.0 (Linux; Android 6.0.1; Nexus 5X Build/MMB29P) AppleWebKit/537.36 (KHTML, like Gecko) Chrome/136.0.7103.113 Mobile Safari/537.36 (compatible; Googlebot/2.1; +http://www.google.com/bot.html)"
40.77.167.78 - - [29/May/2025:08:29:54 -0400] "GET /?d=98459617260&filter=58ce6a&share_to_url=product.php?id=3336778&name=cotton%20unisex%20full HTTP/1.1" 200 0 "-" "Mozilla/5.0 AppleWebKit/537.36 (KHTML, like Gecko; compatible; bingbot/2.0; +http://www.bing.com/bingbot.htm) Chrome/116.0.1938.76 Safari/537.36"
52.167.144.180 - - [29/May/2025:08:30:00 -0400] "GET /?d=102379686260&filter=c5d26b&share_to_url=article.php%3Fid%3D3470294%26name%3Dwhat+does+vans HTTP/1.1" 200 0 "-" "Mozilla/5.0 AppleWebKit/537.36 (KHTML, like Gecko; compatible; bingbot/2.0; +http://www.bing.com/bingbot.htm) Chrome/116.0.1938.76 Safari/537.36"
40.77.167.14 - - [29/May/2025:08:30:09 -0400] "GET /?d=108372055260&filter=03bb2d&share_to_url=ideas.php%3Fid%3D3669264%26name%3Dchaquet%C3%B3n+reversible+verde HTTP/1.1" 200 0 "-" "Mozilla/5.0 AppleWebKit/537.36 (KHTML, like Gecko; compatible; bingbot/2.0; +http://www.bing.com/bingbot.htm) Chrome/116.0.1938.76 Safari/537.36"
40.77.167.14 - - [29/May/2025:08:30:13 -0400] "GET /?d=89979707260&filter=a2cbea&share_to_url=item.php%3Fid%3D3049477%26name%3Dcalzado+capricho HTTP/1.1" 200 0 "-" "Mozilla/5.0 AppleWebKit/537.36 (KHTML, like Gecko; compatible; bingbot/2.0; +http://www.bing.com/bingbot.htm) Chrome/116.0.1938.76 Safari/537.36"
40.77.167.78 - - [29/May/2025:08:30:14 -0400] "GET /?d=104457585260&filter=7af24f&share_to_url=detail.php?id=3539421&name=f3%20yeti%20rambler HTTP/1.1" 200 0 "-" "Mozilla/5.0 AppleWebKit/537.36 (KHTML, like Gecko; compatible; bingbot/2.0; +http://www.bing.com/bingbot.htm) Chrome/116.0.1938.76 Safari/537.36"
66.249.70.39 - - [29/May/2025:08:29:37 -0400] "GET /?d=110601062260&filter=6f69da&share_to_url=product.php%3Fid%3D3744358%26name%3Drita+adjustable+sandal HTTP/1.1" 302 0 "-" "Mozilla/5.0 (Linux; Android 6.0.1; Nexus 5X Build/MMB29P) AppleWebKit/537.36 (KHTML, like Gecko) Chrome/136.0.7103.113 Mobile Safari/537.36 (compatible; Googlebot/2.1; +http://www.google.com/bot.html)"
66.249.70.39 - - [29/May/2025:08:31:09 -0400] "GET /loginn.php HTTP/1.1" 200 832 "-" "Mozilla/5.0 (Linux; Android 6.0.1; Nexus 5X Build/MMB29P) AppleWebKit/537.36 (KHTML, like Gecko) Chrome/136.0.7103.113 Mobile Safari/537.36 (compatible; Googlebot/2.1; +http://www.google.com/bot.html)"
52.167.144.199 - - [29/May/2025:08:30:21 -0400] "GET /?d=112212546260&filter=0786c7&share_to_url=shop.php%3Fid%3D3801019%26name%3Dv%C3%A9lo+enfant+cyclisme HTTP/1.1" 200 0 "-" "Mozilla/5.0 AppleWebKit/537.36 (KHTML, like Gecko; compatible; bingbot/2.0; +http://www.bing.com/bingbot.htm) Chrome/116.0.1938.76 Safari/537.36"
45.6.185.199 - - [29/May/2025:08:30:57 -0400] "GET /?d=92247037260&filter=b94814&share_to_url=product-page.php%3Fid%3D3125044%26name%3Dmagsafe+vs+lightning+side+by+side HTTP/1.1" 200 0 "-" "Mozilla/5.0 (compatible; MSIE 9.0; Windows NT 11.0; Trident/4.1)"
40.77.167.78 - - [29/May/2025:08:30:24 -0400] "GET /?d=99497649260&filter=6afb2d&share_to_url=detail.php?id=3372249&name=sith%20trooper%20helmet%20diy HTTP/1.1" 200 0 "-" "Mozilla/5.0 AppleWebKit/537.36 (KHTML, like Gecko; compatible; bingbot/2.0; +http://www.bing.com/bingbot.htm) Chrome/116.0.1938.76 Safari/537.36"
66.249.70.39 - - [29/May/2025:08:29:51 -0400] "GET /?d=103832514260&filter=40f37c&share_to_url=product-page.php%3Fid%3D3517960%26name%3D60+039+round+blonde+solid+wood HTTP/1.1" 302 0 "-" "Mozilla/5.0 (Linux; Android 6.0.1; Nexus 5X Build/MMB29P) AppleWebKit/537.36 (KHTML, like Gecko) Chrome/136.0.7103.113 Mobile Safari/537.36 (compatible; Googlebot/2.1; +http://www.google.com/bot.html)"
66.249.70.39 - - [29/May/2025:08:31:22 -0400] "GET /loginn.php HTTP/1.1" 200 832 "-" "Mozilla/5.0 (Linux; Android 6.0.1; Nexus 5X Build/MMB29P) AppleWebKit/537.36 (KHTML, like Gecko) Chrome/136.0.7103.113 Mobile Safari/537.36 (compatible; Googlebot/2.1; +http://www.google.com/bot.html)"
52.167.144.199 - - [29/May/2025:08:30:42 -0400] "GET /?d=25591899260&filter=14708a&share_to_url=item.php%3Fid%3D867397%26name%3Dstop+go+8065+tubeless HTTP/1.1" 200 0 "-" "Mozilla/5.0 AppleWebKit/537.36 (KHTML, like Gecko; compatible; bingbot/2.0; +http://www.bing.com/bingbot.htm) Chrome/116.0.1938.76 Safari/537.36"
66.249.70.33 - - [29/May/2025:08:30:03 -0400] "GET /?d=104770387260&filter=d627b2&share_to_url=discover.php%3Fid%3D3550109%26name%3Dworcester+bosch+greenstar+15ri HTTP/1.1" 302 0 "-" "Mozilla/5.0 (Linux; Android 6.0.1; Nexus 5X Build/MMB29P) AppleWebKit/537.36 (KHTML, like Gecko) Chrome/136.0.7103.113 Mobile Safari/537.36 (compatible; Googlebot/2.1; +http://www.google.com/bot.html)"
66.249.70.39 - - [29/May/2025:08:31:34 -0400] "GET /loginn.php HTTP/1.1" 200 832 "-" "Mozilla/5.0 (Linux; Android 6.0.1; Nexus 5X Build/MMB29P) AppleWebKit/537.36 (KHTML, like Gecko) Chrome/136.0.7103.113 Mobile Safari/537.36 (compatible; Googlebot/2.1; +http://www.google.com/bot.html)"
40.77.167.78 - - [29/May/2025:08:30:44 -0400] "GET /?d=118038999260&filter=468daa&share_to_url=product-page.php?id=3997312&name=asics%20mens%20woven HTTP/1.1" 200 0 "-" "Mozilla/5.0 AppleWebKit/537.36 (KHTML, like Gecko; compatible; bingbot/2.0; +http://www.bing.com/bingbot.htm) Chrome/116.0.1938.76 Safari/537.36"
66.249.70.39 - - [29/May/2025:08:31:34 -0400] "GET /loginn.php HTTP/1.1" 200 832 "-" "Mozilla/5.0 (Linux; Android 6.0.1; Nexus 5X Build/MMB29P) AppleWebKit/537.36 (KHTML, like Gecko) Chrome/136.0.7103.113 Mobile Safari/537.36 (compatible; Googlebot/2.1; +http://www.google.com/bot.html)"
181.78.208.18 - - [29/May/2025:08:31:35 -0400] "GET /?d=92247037260&filter=b94814&share_to_url=product-page.php%3Fid%3D3125044%26name%3Dmagsafe+vs+lightning+side+by+side HTTP/1.1" 200 0 "-" "Mozilla/5.0 (compatible; MSIE 9.0; Windows 98; Win 9x 4.90; Trident/4.1)"
40.77.167.78 - - [29/May/2025:08:30:54 -0400] "GET /?d=114136801260&filter=ca372c&share_to_url=ideas.php?id=3865140&name=jumbo%20pineapple%20squishy HTTP/1.1" 200 0 "-" "Mozilla/5.0 AppleWebKit/537.36 (KHTML, like Gecko; compatible; bingbot/2.0; +http://www.bing.com/bingbot.htm) Chrome/116.0.1938.76 Safari/537.36"
52.167.144.180 - - [29/May/2025:08:31:00 -0400] "GET /?d=107569322260&filter=c37035&share_to_url=detail.php%3Fid%3D3642861%26name%3Djogger+casual+blanco HTTP/1.1" 200 0 "-" "Mozilla/5.0 AppleWebKit/537.36 (KHTML, like Gecko; compatible; bingbot/2.0; +http://www.bing.com/bingbot.htm) Chrome/116.0.1938.76 Safari/537.36"
66.249.70.39 - - [29/May/2025:08:30:21 -0400] "GET /?d=113112281260&filter=d9247f&share_to_url=product-page.php%3Fid%3D3831064%26name%3Dty+beanie+boos+spike HTTP/1.1" 302 0 "-" "Mozilla/5.0 (Linux; Android 6.0.1; Nexus 5X Build/MMB29P) AppleWebKit/537.36 (KHTML, like Gecko) Chrome/136.0.7103.113 Mobile Safari/537.36 (compatible; Googlebot/2.1; +http://www.google.com/bot.html)"
40.77.167.14 - - [29/May/2025:08:31:09 -0400] "GET /?d=59961539260&filter=514077&share_to_url=goods.php%3Fid%3D2034851%26name%3Dcuellos+bordados HTTP/1.1" 200 0 "-" "Mozilla/5.0 AppleWebKit/537.36 (KHTML, like Gecko; compatible; bingbot/2.0; +http://www.bing.com/bingbot.htm) Chrome/116.0.1938.76 Safari/537.36"
40.77.167.14 - - [29/May/2025:08:31:13 -0400] "GET /?d=118073207260&filter=ab7dfe&share_to_url=pin.php%3Fid%3D3998514%26name%3Dogobolli+bolli+stretchy+teether HTTP/1.1" 200 0 "-" "Mozilla/5.0 AppleWebKit/537.36 (KHTML, like Gecko; compatible; bingbot/2.0; +http://www.bing.com/bingbot.htm) Chrome/116.0.1938.76 Safari/537.36"
40.77.167.78 - - [29/May/2025:08:31:14 -0400] "GET /?d=102534843260&filter=590f1c&share_to_url=detail.php?id=3475389&name=vetement%20discount%20equitable HTTP/1.1" 200 0 "-" "Mozilla/5.0 AppleWebKit/537.36 (KHTML, like Gecko; compatible; bingbot/2.0; +http://www.bing.com/bingbot.htm) Chrome/116.0.1938.76 Safari/537.36"
169.224.27.122 - - [29/May/2025:08:31:50 -0400] "GET /?d=92247037260&filter=b94814&share_to_url=product-page.php%3Fid%3D3125044%26name%3Dmagsafe+vs+lightning+side+by+side HTTP/1.1" 200 0 "-" "Opera/8.72.(Windows NT 5.01; cv-RU) Presto/2.9.181 Version/12.00"
66.249.70.32 - - [29/May/2025:08:32:08 -0400] "GET /loginn.php HTTP/1.1" 200 832 "-" "Mozilla/5.0 (Linux; Android 6.0.1; Nexus 5X Build/MMB29P) AppleWebKit/537.36 (KHTML, like Gecko) Chrome/136.0.7103.113 Mobile Safari/537.36 (compatible; Googlebot/2.1; +http://www.google.com/bot.html)"
66.249.70.39 - - [29/May/2025:08:30:40 -0400] "GET /?d=99923108260&filter=01758e&share_to_url=pin.php%3Fid%3D3386490%26name%3Dcamisa+polo+nautica+blanca+bordada HTTP/1.1" 302 0 "-" "Mozilla/5.0 (Linux; Android 6.0.1; Nexus 5X Build/MMB29P) AppleWebKit/537.36 (KHTML, like Gecko) Chrome/136.0.7103.113 Mobile Safari/537.36 (compatible; Googlebot/2.1; +http://www.google.com/bot.html)"
66.249.70.33 - - [29/May/2025:08:32:11 -0400] "GET /loginn.php HTTP/1.1" 200 832 "-" "Mozilla/5.0 (Linux; Android 6.0.1; Nexus 5X Build/MMB29P) AppleWebKit/537.36 (KHTML, like Gecko) Chrome/136.0.7103.113 Mobile Safari/537.36 (compatible; Googlebot/2.1; +http://www.google.com/bot.html)"
40.77.167.27 - - [29/May/2025:08:31:22 -0400] "GET /?d=75801335260&filter=397f34&share_to_url=article.php%3Fid%3D2568674%26name%3Dbuy+watch+case+for HTTP/1.1" 200 0 "-" "Mozilla/5.0 AppleWebKit/537.36 (KHTML, like Gecko; compatible; bingbot/2.0; +http://www.bing.com/bingbot.htm) Chrome/116.0.1938.76 Safari/537.36"
40.77.167.78 - - [29/May/2025:08:31:23 -0400] "GET /?d=99472179260&filter=20c71b&share_to_url=goods.php?id=3371375&name=blazer%20office%20outfits HTTP/1.1" 200 0 "-" "Mozilla/5.0 AppleWebKit/537.36 (KHTML, like Gecko; compatible; bingbot/2.0; +http://www.bing.com/bingbot.htm) Chrome/116.0.1938.76 Safari/537.36"
40.77.167.27 - - [29/May/2025:08:31:41 -0400] "GET /?d=85032398260&filter=4da842&share_to_url=goods.php%3Fid%3D2879951%26name%3Dasymmetrischer+gerippter+strickponcho+mit HTTP/1.1" 200 0 "-" "Mozilla/5.0 AppleWebKit/537.36 (KHTML, like Gecko; compatible; bingbot/2.0; +http://www.bing.com/bingbot.htm) Chrome/116.0.1938.76 Safari/537.36"
40.77.167.78 - - [29/May/2025:08:31:44 -0400] "GET /?d=106855126260&filter=be673b&share_to_url=detail.php?id=3619053&name=mizuno%20wave%20z4 HTTP/1.1" 200 0 "-" "Mozilla/5.0 AppleWebKit/537.36 (KHTML, like Gecko; compatible; bingbot/2.0; +http://www.bing.com/bingbot.htm) Chrome/116.0.1938.76 Safari/537.36"
66.249.70.39 - - [29/May/2025:08:31:10 -0400] "GET /?d=107174213260&filter=89626b&share_to_url=goods.php%3Fid%3D3629411%26name%3Dkerui+s4+okerui+1080p+2mp HTTP/1.1" 302 0 "-" "Mozilla/5.0 (Linux; Android 6.0.1; Nexus 5X Build/MMB29P) AppleWebKit/537.36 (KHTML, like Gecko) Chrome/136.0.7103.113 Mobile Safari/537.36 (compatible; Googlebot/2.1; +http://www.google.com/bot.html)"
66.249.70.32 - - [29/May/2025:08:32:40 -0400] "GET /loginn.php HTTP/1.1" 200 832 "-" "Mozilla/5.0 (Linux; Android 6.0.1; Nexus 5X Build/MMB29P) AppleWebKit/537.36 (KHTML, like Gecko) Chrome/136.0.7103.113 Mobile Safari/537.36 (compatible; Googlebot/2.1; +http://www.google.com/bot.html)"
40.77.167.78 - - [29/May/2025:08:31:54 -0400] "GET /?d=117027254260&filter=40f37c&share_to_url=item.php?id=3963109&name=bonhams%20a%20gone HTTP/1.1" 200 0 "-" "Mozilla/5.0 AppleWebKit/537.36 (KHTML, like Gecko; compatible; bingbot/2.0; +http://www.bing.com/bingbot.htm) Chrome/116.0.1938.76 Safari/537.36"
52.167.144.180 - - [29/May/2025:08:32:00 -0400] "GET /?d=103113365260&filter=b00345&share_to_url=ideas.php%3Fid%3D3494352%26name%3Dmiru+tights+episode HTTP/1.1" 200 0 "-" "Mozilla/5.0 AppleWebKit/537.36 (KHTML, like Gecko; compatible; bingbot/2.0; +http://www.bing.com/bingbot.htm) Chrome/116.0.1938.76 Safari/537.36"
66.249.70.39 - - [29/May/2025:08:31:22 -0400] "GET /?d=93444518260&filter=6d99a5&share_to_url=product-page.php%3Fid%3D3165808%26name%3Ddriving+polarized+photochromic HTTP/1.1" 302 0 "-" "Mozilla/5.0 (Linux; Android 6.0.1; Nexus 5X Build/MMB29P) AppleWebKit/537.36 (KHTML, like Gecko) Chrome/136.0.7103.113 Mobile Safari/537.36 (compatible; Googlebot/2.1; +http://www.google.com/bot.html)"
66.249.70.39 - - [29/May/2025:08:32:53 -0400] "GET /loginn.php HTTP/1.1" 200 832 "-" "Mozilla/5.0 (Linux; Android 6.0.1; Nexus 5X Build/MMB29P) AppleWebKit/537.36 (KHTML, like Gecko) Chrome/136.0.7103.113 Mobile Safari/537.36 (compatible; Googlebot/2.1; +http://www.google.com/bot.html)"
40.77.167.14 - - [29/May/2025:08:32:09 -0400] "GET /?d=88130199260&filter=d28f10&share_to_url=item.php%3Fid%3D2986429%26name%3Dauchan+supermarch%C3%A9 HTTP/1.1" 200 0 "-" "Mozilla/5.0 AppleWebKit/537.36 (KHTML, like Gecko; compatible; bingbot/2.0; +http://www.bing.com/bingbot.htm) Chrome/116.0.1938.76 Safari/537.36"
52.167.144.180 - - [29/May/2025:08:32:11 -0400] "GET /?d=3257279260&filter=132c35&share_to_url=product.php%3Fid%3D112258%26name%3Dtop+free+udacity+courses HTTP/1.1" 200 0 "-" "Mozilla/5.0 AppleWebKit/537.36 (KHTML, like Gecko; compatible; bingbot/2.0; +http://www.bing.com/bingbot.htm) Chrome/116.0.1938.76 Safari/537.36"
40.77.167.14 - - [29/May/2025:08:32:13 -0400] "GET /?d=46563528260&filter=95c78c&share_to_url=ideas.php%3Fid%3D1580496%26name%3Dprivate+label+sadoer+joint HTTP/1.1" 200 0 "-" "Mozilla/5.0 AppleWebKit/537.36 (KHTML, like Gecko; compatible; bingbot/2.0; +http://www.bing.com/bingbot.htm) Chrome/116.0.1938.76 Safari/537.36"
40.77.167.78 - - [29/May/2025:08:32:14 -0400] "GET /?d=109100844260&filter=6d6f21&share_to_url=shop.php?id=3693451&name=cala%20orange%20handbag HTTP/1.1" 200 0 "-" "Mozilla/5.0 AppleWebKit/537.36 (KHTML, like Gecko; compatible; bingbot/2.0; +http://www.bing.com/bingbot.htm) Chrome/116.0.1938.76 Safari/537.36"
66.249.70.39 - - [29/May/2025:08:31:36 -0400] "GET /?d=110766672260&filter=80d279&share_to_url=goods.php%3Fid%3D3750203%26name%3Dgasmate+cook+the HTTP/1.1" 302 0 "-" "Mozilla/5.0 (Linux; Android 6.0.1; Nexus 5X Build/MMB29P) AppleWebKit/537.36 (KHTML, like Gecko) Chrome/136.0.7103.113 Mobile Safari/537.36 (compatible; Googlebot/2.1; +http://www.google.com/bot.html)"
66.249.70.39 - - [29/May/2025:08:33:06 -0400] "GET /loginn.php HTTP/1.1" 200 832 "-" "Mozilla/5.0 (Linux; Android 6.0.1; Nexus 5X Build/MMB29P) AppleWebKit/537.36 (KHTML, like Gecko) Chrome/136.0.7103.113 Mobile Safari/537.36 (compatible; Googlebot/2.1; +http://www.google.com/bot.html)"
40.77.167.27 - - [29/May/2025:08:32:22 -0400] "GET /?d=20193850260&filter=5e3718&share_to_url=detail.php%3Fid%3D686025%26name%3Dpantalon+imprim%C3%A9+fluide+en HTTP/1.1" 200 0 "-" "Mozilla/5.0 AppleWebKit/537.36 (KHTML, like Gecko; compatible; bingbot/2.0; +http://www.bing.com/bingbot.htm) Chrome/116.0.1938.76 Safari/537.36"
40.77.167.78 - - [29/May/2025:08:32:24 -0400] "GET /?d=107348181260&filter=7f045f&share_to_url=detail.php?id=3635049&name=meet%20the%20kissing HTTP/1.1" 200 0 "-" "Mozilla/5.0 AppleWebKit/537.36 (KHTML, like Gecko; compatible; bingbot/2.0; +http://www.bing.com/bingbot.htm) Chrome/116.0.1938.76 Safari/537.36"
40.77.167.78 - - [29/May/2025:08:32:44 -0400] "GET /?d=104353025260&filter=1cbf7a&share_to_url=ideas.php?id=3535692&name=dr%20pro%20xl60tf HTTP/1.1" 200 0 "-" "Mozilla/5.0 AppleWebKit/537.36 (KHTML, like Gecko; compatible; bingbot/2.0; +http://www.bing.com/bingbot.htm) Chrome/116.0.1938.76 Safari/537.36"
66.249.70.33 - - [29/May/2025:08:32:08 -0400] "GET /?d=113497229260&filter=400a61&share_to_url=product.php%3Fid%3D3843730%26name%3Dold+garage+33 HTTP/1.1" 302 0 "-" "Mozilla/5.0 (Linux; Android 6.0.1; Nexus 5X Build/MMB29P) AppleWebKit/537.36 (KHTML, like Gecko) Chrome/136.0.7103.113 Mobile Safari/537.36 (compatible; Googlebot/2.1; +http://www.google.com/bot.html)"
66.249.70.39 - - [29/May/2025:08:33:38 -0400] "GET /loginn.php HTTP/1.1" 200 832 "-" "Mozilla/5.0 (Linux; Android 6.0.1; Nexus 5X Build/MMB29P) AppleWebKit/537.36 (KHTML, like Gecko) Chrome/136.0.7103.113 Mobile Safari/537.36 (compatible; Googlebot/2.1; +http://www.google.com/bot.html)"
40.77.167.78 - - [29/May/2025:08:32:54 -0400] "GET /?d=115614196260&filter=3208d7&share_to_url=product-page.php?id=3915340&name=jd%20sports%20page HTTP/1.1" 200 0 "-" "Mozilla/5.0 AppleWebKit/537.36 (KHTML, like Gecko; compatible; bingbot/2.0; +http://www.bing.com/bingbot.htm) Chrome/116.0.1938.76 Safari/537.36"
52.167.144.180 - - [29/May/2025:08:33:00 -0400] "GET /?d=74655408260&filter=cdc800&share_to_url=shop.php%3Fid%3D2530771%26name%3Dtss+originals+happy+human HTTP/1.1" 200 0 "-" "Mozilla/5.0 AppleWebKit/537.36 (KHTML, like Gecko; compatible; bingbot/2.0; +http://www.bing.com/bingbot.htm) Chrome/116.0.1938.76 Safari/537.36"
40.77.167.14 - - [29/May/2025:08:33:09 -0400] "GET /?d=20444883260&filter=e69463&share_to_url=pin.php%3Fid%3D694734%26name%3Dfind+the+keeper HTTP/1.1" 200 0 "-" "Mozilla/5.0 AppleWebKit/537.36 (KHTML, like Gecko; compatible; bingbot/2.0; +http://www.bing.com/bingbot.htm) Chrome/116.0.1938.76 Safari/537.36"
40.77.167.27 - - [29/May/2025:08:33:13 -0400] "GET /?d=51936229260&filter=4d7b9c&share_to_url=ideas.php%3Fid%3D1765488%26name%3D75103+first+order HTTP/1.1" 200 0 "-" "Mozilla/5.0 AppleWebKit/537.36 (KHTML, like Gecko; compatible; bingbot/2.0; +http://www.bing.com/bingbot.htm) Chrome/116.0.1938.76 Safari/537.36"
40.77.167.14 - - [29/May/2025:08:33:13 -0400] "GET /?d=91833597260&filter=31254a&share_to_url=shop.php%3Fid%3D3111739%26name%3Ddeepika+is+a+blessing HTTP/1.1" 200 0 "-" "Mozilla/5.0 AppleWebKit/537.36 (KHTML, like Gecko; compatible; bingbot/2.0; +http://www.bing.com/bingbot.htm) Chrome/116.0.1938.76 Safari/537.36"
40.77.167.78 - - [29/May/2025:08:33:14 -0400] "GET /?d=96067628260&filter=1c3e5e&share_to_url=detail.php?id=3254865&name=bazaarmantri%20iball%20accord HTTP/1.1" 200 0 "-" "Mozilla/5.0 AppleWebKit/537.36 (KHTML, like Gecko; compatible; bingbot/2.0; +http://www.bing.com/bingbot.htm) Chrome/116.0.1938.76 Safari/537.36"
40.77.167.27 - - [29/May/2025:08:33:22 -0400] "GET /?d=89377873260&filter=e86b2c&share_to_url=product.php%3Fid%3D3029614%26name%3Dchunky+sweater+crochet HTTP/1.1" 200 0 "-" "Mozilla/5.0 AppleWebKit/537.36 (KHTML, like Gecko; compatible; bingbot/2.0; +http://www.bing.com/bingbot.htm) Chrome/116.0.1938.76 Safari/537.36"
40.77.167.78 - - [29/May/2025:08:33:23 -0400] "GET /?d=104993414260&filter=5bd759&share_to_url=product.php?id=3557194&name=philo%20roku%20free%20trial HTTP/1.1" 200 0 "-" "Mozilla/5.0 AppleWebKit/537.36 (KHTML, like Gecko; compatible; bingbot/2.0; +http://www.bing.com/bingbot.htm) Chrome/116.0.1938.76 Safari/537.36"
66.249.70.39 - - [29/May/2025:08:32:49 -0400] "GET /?d=94498919260&filter=5919d3&share_to_url=item.php%3Fid%3D3202237%26name%3Dzebra+print+sweatshirt+in+gray HTTP/1.1" 302 0 "-" "Mozilla/5.0 (Linux; Android 6.0.1; Nexus 5X Build/MMB29P) AppleWebKit/537.36 (KHTML, like Gecko) Chrome/136.0.7103.113 Mobile Safari/537.36 (compatible; Googlebot/2.1; +http://www.google.com/bot.html)"
66.249.70.32 - - [29/May/2025:08:34:19 -0400] "GET /loginn.php HTTP/1.1" 200 832 "-" "Mozilla/5.0 (Linux; Android 6.0.1; Nexus 5X Build/MMB29P) AppleWebKit/537.36 (KHTML, like Gecko) Chrome/136.0.7103.113 Mobile Safari/537.36 (compatible; Googlebot/2.1; +http://www.google.com/bot.html)"
40.77.167.78 - - [29/May/2025:08:33:45 -0400] "GET /?d=113213498260&filter=38b690&share_to_url=shopdetail.php?id=3834296&name=shorty%20fille%20shop HTTP/1.1" 200 0 "-" "Mozilla/5.0 AppleWebKit/537.36 (KHTML, like Gecko; compatible; bingbot/2.0; +http://www.bing.com/bingbot.htm) Chrome/116.0.1938.76 Safari/537.36"
40.77.167.78 - - [29/May/2025:08:33:54 -0400] "GET /?d=97203022260&filter=d98b3e&share_to_url=item.php%3Fid%3D3293689%26name%3Dsuzuki+gixxer+dual HTTP/1.1" 200 0 "-" "Mozilla/5.0 AppleWebKit/537.36 (KHTML, like Gecko; compatible; bingbot/2.0; +http://www.bing.com/bingbot.htm) Chrome/116.0.1938.76 Safari/537.36"
54.36.148.62 - - [29/May/2025:08:34:16 -0400] "GET /?d=32764713260&filter=37632c&share_to_url=goods.php%3Fid%3D1114151%26name%3Dmalaysia+s+economy+getting+closer HTTP/1.1" 200 0 "-" "Mozilla/5.0 (compatible; AhrefsBot/7.0; +http://ahrefs.com/robot/)"
66.249.70.39 - - [29/May/2025:08:33:17 -0400] "GET /?d=101919675260&filter=d44821&share_to_url=discover.php%3Fid%3D3455009%26name%3Dcosta+apalache+angler+039+s HTTP/1.1" 302 0 "-" "Mozilla/5.0 (Linux; Android 6.0.1; Nexus 5X Build/MMB29P) AppleWebKit/537.36 (KHTML, like Gecko) Chrome/136.0.7103.113 Mobile Safari/537.36 (compatible; Googlebot/2.1; +http://www.google.com/bot.html)"
66.249.70.39 - - [29/May/2025:08:34:48 -0400] "GET /loginn.php HTTP/1.1" 200 832 "-" "Mozilla/5.0 (Linux; Android 6.0.1; Nexus 5X Build/MMB29P) AppleWebKit/537.36 (KHTML, like Gecko) Chrome/136.0.7103.113 Mobile Safari/537.36 (compatible; Googlebot/2.1; +http://www.google.com/bot.html)"
52.167.144.180 - - [29/May/2025:08:34:01 -0400] "GET /?d=107366956260&filter=d02e2d&share_to_url=article.php%3Fid%3D3635954%26name%3Dspeedo+female+lzr+elite HTTP/1.1" 200 0 "-" "Mozilla/5.0 AppleWebKit/537.36 (KHTML, like Gecko; compatible; bingbot/2.0; +http://www.bing.com/bingbot.htm) Chrome/116.0.1938.76 Safari/537.36"
40.77.167.14 - - [29/May/2025:08:34:10 -0400] "GET /?d=68902855260&filter=b00345&share_to_url=shopdetail.php%3Fid%3D2334752%26name%3Dkiss+jojo+s HTTP/1.1" 200 0 "-" "Mozilla/5.0 AppleWebKit/537.36 (KHTML, like Gecko; compatible; bingbot/2.0; +http://www.bing.com/bingbot.htm) Chrome/116.0.1938.76 Safari/537.36"
40.77.167.78 - - [29/May/2025:08:34:13 -0400] "GET /?d=117016618260&filter=80ae2a&share_to_url=item.php%3Fid%3D3962725%26name%3Dhands+on+with+the+marloe HTTP/1.1" 200 0 "-" "Mozilla/5.0 AppleWebKit/537.36 (KHTML, like Gecko; compatible; bingbot/2.0; +http://www.bing.com/bingbot.htm) Chrome/116.0.1938.76 Safari/537.36"
5.21.135.144 - - [29/May/2025:08:34:57 -0400] "GET /?d=98471043260&filter=ab67d8&share_to_url=item.php%3Fid%3D3337165%26name%3Dround+velvet+fabric HTTP/1.1" 200 0 "-" "Opera/8.16.(X11; Linux x86_64; rw-RW) Presto/2.9.182 Version/12.00"
40.77.167.27 - - [29/May/2025:08:34:22 -0400] "GET /?d=52143159260&filter=cdc800&share_to_url=pin.php%3Fid%3D1772502%26name%3Dusmnt+club+men+s HTTP/1.1" 200 0 "-" "Mozilla/5.0 AppleWebKit/537.36 (KHTML, like Gecko; compatible; bingbot/2.0; +http://www.bing.com/bingbot.htm) Chrome/116.0.1938.76 Safari/537.36"
40.77.167.78 - - [29/May/2025:08:34:24 -0400] "GET /?d=112047161260&filter=77eedc&share_to_url=pin.php?id=3795306&name=bid%C3%B3n%20pl%C3%A1stico%20x%2025 HTTP/1.1" 200 0 "-" "Mozilla/5.0 AppleWebKit/537.36 (KHTML, like Gecko; compatible; bingbot/2.0; +http://www.bing.com/bingbot.htm) Chrome/116.0.1938.76 Safari/537.36"
66.249.70.39 - - [29/May/2025:08:33:48 -0400] "GET /?d=107138649260&filter=a0f400&share_to_url=item.php%3Fid%3D3628237%26name%3Dburberry+be2415+occhiali+da HTTP/1.1" 302 0 "-" "Mozilla/5.0 (Linux; Android 6.0.1; Nexus 5X Build/MMB29P) AppleWebKit/537.36 (KHTML, like Gecko) Chrome/136.0.7103.113 Mobile Safari/537.36 (compatible; Googlebot/2.1; +http://www.google.com/bot.html)"
66.249.70.33 - - [29/May/2025:08:34:02 -0400] "GET /?d=100683088260&filter=469540&share_to_url=shop.php%3Fid%3D3412543%26name%3Dwholesale+cast+iron+adjustable HTTP/1.1" 302 0 "-" "Mozilla/5.0 (Linux; Android 6.0.1; Nexus 5X Build/MMB29P) AppleWebKit/537.36 (KHTML, like Gecko) Chrome/136.0.7103.113 Mobile Safari/537.36 (compatible; Googlebot/2.1; +http://www.google.com/bot.html)"
40.77.167.78 - - [29/May/2025:08:34:44 -0400] "GET /?d=117764295260&filter=ba9bae&share_to_url=pin.php?id=3988194&name=life%20jackets%20for%20sale HTTP/1.1" 200 0 "-" "Mozilla/5.0 AppleWebKit/537.36 (KHTML, like Gecko; compatible; bingbot/2.0; +http://www.bing.com/bingbot.htm) Chrome/116.0.1938.76 Safari/537.36"
66.249.70.39 - - [29/May/2025:08:35:34 -0400] "GET /loginn.php HTTP/1.1" 200 832 "-" "Mozilla/5.0 (Linux; Android 6.0.1; Nexus 5X Build/MMB29P) AppleWebKit/537.36 (KHTML, like Gecko) Chrome/136.0.7103.113 Mobile Safari/537.36 (compatible; Googlebot/2.1; +http://www.google.com/bot.html)"
66.249.70.39 - - [29/May/2025:08:35:35 -0400] "GET /loginn.php HTTP/1.1" 200 832 "-" "Mozilla/5.0 (Linux; Android 6.0.1; Nexus 5X Build/MMB29P) AppleWebKit/537.36 (KHTML, like Gecko) Chrome/136.0.7103.113 Mobile Safari/537.36 (compatible; Googlebot/2.1; +http://www.google.com/bot.html)"
52.167.144.180 - - [29/May/2025:08:34:50 -0400] "GET /?d=85694991260&filter=860ef6&share_to_url=pin.php%3Fid%3D2903070%26name%3Dheno+de+pravia+eau HTTP/1.1" 200 0 "-" "Mozilla/5.0 AppleWebKit/537.36 (KHTML, like Gecko; compatible; bingbot/2.0; +http://www.bing.com/bingbot.htm) Chrome/116.0.1938.76 Safari/537.36"
40.77.167.78 - - [29/May/2025:08:34:54 -0400] "GET /?d=106936982260&filter=96a32b&share_to_url=discover.php?id=3621713&name=tomy%20games HTTP/1.1" 200 0 "-" "Mozilla/5.0 AppleWebKit/537.36 (KHTML, like Gecko; compatible; bingbot/2.0; +http://www.bing.com/bingbot.htm) Chrome/116.0.1938.76 Safari/537.36"
66.249.70.32 - - [29/May/2025:08:34:15 -0400] "GET /?d=93600164260&filter=de6ef0&share_to_url=product.php%3Fid%3D3170974%26name%3Dsainsburys+mens+puffer+store HTTP/1.1" 302 0 "-" "Mozilla/5.0 (Linux; Android 6.0.1; Nexus 5X Build/MMB29P) AppleWebKit/537.36 (KHTML, like Gecko) Chrome/136.0.7103.113 Mobile Safari/537.36 (compatible; Googlebot/2.1; +http://www.google.com/bot.html)"
66.249.70.39 - - [29/May/2025:08:35:47 -0400] "GET /loginn.php HTTP/1.1" 200 832 "-" "Mozilla/5.0 (Linux; Android 6.0.1; Nexus 5X Build/MMB29P) AppleWebKit/537.36 (KHTML, like Gecko) Chrome/136.0.7103.113 Mobile Safari/537.36 (compatible; Googlebot/2.1; +http://www.google.com/bot.html)"
52.167.144.180 - - [29/May/2025:08:35:00 -0400] "GET /?d=87102296260&filter=3eeb34&share_to_url=product.php%3Fid%3D2951782%26name%3Dtraje+neopreno+submarinismo+de HTTP/1.1" 200 0 "-" "Mozilla/5.0 AppleWebKit/537.36 (KHTML, like Gecko; compatible; bingbot/2.0; +http://www.bing.com/bingbot.htm) Chrome/116.0.1938.76 Safari/537.36"
52.167.144.199 - - [29/May/2025:08:35:05 -0400] "GET /?d=39118551260&filter=116a77&share_to_url=ideas.php%3Fid%3D1327776%26name%3Dus+stove+ashley+1300 HTTP/1.1" 200 0 "-" "Mozilla/5.0 AppleWebKit/537.36 (KHTML, like Gecko; compatible; bingbot/2.0; +http://www.bing.com/bingbot.htm) Chrome/116.0.1938.76 Safari/537.36"
40.77.167.14 - - [29/May/2025:08:35:10 -0400] "GET /?d=21594074260&filter=edd546&share_to_url=shop.php%3Fid%3D732715%26name%3Dtronsmart+silicon+case+for HTTP/1.1" 200 0 "-" "Mozilla/5.0 AppleWebKit/537.36 (KHTML, like Gecko; compatible; bingbot/2.0; +http://www.bing.com/bingbot.htm) Chrome/116.0.1938.76 Safari/537.36"
40.77.167.14 - - [29/May/2025:08:35:10 -0400] "GET /?d=95175710260&filter=98d47d&share_to_url=model.php%3Fid%3D3224295%26name%3Dtne12+15+m%C3%A1y+n%C3%A2ng HTTP/1.1" 200 0 "-" "Mozilla/5.0 AppleWebKit/537.36 (KHTML, like Gecko; compatible; bingbot/2.0; +http://www.bing.com/bingbot.htm) Chrome/116.0.1938.76 Safari/537.36"
40.77.167.78 - - [29/May/2025:08:35:14 -0400] "GET /?d=97993816260&filter=bfc81f&share_to_url=detail.php?id=3320865&name=felt%20broam%2030%20grx HTTP/1.1" 200 0 "-" "Mozilla/5.0 AppleWebKit/537.36 (KHTML, like Gecko; compatible; bingbot/2.0; +http://www.bing.com/bingbot.htm) Chrome/116.0.1938.76 Safari/537.36"
52.167.144.199 - - [29/May/2025:08:35:22 -0400] "GET /?d=20051904260&filter=2aa707&share_to_url=detail.php%3Fid%3D681213%26name%3Dbuy+speaker+parts+online HTTP/1.1" 200 0 "-" "Mozilla/5.0 AppleWebKit/537.36 (KHTML, like Gecko; compatible; bingbot/2.0; +http://www.bing.com/bingbot.htm) Chrome/116.0.1938.76 Safari/537.36"
