197.210.53.233 - - [26/Apr/2025:10:28:57 -0400] "GET /assets/iconfonts/materialdesignicons/materialdesignicons.css HTTP/1.1" 200 22418 "https://www.finationglobal.com/assets/css/icons.css" "Mozilla/5.0 (Linux; Android 10; K) AppleWebKit/537.36 (KHTML, like Gecko) Chrome/135.0.0.0 Mobile Safari/537.36"
197.210.53.233 - - [26/Apr/2025:10:28:57 -0400] "GET /assets/iconfonts/pe-icon-7-stroke/Pe-icon-7.css HTTP/1.1" 200 1681 "https://www.finationglobal.com/assets/css/icons.css" "Mozilla/5.0 (Linux; Android 10; K) AppleWebKit/537.36 (KHTML, like Gecko) Chrome/135.0.0.0 Mobile Safari/537.36"
197.210.53.233 - - [26/Apr/2025:10:28:57 -0400] "GET /assets/iconfonts/simple-line-icons/simple-line-icons.css HTTP/1.1" 200 3107 "https://www.finationglobal.com/assets/css/icons.css" "Mozilla/5.0 (Linux; Android 10; K) AppleWebKit/537.36 (KHTML, like Gecko) Chrome/135.0.0.0 Mobile Safari/537.36"
197.210.53.233 - - [26/Apr/2025:10:28:57 -0400] "GET /assets/iconfonts/themify/themify.css HTTP/1.1" 200 2728 "https://www.finationglobal.com/assets/css/icons.css" "Mozilla/5.0 (Linux; Android 10; K) AppleWebKit/537.36 (KHTML, like Gecko) Chrome/135.0.0.0 Mobile Safari/537.36"
197.210.53.233 - - [26/Apr/2025:10:28:57 -0400] "GET /assets/iconfonts/typicons/typicons.css HTTP/1.1" 200 3263 "https://www.finationglobal.com/assets/css/icons.css" "Mozilla/5.0 (Linux; Android 10; K) AppleWebKit/537.36 (KHTML, like Gecko) Chrome/135.0.0.0 Mobile Safari/537.36"
197.210.53.233 - - [26/Apr/2025:10:28:57 -0400] "GET /assets/iconfonts/weathericons/weathericons.css HTTP/1.1" 200 3459 "https://www.finationglobal.com/assets/css/icons.css" "Mozilla/5.0 (Linux; Android 10; K) AppleWebKit/537.36 (KHTML, like Gecko) Chrome/135.0.0.0 Mobile Safari/537.36"
197.210.53.233 - - [26/Apr/2025:10:28:57 -0400] "GET /assets/iconfonts/feather/feather.css HTTP/1.1" 200 1999 "https://www.finationglobal.com/assets/css/icons.css" "Mozilla/5.0 (Linux; Android 10; K) AppleWebKit/537.36 (KHTML, like Gecko) Chrome/135.0.0.0 Mobile Safari/537.36"
197.210.53.233 - - [26/Apr/2025:10:28:57 -0400] "GET /assets/plugins/iconfonts/remixicon/remixicon.css HTTP/1.1" 200 12884 "https://www.finationglobal.com/assets/css/icons.css" "Mozilla/5.0 (Linux; Android 10; K) AppleWebKit/537.36 (KHTML, like Gecko) Chrome/135.0.0.0 Mobile Safari/537.36"
197.210.53.233 - - [26/Apr/2025:10:28:58 -0400] "GET /assets/iconfonts/materialdesignicons/fonts/Material-Design-Iconic-Font.woff2?v=2.2.0 HTTP/1.1" 200 38384 "https://www.finationglobal.com/assets/iconfonts/materialdesignicons/materialdesignicons.css" "Mozilla/5.0 (Linux; Android 10; K) AppleWebKit/537.36 (KHTML, like Gecko) Chrome/135.0.0.0 Mobile Safari/537.36"
197.210.53.233 - - [26/Apr/2025:10:28:58 -0400] "GET /assets/iconfonts/font-awesome/fonts/fontawesome-webfont.woff2?v=4.7.0 HTTP/1.1" 200 77160 "https://www.finationglobal.com/assets/iconfonts/font-awesome/css/font-awesome.min.css" "Mozilla/5.0 (Linux; Android 10; K) AppleWebKit/537.36 (KHTML, like Gecko) Chrome/135.0.0.0 Mobile Safari/537.36"
197.210.53.233 - - [26/Apr/2025:10:28:59 -0400] "GET /assets/images/brand/favicon.ico HTTP/1.1" 200 889 "https://www.finationglobal.com/account/login" "Mozilla/5.0 (Linux; Android 10; K) AppleWebKit/537.36 (KHTML, like Gecko) Chrome/135.0.0.0 Mobile Safari/537.36"
197.250.99.26 - - [26/Apr/2025:10:29:46 -0400] "POST /account/forgot-password HTTP/1.1" 200 1444 "https://finationglobal.com/account/forgot-password" "Mozilla/5.0 (Linux; Android 10; K) AppleWebKit/537.36 (KHTML, like Gecko) Chrome/134.0.0.0 Mobile Safari/537.36"
197.250.99.26 - - [26/Apr/2025:10:30:04 -0400] "GET /account/forgot-password HTTP/1.1" 200 1238 "https://finationglobal.com/account/login" "Mozilla/5.0 (Linux; Android 10; K) AppleWebKit/537.36 (KHTML, like Gecko) Chrome/134.0.0.0 Mobile Safari/537.36"
197.250.99.26 - - [26/Apr/2025:10:30:09 -0400] "GET /account/login HTTP/1.1" 200 1297 "https://finationglobal.com/account/forgot-password" "Mozilla/5.0 (Linux; Android 10; K) AppleWebKit/537.36 (KHTML, like Gecko) Chrome/134.0.0.0 Mobile Safari/537.36"
197.250.99.26 - - [26/Apr/2025:10:30:31 -0400] "POST /account/login HTTP/1.1" 302 1297 "https://finationglobal.com/account/login" "Mozilla/5.0 (Linux; Android 10; K) AppleWebKit/537.36 (KHTML, like Gecko) Chrome/134.0.0.0 Mobile Safari/537.36"
197.250.99.26 - - [26/Apr/2025:10:30:31 -0400] "GET /account/ HTTP/1.1" 200 6888 "https://finationglobal.com/account/login" "Mozilla/5.0 (Linux; Android 10; K) AppleWebKit/537.36 (KHTML, like Gecko) Chrome/134.0.0.0 Mobile Safari/537.36"
197.250.99.26 - - [26/Apr/2025:10:30:32 -0400] "GET /account/finationbr.png HTTP/1.1" 304 0 "https://finationglobal.com/account/" "Mozilla/5.0 (Linux; Android 10; K) AppleWebKit/537.36 (KHTML, like Gecko) Chrome/134.0.0.0 Mobile Safari/537.36"
197.250.99.26 - - [26/Apr/2025:10:30:32 -0400] "GET /account/uploads/user.png HTTP/1.1" 304 0 "https://finationglobal.com/account/" "Mozilla/5.0 (Linux; Android 10; K) AppleWebKit/537.36 (KHTML, like Gecko) Chrome/134.0.0.0 Mobile Safari/537.36"
197.250.99.26 - - [26/Apr/2025:10:30:32 -0400] "GET /account/uploads/gc2faa3dhxyi.jpg HTTP/1.1" 304 0 "https://finationglobal.com/account/" "Mozilla/5.0 (Linux; Android 10; K) AppleWebKit/537.36 (KHTML, like Gecko) Chrome/134.0.0.0 Mobile Safari/537.36"
197.250.99.26 - - [26/Apr/2025:10:30:32 -0400] "GET /account/uploads/31z4n63t8i1e.jpg HTTP/1.1" 304 0 "https://finationglobal.com/account/" "Mozilla/5.0 (Linux; Android 10; K) AppleWebKit/537.36 (KHTML, like Gecko) Chrome/134.0.0.0 Mobile Safari/537.36"
197.250.99.26 - - [26/Apr/2025:10:30:32 -0400] "GET /account/uploads/u1.png HTTP/1.1" 304 0 "https://finationglobal.com/account/" "Mozilla/5.0 (Linux; Android 10; K) AppleWebKit/537.36 (KHTML, like Gecko) Chrome/134.0.0.0 Mobile Safari/537.36"
197.250.99.26 - - [26/Apr/2025:10:30:33 -0400] "GET /account/pngtree.png HTTP/1.1" 304 0 "https://finationglobal.com/account/" "Mozilla/5.0 (Linux; Android 10; K) AppleWebKit/537.36 (KHTML, like Gecko) Chrome/134.0.0.0 Mobile Safari/537.36"
197.250.99.26 - - [26/Apr/2025:10:30:33 -0400] "GET /assets/iconfonts/feather/fonts/feather-webfont.woff?t=1501841394106 HTTP/1.1" 304 0 "https://finationglobal.com/assets/css/style.css" "Mozilla/5.0 (Linux; Android 10; K) AppleWebKit/537.36 (KHTML, like Gecko) Chrome/134.0.0.0 Mobile Safari/537.36"
74.125.114.2 - - [26/Apr/2025:10:30:40 -0400] "GET /assets/plugins HTTP/1.1" 301 795 "https://www.google.com/" "Mozilla/5.0 (Windows NT 10.0; Win64; x64) AppleWebKit/537.36 (KHTML, like Gecko) Chrome/133.0.0.0 Safari/537.36"
74.125.114.2 - - [26/Apr/2025:10:30:40 -0400] "GET /assets/plugins/ HTTP/1.1" 200 1726 "https://www.google.com/" "Mozilla/5.0 (Windows NT 10.0; Win64; x64) AppleWebKit/537.36 (KHTML, like Gecko) Chrome/133.0.0.0 Safari/537.36"
74.125.114.5 - - [26/Apr/2025:10:30:40 -0400] "GET /assets/plugins/ HTTP/1.1" 200 1764 "https://www.google.com/" "Mozilla/5.0 (Windows NT 10.0; Win64; x64) AppleWebKit/537.36 (KHTML, like Gecko) Chrome/133.0.0.0 Safari/537.36"
172.253.234.226 - - [26/Apr/2025:10:30:40 -0400] "GET /assets HTTP/1.1" 301 795 "https://www.google.com/" "Mozilla/5.0 (Windows NT 10.0; Win64; x64) AppleWebKit/537.36 (KHTML, like Gecko) Chrome/133.0.0.0 Safari/537.36"
74.125.114.5 - - [26/Apr/2025:10:30:40 -0400] "GET /_autoindex/assets/icons/corner-left-up.svg HTTP/1.1" 200 328 "https://finationglobal.com/assets/plugins/" "Mozilla/5.0 (Windows NT 10.0; Win64; x64) AppleWebKit/537.36 (KHTML, like Gecko) Chrome/133.0.0.0 Safari/537.36"
74.125.114.5 - - [26/Apr/2025:10:30:40 -0400] "GET /_autoindex/assets/js/tablesort.js HTTP/1.1" 200 2137 "https://finationglobal.com/assets/plugins/" "Mozilla/5.0 (Windows NT 10.0; Win64; x64) AppleWebKit/537.36 (KHTML, like Gecko) Chrome/133.0.0.0 Safari/537.36"
74.125.114.5 - - [26/Apr/2025:10:30:40 -0400] "GET /_autoindex/assets/css/autoindex.css HTTP/1.1" 200 1170 "https://finationglobal.com/assets/plugins/" "Mozilla/5.0 (Windows NT 10.0; Win64; x64) AppleWebKit/537.36 (KHTML, like Gecko) Chrome/133.0.0.0 Safari/537.36"
74.125.114.5 - - [26/Apr/2025:10:30:40 -0400] "GET /_autoindex/assets/js/tablesort.number.js HTTP/1.1" 200 322 "https://finationglobal.com/assets/plugins/" "Mozilla/5.0 (Windows NT 10.0; Win64; x64) AppleWebKit/537.36 (KHTML, like Gecko) Chrome/133.0.0.0 Safari/537.36"
74.125.114.2 - - [26/Apr/2025:10:30:40 -0400] "GET /_autoindex/assets/css/autoindex.css HTTP/1.1" 200 1170 "https://finationglobal.com/assets/plugins/" "Mozilla/5.0 (Windows NT 10.0; Win64; x64) AppleWebKit/537.36 (KHTML, like Gecko) Chrome/133.0.0.0 Safari/537.36"
74.125.114.2 - - [26/Apr/2025:10:30:40 -0400] "GET /_autoindex/assets/js/tablesort.js HTTP/1.1" 200 2137 "https://finationglobal.com/assets/plugins/" "Mozilla/5.0 (Windows NT 10.0; Win64; x64) AppleWebKit/537.36 (KHTML, like Gecko) Chrome/133.0.0.0 Safari/537.36"
74.125.114.2 - - [26/Apr/2025:10:30:40 -0400] "GET /_autoindex/assets/js/tablesort.number.js HTTP/1.1" 200 322 "https://finationglobal.com/assets/plugins/" "Mozilla/5.0 (Windows NT 10.0; Win64; x64) AppleWebKit/537.36 (KHTML, like Gecko) Chrome/133.0.0.0 Safari/537.36"
74.125.114.2 - - [26/Apr/2025:10:30:40 -0400] "GET /_autoindex/assets/icons/corner-left-up.svg HTTP/1.1" 200 328 "https://finationglobal.com/assets/plugins/" "Mozilla/5.0 (Windows NT 10.0; Win64; x64) AppleWebKit/537.36 (KHTML, like Gecko) Chrome/133.0.0.0 Safari/537.36"
74.125.114.2 - - [26/Apr/2025:10:30:40 -0400] "GET /_autoindex/assets/icons/folder-fill.svg HTTP/1.1" 200 333 "https://finationglobal.com/assets/plugins/" "Mozilla/5.0 (Windows NT 10.0; Win64; x64) AppleWebKit/537.36 (KHTML, like Gecko) Chrome/133.0.0.0 Safari/537.36"
74.125.114.5 - - [26/Apr/2025:10:30:40 -0400] "GET /_autoindex/assets/icons/folder-fill.svg HTTP/1.1" 200 333 "https://finationglobal.com/assets/plugins/" "Mozilla/5.0 (Windows NT 10.0; Win64; x64) AppleWebKit/537.36 (KHTML, like Gecko) Chrome/133.0.0.0 Safari/537.36"
172.253.234.232 - - [26/Apr/2025:10:30:40 -0400] "GET /assets/plugins/bootstrap HTTP/1.1" 301 795 "https://www.google.com/" "Mozilla/5.0 (Windows NT 10.0; Win64; x64) AppleWebKit/537.36 (KHTML, like Gecko) Chrome/64.0.3282.140 Safari/537.36 Edge/18.17763"
172.253.218.51 - - [26/Apr/2025:10:30:40 -0400] "GET /assets/ HTTP/1.1" 200 1091 "https://www.google.com/" "Mozilla/5.0 (Windows NT 10.0; Win64; x64) AppleWebKit/537.36 (KHTML, like Gecko) Chrome/131.0.0.0 Safari/537.36"
172.253.234.226 - - [26/Apr/2025:10:30:40 -0400] "GET /assets/ HTTP/1.1" 200 1091 "https://www.google.com/" "Mozilla/5.0 (Windows NT 10.0; Win64; x64) AppleWebKit/537.36 (KHTML, like Gecko) Chrome/133.0.0.0 Safari/537.36"
172.253.234.232 - - [26/Apr/2025:10:30:40 -0400] "GET /assets/plugins/bootstrap/ HTTP/1.1" 200 624 "https://www.google.com/" "Mozilla/5.0 (Windows NT 10.0; Win64; x64) AppleWebKit/537.36 (KHTML, like Gecko) Chrome/64.0.3282.140 Safari/537.36 Edge/18.17763"
172.253.234.226 - - [26/Apr/2025:10:30:40 -0400] "GET /_autoindex/assets/css/autoindex.css HTTP/1.1" 200 1170 "https://finationglobal.com/assets/" "Mozilla/5.0 (Windows NT 10.0; Win64; x64) AppleWebKit/537.36 (KHTML, like Gecko) Chrome/133.0.0.0 Safari/537.36"
172.253.234.226 - - [26/Apr/2025:10:30:40 -0400] "GET /_autoindex/assets/js/tablesort.js HTTP/1.1" 200 2137 "https://finationglobal.com/assets/" "Mozilla/5.0 (Windows NT 10.0; Win64; x64) AppleWebKit/537.36 (KHTML, like Gecko) Chrome/133.0.0.0 Safari/537.36"
172.253.234.226 - - [26/Apr/2025:10:30:40 -0400] "GET /_autoindex/assets/js/tablesort.number.js HTTP/1.1" 200 322 "https://finationglobal.com/assets/" "Mozilla/5.0 (Windows NT 10.0; Win64; x64) AppleWebKit/537.36 (KHTML, like Gecko) Chrome/133.0.0.0 Safari/537.36"
172.253.234.226 - - [26/Apr/2025:10:30:40 -0400] "GET /_autoindex/assets/icons/corner-left-up.svg HTTP/1.1" 200 328 "https://finationglobal.com/assets/" "Mozilla/5.0 (Windows NT 10.0; Win64; x64) AppleWebKit/537.36 (KHTML, like Gecko) Chrome/133.0.0.0 Safari/537.36"
172.253.234.226 - - [26/Apr/2025:10:30:40 -0400] "GET /_autoindex/assets/icons/folder-fill.svg HTTP/1.1" 200 333 "https://finationglobal.com/assets/" "Mozilla/5.0 (Windows NT 10.0; Win64; x64) AppleWebKit/537.36 (KHTML, like Gecko) Chrome/133.0.0.0 Safari/537.36"
172.253.218.51 - - [26/Apr/2025:10:30:40 -0400] "GET /_autoindex/assets/css/autoindex.css HTTP/1.1" 200 1170 "https://finationglobal.com/assets/" "Mozilla/5.0 (Windows NT 10.0; Win64; x64) AppleWebKit/537.36 (KHTML, like Gecko) Chrome/131.0.0.0 Safari/537.36"
172.253.218.51 - - [26/Apr/2025:10:30:40 -0400] "GET /_autoindex/assets/js/tablesort.js HTTP/1.1" 200 2137 "https://finationglobal.com/assets/" "Mozilla/5.0 (Windows NT 10.0; Win64; x64) AppleWebKit/537.36 (KHTML, like Gecko) Chrome/131.0.0.0 Safari/537.36"
172.253.218.51 - - [26/Apr/2025:10:30:40 -0400] "GET /_autoindex/assets/js/tablesort.number.js HTTP/1.1" 200 322 "https://finationglobal.com/assets/" "Mozilla/5.0 (Windows NT 10.0; Win64; x64) AppleWebKit/537.36 (KHTML, like Gecko) Chrome/131.0.0.0 Safari/537.36"
172.253.218.51 - - [26/Apr/2025:10:30:40 -0400] "GET /_autoindex/assets/icons/corner-left-up.svg HTTP/1.1" 200 328 "https://finationglobal.com/assets/" "Mozilla/5.0 (Windows NT 10.0; Win64; x64) AppleWebKit/537.36 (KHTML, like Gecko) Chrome/131.0.0.0 Safari/537.36"
172.253.218.51 - - [26/Apr/2025:10:30:40 -0400] "GET /_autoindex/assets/icons/folder-fill.svg HTTP/1.1" 200 333 "https://finationglobal.com/assets/" "Mozilla/5.0 (Windows NT 10.0; Win64; x64) AppleWebKit/537.36 (KHTML, like Gecko) Chrome/131.0.0.0 Safari/537.36"
172.253.218.54 - - [26/Apr/2025:10:30:40 -0400] "GET /assets/plugins/input-mask HTTP/1.1" 301 795 "https://www.google.com/" "Mozilla/5.0 (Windows NT 10.0; Win64; x64) AppleWebKit/537.36 (KHTML, like Gecko) Chrome/131.0.0.0 Safari/537.36"
172.253.234.232 - - [26/Apr/2025:10:30:40 -0400] "GET /_autoindex/assets/css/autoindex.css HTTP/1.1" 200 1170 "https://finationglobal.com/assets/plugins/bootstrap/" "Mozilla/5.0 (Windows NT 10.0; Win64; x64) AppleWebKit/537.36 (KHTML, like Gecko) Chrome/64.0.3282.140 Safari/537.36 Edge/18.17763"
172.253.234.232 - - [26/Apr/2025:10:30:40 -0400] "GET /_autoindex/assets/js/tablesort.js HTTP/1.1" 200 2137 "https://finationglobal.com/assets/plugins/bootstrap/" "Mozilla/5.0 (Windows NT 10.0; Win64; x64) AppleWebKit/537.36 (KHTML, like Gecko) Chrome/64.0.3282.140 Safari/537.36 Edge/18.17763"
172.253.234.232 - - [26/Apr/2025:10:30:40 -0400] "GET /_autoindex/assets/js/tablesort.number.js HTTP/1.1" 200 322 "https://finationglobal.com/assets/plugins/bootstrap/" "Mozilla/5.0 (Windows NT 10.0; Win64; x64) AppleWebKit/537.36 (KHTML, like Gecko) Chrome/64.0.3282.140 Safari/537.36 Edge/18.17763"
172.253.234.232 - - [26/Apr/2025:10:30:40 -0400] "GET /_autoindex/assets/icons/corner-left-up.svg HTTP/1.1" 200 328 "https://finationglobal.com/assets/plugins/bootstrap/" "Mozilla/5.0 (Windows NT 10.0; Win64; x64) AppleWebKit/537.36 (KHTML, like Gecko) Chrome/64.0.3282.140 Safari/537.36 Edge/18.17763"
172.253.234.232 - - [26/Apr/2025:10:30:40 -0400] "GET /_autoindex/assets/icons/folder-fill.svg HTTP/1.1" 200 333 "https://finationglobal.com/assets/plugins/bootstrap/" "Mozilla/5.0 (Windows NT 10.0; Win64; x64) AppleWebKit/537.36 (KHTML, like Gecko) Chrome/64.0.3282.140 Safari/537.36 Edge/18.17763"
172.253.218.57 - - [26/Apr/2025:10:30:40 -0400] "GET /assets/js/ HTTP/1.1" 200 1945 "https://www.google.com/" "Mozilla/5.0 (Windows NT 10.0; Win64; x64) AppleWebKit/537.36 (KHTML, like Gecko) Chrome/133.0.0.0 Safari/537.36"
172.253.234.226 - - [26/Apr/2025:10:30:40 -0400] "GET /_autoindex/assets/icons/file.svg HTTP/1.1" 200 354 "https://finationglobal.com/assets/" "Mozilla/5.0 (Windows NT 10.0; Win64; x64) AppleWebKit/537.36 (KHTML, like Gecko) Chrome/133.0.0.0 Safari/537.36"
172.253.234.226 - - [26/Apr/2025:10:30:40 -0400] "GET /_autoindex/assets/icons/file-text.svg HTTP/1.1" 200 394 "https://finationglobal.com/assets/" "Mozilla/5.0 (Windows NT 10.0; Win64; x64) AppleWebKit/537.36 (KHTML, like Gecko) Chrome/133.0.0.0 Safari/537.36"
172.253.218.51 - - [26/Apr/2025:10:30:40 -0400] "GET /_autoindex/assets/icons/file.svg HTTP/1.1" 200 354 "https://finationglobal.com/assets/" "Mozilla/5.0 (Windows NT 10.0; Win64; x64) AppleWebKit/537.36 (KHTML, like Gecko) Chrome/131.0.0.0 Safari/537.36"
172.253.218.51 - - [26/Apr/2025:10:30:40 -0400] "GET /_autoindex/assets/icons/file-text.svg HTTP/1.1" 200 394 "https://finationglobal.com/assets/" "Mozilla/5.0 (Windows NT 10.0; Win64; x64) AppleWebKit/537.36 (KHTML, like Gecko) Chrome/131.0.0.0 Safari/537.36"
172.253.218.54 - - [26/Apr/2025:10:30:40 -0400] "GET /assets/plugins/input-mask/ HTTP/1.1" 200 656 "https://www.google.com/" "Mozilla/5.0 (Windows NT 10.0; Win64; x64) AppleWebKit/537.36 (KHTML, like Gecko) Chrome/131.0.0.0 Safari/537.36"
172.253.218.57 - - [26/Apr/2025:10:30:40 -0400] "GET /_autoindex/assets/css/autoindex.css HTTP/1.1" 200 1170 "https://finationglobal.com/assets/js/" "Mozilla/5.0 (Windows NT 10.0; Win64; x64) AppleWebKit/537.36 (KHTML, like Gecko) Chrome/133.0.0.0 Safari/537.36"
172.253.218.57 - - [26/Apr/2025:10:30:40 -0400] "GET /_autoindex/assets/js/tablesort.js HTTP/1.1" 200 2137 "https://finationglobal.com/assets/js/" "Mozilla/5.0 (Windows NT 10.0; Win64; x64) AppleWebKit/537.36 (KHTML, like Gecko) Chrome/133.0.0.0 Safari/537.36"
172.253.218.57 - - [26/Apr/2025:10:30:40 -0400] "GET /_autoindex/assets/js/tablesort.number.js HTTP/1.1" 200 322 "https://finationglobal.com/assets/js/" "Mozilla/5.0 (Windows NT 10.0; Win64; x64) AppleWebKit/537.36 (KHTML, like Gecko) Chrome/133.0.0.0 Safari/537.36"
172.253.218.57 - - [26/Apr/2025:10:30:40 -0400] "GET /_autoindex/assets/icons/corner-left-up.svg HTTP/1.1" 200 328 "https://finationglobal.com/assets/js/" "Mozilla/5.0 (Windows NT 10.0; Win64; x64) AppleWebKit/537.36 (KHTML, like Gecko) Chrome/133.0.0.0 Safari/537.36"
172.253.218.57 - - [26/Apr/2025:10:30:40 -0400] "GET /_autoindex/assets/icons/file-text.svg HTTP/1.1" 200 394 "https://finationglobal.com/assets/js/" "Mozilla/5.0 (Windows NT 10.0; Win64; x64) AppleWebKit/537.36 (KHTML, like Gecko) Chrome/133.0.0.0 Safari/537.36"
172.253.218.54 - - [26/Apr/2025:10:30:41 -0400] "GET /_autoindex/assets/css/autoindex.css HTTP/1.1" 200 1170 "https://finationglobal.com/assets/plugins/input-mask/" "Mozilla/5.0 (Windows NT 10.0; Win64; x64) AppleWebKit/537.36 (KHTML, like Gecko) Chrome/131.0.0.0 Safari/537.36"
172.253.218.54 - - [26/Apr/2025:10:30:41 -0400] "GET /_autoindex/assets/js/tablesort.js HTTP/1.1" 200 2137 "https://finationglobal.com/assets/plugins/input-mask/" "Mozilla/5.0 (Windows NT 10.0; Win64; x64) AppleWebKit/537.36 (KHTML, like Gecko) Chrome/131.0.0.0 Safari/537.36"
172.253.218.54 - - [26/Apr/2025:10:30:41 -0400] "GET /_autoindex/assets/js/tablesort.number.js HTTP/1.1" 200 322 "https://finationglobal.com/assets/plugins/input-mask/" "Mozilla/5.0 (Windows NT 10.0; Win64; x64) AppleWebKit/537.36 (KHTML, like Gecko) Chrome/131.0.0.0 Safari/537.36"
172.253.218.54 - - [26/Apr/2025:10:30:41 -0400] "GET /_autoindex/assets/icons/corner-left-up.svg HTTP/1.1" 200 328 "https://finationglobal.com/assets/plugins/input-mask/" "Mozilla/5.0 (Windows NT 10.0; Win64; x64) AppleWebKit/537.36 (KHTML, like Gecko) Chrome/131.0.0.0 Safari/537.36"
172.253.218.54 - - [26/Apr/2025:10:30:41 -0400] "GET /_autoindex/assets/icons/file-text.svg HTTP/1.1" 200 394 "https://finationglobal.com/assets/plugins/input-mask/" "Mozilla/5.0 (Windows NT 10.0; Win64; x64) AppleWebKit/537.36 (KHTML, like Gecko) Chrome/131.0.0.0 Safari/537.36"
172.253.192.124 - - [26/Apr/2025:10:30:41 -0400] "GET /assets/plugins/p-scroll HTTP/1.1" 301 795 "https://www.google.com/" "Mozilla/5.0 (Windows NT 10.0; Win64; x64) AppleWebKit/537.36 (KHTML, like Gecko) Chrome/134.0.0.0 Safari/537.36"
172.253.192.124 - - [26/Apr/2025:10:30:41 -0400] "GET /assets/plugins/p-scroll/ HTTP/1.1" 200 687 "https://www.google.com/" "Mozilla/5.0 (Windows NT 10.0; Win64; x64) AppleWebKit/537.36 (KHTML, like Gecko) Chrome/134.0.0.0 Safari/537.36"
172.253.192.124 - - [26/Apr/2025:10:30:41 -0400] "GET /_autoindex/assets/css/autoindex.css HTTP/1.1" 200 1170 "https://finationglobal.com/assets/plugins/p-scroll/" "Mozilla/5.0 (Windows NT 10.0; Win64; x64) AppleWebKit/537.36 (KHTML, like Gecko) Chrome/134.0.0.0 Safari/537.36"
172.253.192.124 - - [26/Apr/2025:10:30:41 -0400] "GET /_autoindex/assets/js/tablesort.js HTTP/1.1" 200 2137 "https://finationglobal.com/assets/plugins/p-scroll/" "Mozilla/5.0 (Windows NT 10.0; Win64; x64) AppleWebKit/537.36 (KHTML, like Gecko) Chrome/134.0.0.0 Safari/537.36"
172.253.192.124 - - [26/Apr/2025:10:30:41 -0400] "GET /_autoindex/assets/js/tablesort.number.js HTTP/1.1" 200 322 "https://finationglobal.com/assets/plugins/p-scroll/" "Mozilla/5.0 (Windows NT 10.0; Win64; x64) AppleWebKit/537.36 (KHTML, like Gecko) Chrome/134.0.0.0 Safari/537.36"
172.253.192.124 - - [26/Apr/2025:10:30:41 -0400] "GET /_autoindex/assets/icons/corner-left-up.svg HTTP/1.1" 200 328 "https://finationglobal.com/assets/plugins/p-scroll/" "Mozilla/5.0 (Windows NT 10.0; Win64; x64) AppleWebKit/537.36 (KHTML, like Gecko) Chrome/134.0.0.0 Safari/537.36"
172.253.192.124 - - [26/Apr/2025:10:30:41 -0400] "GET /_autoindex/assets/icons/file-text.svg HTTP/1.1" 200 394 "https://finationglobal.com/assets/plugins/p-scroll/" "Mozilla/5.0 (Windows NT 10.0; Win64; x64) AppleWebKit/537.36 (KHTML, like Gecko) Chrome/134.0.0.0 Safari/537.36"
162.253.24.36 - - [26/Apr/2025:10:30:41 -0400] "GET /assets/plugins/input-mask/ HTTP/1.1" 200 656 "https://www.google.com/" "Mozilla/5.0 (Windows NT 10.0; Win64; x64) AppleWebKit/537.36 (KHTML, like Gecko) Chrome/133.0.0.0 Safari/537.36"
162.253.24.36 - - [26/Apr/2025:10:30:41 -0400] "GET /_autoindex/assets/css/autoindex.css HTTP/1.1" 200 1170 "https://finationglobal.com/assets/plugins/input-mask/" "Mozilla/5.0 (Windows NT 10.0; Win64; x64) AppleWebKit/537.36 (KHTML, like Gecko) Chrome/133.0.0.0 Safari/537.36"
162.253.24.36 - - [26/Apr/2025:10:30:41 -0400] "GET /_autoindex/assets/js/tablesort.js HTTP/1.1" 200 2137 "https://finationglobal.com/assets/plugins/input-mask/" "Mozilla/5.0 (Windows NT 10.0; Win64; x64) AppleWebKit/537.36 (KHTML, like Gecko) Chrome/133.0.0.0 Safari/537.36"
162.253.24.36 - - [26/Apr/2025:10:30:41 -0400] "GET /_autoindex/assets/js/tablesort.number.js HTTP/1.1" 200 322 "https://finationglobal.com/assets/plugins/input-mask/" "Mozilla/5.0 (Windows NT 10.0; Win64; x64) AppleWebKit/537.36 (KHTML, like Gecko) Chrome/133.0.0.0 Safari/537.36"
162.253.24.36 - - [26/Apr/2025:10:30:41 -0400] "GET /_autoindex/assets/icons/corner-left-up.svg HTTP/1.1" 200 328 "https://finationglobal.com/assets/plugins/input-mask/" "Mozilla/5.0 (Windows NT 10.0; Win64; x64) AppleWebKit/537.36 (KHTML, like Gecko) Chrome/133.0.0.0 Safari/537.36"
162.253.24.36 - - [26/Apr/2025:10:30:41 -0400] "GET /_autoindex/assets/icons/file-text.svg HTTP/1.1" 200 394 "https://finationglobal.com/assets/plugins/input-mask/" "Mozilla/5.0 (Windows NT 10.0; Win64; x64) AppleWebKit/537.36 (KHTML, like Gecko) Chrome/133.0.0.0 Safari/537.36"
172.253.192.244 - - [26/Apr/2025:10:30:42 -0400] "GET /assets/plugins/bootstrap/ HTTP/1.1" 200 624 "https://www.google.com/" "Mozilla/5.0 (Windows NT 10.0; Win64; x64) AppleWebKit/537.36 (KHTML, like Gecko) Chrome/133.0.0.0 Safari/537.36"
172.253.192.118 - - [26/Apr/2025:10:30:42 -0400] "GET /js HTTP/1.1" 301 795 "https://www.google.com/" "Mozilla/5.0 (Windows NT 10.0; Win64; x64) AppleWebKit/537.36 (KHTML, like Gecko) Chrome/133.0.0.0 Safari/537.36"
172.253.192.118 - - [26/Apr/2025:10:30:42 -0400] "GET /js/ HTTP/1.1" 200 1432 "https://www.google.com/" "Mozilla/5.0 (Windows NT 10.0; Win64; x64) AppleWebKit/537.36 (KHTML, like Gecko) Chrome/133.0.0.0 Safari/537.36"
172.253.192.244 - - [26/Apr/2025:10:30:42 -0400] "GET /_autoindex/assets/css/autoindex.css HTTP/1.1" 200 1170 "https://finationglobal.com/assets/plugins/bootstrap/" "Mozilla/5.0 (Windows NT 10.0; Win64; x64) AppleWebKit/537.36 (KHTML, like Gecko) Chrome/133.0.0.0 Safari/537.36"
172.253.192.244 - - [26/Apr/2025:10:30:42 -0400] "GET /_autoindex/assets/js/tablesort.js HTTP/1.1" 200 2137 "https://finationglobal.com/assets/plugins/bootstrap/" "Mozilla/5.0 (Windows NT 10.0; Win64; x64) AppleWebKit/537.36 (KHTML, like Gecko) Chrome/133.0.0.0 Safari/537.36"
172.253.192.244 - - [26/Apr/2025:10:30:42 -0400] "GET /_autoindex/assets/js/tablesort.number.js HTTP/1.1" 200 322 "https://finationglobal.com/assets/plugins/bootstrap/" "Mozilla/5.0 (Windows NT 10.0; Win64; x64) AppleWebKit/537.36 (KHTML, like Gecko) Chrome/133.0.0.0 Safari/537.36"
172.253.192.244 - - [26/Apr/2025:10:30:42 -0400] "GET /_autoindex/assets/icons/corner-left-up.svg HTTP/1.1" 200 328 "https://finationglobal.com/assets/plugins/bootstrap/" "Mozilla/5.0 (Windows NT 10.0; Win64; x64) AppleWebKit/537.36 (KHTML, like Gecko) Chrome/133.0.0.0 Safari/537.36"
172.253.192.244 - - [26/Apr/2025:10:30:42 -0400] "GET /_autoindex/assets/icons/folder-fill.svg HTTP/1.1" 200 333 "https://finationglobal.com/assets/plugins/bootstrap/" "Mozilla/5.0 (Windows NT 10.0; Win64; x64) AppleWebKit/537.36 (KHTML, like Gecko) Chrome/133.0.0.0 Safari/537.36"
172.253.192.118 - - [26/Apr/2025:10:30:42 -0400] "GET /_autoindex/assets/css/autoindex.css HTTP/1.1" 200 1170 "https://finationglobal.com/js/" "Mozilla/5.0 (Windows NT 10.0; Win64; x64) AppleWebKit/537.36 (KHTML, like Gecko) Chrome/133.0.0.0 Safari/537.36"
172.253.192.118 - - [26/Apr/2025:10:30:42 -0400] "GET /_autoindex/assets/js/tablesort.js HTTP/1.1" 200 2137 "https://finationglobal.com/js/" "Mozilla/5.0 (Windows NT 10.0; Win64; x64) AppleWebKit/537.36 (KHTML, like Gecko) Chrome/133.0.0.0 Safari/537.36"
172.253.192.118 - - [26/Apr/2025:10:30:42 -0400] "GET /_autoindex/assets/js/tablesort.number.js HTTP/1.1" 200 322 "https://finationglobal.com/js/" "Mozilla/5.0 (Windows NT 10.0; Win64; x64) AppleWebKit/537.36 (KHTML, like Gecko) Chrome/133.0.0.0 Safari/537.36"
172.253.192.118 - - [26/Apr/2025:10:30:42 -0400] "GET /_autoindex/assets/icons/corner-left-up.svg HTTP/1.1" 200 328 "https://finationglobal.com/js/" "Mozilla/5.0 (Windows NT 10.0; Win64; x64) AppleWebKit/537.36 (KHTML, like Gecko) Chrome/133.0.0.0 Safari/537.36"
172.253.192.118 - - [26/Apr/2025:10:30:42 -0400] "GET /_autoindex/assets/icons/file-text.svg HTTP/1.1" 200 394 "https://finationglobal.com/js/" "Mozilla/5.0 (Windows NT 10.0; Win64; x64) AppleWebKit/537.36 (KHTML, like Gecko) Chrome/133.0.0.0 Safari/537.36"
24.101.91.201 - - [26/Apr/2025:10:30:42 -0400] "GET /assets/plugins/p-scroll/ HTTP/1.1" 200 687 "https://www.google.com/" "Mozilla/5.0 (Windows NT 10.0; Win64; x64) AppleWebKit/537.36 (KHTML, like Gecko) Chrome/133.0.0.0 Safari/537.36"
208.194.58.5 - - [26/Apr/2025:10:30:43 -0400] "GET /js/ HTTP/1.1" 200 1432 "https://www.google.com/" "Mozilla/5.0 (Windows NT 10.0; Win64; x64) AppleWebKit/537.36 (KHTML, like Gecko) Chrome/132.0.0.0 Safari/537.36"
111.95.241.72 - - [26/Apr/2025:10:30:43 -0400] "GET /assets/js HTTP/1.1" 301 795 "https://www.google.com/" "Mozilla/5.0 (Windows NT 10.0; Win64; x64) AppleWebKit/537.36 (KHTML, like Gecko) Chrome/133.0.0.0 Safari/537.36"
208.194.58.5 - - [26/Apr/2025:10:30:43 -0400] "GET /_autoindex/assets/css/autoindex.css HTTP/1.1" 200 1170 "https://finationglobal.com/js/" "Mozilla/5.0 (Windows NT 10.0; Win64; x64) AppleWebKit/537.36 (KHTML, like Gecko) Chrome/132.0.0.0 Safari/537.36"
208.194.58.5 - - [26/Apr/2025:10:30:43 -0400] "GET /_autoindex/assets/js/tablesort.js HTTP/1.1" 200 2137 "https://finationglobal.com/js/" "Mozilla/5.0 (Windows NT 10.0; Win64; x64) AppleWebKit/537.36 (KHTML, like Gecko) Chrome/132.0.0.0 Safari/537.36"
208.194.58.5 - - [26/Apr/2025:10:30:43 -0400] "GET /_autoindex/assets/js/tablesort.number.js HTTP/1.1" 200 322 "https://finationglobal.com/js/" "Mozilla/5.0 (Windows NT 10.0; Win64; x64) AppleWebKit/537.36 (KHTML, like Gecko) Chrome/132.0.0.0 Safari/537.36"
208.194.58.5 - - [26/Apr/2025:10:30:43 -0400] "GET /_autoindex/assets/icons/corner-left-up.svg HTTP/1.1" 200 328 "https://finationglobal.com/js/" "Mozilla/5.0 (Windows NT 10.0; Win64; x64) AppleWebKit/537.36 (KHTML, like Gecko) Chrome/132.0.0.0 Safari/537.36"
208.194.58.5 - - [26/Apr/2025:10:30:43 -0400] "GET /_autoindex/assets/icons/file-text.svg HTTP/1.1" 200 394 "https://finationglobal.com/js/" "Mozilla/5.0 (Windows NT 10.0; Win64; x64) AppleWebKit/537.36 (KHTML, like Gecko) Chrome/132.0.0.0 Safari/537.36"
59.153.91.166 - - [26/Apr/2025:10:30:43 -0400] "GET / HTTP/1.1" 200 6422 "https://www.google.com/" "Mozilla/5.0 (Windows NT 6.2; Win64; x64) AppleWebKit/537.36 (KHTML, like Gecko) QtWebEngine/6.7.3 Chrome/118.0.5993.220 Safari/537.36"
111.95.241.72 - - [26/Apr/2025:10:30:44 -0400] "GET /assets/js/ HTTP/1.1" 200 1945 "https://www.google.com/" "Mozilla/5.0 (Windows NT 10.0; Win64; x64) AppleWebKit/537.36 (KHTML, like Gecko) Chrome/133.0.0.0 Safari/537.36"
59.153.91.166 - - [26/Apr/2025:10:30:44 -0400] "GET /css/responsive.css HTTP/1.1" 200 1716 "https://finationglobal.com/" "Mozilla/5.0 (Windows NT 6.2; Win64; x64) AppleWebKit/537.36 (KHTML, like Gecko) QtWebEngine/6.7.3 Chrome/118.0.5993.220 Safari/537.36"
59.153.91.166 - - [26/Apr/2025:10:30:44 -0400] "GET /images/a6a.jpg HTTP/1.1" 200 143730 "https://finationglobal.com/" "Mozilla/5.0 (Windows NT 6.2; Win64; x64) AppleWebKit/537.36 (KHTML, like Gecko) QtWebEngine/6.7.3 Chrome/118.0.5993.220 Safari/537.36"
59.153.91.166 - - [26/Apr/2025:10:30:44 -0400] "GET /images/n1.jpg HTTP/1.1" 200 41265 "https://finationglobal.com/" "Mozilla/5.0 (Windows NT 6.2; Win64; x64) AppleWebKit/537.36 (KHTML, like Gecko) QtWebEngine/6.7.3 Chrome/118.0.5993.220 Safari/537.36"
59.153.91.166 - - [26/Apr/2025:10:30:44 -0400] "GET /images/x2.jpg HTTP/1.1" 200 93367 "https://finationglobal.com/" "Mozilla/5.0 (Windows NT 6.2; Win64; x64) AppleWebKit/537.36 (KHTML, like Gecko) QtWebEngine/6.7.3 Chrome/118.0.5993.220 Safari/537.36"
59.153.91.166 - - [26/Apr/2025:10:30:44 -0400] "GET /images/finationbr.png HTTP/1.1" 200 16423 "https://finationglobal.com/" "Mozilla/5.0 (Windows NT 6.2; Win64; x64) AppleWebKit/537.36 (KHTML, like Gecko) QtWebEngine/6.7.3 Chrome/118.0.5993.220 Safari/537.36"
59.153.91.166 - - [26/Apr/2025:10:30:44 -0400] "GET /images/b5.jpg HTTP/1.1" 200 37756 "https://finationglobal.com/" "Mozilla/5.0 (Windows NT 6.2; Win64; x64) AppleWebKit/537.36 (KHTML, like Gecko) QtWebEngine/6.7.3 Chrome/118.0.5993.220 Safari/537.36"
59.153.91.166 - - [26/Apr/2025:10:30:44 -0400] "GET /css/style.css HTTP/1.1" 200 29914 "https://finationglobal.com/" "Mozilla/5.0 (Windows NT 6.2; Win64; x64) AppleWebKit/537.36 (KHTML, like Gecko) QtWebEngine/6.7.3 Chrome/118.0.5993.220 Safari/537.36"
59.153.91.166 - - [26/Apr/2025:10:30:44 -0400] "GET /account/uploads/vid8259070799.jpeg HTTP/1.1" 200 347920 "https://finationglobal.com/" "Mozilla/5.0 (Windows NT 6.2; Win64; x64) AppleWebKit/537.36 (KHTML, like Gecko) QtWebEngine/6.7.3 Chrome/118.0.5993.220 Safari/537.36"
59.153.91.166 - - [26/Apr/2025:10:30:44 -0400] "GET /account/uploads/vid8259070743.jpeg HTTP/1.1" 200 371806 "https://finationglobal.com/" "Mozilla/5.0 (Windows NT 6.2; Win64; x64) AppleWebKit/537.36 (KHTML, like Gecko) QtWebEngine/6.7.3 Chrome/118.0.5993.220 Safari/537.36"
59.153.91.166 - - [26/Apr/2025:10:30:44 -0400] "GET /account/uploads/vid8259070856.jpeg HTTP/1.1" 200 497532 "https://finationglobal.com/" "Mozilla/5.0 (Windows NT 6.2; Win64; x64) AppleWebKit/537.36 (KHTML, like Gecko) QtWebEngine/6.7.3 Chrome/118.0.5993.220 Safari/537.36"
59.153.91.166 - - [26/Apr/2025:10:30:44 -0400] "GET /account/uploads/vid8259070688.jpeg HTTP/1.1" 200 418791 "https://finationglobal.com/" "Mozilla/5.0 (Windows NT 6.2; Win64; x64) AppleWebKit/537.36 (KHTML, like Gecko) QtWebEngine/6.7.3 Chrome/118.0.5993.220 Safari/537.36"
59.153.91.166 - - [26/Apr/2025:10:30:44 -0400] "GET /account/uploads/vid8258886222.jpg HTTP/1.1" 200 434339 "https://finationglobal.com/" "Mozilla/5.0 (Windows NT 6.2; Win64; x64) AppleWebKit/537.36 (KHTML, like Gecko) QtWebEngine/6.7.3 Chrome/118.0.5993.220 Safari/537.36"
59.153.91.166 - - [26/Apr/2025:10:30:44 -0400] "GET /account/uploads/vid8258886278.jpg HTTP/1.1" 200 518500 "https://finationglobal.com/" "Mozilla/5.0 (Windows NT 6.2; Win64; x64) AppleWebKit/537.36 (KHTML, like Gecko) QtWebEngine/6.7.3 Chrome/118.0.5993.220 Safari/537.36"
59.153.91.166 - - [26/Apr/2025:10:30:44 -0400] "GET /account/uploads/vid8259222660.jpeg HTTP/1.1" 200 312062 "https://finationglobal.com/" "Mozilla/5.0 (Windows NT 6.2; Win64; x64) AppleWebKit/537.36 (KHTML, like Gecko) QtWebEngine/6.7.3 Chrome/118.0.5993.220 Safari/537.36"
59.153.91.166 - - [26/Apr/2025:10:30:44 -0400] "GET /account/uploads/vid8259431189.jpeg HTTP/1.1" 200 516701 "https://finationglobal.com/" "Mozilla/5.0 (Windows NT 6.2; Win64; x64) AppleWebKit/537.36 (KHTML, like Gecko) QtWebEngine/6.7.3 Chrome/118.0.5993.220 Safari/537.36"
59.153.91.166 - - [26/Apr/2025:10:30:44 -0400] "GET /account/uploads/vid8259430612.jpeg HTTP/1.1" 200 659952 "https://finationglobal.com/" "Mozilla/5.0 (Windows NT 6.2; Win64; x64) AppleWebKit/537.36 (KHTML, like Gecko) QtWebEngine/6.7.3 Chrome/118.0.5993.220 Safari/537.36"
59.153.91.166 - - [26/Apr/2025:10:30:44 -0400] "GET /account/uploads/vid8260553396.jpeg HTTP/1.1" 200 802657 "https://finationglobal.com/" "Mozilla/5.0 (Windows NT 6.2; Win64; x64) AppleWebKit/537.36 (KHTML, like Gecko) QtWebEngine/6.7.3 Chrome/118.0.5993.220 Safari/537.36"
24.101.91.201 - - [26/Apr/2025:10:30:44 -0400] "GET /_autoindex/assets/css/autoindex.css HTTP/1.1" 200 1170 "https://finationglobal.com/assets/plugins/p-scroll/" "Mozilla/5.0 (Windows NT 10.0; Win64; x64) AppleWebKit/537.36 (KHTML, like Gecko) Chrome/133.0.0.0 Safari/537.36"
24.101.91.201 - - [26/Apr/2025:10:30:44 -0400] "GET /_autoindex/assets/js/tablesort.js HTTP/1.1" 200 2137 "https://finationglobal.com/assets/plugins/p-scroll/" "Mozilla/5.0 (Windows NT 10.0; Win64; x64) AppleWebKit/537.36 (KHTML, like Gecko) Chrome/133.0.0.0 Safari/537.36"
24.101.91.201 - - [26/Apr/2025:10:30:44 -0400] "GET /_autoindex/assets/js/tablesort.number.js HTTP/1.1" 200 322 "https://finationglobal.com/assets/plugins/p-scroll/" "Mozilla/5.0 (Windows NT 10.0; Win64; x64) AppleWebKit/537.36 (KHTML, like Gecko) Chrome/133.0.0.0 Safari/537.36"
24.101.91.201 - - [26/Apr/2025:10:30:44 -0400] "GET /_autoindex/assets/icons/corner-left-up.svg HTTP/1.1" 200 328 "https://finationglobal.com/assets/plugins/p-scroll/" "Mozilla/5.0 (Windows NT 10.0; Win64; x64) AppleWebKit/537.36 (KHTML, like Gecko) Chrome/133.0.0.0 Safari/537.36"
24.101.91.201 - - [26/Apr/2025:10:30:44 -0400] "GET /_autoindex/assets/icons/file-text.svg HTTP/1.1" 200 394 "https://finationglobal.com/assets/plugins/p-scroll/" "Mozilla/5.0 (Windows NT 10.0; Win64; x64) AppleWebKit/537.36 (KHTML, like Gecko) Chrome/133.0.0.0 Safari/537.36"
59.153.91.166 - - [26/Apr/2025:10:30:44 -0400] "GET /images/objects/why-choose-us-style2-obj1.png HTTP/1.1" 200 2933 "https://finationglobal.com/" "Mozilla/5.0 (Windows NT 6.2; Win64; x64) AppleWebKit/537.36 (KHTML, like Gecko) QtWebEngine/6.7.3 Chrome/118.0.5993.220 Safari/537.36"
59.153.91.166 - - [26/Apr/2025:10:30:44 -0400] "GET /js/jquery-3.6.0.min.js HTTP/1.1" 200 33270 "https://finationglobal.com/" "Mozilla/5.0 (Windows NT 6.2; Win64; x64) AppleWebKit/537.36 (KHTML, like Gecko) QtWebEngine/6.7.3 Chrome/118.0.5993.220 Safari/537.36"
59.153.91.166 - - [26/Apr/2025:10:30:44 -0400] "GET /js/jquery.nice-select.min.js HTTP/1.1" 200 3915 "https://finationglobal.com/" "Mozilla/5.0 (Windows NT 6.2; Win64; x64) AppleWebKit/537.36 (KHTML, like Gecko) QtWebEngine/6.7.3 Chrome/118.0.5993.220 Safari/537.36"
59.153.91.166 - - [26/Apr/2025:10:30:44 -0400] "GET /js/wow.min.js HTTP/1.1" 200 5615 "https://finationglobal.com/" "Mozilla/5.0 (Windows NT 6.2; Win64; x64) AppleWebKit/537.36 (KHTML, like Gecko) QtWebEngine/6.7.3 Chrome/118.0.5993.220 Safari/537.36"
59.153.91.166 - - [26/Apr/2025:10:30:44 -0400] "GET /images/objects/footer-obj1.png HTTP/1.1" 200 119869 "https://finationglobal.com/" "Mozilla/5.0 (Windows NT 6.2; Win64; x64) AppleWebKit/537.36 (KHTML, like Gecko) QtWebEngine/6.7.3 Chrome/118.0.5993.220 Safari/537.36"
59.153.91.166 - - [26/Apr/2025:10:30:44 -0400] "GET /js/backtotop.js HTTP/1.1" 200 3384 "https://finationglobal.com/" "Mozilla/5.0 (Windows NT 6.2; Win64; x64) AppleWebKit/537.36 (KHTML, like Gecko) QtWebEngine/6.7.3 Chrome/118.0.5993.220 Safari/537.36"
59.153.91.166 - - [26/Apr/2025:10:30:44 -0400] "GET /images/bg/working-process-shape.png HTTP/1.1" 200 2711 "https://finationglobal.com/" "Mozilla/5.0 (Windows NT 6.2; Win64; x64) AppleWebKit/537.36 (KHTML, like Gecko) QtWebEngine/6.7.3 Chrome/118.0.5993.220 Safari/537.36"
59.153.91.166 - - [26/Apr/2025:10:30:44 -0400] "GET /js/tilt.jquery.min.js HTTP/1.1" 200 4685 "https://finationglobal.com/" "Mozilla/5.0 (Windows NT 6.2; Win64; x64) AppleWebKit/537.36 (KHTML, like Gecko) QtWebEngine/6.7.3 Chrome/118.0.5993.220 Safari/537.36"
59.153.91.166 - - [26/Apr/2025:10:30:44 -0400] "GET /js/jquery.event.move.js HTTP/1.1" 200 7135 "https://finationglobal.com/" "Mozilla/5.0 (Windows NT 6.2; Win64; x64) AppleWebKit/537.36 (KHTML, like Gecko) QtWebEngine/6.7.3 Chrome/118.0.5993.220 Safari/537.36"
59.153.91.166 - - [26/Apr/2025:10:30:44 -0400] "GET /js/trigger.js HTTP/1.1" 200 6624 "https://finationglobal.com/" "Mozilla/5.0 (Windows NT 6.2; Win64; x64) AppleWebKit/537.36 (KHTML, like Gecko) QtWebEngine/6.7.3 Chrome/118.0.5993.220 Safari/537.36"
59.153.91.166 - - [26/Apr/2025:10:30:44 -0400] "GET /images/finationv.png HTTP/1.1" 200 16104 "https://finationglobal.com/" "Mozilla/5.0 (Windows NT 6.2; Win64; x64) AppleWebKit/537.36 (KHTML, like Gecko) QtWebEngine/6.7.3 Chrome/118.0.5993.220 Safari/537.36"
59.153.91.166 - - [26/Apr/2025:10:30:44 -0400] "GET /js/magnific-popup.min.js HTTP/1.1" 200 10049 "https://finationglobal.com/" "Mozilla/5.0 (Windows NT 6.2; Win64; x64) AppleWebKit/537.36 (KHTML, like Gecko) QtWebEngine/6.7.3 Chrome/118.0.5993.220 Safari/537.36"
59.153.91.166 - - [26/Apr/2025:10:30:44 -0400] "GET /js/jquery.appear.min.js HTTP/1.1" 200 3517 "https://finationglobal.com/" "Mozilla/5.0 (Windows NT 6.2; Win64; x64) AppleWebKit/537.36 (KHTML, like Gecko) QtWebEngine/6.7.3 Chrome/118.0.5993.220 Safari/537.36"
59.153.91.166 - - [26/Apr/2025:10:30:44 -0400] "GET /js/bootstrap.min.js HTTP/1.1" 200 18475 "https://finationglobal.com/" "Mozilla/5.0 (Windows NT 6.2; Win64; x64) AppleWebKit/537.36 (KHTML, like Gecko) QtWebEngine/6.7.3 Chrome/118.0.5993.220 Safari/537.36"
59.153.91.166 - - [26/Apr/2025:10:30:44 -0400] "GET /js/owl.carousel.min.js HTTP/1.1" 200 14210 "https://finationglobal.com/" "Mozilla/5.0 (Windows NT 6.2; Win64; x64) AppleWebKit/537.36 (KHTML, like Gecko) QtWebEngine/6.7.3 Chrome/118.0.5993.220 Safari/537.36"
59.153.91.166 - - [26/Apr/2025:10:30:44 -0400] "GET /images/b2.jpg HTTP/1.1" 200 268530 "https://finationglobal.com/" "Mozilla/5.0 (Windows NT 6.2; Win64; x64) AppleWebKit/537.36 (KHTML, like Gecko) QtWebEngine/6.7.3 Chrome/118.0.5993.220 Safari/537.36"
59.153.91.166 - - [26/Apr/2025:10:30:44 -0400] "GET /account/uploads/vid8258820477.jpeg HTTP/1.1" 200 448913 "https://finationglobal.com/" "Mozilla/5.0 (Windows NT 6.2; Win64; x64) AppleWebKit/537.36 (KHTML, like Gecko) QtWebEngine/6.7.3 Chrome/118.0.5993.220 Safari/537.36"
59.153.91.166 - - [26/Apr/2025:10:30:44 -0400] "GET /account/uploads/vid8259222719.jpeg HTTP/1.1" 200 426164 "https://finationglobal.com/" "Mozilla/5.0 (Windows NT 6.2; Win64; x64) AppleWebKit/537.36 (KHTML, like Gecko) QtWebEngine/6.7.3 Chrome/118.0.5993.220 Safari/537.36"
59.153.91.166 - - [26/Apr/2025:10:30:44 -0400] "GET /account/uploads/vid8264838735.png HTTP/1.1" 200 996300 "https://finationglobal.com/" "Mozilla/5.0 (Windows NT 6.2; Win64; x64) AppleWebKit/537.36 (KHTML, like Gecko) QtWebEngine/6.7.3 Chrome/118.0.5993.220 Safari/537.36"
111.95.241.72 - - [26/Apr/2025:10:30:44 -0400] "GET /_autoindex/assets/css/autoindex.css HTTP/1.1" 200 1170 "https://finationglobal.com/assets/js/" "Mozilla/5.0 (Windows NT 10.0; Win64; x64) AppleWebKit/537.36 (KHTML, like Gecko) Chrome/133.0.0.0 Safari/537.36"
111.95.241.72 - - [26/Apr/2025:10:30:44 -0400] "GET /_autoindex/assets/js/tablesort.js HTTP/1.1" 200 2137 "https://finationglobal.com/assets/js/" "Mozilla/5.0 (Windows NT 10.0; Win64; x64) AppleWebKit/537.36 (KHTML, like Gecko) Chrome/133.0.0.0 Safari/537.36"
111.95.241.72 - - [26/Apr/2025:10:30:44 -0400] "GET /_autoindex/assets/js/tablesort.number.js HTTP/1.1" 200 322 "https://finationglobal.com/assets/js/" "Mozilla/5.0 (Windows NT 10.0; Win64; x64) AppleWebKit/537.36 (KHTML, like Gecko) Chrome/133.0.0.0 Safari/537.36"
111.95.241.72 - - [26/Apr/2025:10:30:44 -0400] "GET /_autoindex/assets/icons/corner-left-up.svg HTTP/1.1" 200 328 "https://finationglobal.com/assets/js/" "Mozilla/5.0 (Windows NT 10.0; Win64; x64) AppleWebKit/537.36 (KHTML, like Gecko) Chrome/133.0.0.0 Safari/537.36"
111.95.241.72 - - [26/Apr/2025:10:30:44 -0400] "GET /_autoindex/assets/icons/file-text.svg HTTP/1.1" 200 394 "https://finationglobal.com/assets/js/" "Mozilla/5.0 (Windows NT 10.0; Win64; x64) AppleWebKit/537.36 (KHTML, like Gecko) Chrome/133.0.0.0 Safari/537.36"
59.153.91.166 - - [26/Apr/2025:10:30:46 -0400] "GET /css/bootstrap.min.css HTTP/1.1" 200 20356 "https://finationglobal.com/css/style.css" "Mozilla/5.0 (Windows NT 6.2; Win64; x64) AppleWebKit/537.36 (KHTML, like Gecko) QtWebEngine/6.7.3 Chrome/118.0.5993.220 Safari/537.36"
59.153.91.166 - - [26/Apr/2025:10:30:46 -0400] "GET /fonts/webexbaseicon/style.css HTTP/1.1" 200 4500 "https://finationglobal.com/css/style.css" "Mozilla/5.0 (Windows NT 6.2; Win64; x64) AppleWebKit/537.36 (KHTML, like Gecko) QtWebEngine/6.7.3 Chrome/118.0.5993.220 Safari/537.36"
59.153.91.166 - - [26/Apr/2025:10:30:46 -0400] "GET /fonts/webexthemeicon/style.css HTTP/1.1" 200 1293 "https://finationglobal.com/css/style.css" "Mozilla/5.0 (Windows NT 6.2; Win64; x64) AppleWebKit/537.36 (KHTML, like Gecko) QtWebEngine/6.7.3 Chrome/118.0.5993.220 Safari/537.36"
59.153.91.166 - - [26/Apr/2025:10:30:46 -0400] "GET /css/nice-select.css HTTP/1.1" 200 931 "https://finationglobal.com/css/style.css" "Mozilla/5.0 (Windows NT 6.2; Win64; x64) AppleWebKit/537.36 (KHTML, like Gecko) QtWebEngine/6.7.3 Chrome/118.0.5993.220 Safari/537.36"
59.153.91.166 - - [26/Apr/2025:10:30:46 -0400] "GET /fonts/fontawesome/css/all.css HTTP/1.1" 200 12558 "https://finationglobal.com/css/style.css" "Mozilla/5.0 (Windows NT 6.2; Win64; x64) AppleWebKit/537.36 (KHTML, like Gecko) QtWebEngine/6.7.3 Chrome/118.0.5993.220 Safari/537.36"
59.153.91.166 - - [26/Apr/2025:10:30:46 -0400] "GET /css/owl.carousel.min.css HTTP/1.1" 200 917 "https://finationglobal.com/css/style.css" "Mozilla/5.0 (Windows NT 6.2; Win64; x64) AppleWebKit/537.36 (KHTML, like Gecko) QtWebEngine/6.7.3 Chrome/118.0.5993.220 Safari/537.36"
59.153.91.166 - - [26/Apr/2025:10:30:46 -0400] "GET /css/animate.css HTTP/1.1" 200 4467 "https://finationglobal.com/css/style.css" "Mozilla/5.0 (Windows NT 6.2; Win64; x64) AppleWebKit/537.36 (KHTML, like Gecko) QtWebEngine/6.7.3 Chrome/118.0.5993.220 Safari/537.36"
59.153.91.166 - - [26/Apr/2025:10:30:46 -0400] "GET /css/magnific-popup.css HTTP/1.1" 200 1660 "https://finationglobal.com/css/style.css" "Mozilla/5.0 (Windows NT 6.2; Win64; x64) AppleWebKit/537.36 (KHTML, like Gecko) QtWebEngine/6.7.3 Chrome/118.0.5993.220 Safari/537.36"
59.153.91.166 - - [26/Apr/2025:10:30:46 -0400] "GET /css/kursor.css HTTP/1.1" 200 824 "https://finationglobal.com/css/style.css" "Mozilla/5.0 (Windows NT 6.2; Win64; x64) AppleWebKit/537.36 (KHTML, like Gecko) QtWebEngine/6.7.3 Chrome/118.0.5993.220 Safari/537.36"
59.153.91.166 - - [26/Apr/2025:10:30:46 -0400] "GET /css/custom-animation.css HTTP/1.1" 200 1121 "https://finationglobal.com/css/style.css" "Mozilla/5.0 (Windows NT 6.2; Win64; x64) AppleWebKit/537.36 (KHTML, like Gecko) QtWebEngine/6.7.3 Chrome/118.0.5993.220 Safari/537.36"
59.153.91.166 - - [26/Apr/2025:10:30:46 -0400] "GET /css/twentytwenty.css HTTP/1.1" 200 981 "https://finationglobal.com/css/style.css" "Mozilla/5.0 (Windows NT 6.2; Win64; x64) AppleWebKit/537.36 (KHTML, like Gecko) QtWebEngine/6.7.3 Chrome/118.0.5993.220 Safari/537.36"
59.153.91.166 - - [26/Apr/2025:10:30:48 -0400] "GET /images/bg/abs-bg1.png HTTP/1.1" 200 53000 "https://finationglobal.com/" "Mozilla/5.0 (Windows NT 6.2; Win64; x64) AppleWebKit/537.36 (KHTML, like Gecko) QtWebEngine/6.7.3 Chrome/118.0.5993.220 Safari/537.36"
59.153.91.166 - - [26/Apr/2025:10:30:48 -0400] "GET /fonts/webexthemeicon/fonts/webexthemeicon.ttf?e77yny HTTP/1.1" 200 99192 "https://finationglobal.com/fonts/webexthemeicon/style.css" "Mozilla/5.0 (Windows NT 6.2; Win64; x64) AppleWebKit/537.36 (KHTML, like Gecko) QtWebEngine/6.7.3 Chrome/118.0.5993.220 Safari/537.36"
59.153.91.166 - - [26/Apr/2025:10:30:48 -0400] "GET /images/bg/lucid_benefits_digital.webp HTTP/1.1" 200 70602 "https://finationglobal.com/" "Mozilla/5.0 (Windows NT 6.2; Win64; x64) AppleWebKit/537.36 (KHTML, like Gecko) QtWebEngine/6.7.3 Chrome/118.0.5993.220 Safari/537.36"
59.153.91.166 - - [26/Apr/2025:10:30:48 -0400] "GET /images/bg/9.jpg HTTP/1.1" 200 147719 "https://finationglobal.com/" "Mozilla/5.0 (Windows NT 6.2; Win64; x64) AppleWebKit/537.36 (KHTML, like Gecko) QtWebEngine/6.7.3 Chrome/118.0.5993.220 Safari/537.36"
59.153.91.166 - - [26/Apr/2025:10:30:48 -0400] "GET /images/objects/1.png HTTP/1.1" 200 10545 "https://finationglobal.com/css/style.css" "Mozilla/5.0 (Windows NT 6.2; Win64; x64) AppleWebKit/537.36 (KHTML, like Gecko) QtWebEngine/6.7.3 Chrome/118.0.5993.220 Safari/537.36"
59.153.91.166 - - [26/Apr/2025:10:30:48 -0400] "GET /fonts/fontawesome/webfonts/fa-brands-400.woff2 HTTP/1.1" 200 76612 "https://finationglobal.com/fonts/fontawesome/css/all.css" "Mozilla/5.0 (Windows NT 6.2; Win64; x64) AppleWebKit/537.36 (KHTML, like Gecko) QtWebEngine/6.7.3 Chrome/118.0.5993.220 Safari/537.36"
59.153.91.166 - - [26/Apr/2025:10:30:48 -0400] "GET /fonts/fontawesome/webfonts/fa-solid-900.woff2 HTTP/1.1" 200 79444 "https://finationglobal.com/fonts/fontawesome/css/all.css" "Mozilla/5.0 (Windows NT 6.2; Win64; x64) AppleWebKit/537.36 (KHTML, like Gecko) QtWebEngine/6.7.3 Chrome/118.0.5993.220 Safari/537.36"
59.153.91.166 - - [26/Apr/2025:10:30:48 -0400] "GET /fonts/webexbaseicon/fonts/webexbaseicon.ttf?wtzu32 HTTP/1.1" 200 273460 "https://finationglobal.com/fonts/webexbaseicon/style.css" "Mozilla/5.0 (Windows NT 6.2; Win64; x64) AppleWebKit/537.36 (KHTML, like Gecko) QtWebEngine/6.7.3 Chrome/118.0.5993.220 Safari/537.36"
59.153.91.166 - - [26/Apr/2025:10:30:48 -0400] "GET /images/n2.jpg HTTP/1.1" 200 425799 "https://finationglobal.com/" "Mozilla/5.0 (Windows NT 6.2; Win64; x64) AppleWebKit/537.36 (KHTML, like Gecko) QtWebEngine/6.7.3 Chrome/118.0.5993.220 Safari/537.36"
59.153.91.166 - - [26/Apr/2025:10:30:48 -0400] "GET /images/f1.jpg HTTP/1.1" 200 633634 "https://finationglobal.com/" "Mozilla/5.0 (Windows NT 6.2; Win64; x64) AppleWebKit/537.36 (KHTML, like Gecko) QtWebEngine/6.7.3 Chrome/118.0.5993.220 Safari/537.36"
197.250.99.26 - - [26/Apr/2025:10:31:05 -0400] "GET /assets/iconfonts/typicons/fonts/typicons.woff HTTP/1.1" 304 0 "https://finationglobal.com/assets/iconfonts/typicons/typicons.css" "Mozilla/5.0 (Linux; Android 10; K) AppleWebKit/537.36 (KHTML, like Gecko) Chrome/134.0.0.0 Mobile Safari/537.36"
197.250.99.26 - - [26/Apr/2025:10:31:08 -0400] "GET /account/geneology HTTP/1.1" 200 4867 "https://finationglobal.com/account/" "Mozilla/5.0 (Linux; Android 10; K) AppleWebKit/537.36 (KHTML, like Gecko) Chrome/134.0.0.0 Mobile Safari/537.36"
197.250.99.26 - - [26/Apr/2025:10:31:08 -0400] "GET /account/treestyle.css HTTP/1.1" 200 576 "https://finationglobal.com/account/geneology" "Mozilla/5.0 (Linux; Android 10; K) AppleWebKit/537.36 (KHTML, like Gecko) Chrome/134.0.0.0 Mobile Safari/537.36"
197.250.99.26 - - [26/Apr/2025:10:31:08 -0400] "GET /account/uploads/x.jpg HTTP/1.1" 200 2127 "https://finationglobal.com/account/geneology" "Mozilla/5.0 (Linux; Android 10; K) AppleWebKit/537.36 (KHTML, like Gecko) Chrome/134.0.0.0 Mobile Safari/537.36"
197.250.99.26 - - [26/Apr/2025:10:31:08 -0400] "GET /account/uploads/u0.png HTTP/1.1" 200 2127 "https://finationglobal.com/account/geneology" "Mozilla/5.0 (Linux; Android 10; K) AppleWebKit/537.36 (KHTML, like Gecko) Chrome/134.0.0.0 Mobile Safari/537.36"
66.249.66.66 - - [26/Apr/2025:10:32:12 -0400] "GET /?shopdetail/11190737 HTTP/1.1" 200 6422 "-" "Mozilla/5.0 (compatible; Googlebot/2.1; +http://www.google.com/bot.html)"
197.250.99.26 - - [26/Apr/2025:10:32:24 -0400] "GET /account/geneology HTTP/1.1" 200 4869 "https://finationglobal.com/account/" "Mozilla/5.0 (Linux; Android 10; K) AppleWebKit/537.36 (KHTML, like Gecko) Chrome/134.0.0.0 Mobile Safari/537.36"
197.250.99.26 - - [26/Apr/2025:10:32:29 -0400] "GET /account/forgot-password HTTP/1.1" 200 1238 "https://finationglobal.com/account/login" "Mozilla/5.0 (Linux; Android 10; K) AppleWebKit/537.36 (KHTML, like Gecko) Chrome/134.0.0.0 Mobile Safari/537.36"
197.250.99.26 - - [26/Apr/2025:10:32:34 -0400] "GET /account/login HTTP/1.1" 200 1297 "https://finationglobal.com/account/register?ref=kingndelwa" "Mozilla/5.0 (Linux; Android 10; K) AppleWebKit/537.36 (KHTML, like Gecko) Chrome/134.0.0.0 Mobile Safari/537.36"
197.250.99.26 - - [26/Apr/2025:10:32:36 -0400] "GET /account/register?ref=kingndelwa HTTP/1.1" 200 1856 "-" "Mozilla/5.0 (Linux; Android 10; K) AppleWebKit/537.36 (KHTML, like Gecko) Chrome/134.0.0.0 Mobile Safari/537.36"
197.250.99.26 - - [26/Apr/2025:10:32:36 -0400] "GET /account/control.php?confirm=kingndelwa HTTP/1.1" 302 771 "https://finationglobal.com/account/register?ref=kingndelwa" "Mozilla/5.0 (Linux; Android 10; K) AppleWebKit/537.36 (KHTML, like Gecko) Chrome/134.0.0.0 Mobile Safari/537.36"
197.250.99.26 - - [26/Apr/2025:10:32:36 -0400] "GET /account/control?confirm=kingndelwa HTTP/1.1" 200 34 "https://finationglobal.com/account/register?ref=kingndelwa" "Mozilla/5.0 (Linux; Android 10; K) AppleWebKit/537.36 (KHTML, like Gecko) Chrome/134.0.0.0 Mobile Safari/537.36"
