197.250.103.71 - - [26/Apr/2025:13:51:19 -0400] "GET /account/login HTTP/1.1" 200 1297 "https://finationglobal.com/account/" "Mozilla/5.0 (Linux; Android 10; K) AppleWebKit/537.36 (KHTML, like Gecko) Chrome/133.0.0.0 Mobile Safari/537.36"
197.250.103.71 - - [26/Apr/2025:13:51:46 -0400] "POST /account/login HTTP/1.1" 302 1297 "https://finationglobal.com/account/login" "Mozilla/5.0 (Linux; Android 10; K) AppleWebKit/537.36 (KHTML, like Gecko) Chrome/133.0.0.0 Mobile Safari/537.36"
197.250.103.71 - - [26/Apr/2025:13:51:46 -0400] "GET /account/ HTTP/1.1" 200 7336 "https://finationglobal.com/account/login" "Mozilla/5.0 (Linux; Android 10; K) AppleWebKit/537.36 (KHTML, like Gecko) Chrome/133.0.0.0 Mobile Safari/537.36"
197.250.103.71 - - [26/Apr/2025:13:52:00 -0400] "GET /account/fundtransfer HTTP/1.1" 200 5331 "https://finationglobal.com/account/" "Mozilla/5.0 (Linux; Android 10; K) AppleWebKit/537.36 (KHTML, like Gecko) Chrome/133.0.0.0 Mobile Safari/537.36"
197.250.103.71 - - [26/Apr/2025:13:52:07 -0400] "GET /account/control.php?verify=Blessedman23 HTTP/1.1" 302 771 "https://finationglobal.com/account/fundtransfer" "Mozilla/5.0 (Linux; Android 10; K) AppleWebKit/537.36 (KHTML, like Gecko) Chrome/133.0.0.0 Mobile Safari/537.36"
197.250.103.71 - - [26/Apr/2025:13:52:08 -0400] "GET /account/control?verify=Blessedman23 HTTP/1.1" 200 179 "https://finationglobal.com/account/fundtransfer" "Mozilla/5.0 (Linux; Android 10; K) AppleWebKit/537.36 (KHTML, like Gecko) Chrome/133.0.0.0 Mobile Safari/537.36"
197.250.103.71 - - [26/Apr/2025:13:52:14 -0400] "GET /account/fundtransfer HTTP/1.1" 200 5331 "https://finationglobal.com/account/fundtransfer" "Mozilla/5.0 (Linux; Android 10; K) AppleWebKit/537.36 (KHTML, like Gecko) Chrome/133.0.0.0 Mobile Safari/537.36"
197.250.103.71 - - [26/Apr/2025:13:52:26 -0400] "GET /account/control.php?verify=Blessedman02 HTTP/1.1" 302 771 "https://finationglobal.com/account/fundtransfer" "Mozilla/5.0 (Linux; Android 10; K) AppleWebKit/537.36 (KHTML, like Gecko) Chrome/133.0.0.0 Mobile Safari/537.36"
197.250.103.71 - - [26/Apr/2025:13:52:27 -0400] "GET /account/control?verify=Blessedman02 HTTP/1.1" 200 179 "https://finationglobal.com/account/fundtransfer" "Mozilla/5.0 (Linux; Android 10; K) AppleWebKit/537.36 (KHTML, like Gecko) Chrome/133.0.0.0 Mobile Safari/537.36"
197.250.103.71 - - [26/Apr/2025:13:52:30 -0400] "GET /account/control.php?sendcode=Blessedman02&amt=5 HTTP/1.1" 302 771 "https://finationglobal.com/account/fundtransfer" "Mozilla/5.0 (Linux; Android 10; K) AppleWebKit/537.36 (KHTML, like Gecko) Chrome/133.0.0.0 Mobile Safari/537.36"
197.250.103.71 - - [26/Apr/2025:13:52:30 -0400] "GET /account/control?sendcode=Blessedman02&amt=5 HTTP/1.1" 200 194 "https://finationglobal.com/account/fundtransfer" "Mozilla/5.0 (Linux; Android 10; K) AppleWebKit/537.36 (KHTML, like Gecko) Chrome/133.0.0.0 Mobile Safari/537.36"
197.250.103.71 - - [26/Apr/2025:13:53:03 -0400] "POST /account/fundtransfer HTTP/1.1" 200 5479 "https://finationglobal.com/account/fundtransfer" "Mozilla/5.0 (Linux; Android 10; K) AppleWebKit/537.36 (KHTML, like Gecko) Chrome/133.0.0.0 Mobile Safari/537.36"
197.250.103.71 - - [26/Apr/2025:13:53:08 -0400] "GET /account/fundtransfer HTTP/1.1" 200 5328 "https://finationglobal.com/account/fundtransfer" "Mozilla/5.0 (Linux; Android 10; K) AppleWebKit/537.36 (KHTML, like Gecko) Chrome/133.0.0.0 Mobile Safari/537.36"
197.250.103.71 - - [26/Apr/2025:13:53:12 -0400] "GET /account/fundtransfer?logout=true HTTP/1.1" 302 5328 "https://finationglobal.com/account/fundtransfer" "Mozilla/5.0 (Linux; Android 10; K) AppleWebKit/537.36 (KHTML, like Gecko) Chrome/133.0.0.0 Mobile Safari/537.36"
197.250.103.71 - - [26/Apr/2025:13:53:13 -0400] "GET /account/login.php HTTP/1.1" 302 771 "https://finationglobal.com/account/fundtransfer" "Mozilla/5.0 (Linux; Android 10; K) AppleWebKit/537.36 (KHTML, like Gecko) Chrome/133.0.0.0 Mobile Safari/537.36"
197.250.103.71 - - [26/Apr/2025:13:53:13 -0400] "GET /account/login HTTP/1.1" 200 1297 "https://finationglobal.com/account/fundtransfer" "Mozilla/5.0 (Linux; Android 10; K) AppleWebKit/537.36 (KHTML, like Gecko) Chrome/133.0.0.0 Mobile Safari/537.36"
197.250.133.81 - - [26/Apr/2025:13:53:25 -0400] "POST /account/index HTTP/1.1" 200 6614 "https://finationglobal.com/account/index" "Mozilla/5.0 (Linux; Android 10; K) AppleWebKit/537.36 (KHTML, like Gecko) Chrome/134.0.0.0 Mobile Safari/537.36"
197.250.103.71 - - [26/Apr/2025:13:53:35 -0400] "POST /account/login HTTP/1.1" 302 1297 "https://finationglobal.com/account/login" "Mozilla/5.0 (Linux; Android 10; K) AppleWebKit/537.36 (KHTML, like Gecko) Chrome/133.0.0.0 Mobile Safari/537.36"
197.250.103.71 - - [26/Apr/2025:13:53:35 -0400] "GET /account/ HTTP/1.1" 200 7184 "https://finationglobal.com/account/login" "Mozilla/5.0 (Linux; Android 10; K) AppleWebKit/537.36 (KHTML, like Gecko) Chrome/133.0.0.0 Mobile Safari/537.36"
197.250.103.71 - - [26/Apr/2025:13:54:04 -0400] "GET /account/fundtransfer HTTP/1.1" 200 5233 "https://finationglobal.com/account/" "Mozilla/5.0 (Linux; Android 10; K) AppleWebKit/537.36 (KHTML, like Gecko) Chrome/133.0.0.0 Mobile Safari/537.36"
197.250.103.71 - - [26/Apr/2025:13:54:10 -0400] "GET /account/control.php?verify=salma01 HTTP/1.1" 302 771 "https://finationglobal.com/account/fundtransfer" "Mozilla/5.0 (Linux; Android 10; K) AppleWebKit/537.36 (KHTML, like Gecko) Chrome/133.0.0.0 Mobile Safari/537.36"
197.250.103.71 - - [26/Apr/2025:13:54:12 -0400] "GET /account/control?verify=salma01 HTTP/1.1" 200 164 "https://finationglobal.com/account/fundtransfer" "Mozilla/5.0 (Linux; Android 10; K) AppleWebKit/537.36 (KHTML, like Gecko) Chrome/133.0.0.0 Mobile Safari/537.36"
197.250.103.71 - - [26/Apr/2025:13:54:16 -0400] "GET /account/control.php?sendcode=salma01&amt=6 HTTP/1.1" 302 771 "https://finationglobal.com/account/fundtransfer" "Mozilla/5.0 (Linux; Android 10; K) AppleWebKit/537.36 (KHTML, like Gecko) Chrome/133.0.0.0 Mobile Safari/537.36"
66.249.66.67 - - [26/Apr/2025:13:54:17 -0400] "GET /?pcmypage?callback=product%2Fdetail%2F46154938 HTTP/1.1" 200 6422 "-" "Mozilla/5.0 (Linux; Android 6.0.1; Nexus 5X Build/MMB29P) AppleWebKit/537.36 (KHTML, like Gecko) Chrome/135.0.7049.95 Mobile Safari/537.36 (compatible; Googlebot/2.1; +http://www.google.com/bot.html)"
197.250.103.71 - - [26/Apr/2025:13:54:17 -0400] "GET /account/control?sendcode=salma01&amt=6 HTTP/1.1" 200 181 "https://finationglobal.com/account/fundtransfer" "Mozilla/5.0 (Linux; Android 10; K) AppleWebKit/537.36 (KHTML, like Gecko) Chrome/133.0.0.0 Mobile Safari/537.36"
197.250.103.71 - - [26/Apr/2025:13:54:35 -0400] "POST /account/fundtransfer HTTP/1.1" 200 5392 "https://finationglobal.com/account/fundtransfer" "Mozilla/5.0 (Linux; Android 10; K) AppleWebKit/537.36 (KHTML, like Gecko) Chrome/133.0.0.0 Mobile Safari/537.36"
197.250.133.81 - - [26/Apr/2025:13:54:47 -0400] "POST /account/index HTTP/1.1" 200 6877 "https://finationglobal.com/account/index" "Mozilla/5.0 (Linux; Android 10; K) AppleWebKit/537.36 (KHTML, like Gecko) Chrome/134.0.0.0 Mobile Safari/537.36"
197.250.133.81 - - [26/Apr/2025:13:55:59 -0400] "GET /account/index HTTP/1.1" 200 6741 "https://finationglobal.com/account/index" "Mozilla/5.0 (Linux; Android 10; K) AppleWebKit/537.36 (KHTML, like Gecko) Chrome/134.0.0.0 Mobile Safari/537.36"
197.250.133.81 - - [26/Apr/2025:13:56:43 -0400] "GET /account/index HTTP/1.1" 200 6741 "https://finationglobal.com/account/login" "Mozilla/5.0 (Linux; Android 10; K) AppleWebKit/537.36 (KHTML, like Gecko) Chrome/134.0.0.0 Mobile Safari/537.36"
197.250.133.81 - - [26/Apr/2025:13:56:57 -0400] "GET /account/geneology HTTP/1.1" 200 4741 "https://finationglobal.com/account/index" "Mozilla/5.0 (Linux; Android 10; K) AppleWebKit/537.36 (KHTML, like Gecko) Chrome/134.0.0.0 Mobile Safari/537.36"
197.250.133.81 - - [26/Apr/2025:13:57:05 -0400] "GET /account/login HTTP/1.1" 200 1297 "https://finationglobal.com/account/register?ref=shirry07" "Mozilla/5.0 (Linux; Android 10; K) AppleWebKit/537.36 (KHTML, like Gecko) Chrome/134.0.0.0 Mobile Safari/537.36"
197.250.133.81 - - [26/Apr/2025:13:57:09 -0400] "POST /account/login HTTP/1.1" 302 1297 "https://finationglobal.com/account/login" "Mozilla/5.0 (Linux; Android 10; K) AppleWebKit/537.36 (KHTML, like Gecko) Chrome/134.0.0.0 Mobile Safari/537.36"
197.250.133.81 - - [26/Apr/2025:13:57:09 -0400] "GET /account/ HTTP/1.1" 200 7107 "https://finationglobal.com/account/login" "Mozilla/5.0 (Linux; Android 10; K) AppleWebKit/537.36 (KHTML, like Gecko) Chrome/134.0.0.0 Mobile Safari/537.36"
197.250.133.81 - - [26/Apr/2025:13:59:08 -0400] "GET /account/?logout=true HTTP/1.1" 302 7108 "https://finationglobal.com/account/" "Mozilla/5.0 (Linux; Android 10; K) AppleWebKit/537.36 (KHTML, like Gecko) Chrome/134.0.0.0 Mobile Safari/537.36"
197.250.133.81 - - [26/Apr/2025:13:59:09 -0400] "GET /account/login.php HTTP/1.1" 302 771 "https://finationglobal.com/account/" "Mozilla/5.0 (Linux; Android 10; K) AppleWebKit/537.36 (KHTML, like Gecko) Chrome/134.0.0.0 Mobile Safari/537.36"
197.250.133.81 - - [26/Apr/2025:13:59:09 -0400] "GET /account/login HTTP/1.1" 200 1297 "https://finationglobal.com/account/" "Mozilla/5.0 (Linux; Android 10; K) AppleWebKit/537.36 (KHTML, like Gecko) Chrome/134.0.0.0 Mobile Safari/537.36"
197.250.133.81 - - [26/Apr/2025:13:59:15 -0400] "POST /account/login HTTP/1.1" 302 1297 "https://finationglobal.com/account/login" "Mozilla/5.0 (Linux; Android 10; K) AppleWebKit/537.36 (KHTML, like Gecko) Chrome/134.0.0.0 Mobile Safari/537.36"
197.250.133.81 - - [26/Apr/2025:13:59:15 -0400] "GET /account/ HTTP/1.1" 200 7250 "https://finationglobal.com/account/login" "Mozilla/5.0 (Linux; Android 10; K) AppleWebKit/537.36 (KHTML, like Gecko) Chrome/134.0.0.0 Mobile Safari/537.36"
197.250.133.81 - - [26/Apr/2025:13:59:41 -0400] "GET /account/ HTTP/1.1" 200 7250 "https://finationglobal.com/account/login" "Mozilla/5.0 (Linux; Android 10; K) AppleWebKit/537.36 (KHTML, like Gecko) Chrome/134.0.0.0 Mobile Safari/537.36"
197.250.133.81 - - [26/Apr/2025:13:59:45 -0400] "GET /account/ HTTP/1.1" 200 7250 "https://finationglobal.com/account/login" "Mozilla/5.0 (Linux; Android 10; K) AppleWebKit/537.36 (KHTML, like Gecko) Chrome/134.0.0.0 Mobile Safari/537.36"
197.250.133.81 - - [26/Apr/2025:13:59:59 -0400] "GET /account/?logout=true HTTP/1.1" 302 7252 "https://finationglobal.com/account/" "Mozilla/5.0 (Linux; Android 10; K) AppleWebKit/537.36 (KHTML, like Gecko) Chrome/134.0.0.0 Mobile Safari/537.36"
197.250.133.81 - - [26/Apr/2025:14:00:00 -0400] "GET /account/login.php HTTP/1.1" 302 771 "https://finationglobal.com/account/" "Mozilla/5.0 (Linux; Android 10; K) AppleWebKit/537.36 (KHTML, like Gecko) Chrome/134.0.0.0 Mobile Safari/537.36"
197.250.133.81 - - [26/Apr/2025:14:00:01 -0400] "GET /account/login HTTP/1.1" 200 1297 "https://finationglobal.com/account/" "Mozilla/5.0 (Linux; Android 10; K) AppleWebKit/537.36 (KHTML, like Gecko) Chrome/134.0.0.0 Mobile Safari/537.36"
197.250.133.81 - - [26/Apr/2025:14:00:04 -0400] "POST /account/login HTTP/1.1" 302 1297 "https://finationglobal.com/account/login" "Mozilla/5.0 (Linux; Android 10; K) AppleWebKit/537.36 (KHTML, like Gecko) Chrome/134.0.0.0 Mobile Safari/537.36"
197.250.133.81 - - [26/Apr/2025:14:00:05 -0400] "GET /account/ HTTP/1.1" 200 7107 "https://finationglobal.com/account/login" "Mozilla/5.0 (Linux; Android 10; K) AppleWebKit/537.36 (KHTML, like Gecko) Chrome/134.0.0.0 Mobile Safari/537.36"
197.250.133.81 - - [26/Apr/2025:14:00:18 -0400] "GET /account/fundtransfer HTTP/1.1" 200 5247 "https://finationglobal.com/account/" "Mozilla/5.0 (Linux; Android 10; K) AppleWebKit/537.36 (KHTML, like Gecko) Chrome/134.0.0.0 Mobile Safari/537.36"
197.250.133.81 - - [26/Apr/2025:14:00:23 -0400] "GET /account/control.php?verify=blessedman02 HTTP/1.1" 302 771 "https://finationglobal.com/account/fundtransfer" "Mozilla/5.0 (Linux; Android 10; K) AppleWebKit/537.36 (KHTML, like Gecko) Chrome/134.0.0.0 Mobile Safari/537.36"
197.250.133.81 - - [26/Apr/2025:14:00:23 -0400] "GET /account/control?verify=blessedman02 HTTP/1.1" 200 178 "https://finationglobal.com/account/fundtransfer" "Mozilla/5.0 (Linux; Android 10; K) AppleWebKit/537.36 (KHTML, like Gecko) Chrome/134.0.0.0 Mobile Safari/537.36"
197.250.133.81 - - [26/Apr/2025:14:00:30 -0400] "GET /account/control.php?sendcode=blessedman02&amt=2 HTTP/1.1" 302 771 "https://finationglobal.com/account/fundtransfer" "Mozilla/5.0 (Linux; Android 10; K) AppleWebKit/537.36 (KHTML, like Gecko) Chrome/134.0.0.0 Mobile Safari/537.36"
197.250.133.81 - - [26/Apr/2025:14:00:30 -0400] "GET /account/control?sendcode=blessedman02&amt=2 HTTP/1.1" 200 193 "https://finationglobal.com/account/fundtransfer" "Mozilla/5.0 (Linux; Android 10; K) AppleWebKit/537.36 (KHTML, like Gecko) Chrome/134.0.0.0 Mobile Safari/537.36"
197.250.133.81 - - [26/Apr/2025:14:02:35 -0400] "POST /account/fundtransfer HTTP/1.1" 200 5422 "https://finationglobal.com/account/fundtransfer" "Mozilla/5.0 (Linux; Android 10; K) AppleWebKit/537.36 (KHTML, like Gecko) Chrome/134.0.0.0 Mobile Safari/537.36"
197.250.133.81 - - [26/Apr/2025:14:02:56 -0400] "GET /account/fundtransfer HTTP/1.1" 200 5271 "https://finationglobal.com/account/" "Mozilla/5.0 (Linux; Android 10; K) AppleWebKit/537.36 (KHTML, like Gecko) Chrome/134.0.0.0 Mobile Safari/537.36"
197.250.133.81 - - [26/Apr/2025:14:03:11 -0400] "POST /account/login HTTP/1.1" 302 1297 "https://finationglobal.com/account/login" "Mozilla/5.0 (Linux; Android 10; K) AppleWebKit/537.36 (KHTML, like Gecko) Chrome/134.0.0.0 Mobile Safari/537.36"
197.250.133.81 - - [26/Apr/2025:14:03:12 -0400] "GET /account/ HTTP/1.1" 200 7278 "https://finationglobal.com/account/login" "Mozilla/5.0 (Linux; Android 10; K) AppleWebKit/537.36 (KHTML, like Gecko) Chrome/134.0.0.0 Mobile Safari/537.36"
197.250.103.71 - - [26/Apr/2025:14:04:22 -0400] "GET /account/fundtransfer?logout=true HTTP/1.1" 302 5267 "https://finationglobal.com/account/fundtransfer" "Mozilla/5.0 (Linux; Android 10; K) AppleWebKit/537.36 (KHTML, like Gecko) Chrome/133.0.0.0 Mobile Safari/537.36"
197.250.103.71 - - [26/Apr/2025:14:04:22 -0400] "GET /account/login.php HTTP/1.1" 302 771 "https://finationglobal.com/account/fundtransfer" "Mozilla/5.0 (Linux; Android 10; K) AppleWebKit/537.36 (KHTML, like Gecko) Chrome/133.0.0.0 Mobile Safari/537.36"
197.250.103.71 - - [26/Apr/2025:14:04:23 -0400] "GET /account/login HTTP/1.1" 200 1297 "https://finationglobal.com/account/fundtransfer" "Mozilla/5.0 (Linux; Android 10; K) AppleWebKit/537.36 (KHTML, like Gecko) Chrome/133.0.0.0 Mobile Safari/537.36"
197.250.103.71 - - [26/Apr/2025:14:04:48 -0400] "POST /account/login HTTP/1.1" 200 1507 "https://finationglobal.com/account/login" "Mozilla/5.0 (Linux; Android 10; K) AppleWebKit/537.36 (KHTML, like Gecko) Chrome/133.0.0.0 Mobile Safari/537.36"
197.250.103.71 - - [26/Apr/2025:14:05:22 -0400] "POST /account/login HTTP/1.1" 302 1297 "https://finationglobal.com/account/login" "Mozilla/5.0 (Linux; Android 10; K) AppleWebKit/537.36 (KHTML, like Gecko) Chrome/133.0.0.0 Mobile Safari/537.36"
197.250.103.71 - - [26/Apr/2025:14:05:22 -0400] "GET /account/ HTTP/1.1" 200 8167 "https://finationglobal.com/account/login" "Mozilla/5.0 (Linux; Android 10; K) AppleWebKit/537.36 (KHTML, like Gecko) Chrome/133.0.0.0 Mobile Safari/537.36"
197.250.133.81 - - [26/Apr/2025:14:06:25 -0400] "GET /account/?logout=true HTTP/1.1" 302 7279 "https://finationglobal.com/account/" "Mozilla/5.0 (Linux; Android 10; K) AppleWebKit/537.36 (KHTML, like Gecko) Chrome/134.0.0.0 Mobile Safari/537.36"
197.250.133.81 - - [26/Apr/2025:14:06:26 -0400] "GET /account/login.php HTTP/1.1" 302 771 "https://finationglobal.com/account/" "Mozilla/5.0 (Linux; Android 10; K) AppleWebKit/537.36 (KHTML, like Gecko) Chrome/134.0.0.0 Mobile Safari/537.36"
197.250.133.81 - - [26/Apr/2025:14:06:27 -0400] "GET /account/login HTTP/1.1" 200 1297 "https://finationglobal.com/account/" "Mozilla/5.0 (Linux; Android 10; K) AppleWebKit/537.36 (KHTML, like Gecko) Chrome/134.0.0.0 Mobile Safari/537.36"
197.250.133.81 - - [26/Apr/2025:14:06:32 -0400] "POST /account/login HTTP/1.1" 302 1297 "https://finationglobal.com/account/login" "Mozilla/5.0 (Linux; Android 10; K) AppleWebKit/537.36 (KHTML, like Gecko) Chrome/134.0.0.0 Mobile Safari/537.36"
197.250.133.81 - - [26/Apr/2025:14:06:33 -0400] "GET /account/ HTTP/1.1" 200 7157 "https://finationglobal.com/account/login" "Mozilla/5.0 (Linux; Android 10; K) AppleWebKit/537.36 (KHTML, like Gecko) Chrome/134.0.0.0 Mobile Safari/537.36"
197.250.133.81 - - [26/Apr/2025:14:06:41 -0400] "GET /account/geneology HTTP/1.1" 200 4812 "https://finationglobal.com/account/" "Mozilla/5.0 (Linux; Android 10; K) AppleWebKit/537.36 (KHTML, like Gecko) Chrome/134.0.0.0 Mobile Safari/537.36"
197.250.133.81 - - [26/Apr/2025:14:06:55 -0400] "POST /account/geneology HTTP/1.1" 200 4692 "https://finationglobal.com/account/geneology" "Mozilla/5.0 (Linux; Android 10; K) AppleWebKit/537.36 (KHTML, like Gecko) Chrome/134.0.0.0 Mobile Safari/537.36"
197.250.133.81 - - [26/Apr/2025:14:07:01 -0400] "GET /account/geneology?user=nziza60 HTTP/1.1" 200 4671 "https://finationglobal.com/account/geneology" "Mozilla/5.0 (Linux; Android 10; K) AppleWebKit/537.36 (KHTML, like Gecko) Chrome/134.0.0.0 Mobile Safari/537.36"
142.250.32.4 - - [26/Apr/2025:14:07:06 -0400] "GET /account/geneology?user=nziza60 HTTP/1.1" 302 518 "-" "Mozilla/5.0 (Linux; Android 7.0; SM-G930V Build/NRD90M) AppleWebKit/537.36 (KHTML, like Gecko) Chrome/59.0.3071.125 Mobile Safari/537.36 (compatible; Google-Read-Aloud; +https://support.google.com/webmasters/answer/1061943)"
142.250.32.4 - - [26/Apr/2025:14:07:06 -0400] "GET /account/login.php HTTP/1.1" 302 771 "-" "Mozilla/5.0 (Linux; Android 7.0; SM-G930V Build/NRD90M) AppleWebKit/537.36 (KHTML, like Gecko) Chrome/59.0.3071.125 Mobile Safari/537.36 (compatible; Google-Read-Aloud; +https://support.google.com/webmasters/answer/1061943)"
142.250.32.4 - - [26/Apr/2025:14:07:06 -0400] "GET /account/login HTTP/1.1" 200 1297 "-" "Mozilla/5.0 (Linux; Android 7.0; SM-G930V Build/NRD90M) AppleWebKit/537.36 (KHTML, like Gecko) Chrome/59.0.3071.125 Mobile Safari/537.36 (compatible; Google-Read-Aloud; +https://support.google.com/webmasters/answer/1061943)"
197.250.133.81 - - [26/Apr/2025:14:07:20 -0400] "GET /account/geneology?user=nathan01 HTTP/1.1" 200 4676 "https://finationglobal.com/account/geneology" "Mozilla/5.0 (Linux; Android 10; K) AppleWebKit/537.36 (KHTML, like Gecko) Chrome/134.0.0.0 Mobile Safari/537.36"
66.249.66.66 - - [26/Apr/2025:14:07:24 -0400] "GET /?pcmypage?callback=product%2Fdetail%2F27907858 HTTP/1.1" 200 6422 "-" "Mozilla/5.0 (compatible; Googlebot/2.1; +http://www.google.com/bot.html)"
197.250.133.81 - - [26/Apr/2025:14:07:43 -0400] "GET /account/geneology?user=nziza60 HTTP/1.1" 200 4671 "https://finationglobal.com/account/geneology?user=nathan01" "Mozilla/5.0 (Linux; Android 10; K) AppleWebKit/537.36 (KHTML, like Gecko) Chrome/134.0.0.0 Mobile Safari/537.36"
197.250.103.71 - - [26/Apr/2025:14:10:18 -0400] "POST /account/login HTTP/1.1" 200 1507 "https://finationglobal.com/account/login" "Mozilla/5.0 (Linux; Android 10; K) AppleWebKit/537.36 (KHTML, like Gecko) Chrome/133.0.0.0 Mobile Safari/537.36"
197.250.103.71 - - [26/Apr/2025:14:10:21 -0400] "POST /account/login HTTP/1.1" 200 1507 "https://finationglobal.com/account/login" "Mozilla/5.0 (Linux; Android 10; K) AppleWebKit/537.36 (KHTML, like Gecko) Chrome/133.0.0.0 Mobile Safari/537.36"
197.250.103.71 - - [26/Apr/2025:14:10:57 -0400] "POST /account/login HTTP/1.1" 302 1297 "https://finationglobal.com/account/login" "Mozilla/5.0 (Linux; Android 10; K) AppleWebKit/537.36 (KHTML, like Gecko) Chrome/133.0.0.0 Mobile Safari/537.36"
197.250.103.71 - - [26/Apr/2025:14:10:57 -0400] "GET /account/ HTTP/1.1" 200 8167 "https://finationglobal.com/account/login" "Mozilla/5.0 (Linux; Android 10; K) AppleWebKit/537.36 (KHTML, like Gecko) Chrome/133.0.0.0 Mobile Safari/537.36"
197.250.103.71 - - [26/Apr/2025:14:11:03 -0400] "GET /account/?logout=true HTTP/1.1" 302 8167 "https://finationglobal.com/account/" "Mozilla/5.0 (Linux; Android 10; K) AppleWebKit/537.36 (KHTML, like Gecko) Chrome/133.0.0.0 Mobile Safari/537.36"
197.250.103.71 - - [26/Apr/2025:14:11:06 -0400] "GET /account/login.php HTTP/1.1" 302 771 "https://finationglobal.com/account/" "Mozilla/5.0 (Linux; Android 10; K) AppleWebKit/537.36 (KHTML, like Gecko) Chrome/133.0.0.0 Mobile Safari/537.36"
66.249.66.66 - - [26/Apr/2025:14:11:18 -0400] "GET /?shopdetail/25321726 HTTP/1.1" 200 6422 "-" "Mozilla/5.0 (Linux; Android 6.0.1; Nexus 5X Build/MMB29P) AppleWebKit/537.36 (KHTML, like Gecko) Chrome/135.0.7049.95 Mobile Safari/537.36 (compatible; Googlebot/2.1; +http://www.google.com/bot.html)"
66.249.66.66 - - [26/Apr/2025:14:11:24 -0400] "GET /?shopdetail/24481948 HTTP/1.1" 200 6422 "-" "Mozilla/5.0 (compatible; Googlebot/2.1; +http://www.google.com/bot.html)"
197.250.133.81 - - [26/Apr/2025:14:11:36 -0400] "GET /account/geneology HTTP/1.1" 200 4692 "https://finationglobal.com/account/geneology" "Mozilla/5.0 (Linux; Android 10; K) AppleWebKit/537.36 (KHTML, like Gecko) Chrome/134.0.0.0 Mobile Safari/537.36"
197.250.103.71 - - [26/Apr/2025:14:12:46 -0400] "POST /account/login HTTP/1.1" 200 1507 "https://finationglobal.com/account/login" "Mozilla/5.0 (Linux; Android 10; K) AppleWebKit/537.36 (KHTML, like Gecko) Chrome/133.0.0.0 Mobile Safari/537.36"
197.250.133.81 - - [26/Apr/2025:14:13:05 -0400] "GET /account/ HTTP/1.1" 200 0 "https://finationglobal.com/account/login" "Mozilla/5.0 (Linux; Android 10; K) AppleWebKit/537.36 (KHTML, like Gecko) Chrome/134.0.0.0 Mobile Safari/537.36"
197.250.133.81 - - [26/Apr/2025:14:13:06 -0400] "GET /account/login HTTP/1.1" 200 1297 "https://finationglobal.com/account/" "Mozilla/5.0 (Linux; Android 10; K) AppleWebKit/537.36 (KHTML, like Gecko) Chrome/134.0.0.0 Mobile Safari/537.36"
197.250.103.71 - - [26/Apr/2025:14:13:22 -0400] "POST /account/login HTTP/1.1" 302 1297 "https://finationglobal.com/account/login" "Mozilla/5.0 (Linux; Android 10; K) AppleWebKit/537.36 (KHTML, like Gecko) Chrome/133.0.0.0 Mobile Safari/537.36"
197.250.103.71 - - [26/Apr/2025:14:13:24 -0400] "GET /account/ HTTP/1.1" 200 7278 "https://finationglobal.com/account/login" "Mozilla/5.0 (Linux; Android 10; K) AppleWebKit/537.36 (KHTML, like Gecko) Chrome/133.0.0.0 Mobile Safari/537.36"
197.250.133.81 - - [26/Apr/2025:14:14:12 -0400] "POST /account/login HTTP/1.1" 302 1297 "https://finationglobal.com/account/login" "Mozilla/5.0 (Linux; Android 10; K) AppleWebKit/537.36 (KHTML, like Gecko) Chrome/134.0.0.0 Mobile Safari/537.36"
197.250.133.81 - - [26/Apr/2025:14:14:12 -0400] "GET /account/ HTTP/1.1" 200 6930 "https://finationglobal.com/account/login" "Mozilla/5.0 (Linux; Android 10; K) AppleWebKit/537.36 (KHTML, like Gecko) Chrome/134.0.0.0 Mobile Safari/537.36"
197.250.133.81 - - [26/Apr/2025:14:14:36 -0400] "GET /account/geneology HTTP/1.1" 200 4667 "https://finationglobal.com/account/" "Mozilla/5.0 (Linux; Android 10; K) AppleWebKit/537.36 (KHTML, like Gecko) Chrome/134.0.0.0 Mobile Safari/537.36"
197.250.103.71 - - [26/Apr/2025:14:14:42 -0400] "GET /account/fundtransfer HTTP/1.1" 200 5265 "https://finationglobal.com/account/" "Mozilla/5.0 (Linux; Android 10; K) AppleWebKit/537.36 (KHTML, like Gecko) Chrome/133.0.0.0 Mobile Safari/537.36"
197.186.3.71 - - [26/Apr/2025:14:14:46 -0400] "GET /account/register?ref=devotha HTTP/1.1" 200 1860 "-" "Mozilla/5.0 (Linux; Android 10; K) AppleWebKit/537.36 (KHTML, like Gecko) Chrome/135.0.0.0 Mobile Safari/537.36"
197.186.3.71 - - [26/Apr/2025:14:14:47 -0400] "GET /account/geneology HTTP/1.1" 302 518 "https://finationglobal.com/account/" "Mozilla/5.0 (Linux; Android 10; K) AppleWebKit/537.36 (KHTML, like Gecko) Chrome/135.0.0.0 Mobile Safari/537.36"
197.186.3.71 - - [26/Apr/2025:14:14:48 -0400] "GET /account/login.php HTTP/1.1" 302 771 "https://finationglobal.com/account/" "Mozilla/5.0 (Linux; Android 10; K) AppleWebKit/537.36 (KHTML, like Gecko) Chrome/135.0.0.0 Mobile Safari/537.36"
197.186.3.71 - - [26/Apr/2025:14:14:48 -0400] "GET /account/login HTTP/1.1" 200 1297 "https://finationglobal.com/account/" "Mozilla/5.0 (Linux; Android 10; K) AppleWebKit/537.36 (KHTML, like Gecko) Chrome/135.0.0.0 Mobile Safari/537.36"
197.250.103.71 - - [26/Apr/2025:14:15:07 -0400] "GET /account/control.php?verify=Salma01 HTTP/1.1" 302 771 "https://finationglobal.com/account/fundtransfer" "Mozilla/5.0 (Linux; Android 10; K) AppleWebKit/537.36 (KHTML, like Gecko) Chrome/133.0.0.0 Mobile Safari/537.36"
197.250.103.71 - - [26/Apr/2025:14:15:08 -0400] "GET /account/control?verify=Salma01 HTTP/1.1" 200 164 "https://finationglobal.com/account/fundtransfer" "Mozilla/5.0 (Linux; Android 10; K) AppleWebKit/537.36 (KHTML, like Gecko) Chrome/133.0.0.0 Mobile Safari/537.36"
197.186.3.71 - - [26/Apr/2025:14:15:09 -0400] "GET /account/register?ref=mnenuka HTTP/1.1" 200 1860 "-" "Mozilla/5.0 (Linux; Android 10; K) AppleWebKit/537.36 (KHTML, like Gecko) Chrome/135.0.0.0 Mobile Safari/537.36"
197.186.3.71 - - [26/Apr/2025:14:15:10 -0400] "GET /account/control.php?confirm=mnenuka HTTP/1.1" 302 771 "https://finationglobal.com/account/register?ref=mnenuka" "Mozilla/5.0 (Linux; Android 10; K) AppleWebKit/537.36 (KHTML, like Gecko) Chrome/135.0.0.0 Mobile Safari/537.36"
197.186.3.71 - - [26/Apr/2025:14:15:10 -0400] "GET /account/control?confirm=mnenuka HTTP/1.1" 200 32 "https://finationglobal.com/account/register?ref=mnenuka" "Mozilla/5.0 (Linux; Android 10; K) AppleWebKit/537.36 (KHTML, like Gecko) Chrome/135.0.0.0 Mobile Safari/537.36"
197.250.103.71 - - [26/Apr/2025:14:15:17 -0400] "GET /account/control.php?sendcode=Salma01&amt=5 HTTP/1.1" 302 771 "https://finationglobal.com/account/fundtransfer" "Mozilla/5.0 (Linux; Android 10; K) AppleWebKit/537.36 (KHTML, like Gecko) Chrome/133.0.0.0 Mobile Safari/537.36"
197.250.103.71 - - [26/Apr/2025:14:15:19 -0400] "GET /account/control?sendcode=Salma01&amt=5 HTTP/1.1" 200 182 "https://finationglobal.com/account/fundtransfer" "Mozilla/5.0 (Linux; Android 10; K) AppleWebKit/537.36 (KHTML, like Gecko) Chrome/133.0.0.0 Mobile Safari/537.36"
197.250.103.71 - - [26/Apr/2025:14:16:47 -0400] "GET /account/fundtransfer HTTP/1.1" 200 5267 "https://finationglobal.com/account/fundtransfer" "Mozilla/5.0 (Linux; Android 10; K) AppleWebKit/537.36 (KHTML, like Gecko) Chrome/133.0.0.0 Mobile Safari/537.36"
197.250.103.71 - - [26/Apr/2025:14:16:56 -0400] "GET /account/control.php?verify=Salma01 HTTP/1.1" 302 771 "https://finationglobal.com/account/fundtransfer" "Mozilla/5.0 (Linux; Android 10; K) AppleWebKit/537.36 (KHTML, like Gecko) Chrome/133.0.0.0 Mobile Safari/537.36"
197.250.103.71 - - [26/Apr/2025:14:16:57 -0400] "GET /account/control?verify=Salma01 HTTP/1.1" 200 164 "https://finationglobal.com/account/fundtransfer" "Mozilla/5.0 (Linux; Android 10; K) AppleWebKit/537.36 (KHTML, like Gecko) Chrome/133.0.0.0 Mobile Safari/537.36"
197.250.103.71 - - [26/Apr/2025:14:17:00 -0400] "GET /account/control.php?sendcode=Salma01&amt=3 HTTP/1.1" 302 771 "https://finationglobal.com/account/fundtransfer" "Mozilla/5.0 (Linux; Android 10; K) AppleWebKit/537.36 (KHTML, like Gecko) Chrome/133.0.0.0 Mobile Safari/537.36"
197.250.103.71 - - [26/Apr/2025:14:17:00 -0400] "GET /account/control?sendcode=Salma01&amt=3 HTTP/1.1" 200 183 "https://finationglobal.com/account/fundtransfer" "Mozilla/5.0 (Linux; Android 10; K) AppleWebKit/537.36 (KHTML, like Gecko) Chrome/133.0.0.0 Mobile Safari/537.36"
197.250.103.71 - - [26/Apr/2025:14:17:29 -0400] "POST /account/fundtransfer HTTP/1.1" 200 5415 "https://finationglobal.com/account/fundtransfer" "Mozilla/5.0 (Linux; Android 10; K) AppleWebKit/537.36 (KHTML, like Gecko) Chrome/133.0.0.0 Mobile Safari/537.36"
197.250.133.81 - - [26/Apr/2025:14:18:17 -0400] "GET /account/ HTTP/1.1" 200 6930 "https://finationglobal.com/account/login" "Mozilla/5.0 (Linux; Android 10; K) AppleWebKit/537.36 (KHTML, like Gecko) Chrome/134.0.0.0 Mobile Safari/537.36"
197.186.4.247 - - [26/Apr/2025:14:18:19 -0400] "GET /account/login HTTP/1.1" 200 1297 "-" "Mozilla/5.0 (Linux; Android 10; K) AppleWebKit/537.36 (KHTML, like Gecko) Chrome/134.0.0.0 Mobile Safari/537.36"
197.186.4.247 - - [26/Apr/2025:14:18:38 -0400] "POST /account/login HTTP/1.1" 302 1297 "https://finationglobal.com/account/login" "Mozilla/5.0 (Linux; Android 10; K) AppleWebKit/537.36 (KHTML, like Gecko) Chrome/134.0.0.0 Mobile Safari/537.36"
197.186.4.247 - - [26/Apr/2025:14:18:38 -0400] "GET /account/ HTTP/1.1" 200 6893 "https://finationglobal.com/account/login" "Mozilla/5.0 (Linux; Android 10; K) AppleWebKit/537.36 (KHTML, like Gecko) Chrome/134.0.0.0 Mobile Safari/537.36"
197.250.133.81 - - [26/Apr/2025:14:18:45 -0400] "GET /account/login HTTP/1.1" 200 1297 "https://finationglobal.com/account/" "Mozilla/5.0 (Linux; Android 10; K) AppleWebKit/537.36 (KHTML, like Gecko) Chrome/134.0.0.0 Mobile Safari/537.36"
197.250.133.81 - - [26/Apr/2025:14:18:45 -0400] "GET /account/ HTTP/1.1" 200 6930 "https://finationglobal.com/account/login" "Mozilla/5.0 (Linux; Android 10; K) AppleWebKit/537.36 (KHTML, like Gecko) Chrome/134.0.0.0 Mobile Safari/537.36"
197.250.133.81 - - [26/Apr/2025:14:18:49 -0400] "GET /account/login HTTP/1.1" 200 1297 "https://finationglobal.com/account/" "Mozilla/5.0 (Linux; Android 10; K) AppleWebKit/537.36 (KHTML, like Gecko) Chrome/134.0.0.0 Mobile Safari/537.36"
197.250.133.81 - - [26/Apr/2025:14:18:53 -0400] "POST /account/login HTTP/1.1" 302 1297 "https://finationglobal.com/account/login" "Mozilla/5.0 (Linux; Android 10; K) AppleWebKit/537.36 (KHTML, like Gecko) Chrome/134.0.0.0 Mobile Safari/537.36"
197.250.133.81 - - [26/Apr/2025:14:18:53 -0400] "GET /account/ HTTP/1.1" 200 6930 "https://finationglobal.com/account/login" "Mozilla/5.0 (Linux; Android 10; K) AppleWebKit/537.36 (KHTML, like Gecko) Chrome/134.0.0.0 Mobile Safari/537.36"
197.250.133.81 - - [26/Apr/2025:14:19:55 -0400] "POST /account/login HTTP/1.1" 302 1297 "https://finationglobal.com/account/login" "Mozilla/5.0 (Linux; Android 10; K) AppleWebKit/537.36 (KHTML, like Gecko) Chrome/134.0.0.0 Mobile Safari/537.36"
197.250.133.81 - - [26/Apr/2025:14:20:39 -0400] "GET /account/login HTTP/1.1" 200 1297 "https://finationglobal.com/account/" "Mozilla/5.0 (Linux; Android 10; K) AppleWebKit/537.36 (KHTML, like Gecko) Chrome/134.0.0.0 Mobile Safari/537.36"
197.250.133.81 - - [26/Apr/2025:14:22:15 -0400] "GET /account/login HTTP/1.1" 200 1297 "https://finationglobal.com/account/register?ref=shirry07" "Mozilla/5.0 (Linux; Android 10; K) AppleWebKit/537.36 (KHTML, like Gecko) Chrome/134.0.0.0 Mobile Safari/537.36"
197.250.133.81 - - [26/Apr/2025:14:22:16 -0400] "GET /account/register?ref=shirry07 HTTP/1.1" 200 1864 "-" "Mozilla/5.0 (Linux; Android 10; K) AppleWebKit/537.36 (KHTML, like Gecko) Chrome/134.0.0.0 Mobile Safari/537.36"
197.250.133.81 - - [26/Apr/2025:14:22:17 -0400] "GET /account/control.php?confirm=shirry07 HTTP/1.1" 302 771 "https://finationglobal.com/account/register?ref=shirry07" "Mozilla/5.0 (Linux; Android 10; K) AppleWebKit/537.36 (KHTML, like Gecko) Chrome/134.0.0.0 Mobile Safari/537.36"
197.250.133.81 - - [26/Apr/2025:14:22:19 -0400] "GET /account/control?confirm=shirry07 HTTP/1.1" 200 34 "https://finationglobal.com/account/register?ref=shirry07" "Mozilla/5.0 (Linux; Android 10; K) AppleWebKit/537.36 (KHTML, like Gecko) Chrome/134.0.0.0 Mobile Safari/537.36"
197.250.133.81 - - [26/Apr/2025:14:22:21 -0400] "GET /account/login HTTP/1.1" 200 1297 "https://finationglobal.com/account/register?ref=shirry07" "Mozilla/5.0 (Linux; Android 10; K) AppleWebKit/537.36 (KHTML, like Gecko) Chrome/134.0.0.0 Mobile Safari/537.36"
197.250.133.81 - - [26/Apr/2025:14:22:56 -0400] "POST /account/login HTTP/1.1" 302 1297 "https://finationglobal.com/account/login" "Mozilla/5.0 (Linux; Android 10; K) AppleWebKit/537.36 (KHTML, like Gecko) Chrome/134.0.0.0 Mobile Safari/537.36"
197.250.133.81 - - [26/Apr/2025:14:22:56 -0400] "GET /account/ HTTP/1.1" 200 7047 "https://finationglobal.com/account/login" "Mozilla/5.0 (Linux; Android 10; K) AppleWebKit/537.36 (KHTML, like Gecko) Chrome/134.0.0.0 Mobile Safari/537.36"
197.250.133.81 - - [26/Apr/2025:14:23:04 -0400] "GET /account/geneology HTTP/1.1" 200 4706 "https://finationglobal.com/account/" "Mozilla/5.0 (Linux; Android 10; K) AppleWebKit/537.36 (KHTML, like Gecko) Chrome/134.0.0.0 Mobile Safari/537.36"
197.250.133.81 - - [26/Apr/2025:14:23:13 -0400] "GET /account/geneology?user=mnenuka25 HTTP/1.1" 200 4703 "https://finationglobal.com/account/geneology" "Mozilla/5.0 (Linux; Android 10; K) AppleWebKit/537.36 (KHTML, like Gecko) Chrome/134.0.0.0 Mobile Safari/537.36"
197.250.133.81 - - [26/Apr/2025:14:23:52 -0400] "GET /account/geneology HTTP/1.1" 200 4708 "https://finationglobal.com/account/" "Mozilla/5.0 (Linux; Android 10; K) AppleWebKit/537.36 (KHTML, like Gecko) Chrome/134.0.0.0 Mobile Safari/537.36"
197.250.133.81 - - [26/Apr/2025:14:24:18 -0400] "GET /account/geneology?user=maziku2002 HTTP/1.1" 200 4680 "https://finationglobal.com/account/geneology" "Mozilla/5.0 (Linux; Android 10; K) AppleWebKit/537.36 (KHTML, like Gecko) Chrome/134.0.0.0 Mobile Safari/537.36"
66.249.66.66 - - [26/Apr/2025:14:26:46 -0400] "GET /?shopdetail/8701871 HTTP/1.1" 200 6424 "-" "Mozilla/5.0 (compatible; Googlebot/2.1; +http://www.google.com/bot.html)"
66.249.66.67 - - [26/Apr/2025:14:27:03 -0400] "GET /?shopdetail/4844960 HTTP/1.1" 200 6424 "-" "Mozilla/5.0 (Linux; Android 6.0.1; Nexus 5X Build/MMB29P) AppleWebKit/537.36 (KHTML, like Gecko) Chrome/135.0.7049.95 Mobile Safari/537.36 (compatible; Googlebot/2.1; +http://www.google.com/bot.html)"
66.249.66.66 - - [26/Apr/2025:14:28:44 -0400] "GET /?shopdetail/14026237 HTTP/1.1" 200 6422 "-" "Mozilla/5.0 (compatible; Googlebot/2.1; +http://www.google.com/bot.html)"
66.249.66.68 - - [26/Apr/2025:14:28:47 -0400] "GET /?shopdetail/20612704 HTTP/1.1" 200 6424 "-" "Mozilla/5.0 (Linux; Android 6.0.1; Nexus 5X Build/MMB29P) AppleWebKit/537.36 (KHTML, like Gecko) Chrome/135.0.7049.95 Mobile Safari/537.36 (compatible; Googlebot/2.1; +http://www.google.com/bot.html)"
66.249.66.68 - - [26/Apr/2025:14:33:30 -0400] "GET /?shopdetail/21727848 HTTP/1.1" 200 6424 "-" "Mozilla/5.0 (compatible; Googlebot/2.1; +http://www.google.com/bot.html)"
66.249.66.67 - - [26/Apr/2025:14:34:40 -0400] "GET /?shopdetail/25222582 HTTP/1.1" 200 6424 "-" "Mozilla/5.0 (compatible; Googlebot/2.1; +http://www.google.com/bot.html)"
94.198.54.51 - - [26/Apr/2025:14:34:56 -0400] "GET / HTTP/1.0" 200 38507 "https://finationglobal.com/" "Mozilla/5.0 (Windows NT 10.0; Win64; x64) AppleWebKit/537.36 (KHTML, like Gecko) Chrome/131.0.0.0 Safari/537.36"
94.198.54.51 - - [26/Apr/2025:14:34:57 -0400] "GET /account/register HTTP/1.0" 200 8064 "https://finationglobal.com/account/register" "Mozilla/5.0 (Windows NT 10.0; Win64; x64) AppleWebKit/537.36 (KHTML, like Gecko) Chrome/131.0.0.0 Safari/537.36"
94.198.54.51 - - [26/Apr/2025:14:34:57 -0400] "POST /account/register HTTP/1.0" 200 8623 "https://finationglobal.com/account/register" "Mozilla/5.0 (Windows NT 10.0; Win64; x64) AppleWebKit/537.36 (KHTML, like Gecko) Chrome/131.0.0.0 Safari/537.36"
105.112.215.6 - - [26/Apr/2025:14:38:56 -0400] "GET /account/register?ref=thenation&upline=airobuilders HTTP/1.1" 200 1863 "-" "Mozilla/5.0 (Linux; U; Android 14; en-us; 23129RN51X Build/UP1A.231005.007) AppleWebKit/537.36 (KHTML, like Gecko) Chrome/117.0.0.0 Mobile Safari/537.36 PHX/18.2"
105.112.215.6 - - [26/Apr/2025:14:38:56 -0400] "GET /assets/css/icons.css HTTP/1.1" 200 251 "https://finationglobal.com/account/register?ref=thenation&upline=airobuilders" "Mozilla/5.0 (Linux; U; Android 14; en-us; 23129RN51X Build/UP1A.231005.007) AppleWebKit/537.36 (KHTML, like Gecko) Chrome/117.0.0.0 Mobile Safari/537.36 PHX/18.2"
105.112.215.6 - - [26/Apr/2025:14:38:56 -0400] "GET /assets/plugins/bootstrap/css/bootstrap.min.css HTTP/1.1" 200 21225 "https://finationglobal.com/account/register?ref=thenation&upline=airobuilders" "Mozilla/5.0 (Linux; U; Android 14; en-us; 23129RN51X Build/UP1A.231005.007) AppleWebKit/537.36 (KHTML, like Gecko) Chrome/117.0.0.0 Mobile Safari/537.36 PHX/18.2"
105.112.215.6 - - [26/Apr/2025:14:38:56 -0400] "GET /assets/css/plugins.css HTTP/1.1" 200 80675 "https://finationglobal.com/account/register?ref=thenation&upline=airobuilders" "Mozilla/5.0 (Linux; U; Android 14; en-us; 23129RN51X Build/UP1A.231005.007) AppleWebKit/537.36 (KHTML, like Gecko) Chrome/117.0.0.0 Mobile Safari/537.36 PHX/18.2"
105.112.215.6 - - [26/Apr/2025:14:38:56 -0400] "GET /assets/css/style.css HTTP/1.1" 200 144740 "https://finationglobal.com/account/register?ref=thenation&upline=airobuilders" "Mozilla/5.0 (Linux; U; Android 14; en-us; 23129RN51X Build/UP1A.231005.007) AppleWebKit/537.36 (KHTML, like Gecko) Chrome/117.0.0.0 Mobile Safari/537.36 PHX/18.2"
105.112.215.6 - - [26/Apr/2025:14:38:57 -0400] "GET /assets/images/loader.svg HTTP/1.1" 200 329 "https://finationglobal.com/account/register?ref=thenation&upline=airobuilders" "Mozilla/5.0 (Linux; U; Android 14; en-us; 23129RN51X Build/UP1A.231005.007) AppleWebKit/537.36 (KHTML, like Gecko) Chrome/117.0.0.0 Mobile Safari/537.36 PHX/18.2"
105.112.215.6 - - [26/Apr/2025:14:38:57 -0400] "GET /account/finbrand.png HTTP/1.1" 200 25547 "https://finationglobal.com/account/register?ref=thenation&upline=airobuilders" "Mozilla/5.0 (Linux; U; Android 14; en-us; 23129RN51X Build/UP1A.231005.007) AppleWebKit/537.36 (KHTML, like Gecko) Chrome/117.0.0.0 Mobile Safari/537.36 PHX/18.2"
105.112.215.6 - - [26/Apr/2025:14:38:57 -0400] "GET /assets/js/circle-progress.min.js HTTP/1.1" 200 4965 "https://finationglobal.com/account/register?ref=thenation&upline=airobuilders" "Mozilla/5.0 (Linux; U; Android 14; en-us; 23129RN51X Build/UP1A.231005.007) AppleWebKit/537.36 (KHTML, like Gecko) Chrome/117.0.0.0 Mobile Safari/537.36 PHX/18.2"
105.112.215.6 - - [26/Apr/2025:14:38:57 -0400] "GET /assets/plugins/input-mask/jquery.mask.min.js HTTP/1.1" 200 6191 "https://finationglobal.com/account/register?ref=thenation&upline=airobuilders" "Mozilla/5.0 (Linux; U; Android 14; en-us; 23129RN51X Build/UP1A.231005.007) AppleWebKit/537.36 (KHTML, like Gecko) Chrome/117.0.0.0 Mobile Safari/537.36 PHX/18.2"
105.112.215.6 - - [26/Apr/2025:14:38:57 -0400] "GET /assets/js/custom.js HTTP/1.1" 200 5093 "https://finationglobal.com/account/register?ref=thenation&upline=airobuilders" "Mozilla/5.0 (Linux; U; Android 14; en-us; 23129RN51X Build/UP1A.231005.007) AppleWebKit/537.36 (KHTML, like Gecko) Chrome/117.0.0.0 Mobile Safari/537.36 PHX/18.2"
105.112.215.6 - - [26/Apr/2025:14:38:57 -0400] "GET /assets/js/swither-styles.js HTTP/1.1" 200 7609 "https://finationglobal.com/account/register?ref=thenation&upline=airobuilders" "Mozilla/5.0 (Linux; U; Android 14; en-us; 23129RN51X Build/UP1A.231005.007) AppleWebKit/537.36 (KHTML, like Gecko) Chrome/117.0.0.0 Mobile Safari/537.36 PHX/18.2"
105.112.215.6 - - [26/Apr/2025:14:38:57 -0400] "GET /assets/plugins/bootstrap/js/popper.min.js HTTP/1.1" 200 10266 "https://finationglobal.com/account/register?ref=thenation&upline=airobuilders" "Mozilla/5.0 (Linux; U; Android 14; en-us; 23129RN51X Build/UP1A.231005.007) AppleWebKit/537.36 (KHTML, like Gecko) Chrome/117.0.0.0 Mobile Safari/537.36 PHX/18.2"
105.112.215.6 - - [26/Apr/2025:14:38:57 -0400] "GET /assets/plugins/bootstrap/js/bootstrap.min.js HTTP/1.1" 200 18884 "https://finationglobal.com/account/register?ref=thenation&upline=airobuilders" "Mozilla/5.0 (Linux; U; Android 14; en-us; 23129RN51X Build/UP1A.231005.007) AppleWebKit/537.36 (KHTML, like Gecko) Chrome/117.0.0.0 Mobile Safari/537.36 PHX/18.2"
105.112.215.6 - - [26/Apr/2025:14:38:57 -0400] "GET /assets/plugins/p-scroll/perfect-scrollbar.js HTTP/1.1" 200 10585 "https://finationglobal.com/account/register?ref=thenation&upline=airobuilders" "Mozilla/5.0 (Linux; U; Android 14; en-us; 23129RN51X Build/UP1A.231005.007) AppleWebKit/537.36 (KHTML, like Gecko) Chrome/117.0.0.0 Mobile Safari/537.36 PHX/18.2"
105.112.215.6 - - [26/Apr/2025:14:38:57 -0400] "GET /assets/js/jquery.min.js HTTP/1.1" 200 33270 "https://finationglobal.com/account/register?ref=thenation&upline=airobuilders" "Mozilla/5.0 (Linux; U; Android 14; en-us; 23129RN51X Build/UP1A.231005.007) AppleWebKit/537.36 (KHTML, like Gecko) Chrome/117.0.0.0 Mobile Safari/537.36 PHX/18.2"
105.112.215.6 - - [26/Apr/2025:14:38:57 -0400] "GET /assets/js/themeColors.js HTTP/1.1" 200 5058 "https://finationglobal.com/account/register?ref=thenation&upline=airobuilders" "Mozilla/5.0 (Linux; U; Android 14; en-us; 23129RN51X Build/UP1A.231005.007) AppleWebKit/537.36 (KHTML, like Gecko) Chrome/117.0.0.0 Mobile Safari/537.36 PHX/18.2"
105.112.215.6 - - [26/Apr/2025:14:38:57 -0400] "GET /assets/iconfonts/bootstrapicons/bootstrap-icons.css HTTP/1.1" 200 8194 "https://finationglobal.com/assets/css/icons.css" "Mozilla/5.0 (Linux; U; Android 14; en-us; 23129RN51X Build/UP1A.231005.007) AppleWebKit/537.36 (KHTML, like Gecko) Chrome/117.0.0.0 Mobile Safari/537.36 PHX/18.2"
105.112.215.6 - - [26/Apr/2025:14:38:57 -0400] "GET /assets/iconfonts/glyphicons/glyphicon.css HTTP/1.1" 200 2217 "https://finationglobal.com/assets/css/icons.css" "Mozilla/5.0 (Linux; U; Android 14; en-us; 23129RN51X Build/UP1A.231005.007) AppleWebKit/537.36 (KHTML, like Gecko) Chrome/117.0.0.0 Mobile Safari/537.36 PHX/18.2"
105.112.215.6 - - [26/Apr/2025:14:38:57 -0400] "GET /assets/iconfonts/ionicons/ionicons.css HTTP/1.1" 200 6409 "https://finationglobal.com/assets/css/icons.css" "Mozilla/5.0 (Linux; U; Android 14; en-us; 23129RN51X Build/UP1A.231005.007) AppleWebKit/537.36 (KHTML, like Gecko) Chrome/117.0.0.0 Mobile Safari/537.36 PHX/18.2"
105.112.215.6 - - [26/Apr/2025:14:38:57 -0400] "GET /assets/iconfonts/font-awesome/css/font-awesome.min.css HTTP/1.1" 200 6666 "https://finationglobal.com/assets/css/icons.css" "Mozilla/5.0 (Linux; U; Android 14; en-us; 23129RN51X Build/UP1A.231005.007) AppleWebKit/537.36 (KHTML, like Gecko) Chrome/117.0.0.0 Mobile Safari/537.36 PHX/18.2"
105.112.215.6 - - [26/Apr/2025:14:38:57 -0400] "GET /assets/iconfonts/themify/themify.css HTTP/1.1" 200 2728 "https://finationglobal.com/assets/css/icons.css" "Mozilla/5.0 (Linux; U; Android 14; en-us; 23129RN51X Build/UP1A.231005.007) AppleWebKit/537.36 (KHTML, like Gecko) Chrome/117.0.0.0 Mobile Safari/537.36 PHX/18.2"
105.112.215.6 - - [26/Apr/2025:14:38:57 -0400] "GET /assets/iconfonts/linearicons/Linearicons.css HTTP/1.1" 200 1507 "https://finationglobal.com/assets/css/icons.css" "Mozilla/5.0 (Linux; U; Android 14; en-us; 23129RN51X Build/UP1A.231005.007) AppleWebKit/537.36 (KHTML, like Gecko) Chrome/117.0.0.0 Mobile Safari/537.36 PHX/18.2"
105.112.215.6 - - [26/Apr/2025:14:38:57 -0400] "GET /assets/iconfonts/typicons/typicons.css HTTP/1.1" 200 3263 "https://finationglobal.com/assets/css/icons.css" "Mozilla/5.0 (Linux; U; Android 14; en-us; 23129RN51X Build/UP1A.231005.007) AppleWebKit/537.36 (KHTML, like Gecko) Chrome/117.0.0.0 Mobile Safari/537.36 PHX/18.2"
105.112.215.6 - - [26/Apr/2025:14:38:57 -0400] "GET /assets/iconfonts/pe-icon-7-stroke/Pe-icon-7.css HTTP/1.1" 200 1681 "https://finationglobal.com/assets/css/icons.css" "Mozilla/5.0 (Linux; U; Android 14; en-us; 23129RN51X Build/UP1A.231005.007) AppleWebKit/537.36 (KHTML, like Gecko) Chrome/117.0.0.0 Mobile Safari/537.36 PHX/18.2"
105.112.215.6 - - [26/Apr/2025:14:38:57 -0400] "GET /assets/iconfonts/simple-line-icons/simple-line-icons.css HTTP/1.1" 200 3107 "https://finationglobal.com/assets/css/icons.css" "Mozilla/5.0 (Linux; U; Android 14; en-us; 23129RN51X Build/UP1A.231005.007) AppleWebKit/537.36 (KHTML, like Gecko) Chrome/117.0.0.0 Mobile Safari/537.36 PHX/18.2"
105.112.215.6 - - [26/Apr/2025:14:38:57 -0400] "GET /assets/iconfonts/weathericons/weathericons.css HTTP/1.1" 200 3459 "https://finationglobal.com/assets/css/icons.css" "Mozilla/5.0 (Linux; U; Android 14; en-us; 23129RN51X Build/UP1A.231005.007) AppleWebKit/537.36 (KHTML, like Gecko) Chrome/117.0.0.0 Mobile Safari/537.36 PHX/18.2"
105.112.215.6 - - [26/Apr/2025:14:38:57 -0400] "GET /assets/iconfonts/feather/feather.css HTTP/1.1" 200 1999 "https://finationglobal.com/assets/css/icons.css" "Mozilla/5.0 (Linux; U; Android 14; en-us; 23129RN51X Build/UP1A.231005.007) AppleWebKit/537.36 (KHTML, like Gecko) Chrome/117.0.0.0 Mobile Safari/537.36 PHX/18.2"
105.112.215.6 - - [26/Apr/2025:14:38:57 -0400] "GET /assets/plugins/iconfonts/remixicon/remixicon.css HTTP/1.1" 200 12884 "https://finationglobal.com/assets/css/icons.css" "Mozilla/5.0 (Linux; U; Android 14; en-us; 23129RN51X Build/UP1A.231005.007) AppleWebKit/537.36 (KHTML, like Gecko) Chrome/117.0.0.0 Mobile Safari/537.36 PHX/18.2"
105.112.215.6 - - [26/Apr/2025:14:38:57 -0400] "GET /assets/iconfonts/materialdesignicons/materialdesignicons.css HTTP/1.1" 200 22418 "https://finationglobal.com/assets/css/icons.css" "Mozilla/5.0 (Linux; U; Android 14; en-us; 23129RN51X Build/UP1A.231005.007) AppleWebKit/537.36 (KHTML, like Gecko) Chrome/117.0.0.0 Mobile Safari/537.36 PHX/18.2"
105.112.215.6 - - [26/Apr/2025:14:38:59 -0400] "GET /assets/iconfonts/font-awesome/fonts/fontawesome-webfont.woff2?v=4.7.0 HTTP/1.1" 200 77160 "https://finationglobal.com/assets/iconfonts/font-awesome/css/font-awesome.min.css" "Mozilla/5.0 (Linux; U; Android 14; en-us; 23129RN51X Build/UP1A.231005.007) AppleWebKit/537.36 (KHTML, like Gecko) Chrome/117.0.0.0 Mobile Safari/537.36 PHX/18.2"
105.112.215.6 - - [26/Apr/2025:14:38:59 -0400] "GET /assets/iconfonts/materialdesignicons/fonts/materialdesignicons-webfont.woff2?v=2.0.46 HTTP/1.1" 200 109248 "https://finationglobal.com/assets/iconfonts/materialdesignicons/materialdesignicons.css" "Mozilla/5.0 (Linux; U; Android 14; en-us; 23129RN51X Build/UP1A.231005.007) AppleWebKit/537.36 (KHTML, like Gecko) Chrome/117.0.0.0 Mobile Safari/537.36 PHX/18.2"
105.112.215.6 - - [26/Apr/2025:14:38:59 -0400] "GET /assets/iconfonts/materialdesignicons/fonts/Material-Design-Iconic-Font.woff2?v=2.2.0 HTTP/1.1" 200 38384 "https://finationglobal.com/assets/iconfonts/materialdesignicons/materialdesignicons.css" "Mozilla/5.0 (Linux; U; Android 14; en-us; 23129RN51X Build/UP1A.231005.007) AppleWebKit/537.36 (KHTML, like Gecko) Chrome/117.0.0.0 Mobile Safari/537.36 PHX/18.2"
105.112.215.6 - - [26/Apr/2025:14:38:59 -0400] "GET /account/control.php?confirm=thenation HTTP/1.1" 302 771 "https://finationglobal.com/account/register?ref=thenation&upline=airobuilders" "Mozilla/5.0 (Linux; U; Android 14; en-us; 23129RN51X Build/UP1A.231005.007) AppleWebKit/537.36 (KHTML, like Gecko) Chrome/117.0.0.0 Mobile Safari/537.36 PHX/18.2"
105.112.215.6 - - [26/Apr/2025:14:38:59 -0400] "GET /account/control.php?confirm=airobuilders HTTP/1.1" 302 771 "https://finationglobal.com/account/register?ref=thenation&upline=airobuilders" "Mozilla/5.0 (Linux; U; Android 14; en-us; 23129RN51X Build/UP1A.231005.007) AppleWebKit/537.36 (KHTML, like Gecko) Chrome/117.0.0.0 Mobile Safari/537.36 PHX/18.2"
105.112.215.6 - - [26/Apr/2025:14:39:00 -0400] "GET /assets/images/brand/favicon.ico HTTP/1.1" 200 889 "-" "okhttp/4.10.0"
105.112.215.6 - - [26/Apr/2025:14:38:59 -0400] "GET /account/control?confirm=thenation HTTP/1.1" 200 30 "https://finationglobal.com/account/register?ref=thenation&upline=airobuilders" "Mozilla/5.0 (Linux; U; Android 14; en-us; 23129RN51X Build/UP1A.231005.007) AppleWebKit/537.36 (KHTML, like Gecko) Chrome/117.0.0.0 Mobile Safari/537.36 PHX/18.2"
105.112.215.6 - - [26/Apr/2025:14:38:59 -0400] "GET /account/control?confirm=airobuilders HTTP/1.1" 200 45 "https://finationglobal.com/account/register?ref=thenation&upline=airobuilders" "Mozilla/5.0 (Linux; U; Android 14; en-us; 23129RN51X Build/UP1A.231005.007) AppleWebKit/537.36 (KHTML, like Gecko) Chrome/117.0.0.0 Mobile Safari/537.36 PHX/18.2"
105.112.215.6 - - [26/Apr/2025:14:39:00 -0400] "GET /assets/images/brand/favicon.ico HTTP/1.1" 200 889 "https://finationglobal.com/account/register?ref=thenation&upline=airobuilders" "Mozilla/5.0 (Linux; U; Android 14; en-us; 23129RN51X Build/UP1A.231005.007) AppleWebKit/537.36 (KHTML, like Gecko) Chrome/117.0.0.0 Mobile Safari/537.36 PHX/18.2"
105.112.215.6 - - [26/Apr/2025:14:39:03 -0400] "GET /account/login HTTP/1.1" 200 1297 "https://finationglobal.com/account/register?ref=thenation&upline=airobuilders" "Mozilla/5.0 (Linux; U; Android 14; en-us; 23129RN51X Build/UP1A.231005.007) AppleWebKit/537.36 (KHTML, like Gecko) Chrome/117.0.0.0 Mobile Safari/537.36 PHX/18.2"
105.112.215.6 - - [26/Apr/2025:14:39:04 -0400] "GET /assets/js/jquery.sparkline.min.js HTTP/1.1" 200 15624 "https://finationglobal.com/account/login" "Mozilla/5.0 (Linux; U; Android 14; en-us; 23129RN51X Build/UP1A.231005.007) AppleWebKit/537.36 (KHTML, like Gecko) Chrome/117.0.0.0 Mobile Safari/537.36 PHX/18.2"
105.112.215.6 - - [26/Apr/2025:14:39:11 -0400] "POST /account/login HTTP/1.1" 302 1297 "https://finationglobal.com/account/login" "Mozilla/5.0 (Linux; U; Android 14; en-us; 23129RN51X Build/UP1A.231005.007) AppleWebKit/537.36 (KHTML, like Gecko) Chrome/117.0.0.0 Mobile Safari/537.36 PHX/18.2"
105.112.215.6 - - [26/Apr/2025:14:39:11 -0400] "GET /account/ HTTP/1.1" 200 6802 "https://finationglobal.com/account/login" "Mozilla/5.0 (Linux; U; Android 14; en-us; 23129RN51X Build/UP1A.231005.007) AppleWebKit/537.36 (KHTML, like Gecko) Chrome/117.0.0.0 Mobile Safari/537.36 PHX/18.2"
105.112.215.6 - - [26/Apr/2025:14:39:12 -0400] "GET /account/finationbr.png HTTP/1.1" 200 16423 "https://finationglobal.com/account/" "Mozilla/5.0 (Linux; U; Android 14; en-us; 23129RN51X Build/UP1A.231005.007) AppleWebKit/537.36 (KHTML, like Gecko) Chrome/117.0.0.0 Mobile Safari/537.36 PHX/18.2"
105.112.215.6 - - [26/Apr/2025:14:39:12 -0400] "GET /account/uploads/user.png HTTP/1.1" 200 19456 "https://finationglobal.com/account/" "Mozilla/5.0 (Linux; U; Android 14; en-us; 23129RN51X Build/UP1A.231005.007) AppleWebKit/537.36 (KHTML, like Gecko) Chrome/117.0.0.0 Mobile Safari/537.36 PHX/18.2"
