102.91.4.50 - - [26/Apr/2025:15:19:59 -0400] "GET /assets/css/plugins.css HTTP/1.1" 304 0 "https://finationglobal.com/account/login" "Mozilla/5.0 (Linux; Android 10; K) AppleWebKit/537.36 (KHTML, like Gecko) Chrome/135.0.0.0 Mobile Safari/537.36"
197.211.57.24 - - [26/Apr/2025:15:24:38 -0400] "GET /account/login HTTP/1.1" 200 1297 "https://finationglobal.com/account/login" "Mozilla/5.0 (Linux; Android 10; K) AppleWebKit/537.36 (KHTML, like Gecko) Chrome/135.0.0.0 Safari/537.36"
154.74.190.110 - - [26/Apr/2025:15:27:57 -0400] "GET /account/ HTTP/1.1" 200 6869 "https://finationglobal.com/account/login" "Mozilla/5.0 (Linux; Android 10; K) AppleWebKit/537.36 (KHTML, like Gecko) SamsungBrowser/27.0 Chrome/125.0.0.0 Mobile Safari/537.36"
154.74.190.110 - - [26/Apr/2025:15:27:57 -0400] "GET /account/register?ref=nazajohntz HTTP/1.1" 200 1856 "-" "Mozilla/5.0 (Linux; Android 10; K) AppleWebKit/537.36 (KHTML, like Gecko) SamsungBrowser/27.0 Chrome/125.0.0.0 Mobile Safari/537.36"
154.74.190.110 - - [26/Apr/2025:15:27:59 -0400] "GET /account/control.php?confirm=nazajohntz HTTP/1.1" 302 771 "https://finationglobal.com/account/register?ref=nazajohntz" "Mozilla/5.0 (Linux; Android 10; K) AppleWebKit/537.36 (KHTML, like Gecko) SamsungBrowser/27.0 Chrome/125.0.0.0 Mobile Safari/537.36"
154.74.190.110 - - [26/Apr/2025:15:27:59 -0400] "GET /account/control?confirm=nazajohntz HTTP/1.1" 200 28 "https://finationglobal.com/account/register?ref=nazajohntz" "Mozilla/5.0 (Linux; Android 10; K) AppleWebKit/537.36 (KHTML, like Gecko) SamsungBrowser/27.0 Chrome/125.0.0.0 Mobile Safari/537.36"
52.167.144.161 - - [26/Apr/2025:15:29:12 -0400] "GET /?toreka/toreka_menu.html HTTP/1.1" 200 6422 "-" "Mozilla/5.0 AppleWebKit/537.36 (KHTML, like Gecko; compatible; bingbot/2.0; +http://www.bing.com/bingbot.htm) Chrome/116.0.1938.76 Safari/537.36"
66.249.66.22 - - [26/Apr/2025:15:29:17 -0400] "GET / HTTP/1.1" 200 6422 "-" "Mozilla/5.0 (compatible; Googlebot/2.1; +http://www.google.com/bot.html)"
66.249.66.22 - - [26/Apr/2025:15:29:18 -0400] "GET /css/twentytwenty.css HTTP/1.1" 200 981 "https://finationglobal.com/css/style.css" "Mozilla/5.0 AppleWebKit/537.36 (KHTML, like Gecko; compatible; Googlebot/2.1; +http://www.google.com/bot.html) Chrome/134.0.6998.165 Safari/537.36"
66.249.66.68 - - [26/Apr/2025:15:30:03 -0400] "GET /?shopdetail/28847082 HTTP/1.1" 200 6422 "-" "Mozilla/5.0 (Linux; Android 6.0.1; Nexus 5X Build/MMB29P) AppleWebKit/537.36 (KHTML, like Gecko) Chrome/135.0.7049.95 Mobile Safari/537.36 (compatible; Googlebot/2.1; +http://www.google.com/bot.html)"
154.74.190.110 - - [26/Apr/2025:15:32:01 -0400] "POST /account/register?ref=nazajohntz HTTP/1.1" 302 2048 "https://finationglobal.com/account/register?ref=nazajohntz" "Mozilla/5.0 (Linux; Android 10; K) AppleWebKit/537.36 (KHTML, like Gecko) SamsungBrowser/27.0 Chrome/125.0.0.0 Mobile Safari/537.36"
154.74.190.110 - - [26/Apr/2025:15:32:02 -0400] "GET /account/ HTTP/1.1" 302 508 "https://finationglobal.com/account/register?ref=nazajohntz" "Mozilla/5.0 (Linux; Android 10; K) AppleWebKit/537.36 (KHTML, like Gecko) SamsungBrowser/27.0 Chrome/125.0.0.0 Mobile Safari/537.36"
154.74.190.110 - - [26/Apr/2025:15:32:02 -0400] "GET /account/index HTTP/1.1" 200 6431 "https://finationglobal.com/account/register?ref=nazajohntz" "Mozilla/5.0 (Linux; Android 10; K) AppleWebKit/537.36 (KHTML, like Gecko) SamsungBrowser/27.0 Chrome/125.0.0.0 Mobile Safari/537.36"
154.74.190.110 - - [26/Apr/2025:15:33:12 -0400] "GET /account/register?ref=nazajohntz HTTP/1.1" 200 1856 "-" "Mozilla/5.0 (Linux; Android 10; K) AppleWebKit/537.36 (KHTML, like Gecko) SamsungBrowser/27.0 Chrome/125.0.0.0 Mobile Safari/537.36"
154.74.190.110 - - [26/Apr/2025:15:33:15 -0400] "GET /account/control.php?confirm=nazajohntz HTTP/1.1" 302 771 "https://finationglobal.com/account/register?ref=nazajohntz" "Mozilla/5.0 (Linux; Android 10; K) AppleWebKit/537.36 (KHTML, like Gecko) SamsungBrowser/27.0 Chrome/125.0.0.0 Mobile Safari/537.36"
154.74.190.110 - - [26/Apr/2025:15:33:16 -0400] "GET /account/control?confirm=nazajohntz HTTP/1.1" 200 28 "https://finationglobal.com/account/register?ref=nazajohntz" "Mozilla/5.0 (Linux; Android 10; K) AppleWebKit/537.36 (KHTML, like Gecko) SamsungBrowser/27.0 Chrome/125.0.0.0 Mobile Safari/537.36"
197.250.103.71 - - [26/Apr/2025:15:33:31 -0400] "GET /account/fundtransfer HTTP/1.1" 302 508 "https://finationglobal.com/account/fundtransfer" "Mozilla/5.0 (Linux; Android 10; K) AppleWebKit/537.36 (KHTML, like Gecko) Chrome/133.0.0.0 Mobile Safari/537.36"
197.250.103.71 - - [26/Apr/2025:15:33:31 -0400] "GET /account/login.php HTTP/1.1" 302 771 "https://finationglobal.com/account/fundtransfer" "Mozilla/5.0 (Linux; Android 10; K) AppleWebKit/537.36 (KHTML, like Gecko) Chrome/133.0.0.0 Mobile Safari/537.36"
197.250.103.71 - - [26/Apr/2025:15:33:32 -0400] "GET /account/login HTTP/1.1" 200 1297 "https://finationglobal.com/account/fundtransfer" "Mozilla/5.0 (Linux; Android 10; K) AppleWebKit/537.36 (KHTML, like Gecko) Chrome/133.0.0.0 Mobile Safari/537.36"
47.128.28.207 - - [26/Apr/2025:15:33:46 -0400] "GET /robots.txt HTTP/1.1" 404 1251 "-" "Mozilla/5.0 (Linux; Android 5.0) AppleWebKit/537.36 (KHTML, like Gecko) Mobile Safari/537.36 (compatible; Bytespider; spider-feedback@bytedance.com)"
197.250.103.71 - - [26/Apr/2025:15:33:49 -0400] "POST /account/login HTTP/1.1" 302 1297 "https://finationglobal.com/account/login" "Mozilla/5.0 (Linux; Android 10; K) AppleWebKit/537.36 (KHTML, like Gecko) Chrome/133.0.0.0 Mobile Safari/537.36"
197.250.103.71 - - [26/Apr/2025:15:33:49 -0400] "GET /account/ HTTP/1.1" 200 8167 "https://finationglobal.com/account/login" "Mozilla/5.0 (Linux; Android 10; K) AppleWebKit/537.36 (KHTML, like Gecko) Chrome/133.0.0.0 Mobile Safari/537.36"
197.250.103.71 - - [26/Apr/2025:15:34:01 -0400] "GET /account/ HTTP/1.1" 200 8167 "https://finationglobal.com/account/login" "Mozilla/5.0 (Linux; Android 10; K) AppleWebKit/537.36 (KHTML, like Gecko) Chrome/133.0.0.0 Mobile Safari/537.36"
154.74.190.110 - - [26/Apr/2025:15:35:24 -0400] "POST /account/register?ref=nazajohntz HTTP/1.1" 302 2048 "https://finationglobal.com/account/register?ref=nazajohntz" "Mozilla/5.0 (Linux; Android 10; K) AppleWebKit/537.36 (KHTML, like Gecko) SamsungBrowser/27.0 Chrome/125.0.0.0 Mobile Safari/537.36"
154.74.190.110 - - [26/Apr/2025:15:35:24 -0400] "GET /account/ HTTP/1.1" 302 508 "https://finationglobal.com/account/register?ref=nazajohntz" "Mozilla/5.0 (Linux; Android 10; K) AppleWebKit/537.36 (KHTML, like Gecko) SamsungBrowser/27.0 Chrome/125.0.0.0 Mobile Safari/537.36"
154.74.190.110 - - [26/Apr/2025:15:35:24 -0400] "GET /account/index HTTP/1.1" 200 6424 "https://finationglobal.com/account/register?ref=nazajohntz" "Mozilla/5.0 (Linux; Android 10; K) AppleWebKit/537.36 (KHTML, like Gecko) SamsungBrowser/27.0 Chrome/125.0.0.0 Mobile Safari/537.36"
154.74.190.110 - - [26/Apr/2025:15:35:32 -0400] "GET /account/index HTTP/1.1" 200 6424 "https://finationglobal.com/account/register?ref=nazajohntz" "Mozilla/5.0 (Linux; Android 10; K) AppleWebKit/537.36 (KHTML, like Gecko) SamsungBrowser/27.0 Chrome/125.0.0.0 Mobile Safari/537.36"
154.74.190.110 - - [26/Apr/2025:15:35:37 -0400] "GET /account/index HTTP/1.1" 200 7903 "-" "Mozilla/5.0 (Linux; Android 10; K) AppleWebKit/537.36 (KHTML, like Gecko) SamsungBrowser/27.0 Chrome/125.0.0.0 Mobile Safari/537.36"
154.74.190.110 - - [26/Apr/2025:15:35:38 -0400] "GET /account/assets/images/brand/favicon.ico HTTP/1.1" 404 1251 "-" "Dalvik/2.1.0 (Linux; U; Android 14; SM-A235F Build/UP1A.231005.007)"
154.74.190.110 - - [26/Apr/2025:15:35:51 -0400] "GET /account/index HTTP/1.1" 200 6425 "https://finationglobal.com/account/register?ref=nazajohntz" "Mozilla/5.0 (Linux; Android 10; K) AppleWebKit/537.36 (KHTML, like Gecko) SamsungBrowser/27.0 Chrome/125.0.0.0 Mobile Safari/537.36"
154.74.190.110 - - [26/Apr/2025:15:35:52 -0400] "GET /account/register?ref=nazajohntz HTTP/1.1" 200 1856 "-" "Mozilla/5.0 (Linux; Android 10; K) AppleWebKit/537.36 (KHTML, like Gecko) SamsungBrowser/27.0 Chrome/125.0.0.0 Mobile Safari/537.36"
154.74.190.110 - - [26/Apr/2025:15:35:53 -0400] "GET /account/control.php?confirm=nazajohntz HTTP/1.1" 302 771 "https://finationglobal.com/account/register?ref=nazajohntz" "Mozilla/5.0 (Linux; Android 10; K) AppleWebKit/537.36 (KHTML, like Gecko) SamsungBrowser/27.0 Chrome/125.0.0.0 Mobile Safari/537.36"
154.74.190.110 - - [26/Apr/2025:15:35:53 -0400] "GET /account/control?confirm=nazajohntz HTTP/1.1" 200 28 "https://finationglobal.com/account/register?ref=nazajohntz" "Mozilla/5.0 (Linux; Android 10; K) AppleWebKit/537.36 (KHTML, like Gecko) SamsungBrowser/27.0 Chrome/125.0.0.0 Mobile Safari/537.36"
154.74.190.110 - - [26/Apr/2025:15:36:51 -0400] "GET /r/nazaj HTTP/1.1" 301 795 "-" "Mozilla/5.0 (Linux; Android 10; K) AppleWebKit/537.36 (KHTML, like Gecko) SamsungBrowser/27.0 Chrome/125.0.0.0 Mobile Safari/537.36"
154.74.190.110 - - [26/Apr/2025:15:36:52 -0400] "GET /account/register?ref=nazaj HTTP/1.1" 200 1855 "-" "Mozilla/5.0 (Linux; Android 10; K) AppleWebKit/537.36 (KHTML, like Gecko) SamsungBrowser/27.0 Chrome/125.0.0.0 Mobile Safari/537.36"
154.74.190.110 - - [26/Apr/2025:15:36:53 -0400] "GET /account/control.php?confirm=nazaj HTTP/1.1" 302 771 "https://finationglobal.com/account/register?ref=nazaj" "Mozilla/5.0 (Linux; Android 10; K) AppleWebKit/537.36 (KHTML, like Gecko) SamsungBrowser/27.0 Chrome/125.0.0.0 Mobile Safari/537.36"
154.74.190.110 - - [26/Apr/2025:15:36:53 -0400] "GET /account/control?confirm=nazaj HTTP/1.1" 200 30 "https://finationglobal.com/account/register?ref=nazaj" "Mozilla/5.0 (Linux; Android 10; K) AppleWebKit/537.36 (KHTML, like Gecko) SamsungBrowser/27.0 Chrome/125.0.0.0 Mobile Safari/537.36"
47.128.33.236 - - [26/Apr/2025:15:37:48 -0400] "GET /robots.txt HTTP/1.1" 404 1251 "-" "Mozilla/5.0 (Linux; Android 5.0) AppleWebKit/537.36 (KHTML, like Gecko) Mobile Safari/537.36 (compatible; Bytespider; spider-feedback@bytedance.com)"
154.74.190.110 - - [26/Apr/2025:15:38:56 -0400] "POST /account/register?ref=nazaj HTTP/1.1" 302 2044 "https://finationglobal.com/account/register?ref=nazaj" "Mozilla/5.0 (Linux; Android 10; K) AppleWebKit/537.36 (KHTML, like Gecko) SamsungBrowser/27.0 Chrome/125.0.0.0 Mobile Safari/537.36"
154.74.190.110 - - [26/Apr/2025:15:38:56 -0400] "GET /account/ HTTP/1.1" 302 508 "https://finationglobal.com/account/register?ref=nazaj" "Mozilla/5.0 (Linux; Android 10; K) AppleWebKit/537.36 (KHTML, like Gecko) SamsungBrowser/27.0 Chrome/125.0.0.0 Mobile Safari/537.36"
154.74.190.110 - - [26/Apr/2025:15:38:57 -0400] "GET /account/index HTTP/1.1" 200 6410 "https://finationglobal.com/account/register?ref=nazaj" "Mozilla/5.0 (Linux; Android 10; K) AppleWebKit/537.36 (KHTML, like Gecko) SamsungBrowser/27.0 Chrome/125.0.0.0 Mobile Safari/537.36"
154.74.190.110 - - [26/Apr/2025:15:39:52 -0400] "GET /account/register?ref=nazaj HTTP/1.1" 200 1855 "-" "Mozilla/5.0 (Linux; Android 10; K) AppleWebKit/537.36 (KHTML, like Gecko) SamsungBrowser/27.0 Chrome/125.0.0.0 Mobile Safari/537.36"
154.74.190.110 - - [26/Apr/2025:15:39:53 -0400] "GET /account/control.php?confirm=nazaj HTTP/1.1" 302 771 "https://finationglobal.com/account/register?ref=nazaj" "Mozilla/5.0 (Linux; Android 10; K) AppleWebKit/537.36 (KHTML, like Gecko) SamsungBrowser/27.0 Chrome/125.0.0.0 Mobile Safari/537.36"
154.74.190.110 - - [26/Apr/2025:15:39:53 -0400] "GET /account/control?confirm=nazaj HTTP/1.1" 200 30 "https://finationglobal.com/account/register?ref=nazaj" "Mozilla/5.0 (Linux; Android 10; K) AppleWebKit/537.36 (KHTML, like Gecko) SamsungBrowser/27.0 Chrome/125.0.0.0 Mobile Safari/537.36"
66.249.66.21 - - [26/Apr/2025:15:40:30 -0400] "GET / HTTP/1.1" 200 6422 "-" "Mozilla/5.0 (compatible; Googlebot/2.1; +http://www.google.com/bot.html)"
66.249.66.21 - - [26/Apr/2025:15:40:32 -0400] "GET /js/wow.min.js HTTP/1.1" 200 5615 "https://finationglobal.com/" "Mozilla/5.0 AppleWebKit/537.36 (KHTML, like Gecko; compatible; Googlebot/2.1; +http://www.google.com/bot.html) Chrome/134.0.6998.165 Safari/537.36"
47.128.123.13 - - [26/Apr/2025:15:41:46 -0400] "GET /robots.txt HTTP/1.1" 404 1251 "-" "Mozilla/5.0 (Linux; Android 5.0) AppleWebKit/537.36 (KHTML, like Gecko) Mobile Safari/537.36 (compatible; Bytespider; spider-feedback@bytedance.com)"
154.74.190.110 - - [26/Apr/2025:15:43:54 -0400] "GET /account/register?ref=nazajohntz HTTP/1.1" 200 1856 "-" "Mozilla/5.0 (Linux; Android 10; K) AppleWebKit/537.36 (KHTML, like Gecko) SamsungBrowser/27.0 Chrome/125.0.0.0 Mobile Safari/537.36"
154.74.190.110 - - [26/Apr/2025:15:43:55 -0400] "GET /account/control.php?confirm=nazajohntz HTTP/1.1" 302 771 "https://finationglobal.com/account/register?ref=nazajohntz" "Mozilla/5.0 (Linux; Android 10; K) AppleWebKit/537.36 (KHTML, like Gecko) SamsungBrowser/27.0 Chrome/125.0.0.0 Mobile Safari/537.36"
154.74.190.110 - - [26/Apr/2025:15:43:56 -0400] "GET /account/control?confirm=nazajohntz HTTP/1.1" 200 28 "https://finationglobal.com/account/register?ref=nazajohntz" "Mozilla/5.0 (Linux; Android 10; K) AppleWebKit/537.36 (KHTML, like Gecko) SamsungBrowser/27.0 Chrome/125.0.0.0 Mobile Safari/537.36"
154.74.190.110 - - [26/Apr/2025:15:43:58 -0400] "GET /account/login HTTP/1.1" 200 1297 "https://finationglobal.com/account/register?ref=nazajohntz" "Mozilla/5.0 (Linux; Android 10; K) AppleWebKit/537.36 (KHTML, like Gecko) SamsungBrowser/27.0 Chrome/125.0.0.0 Mobile Safari/537.36"
154.74.190.110 - - [26/Apr/2025:15:44:12 -0400] "POST /account/login HTTP/1.1" 302 1297 "https://finationglobal.com/account/login" "Mozilla/5.0 (Linux; Android 10; K) AppleWebKit/537.36 (KHTML, like Gecko) SamsungBrowser/27.0 Chrome/125.0.0.0 Mobile Safari/537.36"
154.74.190.110 - - [26/Apr/2025:15:44:13 -0400] "GET /account/ HTTP/1.1" 200 6818 "https://finationglobal.com/account/login" "Mozilla/5.0 (Linux; Android 10; K) AppleWebKit/537.36 (KHTML, like Gecko) SamsungBrowser/27.0 Chrome/125.0.0.0 Mobile Safari/537.36"
154.74.190.110 - - [26/Apr/2025:15:44:22 -0400] "GET /account/geneology HTTP/1.1" 200 4816 "https://finationglobal.com/account/" "Mozilla/5.0 (Linux; Android 10; K) AppleWebKit/537.36 (KHTML, like Gecko) SamsungBrowser/27.0 Chrome/125.0.0.0 Mobile Safari/537.36"
154.74.190.110 - - [26/Apr/2025:15:44:28 -0400] "POST /account/geneology HTTP/1.1" 200 4683 "https://finationglobal.com/account/geneology" "Mozilla/5.0 (Linux; Android 10; K) AppleWebKit/537.36 (KHTML, like Gecko) SamsungBrowser/27.0 Chrome/125.0.0.0 Mobile Safari/537.36"
66.249.92.11 - - [26/Apr/2025:15:44:37 -0400] "GET /login HTTP/1.1" 302 0 "-" "Google-Firebase"
66.249.92.11 - - [26/Apr/2025:15:44:39 -0400] "GET /account/login.php HTTP/1.1" 302 771 "https://finationglobal.com/login" "Google-Firebase"
47.128.113.40 - - [26/Apr/2025:15:45:46 -0400] "GET /robots.txt HTTP/1.1" 404 1251 "-" "Mozilla/5.0 (Linux; Android 5.0) AppleWebKit/537.36 (KHTML, like Gecko) Mobile Safari/537.36 (compatible; Bytespider; spider-feedback@bytedance.com)"
154.74.190.110 - - [26/Apr/2025:15:46:01 -0400] "GET /account/geneology HTTP/1.1" 200 4684 "https://finationglobal.com/account/" "Mozilla/5.0 (Linux; Android 10; K) AppleWebKit/537.36 (KHTML, like Gecko) SamsungBrowser/27.0 Chrome/125.0.0.0 Mobile Safari/537.36"
154.74.190.110 - - [26/Apr/2025:15:46:02 -0400] "GET /account/ HTTP/1.1" 200 6818 "https://finationglobal.com/account/login" "Mozilla/5.0 (Linux; Android 10; K) AppleWebKit/537.36 (KHTML, like Gecko) SamsungBrowser/27.0 Chrome/125.0.0.0 Mobile Safari/537.36"
154.74.190.110 - - [26/Apr/2025:15:46:10 -0400] "GET /account/geneology HTTP/1.1" 200 4683 "https://finationglobal.com/account/" "Mozilla/5.0 (Linux; Android 10; K) AppleWebKit/537.36 (KHTML, like Gecko) SamsungBrowser/27.0 Chrome/125.0.0.0 Mobile Safari/537.36"
154.74.190.110 - - [26/Apr/2025:15:47:24 -0400] "GET /account/login HTTP/1.1" 200 1297 "https://finationglobal.com/account/register?ref=nazajohntz" "Mozilla/5.0 (Linux; Android 10; K) AppleWebKit/537.36 (KHTML, like Gecko) SamsungBrowser/27.0 Chrome/125.0.0.0 Mobile Safari/537.36"
154.74.190.110 - - [26/Apr/2025:15:47:25 -0400] "GET /account/register?ref=nazajohntz HTTP/1.1" 200 1856 "-" "Mozilla/5.0 (Linux; Android 10; K) AppleWebKit/537.36 (KHTML, like Gecko) SamsungBrowser/27.0 Chrome/125.0.0.0 Mobile Safari/537.36"
154.74.190.110 - - [26/Apr/2025:15:47:25 -0400] "GET /account/control.php?confirm=nazajohntz HTTP/1.1" 302 771 "https://finationglobal.com/account/register?ref=nazajohntz" "Mozilla/5.0 (Linux; Android 10; K) AppleWebKit/537.36 (KHTML, like Gecko) SamsungBrowser/27.0 Chrome/125.0.0.0 Mobile Safari/537.36"
154.74.190.110 - - [26/Apr/2025:15:47:26 -0400] "GET /account/control?confirm=nazajohntz HTTP/1.1" 200 28 "https://finationglobal.com/account/register?ref=nazajohntz" "Mozilla/5.0 (Linux; Android 10; K) AppleWebKit/537.36 (KHTML, like Gecko) SamsungBrowser/27.0 Chrome/125.0.0.0 Mobile Safari/537.36"
154.74.190.110 - - [26/Apr/2025:15:47:28 -0400] "GET /account/register?ref=nazaj HTTP/1.1" 200 1855 "-" "Mozilla/5.0 (Linux; Android 10; K) AppleWebKit/537.36 (KHTML, like Gecko) SamsungBrowser/27.0 Chrome/125.0.0.0 Mobile Safari/537.36"
154.74.190.110 - - [26/Apr/2025:15:47:30 -0400] "GET /account/control.php?confirm=nazaj HTTP/1.1" 302 771 "https://finationglobal.com/account/register?ref=nazaj" "Mozilla/5.0 (Linux; Android 10; K) AppleWebKit/537.36 (KHTML, like Gecko) SamsungBrowser/27.0 Chrome/125.0.0.0 Mobile Safari/537.36"
154.74.190.110 - - [26/Apr/2025:15:47:30 -0400] "GET /account/control?confirm=nazaj HTTP/1.1" 200 30 "https://finationglobal.com/account/register?ref=nazaj" "Mozilla/5.0 (Linux; Android 10; K) AppleWebKit/537.36 (KHTML, like Gecko) SamsungBrowser/27.0 Chrome/125.0.0.0 Mobile Safari/537.36"
66.249.92.10 - - [26/Apr/2025:15:48:04 -0400] "GET /login HTTP/1.1" 302 0 "-" "Google-Firebase"
66.249.92.10 - - [26/Apr/2025:15:48:06 -0400] "GET /account/login.php HTTP/1.1" 302 771 "https://finationglobal.com/login" "Google-Firebase"
66.249.92.9 - - [26/Apr/2025:15:48:09 -0400] "GET /account/login HTTP/1.1" 200 1551 "https://finationglobal.com/account/login.php" "Google-Firebase"
66.249.92.11 - - [26/Apr/2025:15:51:51 -0400] "GET /login HTTP/1.1" 302 0 "-" "Google-Firebase"
197.250.134.224 - - [26/Apr/2025:15:51:52 -0400] "GET /account/register?ref=hidaya03 HTTP/1.1" 200 1864 "-" "Mozilla/5.0 (Linux; Android 10; K) AppleWebKit/537.36 (KHTML, like Gecko) Chrome/134.0.0.0 Mobile Safari/537.36"
197.250.134.224 - - [26/Apr/2025:15:51:54 -0400] "GET /account/control.php?confirm=hidaya03 HTTP/1.1" 302 771 "https://finationglobal.com/account/register?ref=hidaya03" "Mozilla/5.0 (Linux; Android 10; K) AppleWebKit/537.36 (KHTML, like Gecko) Chrome/134.0.0.0 Mobile Safari/537.36"
197.250.134.224 - - [26/Apr/2025:15:51:54 -0400] "GET /account/control?confirm=hidaya03 HTTP/1.1" 200 32 "https://finationglobal.com/account/register?ref=hidaya03" "Mozilla/5.0 (Linux; Android 10; K) AppleWebKit/537.36 (KHTML, like Gecko) Chrome/134.0.0.0 Mobile Safari/537.36"
197.250.134.224 - - [26/Apr/2025:15:51:56 -0400] "GET /account/login HTTP/1.1" 200 1297 "https://finationglobal.com/account/register?ref=hidaya03" "Mozilla/5.0 (Linux; Android 10; K) AppleWebKit/537.36 (KHTML, like Gecko) Chrome/134.0.0.0 Mobile Safari/537.36"
197.250.134.224 - - [26/Apr/2025:15:52:09 -0400] "POST /account/login HTTP/1.1" 302 1297 "https://finationglobal.com/account/login" "Mozilla/5.0 (Linux; Android 10; K) AppleWebKit/537.36 (KHTML, like Gecko) Chrome/134.0.0.0 Mobile Safari/537.36"
197.250.134.224 - - [26/Apr/2025:15:52:09 -0400] "GET /account/ HTTP/1.1" 200 7353 "https://finationglobal.com/account/login" "Mozilla/5.0 (Linux; Android 10; K) AppleWebKit/537.36 (KHTML, like Gecko) Chrome/134.0.0.0 Mobile Safari/537.36"
197.250.134.224 - - [26/Apr/2025:15:52:19 -0400] "GET /account/geneology HTTP/1.1" 200 4963 "https://finationglobal.com/account/" "Mozilla/5.0 (Linux; Android 10; K) AppleWebKit/537.36 (KHTML, like Gecko) Chrome/134.0.0.0 Mobile Safari/537.36"
66.249.66.66 - - [26/Apr/2025:15:52:31 -0400] "GET /?shopdetail/30846537 HTTP/1.1" 200 6424 "-" "Mozilla/5.0 (Linux; Android 6.0.1; Nexus 5X Build/MMB29P) AppleWebKit/537.36 (KHTML, like Gecko) Chrome/135.0.7049.95 Mobile Safari/537.36 (compatible; GoogleOther)"
197.250.134.224 - - [26/Apr/2025:15:52:44 -0400] "POST /account/login HTTP/1.1" 302 1297 "https://finationglobal.com/account/login" "Mozilla/5.0 (Linux; Android 10; K) AppleWebKit/537.36 (KHTML, like Gecko) Chrome/134.0.0.0 Mobile Safari/537.36"
197.250.134.224 - - [26/Apr/2025:15:52:45 -0400] "GET /account/ HTTP/1.1" 200 7308 "https://finationglobal.com/account/login" "Mozilla/5.0 (Linux; Android 10; K) AppleWebKit/537.36 (KHTML, like Gecko) Chrome/134.0.0.0 Mobile Safari/537.36"
197.250.134.224 - - [26/Apr/2025:15:52:53 -0400] "GET /account/geneology HTTP/1.1" 200 5000 "https://finationglobal.com/account/" "Mozilla/5.0 (Linux; Android 10; K) AppleWebKit/537.36 (KHTML, like Gecko) Chrome/134.0.0.0 Mobile Safari/537.36"
197.250.134.224 - - [26/Apr/2025:15:53:17 -0400] "GET /account/geneology?user=tema HTTP/1.1" 200 4900 "https://finationglobal.com/account/geneology" "Mozilla/5.0 (Linux; Android 10; K) AppleWebKit/537.36 (KHTML, like Gecko) Chrome/134.0.0.0 Mobile Safari/537.36"
197.250.134.224 - - [26/Apr/2025:15:53:26 -0400] "POST /account/geneology?user=tema HTTP/1.1" 200 4700 "https://finationglobal.com/account/geneology?user=tema" "Mozilla/5.0 (Linux; Android 10; K) AppleWebKit/537.36 (KHTML, like Gecko) Chrome/134.0.0.0 Mobile Safari/537.36"
197.250.134.224 - - [26/Apr/2025:15:53:31 -0400] "GET /account/geneology?user=tema HTTP/1.1" 200 4700 "https://finationglobal.com/account/geneology" "Mozilla/5.0 (Linux; Android 10; K) AppleWebKit/537.36 (KHTML, like Gecko) Chrome/134.0.0.0 Mobile Safari/537.36"
197.250.134.224 - - [26/Apr/2025:15:53:37 -0400] "POST /account/geneology HTTP/1.1" 200 4708 "https://finationglobal.com/account/geneology" "Mozilla/5.0 (Linux; Android 10; K) AppleWebKit/537.36 (KHTML, like Gecko) Chrome/134.0.0.0 Mobile Safari/537.36"
197.250.134.224 - - [26/Apr/2025:15:53:41 -0400] "GET /account/geneology?user=maryhilda1 HTTP/1.1" 200 4688 "https://finationglobal.com/account/geneology" "Mozilla/5.0 (Linux; Android 10; K) AppleWebKit/537.36 (KHTML, like Gecko) Chrome/134.0.0.0 Mobile Safari/537.36"
197.250.134.224 - - [26/Apr/2025:15:53:51 -0400] "GET /account/geneology?user=nyamba HTTP/1.1" 200 4672 "https://finationglobal.com/account/geneology?user=maryhilda1" "Mozilla/5.0 (Linux; Android 10; K) AppleWebKit/537.36 (KHTML, like Gecko) Chrome/134.0.0.0 Mobile Safari/537.36"
197.250.134.224 - - [26/Apr/2025:15:54:19 -0400] "GET /account/geneology?user=joyce02 HTTP/1.1" 200 4616 "https://finationglobal.com/account/geneology?user=maryhilda1" "Mozilla/5.0 (Linux; Android 10; K) AppleWebKit/537.36 (KHTML, like Gecko) Chrome/134.0.0.0 Mobile Safari/537.36"
197.250.103.71 - - [26/Apr/2025:15:54:21 -0400] "GET /account/ HTTP/1.1" 200 8167 "https://finationglobal.com/account/login" "Mozilla/5.0 (Linux; Android 10; K) AppleWebKit/537.36 (KHTML, like Gecko) Chrome/133.0.0.0 Mobile Safari/537.36"
197.250.134.224 - - [26/Apr/2025:15:54:25 -0400] "GET /account/geneology?user= HTTP/1.1" 200 4708 "https://finationglobal.com/account/geneology?user=maryhilda1" "Mozilla/5.0 (Linux; Android 10; K) AppleWebKit/537.36 (KHTML, like Gecko) Chrome/134.0.0.0 Mobile Safari/537.36"
197.250.103.71 - - [26/Apr/2025:15:54:25 -0400] "GET /account/ HTTP/1.1" 200 8167 "https://finationglobal.com/account/login" "Mozilla/5.0 (Linux; Android 10; K) AppleWebKit/537.36 (KHTML, like Gecko) Chrome/133.0.0.0 Mobile Safari/537.36"
197.250.103.71 - - [26/Apr/2025:15:54:28 -0400] "GET /account/ HTTP/1.1" 200 8167 "https://finationglobal.com/account/login" "Mozilla/5.0 (Linux; Android 10; K) AppleWebKit/537.36 (KHTML, like Gecko) Chrome/133.0.0.0 Mobile Safari/537.36"
197.250.134.224 - - [26/Apr/2025:15:54:30 -0400] "GET /account/geneology?user=maryhilda1 HTTP/1.1" 200 4688 "https://finationglobal.com/account/geneology?user=" "Mozilla/5.0 (Linux; Android 10; K) AppleWebKit/537.36 (KHTML, like Gecko) Chrome/134.0.0.0 Mobile Safari/537.36"
197.250.103.71 - - [26/Apr/2025:15:54:31 -0400] "GET /account/ HTTP/1.1" 200 8167 "https://finationglobal.com/account/login" "Mozilla/5.0 (Linux; Android 10; K) AppleWebKit/537.36 (KHTML, like Gecko) Chrome/133.0.0.0 Mobile Safari/537.36"
197.250.134.224 - - [26/Apr/2025:15:54:44 -0400] "GET /account/geneology?user=nyamba HTTP/1.1" 200 4672 "https://finationglobal.com/account/geneology?user=maryhilda1" "Mozilla/5.0 (Linux; Android 10; K) AppleWebKit/537.36 (KHTML, like Gecko) Chrome/134.0.0.0 Mobile Safari/537.36"
197.250.134.224 - - [26/Apr/2025:15:55:08 -0400] "GET /account/geneology?user=nyamba HTTP/1.1" 200 4674 "https://finationglobal.com/account/geneology?user=maryhilda1" "Mozilla/5.0 (Linux; Android 10; K) AppleWebKit/537.36 (KHTML, like Gecko) Chrome/134.0.0.0 Mobile Safari/537.36"
102.91.4.50 - - [26/Apr/2025:15:57:58 -0400] "POST /account/login HTTP/1.1" 302 1297 "https://finationglobal.com/account/login" "Mozilla/5.0 (Linux; Android 10; K) AppleWebKit/537.36 (KHTML, like Gecko) Chrome/135.0.0.0 Mobile Safari/537.36"
102.91.4.50 - - [26/Apr/2025:15:57:58 -0400] "GET /account/ HTTP/1.1" 200 9964 "https://finationglobal.com/account/login" "Mozilla/5.0 (Linux; Android 10; K) AppleWebKit/537.36 (KHTML, like Gecko) Chrome/135.0.0.0 Mobile Safari/537.36"
102.91.4.50 - - [26/Apr/2025:15:58:01 -0400] "GET /assets/iconfonts/materialdesignicons/fonts/materialdesignicons-webfont.woff2?v=2.0.46 HTTP/1.1" 304 0 "https://finationglobal.com/assets/iconfonts/materialdesignicons/materialdesignicons.css" "Mozilla/5.0 (Linux; Android 10; K) AppleWebKit/537.36 (KHTML, like Gecko) Chrome/135.0.0.0 Mobile Safari/537.36"
102.91.4.50 - - [26/Apr/2025:15:58:36 -0400] "GET /account/fundtransfer HTTP/1.1" 200 6722 "https://finationglobal.com/account/" "Mozilla/5.0 (Linux; Android 10; K) AppleWebKit/537.36 (KHTML, like Gecko) Chrome/135.0.0.0 Mobile Safari/537.36"
102.91.4.50 - - [26/Apr/2025:15:58:42 -0400] "GET /account/fundconvert HTTP/1.1" 200 6097 "https://finationglobal.com/account/fundtransfer" "Mozilla/5.0 (Linux; Android 10; K) AppleWebKit/537.36 (KHTML, like Gecko) Chrome/135.0.0.0 Mobile Safari/537.36"
102.91.4.50 - - [26/Apr/2025:15:58:53 -0400] "POST /account/fundconvert HTTP/1.1" 200 6254 "https://finationglobal.com/account/fundconvert" "Mozilla/5.0 (Linux; Android 10; K) AppleWebKit/537.36 (KHTML, like Gecko) Chrome/135.0.0.0 Mobile Safari/537.36"
102.91.4.50 - - [26/Apr/2025:15:58:58 -0400] "GET /account/fundtransfer HTTP/1.1" 200 6715 "https://finationglobal.com/account/fundconvert" "Mozilla/5.0 (Linux; Android 10; K) AppleWebKit/537.36 (KHTML, like Gecko) Chrome/135.0.0.0 Mobile Safari/537.36"
102.91.4.50 - - [26/Apr/2025:15:59:03 -0400] "GET /account/control.php?verify=Blessedman23 HTTP/1.1" 302 771 "https://finationglobal.com/account/fundtransfer" "Mozilla/5.0 (Linux; Android 10; K) AppleWebKit/537.36 (KHTML, like Gecko) Chrome/135.0.0.0 Mobile Safari/537.36"
102.91.4.50 - - [26/Apr/2025:15:59:03 -0400] "GET /account/control?verify=Blessedman23 HTTP/1.1" 200 179 "https://finationglobal.com/account/fundtransfer" "Mozilla/5.0 (Linux; Android 10; K) AppleWebKit/537.36 (KHTML, like Gecko) Chrome/135.0.0.0 Mobile Safari/537.36"
102.91.4.50 - - [26/Apr/2025:15:59:07 -0400] "GET /account/control.php?sendcode=Blessedman23&amt=10 HTTP/1.1" 302 771 "https://finationglobal.com/account/fundtransfer" "Mozilla/5.0 (Linux; Android 10; K) AppleWebKit/537.36 (KHTML, like Gecko) Chrome/135.0.0.0 Mobile Safari/537.36"
102.91.4.50 - - [26/Apr/2025:15:59:08 -0400] "GET /account/control?sendcode=Blessedman23&amt=10 HTTP/1.1" 200 196 "https://finationglobal.com/account/fundtransfer" "Mozilla/5.0 (Linux; Android 10; K) AppleWebKit/537.36 (KHTML, like Gecko) Chrome/135.0.0.0 Mobile Safari/537.36"
102.91.4.50 - - [26/Apr/2025:15:59:20 -0400] "POST /account/fundtransfer HTTP/1.1" 200 6930 "https://finationglobal.com/account/fundtransfer" "Mozilla/5.0 (Linux; Android 10; K) AppleWebKit/537.36 (KHTML, like Gecko) Chrome/135.0.0.0 Mobile Safari/537.36"
102.91.4.50 - - [26/Apr/2025:16:00:01 -0400] "GET /account/ HTTP/1.1" 200 9954 "https://finationglobal.com/account/fundtransfer" "Mozilla/5.0 (Linux; Android 10; K) AppleWebKit/537.36 (KHTML, like Gecko) Chrome/135.0.0.0 Mobile Safari/537.36"
102.91.4.50 - - [26/Apr/2025:16:00:07 -0400] "GET /account/searchuser HTTP/1.1" 200 5252 "https://finationglobal.com/account/" "Mozilla/5.0 (Linux; Android 10; K) AppleWebKit/537.36 (KHTML, like Gecko) Chrome/135.0.0.0 Mobile Safari/537.36"
102.91.4.50 - - [26/Apr/2025:16:00:18 -0400] "POST /account/searchuser HTTP/1.1" 200 5333 "https://finationglobal.com/account/searchuser" "Mozilla/5.0 (Linux; Android 10; K) AppleWebKit/537.36 (KHTML, like Gecko) Chrome/135.0.0.0 Mobile Safari/537.36"
102.91.4.50 - - [26/Apr/2025:16:00:21 -0400] "POST /account/searchuser HTTP/1.1" 200 9245 "https://finationglobal.com/account/searchuser" "Mozilla/5.0 (Linux; Android 10; K) AppleWebKit/537.36 (KHTML, like Gecko) Chrome/135.0.0.0 Mobile Safari/537.36"
102.91.4.50 - - [26/Apr/2025:16:00:33 -0400] "POST /account/searchuser HTTP/1.1" 302 520 "https://finationglobal.com/account/searchuser" "Mozilla/5.0 (Linux; Android 10; K) AppleWebKit/537.36 (KHTML, like Gecko) Chrome/135.0.0.0 Mobile Safari/537.36"
102.91.4.50 - - [26/Apr/2025:16:00:33 -0400] "GET /account/ HTTP/1.1" 200 7716 "https://finationglobal.com/account/searchuser" "Mozilla/5.0 (Linux; Android 10; K) AppleWebKit/537.36 (KHTML, like Gecko) Chrome/135.0.0.0 Mobile Safari/537.36"
102.91.4.50 - - [26/Apr/2025:16:00:41 -0400] "GET /account/fundtransfer HTTP/1.1" 200 5186 "https://finationglobal.com/account/" "Mozilla/5.0 (Linux; Android 10; K) AppleWebKit/537.36 (KHTML, like Gecko) Chrome/135.0.0.0 Mobile Safari/537.36"
102.91.4.50 - - [26/Apr/2025:16:00:48 -0400] "GET /account/control.php?verify=Blessedman23 HTTP/1.1" 302 771 "https://finationglobal.com/account/fundtransfer" "Mozilla/5.0 (Linux; Android 10; K) AppleWebKit/537.36 (KHTML, like Gecko) Chrome/135.0.0.0 Mobile Safari/537.36"
102.91.4.50 - - [26/Apr/2025:16:00:48 -0400] "GET /account/control?verify=Blessedman23 HTTP/1.1" 200 179 "https://finationglobal.com/account/fundtransfer" "Mozilla/5.0 (Linux; Android 10; K) AppleWebKit/537.36 (KHTML, like Gecko) Chrome/135.0.0.0 Mobile Safari/537.36"
102.91.4.50 - - [26/Apr/2025:16:00:56 -0400] "GET /account/control.php?sendcode=Blessedman23&amt=5 HTTP/1.1" 302 771 "https://finationglobal.com/account/fundtransfer" "Mozilla/5.0 (Linux; Android 10; K) AppleWebKit/537.36 (KHTML, like Gecko) Chrome/135.0.0.0 Mobile Safari/537.36"
102.91.4.50 - - [26/Apr/2025:16:00:56 -0400] "GET /account/control?sendcode=Blessedman23&amt=5 HTTP/1.1" 200 193 "https://finationglobal.com/account/fundtransfer" "Mozilla/5.0 (Linux; Android 10; K) AppleWebKit/537.36 (KHTML, like Gecko) Chrome/135.0.0.0 Mobile Safari/537.36"
102.91.4.50 - - [26/Apr/2025:16:01:09 -0400] "POST /account/fundtransfer HTTP/1.1" 200 5363 "https://finationglobal.com/account/fundtransfer" "Mozilla/5.0 (Linux; Android 10; K) AppleWebKit/537.36 (KHTML, like Gecko) Chrome/135.0.0.0 Mobile Safari/537.36"
197.250.103.71 - - [26/Apr/2025:16:01:54 -0400] "GET /account/ HTTP/1.1" 200 8189 "https://finationglobal.com/account/login" "Mozilla/5.0 (Linux; Android 10; K) AppleWebKit/537.36 (KHTML, like Gecko) Chrome/133.0.0.0 Mobile Safari/537.36"
197.250.103.71 - - [26/Apr/2025:16:02:04 -0400] "GET /account/fundtransfer HTTP/1.1" 200 6443 "https://finationglobal.com/account/" "Mozilla/5.0 (Linux; Android 10; K) AppleWebKit/537.36 (KHTML, like Gecko) Chrome/133.0.0.0 Mobile Safari/537.36"
197.250.103.71 - - [26/Apr/2025:16:02:11 -0400] "GET /account/control.php?verify=Mika HTTP/1.1" 302 771 "https://finationglobal.com/account/fundtransfer" "Mozilla/5.0 (Linux; Android 10; K) AppleWebKit/537.36 (KHTML, like Gecko) Chrome/133.0.0.0 Mobile Safari/537.36"
197.250.103.71 - - [26/Apr/2025:16:02:12 -0400] "GET /account/control?verify=Mika HTTP/1.1" 200 166 "https://finationglobal.com/account/fundtransfer" "Mozilla/5.0 (Linux; Android 10; K) AppleWebKit/537.36 (KHTML, like Gecko) Chrome/133.0.0.0 Mobile Safari/537.36"
197.250.103.71 - - [26/Apr/2025:16:02:30 -0400] "GET /account/control.php?sendcode=Mika&amt=5 HTTP/1.1" 302 771 "https://finationglobal.com/account/fundtransfer" "Mozilla/5.0 (Linux; Android 10; K) AppleWebKit/537.36 (KHTML, like Gecko) Chrome/133.0.0.0 Mobile Safari/537.36"
197.250.103.71 - - [26/Apr/2025:16:02:30 -0400] "GET /account/control?sendcode=Mika&amt=5 HTTP/1.1" 200 182 "https://finationglobal.com/account/fundtransfer" "Mozilla/5.0 (Linux; Android 10; K) AppleWebKit/537.36 (KHTML, like Gecko) Chrome/133.0.0.0 Mobile Safari/537.36"
197.250.134.224 - - [26/Apr/2025:16:03:02 -0400] "GET /account/geneology?user=tema HTTP/1.1" 200 4700 "https://finationglobal.com/account/geneology?user=nyamba" "Mozilla/5.0 (Linux; Android 10; K) AppleWebKit/537.36 (KHTML, like Gecko) Chrome/134.0.0.0 Mobile Safari/537.36"
197.250.103.71 - - [26/Apr/2025:16:03:13 -0400] "POST /account/fundtransfer HTTP/1.1" 200 6675 "https://finationglobal.com/account/fundtransfer" "Mozilla/5.0 (Linux; Android 10; K) AppleWebKit/537.36 (KHTML, like Gecko) Chrome/133.0.0.0 Mobile Safari/537.36"
197.250.103.71 - - [26/Apr/2025:16:03:22 -0400] "GET /account/control.php?verify=Utegi HTTP/1.1" 302 771 "https://finationglobal.com/account/fundtransfer" "Mozilla/5.0 (Linux; Android 10; K) AppleWebKit/537.36 (KHTML, like Gecko) Chrome/133.0.0.0 Mobile Safari/537.36"
197.250.103.71 - - [26/Apr/2025:16:03:22 -0400] "GET /account/control?verify=Utegi HTTP/1.1" 200 166 "https://finationglobal.com/account/fundtransfer" "Mozilla/5.0 (Linux; Android 10; K) AppleWebKit/537.36 (KHTML, like Gecko) Chrome/133.0.0.0 Mobile Safari/537.36"
197.250.103.71 - - [26/Apr/2025:16:03:26 -0400] "GET /account/control.php?sendcode=Utegi&amt=5 HTTP/1.1" 302 771 "https://finationglobal.com/account/fundtransfer" "Mozilla/5.0 (Linux; Android 10; K) AppleWebKit/537.36 (KHTML, like Gecko) Chrome/133.0.0.0 Mobile Safari/537.36"
197.250.103.71 - - [26/Apr/2025:16:03:26 -0400] "GET /account/control?sendcode=Utegi&amt=5 HTTP/1.1" 200 185 "https://finationglobal.com/account/fundtransfer" "Mozilla/5.0 (Linux; Android 10; K) AppleWebKit/537.36 (KHTML, like Gecko) Chrome/133.0.0.0 Mobile Safari/537.36"
197.250.103.71 - - [26/Apr/2025:16:03:41 -0400] "POST /account/fundtransfer HTTP/1.1" 200 6674 "https://finationglobal.com/account/fundtransfer" "Mozilla/5.0 (Linux; Android 10; K) AppleWebKit/537.36 (KHTML, like Gecko) Chrome/133.0.0.0 Mobile Safari/537.36"
197.250.134.224 - - [26/Apr/2025:16:03:43 -0400] "GET /account/geneology?user=derikitz HTTP/1.1" 200 4656 "https://finationglobal.com/account/geneology?user=tema" "Mozilla/5.0 (Linux; Android 10; K) AppleWebKit/537.36 (KHTML, like Gecko) Chrome/134.0.0.0 Mobile Safari/537.36"
197.250.103.71 - - [26/Apr/2025:16:03:53 -0400] "GET /account/control.php?verify=Tarime HTTP/1.1" 302 771 "https://finationglobal.com/account/fundtransfer" "Mozilla/5.0 (Linux; Android 10; K) AppleWebKit/537.36 (KHTML, like Gecko) Chrome/133.0.0.0 Mobile Safari/537.36"
197.250.103.71 - - [26/Apr/2025:16:03:53 -0400] "GET /account/control?verify=Tarime HTTP/1.1" 200 166 "https://finationglobal.com/account/fundtransfer" "Mozilla/5.0 (Linux; Android 10; K) AppleWebKit/537.36 (KHTML, like Gecko) Chrome/133.0.0.0 Mobile Safari/537.36"
197.250.103.71 - - [26/Apr/2025:16:03:56 -0400] "GET /account/control.php?sendcode=Tarime&amt=5 HTTP/1.1" 302 771 "https://finationglobal.com/account/fundtransfer" "Mozilla/5.0 (Linux; Android 10; K) AppleWebKit/537.36 (KHTML, like Gecko) Chrome/133.0.0.0 Mobile Safari/537.36"
197.250.103.71 - - [26/Apr/2025:16:03:56 -0400] "GET /account/control?sendcode=Tarime&amt=5 HTTP/1.1" 200 183 "https://finationglobal.com/account/fundtransfer" "Mozilla/5.0 (Linux; Android 10; K) AppleWebKit/537.36 (KHTML, like Gecko) Chrome/133.0.0.0 Mobile Safari/537.36"
197.250.103.71 - - [26/Apr/2025:16:04:16 -0400] "POST /account/fundtransfer HTTP/1.1" 200 6673 "https://finationglobal.com/account/fundtransfer" "Mozilla/5.0 (Linux; Android 10; K) AppleWebKit/537.36 (KHTML, like Gecko) Chrome/133.0.0.0 Mobile Safari/537.36"
197.250.134.224 - - [26/Apr/2025:16:04:26 -0400] "GET /account/geneology?user=temab HTTP/1.1" 200 4687 "https://finationglobal.com/account/geneology?user=tema" "Mozilla/5.0 (Linux; Android 10; K) AppleWebKit/537.36 (KHTML, like Gecko) Chrome/134.0.0.0 Mobile Safari/537.36"
197.250.134.224 - - [26/Apr/2025:16:04:34 -0400] "GET /account/geneology?user=mcharotz HTTP/1.1" 200 4656 "https://finationglobal.com/account/geneology?user=temab" "Mozilla/5.0 (Linux; Android 10; K) AppleWebKit/537.36 (KHTML, like Gecko) Chrome/134.0.0.0 Mobile Safari/537.36"
154.74.190.110 - - [26/Apr/2025:16:05:13 -0400] "GET /account/register?ref=nazajohntz HTTP/1.1" 200 1856 "-" "Mozilla/5.0 (Linux; Android 10; K) AppleWebKit/537.36 (KHTML, like Gecko) SamsungBrowser/27.0 Chrome/125.0.0.0 Mobile Safari/537.36"
154.74.190.110 - - [26/Apr/2025:16:05:14 -0400] "GET /account/control.php?confirm=nazajohntz HTTP/1.1" 302 771 "https://finationglobal.com/account/register?ref=nazajohntz" "Mozilla/5.0 (Linux; Android 10; K) AppleWebKit/537.36 (KHTML, like Gecko) SamsungBrowser/27.0 Chrome/125.0.0.0 Mobile Safari/537.36"
154.74.190.110 - - [26/Apr/2025:16:05:14 -0400] "GET /account/control?confirm=nazajohntz HTTP/1.1" 200 28 "https://finationglobal.com/account/register?ref=nazajohntz" "Mozilla/5.0 (Linux; Android 10; K) AppleWebKit/537.36 (KHTML, like Gecko) SamsungBrowser/27.0 Chrome/125.0.0.0 Mobile Safari/537.36"
154.74.190.110 - - [26/Apr/2025:16:05:19 -0400] "GET /account/login HTTP/1.1" 200 1297 "https://finationglobal.com/account/register?ref=nazajohntz" "Mozilla/5.0 (Linux; Android 10; K) AppleWebKit/537.36 (KHTML, like Gecko) SamsungBrowser/27.0 Chrome/125.0.0.0 Mobile Safari/537.36"
154.74.190.110 - - [26/Apr/2025:16:05:31 -0400] "POST /account/login HTTP/1.1" 302 1297 "https://finationglobal.com/account/login" "Mozilla/5.0 (Linux; Android 10; K) AppleWebKit/537.36 (KHTML, like Gecko) SamsungBrowser/27.0 Chrome/125.0.0.0 Mobile Safari/537.36"
154.74.190.110 - - [26/Apr/2025:16:05:32 -0400] "GET /account/ HTTP/1.1" 302 508 "https://finationglobal.com/account/login" "Mozilla/5.0 (Linux; Android 10; K) AppleWebKit/537.36 (KHTML, like Gecko) SamsungBrowser/27.0 Chrome/125.0.0.0 Mobile Safari/537.36"
154.74.190.110 - - [26/Apr/2025:16:05:32 -0400] "GET /account/index HTTP/1.1" 200 6590 "https://finationglobal.com/account/login" "Mozilla/5.0 (Linux; Android 10; K) AppleWebKit/537.36 (KHTML, like Gecko) SamsungBrowser/27.0 Chrome/125.0.0.0 Mobile Safari/537.36"
197.250.134.224 - - [26/Apr/2025:16:05:40 -0400] "GET /account/geneology?user=maryhilda1 HTTP/1.1" 200 4688 "https://finationglobal.com/account/geneology?user=" "Mozilla/5.0 (Linux; Android 10; K) AppleWebKit/537.36 (KHTML, like Gecko) Chrome/134.0.0.0 Mobile Safari/537.36"
154.74.190.110 - - [26/Apr/2025:16:05:42 -0400] "POST /account/index HTTP/1.1" 200 6887 "https://finationglobal.com/account/index" "Mozilla/5.0 (Linux; Android 10; K) AppleWebKit/537.36 (KHTML, like Gecko) SamsungBrowser/27.0 Chrome/125.0.0.0 Mobile Safari/537.36"
197.250.134.224 - - [26/Apr/2025:16:05:48 -0400] "GET /account/geneology?user= HTTP/1.1" 200 4711 "https://finationglobal.com/account/geneology?user=maryhilda1" "Mozilla/5.0 (Linux; Android 10; K) AppleWebKit/537.36 (KHTML, like Gecko) Chrome/134.0.0.0 Mobile Safari/537.36"
197.250.134.224 - - [26/Apr/2025:16:05:51 -0400] "GET /account/geneology?user=maryhilda1 HTTP/1.1" 200 4688 "https://finationglobal.com/account/geneology" "Mozilla/5.0 (Linux; Android 10; K) AppleWebKit/537.36 (KHTML, like Gecko) Chrome/134.0.0.0 Mobile Safari/537.36"
154.74.190.110 - - [26/Apr/2025:16:05:56 -0400] "GET /account/index HTTP/1.1" 200 6721 "https://finationglobal.com/account/login" "Mozilla/5.0 (Linux; Android 10; K) AppleWebKit/537.36 (KHTML, like Gecko) SamsungBrowser/27.0 Chrome/125.0.0.0 Mobile Safari/537.36"
197.250.134.224 - - [26/Apr/2025:16:05:58 -0400] "GET /account/geneology?user=vickmtweve HTTP/1.1" 200 4656 "https://finationglobal.com/account/geneology?user=maryhilda1" "Mozilla/5.0 (Linux; Android 10; K) AppleWebKit/537.36 (KHTML, like Gecko) Chrome/134.0.0.0 Mobile Safari/537.36"
154.74.190.110 - - [26/Apr/2025:16:05:59 -0400] "GET /account/login HTTP/1.1" 200 1297 "https://finationglobal.com/account/register?ref=nazajohntz" "Mozilla/5.0 (Linux; Android 10; K) AppleWebKit/537.36 (KHTML, like Gecko) SamsungBrowser/27.0 Chrome/125.0.0.0 Mobile Safari/537.36"
154.74.190.110 - - [26/Apr/2025:16:06:04 -0400] "POST /account/login HTTP/1.1" 302 1297 "https://finationglobal.com/account/login" "Mozilla/5.0 (Linux; Android 10; K) AppleWebKit/537.36 (KHTML, like Gecko) SamsungBrowser/27.0 Chrome/125.0.0.0 Mobile Safari/537.36"
154.74.190.110 - - [26/Apr/2025:16:06:04 -0400] "GET /account/ HTTP/1.1" 302 508 "https://finationglobal.com/account/login" "Mozilla/5.0 (Linux; Android 10; K) AppleWebKit/537.36 (KHTML, like Gecko) SamsungBrowser/27.0 Chrome/125.0.0.0 Mobile Safari/537.36"
154.74.190.110 - - [26/Apr/2025:16:06:05 -0400] "GET /account/index HTTP/1.1" 200 6586 "https://finationglobal.com/account/login" "Mozilla/5.0 (Linux; Android 10; K) AppleWebKit/537.36 (KHTML, like Gecko) SamsungBrowser/27.0 Chrome/125.0.0.0 Mobile Safari/537.36"
197.250.134.224 - - [26/Apr/2025:16:06:11 -0400] "GET /account/geneology HTTP/1.1" 200 4711 "https://finationglobal.com/account/geneology" "Mozilla/5.0 (Linux; Android 10; K) AppleWebKit/537.36 (KHTML, like Gecko) Chrome/134.0.0.0 Mobile Safari/537.36"
154.74.190.110 - - [26/Apr/2025:16:06:12 -0400] "POST /account/index HTTP/1.1" 200 6870 "https://finationglobal.com/account/index" "Mozilla/5.0 (Linux; Android 10; K) AppleWebKit/537.36 (KHTML, like Gecko) SamsungBrowser/27.0 Chrome/125.0.0.0 Mobile Safari/537.36"
197.250.134.224 - - [26/Apr/2025:16:06:16 -0400] "GET /account/geneology?user=vick01 HTTP/1.1" 200 0 "https://finationglobal.com/account/geneology" "Mozilla/5.0 (Linux; Android 10; K) AppleWebKit/537.36 (KHTML, like Gecko) Chrome/134.0.0.0 Mobile Safari/537.36"
197.250.134.224 - - [26/Apr/2025:16:06:16 -0400] "GET /account/geneology?user=vick01 HTTP/1.1" 200 4710 "https://finationglobal.com/account/geneology" "Mozilla/5.0 (Linux; Android 10; K) AppleWebKit/537.36 (KHTML, like Gecko) Chrome/134.0.0.0 Mobile Safari/537.36"
154.74.190.110 - - [26/Apr/2025:16:06:25 -0400] "GET /account/index HTTP/1.1" 200 6705 "https://finationglobal.com/account/login" "Mozilla/5.0 (Linux; Android 10; K) AppleWebKit/537.36 (KHTML, like Gecko) SamsungBrowser/27.0 Chrome/125.0.0.0 Mobile Safari/537.36"
197.250.134.224 - - [26/Apr/2025:16:06:27 -0400] "GET /account/geneology?user=maziku2002 HTTP/1.1" 200 4685 "https://finationglobal.com/account/geneology?user=vick01" "Mozilla/5.0 (Linux; Android 10; K) AppleWebKit/537.36 (KHTML, like Gecko) Chrome/134.0.0.0 Mobile Safari/537.36"
154.74.190.110 - - [26/Apr/2025:16:06:29 -0400] "GET /account/login HTTP/1.1" 200 1297 "https://finationglobal.com/account/register?ref=nazajohntz" "Mozilla/5.0 (Linux; Android 10; K) AppleWebKit/537.36 (KHTML, like Gecko) SamsungBrowser/27.0 Chrome/125.0.0.0 Mobile Safari/537.36"
154.74.190.110 - - [26/Apr/2025:16:06:34 -0400] "POST /account/login HTTP/1.1" 302 1297 "https://finationglobal.com/account/login" "Mozilla/5.0 (Linux; Android 10; K) AppleWebKit/537.36 (KHTML, like Gecko) SamsungBrowser/27.0 Chrome/125.0.0.0 Mobile Safari/537.36"
154.74.190.110 - - [26/Apr/2025:16:06:35 -0400] "GET /account/ HTTP/1.1" 302 508 "https://finationglobal.com/account/login" "Mozilla/5.0 (Linux; Android 10; K) AppleWebKit/537.36 (KHTML, like Gecko) SamsungBrowser/27.0 Chrome/125.0.0.0 Mobile Safari/537.36"
154.74.190.110 - - [26/Apr/2025:16:06:35 -0400] "GET /account/index HTTP/1.1" 200 6583 "https://finationglobal.com/account/login" "Mozilla/5.0 (Linux; Android 10; K) AppleWebKit/537.36 (KHTML, like Gecko) SamsungBrowser/27.0 Chrome/125.0.0.0 Mobile Safari/537.36"
197.250.134.224 - - [26/Apr/2025:16:06:38 -0400] "GET /account/geneology?user=hafsa02 HTTP/1.1" 200 4693 "https://finationglobal.com/account/geneology?user=maziku2002" "Mozilla/5.0 (Linux; Android 10; K) AppleWebKit/537.36 (KHTML, like Gecko) Chrome/134.0.0.0 Mobile Safari/537.36"
154.74.190.110 - - [26/Apr/2025:16:06:40 -0400] "POST /account/index HTTP/1.1" 200 6872 "https://finationglobal.com/account/index" "Mozilla/5.0 (Linux; Android 10; K) AppleWebKit/537.36 (KHTML, like Gecko) SamsungBrowser/27.0 Chrome/125.0.0.0 Mobile Safari/537.36"
197.250.134.224 - - [26/Apr/2025:16:06:46 -0400] "GET /account/geneology?user=nathan01 HTTP/1.1" 200 4692 "https://finationglobal.com/account/geneology?user=hafsa02" "Mozilla/5.0 (Linux; Android 10; K) AppleWebKit/537.36 (KHTML, like Gecko) Chrome/134.0.0.0 Mobile Safari/537.36"
197.250.134.224 - - [26/Apr/2025:16:06:56 -0400] "GET /account/geneology?user=salma01 HTTP/1.1" 200 4613 "https://finationglobal.com/account/geneology?user=nathan01" "Mozilla/5.0 (Linux; Android 10; K) AppleWebKit/537.36 (KHTML, like Gecko) Chrome/134.0.0.0 Mobile Safari/537.36"
142.250.32.2 - - [26/Apr/2025:16:07:00 -0400] "GET /account/geneology?user=salma01 HTTP/1.1" 302 518 "-" "Mozilla/5.0 (Linux; Android 7.0; SM-G930V Build/NRD90M) AppleWebKit/537.36 (KHTML, like Gecko) Chrome/59.0.3071.125 Mobile Safari/537.36 (compatible; Google-Read-Aloud; +https://support.google.com/webmasters/answer/1061943)"
154.74.190.110 - - [26/Apr/2025:16:07:00 -0400] "GET /account/register?ref=nazajohntz HTTP/1.1" 200 1856 "-" "Mozilla/5.0 (Linux; Android 10; K) AppleWebKit/537.36 (KHTML, like Gecko) SamsungBrowser/27.0 Chrome/125.0.0.0 Mobile Safari/537.36"
142.250.32.3 - - [26/Apr/2025:16:07:00 -0400] "GET /account/login.php HTTP/1.1" 302 771 "-" "Mozilla/5.0 (Linux; Android 7.0; SM-G930V Build/NRD90M) AppleWebKit/537.36 (KHTML, like Gecko) Chrome/59.0.3071.125 Mobile Safari/537.36 (compatible; Google-Read-Aloud; +https://support.google.com/webmasters/answer/1061943)"
142.250.32.4 - - [26/Apr/2025:16:07:00 -0400] "GET /account/login HTTP/1.1" 200 1297 "-" "Mozilla/5.0 (Linux; Android 7.0; SM-G930V Build/NRD90M) AppleWebKit/537.36 (KHTML, like Gecko) Chrome/59.0.3071.125 Mobile Safari/537.36 (compatible; Google-Read-Aloud; +https://support.google.com/webmasters/answer/1061943)"
154.74.190.110 - - [26/Apr/2025:16:07:01 -0400] "GET /account/control.php?confirm=nazajohntz HTTP/1.1" 302 771 "https://finationglobal.com/account/register?ref=nazajohntz" "Mozilla/5.0 (Linux; Android 10; K) AppleWebKit/537.36 (KHTML, like Gecko) SamsungBrowser/27.0 Chrome/125.0.0.0 Mobile Safari/537.36"
154.74.190.110 - - [26/Apr/2025:16:07:01 -0400] "GET /account/control?confirm=nazajohntz HTTP/1.1" 200 28 "https://finationglobal.com/account/register?ref=nazajohntz" "Mozilla/5.0 (Linux; Android 10; K) AppleWebKit/537.36 (KHTML, like Gecko) SamsungBrowser/27.0 Chrome/125.0.0.0 Mobile Safari/537.36"
197.250.134.224 - - [26/Apr/2025:16:07:09 -0400] "GET /account/geneology HTTP/1.1" 200 4711 "https://finationglobal.com/account/" "Mozilla/5.0 (Linux; Android 10; K) AppleWebKit/537.36 (KHTML, like Gecko) Chrome/134.0.0.0 Mobile Safari/537.36"
197.250.134.224 - - [26/Apr/2025:16:07:18 -0400] "GET /account/ HTTP/1.1" 200 7308 "https://finationglobal.com/account/login" "Mozilla/5.0 (Linux; Android 10; K) AppleWebKit/537.36 (KHTML, like Gecko) Chrome/134.0.0.0 Mobile Safari/537.36"
197.250.134.224 - - [26/Apr/2025:16:07:27 -0400] "GET /account/?logout=true HTTP/1.1" 302 7308 "https://finationglobal.com/account/" "Mozilla/5.0 (Linux; Android 10; K) AppleWebKit/537.36 (KHTML, like Gecko) Chrome/134.0.0.0 Mobile Safari/537.36"
197.250.134.224 - - [26/Apr/2025:16:07:29 -0400] "GET /account/login.php HTTP/1.1" 302 771 "https://finationglobal.com/account/" "Mozilla/5.0 (Linux; Android 10; K) AppleWebKit/537.36 (KHTML, like Gecko) Chrome/134.0.0.0 Mobile Safari/537.36"
197.250.134.224 - - [26/Apr/2025:16:07:29 -0400] "GET /account/login HTTP/1.1" 200 1297 "https://finationglobal.com/account/" "Mozilla/5.0 (Linux; Android 10; K) AppleWebKit/537.36 (KHTML, like Gecko) Chrome/134.0.0.0 Mobile Safari/537.36"
154.74.190.110 - - [26/Apr/2025:16:07:30 -0400] "GET /account/login HTTP/1.1" 200 1297 "https://finationglobal.com/account/register?ref=nazajohntz" "Mozilla/5.0 (Linux; Android 10; K) AppleWebKit/537.36 (KHTML, like Gecko) SamsungBrowser/27.0 Chrome/125.0.0.0 Mobile Safari/537.36"
154.74.190.110 - - [26/Apr/2025:16:07:38 -0400] "POST /account/login HTTP/1.1" 302 1297 "https://finationglobal.com/account/login" "Mozilla/5.0 (Linux; Android 10; K) AppleWebKit/537.36 (KHTML, like Gecko) SamsungBrowser/27.0 Chrome/125.0.0.0 Mobile Safari/537.36"
154.74.190.110 - - [26/Apr/2025:16:07:38 -0400] "GET /account/ HTTP/1.1" 200 6884 "https://finationglobal.com/account/login" "Mozilla/5.0 (Linux; Android 10; K) AppleWebKit/537.36 (KHTML, like Gecko) SamsungBrowser/27.0 Chrome/125.0.0.0 Mobile Safari/537.36"
197.250.134.224 - - [26/Apr/2025:16:07:47 -0400] "POST /account/login HTTP/1.1" 302 1297 "https://finationglobal.com/account/login" "Mozilla/5.0 (Linux; Android 10; K) AppleWebKit/537.36 (KHTML, like Gecko) Chrome/134.0.0.0 Mobile Safari/537.36"
197.250.134.224 - - [26/Apr/2025:16:07:48 -0400] "GET /account/ HTTP/1.1" 200 6760 "https://finationglobal.com/account/login" "Mozilla/5.0 (Linux; Android 10; K) AppleWebKit/537.36 (KHTML, like Gecko) Chrome/134.0.0.0 Mobile Safari/537.36"
66.249.66.67 - - [26/Apr/2025:16:07:49 -0400] "GET /?pcmypage?callback=product/review/78485417 HTTP/1.1" 200 6422 "-" "Mozilla/5.0 (Linux; Android 6.0.1; Nexus 5X Build/MMB29P) AppleWebKit/537.36 (KHTML, like Gecko) Chrome/135.0.7049.95 Mobile Safari/537.36 (compatible; Googlebot/2.1; +http://www.google.com/bot.html)"
