194.32.122.41 - - [11/Jan/2025:14:13:58 -0500] "POST /account/register HTTP/1.0" 200 8064 "https://finationglobal.com/account/register" "Mozilla/5.0 (Windows NT 6.1; WOW64) AppleWebKit/537.36 (KHTML, like Gecko) Chrome/103.0.0.0 Safari/537.36"
194.32.122.41 - - [11/Jan/2025:14:13:59 -0500] "GET /account/ HTTP/1.0" 302 1469 "https://finationglobal.com/" "Mozilla/5.0 (Windows NT 6.1; WOW64) AppleWebKit/537.36 (KHTML, like Gecko) Chrome/103.0.0.0 Safari/537.36"
194.32.122.41 - - [11/Jan/2025:14:16:59 -0500] "GET / HTTP/1.0" 200 32783 "https://finationglobal.com/" "Mozilla/5.0 (Windows NT 6.3; Win64; x64) AppleWebKit/537.36 (KHTML, like Gecko) Chrome/103.0.5060.114 Safari/537.36"
194.32.122.41 - - [11/Jan/2025:14:17:00 -0500] "GET /account/register HTTP/1.0" 200 8064 "https://finationglobal.com/account/register" "Mozilla/5.0 (Windows NT 6.3; Win64; x64) AppleWebKit/537.36 (KHTML, like Gecko) Chrome/103.0.5060.114 Safari/537.36"
194.32.122.41 - - [11/Jan/2025:14:17:00 -0500] "POST /account/register HTTP/1.0" 200 8064 "https://finationglobal.com/account/register" "Mozilla/5.0 (Windows NT 6.3; Win64; x64) AppleWebKit/537.36 (KHTML, like Gecko) Chrome/103.0.5060.114 Safari/537.36"
194.32.122.41 - - [11/Jan/2025:14:17:00 -0500] "GET /account/ HTTP/1.0" 302 1469 "https://finationglobal.com/" "Mozilla/5.0 (Windows NT 6.3; Win64; x64) AppleWebKit/537.36 (KHTML, like Gecko) Chrome/103.0.5060.114 Safari/537.36"
194.32.122.41 - - [11/Jan/2025:14:19:57 -0500] "GET / HTTP/1.0" 200 32783 "https://finationglobal.com/" "Mozilla/5.0 (Windows NT 6.2; Win64; x64) AppleWebKit/537.36 (KHTML, like Gecko) Chrome/103.0.0.0 Safari/537.36"
194.32.122.41 - - [11/Jan/2025:14:19:58 -0500] "GET /account/register HTTP/1.0" 200 8064 "https://finationglobal.com/account/register" "Mozilla/5.0 (Windows NT 6.2; Win64; x64) AppleWebKit/537.36 (KHTML, like Gecko) Chrome/103.0.0.0 Safari/537.36"
194.32.122.41 - - [11/Jan/2025:14:19:58 -0500] "POST /account/register HTTP/1.0" 200 8064 "https://finationglobal.com/account/register" "Mozilla/5.0 (Windows NT 6.2; Win64; x64) AppleWebKit/537.36 (KHTML, like Gecko) Chrome/103.0.0.0 Safari/537.36"
194.32.122.41 - - [11/Jan/2025:14:19:58 -0500] "GET /account/ HTTP/1.0" 302 1469 "https://finationglobal.com/" "Mozilla/5.0 (Windows NT 6.2; Win64; x64) AppleWebKit/537.36 (KHTML, like Gecko) Chrome/103.0.0.0 Safari/537.36"
66.249.66.65 - - [11/Jan/2025:14:20:46 -0500] "GET /citem/2155520 HTTP/1.1" 404 1251 "-" "Mozilla/5.0 (Linux; Android 6.0.1; Nexus 5X Build/MMB29P) AppleWebKit/537.36 (KHTML, like Gecko) Chrome/131.0.6778.264 Mobile Safari/537.36 (compatible; Googlebot/2.1; +http://www.google.com/bot.html)"
194.32.122.41 - - [11/Jan/2025:14:22:56 -0500] "GET / HTTP/1.0" 200 32783 "https://finationglobal.com/" "Mozilla/5.0 (Windows NT 6.3; Win64; x64) AppleWebKit/537.36 (KHTML, like Gecko) Chrome/103.0.5060.66 Safari/537.36"
194.32.122.41 - - [11/Jan/2025:14:22:56 -0500] "GET /account/register HTTP/1.0" 200 8064 "https://finationglobal.com/account/register" "Mozilla/5.0 (Windows NT 6.3; Win64; x64) AppleWebKit/537.36 (KHTML, like Gecko) Chrome/103.0.5060.66 Safari/537.36"
194.32.122.41 - - [11/Jan/2025:14:22:57 -0500] "POST /account/register HTTP/1.0" 200 8064 "https://finationglobal.com/account/register" "Mozilla/5.0 (Windows NT 6.3; Win64; x64) AppleWebKit/537.36 (KHTML, like Gecko) Chrome/103.0.5060.66 Safari/537.36"
194.32.122.41 - - [11/Jan/2025:14:22:57 -0500] "GET /account/ HTTP/1.0" 302 1469 "https://finationglobal.com/" "Mozilla/5.0 (Windows NT 6.3; Win64; x64) AppleWebKit/537.36 (KHTML, like Gecko) Chrome/103.0.5060.66 Safari/537.36"
194.32.122.41 - - [11/Jan/2025:14:25:53 -0500] "GET / HTTP/1.0" 200 32783 "https://finationglobal.com/" "Mozilla/5.0 (Windows NT 10.0; Win64; x64) AppleWebKit/537.36 (KHTML, like Gecko) Chrome/103.0.5060.53 Safari/537.36"
194.32.122.41 - - [11/Jan/2025:14:25:54 -0500] "GET /account/register HTTP/1.0" 200 8064 "https://finationglobal.com/account/register" "Mozilla/5.0 (Windows NT 10.0; Win64; x64) AppleWebKit/537.36 (KHTML, like Gecko) Chrome/103.0.5060.53 Safari/537.36"
194.32.122.41 - - [11/Jan/2025:14:25:54 -0500] "POST /account/register HTTP/1.0" 200 8064 "https://finationglobal.com/account/register" "Mozilla/5.0 (Windows NT 10.0; Win64; x64) AppleWebKit/537.36 (KHTML, like Gecko) Chrome/103.0.5060.53 Safari/537.36"
194.32.122.41 - - [11/Jan/2025:14:25:54 -0500] "GET /account/ HTTP/1.0" 302 1469 "https://finationglobal.com/" "Mozilla/5.0 (Windows NT 10.0; Win64; x64) AppleWebKit/537.36 (KHTML, like Gecko) Chrome/103.0.5060.53 Safari/537.36"
194.32.122.41 - - [11/Jan/2025:14:28:51 -0500] "GET / HTTP/1.0" 200 32783 "https://finationglobal.com/" "Mozilla/5.0 (Windows NT 6.1; WOW64) AppleWebKit/537.36 (KHTML, like Gecko) Chrome/103.0.0.0 Safari/537.36"
194.32.122.41 - - [11/Jan/2025:14:28:52 -0500] "GET /account/register HTTP/1.0" 200 8064 "https://finationglobal.com/account/register" "Mozilla/5.0 (Windows NT 6.1; WOW64) AppleWebKit/537.36 (KHTML, like Gecko) Chrome/103.0.0.0 Safari/537.36"
194.32.122.41 - - [11/Jan/2025:14:28:52 -0500] "POST /account/register HTTP/1.0" 200 8064 "https://finationglobal.com/account/register" "Mozilla/5.0 (Windows NT 6.1; WOW64) AppleWebKit/537.36 (KHTML, like Gecko) Chrome/103.0.0.0 Safari/537.36"
194.32.122.41 - - [11/Jan/2025:14:28:52 -0500] "GET /account/ HTTP/1.0" 302 1469 "https://finationglobal.com/" "Mozilla/5.0 (Windows NT 6.1; WOW64) AppleWebKit/537.36 (KHTML, like Gecko) Chrome/103.0.0.0 Safari/537.36"
194.32.122.41 - - [11/Jan/2025:14:31:54 -0500] "GET / HTTP/1.0" 200 32783 "https://finationglobal.com/" "Mozilla/5.0 (Windows NT 6.1; Win64; x64) AppleWebKit/537.36 (KHTML, like Gecko) Chrome/103.0.5060.114 Safari/537.36"
194.32.122.41 - - [11/Jan/2025:14:31:54 -0500] "GET /account/register HTTP/1.0" 200 8064 "https://finationglobal.com/account/register" "Mozilla/5.0 (Windows NT 6.1; Win64; x64) AppleWebKit/537.36 (KHTML, like Gecko) Chrome/103.0.5060.114 Safari/537.36"
194.32.122.41 - - [11/Jan/2025:14:31:54 -0500] "POST /account/register HTTP/1.0" 200 8064 "https://finationglobal.com/account/register" "Mozilla/5.0 (Windows NT 6.1; Win64; x64) AppleWebKit/537.36 (KHTML, like Gecko) Chrome/103.0.5060.114 Safari/537.36"
194.32.122.41 - - [11/Jan/2025:14:31:55 -0500] "GET /account/ HTTP/1.0" 302 1469 "https://finationglobal.com/" "Mozilla/5.0 (Windows NT 6.1; Win64; x64) AppleWebKit/537.36 (KHTML, like Gecko) Chrome/103.0.5060.114 Safari/537.36"
194.32.122.41 - - [11/Jan/2025:14:34:48 -0500] "GET / HTTP/1.0" 200 32783 "https://finationglobal.com/" "Mozilla/5.0 (Windows NT 6.1; Win64; x64) AppleWebKit/537.36 (KHTML, like Gecko) Chrome/103.0.0.0 Safari/537.36"
194.32.122.41 - - [11/Jan/2025:14:34:49 -0500] "GET /account/register HTTP/1.0" 200 8064 "https://finationglobal.com/account/register" "Mozilla/5.0 (Windows NT 6.1; Win64; x64) AppleWebKit/537.36 (KHTML, like Gecko) Chrome/103.0.0.0 Safari/537.36"
194.32.122.41 - - [11/Jan/2025:14:34:49 -0500] "POST /account/register HTTP/1.0" 200 8064 "https://finationglobal.com/account/register" "Mozilla/5.0 (Windows NT 6.1; Win64; x64) AppleWebKit/537.36 (KHTML, like Gecko) Chrome/103.0.0.0 Safari/537.36"
194.32.122.41 - - [11/Jan/2025:14:34:50 -0500] "GET /account/ HTTP/1.0" 302 1469 "https://finationglobal.com/" "Mozilla/5.0 (Windows NT 6.1; Win64; x64) AppleWebKit/537.36 (KHTML, like Gecko) Chrome/103.0.0.0 Safari/537.36"
194.32.122.41 - - [11/Jan/2025:14:37:47 -0500] "GET / HTTP/1.0" 200 32783 "https://finationglobal.com/" "Mozilla/5.0 (Windows NT 6.1; WOW64) AppleWebKit/537.36 (KHTML, like Gecko) Chrome/103.0.0.0 Safari/537.36"
194.32.122.41 - - [11/Jan/2025:14:37:48 -0500] "GET /account/register HTTP/1.0" 200 8064 "https://finationglobal.com/account/register" "Mozilla/5.0 (Windows NT 6.1; WOW64) AppleWebKit/537.36 (KHTML, like Gecko) Chrome/103.0.0.0 Safari/537.36"
194.32.122.41 - - [11/Jan/2025:14:37:48 -0500] "POST /account/register HTTP/1.0" 200 8064 "https://finationglobal.com/account/register" "Mozilla/5.0 (Windows NT 6.1; WOW64) AppleWebKit/537.36 (KHTML, like Gecko) Chrome/103.0.0.0 Safari/537.36"
194.32.122.41 - - [11/Jan/2025:14:37:48 -0500] "GET /account/ HTTP/1.0" 302 1469 "https://finationglobal.com/" "Mozilla/5.0 (Windows NT 6.1; WOW64) AppleWebKit/537.36 (KHTML, like Gecko) Chrome/103.0.0.0 Safari/537.36"
194.32.122.41 - - [11/Jan/2025:14:40:41 -0500] "GET / HTTP/1.0" 200 32783 "https://finationglobal.com/" "Mozilla/5.0 (Windows NT 6.1; Win64; x64) AppleWebKit/537.36 (KHTML, like Gecko) Chrome/103.0.0.0 Safari/537.36"
194.32.122.41 - - [11/Jan/2025:14:40:41 -0500] "GET /account/register HTTP/1.0" 200 8064 "https://finationglobal.com/account/register" "Mozilla/5.0 (Windows NT 6.1; Win64; x64) AppleWebKit/537.36 (KHTML, like Gecko) Chrome/103.0.0.0 Safari/537.36"
194.32.122.41 - - [11/Jan/2025:14:40:42 -0500] "POST /account/register HTTP/1.0" 200 8064 "https://finationglobal.com/account/register" "Mozilla/5.0 (Windows NT 6.1; Win64; x64) AppleWebKit/537.36 (KHTML, like Gecko) Chrome/103.0.0.0 Safari/537.36"
194.32.122.41 - - [11/Jan/2025:14:40:42 -0500] "GET /account/ HTTP/1.0" 302 1469 "https://finationglobal.com/" "Mozilla/5.0 (Windows NT 6.1; Win64; x64) AppleWebKit/537.36 (KHTML, like Gecko) Chrome/103.0.0.0 Safari/537.36"
194.32.122.41 - - [11/Jan/2025:14:43:43 -0500] "GET / HTTP/1.0" 200 32783 "https://finationglobal.com/" "Mozilla/5.0 (Windows NT 10.0; Win64; x64) AppleWebKit/537.36 (KHTML, like Gecko) Chrome/103.0.5060.53 Safari/537.36"
194.32.122.41 - - [11/Jan/2025:14:43:43 -0500] "GET /account/register HTTP/1.0" 200 8064 "https://finationglobal.com/account/register" "Mozilla/5.0 (Windows NT 10.0; Win64; x64) AppleWebKit/537.36 (KHTML, like Gecko) Chrome/103.0.5060.53 Safari/537.36"
194.32.122.41 - - [11/Jan/2025:14:43:44 -0500] "POST /account/register HTTP/1.0" 200 8064 "https://finationglobal.com/account/register" "Mozilla/5.0 (Windows NT 10.0; Win64; x64) AppleWebKit/537.36 (KHTML, like Gecko) Chrome/103.0.5060.53 Safari/537.36"
194.32.122.41 - - [11/Jan/2025:14:43:44 -0500] "GET /account/ HTTP/1.0" 302 1469 "https://finationglobal.com/" "Mozilla/5.0 (Windows NT 10.0; Win64; x64) AppleWebKit/537.36 (KHTML, like Gecko) Chrome/103.0.5060.53 Safari/537.36"
194.32.122.41 - - [11/Jan/2025:14:46:48 -0500] "GET / HTTP/1.0" 200 32783 "https://finationglobal.com/" "Mozilla/5.0 (Windows NT 10.0; Win64; x64) AppleWebKit/537.36 (KHTML, like Gecko) Chrome/103.0.0.0 Safari/537.36 Herring/95.1.8810.11"
194.32.122.41 - - [11/Jan/2025:14:46:49 -0500] "GET /account/register HTTP/1.0" 200 8064 "https://finationglobal.com/account/register" "Mozilla/5.0 (Windows NT 10.0; Win64; x64) AppleWebKit/537.36 (KHTML, like Gecko) Chrome/103.0.0.0 Safari/537.36 Herring/95.1.8810.11"
194.32.122.41 - - [11/Jan/2025:14:46:49 -0500] "POST /account/register HTTP/1.0" 200 8064 "https://finationglobal.com/account/register" "Mozilla/5.0 (Windows NT 10.0; Win64; x64) AppleWebKit/537.36 (KHTML, like Gecko) Chrome/103.0.0.0 Safari/537.36 Herring/95.1.8810.11"
194.32.122.41 - - [11/Jan/2025:14:46:49 -0500] "GET /account/ HTTP/1.0" 302 1469 "https://finationglobal.com/" "Mozilla/5.0 (Windows NT 10.0; Win64; x64) AppleWebKit/537.36 (KHTML, like Gecko) Chrome/103.0.0.0 Safari/537.36 Herring/95.1.8810.11"
194.32.122.41 - - [11/Jan/2025:14:49:53 -0500] "GET / HTTP/1.0" 200 32783 "https://finationglobal.com/" "Mozilla/5.0 (Windows NT 6.3; Win64; x64) AppleWebKit/537.36 (KHTML, like Gecko) Chrome/103.0.5060.53 Safari/537.36"
194.32.122.41 - - [11/Jan/2025:14:49:54 -0500] "GET /account/register HTTP/1.0" 200 8064 "https://finationglobal.com/account/register" "Mozilla/5.0 (Windows NT 6.3; Win64; x64) AppleWebKit/537.36 (KHTML, like Gecko) Chrome/103.0.5060.53 Safari/537.36"
194.32.122.41 - - [11/Jan/2025:14:49:54 -0500] "POST /account/register HTTP/1.0" 200 8064 "https://finationglobal.com/account/register" "Mozilla/5.0 (Windows NT 6.3; Win64; x64) AppleWebKit/537.36 (KHTML, like Gecko) Chrome/103.0.5060.53 Safari/537.36"
194.32.122.41 - - [11/Jan/2025:14:49:54 -0500] "GET /account/ HTTP/1.0" 302 1469 "https://finationglobal.com/" "Mozilla/5.0 (Windows NT 6.3; Win64; x64) AppleWebKit/537.36 (KHTML, like Gecko) Chrome/103.0.5060.53 Safari/537.36"
156.146.36.74 - - [11/Jan/2025:14:50:55 -0500] "GET / HTTP/1.1" 200 6845 "-" "python-requests/2.32.3"
137.184.119.1 - - [11/Jan/2025:14:51:11 -0500] "GET / HTTP/1.1" 200 32783 "-" "Mozilla/5.0 (Windows NT 10.0; Win64; x64) AppleWebKit/537.36 (KHTML, like Gecko) Chrome/80.0.3987.149 Safari/537.36"
137.184.119.1 - - [11/Jan/2025:14:51:13 -0500] "GET //wp-includes/wlwmanifest.xml HTTP/1.1" 404 1251 "-" "Mozilla/5.0 (Windows NT 10.0; Win64; x64) AppleWebKit/537.36 (KHTML, like Gecko) Chrome/80.0.3987.149 Safari/537.36"
137.184.119.1 - - [11/Jan/2025:14:51:17 -0500] "GET //xmlrpc.php?rsd HTTP/1.1" 302 771 "-" "Mozilla/5.0 (Windows NT 10.0; Win64; x64) AppleWebKit/537.36 (KHTML, like Gecko) Chrome/80.0.3987.149 Safari/537.36"
156.146.36.74 - - [11/Jan/2025:14:51:18 -0500] "GET /js/jquery-3.6.0.min.js HTTP/1.1" 200 36046 "-" "python-requests/2.32.3"
137.184.119.1 - - [11/Jan/2025:14:51:20 -0500] "GET / HTTP/1.1" 200 32783 "-" "Mozilla/5.0 (Windows NT 10.0; Win64; x64) AppleWebKit/537.36 (KHTML, like Gecko) Chrome/80.0.3987.149 Safari/537.36"
137.184.119.1 - - [11/Jan/2025:14:51:25 -0500] "GET //blog/wp-includes/wlwmanifest.xml HTTP/1.1" 404 1251 "-" "Mozilla/5.0 (Windows NT 10.0; Win64; x64) AppleWebKit/537.36 (KHTML, like Gecko) Chrome/80.0.3987.149 Safari/537.36"
156.146.36.74 - - [11/Jan/2025:14:51:28 -0500] "GET /js/jquery.nice-select.min.js HTTP/1.1" 200 1114 "-" "python-requests/2.32.3"
137.184.119.1 - - [11/Jan/2025:14:51:28 -0500] "GET //web/wp-includes/wlwmanifest.xml HTTP/1.1" 404 1251 "-" "Mozilla/5.0 (Windows NT 10.0; Win64; x64) AppleWebKit/537.36 (KHTML, like Gecko) Chrome/80.0.3987.149 Safari/537.36"
137.184.119.1 - - [11/Jan/2025:14:51:32 -0500] "GET //wordpress/wp-includes/wlwmanifest.xml HTTP/1.1" 404 1251 "-" "Mozilla/5.0 (Windows NT 10.0; Win64; x64) AppleWebKit/537.36 (KHTML, like Gecko) Chrome/80.0.3987.149 Safari/537.36"
156.146.36.74 - - [11/Jan/2025:14:51:34 -0500] "GET /js/bootstrap.min.js HTTP/1.1" 200 19563 "-" "python-requests/2.32.3"
137.184.119.1 - - [11/Jan/2025:14:51:35 -0500] "GET //website/wp-includes/wlwmanifest.xml HTTP/1.1" 404 1251 "-" "Mozilla/5.0 (Windows NT 10.0; Win64; x64) AppleWebKit/537.36 (KHTML, like Gecko) Chrome/80.0.3987.149 Safari/537.36"
137.184.119.1 - - [11/Jan/2025:14:51:38 -0500] "GET //wp/wp-includes/wlwmanifest.xml HTTP/1.1" 404 1251 "-" "Mozilla/5.0 (Windows NT 10.0; Win64; x64) AppleWebKit/537.36 (KHTML, like Gecko) Chrome/80.0.3987.149 Safari/537.36"
156.146.36.74 - - [11/Jan/2025:14:51:39 -0500] "GET /js/jquery.appear.min.js HTTP/1.1" 200 623 "-" "python-requests/2.32.3"
137.184.119.1 - - [11/Jan/2025:14:51:40 -0500] "GET //news/wp-includes/wlwmanifest.xml HTTP/1.1" 404 1251 "-" "Mozilla/5.0 (Windows NT 10.0; Win64; x64) AppleWebKit/537.36 (KHTML, like Gecko) Chrome/80.0.3987.149 Safari/537.36"
137.184.119.1 - - [11/Jan/2025:14:51:43 -0500] "GET //2018/wp-includes/wlwmanifest.xml HTTP/1.1" 404 1251 "-" "Mozilla/5.0 (Windows NT 10.0; Win64; x64) AppleWebKit/537.36 (KHTML, like Gecko) Chrome/80.0.3987.149 Safari/537.36"
156.146.36.74 - - [11/Jan/2025:14:51:44 -0500] "GET /js/wow.min.js HTTP/1.1" 200 3097 "-" "python-requests/2.32.3"
137.184.119.1 - - [11/Jan/2025:14:51:45 -0500] "GET //2019/wp-includes/wlwmanifest.xml HTTP/1.1" 404 1251 "-" "Mozilla/5.0 (Windows NT 10.0; Win64; x64) AppleWebKit/537.36 (KHTML, like Gecko) Chrome/80.0.3987.149 Safari/537.36"
137.184.119.1 - - [11/Jan/2025:14:51:47 -0500] "GET //shop/wp-includes/wlwmanifest.xml HTTP/1.1" 404 1251 "-" "Mozilla/5.0 (Windows NT 10.0; Win64; x64) AppleWebKit/537.36 (KHTML, like Gecko) Chrome/80.0.3987.149 Safari/537.36"
156.146.36.74 - - [11/Jan/2025:14:51:48 -0500] "GET /js/owl.carousel.min.js HTTP/1.1" 200 13726 "-" "python-requests/2.32.3"
137.184.119.1 - - [11/Jan/2025:14:51:48 -0500] "GET //wp1/wp-includes/wlwmanifest.xml HTTP/1.1" 404 1251 "-" "Mozilla/5.0 (Windows NT 10.0; Win64; x64) AppleWebKit/537.36 (KHTML, like Gecko) Chrome/80.0.3987.149 Safari/537.36"
137.184.119.1 - - [11/Jan/2025:14:51:49 -0500] "GET //test/wp-includes/wlwmanifest.xml HTTP/1.1" 404 1251 "-" "Mozilla/5.0 (Windows NT 10.0; Win64; x64) AppleWebKit/537.36 (KHTML, like Gecko) Chrome/80.0.3987.149 Safari/537.36"
156.146.36.74 - - [11/Jan/2025:14:51:49 -0500] "GET /js/jquery.event.move.js HTTP/1.1" 200 5050 "-" "python-requests/2.32.3"
137.184.119.1 - - [11/Jan/2025:14:51:50 -0500] "GET //media/wp-includes/wlwmanifest.xml HTTP/1.1" 404 1251 "-" "Mozilla/5.0 (Windows NT 10.0; Win64; x64) AppleWebKit/537.36 (KHTML, like Gecko) Chrome/80.0.3987.149 Safari/537.36"
137.184.119.1 - - [11/Jan/2025:14:51:50 -0500] "GET //wp2/wp-includes/wlwmanifest.xml HTTP/1.1" 404 1251 "-" "Mozilla/5.0 (Windows NT 10.0; Win64; x64) AppleWebKit/537.36 (KHTML, like Gecko) Chrome/80.0.3987.149 Safari/537.36"
137.184.119.1 - - [11/Jan/2025:14:51:50 -0500] "GET //site/wp-includes/wlwmanifest.xml HTTP/1.1" 404 1251 "-" "Mozilla/5.0 (Windows NT 10.0; Win64; x64) AppleWebKit/537.36 (KHTML, like Gecko) Chrome/80.0.3987.149 Safari/537.36"
156.146.36.74 - - [11/Jan/2025:14:51:50 -0500] "GET /js/tilt.jquery.min.js HTTP/1.1" 200 1997 "-" "python-requests/2.32.3"
137.184.119.1 - - [11/Jan/2025:14:51:51 -0500] "GET //cms/wp-includes/wlwmanifest.xml HTTP/1.1" 404 1251 "-" "Mozilla/5.0 (Windows NT 10.0; Win64; x64) AppleWebKit/537.36 (KHTML, like Gecko) Chrome/80.0.3987.149 Safari/537.36"
137.184.119.1 - - [11/Jan/2025:14:51:51 -0500] "GET //sito/wp-includes/wlwmanifest.xml HTTP/1.1" 404 1251 "-" "Mozilla/5.0 (Windows NT 10.0; Win64; x64) AppleWebKit/537.36 (KHTML, like Gecko) Chrome/80.0.3987.149 Safari/537.36"
156.146.36.74 - - [11/Jan/2025:14:51:51 -0500] "GET /js/magnific-popup.min.js HTTP/1.1" 200 8267 "-" "python-requests/2.32.3"
156.146.36.74 - - [11/Jan/2025:14:51:52 -0500] "GET /js/backtotop.js HTTP/1.1" 200 513 "-" "python-requests/2.32.3"
156.146.36.74 - - [11/Jan/2025:14:51:53 -0500] "GET /js/trigger.js HTTP/1.1" 200 4644 "-" "python-requests/2.32.3"
194.32.122.41 - - [11/Jan/2025:14:53:02 -0500] "GET / HTTP/1.0" 200 32783 "https://finationglobal.com/" "Mozilla/5.0 (Windows NT 6.3; WOW64) AppleWebKit/537.36 (KHTML, like Gecko) Chrome/103.0.5060.114 Safari/537.36"
194.32.122.41 - - [11/Jan/2025:14:53:03 -0500] "GET /account/register HTTP/1.0" 200 8064 "https://finationglobal.com/account/register" "Mozilla/5.0 (Windows NT 6.3; WOW64) AppleWebKit/537.36 (KHTML, like Gecko) Chrome/103.0.5060.114 Safari/537.36"
194.32.122.41 - - [11/Jan/2025:14:53:03 -0500] "POST /account/register HTTP/1.0" 200 8064 "https://finationglobal.com/account/register" "Mozilla/5.0 (Windows NT 6.3; WOW64) AppleWebKit/537.36 (KHTML, like Gecko) Chrome/103.0.5060.114 Safari/537.36"
194.32.122.41 - - [11/Jan/2025:14:53:04 -0500] "GET /account/ HTTP/1.0" 302 1469 "https://finationglobal.com/" "Mozilla/5.0 (Windows NT 6.3; WOW64) AppleWebKit/537.36 (KHTML, like Gecko) Chrome/103.0.5060.114 Safari/537.36"
194.32.122.41 - - [11/Jan/2025:14:56:02 -0500] "GET / HTTP/1.0" 200 32783 "https://finationglobal.com/" "Mozilla/5.0 (Windows NT 10.0; Win64; x64) AppleWebKit/537.36 (KHTML, like Gecko) Chrome/103.0.0.0 Safari/537.36 Herring/95.1.8810.11"
194.32.122.41 - - [11/Jan/2025:14:56:03 -0500] "GET /account/register HTTP/1.0" 200 8064 "https://finationglobal.com/account/register" "Mozilla/5.0 (Windows NT 10.0; Win64; x64) AppleWebKit/537.36 (KHTML, like Gecko) Chrome/103.0.0.0 Safari/537.36 Herring/95.1.8810.11"
194.32.122.41 - - [11/Jan/2025:14:56:03 -0500] "POST /account/register HTTP/1.0" 200 8064 "https://finationglobal.com/account/register" "Mozilla/5.0 (Windows NT 10.0; Win64; x64) AppleWebKit/537.36 (KHTML, like Gecko) Chrome/103.0.0.0 Safari/537.36 Herring/95.1.8810.11"
194.32.122.41 - - [11/Jan/2025:14:56:03 -0500] "GET /account/ HTTP/1.0" 302 1469 "https://finationglobal.com/" "Mozilla/5.0 (Windows NT 10.0; Win64; x64) AppleWebKit/537.36 (KHTML, like Gecko) Chrome/103.0.0.0 Safari/537.36 Herring/95.1.8810.11"
194.32.122.41 - - [11/Jan/2025:14:59:05 -0500] "GET / HTTP/1.0" 200 32783 "https://finationglobal.com/" "Mozilla/5.0 (Windows NT 10.0; Win64; x64) AppleWebKit/537.36 (KHTML, like Gecko) Chrome/103.0.5060.66 Safari/537.36"
194.32.122.41 - - [11/Jan/2025:14:59:06 -0500] "GET /account/register HTTP/1.0" 200 8064 "https://finationglobal.com/account/register" "Mozilla/5.0 (Windows NT 10.0; Win64; x64) AppleWebKit/537.36 (KHTML, like Gecko) Chrome/103.0.5060.66 Safari/537.36"
194.32.122.41 - - [11/Jan/2025:14:59:06 -0500] "POST /account/register HTTP/1.0" 200 8064 "https://finationglobal.com/account/register" "Mozilla/5.0 (Windows NT 10.0; Win64; x64) AppleWebKit/537.36 (KHTML, like Gecko) Chrome/103.0.5060.66 Safari/537.36"
194.32.122.41 - - [11/Jan/2025:14:59:06 -0500] "GET /account/ HTTP/1.0" 302 1469 "https://finationglobal.com/" "Mozilla/5.0 (Windows NT 10.0; Win64; x64) AppleWebKit/537.36 (KHTML, like Gecko) Chrome/103.0.5060.66 Safari/537.36"
194.32.122.41 - - [11/Jan/2025:15:02:12 -0500] "GET / HTTP/1.0" 200 32783 "https://finationglobal.com/" "Mozilla/5.0 (Windows NT 6.3; Win64; x64) AppleWebKit/537.36 (KHTML, like Gecko) Chrome/103.0.5060.114 Safari/537.36"
194.32.122.41 - - [11/Jan/2025:15:02:13 -0500] "GET /account/register HTTP/1.0" 200 8064 "https://finationglobal.com/account/register" "Mozilla/5.0 (Windows NT 6.3; Win64; x64) AppleWebKit/537.36 (KHTML, like Gecko) Chrome/103.0.5060.114 Safari/537.36"
194.32.122.41 - - [11/Jan/2025:15:02:13 -0500] "POST /account/register HTTP/1.0" 200 8064 "https://finationglobal.com/account/register" "Mozilla/5.0 (Windows NT 6.3; Win64; x64) AppleWebKit/537.36 (KHTML, like Gecko) Chrome/103.0.5060.114 Safari/537.36"
194.32.122.41 - - [11/Jan/2025:15:02:14 -0500] "GET /account/ HTTP/1.0" 302 1469 "https://finationglobal.com/" "Mozilla/5.0 (Windows NT 6.3; Win64; x64) AppleWebKit/537.36 (KHTML, like Gecko) Chrome/103.0.5060.114 Safari/537.36"
66.249.66.65 - - [11/Jan/2025:15:02:21 -0500] "GET /citem/3532228 HTTP/1.1" 404 1251 "-" "Mozilla/5.0 (Linux; Android 6.0.1; Nexus 5X Build/MMB29P) AppleWebKit/537.36 (KHTML, like Gecko) Chrome/131.0.6778.264 Mobile Safari/537.36 (compatible; Googlebot/2.1; +http://www.google.com/bot.html)"
66.249.66.64 - - [11/Jan/2025:15:04:48 -0500] "GET /citem/2460511 HTTP/1.1" 404 1251 "-" "Mozilla/5.0 (Linux; Android 6.0.1; Nexus 5X Build/MMB29P) AppleWebKit/537.36 (KHTML, like Gecko) Chrome/131.0.6778.264 Mobile Safari/537.36 (compatible; Googlebot/2.1; +http://www.google.com/bot.html)"
194.32.122.41 - - [11/Jan/2025:15:05:13 -0500] "GET / HTTP/1.0" 200 32783 "https://finationglobal.com/" "Mozilla/5.0 (Windows NT 6.3; Win64; x64) AppleWebKit/537.36 (KHTML, like Gecko) Chrome/103.0.5060.66 Safari/537.36"
194.32.122.41 - - [11/Jan/2025:15:05:14 -0500] "GET /account/register HTTP/1.0" 200 8064 "https://finationglobal.com/account/register" "Mozilla/5.0 (Windows NT 6.3; Win64; x64) AppleWebKit/537.36 (KHTML, like Gecko) Chrome/103.0.5060.66 Safari/537.36"
194.32.122.41 - - [11/Jan/2025:15:05:14 -0500] "POST /account/register HTTP/1.0" 200 8064 "https://finationglobal.com/account/register" "Mozilla/5.0 (Windows NT 6.3; Win64; x64) AppleWebKit/537.36 (KHTML, like Gecko) Chrome/103.0.5060.66 Safari/537.36"
194.32.122.41 - - [11/Jan/2025:15:05:14 -0500] "GET /account/ HTTP/1.0" 302 1469 "https://finationglobal.com/" "Mozilla/5.0 (Windows NT 6.3; Win64; x64) AppleWebKit/537.36 (KHTML, like Gecko) Chrome/103.0.5060.66 Safari/537.36"
194.32.122.41 - - [11/Jan/2025:15:08:18 -0500] "GET / HTTP/1.0" 200 32783 "https://finationglobal.com/" "Mozilla/5.0 (Windows NT 10.0; Win64; x64) AppleWebKit/537.36 (KHTML, like Gecko) Chrome/103.0.0.0 Safari/537.36 Herring/95.1.8810.11"
194.32.122.41 - - [11/Jan/2025:15:08:18 -0500] "GET /account/register HTTP/1.0" 200 8064 "https://finationglobal.com/account/register" "Mozilla/5.0 (Windows NT 10.0; Win64; x64) AppleWebKit/537.36 (KHTML, like Gecko) Chrome/103.0.0.0 Safari/537.36 Herring/95.1.8810.11"
194.32.122.41 - - [11/Jan/2025:15:08:19 -0500] "POST /account/register HTTP/1.0" 200 8064 "https://finationglobal.com/account/register" "Mozilla/5.0 (Windows NT 10.0; Win64; x64) AppleWebKit/537.36 (KHTML, like Gecko) Chrome/103.0.0.0 Safari/537.36 Herring/95.1.8810.11"
194.32.122.41 - - [11/Jan/2025:15:08:19 -0500] "GET /account/ HTTP/1.0" 302 1469 "https://finationglobal.com/" "Mozilla/5.0 (Windows NT 10.0; Win64; x64) AppleWebKit/537.36 (KHTML, like Gecko) Chrome/103.0.0.0 Safari/537.36 Herring/95.1.8810.11"
194.32.122.41 - - [11/Jan/2025:15:11:20 -0500] "GET / HTTP/1.0" 200 32783 "https://finationglobal.com/" "Mozilla/5.0 (Windows NT 10.0; Win64; x64) AppleWebKit/537.36 (KHTML, like Gecko) Chrome/103.0.5060.66 Safari/537.36"
194.32.122.41 - - [11/Jan/2025:15:11:20 -0500] "GET /account/register HTTP/1.0" 200 8064 "https://finationglobal.com/account/register" "Mozilla/5.0 (Windows NT 10.0; Win64; x64) AppleWebKit/537.36 (KHTML, like Gecko) Chrome/103.0.5060.66 Safari/537.36"
194.32.122.41 - - [11/Jan/2025:15:11:21 -0500] "POST /account/register HTTP/1.0" 200 8064 "https://finationglobal.com/account/register" "Mozilla/5.0 (Windows NT 10.0; Win64; x64) AppleWebKit/537.36 (KHTML, like Gecko) Chrome/103.0.5060.66 Safari/537.36"
194.32.122.41 - - [11/Jan/2025:15:11:21 -0500] "GET /account/ HTTP/1.0" 302 1469 "https://finationglobal.com/" "Mozilla/5.0 (Windows NT 10.0; Win64; x64) AppleWebKit/537.36 (KHTML, like Gecko) Chrome/103.0.5060.66 Safari/537.36"
194.32.122.41 - - [11/Jan/2025:15:14:25 -0500] "GET / HTTP/1.0" 200 32783 "https://finationglobal.com/" "Mozilla/5.0 (Windows NT 10.0; Win64; x64) AppleWebKit/537.36 (KHTML, like Gecko) Chrome/103.0.5060.114 Safari/537.36"
194.32.122.41 - - [11/Jan/2025:15:14:25 -0500] "GET /account/register HTTP/1.0" 200 8064 "https://finationglobal.com/account/register" "Mozilla/5.0 (Windows NT 10.0; Win64; x64) AppleWebKit/537.36 (KHTML, like Gecko) Chrome/103.0.5060.114 Safari/537.36"
194.32.122.41 - - [11/Jan/2025:15:14:25 -0500] "POST /account/register HTTP/1.0" 200 8064 "https://finationglobal.com/account/register" "Mozilla/5.0 (Windows NT 10.0; Win64; x64) AppleWebKit/537.36 (KHTML, like Gecko) Chrome/103.0.5060.114 Safari/537.36"
194.32.122.41 - - [11/Jan/2025:15:14:26 -0500] "GET /account/ HTTP/1.0" 302 1469 "https://finationglobal.com/" "Mozilla/5.0 (Windows NT 10.0; Win64; x64) AppleWebKit/537.36 (KHTML, like Gecko) Chrome/103.0.5060.114 Safari/537.36"
194.32.122.41 - - [11/Jan/2025:15:17:27 -0500] "GET / HTTP/1.0" 200 32783 "https://finationglobal.com/" "Mozilla/5.0 (Windows NT 10.0; Win64; x64) AppleWebKit/537.36 (KHTML, like Gecko) Chrome/103.0.0.0 Safari/537.36 OpenWave/97.4.2043.44"
194.32.122.41 - - [11/Jan/2025:15:17:27 -0500] "GET /account/register HTTP/1.0" 200 8064 "https://finationglobal.com/account/register" "Mozilla/5.0 (Windows NT 10.0; Win64; x64) AppleWebKit/537.36 (KHTML, like Gecko) Chrome/103.0.0.0 Safari/537.36 OpenWave/97.4.2043.44"
194.32.122.41 - - [11/Jan/2025:15:17:28 -0500] "POST /account/register HTTP/1.0" 200 8064 "https://finationglobal.com/account/register" "Mozilla/5.0 (Windows NT 10.0; Win64; x64) AppleWebKit/537.36 (KHTML, like Gecko) Chrome/103.0.0.0 Safari/537.36 OpenWave/97.4.2043.44"
194.32.122.41 - - [11/Jan/2025:15:17:28 -0500] "GET /account/ HTTP/1.0" 302 1469 "https://finationglobal.com/" "Mozilla/5.0 (Windows NT 10.0; Win64; x64) AppleWebKit/537.36 (KHTML, like Gecko) Chrome/103.0.0.0 Safari/537.36 OpenWave/97.4.2043.44"
194.32.122.41 - - [11/Jan/2025:15:20:33 -0500] "GET / HTTP/1.0" 200 32783 "https://finationglobal.com/" "Mozilla/5.0 (Windows NT 6.3; Win64; x64) AppleWebKit/537.36 (KHTML, like Gecko) Chrome/103.0.5060.114 Safari/537.36"
194.32.122.41 - - [11/Jan/2025:15:20:33 -0500] "GET /account/register HTTP/1.0" 200 8064 "https://finationglobal.com/account/register" "Mozilla/5.0 (Windows NT 6.3; Win64; x64) AppleWebKit/537.36 (KHTML, like Gecko) Chrome/103.0.5060.114 Safari/537.36"
194.32.122.41 - - [11/Jan/2025:15:20:34 -0500] "POST /account/register HTTP/1.0" 200 8064 "https://finationglobal.com/account/register" "Mozilla/5.0 (Windows NT 6.3; Win64; x64) AppleWebKit/537.36 (KHTML, like Gecko) Chrome/103.0.5060.114 Safari/537.36"
194.32.122.41 - - [11/Jan/2025:15:20:34 -0500] "GET /account/ HTTP/1.0" 302 1469 "https://finationglobal.com/" "Mozilla/5.0 (Windows NT 6.3; Win64; x64) AppleWebKit/537.36 (KHTML, like Gecko) Chrome/103.0.5060.114 Safari/537.36"
194.32.122.41 - - [11/Jan/2025:15:23:32 -0500] "GET / HTTP/1.0" 200 32783 "https://finationglobal.com/" "Mozilla/5.0 (Windows NT 6.3) AppleWebKit/537.36 (KHTML, like Gecko) Chrome/103.0.0.0 Safari/537.36"
194.32.122.41 - - [11/Jan/2025:15:23:33 -0500] "GET /account/register HTTP/1.0" 200 8064 "https://finationglobal.com/account/register" "Mozilla/5.0 (Windows NT 6.3) AppleWebKit/537.36 (KHTML, like Gecko) Chrome/103.0.0.0 Safari/537.36"
194.32.122.41 - - [11/Jan/2025:15:23:33 -0500] "POST /account/register HTTP/1.0" 200 8064 "https://finationglobal.com/account/register" "Mozilla/5.0 (Windows NT 6.3) AppleWebKit/537.36 (KHTML, like Gecko) Chrome/103.0.0.0 Safari/537.36"
194.32.122.41 - - [11/Jan/2025:15:23:33 -0500] "GET /account/ HTTP/1.0" 302 1469 "https://finationglobal.com/" "Mozilla/5.0 (Windows NT 6.3) AppleWebKit/537.36 (KHTML, like Gecko) Chrome/103.0.0.0 Safari/537.36"
194.32.122.41 - - [11/Jan/2025:15:26:29 -0500] "GET / HTTP/1.0" 200 32783 "https://finationglobal.com/" "Mozilla/5.0 (Windows NT 10.0; Win64; x64) AppleWebKit/537.36 (KHTML, like Gecko) Chrome/103.0.0.0 Safari/537.36 Herring/95.1.8810.11"
194.32.122.41 - - [11/Jan/2025:15:26:29 -0500] "GET /account/register HTTP/1.0" 200 8064 "https://finationglobal.com/account/register" "Mozilla/5.0 (Windows NT 10.0; Win64; x64) AppleWebKit/537.36 (KHTML, like Gecko) Chrome/103.0.0.0 Safari/537.36 Herring/95.1.8810.11"
194.32.122.41 - - [11/Jan/2025:15:26:30 -0500] "POST /account/register HTTP/1.0" 200 8064 "https://finationglobal.com/account/register" "Mozilla/5.0 (Windows NT 10.0; Win64; x64) AppleWebKit/537.36 (KHTML, like Gecko) Chrome/103.0.0.0 Safari/537.36 Herring/95.1.8810.11"
194.32.122.41 - - [11/Jan/2025:15:26:30 -0500] "GET /account/ HTTP/1.0" 302 1469 "https://finationglobal.com/" "Mozilla/5.0 (Windows NT 10.0; Win64; x64) AppleWebKit/537.36 (KHTML, like Gecko) Chrome/103.0.0.0 Safari/537.36 Herring/95.1.8810.11"
194.32.122.41 - - [11/Jan/2025:15:29:26 -0500] "GET / HTTP/1.0" 200 32783 "https://finationglobal.com/" "Mozilla/5.0 (Windows NT 6.3; Win64; x64) AppleWebKit/537.36 (KHTML, like Gecko) Chrome/103.0.5060.114 Safari/537.36"
194.32.122.41 - - [11/Jan/2025:15:29:27 -0500] "GET /account/register HTTP/1.0" 200 8064 "https://finationglobal.com/account/register" "Mozilla/5.0 (Windows NT 6.3; Win64; x64) AppleWebKit/537.36 (KHTML, like Gecko) Chrome/103.0.5060.114 Safari/537.36"
194.32.122.41 - - [11/Jan/2025:15:29:27 -0500] "POST /account/register HTTP/1.0" 200 8064 "https://finationglobal.com/account/register" "Mozilla/5.0 (Windows NT 6.3; Win64; x64) AppleWebKit/537.36 (KHTML, like Gecko) Chrome/103.0.5060.114 Safari/537.36"
194.32.122.41 - - [11/Jan/2025:15:29:27 -0500] "GET /account/ HTTP/1.0" 302 1469 "https://finationglobal.com/" "Mozilla/5.0 (Windows NT 6.3; Win64; x64) AppleWebKit/537.36 (KHTML, like Gecko) Chrome/103.0.5060.114 Safari/537.36"
66.249.66.64 - - [11/Jan/2025:15:32:20 -0500] "GET /item/2858778?sellerview=on HTTP/1.1" 404 1251 "-" "Mozilla/5.0 (Linux; Android 6.0.1; Nexus 5X Build/MMB29P) AppleWebKit/537.36 (KHTML, like Gecko) Chrome/131.0.6778.264 Mobile Safari/537.36 (compatible; Googlebot/2.1; +http://www.google.com/bot.html)"
194.32.122.41 - - [11/Jan/2025:15:32:31 -0500] "GET / HTTP/1.0" 200 32783 "https://finationglobal.com/" "Mozilla/5.0 (Windows NT 6.1; WOW64) AppleWebKit/537.36 (KHTML, like Gecko) Chrome/103.0.0.0 Safari/537.36"
194.32.122.41 - - [11/Jan/2025:15:32:32 -0500] "GET /account/register HTTP/1.0" 200 8064 "https://finationglobal.com/account/register" "Mozilla/5.0 (Windows NT 6.1; WOW64) AppleWebKit/537.36 (KHTML, like Gecko) Chrome/103.0.0.0 Safari/537.36"
194.32.122.41 - - [11/Jan/2025:15:32:32 -0500] "POST /account/register HTTP/1.0" 200 8064 "https://finationglobal.com/account/register" "Mozilla/5.0 (Windows NT 6.1; WOW64) AppleWebKit/537.36 (KHTML, like Gecko) Chrome/103.0.0.0 Safari/537.36"
194.32.122.41 - - [11/Jan/2025:15:32:32 -0500] "GET /account/ HTTP/1.0" 302 1469 "https://finationglobal.com/" "Mozilla/5.0 (Windows NT 6.1; WOW64) AppleWebKit/537.36 (KHTML, like Gecko) Chrome/103.0.0.0 Safari/537.36"
194.32.122.41 - - [11/Jan/2025:15:35:28 -0500] "GET / HTTP/1.0" 200 32783 "https://finationglobal.com/" "Mozilla/5.0 (Windows NT 6.1; Win64; x64) AppleWebKit/537.36 (KHTML, like Gecko) Chrome/103.0.5060.114 Safari/537.36"
194.32.122.41 - - [11/Jan/2025:15:35:29 -0500] "GET /account/register HTTP/1.0" 200 8064 "https://finationglobal.com/account/register" "Mozilla/5.0 (Windows NT 6.1; Win64; x64) AppleWebKit/537.36 (KHTML, like Gecko) Chrome/103.0.5060.114 Safari/537.36"
194.32.122.41 - - [11/Jan/2025:15:35:29 -0500] "POST /account/register HTTP/1.0" 200 8064 "https://finationglobal.com/account/register" "Mozilla/5.0 (Windows NT 6.1; Win64; x64) AppleWebKit/537.36 (KHTML, like Gecko) Chrome/103.0.5060.114 Safari/537.36"
194.32.122.41 - - [11/Jan/2025:15:35:29 -0500] "GET /account/ HTTP/1.0" 302 1469 "https://finationglobal.com/" "Mozilla/5.0 (Windows NT 6.1; Win64; x64) AppleWebKit/537.36 (KHTML, like Gecko) Chrome/103.0.5060.114 Safari/537.36"
194.32.122.41 - - [11/Jan/2025:15:38:30 -0500] "GET / HTTP/1.0" 200 32783 "https://finationglobal.com/" "Mozilla/5.0 (Windows NT 10.0; Win64; x64) AppleWebKit/537.36 (KHTML, like Gecko) Chrome/103.0.0.0 Safari/537.36 OpenWave/97.4.2043.44"
194.32.122.41 - - [11/Jan/2025:15:38:30 -0500] "GET /account/register HTTP/1.0" 200 8064 "https://finationglobal.com/account/register" "Mozilla/5.0 (Windows NT 10.0; Win64; x64) AppleWebKit/537.36 (KHTML, like Gecko) Chrome/103.0.0.0 Safari/537.36 OpenWave/97.4.2043.44"
194.32.122.41 - - [11/Jan/2025:15:38:31 -0500] "POST /account/register HTTP/1.0" 200 8064 "https://finationglobal.com/account/register" "Mozilla/5.0 (Windows NT 10.0; Win64; x64) AppleWebKit/537.36 (KHTML, like Gecko) Chrome/103.0.0.0 Safari/537.36 OpenWave/97.4.2043.44"
194.32.122.41 - - [11/Jan/2025:15:38:31 -0500] "GET /account/ HTTP/1.0" 302 1469 "https://finationglobal.com/" "Mozilla/5.0 (Windows NT 10.0; Win64; x64) AppleWebKit/537.36 (KHTML, like Gecko) Chrome/103.0.0.0 Safari/537.36 OpenWave/97.4.2043.44"
194.32.122.41 - - [11/Jan/2025:15:41:41 -0500] "GET / HTTP/1.0" 200 32783 "https://finationglobal.com/" "Mozilla/5.0 (Windows NT 10.0; Win64; x64) AppleWebKit/537.36 (KHTML, like Gecko) Chrome/103.0.0.0 Safari/537.36"
194.32.122.41 - - [11/Jan/2025:15:41:41 -0500] "GET /account/register HTTP/1.0" 200 8064 "https://finationglobal.com/account/register" "Mozilla/5.0 (Windows NT 10.0; Win64; x64) AppleWebKit/537.36 (KHTML, like Gecko) Chrome/103.0.0.0 Safari/537.36"
194.32.122.41 - - [11/Jan/2025:15:41:41 -0500] "POST /account/register HTTP/1.0" 200 8064 "https://finationglobal.com/account/register" "Mozilla/5.0 (Windows NT 10.0; Win64; x64) AppleWebKit/537.36 (KHTML, like Gecko) Chrome/103.0.0.0 Safari/537.36"
194.32.122.41 - - [11/Jan/2025:15:41:42 -0500] "GET /account/ HTTP/1.0" 302 1469 "https://finationglobal.com/" "Mozilla/5.0 (Windows NT 10.0; Win64; x64) AppleWebKit/537.36 (KHTML, like Gecko) Chrome/103.0.0.0 Safari/537.36"
34.0.75.47 - - [11/Jan/2025:15:44:25 -0500] "GET / HTTP/1.1" 200 5576 "-" "Mozilla/5.0 (Windows NT 10.0; Win64; x64) AppleWebKit/537.36 (KHTML, like Gecko; compatible; BW/1.3; rb.gy/qyzae5) Chrome/124.0.0.0 Safari/537.36"
34.0.75.47 - - [11/Jan/2025:15:44:25 -0500] "GET /robots.txt HTTP/1.1" 404 1251 "-" "Mozilla/5.0 (Windows NT 10.0; Win64; x64) AppleWebKit/537.36 (KHTML, like Gecko; compatible; BW/1.3; rb.gy/qyzae5) Chrome/124.0.0.0 Safari/537.36"
34.0.75.47 - - [11/Jan/2025:15:44:26 -0500] "GET /service-ui-ux-design.html HTTP/1.1" 404 1251 "-" "Mozilla/5.0 (Windows NT 10.0; Win64; x64) AppleWebKit/537.36 (KHTML, like Gecko; compatible; BW/1.3; rb.gy/qyzae5) Chrome/124.0.0.0 Safari/537.36"
34.0.75.47 - - [11/Jan/2025:15:44:26 -0500] "GET /js/jquery-3.6.0.min.js HTTP/1.1" 200 30267 "-" "Mozilla/5.0 (Windows NT 10.0; Win64; x64) AppleWebKit/537.36 (KHTML, like Gecko; compatible; BW/1.3; rb.gy/qyzae5) Chrome/124.0.0.0 Safari/537.36"
34.0.75.47 - - [11/Jan/2025:15:44:26 -0500] "GET /js/jquery.appear.min.js HTTP/1.1" 200 548 "-" "Mozilla/5.0 (Windows NT 10.0; Win64; x64) AppleWebKit/537.36 (KHTML, like Gecko; compatible; BW/1.3; rb.gy/qyzae5) Chrome/124.0.0.0 Safari/537.36"
34.0.75.47 - - [11/Jan/2025:15:44:26 -0500] "GET /js/wow.min.js HTTP/1.1" 200 2634 "-" "Mozilla/5.0 (Windows NT 10.0; Win64; x64) AppleWebKit/537.36 (KHTML, like Gecko; compatible; BW/1.3; rb.gy/qyzae5) Chrome/124.0.0.0 Safari/537.36"
34.0.75.47 - - [11/Jan/2025:15:44:26 -0500] "GET /js/jquery.event.move.js HTTP/1.1" 200 4095 "-" "Mozilla/5.0 (Windows NT 10.0; Win64; x64) AppleWebKit/537.36 (KHTML, like Gecko; compatible; BW/1.3; rb.gy/qyzae5) Chrome/124.0.0.0 Safari/537.36"
34.0.75.47 - - [11/Jan/2025:15:44:26 -0500] "GET /js/tilt.jquery.min.js HTTP/1.1" 200 1681 "-" "Mozilla/5.0 (Windows NT 10.0; Win64; x64) AppleWebKit/537.36 (KHTML, like Gecko; compatible; BW/1.3; rb.gy/qyzae5) Chrome/124.0.0.0 Safari/537.36"
34.0.75.47 - - [11/Jan/2025:15:44:26 -0500] "GET /js/jquery.nice-select.min.js HTTP/1.1" 200 930 "-" "Mozilla/5.0 (Windows NT 10.0; Win64; x64) AppleWebKit/537.36 (KHTML, like Gecko; compatible; BW/1.3; rb.gy/qyzae5) Chrome/124.0.0.0 Safari/537.36"
34.0.75.47 - - [11/Jan/2025:15:44:26 -0500] "GET /js/owl.carousel.min.js HTTP/1.1" 200 11139 "-" "Mozilla/5.0 (Windows NT 10.0; Win64; x64) AppleWebKit/537.36 (KHTML, like Gecko; compatible; BW/1.3; rb.gy/qyzae5) Chrome/124.0.0.0 Safari/537.36"
34.0.75.47 - - [11/Jan/2025:15:44:26 -0500] "GET /js/magnific-popup.min.js HTTP/1.1" 200 7043 "-" "Mozilla/5.0 (Windows NT 10.0; Win64; x64) AppleWebKit/537.36 (KHTML, like Gecko; compatible; BW/1.3; rb.gy/qyzae5) Chrome/124.0.0.0 Safari/537.36"
194.32.122.41 - - [11/Jan/2025:15:44:47 -0500] "GET / HTTP/1.0" 200 32783 "https://finationglobal.com/" "Mozilla/5.0 (Windows NT 6.1) AppleWebKit/537.36 (KHTML, like Gecko) Chrome/103.0.5060.114 Safari/537.36"
194.32.122.41 - - [11/Jan/2025:15:44:48 -0500] "GET /account/register HTTP/1.0" 200 8064 "https://finationglobal.com/account/register" "Mozilla/5.0 (Windows NT 6.1) AppleWebKit/537.36 (KHTML, like Gecko) Chrome/103.0.5060.114 Safari/537.36"
194.32.122.41 - - [11/Jan/2025:15:44:48 -0500] "POST /account/register HTTP/1.0" 200 8064 "https://finationglobal.com/account/register" "Mozilla/5.0 (Windows NT 6.1) AppleWebKit/537.36 (KHTML, like Gecko) Chrome/103.0.5060.114 Safari/537.36"
194.32.122.41 - - [11/Jan/2025:15:44:48 -0500] "GET /account/ HTTP/1.0" 302 1469 "https://finationglobal.com/" "Mozilla/5.0 (Windows NT 6.1) AppleWebKit/537.36 (KHTML, like Gecko) Chrome/103.0.5060.114 Safari/537.36"
194.32.122.41 - - [11/Jan/2025:15:48:02 -0500] "GET / HTTP/1.0" 200 32783 "https://finationglobal.com/" "Mozilla/5.0 (Windows NT 6.1; Win64; x64) AppleWebKit/537.36 (KHTML, like Gecko) Chrome/103.0.0.0 Safari/537.36"
194.32.122.41 - - [11/Jan/2025:15:48:03 -0500] "GET /account/register HTTP/1.0" 200 8064 "https://finationglobal.com/account/register" "Mozilla/5.0 (Windows NT 6.1; Win64; x64) AppleWebKit/537.36 (KHTML, like Gecko) Chrome/103.0.0.0 Safari/537.36"
194.32.122.41 - - [11/Jan/2025:15:48:03 -0500] "POST /account/register HTTP/1.0" 200 8064 "https://finationglobal.com/account/register" "Mozilla/5.0 (Windows NT 6.1; Win64; x64) AppleWebKit/537.36 (KHTML, like Gecko) Chrome/103.0.0.0 Safari/537.36"
194.32.122.41 - - [11/Jan/2025:15:48:04 -0500] "GET /account/ HTTP/1.0" 302 1469 "https://finationglobal.com/" "Mozilla/5.0 (Windows NT 6.1; Win64; x64) AppleWebKit/537.36 (KHTML, like Gecko) Chrome/103.0.0.0 Safari/537.36"
194.32.122.41 - - [11/Jan/2025:15:51:08 -0500] "GET / HTTP/1.0" 200 32783 "https://finationglobal.com/" "Mozilla/5.0 (Windows NT 6.3; WOW64) AppleWebKit/537.36 (KHTML, like Gecko) Chrome/103.0.5060.114 Safari/537.36"
194.32.122.41 - - [11/Jan/2025:15:51:09 -0500] "GET /account/register HTTP/1.0" 200 8064 "https://finationglobal.com/account/register" "Mozilla/5.0 (Windows NT 6.3; WOW64) AppleWebKit/537.36 (KHTML, like Gecko) Chrome/103.0.5060.114 Safari/537.36"
194.32.122.41 - - [11/Jan/2025:15:51:09 -0500] "POST /account/register HTTP/1.0" 200 8064 "https://finationglobal.com/account/register" "Mozilla/5.0 (Windows NT 6.3; WOW64) AppleWebKit/537.36 (KHTML, like Gecko) Chrome/103.0.5060.114 Safari/537.36"
194.32.122.41 - - [11/Jan/2025:15:51:09 -0500] "GET /account/ HTTP/1.0" 302 1469 "https://finationglobal.com/" "Mozilla/5.0 (Windows NT 6.3; WOW64) AppleWebKit/537.36 (KHTML, like Gecko) Chrome/103.0.5060.114 Safari/537.36"
20.171.207.230 - - [11/Jan/2025:15:51:41 -0500] "GET /robots.txt HTTP/1.1" 404 1251 "-" "Mozilla/5.0 AppleWebKit/537.36 (KHTML, like Gecko; compatible; GPTBot/1.2; +https://openai.com/gptbot)"
4.227.36.79 - - [11/Jan/2025:15:52:26 -0500] "GET / HTTP/1.1" 200 5576 "-" "Mozilla/5.0 AppleWebKit/537.36 (KHTML, like Gecko; compatible; GPTBot/1.2; +https://openai.com/gptbot)"
4.227.36.79 - - [11/Jan/2025:15:52:37 -0500] "GET /service-ui-ux-design.html HTTP/1.1" 404 1251 "-" "Mozilla/5.0 AppleWebKit/537.36 (KHTML, like Gecko; compatible; GPTBot/1.2; +https://openai.com/gptbot)"
66.249.66.66 - - [11/Jan/2025:15:53:45 -0500] "GET /cat/1159192 HTTP/1.1" 404 1251 "-" "Mozilla/5.0 (Linux; Android 6.0.1; Nexus 5X Build/MMB29P) AppleWebKit/537.36 (KHTML, like Gecko) Chrome/131.0.6778.264 Mobile Safari/537.36 (compatible; Googlebot/2.1; +http://www.google.com/bot.html)"
66.249.66.66 - - [11/Jan/2025:15:54:09 -0500] "GET /item/176760?sellerview=on HTTP/1.1" 404 1251 "-" "Mozilla/5.0 (Linux; Android 6.0.1; Nexus 5X Build/MMB29P) AppleWebKit/537.36 (KHTML, like Gecko) Chrome/131.0.6778.264 Mobile Safari/537.36 (compatible; Googlebot/2.1; +http://www.google.com/bot.html)"
194.32.122.41 - - [11/Jan/2025:15:54:13 -0500] "GET / HTTP/1.0" 200 32783 "https://finationglobal.com/" "Mozilla/5.0 (Windows NT 10.0; Win64; x64) AppleWebKit/537.36 (KHTML, like Gecko) Chrome/103.0.0.0 Safari/537.36"
194.32.122.41 - - [11/Jan/2025:15:54:13 -0500] "GET /account/register HTTP/1.0" 200 8064 "https://finationglobal.com/account/register" "Mozilla/5.0 (Windows NT 10.0; Win64; x64) AppleWebKit/537.36 (KHTML, like Gecko) Chrome/103.0.0.0 Safari/537.36"
194.32.122.41 - - [11/Jan/2025:15:54:13 -0500] "POST /account/register HTTP/1.0" 200 8064 "https://finationglobal.com/account/register" "Mozilla/5.0 (Windows NT 10.0; Win64; x64) AppleWebKit/537.36 (KHTML, like Gecko) Chrome/103.0.0.0 Safari/537.36"
194.32.122.41 - - [11/Jan/2025:15:54:14 -0500] "GET /account/ HTTP/1.0" 302 1469 "https://finationglobal.com/" "Mozilla/5.0 (Windows NT 10.0; Win64; x64) AppleWebKit/537.36 (KHTML, like Gecko) Chrome/103.0.0.0 Safari/537.36"
66.249.66.65 - - [11/Jan/2025:15:55:22 -0500] "GET /cate/3245679 HTTP/1.1" 404 1251 "-" "Mozilla/5.0 (Linux; Android 6.0.1; Nexus 5X Build/MMB29P) AppleWebKit/537.36 (KHTML, like Gecko) Chrome/131.0.6778.264 Mobile Safari/537.36 (compatible; Googlebot/2.1; +http://www.google.com/bot.html)"
66.249.66.65 - - [11/Jan/2025:15:55:49 -0500] "GET /citem/3210078 HTTP/1.1" 404 1251 "-" "Mozilla/5.0 (Linux; Android 6.0.1; Nexus 5X Build/MMB29P) AppleWebKit/537.36 (KHTML, like Gecko) Chrome/131.0.6778.264 Mobile Safari/537.36 (compatible; Googlebot/2.1; +http://www.google.com/bot.html)"
194.32.122.41 - - [11/Jan/2025:15:57:16 -0500] "GET / HTTP/1.0" 200 32783 "https://finationglobal.com/" "Mozilla/5.0 (Windows NT 10.0) AppleWebKit/537.36 (KHTML, like Gecko) Chrome/103.0.0.0 Safari/537.36"
194.32.122.41 - - [11/Jan/2025:15:57:16 -0500] "GET /account/register HTTP/1.0" 200 8064 "https://finationglobal.com/account/register" "Mozilla/5.0 (Windows NT 10.0) AppleWebKit/537.36 (KHTML, like Gecko) Chrome/103.0.0.0 Safari/537.36"
194.32.122.41 - - [11/Jan/2025:15:57:17 -0500] "POST /account/register HTTP/1.0" 200 8064 "https://finationglobal.com/account/register" "Mozilla/5.0 (Windows NT 10.0) AppleWebKit/537.36 (KHTML, like Gecko) Chrome/103.0.0.0 Safari/537.36"
194.32.122.41 - - [11/Jan/2025:15:57:17 -0500] "GET /account/ HTTP/1.0" 302 1469 "https://finationglobal.com/" "Mozilla/5.0 (Windows NT 10.0) AppleWebKit/537.36 (KHTML, like Gecko) Chrome/103.0.0.0 Safari/537.36"
194.32.122.41 - - [11/Jan/2025:16:00:23 -0500] "GET / HTTP/1.0" 200 32783 "https://finationglobal.com/" "Mozilla/5.0 (Windows NT 6.3; Win64; x64) AppleWebKit/537.36 (KHTML, like Gecko) Chrome/103.0.5060.53 Safari/537.36"
194.32.122.41 - - [11/Jan/2025:16:00:23 -0500] "GET /account/register HTTP/1.0" 200 8064 "https://finationglobal.com/account/register" "Mozilla/5.0 (Windows NT 6.3; Win64; x64) AppleWebKit/537.36 (KHTML, like Gecko) Chrome/103.0.5060.53 Safari/537.36"
194.32.122.41 - - [11/Jan/2025:16:00:23 -0500] "POST /account/register HTTP/1.0" 200 8064 "https://finationglobal.com/account/register" "Mozilla/5.0 (Windows NT 6.3; Win64; x64) AppleWebKit/537.36 (KHTML, like Gecko) Chrome/103.0.5060.53 Safari/537.36"
194.32.122.41 - - [11/Jan/2025:16:00:24 -0500] "GET /account/ HTTP/1.0" 302 1469 "https://finationglobal.com/" "Mozilla/5.0 (Windows NT 6.3; Win64; x64) AppleWebKit/537.36 (KHTML, like Gecko) Chrome/103.0.5060.53 Safari/537.36"
66.249.66.22 - - [11/Jan/2025:16:02:02 -0500] "GET /.well-known/assetlinks.json HTTP/1.1" 404 1251 "-" "Mozilla/5.0 (compatible; Googlebot/2.1; +http://www.google.com/bot.html)"
194.32.122.41 - - [11/Jan/2025:16:03:32 -0500] "GET / HTTP/1.0" 200 32783 "https://finationglobal.com/" "Mozilla/5.0 (Windows NT 6.3; Win64; x64) AppleWebKit/537.36 (KHTML, like Gecko) Chrome/103.0.5060.53 Safari/537.36"
194.32.122.41 - - [11/Jan/2025:16:03:33 -0500] "GET /account/register HTTP/1.0" 200 8064 "https://finationglobal.com/account/register" "Mozilla/5.0 (Windows NT 6.3; Win64; x64) AppleWebKit/537.36 (KHTML, like Gecko) Chrome/103.0.5060.53 Safari/537.36"
194.32.122.41 - - [11/Jan/2025:16:03:33 -0500] "POST /account/register HTTP/1.0" 200 8064 "https://finationglobal.com/account/register" "Mozilla/5.0 (Windows NT 6.3; Win64; x64) AppleWebKit/537.36 (KHTML, like Gecko) Chrome/103.0.5060.53 Safari/537.36"
194.32.122.41 - - [11/Jan/2025:16:03:33 -0500] "GET /account/ HTTP/1.0" 302 1469 "https://finationglobal.com/" "Mozilla/5.0 (Windows NT 6.3; Win64; x64) AppleWebKit/537.36 (KHTML, like Gecko) Chrome/103.0.5060.53 Safari/537.36"
194.32.122.41 - - [11/Jan/2025:16:06:37 -0500] "GET / HTTP/1.0" 200 32783 "https://finationglobal.com/" "Mozilla/5.0 (Windows NT 10.0) AppleWebKit/537.36 (KHTML, like Gecko) Chrome/103.0.0.0 Safari/537.36"
194.32.122.41 - - [11/Jan/2025:16:06:38 -0500] "GET /account/register HTTP/1.0" 200 8064 "https://finationglobal.com/account/register" "Mozilla/5.0 (Windows NT 10.0) AppleWebKit/537.36 (KHTML, like Gecko) Chrome/103.0.0.0 Safari/537.36"
194.32.122.41 - - [11/Jan/2025:16:06:38 -0500] "POST /account/register HTTP/1.0" 200 8064 "https://finationglobal.com/account/register" "Mozilla/5.0 (Windows NT 10.0) AppleWebKit/537.36 (KHTML, like Gecko) Chrome/103.0.0.0 Safari/537.36"
194.32.122.41 - - [11/Jan/2025:16:06:39 -0500] "GET /account/ HTTP/1.0" 302 1469 "https://finationglobal.com/" "Mozilla/5.0 (Windows NT 10.0) AppleWebKit/537.36 (KHTML, like Gecko) Chrome/103.0.0.0 Safari/537.36"
84.17.47.101 - - [11/Jan/2025:16:08:26 -0500] "GET / HTTP/1.0" 200 32783 "https://finationglobal.com/" "Mozilla/5.0 (Windows NT 10.0; Win64; x64) AppleWebKit/537.36 (KHTML, like Gecko) Chrome/130.0.0.0 Safari/537.36 CCleaner/130.0.0.0"
194.32.122.41 - - [11/Jan/2025:16:09:41 -0500] "GET / HTTP/1.0" 200 32783 "https://finationglobal.com/" "Mozilla/5.0 (Windows NT 6.3; WOW64) AppleWebKit/537.36 (KHTML, like Gecko) Chrome/103.0.0.0 Safari/537.36"
194.32.122.41 - - [11/Jan/2025:16:09:41 -0500] "GET /account/register HTTP/1.0" 200 8064 "https://finationglobal.com/account/register" "Mozilla/5.0 (Windows NT 6.3; WOW64) AppleWebKit/537.36 (KHTML, like Gecko) Chrome/103.0.0.0 Safari/537.36"
194.32.122.41 - - [11/Jan/2025:16:09:41 -0500] "POST /account/register HTTP/1.0" 200 8064 "https://finationglobal.com/account/register" "Mozilla/5.0 (Windows NT 6.3; WOW64) AppleWebKit/537.36 (KHTML, like Gecko) Chrome/103.0.0.0 Safari/537.36"
194.32.122.41 - - [11/Jan/2025:16:09:42 -0500] "GET /account/ HTTP/1.0" 302 1469 "https://finationglobal.com/" "Mozilla/5.0 (Windows NT 6.3; WOW64) AppleWebKit/537.36 (KHTML, like Gecko) Chrome/103.0.0.0 Safari/537.36"
194.32.122.41 - - [11/Jan/2025:16:12:52 -0500] "GET / HTTP/1.0" 200 32783 "https://finationglobal.com/" "Mozilla/5.0 (Windows NT 6.1; WOW64) AppleWebKit/537.36 (KHTML, like Gecko) Chrome/103.0.0.0 Safari/537.36"
194.32.122.41 - - [11/Jan/2025:16:12:52 -0500] "GET /account/register HTTP/1.0" 200 8064 "https://finationglobal.com/account/register" "Mozilla/5.0 (Windows NT 6.1; WOW64) AppleWebKit/537.36 (KHTML, like Gecko) Chrome/103.0.0.0 Safari/537.36"
194.32.122.41 - - [11/Jan/2025:16:12:52 -0500] "POST /account/register HTTP/1.0" 200 8064 "https://finationglobal.com/account/register" "Mozilla/5.0 (Windows NT 6.1; WOW64) AppleWebKit/537.36 (KHTML, like Gecko) Chrome/103.0.0.0 Safari/537.36"
194.32.122.41 - - [11/Jan/2025:16:12:53 -0500] "GET /account/ HTTP/1.0" 302 1469 "https://finationglobal.com/" "Mozilla/5.0 (Windows NT 6.1; WOW64) AppleWebKit/537.36 (KHTML, like Gecko) Chrome/103.0.0.0 Safari/537.36"
194.32.122.41 - - [11/Jan/2025:16:15:55 -0500] "GET / HTTP/1.0" 200 32783 "https://finationglobal.com/" "Mozilla/5.0 (Windows NT 10.0; Win64; x64) AppleWebKit/537.36 (KHTML, like Gecko) Chrome/103.0.0.0 Safari/537.36 Herring/95.1.8810.11"
