197.250.133.81 - - [26/Apr/2025:10:13:53 -0400] "GET /account/geneology HTTP/1.1" 200 4922 "https://finationglobal.com/account/" "Mozilla/5.0 (Linux; Android 10; K) AppleWebKit/537.36 (KHTML, like Gecko) Chrome/134.0.0.0 Mobile Safari/537.36"
169.239.3.250 - - [26/Apr/2025:10:14:37 -0400] "GET /account/ HTTP/1.1" 200 6947 "https://finationglobal.com/account/login" "Mozilla/5.0 (X11; Linux x86_64) AppleWebKit/537.36 (KHTML, like Gecko) SamsungBrowser/27.0 Chrome/125.0.0.0 Safari/537.36"
169.239.3.250 - - [26/Apr/2025:10:14:38 -0400] "GET /account/login HTTP/1.1" 200 1297 "https://finationglobal.com/account/register?ref=Maryhilda1" "Mozilla/5.0 (X11; Linux x86_64) AppleWebKit/537.36 (KHTML, like Gecko) SamsungBrowser/27.0 Chrome/125.0.0.0 Safari/537.36"
169.239.3.250 - - [26/Apr/2025:10:14:39 -0400] "GET /account/register?ref=Maryhilda1 HTTP/1.1" 200 1856 "-" "Mozilla/5.0 (X11; Linux x86_64) AppleWebKit/537.36 (KHTML, like Gecko) SamsungBrowser/27.0 Chrome/125.0.0.0 Safari/537.36"
169.239.3.250 - - [26/Apr/2025:10:14:39 -0400] "GET /account/control.php?confirm=Maryhilda1 HTTP/1.1" 302 771 "https://finationglobal.com/account/register?ref=Maryhilda1" "Mozilla/5.0 (X11; Linux x86_64) AppleWebKit/537.36 (KHTML, like Gecko) SamsungBrowser/27.0 Chrome/125.0.0.0 Safari/537.36"
169.239.3.250 - - [26/Apr/2025:10:14:40 -0400] "GET /account/control?confirm=Maryhilda1 HTTP/1.1" 200 28 "https://finationglobal.com/account/register?ref=Maryhilda1" "Mozilla/5.0 (X11; Linux x86_64) AppleWebKit/537.36 (KHTML, like Gecko) SamsungBrowser/27.0 Chrome/125.0.0.0 Safari/537.36"
197.250.231.100 - - [26/Apr/2025:10:14:40 -0400] "GET /account/ HTTP/1.1" 200 8175 "https://finationglobal.com/account/geneology?user=kamege" "Mozilla/5.0 (Linux; Android 10; K) AppleWebKit/537.36 (KHTML, like Gecko) Chrome/133.0.0.0 Mobile Safari/537.36"
197.250.231.100 - - [26/Apr/2025:10:14:52 -0400] "GET /account/geneology HTTP/1.1" 200 4757 "https://finationglobal.com/account/" "Mozilla/5.0 (Linux; Android 10; K) AppleWebKit/537.36 (KHTML, like Gecko) Chrome/133.0.0.0 Mobile Safari/537.36"
197.250.231.100 - - [26/Apr/2025:10:14:57 -0400] "POST /account/geneology HTTP/1.1" 200 4736 "https://finationglobal.com/account/geneology" "Mozilla/5.0 (Linux; Android 10; K) AppleWebKit/537.36 (KHTML, like Gecko) Chrome/133.0.0.0 Mobile Safari/537.36"
197.211.59.103 - - [26/Apr/2025:10:15:49 -0400] "GET /account/register?ref=thenation&upline=juliee HTTP/1.1" 200 1863 "-" "Mozilla/5.0 (Linux; Android 10; K) AppleWebKit/537.36 (KHTML, like Gecko) Chrome/133.0.0.0 Mobile Safari/537.36"
197.211.59.103 - - [26/Apr/2025:10:15:52 -0400] "GET /assets/js/swither-styles.js HTTP/1.1" 200 7609 "https://finationglobal.com/account/register?ref=thenation&upline=juliee" "Mozilla/5.0 (Linux; Android 10; K) AppleWebKit/537.36 (KHTML, like Gecko) Chrome/133.0.0.0 Mobile Safari/537.36"
197.211.59.103 - - [26/Apr/2025:10:15:52 -0400] "GET /assets/plugins/input-mask/jquery.mask.min.js HTTP/1.1" 200 6191 "https://finationglobal.com/account/register?ref=thenation&upline=juliee" "Mozilla/5.0 (Linux; Android 10; K) AppleWebKit/537.36 (KHTML, like Gecko) Chrome/133.0.0.0 Mobile Safari/537.36"
197.211.59.103 - - [26/Apr/2025:10:15:52 -0400] "GET /assets/js/themeColors.js HTTP/1.1" 200 5058 "https://finationglobal.com/account/register?ref=thenation&upline=juliee" "Mozilla/5.0 (Linux; Android 10; K) AppleWebKit/537.36 (KHTML, like Gecko) Chrome/133.0.0.0 Mobile Safari/537.36"
197.211.59.103 - - [26/Apr/2025:10:15:54 -0400] "GET /account/control.php?confirm=thenation HTTP/1.1" 302 771 "https://finationglobal.com/account/register?ref=thenation&upline=juliee" "Mozilla/5.0 (Linux; Android 10; K) AppleWebKit/537.36 (KHTML, like Gecko) Chrome/133.0.0.0 Mobile Safari/537.36"
197.211.59.103 - - [26/Apr/2025:10:15:54 -0400] "GET /account/control.php?confirm=juliee HTTP/1.1" 302 771 "https://finationglobal.com/account/register?ref=thenation&upline=juliee" "Mozilla/5.0 (Linux; Android 10; K) AppleWebKit/537.36 (KHTML, like Gecko) Chrome/133.0.0.0 Mobile Safari/537.36"
197.211.59.103 - - [26/Apr/2025:10:15:54 -0400] "GET /account/control?confirm=thenation HTTP/1.1" 200 30 "https://finationglobal.com/account/register?ref=thenation&upline=juliee" "Mozilla/5.0 (Linux; Android 10; K) AppleWebKit/537.36 (KHTML, like Gecko) Chrome/133.0.0.0 Mobile Safari/537.36"
197.211.59.103 - - [26/Apr/2025:10:15:54 -0400] "GET /account/control?confirm=juliee HTTP/1.1" 200 32 "https://finationglobal.com/account/register?ref=thenation&upline=juliee" "Mozilla/5.0 (Linux; Android 10; K) AppleWebKit/537.36 (KHTML, like Gecko) Chrome/133.0.0.0 Mobile Safari/537.36"
197.250.230.36 - - [26/Apr/2025:10:16:47 -0400] "GET /account/ HTTP/1.1" 302 508 "https://finationglobal.com/account/login" "Mozilla/5.0 (Linux; Android 10; K) AppleWebKit/537.36 (KHTML, like Gecko) Chrome/135.0.0.0 Mobile Safari/537.36"
197.250.230.36 - - [26/Apr/2025:10:16:47 -0400] "GET /account/register?ref=temab HTTP/1.1" 200 1854 "-" "Mozilla/5.0 (Linux; Android 10; K) AppleWebKit/537.36 (KHTML, like Gecko) Chrome/135.0.0.0 Mobile Safari/537.36"
197.250.230.36 - - [26/Apr/2025:10:16:47 -0400] "GET /account/login.php HTTP/1.1" 302 771 "https://finationglobal.com/account/login" "Mozilla/5.0 (Linux; Android 10; K) AppleWebKit/537.36 (KHTML, like Gecko) Chrome/135.0.0.0 Mobile Safari/537.36"
197.250.230.36 - - [26/Apr/2025:10:16:47 -0400] "GET /account/login HTTP/1.1" 200 1297 "https://finationglobal.com/account/login" "Mozilla/5.0 (Linux; Android 10; K) AppleWebKit/537.36 (KHTML, like Gecko) Chrome/135.0.0.0 Mobile Safari/537.36"
197.250.230.36 - - [26/Apr/2025:10:16:48 -0400] "GET /account/control.php?confirm=temab HTTP/1.1" 302 771 "https://finationglobal.com/account/register?ref=temab" "Mozilla/5.0 (Linux; Android 10; K) AppleWebKit/537.36 (KHTML, like Gecko) Chrome/135.0.0.0 Mobile Safari/537.36"
197.250.230.36 - - [26/Apr/2025:10:16:48 -0400] "GET /account/control?confirm=temab HTTP/1.1" 200 30 "https://finationglobal.com/account/register?ref=temab" "Mozilla/5.0 (Linux; Android 10; K) AppleWebKit/537.36 (KHTML, like Gecko) Chrome/135.0.0.0 Mobile Safari/537.36"
197.250.230.36 - - [26/Apr/2025:10:17:20 -0400] "GET /account/login HTTP/1.1" 200 1297 "https://finationglobal.com/account/register?ref=temab" "Mozilla/5.0 (Linux; Android 10; K) AppleWebKit/537.36 (KHTML, like Gecko) Chrome/135.0.0.0 Mobile Safari/537.36"
197.250.230.36 - - [26/Apr/2025:10:17:28 -0400] "POST /account/login HTTP/1.1" 302 1297 "https://finationglobal.com/account/login" "Mozilla/5.0 (Linux; Android 10; K) AppleWebKit/537.36 (KHTML, like Gecko) Chrome/135.0.0.0 Mobile Safari/537.36"
197.211.59.103 - - [26/Apr/2025:10:17:29 -0400] "POST /account/register?ref=thenation&upline=juliee HTTP/1.1" 302 2047 "https://finationglobal.com/account/register?ref=thenation&upline=juliee" "Mozilla/5.0 (Linux; Android 10; K) AppleWebKit/537.36 (KHTML, like Gecko) Chrome/133.0.0.0 Mobile Safari/537.36"
197.211.59.103 - - [26/Apr/2025:10:17:29 -0400] "GET /account/ HTTP/1.1" 302 508 "https://finationglobal.com/account/register?ref=thenation&upline=juliee" "Mozilla/5.0 (Linux; Android 10; K) AppleWebKit/537.36 (KHTML, like Gecko) Chrome/133.0.0.0 Mobile Safari/537.36"
197.250.230.36 - - [26/Apr/2025:10:17:29 -0400] "GET /account/ HTTP/1.1" 200 6822 "https://finationglobal.com/account/login" "Mozilla/5.0 (Linux; Android 10; K) AppleWebKit/537.36 (KHTML, like Gecko) Chrome/135.0.0.0 Mobile Safari/537.36"
197.250.230.36 - - [26/Apr/2025:10:17:30 -0400] "POST /account/login HTTP/1.1" 302 1297 "https://finationglobal.com/account/login" "Mozilla/5.0 (Linux; Android 10; K) AppleWebKit/537.36 (KHTML, like Gecko) Chrome/135.0.0.0 Mobile Safari/537.36"
197.211.59.103 - - [26/Apr/2025:10:17:29 -0400] "GET /account/index HTTP/1.1" 200 6408 "https://finationglobal.com/account/register?ref=thenation&upline=juliee" "Mozilla/5.0 (Linux; Android 10; K) AppleWebKit/537.36 (KHTML, like Gecko) Chrome/133.0.0.0 Mobile Safari/537.36"
197.211.59.103 - - [26/Apr/2025:10:17:30 -0400] "GET /account/finationbr.png HTTP/1.1" 200 16423 "https://finationglobal.com/account/index" "Mozilla/5.0 (Linux; Android 10; K) AppleWebKit/537.36 (KHTML, like Gecko) Chrome/133.0.0.0 Mobile Safari/537.36"
197.211.59.103 - - [26/Apr/2025:10:17:30 -0400] "GET /account/uploads/user.png HTTP/1.1" 200 19456 "https://finationglobal.com/account/index" "Mozilla/5.0 (Linux; Android 10; K) AppleWebKit/537.36 (KHTML, like Gecko) Chrome/133.0.0.0 Mobile Safari/537.36"
197.211.59.103 - - [26/Apr/2025:10:17:30 -0400] "GET /account/uploads/31z4n63t8i1e.jpg HTTP/1.1" 200 404074 "https://finationglobal.com/account/index" "Mozilla/5.0 (Linux; Android 10; K) AppleWebKit/537.36 (KHTML, like Gecko) Chrome/133.0.0.0 Mobile Safari/537.36"
197.211.59.103 - - [26/Apr/2025:10:17:30 -0400] "GET /account/uploads/gc2faa3dhxyi.jpg HTTP/1.1" 200 415134 "https://finationglobal.com/account/index" "Mozilla/5.0 (Linux; Android 10; K) AppleWebKit/537.36 (KHTML, like Gecko) Chrome/133.0.0.0 Mobile Safari/537.36"
197.211.59.103 - - [26/Apr/2025:10:17:30 -0400] "GET /assets/js/jquery.sparkline.min.js HTTP/1.1" 200 15624 "https://finationglobal.com/account/index" "Mozilla/5.0 (Linux; Android 10; K) AppleWebKit/537.36 (KHTML, like Gecko) Chrome/133.0.0.0 Mobile Safari/537.36"
197.211.59.103 - - [26/Apr/2025:10:17:30 -0400] "GET /assets/plugins/chart/Chart.bundle.js HTTP/1.1" 200 100033 "https://finationglobal.com/account/index" "Mozilla/5.0 (Linux; Android 10; K) AppleWebKit/537.36 (KHTML, like Gecko) Chrome/133.0.0.0 Mobile Safari/537.36"
197.211.59.103 - - [26/Apr/2025:10:17:30 -0400] "GET /assets/plugins/chart/utils.js HTTP/1.1" 200 3983 "https://finationglobal.com/account/index" "Mozilla/5.0 (Linux; Android 10; K) AppleWebKit/537.36 (KHTML, like Gecko) Chrome/133.0.0.0 Mobile Safari/537.36"
197.211.59.103 - - [26/Apr/2025:10:17:30 -0400] "GET /assets/js/sticky.js HTTP/1.1" 200 3447 "https://finationglobal.com/account/index" "Mozilla/5.0 (Linux; Android 10; K) AppleWebKit/537.36 (KHTML, like Gecko) Chrome/133.0.0.0 Mobile Safari/537.36"
197.211.59.103 - - [26/Apr/2025:10:17:30 -0400] "GET /assets/plugins/peitychart/jquery.peity.min.js HTTP/1.1" 200 4883 "https://finationglobal.com/account/index" "Mozilla/5.0 (Linux; Android 10; K) AppleWebKit/537.36 (KHTML, like Gecko) Chrome/133.0.0.0 Mobile Safari/537.36"
197.211.59.103 - - [26/Apr/2025:10:17:30 -0400] "GET /assets/plugins/select2/select2.full.min.js HTTP/1.1" 200 23523 "https://finationglobal.com/account/index" "Mozilla/5.0 (Linux; Android 10; K) AppleWebKit/537.36 (KHTML, like Gecko) Chrome/133.0.0.0 Mobile Safari/537.36"
197.211.59.103 - - [26/Apr/2025:10:17:30 -0400] "GET /assets/plugins/peitychart/peitychart.init.js HTTP/1.1" 200 3563 "https://finationglobal.com/account/index" "Mozilla/5.0 (Linux; Android 10; K) AppleWebKit/537.36 (KHTML, like Gecko) Chrome/133.0.0.0 Mobile Safari/537.36"
197.211.59.103 - - [26/Apr/2025:10:17:30 -0400] "GET /assets/plugins/datatable/js/dataTables.bootstrap5.js HTTP/1.1" 200 5023 "https://finationglobal.com/account/index" "Mozilla/5.0 (Linux; Android 10; K) AppleWebKit/537.36 (KHTML, like Gecko) Chrome/133.0.0.0 Mobile Safari/537.36"
197.211.59.103 - - [26/Apr/2025:10:17:30 -0400] "GET /assets/plugins/sidebar/sidebar.js HTTP/1.1" 200 3987 "https://finationglobal.com/account/index" "Mozilla/5.0 (Linux; Android 10; K) AppleWebKit/537.36 (KHTML, like Gecko) Chrome/133.0.0.0 Mobile Safari/537.36"
197.211.59.103 - - [26/Apr/2025:10:17:30 -0400] "GET /assets/plugins/datatable/js/jquery.dataTables.min.js HTTP/1.1" 200 31890 "https://finationglobal.com/account/index" "Mozilla/5.0 (Linux; Android 10; K) AppleWebKit/537.36 (KHTML, like Gecko) Chrome/133.0.0.0 Mobile Safari/537.36"
197.211.59.103 - - [26/Apr/2025:10:17:30 -0400] "GET /assets/js/index1.js HTTP/1.1" 200 4284 "https://finationglobal.com/account/index" "Mozilla/5.0 (Linux; Android 10; K) AppleWebKit/537.36 (KHTML, like Gecko) Chrome/133.0.0.0 Mobile Safari/537.36"
197.211.59.103 - - [26/Apr/2025:10:17:30 -0400] "GET /assets/plugins/p-scroll/pscroll.js HTTP/1.1" 200 3063 "https://finationglobal.com/account/index" "Mozilla/5.0 (Linux; Android 10; K) AppleWebKit/537.36 (KHTML, like Gecko) Chrome/133.0.0.0 Mobile Safari/537.36"
197.211.59.103 - - [26/Apr/2025:10:17:30 -0400] "GET /account/pngtree.png HTTP/1.1" 200 5486 "https://finationglobal.com/account/index" "Mozilla/5.0 (Linux; Android 10; K) AppleWebKit/537.36 (KHTML, like Gecko) Chrome/133.0.0.0 Mobile Safari/537.36"
197.211.59.103 - - [26/Apr/2025:10:17:30 -0400] "GET /assets/plugins/datatable/dataTables.responsive.min.js HTTP/1.1" 200 8732 "https://finationglobal.com/account/index" "Mozilla/5.0 (Linux; Android 10; K) AppleWebKit/537.36 (KHTML, like Gecko) Chrome/133.0.0.0 Mobile Safari/537.36"
197.211.59.103 - - [26/Apr/2025:10:17:30 -0400] "GET /assets/js/apexcharts.js HTTP/1.1" 200 125432 "https://finationglobal.com/account/index" "Mozilla/5.0 (Linux; Android 10; K) AppleWebKit/537.36 (KHTML, like Gecko) Chrome/133.0.0.0 Mobile Safari/537.36"
197.211.59.103 - - [26/Apr/2025:10:17:30 -0400] "GET /assets/plugins/p-scroll/pscroll-1.js HTTP/1.1" 200 3050 "https://finationglobal.com/account/index" "Mozilla/5.0 (Linux; Android 10; K) AppleWebKit/537.36 (KHTML, like Gecko) Chrome/133.0.0.0 Mobile Safari/537.36"
197.211.59.103 - - [26/Apr/2025:10:17:30 -0400] "GET /assets/plugins/sidemenu/sidemenu.js HTTP/1.1" 200 6080 "https://finationglobal.com/account/index" "Mozilla/5.0 (Linux; Android 10; K) AppleWebKit/537.36 (KHTML, like Gecko) Chrome/133.0.0.0 Mobile Safari/537.36"
197.211.59.103 - - [26/Apr/2025:10:17:30 -0400] "GET /assets/plugins/echarts/echarts.js HTTP/1.1" 200 756408 "https://finationglobal.com/account/index" "Mozilla/5.0 (Linux; Android 10; K) AppleWebKit/537.36 (KHTML, like Gecko) Chrome/133.0.0.0 Mobile Safari/537.36"
197.250.230.36 - - [26/Apr/2025:10:17:30 -0400] "GET /account/ HTTP/1.1" 200 6822 "https://finationglobal.com/account/login" "Mozilla/5.0 (Linux; Android 10; K) AppleWebKit/537.36 (KHTML, like Gecko) Chrome/135.0.0.0 Mobile Safari/537.36"
197.211.59.103 - - [26/Apr/2025:10:17:32 -0400] "GET /assets/iconfonts/feather/fonts/feather-webfont.woff?t=1501841394106 HTTP/1.1" 200 28984 "https://finationglobal.com/assets/css/style.css" "Mozilla/5.0 (Linux; Android 10; K) AppleWebKit/537.36 (KHTML, like Gecko) Chrome/133.0.0.0 Mobile Safari/537.36"
197.250.230.36 - - [26/Apr/2025:10:17:37 -0400] "GET /account/ HTTP/1.1" 200 6822 "https://finationglobal.com/account/login" "Mozilla/5.0 (Linux; Android 10; K) AppleWebKit/537.36 (KHTML, like Gecko) Chrome/135.0.0.0 Mobile Safari/537.36"
197.211.59.103 - - [26/Apr/2025:10:17:51 -0400] "GET /account/index HTTP/1.1" 200 6409 "https://finationglobal.com/account/register?ref=thenation&upline=juliee" "Mozilla/5.0 (Linux; Android 10; K) AppleWebKit/537.36 (KHTML, like Gecko) Chrome/133.0.0.0 Mobile Safari/537.36"
197.250.230.36 - - [26/Apr/2025:10:18:09 -0400] "GET /account/referrals HTTP/1.1" 200 4455 "https://finationglobal.com/account/" "Mozilla/5.0 (Linux; Android 10; K) AppleWebKit/537.36 (KHTML, like Gecko) Chrome/135.0.0.0 Mobile Safari/537.36"
197.250.230.36 - - [26/Apr/2025:10:19:12 -0400] "GET /account/geneology HTTP/1.1" 200 4867 "https://finationglobal.com/account/referrals" "Mozilla/5.0 (Linux; Android 10; K) AppleWebKit/537.36 (KHTML, like Gecko) Chrome/135.0.0.0 Mobile Safari/537.36"
197.250.230.36 - - [26/Apr/2025:10:19:13 -0400] "GET /account/treestyle.css HTTP/1.1" 200 576 "https://finationglobal.com/account/geneology" "Mozilla/5.0 (Linux; Android 10; K) AppleWebKit/537.36 (KHTML, like Gecko) Chrome/135.0.0.0 Mobile Safari/537.36"
197.250.230.36 - - [26/Apr/2025:10:19:13 -0400] "GET /account/uploads/x.jpg HTTP/1.1" 200 2127 "https://finationglobal.com/account/geneology" "Mozilla/5.0 (Linux; Android 10; K) AppleWebKit/537.36 (KHTML, like Gecko) Chrome/135.0.0.0 Mobile Safari/537.36"
197.250.230.36 - - [26/Apr/2025:10:19:13 -0400] "GET /account/uploads/u0.png HTTP/1.1" 200 2127 "https://finationglobal.com/account/geneology" "Mozilla/5.0 (Linux; Android 10; K) AppleWebKit/537.36 (KHTML, like Gecko) Chrome/135.0.0.0 Mobile Safari/537.36"
197.250.133.81 - - [26/Apr/2025:10:19:23 -0400] "POST /account/geneology HTTP/1.1" 200 4757 "https://finationglobal.com/account/geneology" "Mozilla/5.0 (Linux; Android 10; K) AppleWebKit/537.36 (KHTML, like Gecko) Chrome/134.0.0.0 Mobile Safari/537.36"
197.250.133.81 - - [26/Apr/2025:10:19:34 -0400] "GET /account/geneology HTTP/1.1" 200 4757 "https://finationglobal.com/account/" "Mozilla/5.0 (Linux; Android 10; K) AppleWebKit/537.36 (KHTML, like Gecko) Chrome/134.0.0.0 Mobile Safari/537.36"
197.250.133.81 - - [26/Apr/2025:10:19:40 -0400] "POST /account/geneology HTTP/1.1" 200 4905 "https://finationglobal.com/account/geneology" "Mozilla/5.0 (Linux; Android 10; K) AppleWebKit/537.36 (KHTML, like Gecko) Chrome/134.0.0.0 Mobile Safari/537.36"
197.250.133.81 - - [26/Apr/2025:10:19:50 -0400] "GET /account/geneology?user=blessedman02 HTTP/1.1" 200 4839 "https://finationglobal.com/account/geneology" "Mozilla/5.0 (Linux; Android 10; K) AppleWebKit/537.36 (KHTML, like Gecko) Chrome/134.0.0.0 Mobile Safari/537.36"
197.250.51.52 - - [26/Apr/2025:10:20:31 -0400] "GET /r/kirimbo HTTP/1.1" 301 795 "-" "Mozilla/5.0 (Linux; Android 10; K) AppleWebKit/537.36 (KHTML, like Gecko) Chrome/135.0.0.0 Mobile Safari/537.36"
197.250.51.52 - - [26/Apr/2025:10:20:32 -0400] "GET /account/register?ref=kirimbo HTTP/1.1" 200 1860 "-" "Mozilla/5.0 (Linux; Android 10; K) AppleWebKit/537.36 (KHTML, like Gecko) Chrome/135.0.0.0 Mobile Safari/537.36"
197.250.51.52 - - [26/Apr/2025:10:20:33 -0400] "GET /account/control.php?confirm=kirimbo HTTP/1.1" 302 771 "https://finationglobal.com/account/register?ref=kirimbo" "Mozilla/5.0 (Linux; Android 10; K) AppleWebKit/537.36 (KHTML, like Gecko) Chrome/135.0.0.0 Mobile Safari/537.36"
197.250.51.52 - - [26/Apr/2025:10:20:33 -0400] "GET /account/control?confirm=kirimbo HTTP/1.1" 200 33 "https://finationglobal.com/account/register?ref=kirimbo" "Mozilla/5.0 (Linux; Android 10; K) AppleWebKit/537.36 (KHTML, like Gecko) Chrome/135.0.0.0 Mobile Safari/537.36"
197.250.133.81 - - [26/Apr/2025:10:20:37 -0400] "GET /account/geneology?user=blessedman01 HTTP/1.1" 200 4826 "https://finationglobal.com/account/geneology" "Mozilla/5.0 (Linux; Android 10; K) AppleWebKit/537.36 (KHTML, like Gecko) Chrome/134.0.0.0 Mobile Safari/537.36"
197.250.51.52 - - [26/Apr/2025:10:22:29 -0400] "GET /account/login HTTP/1.1" 200 1297 "https://finationglobal.com/account/register?ref=kirimbo" "Mozilla/5.0 (Linux; Android 10; K) AppleWebKit/537.36 (KHTML, like Gecko) Chrome/135.0.0.0 Mobile Safari/537.36"
197.250.230.36 - - [26/Apr/2025:10:23:01 -0400] "GET /account/referrals HTTP/1.1" 200 4453 "https://finationglobal.com/account/" "Mozilla/5.0 (Linux; Android 10; K) AppleWebKit/537.36 (KHTML, like Gecko) Chrome/135.0.0.0 Mobile Safari/537.36"
197.250.230.36 - - [26/Apr/2025:10:23:02 -0400] "GET /account/ HTTP/1.1" 200 0 "https://finationglobal.com/account/login" "Mozilla/5.0 (Linux; Android 10; K) AppleWebKit/537.36 (KHTML, like Gecko) Chrome/135.0.0.0 Mobile Safari/537.36"
197.250.230.36 - - [26/Apr/2025:10:23:02 -0400] "GET /account/login HTTP/1.1" 200 1297 "https://finationglobal.com/account/register?ref=temab" "Mozilla/5.0 (Linux; Android 10; K) AppleWebKit/537.36 (KHTML, like Gecko) Chrome/135.0.0.0 Mobile Safari/537.36"
197.250.51.52 - - [26/Apr/2025:10:23:05 -0400] "POST /account/login HTTP/1.1" 302 1297 "https://finationglobal.com/account/login" "Mozilla/5.0 (Linux; Android 10; K) AppleWebKit/537.36 (KHTML, like Gecko) Chrome/135.0.0.0 Mobile Safari/537.36"
197.250.51.52 - - [26/Apr/2025:10:23:06 -0400] "GET /account/ HTTP/1.1" 200 6820 "https://finationglobal.com/account/login" "Mozilla/5.0 (Linux; Android 10; K) AppleWebKit/537.36 (KHTML, like Gecko) Chrome/135.0.0.0 Mobile Safari/537.36"
197.250.51.52 - - [26/Apr/2025:10:23:07 -0400] "GET /account/uploads/u1.png HTTP/1.1" 200 2924 "https://finationglobal.com/account/" "Mozilla/5.0 (Linux; Android 10; K) AppleWebKit/537.36 (KHTML, like Gecko) Chrome/135.0.0.0 Mobile Safari/537.36"
197.211.59.103 - - [26/Apr/2025:10:23:27 -0400] "GET /account/subscriptionplans HTTP/1.1" 200 5221 "https://finationglobal.com/account/index" "Mozilla/5.0 (Linux; Android 10; K) AppleWebKit/537.36 (KHTML, like Gecko) Chrome/133.0.0.0 Mobile Safari/537.36"
102.89.84.24 - - [26/Apr/2025:10:23:31 -0400] "GET /account/geneology?user=alphameg HTTP/1.1" 200 5235 "https://finationglobal.com/account/geneology?user=beaulahjewel" "Mozilla/5.0 (Linux; Android 10; K) AppleWebKit/537.36 (KHTML, like Gecko) Chrome/135.0.0.0 Mobile Safari/537.36"
197.250.99.26 - - [26/Apr/2025:10:23:58 -0400] "GET /r/kingndelwa HTTP/1.1" 301 795 "-" "Mozilla/5.0 (Linux; Android 10; K) AppleWebKit/537.36 (KHTML, like Gecko) Chrome/134.0.0.0 Mobile Safari/537.36"
197.250.99.26 - - [26/Apr/2025:10:23:58 -0400] "GET /account/register?ref=kingndelwa HTTP/1.1" 200 1856 "-" "Mozilla/5.0 (Linux; Android 10; K) AppleWebKit/537.36 (KHTML, like Gecko) Chrome/134.0.0.0 Mobile Safari/537.36"
197.250.99.26 - - [26/Apr/2025:10:23:58 -0400] "GET /assets/plugins/bootstrap/css/bootstrap.min.css HTTP/1.1" 304 0 "https://finationglobal.com/account/register?ref=kingndelwa" "Mozilla/5.0 (Linux; Android 10; K) AppleWebKit/537.36 (KHTML, like Gecko) Chrome/134.0.0.0 Mobile Safari/537.36"
197.250.99.26 - - [26/Apr/2025:10:23:58 -0400] "GET /assets/css/style.css HTTP/1.1" 304 0 "https://finationglobal.com/account/register?ref=kingndelwa" "Mozilla/5.0 (Linux; Android 10; K) AppleWebKit/537.36 (KHTML, like Gecko) Chrome/134.0.0.0 Mobile Safari/537.36"
197.250.99.26 - - [26/Apr/2025:10:23:58 -0400] "GET /assets/css/plugins.css HTTP/1.1" 304 0 "https://finationglobal.com/account/register?ref=kingndelwa" "Mozilla/5.0 (Linux; Android 10; K) AppleWebKit/537.36 (KHTML, like Gecko) Chrome/134.0.0.0 Mobile Safari/537.36"
197.250.99.26 - - [26/Apr/2025:10:23:58 -0400] "GET /assets/css/icons.css HTTP/1.1" 304 0 "https://finationglobal.com/account/register?ref=kingndelwa" "Mozilla/5.0 (Linux; Android 10; K) AppleWebKit/537.36 (KHTML, like Gecko) Chrome/134.0.0.0 Mobile Safari/537.36"
197.250.99.26 - - [26/Apr/2025:10:24:00 -0400] "GET /assets/iconfonts/ionicons/ionicons.css HTTP/1.1" 304 0 "https://finationglobal.com/assets/css/icons.css" "Mozilla/5.0 (Linux; Android 10; K) AppleWebKit/537.36 (KHTML, like Gecko) Chrome/134.0.0.0 Mobile Safari/537.36"
197.250.99.26 - - [26/Apr/2025:10:24:00 -0400] "GET /assets/iconfonts/glyphicons/glyphicon.css HTTP/1.1" 304 0 "https://finationglobal.com/assets/css/icons.css" "Mozilla/5.0 (Linux; Android 10; K) AppleWebKit/537.36 (KHTML, like Gecko) Chrome/134.0.0.0 Mobile Safari/537.36"
197.250.99.26 - - [26/Apr/2025:10:24:00 -0400] "GET /assets/iconfonts/weathericons/weathericons.css HTTP/1.1" 304 0 "https://finationglobal.com/assets/css/icons.css" "Mozilla/5.0 (Linux; Android 10; K) AppleWebKit/537.36 (KHTML, like Gecko) Chrome/134.0.0.0 Mobile Safari/537.36"
197.250.99.26 - - [26/Apr/2025:10:24:00 -0400] "GET /assets/iconfonts/bootstrapicons/bootstrap-icons.css HTTP/1.1" 304 0 "https://finationglobal.com/assets/css/icons.css" "Mozilla/5.0 (Linux; Android 10; K) AppleWebKit/537.36 (KHTML, like Gecko) Chrome/134.0.0.0 Mobile Safari/537.36"
197.250.99.26 - - [26/Apr/2025:10:24:00 -0400] "GET /assets/iconfonts/themify/themify.css HTTP/1.1" 304 0 "https://finationglobal.com/assets/css/icons.css" "Mozilla/5.0 (Linux; Android 10; K) AppleWebKit/537.36 (KHTML, like Gecko) Chrome/134.0.0.0 Mobile Safari/537.36"
197.250.99.26 - - [26/Apr/2025:10:24:00 -0400] "GET /assets/iconfonts/materialdesignicons/materialdesignicons.css HTTP/1.1" 304 0 "https://finationglobal.com/assets/css/icons.css" "Mozilla/5.0 (Linux; Android 10; K) AppleWebKit/537.36 (KHTML, like Gecko) Chrome/134.0.0.0 Mobile Safari/537.36"
197.250.99.26 - - [26/Apr/2025:10:24:00 -0400] "GET /assets/plugins/iconfonts/remixicon/remixicon.css HTTP/1.1" 304 0 "https://finationglobal.com/assets/css/icons.css" "Mozilla/5.0 (Linux; Android 10; K) AppleWebKit/537.36 (KHTML, like Gecko) Chrome/134.0.0.0 Mobile Safari/537.36"
197.250.99.26 - - [26/Apr/2025:10:24:00 -0400] "GET /assets/iconfonts/typicons/typicons.css HTTP/1.1" 304 0 "https://finationglobal.com/assets/css/icons.css" "Mozilla/5.0 (Linux; Android 10; K) AppleWebKit/537.36 (KHTML, like Gecko) Chrome/134.0.0.0 Mobile Safari/537.36"
197.250.99.26 - - [26/Apr/2025:10:24:00 -0400] "GET /assets/iconfonts/linearicons/Linearicons.css HTTP/1.1" 304 0 "https://finationglobal.com/assets/css/icons.css" "Mozilla/5.0 (Linux; Android 10; K) AppleWebKit/537.36 (KHTML, like Gecko) Chrome/134.0.0.0 Mobile Safari/537.36"
197.250.99.26 - - [26/Apr/2025:10:24:00 -0400] "GET /assets/images/loader.svg HTTP/1.1" 304 0 "https://finationglobal.com/account/register?ref=kingndelwa" "Mozilla/5.0 (Linux; Android 10; K) AppleWebKit/537.36 (KHTML, like Gecko) Chrome/134.0.0.0 Mobile Safari/537.36"
197.250.99.26 - - [26/Apr/2025:10:24:00 -0400] "GET /assets/iconfonts/pe-icon-7-stroke/Pe-icon-7.css HTTP/1.1" 304 0 "https://finationglobal.com/assets/css/icons.css" "Mozilla/5.0 (Linux; Android 10; K) AppleWebKit/537.36 (KHTML, like Gecko) Chrome/134.0.0.0 Mobile Safari/537.36"
197.250.99.26 - - [26/Apr/2025:10:24:00 -0400] "GET /assets/iconfonts/simple-line-icons/simple-line-icons.css HTTP/1.1" 304 0 "https://finationglobal.com/assets/css/icons.css" "Mozilla/5.0 (Linux; Android 10; K) AppleWebKit/537.36 (KHTML, like Gecko) Chrome/134.0.0.0 Mobile Safari/537.36"
197.250.99.26 - - [26/Apr/2025:10:24:00 -0400] "GET /assets/iconfonts/font-awesome/css/font-awesome.min.css HTTP/1.1" 304 0 "https://finationglobal.com/assets/css/icons.css" "Mozilla/5.0 (Linux; Android 10; K) AppleWebKit/537.36 (KHTML, like Gecko) Chrome/134.0.0.0 Mobile Safari/537.36"
197.250.99.26 - - [26/Apr/2025:10:24:00 -0400] "GET /assets/iconfonts/feather/feather.css HTTP/1.1" 304 0 "https://finationglobal.com/assets/css/icons.css" "Mozilla/5.0 (Linux; Android 10; K) AppleWebKit/537.36 (KHTML, like Gecko) Chrome/134.0.0.0 Mobile Safari/537.36"
197.250.99.26 - - [26/Apr/2025:10:24:00 -0400] "GET /account/finbrand.png HTTP/1.1" 304 0 "https://finationglobal.com/account/register?ref=kingndelwa" "Mozilla/5.0 (Linux; Android 10; K) AppleWebKit/537.36 (KHTML, like Gecko) Chrome/134.0.0.0 Mobile Safari/537.36"
197.250.99.26 - - [26/Apr/2025:10:24:00 -0400] "GET /assets/iconfonts/materialdesignicons/fonts/Material-Design-Iconic-Font.woff2?v=2.2.0 HTTP/1.1" 304 0 "https://finationglobal.com/assets/iconfonts/materialdesignicons/materialdesignicons.css" "Mozilla/5.0 (Linux; Android 10; K) AppleWebKit/537.36 (KHTML, like Gecko) Chrome/134.0.0.0 Mobile Safari/537.36"
197.250.99.26 - - [26/Apr/2025:10:24:00 -0400] "GET /assets/iconfonts/materialdesignicons/fonts/materialdesignicons-webfont.woff2?v=2.0.46 HTTP/1.1" 304 0 "https://finationglobal.com/assets/iconfonts/materialdesignicons/materialdesignicons.css" "Mozilla/5.0 (Linux; Android 10; K) AppleWebKit/537.36 (KHTML, like Gecko) Chrome/134.0.0.0 Mobile Safari/537.36"
197.250.99.26 - - [26/Apr/2025:10:24:00 -0400] "GET /assets/iconfonts/font-awesome/fonts/fontawesome-webfont.woff2?v=4.7.0 HTTP/1.1" 304 0 "https://finationglobal.com/assets/iconfonts/font-awesome/css/font-awesome.min.css" "Mozilla/5.0 (Linux; Android 10; K) AppleWebKit/537.36 (KHTML, like Gecko) Chrome/134.0.0.0 Mobile Safari/537.36"
197.250.99.26 - - [26/Apr/2025:10:24:00 -0400] "GET /account/control.php?confirm=kingndelwa HTTP/1.1" 302 771 "https://finationglobal.com/account/register?ref=kingndelwa" "Mozilla/5.0 (Linux; Android 10; K) AppleWebKit/537.36 (KHTML, like Gecko) Chrome/134.0.0.0 Mobile Safari/537.36"
197.250.99.26 - - [26/Apr/2025:10:24:00 -0400] "GET /assets/images/brand/favicon.ico HTTP/1.1" 304 0 "https://finationglobal.com/account/register?ref=kingndelwa" "Mozilla/5.0 (Linux; Android 10; K) AppleWebKit/537.36 (KHTML, like Gecko) Chrome/134.0.0.0 Mobile Safari/537.36"
197.250.99.26 - - [26/Apr/2025:10:24:00 -0400] "GET /account/control?confirm=kingndelwa HTTP/1.1" 200 34 "https://finationglobal.com/account/register?ref=kingndelwa" "Mozilla/5.0 (Linux; Android 10; K) AppleWebKit/537.36 (KHTML, like Gecko) Chrome/134.0.0.0 Mobile Safari/537.36"
102.89.84.24 - - [26/Apr/2025:10:24:04 -0400] "GET /account/geneology?user=alphameg HTTP/1.1" 200 5235 "https://finationglobal.com/account/geneology?user=beaulahjewel" "Mozilla/5.0 (Linux; Android 10; K) AppleWebKit/537.36 (KHTML, like Gecko) Chrome/135.0.0.0 Mobile Safari/537.36"
197.250.99.26 - - [26/Apr/2025:10:24:06 -0400] "GET /account/login HTTP/1.1" 200 1297 "https://finationglobal.com/account/register?ref=kingndelwa" "Mozilla/5.0 (Linux; Android 10; K) AppleWebKit/537.36 (KHTML, like Gecko) Chrome/134.0.0.0 Mobile Safari/537.36"
102.89.84.24 - - [26/Apr/2025:10:24:10 -0400] "GET /account/geneology?user=beaulahjewel HTTP/1.1" 200 5442 "https://finationglobal.com/account/geneology?user=beaulahjewel" "Mozilla/5.0 (Linux; Android 10; K) AppleWebKit/537.36 (KHTML, like Gecko) Chrome/135.0.0.0 Mobile Safari/537.36"
102.89.84.24 - - [26/Apr/2025:10:24:13 -0400] "GET /account/geneology?user=iheaka HTTP/1.1" 200 5360 "https://finationglobal.com/account/geneology?user=beaulahjewel" "Mozilla/5.0 (Linux; Android 10; K) AppleWebKit/537.36 (KHTML, like Gecko) Chrome/135.0.0.0 Mobile Safari/537.36"
102.89.84.24 - - [26/Apr/2025:10:24:16 -0400] "GET /account/geneology?user=iheaka2 HTTP/1.1" 200 5239 "https://finationglobal.com/account/geneology?user=iheaka" "Mozilla/5.0 (Linux; Android 10; K) AppleWebKit/537.36 (KHTML, like Gecko) Chrome/135.0.0.0 Mobile Safari/537.36"
102.89.84.24 - - [26/Apr/2025:10:24:21 -0400] "GET /account/geneology?user=samuel85 HTTP/1.1" 200 5347 "https://finationglobal.com/account/geneology?user=iheaka2" "Mozilla/5.0 (Linux; Android 10; K) AppleWebKit/537.36 (KHTML, like Gecko) Chrome/135.0.0.0 Mobile Safari/537.36"
197.250.99.26 - - [26/Apr/2025:10:24:22 -0400] "POST /account/login HTTP/1.1" 200 1507 "https://finationglobal.com/account/login" "Mozilla/5.0 (Linux; Android 10; K) AppleWebKit/537.36 (KHTML, like Gecko) Chrome/134.0.0.0 Mobile Safari/537.36"
102.89.84.24 - - [26/Apr/2025:10:24:30 -0400] "GET /account/geneology?user=beaulahjewel HTTP/1.1" 200 5442 "https://finationglobal.com/account/geneology?user=treasure" "Mozilla/5.0 (Linux; Android 10; K) AppleWebKit/537.36 (KHTML, like Gecko) Chrome/135.0.0.0 Mobile Safari/537.36"
102.89.84.24 - - [26/Apr/2025:10:24:32 -0400] "POST /account/geneology?user=beaulahjewel HTTP/1.1" 200 5260 "https://finationglobal.com/account/geneology?user=beaulahjewel" "Mozilla/5.0 (Linux; Android 10; K) AppleWebKit/537.36 (KHTML, like Gecko) Chrome/135.0.0.0 Mobile Safari/537.36"
102.89.84.24 - - [26/Apr/2025:10:24:37 -0400] "POST /account/geneology?user=beaulahjewel HTTP/1.1" 200 5442 "https://finationglobal.com/account/geneology?user=beaulahjewel" "Mozilla/5.0 (Linux; Android 10; K) AppleWebKit/537.36 (KHTML, like Gecko) Chrome/135.0.0.0 Mobile Safari/537.36"
102.89.84.24 - - [26/Apr/2025:10:24:39 -0400] "GET /account/geneology?user=iheaka HTTP/1.1" 200 5360 "https://finationglobal.com/account/geneology?user=beaulahjewel" "Mozilla/5.0 (Linux; Android 10; K) AppleWebKit/537.36 (KHTML, like Gecko) Chrome/135.0.0.0 Mobile Safari/537.36"
197.250.99.26 - - [26/Apr/2025:10:24:40 -0400] "POST /account/login HTTP/1.1" 200 1510 "https://finationglobal.com/account/login" "Mozilla/5.0 (Linux; Android 10; K) AppleWebKit/537.36 (KHTML, like Gecko) Chrome/134.0.0.0 Mobile Safari/537.36"
102.89.84.24 - - [26/Apr/2025:10:24:42 -0400] "GET /account/geneology?user=iheaka2 HTTP/1.1" 200 5239 "https://finationglobal.com/account/geneology?user=iheaka" "Mozilla/5.0 (Linux; Android 10; K) AppleWebKit/537.36 (KHTML, like Gecko) Chrome/135.0.0.0 Mobile Safari/537.36"
66.249.66.67 - - [26/Apr/2025:10:24:45 -0400] "GET /?shopdetail/22548659 HTTP/1.1" 200 6422 "-" "Mozilla/5.0 (Linux; Android 6.0.1; Nexus 5X Build/MMB29P) AppleWebKit/537.36 (KHTML, like Gecko) Chrome/135.0.7049.95 Mobile Safari/537.36 (compatible; Googlebot/2.1; +http://www.google.com/bot.html)"
102.89.84.24 - - [26/Apr/2025:10:24:46 -0400] "GET /account/geneology?user=beaulahjewel HTTP/1.1" 200 5442 "https://finationglobal.com/account/geneology?user=beaulahjewel" "Mozilla/5.0 (Linux; Android 10; K) AppleWebKit/537.36 (KHTML, like Gecko) Chrome/135.0.0.0 Mobile Safari/537.36"
197.211.59.103 - - [26/Apr/2025:10:24:48 -0400] "POST /account/subscriptionplans HTTP/1.1" 200 5374 "https://finationglobal.com/account/subscriptionplans" "Mozilla/5.0 (Linux; Android 10; K) AppleWebKit/537.36 (KHTML, like Gecko) Chrome/133.0.0.0 Mobile Safari/537.36"
102.89.84.24 - - [26/Apr/2025:10:24:48 -0400] "POST /account/geneology?user=beaulahjewel HTTP/1.1" 200 5260 "https://finationglobal.com/account/geneology?user=beaulahjewel" "Mozilla/5.0 (Linux; Android 10; K) AppleWebKit/537.36 (KHTML, like Gecko) Chrome/135.0.0.0 Mobile Safari/537.36"
102.89.84.24 - - [26/Apr/2025:10:24:50 -0400] "GET /account/geneology?user=beaulahjewel01 HTTP/1.1" 200 5224 "https://finationglobal.com/account/geneology?user=beaulahjewel" "Mozilla/5.0 (Linux; Android 10; K) AppleWebKit/537.36 (KHTML, like Gecko) Chrome/135.0.0.0 Mobile Safari/537.36"
102.89.84.24 - - [26/Apr/2025:10:24:52 -0400] "POST /account/geneology?user=beaulahjewel01 HTTP/1.1" 200 5265 "https://finationglobal.com/account/geneology?user=beaulahjewel01" "Mozilla/5.0 (Linux; Android 10; K) AppleWebKit/537.36 (KHTML, like Gecko) Chrome/135.0.0.0 Mobile Safari/537.36"
197.250.99.26 - - [26/Apr/2025:10:24:54 -0400] "GET /account/forgot-password HTTP/1.1" 200 1238 "https://finationglobal.com/account/login" "Mozilla/5.0 (Linux; Android 10; K) AppleWebKit/537.36 (KHTML, like Gecko) Chrome/134.0.0.0 Mobile Safari/537.36"
197.250.99.26 - - [26/Apr/2025:10:24:54 -0400] "GET /account/finationv.png HTTP/1.1" 304 0 "https://finationglobal.com/account/forgot-password" "Mozilla/5.0 (Linux; Android 10; K) AppleWebKit/537.36 (KHTML, like Gecko) Chrome/134.0.0.0 Mobile Safari/537.36"
102.89.84.24 - - [26/Apr/2025:10:24:54 -0400] "GET /account/geneology?user=alphameg HTTP/1.1" 200 5235 "https://finationglobal.com/account/geneology?user=beaulahjewel01" "Mozilla/5.0 (Linux; Android 10; K) AppleWebKit/537.36 (KHTML, like Gecko) Chrome/135.0.0.0 Mobile Safari/537.36"
102.89.84.24 - - [26/Apr/2025:10:24:58 -0400] "GET /account/geneology?user=beaulahjewel02 HTTP/1.1" 200 5207 "https://finationglobal.com/account/geneology?user=beaulahjewel01" "Mozilla/5.0 (Linux; Android 10; K) AppleWebKit/537.36 (KHTML, like Gecko) Chrome/135.0.0.0 Mobile Safari/537.36"
102.89.84.24 - - [26/Apr/2025:10:25:01 -0400] "GET /account/geneology?user=beaulahjewel01 HTTP/1.1" 200 5265 "https://finationglobal.com/account/geneology?user=beaulahjewel" "Mozilla/5.0 (Linux; Android 10; K) AppleWebKit/537.36 (KHTML, like Gecko) Chrome/135.0.0.0 Mobile Safari/537.36"
197.250.51.52 - - [26/Apr/2025:10:25:12 -0400] "GET /account/ HTTP/1.1" 200 6820 "https://finationglobal.com/account/login" "Mozilla/5.0 (Linux; Android 10; K) AppleWebKit/537.36 (KHTML, like Gecko) Chrome/135.0.0.0 Mobile Safari/537.36"
197.250.51.52 - - [26/Apr/2025:10:25:19 -0400] "GET /assets/iconfonts/typicons/fonts/typicons.woff HTTP/1.1" 200 59872 "https://finationglobal.com/assets/iconfonts/typicons/typicons.css" "Mozilla/5.0 (Linux; Android 10; K) AppleWebKit/537.36 (KHTML, like Gecko) Chrome/135.0.0.0 Mobile Safari/537.36"
197.211.59.103 - - [26/Apr/2025:10:25:32 -0400] "GET /account/subscriptionplans HTTP/1.1" 200 5223 "https://finationglobal.com/account/subscriptionplans" "Mozilla/5.0 (Linux; Android 10; K) AppleWebKit/537.36 (KHTML, like Gecko) Chrome/133.0.0.0 Mobile Safari/537.36"
197.250.51.52 - - [26/Apr/2025:10:25:32 -0400] "GET /account/geneology HTTP/1.1" 200 4838 "https://finationglobal.com/account/" "Mozilla/5.0 (Linux; Android 10; K) AppleWebKit/537.36 (KHTML, like Gecko) Chrome/135.0.0.0 Mobile Safari/537.36"
197.250.51.52 - - [26/Apr/2025:10:25:33 -0400] "GET /account/treestyle.css HTTP/1.1" 200 576 "https://finationglobal.com/account/geneology" "Mozilla/5.0 (Linux; Android 10; K) AppleWebKit/537.36 (KHTML, like Gecko) Chrome/135.0.0.0 Mobile Safari/537.36"
197.250.51.52 - - [26/Apr/2025:10:25:33 -0400] "GET /account/uploads/x.jpg HTTP/1.1" 200 2127 "https://finationglobal.com/account/geneology" "Mozilla/5.0 (Linux; Android 10; K) AppleWebKit/537.36 (KHTML, like Gecko) Chrome/135.0.0.0 Mobile Safari/537.36"
197.250.51.52 - - [26/Apr/2025:10:25:33 -0400] "GET /account/uploads/u0.png HTTP/1.1" 200 2127 "https://finationglobal.com/account/geneology" "Mozilla/5.0 (Linux; Android 10; K) AppleWebKit/537.36 (KHTML, like Gecko) Chrome/135.0.0.0 Mobile Safari/537.36"
197.211.59.103 - - [26/Apr/2025:10:25:35 -0400] "GET /account/subscriptionplans HTTP/1.1" 200 5221 "https://finationglobal.com/account/index" "Mozilla/5.0 (Linux; Android 10; K) AppleWebKit/537.36 (KHTML, like Gecko) Chrome/133.0.0.0 Mobile Safari/537.36"
197.211.59.103 - - [26/Apr/2025:10:25:46 -0400] "GET /account/subscriptionplans HTTP/1.1" 200 5221 "https://finationglobal.com/account/subscriptionplans" "Mozilla/5.0 (Linux; Android 10; K) AppleWebKit/537.36 (KHTML, like Gecko) Chrome/133.0.0.0 Mobile Safari/537.36"
197.211.59.103 - - [26/Apr/2025:10:25:52 -0400] "GET /account/register?ref=thenation&upline=juliee HTTP/1.1" 200 1863 "-" "Mozilla/5.0 (Linux; Android 10; K) AppleWebKit/537.36 (KHTML, like Gecko) Chrome/133.0.0.0 Mobile Safari/537.36"
197.211.59.103 - - [26/Apr/2025:10:25:52 -0400] "GET /account/control.php?confirm=thenation HTTP/1.1" 302 771 "https://finationglobal.com/account/register?ref=thenation&upline=juliee" "Mozilla/5.0 (Linux; Android 10; K) AppleWebKit/537.36 (KHTML, like Gecko) Chrome/133.0.0.0 Mobile Safari/537.36"
197.211.59.103 - - [26/Apr/2025:10:25:52 -0400] "GET /account/control.php?confirm=juliee HTTP/1.1" 302 771 "https://finationglobal.com/account/register?ref=thenation&upline=juliee" "Mozilla/5.0 (Linux; Android 10; K) AppleWebKit/537.36 (KHTML, like Gecko) Chrome/133.0.0.0 Mobile Safari/537.36"
197.211.59.103 - - [26/Apr/2025:10:25:52 -0400] "GET /account/control?confirm=thenation HTTP/1.1" 200 30 "https://finationglobal.com/account/register?ref=thenation&upline=juliee" "Mozilla/5.0 (Linux; Android 10; K) AppleWebKit/537.36 (KHTML, like Gecko) Chrome/133.0.0.0 Mobile Safari/537.36"
197.211.59.103 - - [26/Apr/2025:10:25:52 -0400] "GET /account/control?confirm=juliee HTTP/1.1" 200 32 "https://finationglobal.com/account/register?ref=thenation&upline=juliee" "Mozilla/5.0 (Linux; Android 10; K) AppleWebKit/537.36 (KHTML, like Gecko) Chrome/133.0.0.0 Mobile Safari/537.36"
197.250.51.52 - - [26/Apr/2025:10:26:01 -0400] "GET /account/geneology HTTP/1.1" 200 4838 "https://finationglobal.com/account/" "Mozilla/5.0 (Linux; Android 10; K) AppleWebKit/537.36 (KHTML, like Gecko) Chrome/135.0.0.0 Mobile Safari/537.36"
197.211.59.103 - - [26/Apr/2025:10:26:02 -0400] "GET /account/login HTTP/1.1" 200 1297 "https://finationglobal.com/account/register?ref=thenation&upline=juliee" "Mozilla/5.0 (Linux; Android 10; K) AppleWebKit/537.36 (KHTML, like Gecko) Chrome/133.0.0.0 Mobile Safari/537.36"
197.211.59.103 - - [26/Apr/2025:10:26:05 -0400] "POST /account/login HTTP/1.1" 302 1297 "https://finationglobal.com/account/login" "Mozilla/5.0 (Linux; Android 10; K) AppleWebKit/537.36 (KHTML, like Gecko) Chrome/133.0.0.0 Mobile Safari/537.36"
197.211.59.103 - - [26/Apr/2025:10:26:05 -0400] "GET /account/ HTTP/1.1" 302 508 "https://finationglobal.com/account/login" "Mozilla/5.0 (Linux; Android 10; K) AppleWebKit/537.36 (KHTML, like Gecko) Chrome/133.0.0.0 Mobile Safari/537.36"
197.211.59.103 - - [26/Apr/2025:10:26:05 -0400] "GET /account/index HTTP/1.1" 200 6408 "https://finationglobal.com/account/login" "Mozilla/5.0 (Linux; Android 10; K) AppleWebKit/537.36 (KHTML, like Gecko) Chrome/133.0.0.0 Mobile Safari/537.36"
197.211.59.103 - - [26/Apr/2025:10:26:06 -0400] "POST /account/login HTTP/1.1" 302 1297 "https://finationglobal.com/account/login" "Mozilla/5.0 (Linux; Android 10; K) AppleWebKit/537.36 (KHTML, like Gecko) Chrome/133.0.0.0 Mobile Safari/537.36"
197.211.59.103 - - [26/Apr/2025:10:26:06 -0400] "GET /account/ HTTP/1.1" 302 508 "https://finationglobal.com/account/login" "Mozilla/5.0 (Linux; Android 10; K) AppleWebKit/537.36 (KHTML, like Gecko) Chrome/133.0.0.0 Mobile Safari/537.36"
197.211.59.103 - - [26/Apr/2025:10:26:06 -0400] "GET /account/index HTTP/1.1" 200 6408 "https://finationglobal.com/account/login" "Mozilla/5.0 (Linux; Android 10; K) AppleWebKit/537.36 (KHTML, like Gecko) Chrome/133.0.0.0 Mobile Safari/537.36"
197.211.59.103 - - [26/Apr/2025:10:26:17 -0400] "POST /account/index HTTP/1.1" 200 6633 "https://finationglobal.com/account/index" "Mozilla/5.0 (Linux; Android 10; K) AppleWebKit/537.36 (KHTML, like Gecko) Chrome/133.0.0.0 Mobile Safari/537.36"
66.249.66.66 - - [26/Apr/2025:10:26:25 -0400] "GET /?shopdetail/28949693 HTTP/1.1" 200 6422 "-" "Mozilla/5.0 (Linux; Android 6.0.1; Nexus 5X Build/MMB29P) AppleWebKit/537.36 (KHTML, like Gecko) Chrome/135.0.7049.95 Mobile Safari/537.36 (compatible; Googlebot/2.1; +http://www.google.com/bot.html)"
197.250.51.52 - - [26/Apr/2025:10:26:47 -0400] "GET /account/ HTTP/1.1" 200 6820 "https://finationglobal.com/account/" "Mozilla/5.0 (Linux; Android 10; K) AppleWebKit/537.36 (KHTML, like Gecko) Chrome/135.0.0.0 Mobile Safari/537.36"
102.89.84.24 - - [26/Apr/2025:10:27:26 -0400] "GET /account/searchuser HTTP/1.1" 200 5254 "https://finationglobal.com/account/geneology?user=beaulahjewel01" "Mozilla/5.0 (Linux; Android 10; K) AppleWebKit/537.36 (KHTML, like Gecko) Chrome/135.0.0.0 Mobile Safari/537.36"
102.89.84.24 - - [26/Apr/2025:10:27:30 -0400] "GET /account/fundingapproval HTTP/1.1" 200 8283 "https://finationglobal.com/account/searchuser" "Mozilla/5.0 (Linux; Android 10; K) AppleWebKit/537.36 (KHTML, like Gecko) Chrome/135.0.0.0 Mobile Safari/537.36"
197.250.99.26 - - [26/Apr/2025:10:27:33 -0400] "GET /account/login HTTP/1.1" 200 1297 "https://finationglobal.com/account/forgot-password" "Mozilla/5.0 (Linux; Android 10; K) AppleWebKit/537.36 (KHTML, like Gecko) Chrome/134.0.0.0 Mobile Safari/537.36"
197.250.51.52 - - [26/Apr/2025:10:27:43 -0400] "GET /account/login HTTP/1.1" 200 1297 "https://finationglobal.com/account/register?ref=kirimbo" "Mozilla/5.0 (Linux; Android 10; K) AppleWebKit/537.36 (KHTML, like Gecko) Chrome/135.0.0.0 Mobile Safari/537.36"
197.250.51.52 - - [26/Apr/2025:10:27:44 -0400] "GET /account/register?ref=kirimbo HTTP/1.1" 200 1860 "-" "Mozilla/5.0 (Linux; Android 10; K) AppleWebKit/537.36 (KHTML, like Gecko) Chrome/135.0.0.0 Mobile Safari/537.36"
197.250.51.52 - - [26/Apr/2025:10:27:44 -0400] "GET /account/control.php?confirm=kirimbo HTTP/1.1" 302 771 "https://finationglobal.com/account/register?ref=kirimbo" "Mozilla/5.0 (Linux; Android 10; K) AppleWebKit/537.36 (KHTML, like Gecko) Chrome/135.0.0.0 Mobile Safari/537.36"
197.250.51.52 - - [26/Apr/2025:10:27:45 -0400] "GET /account/control?confirm=kirimbo HTTP/1.1" 200 33 "https://finationglobal.com/account/register?ref=kirimbo" "Mozilla/5.0 (Linux; Android 10; K) AppleWebKit/537.36 (KHTML, like Gecko) Chrome/135.0.0.0 Mobile Safari/537.36"
197.250.99.26 - - [26/Apr/2025:10:27:52 -0400] "POST /account/login HTTP/1.1" 200 1507 "https://finationglobal.com/account/login" "Mozilla/5.0 (Linux; Android 10; K) AppleWebKit/537.36 (KHTML, like Gecko) Chrome/134.0.0.0 Mobile Safari/537.36"
197.250.99.26 - - [26/Apr/2025:10:27:59 -0400] "GET /account/forgot-password HTTP/1.1" 200 1238 "https://finationglobal.com/account/login" "Mozilla/5.0 (Linux; Android 10; K) AppleWebKit/537.36 (KHTML, like Gecko) Chrome/134.0.0.0 Mobile Safari/537.36"
197.250.99.26 - - [26/Apr/2025:10:28:15 -0400] "POST /account/forgot-password HTTP/1.1" 200 1462 "https://finationglobal.com/account/forgot-password" "Mozilla/5.0 (Linux; Android 10; K) AppleWebKit/537.36 (KHTML, like Gecko) Chrome/134.0.0.0 Mobile Safari/537.36"
197.210.53.233 - - [26/Apr/2025:10:28:56 -0400] "GET /account/login HTTP/1.1" 200 1297 "https://www.google.com/" "Mozilla/5.0 (Linux; Android 10; K) AppleWebKit/537.36 (KHTML, like Gecko) Chrome/135.0.0.0 Mobile Safari/537.36"
197.210.53.233 - - [26/Apr/2025:10:28:57 -0400] "GET /assets/plugins/bootstrap/css/bootstrap.min.css HTTP/1.1" 200 21225 "https://www.finationglobal.com/account/login" "Mozilla/5.0 (Linux; Android 10; K) AppleWebKit/537.36 (KHTML, like Gecko) Chrome/135.0.0.0 Mobile Safari/537.36"
197.210.53.233 - - [26/Apr/2025:10:28:57 -0400] "GET /assets/css/style.css HTTP/1.1" 200 144740 "https://www.finationglobal.com/account/login" "Mozilla/5.0 (Linux; Android 10; K) AppleWebKit/537.36 (KHTML, like Gecko) Chrome/135.0.0.0 Mobile Safari/537.36"
197.210.53.233 - - [26/Apr/2025:10:28:57 -0400] "GET /assets/css/plugins.css HTTP/1.1" 200 80675 "https://www.finationglobal.com/account/login" "Mozilla/5.0 (Linux; Android 10; K) AppleWebKit/537.36 (KHTML, like Gecko) Chrome/135.0.0.0 Mobile Safari/537.36"
197.210.53.233 - - [26/Apr/2025:10:28:57 -0400] "GET /assets/css/icons.css HTTP/1.1" 200 251 "https://www.finationglobal.com/account/login" "Mozilla/5.0 (Linux; Android 10; K) AppleWebKit/537.36 (KHTML, like Gecko) Chrome/135.0.0.0 Mobile Safari/537.36"
197.210.53.233 - - [26/Apr/2025:10:28:57 -0400] "GET /assets/images/loader.svg HTTP/1.1" 200 329 "https://www.finationglobal.com/account/login" "Mozilla/5.0 (Linux; Android 10; K) AppleWebKit/537.36 (KHTML, like Gecko) Chrome/135.0.0.0 Mobile Safari/537.36"
197.210.53.233 - - [26/Apr/2025:10:28:57 -0400] "GET /account/finbrand.png HTTP/1.1" 200 25547 "https://www.finationglobal.com/account/login" "Mozilla/5.0 (Linux; Android 10; K) AppleWebKit/537.36 (KHTML, like Gecko) Chrome/135.0.0.0 Mobile Safari/537.36"
197.210.53.233 - - [26/Apr/2025:10:28:57 -0400] "GET /assets/js/jquery.min.js HTTP/1.1" 200 33270 "https://www.finationglobal.com/account/login" "Mozilla/5.0 (Linux; Android 10; K) AppleWebKit/537.36 (KHTML, like Gecko) Chrome/135.0.0.0 Mobile Safari/537.36"
197.210.53.233 - - [26/Apr/2025:10:28:57 -0400] "GET /assets/plugins/bootstrap/js/popper.min.js HTTP/1.1" 200 10266 "https://www.finationglobal.com/account/login" "Mozilla/5.0 (Linux; Android 10; K) AppleWebKit/537.36 (KHTML, like Gecko) Chrome/135.0.0.0 Mobile Safari/537.36"
197.210.53.233 - - [26/Apr/2025:10:28:57 -0400] "GET /assets/plugins/bootstrap/js/bootstrap.min.js HTTP/1.1" 200 18884 "https://www.finationglobal.com/account/login" "Mozilla/5.0 (Linux; Android 10; K) AppleWebKit/537.36 (KHTML, like Gecko) Chrome/135.0.0.0 Mobile Safari/537.36"
197.210.53.233 - - [26/Apr/2025:10:28:57 -0400] "GET /assets/js/jquery.sparkline.min.js HTTP/1.1" 200 15624 "https://www.finationglobal.com/account/login" "Mozilla/5.0 (Linux; Android 10; K) AppleWebKit/537.36 (KHTML, like Gecko) Chrome/135.0.0.0 Mobile Safari/537.36"
197.210.53.233 - - [26/Apr/2025:10:28:57 -0400] "GET /assets/plugins/input-mask/jquery.mask.min.js HTTP/1.1" 200 6191 "https://www.finationglobal.com/account/login" "Mozilla/5.0 (Linux; Android 10; K) AppleWebKit/537.36 (KHTML, like Gecko) Chrome/135.0.0.0 Mobile Safari/537.36"
197.210.53.233 - - [26/Apr/2025:10:28:57 -0400] "GET /assets/plugins/p-scroll/perfect-scrollbar.js HTTP/1.1" 200 10585 "https://www.finationglobal.com/account/login" "Mozilla/5.0 (Linux; Android 10; K) AppleWebKit/537.36 (KHTML, like Gecko) Chrome/135.0.0.0 Mobile Safari/537.36"
197.210.53.233 - - [26/Apr/2025:10:28:57 -0400] "GET /assets/js/themeColors.js HTTP/1.1" 200 5058 "https://www.finationglobal.com/account/login" "Mozilla/5.0 (Linux; Android 10; K) AppleWebKit/537.36 (KHTML, like Gecko) Chrome/135.0.0.0 Mobile Safari/537.36"
197.210.53.233 - - [26/Apr/2025:10:28:57 -0400] "GET /assets/js/custom.js HTTP/1.1" 200 5093 "https://www.finationglobal.com/account/login" "Mozilla/5.0 (Linux; Android 10; K) AppleWebKit/537.36 (KHTML, like Gecko) Chrome/135.0.0.0 Mobile Safari/537.36"
197.210.53.233 - - [26/Apr/2025:10:28:57 -0400] "GET /assets/js/circle-progress.min.js HTTP/1.1" 200 4965 "https://www.finationglobal.com/account/login" "Mozilla/5.0 (Linux; Android 10; K) AppleWebKit/537.36 (KHTML, like Gecko) Chrome/135.0.0.0 Mobile Safari/537.36"
197.210.53.233 - - [26/Apr/2025:10:28:57 -0400] "GET /assets/js/swither-styles.js HTTP/1.1" 200 7609 "https://www.finationglobal.com/account/login" "Mozilla/5.0 (Linux; Android 10; K) AppleWebKit/537.36 (KHTML, like Gecko) Chrome/135.0.0.0 Mobile Safari/537.36"
197.210.53.233 - - [26/Apr/2025:10:28:57 -0400] "GET /assets/iconfonts/bootstrapicons/bootstrap-icons.css HTTP/1.1" 200 8194 "https://www.finationglobal.com/assets/css/icons.css" "Mozilla/5.0 (Linux; Android 10; K) AppleWebKit/537.36 (KHTML, like Gecko) Chrome/135.0.0.0 Mobile Safari/537.36"
197.210.53.233 - - [26/Apr/2025:10:28:57 -0400] "GET /assets/iconfonts/font-awesome/css/font-awesome.min.css HTTP/1.1" 200 6666 "https://www.finationglobal.com/assets/css/icons.css" "Mozilla/5.0 (Linux; Android 10; K) AppleWebKit/537.36 (KHTML, like Gecko) Chrome/135.0.0.0 Mobile Safari/537.36"
197.210.53.233 - - [26/Apr/2025:10:28:57 -0400] "GET /assets/iconfonts/glyphicons/glyphicon.css HTTP/1.1" 200 2217 "https://www.finationglobal.com/assets/css/icons.css" "Mozilla/5.0 (Linux; Android 10; K) AppleWebKit/537.36 (KHTML, like Gecko) Chrome/135.0.0.0 Mobile Safari/537.36"
197.210.53.233 - - [26/Apr/2025:10:28:57 -0400] "GET /assets/iconfonts/ionicons/ionicons.css HTTP/1.1" 200 6409 "https://www.finationglobal.com/assets/css/icons.css" "Mozilla/5.0 (Linux; Android 10; K) AppleWebKit/537.36 (KHTML, like Gecko) Chrome/135.0.0.0 Mobile Safari/537.36"
197.210.53.233 - - [26/Apr/2025:10:28:57 -0400] "GET /assets/iconfonts/linearicons/Linearicons.css HTTP/1.1" 200 1507 "https://www.finationglobal.com/assets/css/icons.css" "Mozilla/5.0 (Linux; Android 10; K) AppleWebKit/537.36 (KHTML, like Gecko) Chrome/135.0.0.0 Mobile Safari/537.36"
