66.249.66.68 - - [26/Apr/2025:18:01:07 -0400] "GET /?shopdetail/29402637 HTTP/1.1" 200 6424 "-" "Mozilla/5.0 (compatible; Googlebot/2.1; +http://www.google.com/bot.html)"
66.249.66.67 - - [26/Apr/2025:18:02:04 -0400] "GET /?shopdetail/19441859 HTTP/1.1" 200 6424 "-" "Mozilla/5.0 (Linux; Android 6.0.1; Nexus 5X Build/MMB29P) AppleWebKit/537.36 (KHTML, like Gecko) Chrome/135.0.7049.95 Mobile Safari/537.36 (compatible; Googlebot/2.1; +http://www.google.com/bot.html)"
66.249.66.68 - - [26/Apr/2025:18:03:11 -0400] "GET /?pcmypage?callback=/product%2Fdetail%2F38107165 HTTP/1.1" 200 6424 "-" "Mozilla/5.0 (Linux; Android 6.0.1; Nexus 5X Build/MMB29P) AppleWebKit/537.36 (KHTML, like Gecko) Chrome/135.0.7049.95 Mobile Safari/537.36 (compatible; Googlebot/2.1; +http://www.google.com/bot.html)"
66.249.66.67 - - [26/Apr/2025:18:04:22 -0400] "GET /?shopdetail/9557260 HTTP/1.1" 200 6424 "-" "Mozilla/5.0 (Linux; Android 6.0.1; Nexus 5X Build/MMB29P) AppleWebKit/537.36 (KHTML, like Gecko) Chrome/135.0.7049.95 Mobile Safari/537.36 (compatible; Googlebot/2.1; +http://www.google.com/bot.html)"
66.249.66.66 - - [26/Apr/2025:18:04:37 -0400] "GET /?shopdetail/15786437 HTTP/1.1" 200 6422 "-" "Mozilla/5.0 (Linux; Android 6.0.1; Nexus 5X Build/MMB29P) AppleWebKit/537.36 (KHTML, like Gecko) Chrome/135.0.7049.95 Mobile Safari/537.36 (compatible; Googlebot/2.1; +http://www.google.com/bot.html)"
66.249.66.66 - - [26/Apr/2025:18:05:18 -0400] "GET /?product/edit/47135949 HTTP/1.1" 200 6424 "-" "Mozilla/5.0 (Linux; Android 6.0.1; Nexus 5X Build/MMB29P) AppleWebKit/537.36 (KHTML, like Gecko) Chrome/135.0.7049.95 Mobile Safari/537.36 (compatible; Googlebot/2.1; +http://www.google.com/bot.html)"
66.249.66.68 - - [26/Apr/2025:18:08:28 -0400] "GET /?shopdetail/15251137 HTTP/1.1" 200 6422 "-" "Mozilla/5.0 (compatible; Googlebot/2.1; +http://www.google.com/bot.html)"
182.42.111.156 - - [26/Apr/2025:18:10:48 -0400] "GET / HTTP/1.1" 200 7826 "http://finationglobal.com" "Mozilla/5.0 (iPhone; CPU iPhone OS 13_2_3 like Mac OS X) AppleWebKit/605.1.15 (KHTML, like Gecko) Version/13.0.3 Mobile/15E148 Safari/604.1"
66.249.66.66 - - [26/Apr/2025:18:14:42 -0400] "GET /?shopdetail/3246282 HTTP/1.1" 200 6424 "-" "Mozilla/5.0 (compatible; Googlebot/2.1; +http://www.google.com/bot.html)"
66.249.66.66 - - [26/Apr/2025:18:16:47 -0400] "GET /?shopdetail/6033848 HTTP/1.1" 200 6424 "-" "Mozilla/5.0 (compatible; Googlebot/2.1; +http://www.google.com/bot.html)"
66.249.66.68 - - [26/Apr/2025:18:22:19 -0400] "GET /?product/edit/17090744 HTTP/1.1" 200 6422 "-" "Mozilla/5.0 (compatible; Googlebot/2.1; +http://www.google.com/bot.html)"
66.249.66.68 - - [26/Apr/2025:18:23:58 -0400] "GET /?shopdetail/7309648 HTTP/1.1" 200 6424 "-" "Mozilla/5.0 (Linux; Android 6.0.1; Nexus 5X Build/MMB29P) AppleWebKit/537.36 (KHTML, like Gecko) Chrome/135.0.7049.95 Mobile Safari/537.36 (compatible; Googlebot/2.1; +http://www.google.com/bot.html)"
66.249.66.68 - - [26/Apr/2025:18:26:11 -0400] "GET /?shopdetail/8082360 HTTP/1.1" 200 6424 "-" "Mozilla/5.0 (Linux; Android 6.0.1; Nexus 5X Build/MMB29P) AppleWebKit/537.36 (KHTML, like Gecko) Chrome/135.0.7049.95 Mobile Safari/537.36 (compatible; Googlebot/2.1; +http://www.google.com/bot.html)"
66.249.66.68 - - [26/Apr/2025:18:31:09 -0400] "GET /?shopdetail/8374326 HTTP/1.1" 200 6422 "-" "Mozilla/5.0 (Linux; Android 6.0.1; Nexus 5X Build/MMB29P) AppleWebKit/537.36 (KHTML, like Gecko) Chrome/135.0.7049.95 Mobile Safari/537.36 (compatible; Googlebot/2.1; +http://www.google.com/bot.html)"
66.249.66.68 - - [26/Apr/2025:18:34:46 -0400] "GET /?safe_search/config?return_url=%2Fproduct%2Fdetail%2F18288042 HTTP/1.1" 200 6424 "-" "Mozilla/5.0 (compatible; Googlebot/2.1; +http://www.google.com/bot.html)"
45.11.20.215 - - [26/Apr/2025:18:35:10 -0400] "GET / HTTP/1.0" 200 38507 "https://finationglobal.com/" "Mozilla/5.0 (Windows NT 10.0; Win64; x64) AppleWebKit/537.36 (KHTML, like Gecko) Chrome/130.0.0.0 Safari/537.36"
66.249.66.68 - - [26/Apr/2025:18:37:11 -0400] "GET /?shopdetail/4734493 HTTP/1.1" 200 6424 "-" "Mozilla/5.0 (compatible; Googlebot/2.1; +http://www.google.com/bot.html)"
102.88.110.228 - - [26/Apr/2025:18:39:01 -0400] "GET /account/login HTTP/1.1" 200 1297 "https://finationglobal.com/account/courses?index=6512bd43d9caa6e02c990b0a82652dcaglc11" "Mozilla/5.0 (Linux; Android 10; K) AppleWebKit/537.36 (KHTML, like Gecko) Chrome/135.0.0.0 Mobile Safari/537.36"
94.198.54.51 - - [26/Apr/2025:18:41:19 -0400] "GET / HTTP/1.0" 200 38507 "https://finationglobal.com/" "Mozilla/5.0 (Windows NT 10.0; Win64; x64) AppleWebKit/537.36 (KHTML, like Gecko) Chrome/130.0.0.0 Safari/537.36 CCleaner/130.0.0.0"
94.198.54.51 - - [26/Apr/2025:18:41:20 -0400] "GET /account/register HTTP/1.0" 200 8064 "https://finationglobal.com/account/register" "Mozilla/5.0 (Windows NT 10.0; Win64; x64) AppleWebKit/537.36 (KHTML, like Gecko) Chrome/130.0.0.0 Safari/537.36 CCleaner/130.0.0.0"
94.198.54.51 - - [26/Apr/2025:18:41:21 -0400] "POST /account/register HTTP/1.0" 200 8623 "https://finationglobal.com/account/register" "Mozilla/5.0 (Windows NT 10.0; Win64; x64) AppleWebKit/537.36 (KHTML, like Gecko) Chrome/130.0.0.0 Safari/537.36 CCleaner/130.0.0.0"
94.198.54.51 - - [26/Apr/2025:18:41:22 -0400] "GET /account/ HTTP/1.0" 302 1469 "https://finationglobal.com/" "Mozilla/5.0 (Windows NT 10.0; Win64; x64) AppleWebKit/537.36 (KHTML, like Gecko) Chrome/130.0.0.0 Safari/537.36 CCleaner/130.0.0.0"
66.249.66.66 - - [26/Apr/2025:18:43:16 -0400] "GET /?shopdetail/3482159 HTTP/1.1" 200 6422 "-" "Mozilla/5.0 (Linux; Android 6.0.1; Nexus 5X Build/MMB29P) AppleWebKit/537.36 (KHTML, like Gecko) Chrome/135.0.7049.95 Mobile Safari/537.36 (compatible; Googlebot/2.1; +http://www.google.com/bot.html)"
66.249.66.67 - - [26/Apr/2025:18:48:33 -0400] "GET /?shopdetail/9965515 HTTP/1.1" 200 6424 "-" "Mozilla/5.0 (compatible; Googlebot/2.1; +http://www.google.com/bot.html)"
66.249.66.67 - - [26/Apr/2025:18:52:19 -0400] "GET /?pcmypage?callback=product%2Fdetail%2F85919739 HTTP/1.1" 200 6422 "-" "Mozilla/5.0 (Linux; Android 6.0.1; Nexus 5X Build/MMB29P) AppleWebKit/537.36 (KHTML, like Gecko) Chrome/135.0.7049.95 Mobile Safari/537.36 (compatible; Googlebot/2.1; +http://www.google.com/bot.html)"
66.249.66.66 - - [26/Apr/2025:18:53:58 -0400] "GET /?shopdetail/10715682 HTTP/1.1" 200 6424 "-" "Mozilla/5.0 (Linux; Android 6.0.1; Nexus 5X Build/MMB29P) AppleWebKit/537.36 (KHTML, like Gecko) Chrome/135.0.7049.95 Mobile Safari/537.36 (compatible; Googlebot/2.1; +http://www.google.com/bot.html)"
66.249.66.67 - - [26/Apr/2025:18:56:49 -0400] "GET /?shopdetail/5765860 HTTP/1.1" 200 6422 "-" "Mozilla/5.0 (Linux; Android 6.0.1; Nexus 5X Build/MMB29P) AppleWebKit/537.36 (KHTML, like Gecko) Chrome/135.0.7049.95 Mobile Safari/537.36 (compatible; Googlebot/2.1; +http://www.google.com/bot.html)"
66.249.66.68 - - [26/Apr/2025:19:01:56 -0400] "GET /?shopdetail/30288837 HTTP/1.1" 200 6424 "-" "Mozilla/5.0 (Linux; Android 6.0.1; Nexus 5X Build/MMB29P) AppleWebKit/537.36 (KHTML, like Gecko) Chrome/135.0.7049.95 Mobile Safari/537.36 (compatible; Googlebot/2.1; +http://www.google.com/bot.html)"
66.249.66.67 - - [26/Apr/2025:19:02:18 -0400] "GET /?shopdetail/25398704 HTTP/1.1" 200 6424 "-" "Mozilla/5.0 (Linux; Android 6.0.1; Nexus 5X Build/MMB29P) AppleWebKit/537.36 (KHTML, like Gecko) Chrome/135.0.7049.95 Mobile Safari/537.36 (compatible; Googlebot/2.1; +http://www.google.com/bot.html)"
66.249.66.66 - - [26/Apr/2025:19:06:38 -0400] "GET /?product/edit/59897180 HTTP/1.1" 200 6422 "-" "Mozilla/5.0 (compatible; Googlebot/2.1; +http://www.google.com/bot.html)"
66.249.66.66 - - [26/Apr/2025:19:10:48 -0400] "GET /?shopdetail/2104182 HTTP/1.1" 200 6424 "-" "Mozilla/5.0 (Linux; Android 6.0.1; Nexus 5X Build/MMB29P) AppleWebKit/537.36 (KHTML, like Gecko) Chrome/135.0.7049.95 Mobile Safari/537.36 (compatible; Googlebot/2.1; +http://www.google.com/bot.html)"
66.249.66.67 - - [26/Apr/2025:19:13:24 -0400] "GET /?shopdetail/13697348 HTTP/1.1" 200 6424 "-" "Mozilla/5.0 (compatible; Googlebot/2.1; +http://www.google.com/bot.html)"
66.249.66.67 - - [26/Apr/2025:19:13:44 -0400] "GET /?shopdetail/18590504 HTTP/1.1" 200 6424 "-" "Mozilla/5.0 (compatible; Googlebot/2.1; +http://www.google.com/bot.html)"
66.249.66.68 - - [26/Apr/2025:19:18:44 -0400] "GET /?safe_search/config?return_url=%2Fproduct%2Fdetail%2F15654127 HTTP/1.1" 200 6424 "-" "Mozilla/5.0 (compatible; Googlebot/2.1; +http://www.google.com/bot.html)"
66.249.66.66 - - [26/Apr/2025:19:19:15 -0400] "GET /?pcmypage?callback=product%2Fdetail%2F86609628 HTTP/1.1" 200 6422 "-" "Mozilla/5.0 (Linux; Android 6.0.1; Nexus 5X Build/MMB29P) AppleWebKit/537.36 (KHTML, like Gecko) Chrome/135.0.7049.95 Mobile Safari/537.36 (compatible; Googlebot/2.1; +http://www.google.com/bot.html)"
66.249.66.66 - - [26/Apr/2025:19:20:03 -0400] "GET /?shopdetail/1555771 HTTP/1.1" 200 6422 "-" "Mozilla/5.0 (compatible; Googlebot/2.1; +http://www.google.com/bot.html)"
66.249.66.67 - - [26/Apr/2025:19:20:50 -0400] "GET /?shopdetail/8434715 HTTP/1.1" 200 6422 "-" "Mozilla/5.0 (compatible; Googlebot/2.1; +http://www.google.com/bot.html)"
66.249.66.68 - - [26/Apr/2025:19:22:03 -0400] "GET /?shopdetail/9059715 HTTP/1.1" 200 6424 "-" "Mozilla/5.0 (compatible; Googlebot/2.1; +http://www.google.com/bot.html)"
66.249.66.67 - - [26/Apr/2025:19:23:53 -0400] "GET /?shopdetail/4221082 HTTP/1.1" 200 6424 "-" "Mozilla/5.0 (compatible; Googlebot/2.1; +http://www.google.com/bot.html)"
66.249.66.67 - - [26/Apr/2025:19:24:04 -0400] "GET /?shopdetail/7968071 HTTP/1.1" 200 6422 "-" "Mozilla/5.0 (compatible; Googlebot/2.1; +http://www.google.com/bot.html)"
66.249.66.68 - - [26/Apr/2025:19:26:54 -0400] "GET /?shopdetail/21861282 HTTP/1.1" 200 6422 "-" "Mozilla/5.0 (compatible; Googlebot/2.1; +http://www.google.com/bot.html)"
66.249.66.68 - - [26/Apr/2025:19:28:57 -0400] "GET /?shopdetail/8788615 HTTP/1.1" 200 6422 "-" "Mozilla/5.0 (compatible; Googlebot/2.1; +http://www.google.com/bot.html)"
66.249.66.66 - - [26/Apr/2025:19:33:22 -0400] "GET /?shopdetail/2021848 HTTP/1.1" 200 6424 "-" "Mozilla/5.0 (Linux; Android 6.0.1; Nexus 5X Build/MMB29P) AppleWebKit/537.36 (KHTML, like Gecko) Chrome/135.0.7049.95 Mobile Safari/537.36 (compatible; Googlebot/2.1; +http://www.google.com/bot.html)"
91.246.41.166 - - [26/Apr/2025:19:34:01 -0400] "GET / HTTP/1.1" 200 7826 "-" "Mozilla/5.0 (Macintosh; Intel Mac OS X 10_15_7) AppleWebKit/537.36 (KHTML, like Gecko) Chrome/133.0.0.0 Safari/537.36"
91.246.41.166 - - [26/Apr/2025:19:34:01 -0400] "GET /account/login HTTP/1.1" 200 1551 "-" "Mozilla/5.0 (Macintosh; Intel Mac OS X 10_15_7) AppleWebKit/537.36 (KHTML, like Gecko) Chrome/133.0.0.0 Safari/537.36"
91.246.41.166 - - [26/Apr/2025:19:34:02 -0400] "GET /account/forgot-password HTTP/1.1" 200 1461 "-" "Mozilla/5.0 (Macintosh; Intel Mac OS X 10_15_7) AppleWebKit/537.36 (KHTML, like Gecko) Chrome/133.0.0.0 Safari/537.36"
182.93.67.14 - - [26/Apr/2025:19:34:03 -0400] "POST /account/forgot-password HTTP/1.1" 200 1461 "-" "Mozilla/5.0 (Macintosh; Intel Mac OS X 10_15_7) AppleWebKit/537.36 (KHTML, like Gecko) Chrome/133.0.0.0 Safari/537.36"
182.93.67.14 - - [26/Apr/2025:19:34:05 -0400] "POST /account/forgot-password HTTP/1.1" 200 1461 "-" "Mozilla/5.0 (Windows NT 10.0; Win64; x64) AppleWebKit/537.36 (KHTML, like Gecko) Chrome/120.0.0.0 Safari/537.36"
91.246.41.166 - - [26/Apr/2025:19:34:06 -0400] "GET /account/register HTTP/1.1" 200 2216 "-" "Mozilla/5.0 (Macintosh; Intel Mac OS X 10_15_7) AppleWebKit/537.36 (KHTML, like Gecko) Chrome/133.0.0.0 Safari/537.36"
182.93.67.14 - - [26/Apr/2025:19:34:07 -0400] "POST /account/register HTTP/1.1" 200 2216 "-" "Mozilla/5.0 (Macintosh; Intel Mac OS X 10_15_7) AppleWebKit/537.36 (KHTML, like Gecko) Chrome/133.0.0.0 Safari/537.36"
182.93.67.14 - - [26/Apr/2025:19:34:09 -0400] "POST /account/register HTTP/1.1" 200 2216 "-" "Mozilla/5.0 (Windows NT 10.0; Win64; x64) AppleWebKit/537.36 (KHTML, like Gecko) Chrome/120.0.0.0 Safari/537.36"
91.246.41.166 - - [26/Apr/2025:19:34:09 -0400] "GET /account/register HTTP/1.1" 200 2216 "-" "Mozilla/5.0 (Macintosh; Intel Mac OS X 10_15_7) AppleWebKit/537.36 (KHTML, like Gecko) Chrome/133.0.0.0 Safari/537.36"
182.93.67.14 - - [26/Apr/2025:19:34:13 -0400] "POST /account/register HTTP/1.1" 200 2216 "-" "Mozilla/5.0 (Macintosh; Intel Mac OS X 10_15_7) AppleWebKit/537.36 (KHTML, like Gecko) Chrome/133.0.0.0 Safari/537.36"
182.93.67.14 - - [26/Apr/2025:19:34:16 -0400] "POST /account/register HTTP/1.1" 200 2216 "-" "Mozilla/5.0 (Windows NT 10.0; Win64; x64) AppleWebKit/537.36 (KHTML, like Gecko) Chrome/120.0.0.0 Safari/537.36"
91.246.41.166 - - [26/Apr/2025:19:34:17 -0400] "GET /account/login HTTP/1.1" 200 1551 "-" "Mozilla/5.0 (Macintosh; Intel Mac OS X 10_15_7) AppleWebKit/537.36 (KHTML, like Gecko) Chrome/133.0.0.0 Safari/537.36"
91.246.41.166 - - [26/Apr/2025:19:34:17 -0400] "GET /service-ui-ux-design.html HTTP/1.1" 404 1251 "-" "Mozilla/5.0 (Macintosh; Intel Mac OS X 10_15_7) AppleWebKit/537.36 (KHTML, like Gecko) Chrome/133.0.0.0 Safari/537.36"
91.246.41.166 - - [26/Apr/2025:19:34:18 -0400] "GET /account/register.php HTTP/1.1" 302 771 "-" "Mozilla/5.0 (Macintosh; Intel Mac OS X 10_15_7) AppleWebKit/537.36 (KHTML, like Gecko) Chrome/133.0.0.0 Safari/537.36"
91.246.41.166 - - [26/Apr/2025:19:34:18 -0400] "GET /account/register HTTP/1.1" 200 2216 "https://FINATIONGLOBAL.COM/account/register.php" "Mozilla/5.0 (Macintosh; Intel Mac OS X 10_15_7) AppleWebKit/537.36 (KHTML, like Gecko) Chrome/133.0.0.0 Safari/537.36"
182.93.67.14 - - [26/Apr/2025:19:34:20 -0400] "POST /account/register HTTP/1.1" 200 2216 "-" "Mozilla/5.0 (Macintosh; Intel Mac OS X 10_15_7) AppleWebKit/537.36 (KHTML, like Gecko) Chrome/133.0.0.0 Safari/537.36"
182.93.67.14 - - [26/Apr/2025:19:34:22 -0400] "POST /account/register HTTP/1.1" 200 2216 "-" "Mozilla/5.0 (Windows NT 10.0; Win64; x64) AppleWebKit/537.36 (KHTML, like Gecko) Chrome/120.0.0.0 Safari/537.36"
66.249.66.68 - - [26/Apr/2025:19:42:52 -0400] "GET /?shopdetail/8746037 HTTP/1.1" 200 6424 "-" "Mozilla/5.0 (Linux; Android 6.0.1; Nexus 5X Build/MMB29P) AppleWebKit/537.36 (KHTML, like Gecko) Chrome/135.0.7049.95 Mobile Safari/537.36 (compatible; Googlebot/2.1; +http://www.google.com/bot.html)"
66.249.66.68 - - [26/Apr/2025:19:44:12 -0400] "GET /?product/edit/45323700 HTTP/1.1" 200 6424 "-" "Mozilla/5.0 (compatible; Googlebot/2.1; +http://www.google.com/bot.html)"
66.249.92.20 - - [26/Apr/2025:19:47:35 -0400] "GET /.well-known/assetlinks.json HTTP/1.1" 404 1251 "-" "Mozilla/5.0 (Windows NT 10.0; Win64; x64)AppleWebKit/537.36 (KHTML, like Gecko) Chrome/91.0.4472.101 Safari/537.36"
66.249.66.68 - - [26/Apr/2025:19:48:48 -0400] "GET /?shopdetail/19268671 HTTP/1.1" 200 6422 "-" "Mozilla/5.0 (compatible; Googlebot/2.1; +http://www.google.com/bot.html)"
49.51.233.46 - - [26/Apr/2025:19:48:55 -0400] "GET / HTTP/1.1" 200 7826 "http://finationglobal.com" "Mozilla/5.0 (iPhone; CPU iPhone OS 13_2_3 like Mac OS X) AppleWebKit/605.1.15 (KHTML, like Gecko) Version/13.0.3 Mobile/15E148 Safari/604.1"
66.249.66.66 - - [26/Apr/2025:19:53:37 -0400] "GET /?safe_search/config?return_url=%2Fproduct%2Fdetail%2F17695897 HTTP/1.1" 200 6424 "-" "Mozilla/5.0 (Linux; Android 6.0.1; Nexus 5X Build/MMB29P) AppleWebKit/537.36 (KHTML, like Gecko) Chrome/135.0.7049.95 Mobile Safari/537.36 (compatible; Googlebot/2.1; +http://www.google.com/bot.html)"
66.249.66.66 - - [26/Apr/2025:20:01:48 -0400] "GET /?pcmypage?callback=product/review/41958246 HTTP/1.1" 200 6422 "-" "Mozilla/5.0 (compatible; Googlebot/2.1; +http://www.google.com/bot.html)"
66.249.66.68 - - [26/Apr/2025:20:09:02 -0400] "GET /?shopdetail/14302526 HTTP/1.1" 200 6422 "-" "Mozilla/5.0 (Linux; Android 6.0.1; Nexus 5X Build/MMB29P) AppleWebKit/537.36 (KHTML, like Gecko) Chrome/135.0.7049.95 Mobile Safari/537.36 (compatible; Googlebot/2.1; +http://www.google.com/bot.html)"
66.249.66.68 - - [26/Apr/2025:20:09:02 -0400] "GET /?shopdetail/14302526 HTTP/1.1" 200 6424 "-" "Mozilla/5.0 (compatible; Googlebot/2.1; +http://www.google.com/bot.html)"
66.249.66.67 - - [26/Apr/2025:20:11:59 -0400] "GET /?shopdetail/16197626 HTTP/1.1" 200 6424 "-" "Mozilla/5.0 (compatible; Googlebot/2.1; +http://www.google.com/bot.html)"
66.249.66.68 - - [26/Apr/2025:20:13:25 -0400] "GET /?shopdetail/11646859 HTTP/1.1" 200 6424 "-" "Mozilla/5.0 (compatible; Googlebot/2.1; +http://www.google.com/bot.html)"
66.249.66.66 - - [26/Apr/2025:20:13:38 -0400] "GET /?pcmypage?callback=product%2Fdetail%2F60556278 HTTP/1.1" 200 6422 "-" "Mozilla/5.0 (compatible; Googlebot/2.1; +http://www.google.com/bot.html)"
105.119.14.167 - - [26/Apr/2025:20:16:47 -0400] "GET /account/index HTTP/1.1" 302 508 "https://finationglobal.com/account/login" "Mozilla/5.0 (Linux; Android 10; K) AppleWebKit/537.36 (KHTML, like Gecko) Chrome/135.0.0.0 Mobile Safari/537.36"
105.119.14.167 - - [26/Apr/2025:20:16:47 -0400] "GET /account/login.php HTTP/1.1" 302 771 "https://finationglobal.com/account/login" "Mozilla/5.0 (Linux; Android 10; K) AppleWebKit/537.36 (KHTML, like Gecko) Chrome/135.0.0.0 Mobile Safari/537.36"
105.119.14.167 - - [26/Apr/2025:20:16:47 -0400] "GET /account/login HTTP/1.1" 200 1297 "https://finationglobal.com/account/login" "Mozilla/5.0 (Linux; Android 10; K) AppleWebKit/537.36 (KHTML, like Gecko) Chrome/135.0.0.0 Mobile Safari/537.36"
105.119.14.167 - - [26/Apr/2025:20:16:50 -0400] "POST /account/login HTTP/1.1" 302 1297 "https://finationglobal.com/account/login" "Mozilla/5.0 (Linux; Android 10; K) AppleWebKit/537.36 (KHTML, like Gecko) Chrome/135.0.0.0 Mobile Safari/537.36"
105.119.14.167 - - [26/Apr/2025:20:16:50 -0400] "GET /account/ HTTP/1.1" 302 508 "https://finationglobal.com/account/login" "Mozilla/5.0 (Linux; Android 10; K) AppleWebKit/537.36 (KHTML, like Gecko) Chrome/135.0.0.0 Mobile Safari/537.36"
105.119.14.167 - - [26/Apr/2025:20:16:50 -0400] "GET /account/index HTTP/1.1" 200 6411 "https://finationglobal.com/account/login" "Mozilla/5.0 (Linux; Android 10; K) AppleWebKit/537.36 (KHTML, like Gecko) Chrome/135.0.0.0 Mobile Safari/537.36"
66.249.66.66 - - [26/Apr/2025:20:16:59 -0400] "GET /?pcmypage?callback=/product%2Fdetail%2F82254373 HTTP/1.1" 200 6422 "-" "Mozilla/5.0 (compatible; Googlebot/2.1; +http://www.google.com/bot.html)"
105.119.14.167 - - [26/Apr/2025:20:17:06 -0400] "GET /account/messages HTTP/1.1" 302 529 "https://finationglobal.com/account/index" "Mozilla/5.0 (Linux; Android 10; K) AppleWebKit/537.36 (KHTML, like Gecko) Chrome/135.0.0.0 Mobile Safari/537.36"
105.119.14.167 - - [26/Apr/2025:20:17:06 -0400] "GET /account/index HTTP/1.1" 200 6411 "https://finationglobal.com/account/index" "Mozilla/5.0 (Linux; Android 10; K) AppleWebKit/537.36 (KHTML, like Gecko) Chrome/135.0.0.0 Mobile Safari/537.36"
105.119.14.167 - - [26/Apr/2025:20:17:09 -0400] "GET /account/subscriptionplans HTTP/1.1" 200 5226 "https://finationglobal.com/account/index" "Mozilla/5.0 (Linux; Android 10; K) AppleWebKit/537.36 (KHTML, like Gecko) Chrome/135.0.0.0 Mobile Safari/537.36"
105.119.14.167 - - [26/Apr/2025:20:17:25 -0400] "POST /account/subscriptionplans HTTP/1.1" 200 5378 "https://finationglobal.com/account/subscriptionplans" "Mozilla/5.0 (Linux; Android 10; K) AppleWebKit/537.36 (KHTML, like Gecko) Chrome/135.0.0.0 Mobile Safari/537.36"
105.119.14.167 - - [26/Apr/2025:20:17:34 -0400] "GET /account/subscriptionplans HTTP/1.1" 200 5226 "https://finationglobal.com/account/index" "Mozilla/5.0 (Linux; Android 10; K) AppleWebKit/537.36 (KHTML, like Gecko) Chrome/135.0.0.0 Mobile Safari/537.36"
105.119.14.167 - - [26/Apr/2025:20:17:47 -0400] "GET /account/myprofile HTTP/1.1" 200 5314 "https://finationglobal.com/account/subscriptionplans" "Mozilla/5.0 (Linux; Android 10; K) AppleWebKit/537.36 (KHTML, like Gecko) Chrome/135.0.0.0 Mobile Safari/537.36"
142.250.32.3 - - [26/Apr/2025:20:17:52 -0400] "GET /account/myprofile HTTP/1.1" 302 462 "-" "Mozilla/5.0 (Linux; Android 7.0; SM-G930V Build/NRD90M) AppleWebKit/537.36 (KHTML, like Gecko) Chrome/59.0.3071.125 Mobile Safari/537.36 (compatible; Google-Read-Aloud; +https://support.google.com/webmasters/answer/1061943)"
142.250.32.3 - - [26/Apr/2025:20:17:52 -0400] "GET /account/login.php HTTP/1.1" 302 771 "-" "Mozilla/5.0 (Linux; Android 7.0; SM-G930V Build/NRD90M) AppleWebKit/537.36 (KHTML, like Gecko) Chrome/59.0.3071.125 Mobile Safari/537.36 (compatible; Google-Read-Aloud; +https://support.google.com/webmasters/answer/1061943)"
142.250.32.3 - - [26/Apr/2025:20:17:52 -0400] "GET /account/login HTTP/1.1" 200 1297 "-" "Mozilla/5.0 (Linux; Android 7.0; SM-G930V Build/NRD90M) AppleWebKit/537.36 (KHTML, like Gecko) Chrome/59.0.3071.125 Mobile Safari/537.36 (compatible; Google-Read-Aloud; +https://support.google.com/webmasters/answer/1061943)"
66.249.66.67 - - [26/Apr/2025:20:18:39 -0400] "GET /?shopdetail/25996659 HTTP/1.1" 200 6424 "-" "Mozilla/5.0 (Linux; Android 6.0.1; Nexus 5X Build/MMB29P) AppleWebKit/537.36 (KHTML, like Gecko) Chrome/135.0.7049.95 Mobile Safari/537.36 (compatible; Googlebot/2.1; +http://www.google.com/bot.html)"
66.249.66.67 - - [26/Apr/2025:20:19:07 -0400] "GET /?shopdetail/8378759 HTTP/1.1" 200 6424 "-" "Mozilla/5.0 (compatible; Googlebot/2.1; +http://www.google.com/bot.html)"
105.119.14.167 - - [26/Apr/2025:20:19:31 -0400] "POST /account/myprofile HTTP/1.1" 200 5502 "https://finationglobal.com/account/myprofile" "Mozilla/5.0 (Linux; Android 10; K) AppleWebKit/537.36 (KHTML, like Gecko) Chrome/135.0.0.0 Mobile Safari/537.36"
105.119.14.167 - - [26/Apr/2025:20:19:32 -0400] "GET /account/uploads/IMG-20250324-WA0044.jpg HTTP/1.1" 200 60128 "https://finationglobal.com/account/myprofile" "Mozilla/5.0 (Linux; Android 10; K) AppleWebKit/537.36 (KHTML, like Gecko) Chrome/135.0.0.0 Mobile Safari/537.36"
152.42.219.55 - - [26/Apr/2025:20:20:23 -0400] "GET /sftp-config.json HTTP/1.1" 404 1251 "-" "Mozilla/5.0 (Macintosh; Intel Mac OS X 10.15; rv:77.0) Gecko/20100101 Firefox/77.0"
152.42.219.55 - - [26/Apr/2025:20:20:24 -0400] "GET /.vscode/sftp.json HTTP/1.1" 404 1251 "-" "Mozilla/5.0 (Macintosh; Intel Mac OS X 10.15; rv:77.0) Gecko/20100101 Firefox/77.0"
152.42.219.55 - - [26/Apr/2025:20:20:25 -0400] "GET /.vscode/ftp-config.json HTTP/1.1" 404 1251 "-" "Mozilla/5.0 (Macintosh; Intel Mac OS X 10.15; rv:77.0) Gecko/20100101 Firefox/77.0"
152.42.219.55 - - [26/Apr/2025:20:20:26 -0400] "GET /.vscode/ftp-sync.json HTTP/1.1" 404 1251 "-" "Mozilla/5.0 (Macintosh; Intel Mac OS X 10.15; rv:77.0) Gecko/20100101 Firefox/77.0"
152.42.219.55 - - [26/Apr/2025:20:20:27 -0400] "GET /.sftp-config.json HTTP/1.1" 404 1251 "-" "Mozilla/5.0 (Macintosh; Intel Mac OS X 10.15; rv:77.0) Gecko/20100101 Firefox/77.0"
152.42.219.55 - - [26/Apr/2025:20:20:28 -0400] "GET /ftp-sync.json HTTP/1.1" 404 1251 "-" "Mozilla/5.0 (Macintosh; Intel Mac OS X 10.15; rv:77.0) Gecko/20100101 Firefox/77.0"
152.42.219.55 - - [26/Apr/2025:20:20:28 -0400] "GET /.ftp-sync.json HTTP/1.1" 404 1251 "-" "Mozilla/5.0 (Macintosh; Intel Mac OS X 10.15; rv:77.0) Gecko/20100101 Firefox/77.0"
152.42.219.55 - - [26/Apr/2025:20:20:29 -0400] "GET /ftp-config.json HTTP/1.1" 404 1251 "-" "Mozilla/5.0 (Macintosh; Intel Mac OS X 10.15; rv:77.0) Gecko/20100101 Firefox/77.0"
152.42.219.55 - - [26/Apr/2025:20:20:30 -0400] "GET /.ftp-config.json HTTP/1.1" 404 1251 "-" "Mozilla/5.0 (Macintosh; Intel Mac OS X 10.15; rv:77.0) Gecko/20100101 Firefox/77.0"
105.119.14.167 - - [26/Apr/2025:20:20:38 -0400] "POST /account/myprofile HTTP/1.1" 200 5516 "https://finationglobal.com/account/myprofile" "Mozilla/5.0 (Linux; Android 10; K) AppleWebKit/537.36 (KHTML, like Gecko) Chrome/135.0.0.0 Mobile Safari/537.36"
105.119.14.167 - - [26/Apr/2025:20:20:40 -0400] "GET /account/uploads/IMG-20241230-WA0158(4).jpg HTTP/1.1" 200 185339 "https://finationglobal.com/account/myprofile" "Mozilla/5.0 (Linux; Android 10; K) AppleWebKit/537.36 (KHTML, like Gecko) Chrome/135.0.0.0 Mobile Safari/537.36"
105.119.14.167 - - [26/Apr/2025:20:20:55 -0400] "POST /account/myprofile HTTP/1.1" 200 5584 "https://finationglobal.com/account/myprofile" "Mozilla/5.0 (Linux; Android 10; K) AppleWebKit/537.36 (KHTML, like Gecko) Chrome/135.0.0.0 Mobile Safari/537.36"
105.119.14.167 - - [26/Apr/2025:20:21:02 -0400] "POST /account/myprofile HTTP/1.1" 200 5514 "https://finationglobal.com/account/myprofile" "Mozilla/5.0 (Linux; Android 10; K) AppleWebKit/537.36 (KHTML, like Gecko) Chrome/135.0.0.0 Mobile Safari/537.36"
66.249.66.66 - - [26/Apr/2025:20:22:04 -0400] "GET /?shopdetail/21358704 HTTP/1.1" 200 6424 "-" "Mozilla/5.0 (compatible; Googlebot/2.1; +http://www.google.com/bot.html)"
105.119.14.167 - - [26/Apr/2025:20:22:14 -0400] "POST /account/myprofile HTTP/1.1" 200 5530 "https://finationglobal.com/account/myprofile" "Mozilla/5.0 (Linux; Android 10; K) AppleWebKit/537.36 (KHTML, like Gecko) Chrome/135.0.0.0 Mobile Safari/537.36"
66.249.66.67 - - [26/Apr/2025:20:22:46 -0400] "GET /?shopdetail/29419271 HTTP/1.1" 200 6424 "-" "Mozilla/5.0 (Linux; Android 6.0.1; Nexus 5X Build/MMB29P) AppleWebKit/537.36 (KHTML, like Gecko) Chrome/135.0.7049.95 Mobile Safari/537.36 (compatible; Googlebot/2.1; +http://www.google.com/bot.html)"
66.249.66.67 - - [26/Apr/2025:20:22:50 -0400] "GET /?pcmypage?callback=product%2Fdetail%2F68801259 HTTP/1.1" 200 6422 "-" "Mozilla/5.0 (Linux; Android 6.0.1; Nexus 5X Build/MMB29P) AppleWebKit/537.36 (KHTML, like Gecko) Chrome/135.0.7049.95 Mobile Safari/537.36 (compatible; Googlebot/2.1; +http://www.google.com/bot.html)"
105.119.14.167 - - [26/Apr/2025:20:22:54 -0400] "GET /account/myhistory HTTP/1.1" 302 509 "https://finationglobal.com/account/myprofile" "Mozilla/5.0 (Linux; Android 10; K) AppleWebKit/537.36 (KHTML, like Gecko) Chrome/135.0.0.0 Mobile Safari/537.36"
105.119.14.167 - - [26/Apr/2025:20:22:54 -0400] "GET /account/index HTTP/1.1" 200 6466 "https://finationglobal.com/account/myprofile" "Mozilla/5.0 (Linux; Android 10; K) AppleWebKit/537.36 (KHTML, like Gecko) Chrome/135.0.0.0 Mobile Safari/537.36"
66.249.66.67 - - [26/Apr/2025:20:23:54 -0400] "GET /?shopdetail/1983415 HTTP/1.1" 200 6424 "-" "Mozilla/5.0 (Linux; Android 6.0.1; Nexus 5X Build/MMB29P) AppleWebKit/537.36 (KHTML, like Gecko) Chrome/135.0.7049.95 Mobile Safari/537.36 (compatible; Googlebot/2.1; +http://www.google.com/bot.html)"
66.249.66.66 - - [26/Apr/2025:20:24:13 -0400] "GET /?shopdetail/12111959 HTTP/1.1" 200 6424 "-" "Mozilla/5.0 (compatible; Googlebot/2.1; +http://www.google.com/bot.html)"
66.249.66.66 - - [26/Apr/2025:20:25:16 -0400] "GET /?shopdetail/8781860 HTTP/1.1" 200 6422 "-" "Mozilla/5.0 (Linux; Android 6.0.1; Nexus 5X Build/MMB29P) AppleWebKit/537.36 (KHTML, like Gecko) Chrome/135.0.7049.95 Mobile Safari/537.36 (compatible; Googlebot/2.1; +http://www.google.com/bot.html)"
66.249.66.66 - - [26/Apr/2025:20:26:04 -0400] "GET /?shopdetail/12832293 HTTP/1.1" 200 6424 "-" "Mozilla/5.0 (compatible; Googlebot/2.1; +http://www.google.com/bot.html)"
105.119.14.167 - - [26/Apr/2025:20:29:10 -0400] "GET /account/myprofile HTTP/1.1" 200 5344 "https://finationglobal.com/account/index" "Mozilla/5.0 (Linux; Android 10; K) AppleWebKit/537.36 (KHTML, like Gecko) Chrome/135.0.0.0 Mobile Safari/537.36"
66.249.66.67 - - [26/Apr/2025:20:32:15 -0400] "GET /?shopdetail/30020171 HTTP/1.1" 200 6422 "-" "Mozilla/5.0 (compatible; Googlebot/2.1; +http://www.google.com/bot.html)"
66.249.66.66 - - [26/Apr/2025:20:33:10 -0400] "GET /?shopdetail/1168915 HTTP/1.1" 200 6422 "-" "Mozilla/5.0 (Linux; Android 6.0.1; Nexus 5X Build/MMB29P) AppleWebKit/537.36 (KHTML, like Gecko) Chrome/135.0.7049.95 Mobile Safari/537.36 (compatible; Googlebot/2.1; +http://www.google.com/bot.html)"
66.249.66.68 - - [26/Apr/2025:20:33:13 -0400] "GET /?shopdetail/21072537 HTTP/1.1" 200 6422 "-" "Mozilla/5.0 (Linux; Android 6.0.1; Nexus 5X Build/MMB29P) AppleWebKit/537.36 (KHTML, like Gecko) Chrome/135.0.7049.95 Mobile Safari/537.36 (compatible; Googlebot/2.1; +http://www.google.com/bot.html)"
66.249.66.67 - - [26/Apr/2025:20:40:36 -0400] "GET /?shopdetail/29089237 HTTP/1.1" 200 6424 "-" "Mozilla/5.0 (Linux; Android 6.0.1; Nexus 5X Build/MMB29P) AppleWebKit/537.36 (KHTML, like Gecko) Chrome/135.0.7049.95 Mobile Safari/537.36 (compatible; Googlebot/2.1; +http://www.google.com/bot.html)"
66.249.66.66 - - [26/Apr/2025:20:43:17 -0400] "GET /?pcmypage?callback=/product%2Fdetail%2F32988519 HTTP/1.1" 200 6424 "-" "Mozilla/5.0 (Linux; Android 6.0.1; Nexus 5X Build/MMB29P) AppleWebKit/537.36 (KHTML, like Gecko) Chrome/135.0.7049.95 Mobile Safari/537.36 (compatible; Googlebot/2.1; +http://www.google.com/bot.html)"
66.249.66.68 - - [26/Apr/2025:20:47:22 -0400] "GET /?shopdetail/13053559 HTTP/1.1" 200 6422 "-" "Mozilla/5.0 (Linux; Android 6.0.1; Nexus 5X Build/MMB29P) AppleWebKit/537.36 (KHTML, like Gecko) Chrome/135.0.7049.95 Mobile Safari/537.36 (compatible; Googlebot/2.1; +http://www.google.com/bot.html)"
66.249.66.66 - - [26/Apr/2025:20:52:59 -0400] "GET /?shopdetail/3481259 HTTP/1.1" 200 6422 "-" "Mozilla/5.0 (compatible; Googlebot/2.1; +http://www.google.com/bot.html)"
66.249.66.67 - - [26/Apr/2025:21:07:50 -0400] "GET /?shopdetail/28565315 HTTP/1.1" 200 6422 "-" "Mozilla/5.0 (compatible; Googlebot/2.1; +http://www.google.com/bot.html)"
66.249.66.68 - - [26/Apr/2025:21:09:45 -0400] "GET /?shopdetail/10034260 HTTP/1.1" 200 6424 "-" "Mozilla/5.0 (compatible; Googlebot/2.1; +http://www.google.com/bot.html)"
66.249.66.67 - - [26/Apr/2025:21:10:10 -0400] "GET /?pcmypage?callback=product%2Fdetail%2F77523863 HTTP/1.1" 200 6422 "-" "Mozilla/5.0 (compatible; Googlebot/2.1; +http://www.google.com/bot.html)"
66.249.66.68 - - [26/Apr/2025:21:17:07 -0400] "GET /?shopdetail/25729026 HTTP/1.1" 200 6424 "-" "Mozilla/5.0 (compatible; Googlebot/2.1; +http://www.google.com/bot.html)"
66.249.66.68 - - [26/Apr/2025:21:19:16 -0400] "GET /?shopdetail/11606804 HTTP/1.1" 200 6422 "-" "Mozilla/5.0 (compatible; Googlebot/2.1; +http://www.google.com/bot.html)"
185.130.251.131 - - [26/Apr/2025:21:20:28 -0400] "GET / HTTP/1.0" 200 38507 "https://finationglobal.com/" "Mozilla/5.0 (Windows NT 10.0; Win64; x64) AppleWebKit/537.36 (KHTML, like Gecko) Chrome/130.0.0.0 Safari/537.36"
185.130.251.131 - - [26/Apr/2025:21:20:29 -0400] "GET /account/register HTTP/1.0" 200 8064 "https://finationglobal.com/account/register" "Mozilla/5.0 (Windows NT 10.0; Win64; x64) AppleWebKit/537.36 (KHTML, like Gecko) Chrome/130.0.0.0 Safari/537.36"
185.130.251.131 - - [26/Apr/2025:21:20:30 -0400] "POST /account/register HTTP/1.0" 302 8596 "https://finationglobal.com/account/register" "Mozilla/5.0 (Windows NT 10.0; Win64; x64) AppleWebKit/537.36 (KHTML, like Gecko) Chrome/130.0.0.0 Safari/537.36"
185.130.251.131 - - [26/Apr/2025:21:20:31 -0400] "GET /account/ HTTP/1.0" 302 1469 "https://finationglobal.com/account/" "Mozilla/5.0 (Windows NT 10.0; Win64; x64) AppleWebKit/537.36 (KHTML, like Gecko) Chrome/130.0.0.0 Safari/537.36"
185.130.251.131 - - [26/Apr/2025:21:20:32 -0400] "GET /index HTTP/1.0" 200 38507 "https://finationglobal.com/index" "Mozilla/5.0 (Windows NT 10.0; Win64; x64) AppleWebKit/537.36 (KHTML, like Gecko) Chrome/130.0.0.0 Safari/537.36"
185.130.251.131 - - [26/Apr/2025:21:20:32 -0400] "GET / HTTP/1.0" 200 38507 "https://finationglobal.com/" "Mozilla/5.0 (Windows NT 10.0; Win64; x64) AppleWebKit/537.36 (KHTML, like Gecko) Chrome/130.0.0.0 Safari/537.36"
66.249.66.66 - - [26/Apr/2025:21:24:49 -0400] "GET /?pcmypage?callback=product/review/71491771 HTTP/1.1" 200 6424 "-" "Mozilla/5.0 (compatible; Googlebot/2.1; +http://www.google.com/bot.html)"
66.249.66.67 - - [26/Apr/2025:21:24:58 -0400] "GET /?pcmypage?callback=product%2Fdetail%2F26403970 HTTP/1.1" 200 6424 "-" "Mozilla/5.0 (Linux; Android 6.0.1; Nexus 5X Build/MMB29P) AppleWebKit/537.36 (KHTML, like Gecko) Chrome/135.0.7049.95 Mobile Safari/537.36 (compatible; Googlebot/2.1; +http://www.google.com/bot.html)"
139.155.139.22 - - [26/Apr/2025:21:25:51 -0400] "GET / HTTP/1.1" 200 7826 "http://www.finationglobal.com" "Mozilla/5.0 (iPhone; CPU iPhone OS 13_2_3 like Mac OS X) AppleWebKit/605.1.15 (KHTML, like Gecko) Version/13.0.3 Mobile/15E148 Safari/604.1"
66.249.66.68 - - [26/Apr/2025:21:26:52 -0400] "GET /?shopdetail/3028326 HTTP/1.1" 200 6424 "-" "Mozilla/5.0 (Linux; Android 6.0.1; Nexus 5X Build/MMB29P) AppleWebKit/537.36 (KHTML, like Gecko) Chrome/135.0.7049.95 Mobile Safari/537.36 (compatible; Googlebot/2.1; +http://www.google.com/bot.html)"
195.191.219.133 - - [26/Apr/2025:21:29:59 -0400] "GET /robots.txt HTTP/1.1" 404 1251 "-" "Mozilla/5.0 (compatible; MJ12bot/v2.0.0; http://mj12bot.com/)"
195.191.219.133 - - [26/Apr/2025:21:29:59 -0400] "GET / HTTP/1.1" 200 6424 "-" "Mozilla/5.0 (compatible; MJ12bot/v2.0.0; http://mj12bot.com/)"
66.249.66.67 - - [26/Apr/2025:21:34:21 -0400] "GET /?safe_search/config?return_url=%2Fproduct%2Fdetail%2F26071034 HTTP/1.1" 200 6422 "-" "Mozilla/5.0 (Linux; Android 6.0.1; Nexus 5X Build/MMB29P) AppleWebKit/537.36 (KHTML, like Gecko) Chrome/135.0.7049.95 Mobile Safari/537.36 (compatible; Googlebot/2.1; +http://www.google.com/bot.html)"
66.249.66.67 - - [26/Apr/2025:21:37:45 -0400] "GET /?shopdetail/12256737 HTTP/1.1" 200 6422 "-" "Mozilla/5.0 (compatible; Googlebot/2.1; +http://www.google.com/bot.html)"
66.249.66.68 - - [26/Apr/2025:21:42:10 -0400] "GET /?shopdetail/29321004 HTTP/1.1" 200 6424 "-" "Mozilla/5.0 (Linux; Android 6.0.1; Nexus 5X Build/MMB29P) AppleWebKit/537.36 (KHTML, like Gecko) Chrome/135.0.7049.95 Mobile Safari/537.36 (compatible; Googlebot/2.1; +http://www.google.com/bot.html)"
66.249.66.67 - - [26/Apr/2025:21:47:28 -0400] "GET /?shopdetail/12549159 HTTP/1.1" 200 6422 "-" "Mozilla/5.0 (compatible; Googlebot/2.1; +http://www.google.com/bot.html)"
66.249.66.67 - - [26/Apr/2025:21:51:27 -0400] "GET /?pcmypage?callback=product/review/84088169 HTTP/1.1" 200 6424 "-" "Mozilla/5.0 (compatible; Googlebot/2.1; +http://www.google.com/bot.html)"
66.249.66.66 - - [26/Apr/2025:21:59:02 -0400] "GET /?safe_search/config?return_url=%2Fproduct%2Fdetail%2F95055994 HTTP/1.1" 200 6424 "-" "Mozilla/5.0 (compatible; Googlebot/2.1; +http://www.google.com/bot.html)"
66.249.66.67 - - [26/Apr/2025:22:00:39 -0400] "GET /?shopdetail/28942515 HTTP/1.1" 200 6424 "-" "Mozilla/5.0 (Linux; Android 6.0.1; Nexus 5X Build/MMB29P) AppleWebKit/537.36 (KHTML, like Gecko) Chrome/135.0.7049.95 Mobile Safari/537.36 (compatible; Googlebot/2.1; +http://www.google.com/bot.html)"
66.249.66.21 - - [26/Apr/2025:22:00:50 -0400] "GET /robots.txt HTTP/1.1" 404 1251 "-" "Mozilla/5.0 (compatible; Googlebot/2.1; +http://www.google.com/bot.html)"
66.249.66.22 - - [26/Apr/2025:22:00:50 -0400] "GET / HTTP/1.1" 200 6424 "-" "Mozilla/5.0 (compatible; Googlebot/2.1; +http://www.google.com/bot.html)"
66.249.66.21 - - [26/Apr/2025:22:00:51 -0400] "GET /js/wow.min.js HTTP/1.1" 200 5615 "https://finationglobal.com/" "Mozilla/5.0 AppleWebKit/537.36 (KHTML, like Gecko; compatible; Googlebot/2.1; +http://www.google.com/bot.html) Chrome/134.0.6998.165 Safari/537.36"
66.249.66.67 - - [26/Apr/2025:22:09:06 -0400] "GET /?shopdetail/14397648 HTTP/1.1" 200 6424 "-" "Mozilla/5.0 (compatible; Googlebot/2.1; +http://www.google.com/bot.html)"
51.8.102.107 - - [26/Apr/2025:22:09:59 -0400] "GET /robots.txt HTTP/1.1" 404 1251 "-" "Mozilla/5.0 (Macintosh; Intel Mac OS X 10_15_7) AppleWebKit/537.36 (KHTML, like Gecko) Chrome/131.0.0.0 Safari/537.36; compatible; OAI-SearchBot/1.0; +https://openai.com/searchbot"
51.8.102.107 - - [26/Apr/2025:22:10:00 -0400] "GET /robots.txt HTTP/1.1" 404 1251 "-" "Mozilla/5.0 (Macintosh; Intel Mac OS X 10_15_7) AppleWebKit/537.36 (KHTML, like Gecko) Chrome/131.0.0.0 Safari/537.36; compatible; OAI-SearchBot/1.0; +https://openai.com/searchbot"
66.249.66.66 - - [26/Apr/2025:22:11:45 -0400] "GET /?shopdetail/6199271 HTTP/1.1" 200 6422 "-" "Mozilla/5.0 (Linux; Android 6.0.1; Nexus 5X Build/MMB29P) AppleWebKit/537.36 (KHTML, like Gecko) Chrome/135.0.7049.95 Mobile Safari/537.36 (compatible; Googlebot/2.1; +http://www.google.com/bot.html)"
105.112.213.222 - - [26/Apr/2025:22:15:50 -0400] "GET /account/courses?index=c9f0f895fb98ab9159f51fd0297e236dglc8 HTTP/1.1" 302 841 "https://finationglobal.com/account/courses?index=c4ca4238a0b923820dcc509a6f75849bglc1" "Mozilla/5.0 (Linux; Android 10; K) AppleWebKit/537.36 (KHTML, like Gecko) Chrome/134.0.0.0 Mobile Safari/537.36"
105.112.213.222 - - [26/Apr/2025:22:15:51 -0400] "GET /account/login.php HTTP/1.1" 302 771 "https://finationglobal.com/account/courses?index=c4ca4238a0b923820dcc509a6f75849bglc1" "Mozilla/5.0 (Linux; Android 10; K) AppleWebKit/537.36 (KHTML, like Gecko) Chrome/134.0.0.0 Mobile Safari/537.36"
105.112.213.222 - - [26/Apr/2025:22:15:51 -0400] "GET /account/login HTTP/1.1" 200 1297 "https://finationglobal.com/account/courses?index=c4ca4238a0b923820dcc509a6f75849bglc1" "Mozilla/5.0 (Linux; Android 10; K) AppleWebKit/537.36 (KHTML, like Gecko) Chrome/134.0.0.0 Mobile Safari/537.36"
105.112.213.222 - - [26/Apr/2025:22:15:51 -0400] "GET /assets/css/style.css HTTP/1.1" 200 144740 "https://finationglobal.com/account/login" "Mozilla/5.0 (Linux; Android 10; K) AppleWebKit/537.36 (KHTML, like Gecko) Chrome/134.0.0.0 Mobile Safari/537.36"
105.112.213.222 - - [26/Apr/2025:22:15:55 -0400] "POST /account/login HTTP/1.1" 302 1297 "https://finationglobal.com/account/login" "Mozilla/5.0 (Linux; Android 10; K) AppleWebKit/537.36 (KHTML, like Gecko) Chrome/134.0.0.0 Mobile Safari/537.36"
105.112.213.222 - - [26/Apr/2025:22:15:55 -0400] "GET /account/ HTTP/1.1" 200 0 "https://finationglobal.com/account/login" "Mozilla/5.0 (Linux; Android 10; K) AppleWebKit/537.36 (KHTML, like Gecko) Chrome/134.0.0.0 Mobile Safari/537.36"
105.112.213.222 - - [26/Apr/2025:22:15:56 -0400] "POST /account/login HTTP/1.1" 302 1297 "https://finationglobal.com/account/login" "Mozilla/5.0 (Linux; Android 10; K) AppleWebKit/537.36 (KHTML, like Gecko) Chrome/134.0.0.0 Mobile Safari/537.36"
105.112.213.222 - - [26/Apr/2025:22:15:56 -0400] "GET /account/ HTTP/1.1" 200 6756 "https://finationglobal.com/account/login" "Mozilla/5.0 (Linux; Android 10; K) AppleWebKit/537.36 (KHTML, like Gecko) Chrome/134.0.0.0 Mobile Safari/537.36"
105.112.213.222 - - [26/Apr/2025:22:15:57 -0400] "GET /assets/css/plugins.css HTTP/1.1" 304 0 "https://finationglobal.com/account/" "Mozilla/5.0 (Linux; Android 10; K) AppleWebKit/537.36 (KHTML, like Gecko) Chrome/134.0.0.0 Mobile Safari/537.36"
105.112.213.222 - - [26/Apr/2025:22:15:57 -0400] "GET /account/finationbr.png HTTP/1.1" 304 0 "https://finationglobal.com/account/" "Mozilla/5.0 (Linux; Android 10; K) AppleWebKit/537.36 (KHTML, like Gecko) Chrome/134.0.0.0 Mobile Safari/537.36"
105.112.213.222 - - [26/Apr/2025:22:15:57 -0400] "GET /account/uploads/user.png HTTP/1.1" 304 0 "https://finationglobal.com/account/" "Mozilla/5.0 (Linux; Android 10; K) AppleWebKit/537.36 (KHTML, like Gecko) Chrome/134.0.0.0 Mobile Safari/537.36"
105.112.213.222 - - [26/Apr/2025:22:15:58 -0400] "GET /assets/plugins/chart/Chart.bundle.js HTTP/1.1" 200 100033 "https://finationglobal.com/account/" "Mozilla/5.0 (Linux; Android 10; K) AppleWebKit/537.36 (KHTML, like Gecko) Chrome/134.0.0.0 Mobile Safari/537.36"
105.112.213.222 - - [26/Apr/2025:22:15:58 -0400] "GET /account/uploads/31z4n63t8i1e.jpg HTTP/1.1" 200 404074 "https://finationglobal.com/account/" "Mozilla/5.0 (Linux; Android 10; K) AppleWebKit/537.36 (KHTML, like Gecko) Chrome/134.0.0.0 Mobile Safari/537.36"
105.112.213.222 - - [26/Apr/2025:22:15:58 -0400] "GET /account/uploads/gc2faa3dhxyi.jpg HTTP/1.1" 200 415134 "https://finationglobal.com/account/" "Mozilla/5.0 (Linux; Android 10; K) AppleWebKit/537.36 (KHTML, like Gecko) Chrome/134.0.0.0 Mobile Safari/537.36"
105.112.213.222 - - [26/Apr/2025:22:15:58 -0400] "GET /assets/js/apexcharts.js HTTP/1.1" 200 125432 "https://finationglobal.com/account/" "Mozilla/5.0 (Linux; Android 10; K) AppleWebKit/537.36 (KHTML, like Gecko) Chrome/134.0.0.0 Mobile Safari/537.36"
105.112.213.222 - - [26/Apr/2025:22:15:58 -0400] "GET /assets/plugins/echarts/echarts.js HTTP/1.1" 200 756408 "https://finationglobal.com/account/" "Mozilla/5.0 (Linux; Android 10; K) AppleWebKit/537.36 (KHTML, like Gecko) Chrome/134.0.0.0 Mobile Safari/537.36"
105.112.213.222 - - [26/Apr/2025:22:15:58 -0400] "GET /account/pngtree.png HTTP/1.1" 304 0 "https://finationglobal.com/account/" "Mozilla/5.0 (Linux; Android 10; K) AppleWebKit/537.36 (KHTML, like Gecko) Chrome/134.0.0.0 Mobile Safari/537.36"
105.112.213.222 - - [26/Apr/2025:22:15:58 -0400] "GET /account/uploads/u1.png HTTP/1.1" 304 0 "https://finationglobal.com/account/" "Mozilla/5.0 (Linux; Android 10; K) AppleWebKit/537.36 (KHTML, like Gecko) Chrome/134.0.0.0 Mobile Safari/537.36"
105.112.213.222 - - [26/Apr/2025:22:15:58 -0400] "GET /assets/iconfonts/font-awesome/fonts/fontawesome-webfont.woff2?v=4.7.0 HTTP/1.1" 304 0 "https://finationglobal.com/assets/iconfonts/font-awesome/css/font-awesome.min.css" "Mozilla/5.0 (Linux; Android 10; K) AppleWebKit/537.36 (KHTML, like Gecko) Chrome/134.0.0.0 Mobile Safari/537.36"
105.112.213.222 - - [26/Apr/2025:22:16:00 -0400] "GET /assets/iconfonts/feather/fonts/feather-webfont.woff?t=1501841394106 HTTP/1.1" 304 0 "https://finationglobal.com/assets/css/style.css" "Mozilla/5.0 (Linux; Android 10; K) AppleWebKit/537.36 (KHTML, like Gecko) Chrome/134.0.0.0 Mobile Safari/537.36"
105.112.213.222 - - [26/Apr/2025:22:16:00 -0400] "GET /assets/iconfonts/materialdesignicons/fonts/materialdesignicons-webfont.woff2?v=2.0.46 HTTP/1.1" 200 109248 "https://finationglobal.com/assets/iconfonts/materialdesignicons/materialdesignicons.css" "Mozilla/5.0 (Linux; Android 10; K) AppleWebKit/537.36 (KHTML, like Gecko) Chrome/134.0.0.0 Mobile Safari/537.36"
105.112.213.222 - - [26/Apr/2025:22:16:16 -0400] "GET /account/login HTTP/1.1" 200 1297 "-" "Mozilla/5.0 (X11; Linux x86_64) AppleWebKit/537.36 (KHTML, like Gecko) Chrome/134.0.0.0 Safari/537.36"
105.112.213.222 - - [26/Apr/2025:22:16:17 -0400] "GET /account/finbrand.png HTTP/1.1" 304 0 "https://finationglobal.com/account/login" "Mozilla/5.0 (X11; Linux x86_64) AppleWebKit/537.36 (KHTML, like Gecko) Chrome/134.0.0.0 Safari/537.36"
105.112.213.222 - - [26/Apr/2025:22:16:17 -0400] "GET /assets/iconfonts/materialdesignicons/fonts/Material-Design-Iconic-Font.woff2?v=2.2.0 HTTP/1.1" 304 0 "https://finationglobal.com/assets/iconfonts/materialdesignicons/materialdesignicons.css" "Mozilla/5.0 (Linux; Android 10; K) AppleWebKit/537.36 (KHTML, like Gecko) Chrome/134.0.0.0 Mobile Safari/537.36"
105.112.213.222 - - [26/Apr/2025:22:16:20 -0400] "POST /account/login HTTP/1.1" 302 1297 "https://finationglobal.com/account/login" "Mozilla/5.0 (X11; Linux x86_64) AppleWebKit/537.36 (KHTML, like Gecko) Chrome/134.0.0.0 Safari/537.36"
105.112.213.222 - - [26/Apr/2025:22:16:20 -0400] "GET /account/ HTTP/1.1" 200 0 "https://finationglobal.com/account/login" "Mozilla/5.0 (X11; Linux x86_64) AppleWebKit/537.36 (KHTML, like Gecko) Chrome/134.0.0.0 Safari/537.36"
105.112.213.222 - - [26/Apr/2025:22:16:21 -0400] "POST /account/login HTTP/1.1" 302 1297 "https://finationglobal.com/account/login" "Mozilla/5.0 (X11; Linux x86_64) AppleWebKit/537.36 (KHTML, like Gecko) Chrome/134.0.0.0 Safari/537.36"
105.112.213.222 - - [26/Apr/2025:22:16:21 -0400] "GET /account/ HTTP/1.1" 200 6756 "https://finationglobal.com/account/login" "Mozilla/5.0 (X11; Linux x86_64) AppleWebKit/537.36 (KHTML, like Gecko) Chrome/134.0.0.0 Safari/537.36"
105.112.213.222 - - [26/Apr/2025:22:16:34 -0400] "GET /account/courses HTTP/1.1" 200 5406 "https://finationglobal.com/account/" "Mozilla/5.0 (X11; Linux x86_64) AppleWebKit/537.36 (KHTML, like Gecko) Chrome/134.0.0.0 Safari/537.36"
105.112.213.222 - - [26/Apr/2025:22:16:34 -0400] "GET /account/uploads/vid8258820477.jpeg HTTP/1.1" 200 448913 "https://finationglobal.com/account/courses" "Mozilla/5.0 (X11; Linux x86_64) AppleWebKit/537.36 (KHTML, like Gecko) Chrome/134.0.0.0 Safari/537.36"
105.112.213.222 - - [26/Apr/2025:22:16:34 -0400] "GET /account/uploads/vid8259222719.jpeg HTTP/1.1" 200 426164 "https://finationglobal.com/account/courses" "Mozilla/5.0 (X11; Linux x86_64) AppleWebKit/537.36 (KHTML, like Gecko) Chrome/134.0.0.0 Safari/537.36"
105.112.213.222 - - [26/Apr/2025:22:16:34 -0400] "GET /account/uploads/vid8264838735.png HTTP/1.1" 200 996300 "https://finationglobal.com/account/courses" "Mozilla/5.0 (X11; Linux x86_64) AppleWebKit/537.36 (KHTML, like Gecko) Chrome/134.0.0.0 Safari/537.36"
105.112.213.222 - - [26/Apr/2025:22:16:34 -0400] "GET /account/uploads/vid8258886222.jpg HTTP/1.1" 200 434339 "https://finationglobal.com/account/courses" "Mozilla/5.0 (X11; Linux x86_64) AppleWebKit/537.36 (KHTML, like Gecko) Chrome/134.0.0.0 Safari/537.36"
105.112.213.222 - - [26/Apr/2025:22:16:34 -0400] "GET /account/uploads/vid8259070856.jpeg HTTP/1.1" 200 497532 "https://finationglobal.com/account/courses" "Mozilla/5.0 (X11; Linux x86_64) AppleWebKit/537.36 (KHTML, like Gecko) Chrome/134.0.0.0 Safari/537.36"
105.112.213.222 - - [26/Apr/2025:22:16:34 -0400] "GET /account/uploads/vid8260553396.jpeg HTTP/1.1" 200 802657 "https://finationglobal.com/account/courses" "Mozilla/5.0 (X11; Linux x86_64) AppleWebKit/537.36 (KHTML, like Gecko) Chrome/134.0.0.0 Safari/537.36"
105.112.213.222 - - [26/Apr/2025:22:16:34 -0400] "GET /account/uploads/vid8258886278.jpg HTTP/1.1" 200 518500 "https://finationglobal.com/account/courses" "Mozilla/5.0 (X11; Linux x86_64) AppleWebKit/537.36 (KHTML, like Gecko) Chrome/134.0.0.0 Safari/537.36"
105.112.213.222 - - [26/Apr/2025:22:16:34 -0400] "GET /account/uploads/vid8259070799.jpeg HTTP/1.1" 200 347920 "https://finationglobal.com/account/courses" "Mozilla/5.0 (X11; Linux x86_64) AppleWebKit/537.36 (KHTML, like Gecko) Chrome/134.0.0.0 Safari/537.36"
105.112.213.222 - - [26/Apr/2025:22:16:34 -0400] "GET /account/uploads/vid8259222660.jpeg HTTP/1.1" 200 312062 "https://finationglobal.com/account/courses" "Mozilla/5.0 (X11; Linux x86_64) AppleWebKit/537.36 (KHTML, like Gecko) Chrome/134.0.0.0 Safari/537.36"
105.112.213.222 - - [26/Apr/2025:22:16:34 -0400] "GET /account/uploads/vid8259070743.jpeg HTTP/1.1" 200 371806 "https://finationglobal.com/account/courses" "Mozilla/5.0 (X11; Linux x86_64) AppleWebKit/537.36 (KHTML, like Gecko) Chrome/134.0.0.0 Safari/537.36"
105.112.213.222 - - [26/Apr/2025:22:16:34 -0400] "GET /account/uploads/vid8259070688.jpeg HTTP/1.1" 200 418791 "https://finationglobal.com/account/courses" "Mozilla/5.0 (X11; Linux x86_64) AppleWebKit/537.36 (KHTML, like Gecko) Chrome/134.0.0.0 Safari/537.36"
105.112.213.222 - - [26/Apr/2025:22:16:34 -0400] "GET /account/uploads/vid8259431189.jpeg HTTP/1.1" 200 516701 "https://finationglobal.com/account/courses" "Mozilla/5.0 (X11; Linux x86_64) AppleWebKit/537.36 (KHTML, like Gecko) Chrome/134.0.0.0 Safari/537.36"
105.112.213.222 - - [26/Apr/2025:22:16:34 -0400] "GET /account/uploads/vid8259430612.jpeg HTTP/1.1" 200 659952 "https://finationglobal.com/account/courses" "Mozilla/5.0 (X11; Linux x86_64) AppleWebKit/537.36 (KHTML, like Gecko) Chrome/134.0.0.0 Safari/537.36"
105.112.213.222 - - [26/Apr/2025:22:16:40 -0400] "GET /account/courses HTTP/1.1" 200 5406 "https://finationglobal.com/account/" "Mozilla/5.0 (Linux; Android 10; K) AppleWebKit/537.36 (KHTML, like Gecko) Chrome/134.0.0.0 Mobile Safari/537.36"

?>