Your IP : 3.22.242.214


Current Path : /proc/self/root/home/lentoinv/access-logs/
Upload File :
Current File : //proc/self/root/home/lentoinv/access-logs/finationglobal.lentoria.site-ssl_log

197.250.100.49 - - [26/Apr/2025:08:01:26 -0400] "POST /account/index HTTP/1.1" 200 6866 "https://finationglobal.com/account/index" "Mozilla/5.0 (Linux; Android 10; K) AppleWebKit/537.36 (KHTML, like Gecko) Chrome/135.0.0.0 Mobile Safari/537.36"
66.249.66.66 - - [26/Apr/2025:08:02:22 -0400] "GET /?shopdetail/23515382 HTTP/1.1" 200 6422 "-" "Mozilla/5.0 (compatible; Googlebot/2.1; +http://www.google.com/bot.html)"
197.250.100.49 - - [26/Apr/2025:08:02:31 -0400] "GET /account/index?logout=true HTTP/1.1" 302 6693 "https://finationglobal.com/account/index" "Mozilla/5.0 (Linux; Android 10; K) AppleWebKit/537.36 (KHTML, like Gecko) Chrome/135.0.0.0 Mobile Safari/537.36"
197.250.100.49 - - [26/Apr/2025:08:02:32 -0400] "GET /account/login.php HTTP/1.1" 302 771 "https://finationglobal.com/account/index" "Mozilla/5.0 (Linux; Android 10; K) AppleWebKit/537.36 (KHTML, like Gecko) Chrome/135.0.0.0 Mobile Safari/537.36"
197.250.100.49 - - [26/Apr/2025:08:02:32 -0400] "GET /account/login HTTP/1.1" 200 1297 "https://finationglobal.com/account/index" "Mozilla/5.0 (Linux; Android 10; K) AppleWebKit/537.36 (KHTML, like Gecko) Chrome/135.0.0.0 Mobile Safari/537.36"
197.250.100.49 - - [26/Apr/2025:08:02:36 -0400] "POST /account/login HTTP/1.1" 302 1297 "https://finationglobal.com/account/login" "Mozilla/5.0 (Linux; Android 10; K) AppleWebKit/537.36 (KHTML, like Gecko) Chrome/135.0.0.0 Mobile Safari/537.36"
197.250.100.49 - - [26/Apr/2025:08:02:37 -0400] "GET /account/ HTTP/1.1" 200 6717 "https://finationglobal.com/account/login" "Mozilla/5.0 (Linux; Android 10; K) AppleWebKit/537.36 (KHTML, like Gecko) Chrome/135.0.0.0 Mobile Safari/537.36"
197.250.100.49 - - [26/Apr/2025:08:02:44 -0400] "GET /account/?logout=true HTTP/1.1" 302 6717 "https://finationglobal.com/account/" "Mozilla/5.0 (Linux; Android 10; K) AppleWebKit/537.36 (KHTML, like Gecko) Chrome/135.0.0.0 Mobile Safari/537.36"
197.250.100.49 - - [26/Apr/2025:08:02:45 -0400] "GET /account/login.php HTTP/1.1" 302 771 "https://finationglobal.com/account/" "Mozilla/5.0 (Linux; Android 10; K) AppleWebKit/537.36 (KHTML, like Gecko) Chrome/135.0.0.0 Mobile Safari/537.36"
197.250.100.49 - - [26/Apr/2025:08:02:46 -0400] "GET /account/login HTTP/1.1" 200 1297 "https://finationglobal.com/account/" "Mozilla/5.0 (Linux; Android 10; K) AppleWebKit/537.36 (KHTML, like Gecko) Chrome/135.0.0.0 Mobile Safari/537.36"
197.250.100.49 - - [26/Apr/2025:08:02:49 -0400] "POST /account/login HTTP/1.1" 302 1297 "https://finationglobal.com/account/login" "Mozilla/5.0 (Linux; Android 10; K) AppleWebKit/537.36 (KHTML, like Gecko) Chrome/135.0.0.0 Mobile Safari/537.36"
197.250.100.49 - - [26/Apr/2025:08:02:50 -0400] "GET /account/ HTTP/1.1" 200 6725 "https://finationglobal.com/account/login" "Mozilla/5.0 (Linux; Android 10; K) AppleWebKit/537.36 (KHTML, like Gecko) Chrome/135.0.0.0 Mobile Safari/537.36"
197.250.100.49 - - [26/Apr/2025:08:03:12 -0400] "GET /account/?logout=true HTTP/1.1" 302 6725 "https://finationglobal.com/account/" "Mozilla/5.0 (Linux; Android 10; K) AppleWebKit/537.36 (KHTML, like Gecko) Chrome/135.0.0.0 Mobile Safari/537.36"
197.250.100.49 - - [26/Apr/2025:08:03:13 -0400] "GET /account/login.php HTTP/1.1" 302 771 "https://finationglobal.com/account/" "Mozilla/5.0 (Linux; Android 10; K) AppleWebKit/537.36 (KHTML, like Gecko) Chrome/135.0.0.0 Mobile Safari/537.36"
197.250.100.49 - - [26/Apr/2025:08:03:13 -0400] "GET /account/login HTTP/1.1" 200 1297 "https://finationglobal.com/account/" "Mozilla/5.0 (Linux; Android 10; K) AppleWebKit/537.36 (KHTML, like Gecko) Chrome/135.0.0.0 Mobile Safari/537.36"
197.250.100.49 - - [26/Apr/2025:08:03:17 -0400] "POST /account/login HTTP/1.1" 302 1297 "https://finationglobal.com/account/login" "Mozilla/5.0 (Linux; Android 10; K) AppleWebKit/537.36 (KHTML, like Gecko) Chrome/135.0.0.0 Mobile Safari/537.36"
197.250.100.49 - - [26/Apr/2025:08:03:17 -0400] "GET /account/ HTTP/1.1" 200 6717 "https://finationglobal.com/account/login" "Mozilla/5.0 (Linux; Android 10; K) AppleWebKit/537.36 (KHTML, like Gecko) Chrome/135.0.0.0 Mobile Safari/537.36"
197.250.100.49 - - [26/Apr/2025:08:03:18 -0400] "POST /account/login HTTP/1.1" 302 1297 "https://finationglobal.com/account/login" "Mozilla/5.0 (Linux; Android 10; K) AppleWebKit/537.36 (KHTML, like Gecko) Chrome/135.0.0.0 Mobile Safari/537.36"
197.250.100.49 - - [26/Apr/2025:08:03:18 -0400] "GET /account/ HTTP/1.1" 200 6717 "https://finationglobal.com/account/login" "Mozilla/5.0 (Linux; Android 10; K) AppleWebKit/537.36 (KHTML, like Gecko) Chrome/135.0.0.0 Mobile Safari/537.36"
197.250.100.49 - - [26/Apr/2025:08:03:42 -0400] "GET /account/ HTTP/1.1" 200 6717 "https://finationglobal.com/account/login" "Mozilla/5.0 (Linux; Android 10; K) AppleWebKit/537.36 (KHTML, like Gecko) Chrome/135.0.0.0 Mobile Safari/537.36"
197.250.100.49 - - [26/Apr/2025:08:03:45 -0400] "GET /account/ HTTP/1.1" 200 6717 "https://finationglobal.com/account/login" "Mozilla/5.0 (Linux; Android 10; K) AppleWebKit/537.36 (KHTML, like Gecko) Chrome/135.0.0.0 Mobile Safari/537.36"
197.250.100.49 - - [26/Apr/2025:08:03:54 -0400] "GET /account/?logout=true HTTP/1.1" 302 6717 "https://finationglobal.com/account/" "Mozilla/5.0 (Linux; Android 10; K) AppleWebKit/537.36 (KHTML, like Gecko) Chrome/135.0.0.0 Mobile Safari/537.36"
197.250.100.49 - - [26/Apr/2025:08:03:55 -0400] "GET /account/login.php HTTP/1.1" 302 771 "https://finationglobal.com/account/" "Mozilla/5.0 (Linux; Android 10; K) AppleWebKit/537.36 (KHTML, like Gecko) Chrome/135.0.0.0 Mobile Safari/537.36"
197.250.100.49 - - [26/Apr/2025:08:03:55 -0400] "GET /account/login HTTP/1.1" 200 1297 "https://finationglobal.com/account/" "Mozilla/5.0 (Linux; Android 10; K) AppleWebKit/537.36 (KHTML, like Gecko) Chrome/135.0.0.0 Mobile Safari/537.36"
197.250.100.49 - - [26/Apr/2025:08:04:12 -0400] "POST /account/login HTTP/1.1" 200 1507 "https://finationglobal.com/account/login" "Mozilla/5.0 (Linux; Android 10; K) AppleWebKit/537.36 (KHTML, like Gecko) Chrome/135.0.0.0 Mobile Safari/537.36"
197.250.100.49 - - [26/Apr/2025:08:04:32 -0400] "POST /account/login HTTP/1.1" 302 1297 "https://finationglobal.com/account/login" "Mozilla/5.0 (Linux; Android 10; K) AppleWebKit/537.36 (KHTML, like Gecko) Chrome/135.0.0.0 Mobile Safari/537.36"
197.250.100.49 - - [26/Apr/2025:08:04:32 -0400] "GET /account/ HTTP/1.1" 200 6691 "https://finationglobal.com/account/login" "Mozilla/5.0 (Linux; Android 10; K) AppleWebKit/537.36 (KHTML, like Gecko) Chrome/135.0.0.0 Mobile Safari/537.36"
197.250.100.49 - - [26/Apr/2025:08:04:55 -0400] "GET /account/?logout=true HTTP/1.1" 302 6691 "https://finationglobal.com/account/" "Mozilla/5.0 (Linux; Android 10; K) AppleWebKit/537.36 (KHTML, like Gecko) Chrome/135.0.0.0 Mobile Safari/537.36"
197.250.100.49 - - [26/Apr/2025:08:04:56 -0400] "GET /account/login.php HTTP/1.1" 302 771 "https://finationglobal.com/account/" "Mozilla/5.0 (Linux; Android 10; K) AppleWebKit/537.36 (KHTML, like Gecko) Chrome/135.0.0.0 Mobile Safari/537.36"
197.250.100.49 - - [26/Apr/2025:08:04:56 -0400] "GET /account/login HTTP/1.1" 200 1297 "https://finationglobal.com/account/" "Mozilla/5.0 (Linux; Android 10; K) AppleWebKit/537.36 (KHTML, like Gecko) Chrome/135.0.0.0 Mobile Safari/537.36"
197.250.100.49 - - [26/Apr/2025:08:05:11 -0400] "POST /account/login HTTP/1.1" 302 1297 "https://finationglobal.com/account/login" "Mozilla/5.0 (Linux; Android 10; K) AppleWebKit/537.36 (KHTML, like Gecko) Chrome/135.0.0.0 Mobile Safari/537.36"
197.250.100.49 - - [26/Apr/2025:08:05:11 -0400] "GET /account/ HTTP/1.1" 200 6693 "https://finationglobal.com/account/login" "Mozilla/5.0 (Linux; Android 10; K) AppleWebKit/537.36 (KHTML, like Gecko) Chrome/135.0.0.0 Mobile Safari/537.36"
197.250.100.49 - - [26/Apr/2025:08:05:31 -0400] "GET /account/?logout=true HTTP/1.1" 302 6693 "https://finationglobal.com/account/" "Mozilla/5.0 (Linux; Android 10; K) AppleWebKit/537.36 (KHTML, like Gecko) Chrome/135.0.0.0 Mobile Safari/537.36"
197.250.100.49 - - [26/Apr/2025:08:05:32 -0400] "GET /account/login.php HTTP/1.1" 302 771 "https://finationglobal.com/account/" "Mozilla/5.0 (Linux; Android 10; K) AppleWebKit/537.36 (KHTML, like Gecko) Chrome/135.0.0.0 Mobile Safari/537.36"
197.250.100.49 - - [26/Apr/2025:08:05:32 -0400] "GET /account/login HTTP/1.1" 200 1297 "https://finationglobal.com/account/" "Mozilla/5.0 (Linux; Android 10; K) AppleWebKit/537.36 (KHTML, like Gecko) Chrome/135.0.0.0 Mobile Safari/537.36"
197.250.100.49 - - [26/Apr/2025:08:05:58 -0400] "POST /account/login HTTP/1.1" 302 1297 "https://finationglobal.com/account/login" "Mozilla/5.0 (Linux; Android 10; K) AppleWebKit/537.36 (KHTML, like Gecko) Chrome/135.0.0.0 Mobile Safari/537.36"
197.250.100.49 - - [26/Apr/2025:08:05:58 -0400] "GET /account/ HTTP/1.1" 302 508 "https://finationglobal.com/account/login" "Mozilla/5.0 (Linux; Android 10; K) AppleWebKit/537.36 (KHTML, like Gecko) Chrome/135.0.0.0 Mobile Safari/537.36"
197.250.100.49 - - [26/Apr/2025:08:05:58 -0400] "GET /account/index HTTP/1.1" 200 6582 "https://finationglobal.com/account/login" "Mozilla/5.0 (Linux; Android 10; K) AppleWebKit/537.36 (KHTML, like Gecko) Chrome/135.0.0.0 Mobile Safari/537.36"
197.250.100.49 - - [26/Apr/2025:08:06:29 -0400] "POST /account/index HTTP/1.1" 200 6868 "https://finationglobal.com/account/index" "Mozilla/5.0 (Linux; Android 10; K) AppleWebKit/537.36 (KHTML, like Gecko) Chrome/135.0.0.0 Mobile Safari/537.36"
197.250.100.49 - - [26/Apr/2025:08:06:56 -0400] "GET /account/index?logout=true HTTP/1.1" 302 6695 "https://finationglobal.com/account/index" "Mozilla/5.0 (Linux; Android 10; K) AppleWebKit/537.36 (KHTML, like Gecko) Chrome/135.0.0.0 Mobile Safari/537.36"
197.250.100.49 - - [26/Apr/2025:08:06:57 -0400] "GET /account/login.php HTTP/1.1" 302 771 "https://finationglobal.com/account/index" "Mozilla/5.0 (Linux; Android 10; K) AppleWebKit/537.36 (KHTML, like Gecko) Chrome/135.0.0.0 Mobile Safari/537.36"
197.250.100.49 - - [26/Apr/2025:08:06:57 -0400] "GET /account/login HTTP/1.1" 200 1297 "https://finationglobal.com/account/index" "Mozilla/5.0 (Linux; Android 10; K) AppleWebKit/537.36 (KHTML, like Gecko) Chrome/135.0.0.0 Mobile Safari/537.36"
154.74.190.110 - - [26/Apr/2025:08:07:06 -0400] "POST /account/login HTTP/1.1" 302 1297 "https://finationglobal.com/account/login" "Mozilla/5.0 (Linux; Android 10; K) AppleWebKit/537.36 (KHTML, like Gecko) SamsungBrowser/27.0 Chrome/125.0.0.0 Mobile Safari/537.36"
154.74.190.110 - - [26/Apr/2025:08:07:06 -0400] "GET /account/ HTTP/1.1" 200 6818 "https://finationglobal.com/account/login" "Mozilla/5.0 (Linux; Android 10; K) AppleWebKit/537.36 (KHTML, like Gecko) SamsungBrowser/27.0 Chrome/125.0.0.0 Mobile Safari/537.36"
197.250.100.49 - - [26/Apr/2025:08:07:14 -0400] "POST /account/login HTTP/1.1" 302 1297 "https://finationglobal.com/account/login" "Mozilla/5.0 (Linux; Android 10; K) AppleWebKit/537.36 (KHTML, like Gecko) Chrome/135.0.0.0 Mobile Safari/537.36"
197.250.100.49 - - [26/Apr/2025:08:07:14 -0400] "GET /account/ HTTP/1.1" 302 508 "https://finationglobal.com/account/login" "Mozilla/5.0 (Linux; Android 10; K) AppleWebKit/537.36 (KHTML, like Gecko) Chrome/135.0.0.0 Mobile Safari/537.36"
197.250.100.49 - - [26/Apr/2025:08:07:15 -0400] "GET /account/index HTTP/1.1" 200 6577 "https://finationglobal.com/account/login" "Mozilla/5.0 (Linux; Android 10; K) AppleWebKit/537.36 (KHTML, like Gecko) Chrome/135.0.0.0 Mobile Safari/537.36"
154.74.190.110 - - [26/Apr/2025:08:07:23 -0400] "GET /account/geneology HTTP/1.1" 200 4816 "https://finationglobal.com/account/" "Mozilla/5.0 (Linux; Android 10; K) AppleWebKit/537.36 (KHTML, like Gecko) SamsungBrowser/27.0 Chrome/125.0.0.0 Mobile Safari/537.36"
197.250.100.49 - - [26/Apr/2025:08:07:35 -0400] "POST /account/index HTTP/1.1" 200 6874 "https://finationglobal.com/account/index" "Mozilla/5.0 (Linux; Android 10; K) AppleWebKit/537.36 (KHTML, like Gecko) Chrome/135.0.0.0 Mobile Safari/537.36"
154.74.190.110 - - [26/Apr/2025:08:07:37 -0400] "GET /account/login HTTP/1.1" 200 1297 "https://finationglobal.com/account/register?ref=temab" "Mozilla/5.0 (Linux; Android 10; K) AppleWebKit/537.36 (KHTML, like Gecko) SamsungBrowser/27.0 Chrome/125.0.0.0 Mobile Safari/537.36"
154.74.190.110 - - [26/Apr/2025:08:07:42 -0400] "POST /account/login HTTP/1.1" 302 1297 "https://finationglobal.com/account/login" "Mozilla/5.0 (Linux; Android 10; K) AppleWebKit/537.36 (KHTML, like Gecko) SamsungBrowser/27.0 Chrome/125.0.0.0 Mobile Safari/537.36"
154.74.190.110 - - [26/Apr/2025:08:07:42 -0400] "GET /account/ HTTP/1.1" 200 6869 "https://finationglobal.com/account/login" "Mozilla/5.0 (Linux; Android 10; K) AppleWebKit/537.36 (KHTML, like Gecko) SamsungBrowser/27.0 Chrome/125.0.0.0 Mobile Safari/537.36"
154.74.190.110 - - [26/Apr/2025:08:07:50 -0400] "GET /account/geneology HTTP/1.1" 200 4856 "https://finationglobal.com/account/" "Mozilla/5.0 (Linux; Android 10; K) AppleWebKit/537.36 (KHTML, like Gecko) SamsungBrowser/27.0 Chrome/125.0.0.0 Mobile Safari/537.36"
207.46.13.107 - - [26/Apr/2025:08:08:09 -0400] "GET /?feature/yokohama_maruicity/index.html HTTP/1.1" 200 6424 "-" "Mozilla/5.0 AppleWebKit/537.36 (KHTML, like Gecko; compatible; bingbot/2.0; +http://www.bing.com/bingbot.htm) Chrome/116.0.1938.76 Safari/537.36"
197.250.100.49 - - [26/Apr/2025:08:08:11 -0400] "GET /account/login HTTP/1.1" 200 1297 "https://finationglobal.com/account/register?ref=temab" "Mozilla/5.0 (Linux; Android 10; K) AppleWebKit/537.36 (KHTML, like Gecko) Chrome/135.0.0.0 Mobile Safari/537.36"
197.250.100.49 - - [26/Apr/2025:08:08:28 -0400] "POST /account/login HTTP/1.1" 302 1297 "https://finationglobal.com/account/login" "Mozilla/5.0 (Linux; Android 10; K) AppleWebKit/537.36 (KHTML, like Gecko) Chrome/135.0.0.0 Mobile Safari/537.36"
197.250.100.49 - - [26/Apr/2025:08:08:28 -0400] "GET /account/ HTTP/1.1" 302 508 "https://finationglobal.com/account/login" "Mozilla/5.0 (Linux; Android 10; K) AppleWebKit/537.36 (KHTML, like Gecko) Chrome/135.0.0.0 Mobile Safari/537.36"
197.250.100.49 - - [26/Apr/2025:08:08:28 -0400] "GET /account/index HTTP/1.1" 200 6559 "https://finationglobal.com/account/login" "Mozilla/5.0 (Linux; Android 10; K) AppleWebKit/537.36 (KHTML, like Gecko) Chrome/135.0.0.0 Mobile Safari/537.36"
197.250.100.49 - - [26/Apr/2025:08:08:34 -0400] "POST /account/index HTTP/1.1" 200 6861 "https://finationglobal.com/account/index" "Mozilla/5.0 (Linux; Android 10; K) AppleWebKit/537.36 (KHTML, like Gecko) Chrome/135.0.0.0 Mobile Safari/537.36"
197.250.100.49 - - [26/Apr/2025:08:08:48 -0400] "GET /account/index?logout=true HTTP/1.1" 302 6730 "https://finationglobal.com/account/index" "Mozilla/5.0 (Linux; Android 10; K) AppleWebKit/537.36 (KHTML, like Gecko) Chrome/135.0.0.0 Mobile Safari/537.36"
197.250.100.49 - - [26/Apr/2025:08:08:49 -0400] "GET /account/login.php HTTP/1.1" 302 771 "https://finationglobal.com/account/index" "Mozilla/5.0 (Linux; Android 10; K) AppleWebKit/537.36 (KHTML, like Gecko) Chrome/135.0.0.0 Mobile Safari/537.36"
197.250.100.49 - - [26/Apr/2025:08:08:49 -0400] "GET /account/login HTTP/1.1" 200 1297 "https://finationglobal.com/account/index" "Mozilla/5.0 (Linux; Android 10; K) AppleWebKit/537.36 (KHTML, like Gecko) Chrome/135.0.0.0 Mobile Safari/537.36"
197.250.100.49 - - [26/Apr/2025:08:09:19 -0400] "POST /account/login HTTP/1.1" 302 1297 "https://finationglobal.com/account/login" "Mozilla/5.0 (Linux; Android 10; K) AppleWebKit/537.36 (KHTML, like Gecko) Chrome/135.0.0.0 Mobile Safari/537.36"
197.250.100.49 - - [26/Apr/2025:08:09:19 -0400] "GET /account/ HTTP/1.1" 302 508 "https://finationglobal.com/account/login" "Mozilla/5.0 (Linux; Android 10; K) AppleWebKit/537.36 (KHTML, like Gecko) Chrome/135.0.0.0 Mobile Safari/537.36"
197.250.100.49 - - [26/Apr/2025:08:09:20 -0400] "GET /account/index HTTP/1.1" 200 6560 "https://finationglobal.com/account/login" "Mozilla/5.0 (Linux; Android 10; K) AppleWebKit/537.36 (KHTML, like Gecko) Chrome/135.0.0.0 Mobile Safari/537.36"
197.250.100.49 - - [26/Apr/2025:08:09:35 -0400] "POST /account/index HTTP/1.1" 200 0 "https://finationglobal.com/account/index" "Mozilla/5.0 (Linux; Android 10; K) AppleWebKit/537.36 (KHTML, like Gecko) Chrome/135.0.0.0 Mobile Safari/537.36"
197.250.100.49 - - [26/Apr/2025:08:09:40 -0400] "POST /account/index HTTP/1.1" 500 509 "https://finationglobal.com/account/index" "Mozilla/5.0 (Linux; Android 10; K) AppleWebKit/537.36 (KHTML, like Gecko) Chrome/135.0.0.0 Mobile Safari/537.36"
197.250.100.49 - - [26/Apr/2025:08:10:10 -0400] "GET /account/index HTTP/1.1" 200 6709 "https://finationglobal.com/account/login" "Mozilla/5.0 (Linux; Android 10; K) AppleWebKit/537.36 (KHTML, like Gecko) Chrome/135.0.0.0 Mobile Safari/537.36"
197.250.100.49 - - [26/Apr/2025:08:10:13 -0400] "GET /account/index HTTP/1.1" 200 6709 "https://finationglobal.com/account/register?ref=kirimbo" "Mozilla/5.0 (Linux; Android 10; K) AppleWebKit/537.36 (KHTML, like Gecko) Chrome/135.0.0.0 Mobile Safari/537.36"
197.250.100.49 - - [26/Apr/2025:08:10:17 -0400] "GET /account/index?logout=true HTTP/1.1" 302 6709 "https://finationglobal.com/account/index" "Mozilla/5.0 (Linux; Android 10; K) AppleWebKit/537.36 (KHTML, like Gecko) Chrome/135.0.0.0 Mobile Safari/537.36"
197.250.100.49 - - [26/Apr/2025:08:10:18 -0400] "GET /account/login.php HTTP/1.1" 302 771 "https://finationglobal.com/account/index" "Mozilla/5.0 (Linux; Android 10; K) AppleWebKit/537.36 (KHTML, like Gecko) Chrome/135.0.0.0 Mobile Safari/537.36"
197.250.100.49 - - [26/Apr/2025:08:10:19 -0400] "GET /account/login HTTP/1.1" 200 1297 "https://finationglobal.com/account/index" "Mozilla/5.0 (Linux; Android 10; K) AppleWebKit/537.36 (KHTML, like Gecko) Chrome/135.0.0.0 Mobile Safari/537.36"
197.250.100.49 - - [26/Apr/2025:08:10:35 -0400] "POST /account/login HTTP/1.1" 302 1297 "https://finationglobal.com/account/login" "Mozilla/5.0 (Linux; Android 10; K) AppleWebKit/537.36 (KHTML, like Gecko) Chrome/135.0.0.0 Mobile Safari/537.36"
197.250.100.49 - - [26/Apr/2025:08:10:36 -0400] "GET /account/ HTTP/1.1" 200 6709 "https://finationglobal.com/account/login" "Mozilla/5.0 (Linux; Android 10; K) AppleWebKit/537.36 (KHTML, like Gecko) Chrome/135.0.0.0 Mobile Safari/537.36"
197.250.100.49 - - [26/Apr/2025:08:11:06 -0400] "GET /account/ HTTP/1.1" 200 6711 "https://finationglobal.com/account/login" "Mozilla/5.0 (Linux; Android 10; K) AppleWebKit/537.36 (KHTML, like Gecko) Chrome/135.0.0.0 Mobile Safari/537.36"
66.249.66.66 - - [26/Apr/2025:08:11:21 -0400] "GET /?shopdetail/10760860 HTTP/1.1" 200 6424 "-" "Mozilla/5.0 (compatible; Googlebot/2.1; +http://www.google.com/bot.html)"
197.250.100.49 - - [26/Apr/2025:08:11:26 -0400] "GET /account/ HTTP/1.1" 200 6709 "https://finationglobal.com/account/login" "Mozilla/5.0 (Linux; Android 10; K) AppleWebKit/537.36 (KHTML, like Gecko) Chrome/135.0.0.0 Mobile Safari/537.36"
197.250.231.100 - - [26/Apr/2025:08:11:47 -0400] "GET /account/geneology HTTP/1.1" 200 4734 "https://finationglobal.com/account/geneology?user=tema" "Mozilla/5.0 (Linux; Android 10; K) AppleWebKit/537.36 (KHTML, like Gecko) Chrome/133.0.0.0 Mobile Safari/537.36"
197.250.231.100 - - [26/Apr/2025:08:11:53 -0400] "GET /account/geneology?user=maryhilda1 HTTP/1.1" 200 4714 "https://finationglobal.com/account/geneology" "Mozilla/5.0 (Linux; Android 10; K) AppleWebKit/537.36 (KHTML, like Gecko) Chrome/133.0.0.0 Mobile Safari/537.36"
197.250.231.100 - - [26/Apr/2025:08:11:57 -0400] "GET /account/geneology?user=kingndelwa HTTP/1.1" 200 4692 "https://finationglobal.com/account/geneology?user=maryhilda1" "Mozilla/5.0 (Linux; Android 10; K) AppleWebKit/537.36 (KHTML, like Gecko) Chrome/133.0.0.0 Mobile Safari/537.36"
197.250.100.49 - - [26/Apr/2025:08:11:57 -0400] "GET /account/ HTTP/1.1" 200 6709 "https://finationglobal.com/account/login" "Mozilla/5.0 (Linux; Android 10; K) AppleWebKit/537.36 (KHTML, like Gecko) Chrome/135.0.0.0 Mobile Safari/537.36"
197.250.231.100 - - [26/Apr/2025:08:12:06 -0400] "GET /account/geneology?user=tema HTTP/1.1" 200 4729 "https://finationglobal.com/account/geneology?user=kingndelwa" "Mozilla/5.0 (Linux; Android 10; K) AppleWebKit/537.36 (KHTML, like Gecko) Chrome/133.0.0.0 Mobile Safari/537.36"
197.250.231.100 - - [26/Apr/2025:08:12:20 -0400] "GET /account/geneology?user=temab HTTP/1.1" 200 4727 "https://finationglobal.com/account/geneology?user=tema" "Mozilla/5.0 (Linux; Android 10; K) AppleWebKit/537.36 (KHTML, like Gecko) Chrome/133.0.0.0 Mobile Safari/537.36"
197.250.231.100 - - [26/Apr/2025:08:12:45 -0400] "GET /account/geneology?user=temac HTTP/1.1" 200 4732 "https://finationglobal.com/account/geneology?user=tema" "Mozilla/5.0 (Linux; Android 10; K) AppleWebKit/537.36 (KHTML, like Gecko) Chrome/133.0.0.0 Mobile Safari/537.36"
197.250.231.100 - - [26/Apr/2025:08:12:55 -0400] "POST /account/geneology?user=temac HTTP/1.1" 200 4708 "https://finationglobal.com/account/geneology?user=temac" "Mozilla/5.0 (Linux; Android 10; K) AppleWebKit/537.36 (KHTML, like Gecko) Chrome/133.0.0.0 Mobile Safari/537.36"
197.250.231.100 - - [26/Apr/2025:08:13:22 -0400] "GET /account/geneology HTTP/1.1" 200 4873 "https://finationglobal.com/account/geneology?user=temac" "Mozilla/5.0 (Linux; Android 10; K) AppleWebKit/537.36 (KHTML, like Gecko) Chrome/133.0.0.0 Mobile Safari/537.36"
197.250.231.100 - - [26/Apr/2025:08:13:55 -0400] "GET /account/geneology?user=tema HTTP/1.1" 200 4734 "https://finationglobal.com/account/geneology" "Mozilla/5.0 (Linux; Android 10; K) AppleWebKit/537.36 (KHTML, like Gecko) Chrome/133.0.0.0 Mobile Safari/537.36"
66.249.66.67 - - [26/Apr/2025:08:19:50 -0400] "GET /?shopdetail/9147859 HTTP/1.1" 200 6424 "-" "Mozilla/5.0 (Linux; Android 6.0.1; Nexus 5X Build/MMB29P) AppleWebKit/537.36 (KHTML, like Gecko) Chrome/135.0.7049.95 Mobile Safari/537.36 (compatible; Googlebot/2.1; +http://www.google.com/bot.html)"
40.77.167.57 - - [26/Apr/2025:08:26:08 -0400] "GET /account/login HTTP/1.1" 200 1297 "-" "Mozilla/5.0 AppleWebKit/537.36 (KHTML, like Gecko; compatible; bingbot/2.0; +http://www.bing.com/bingbot.htm) Chrome/116.0.1938.76 Safari/537.36"
207.46.13.116 - - [26/Apr/2025:08:26:27 -0400] "GET /assets/css/plugins.css HTTP/1.1" 200 80675 "-" "Mozilla/5.0 AppleWebKit/537.36 (KHTML, like Gecko; compatible; bingbot/2.0; +http://www.bing.com/bingbot.htm) Chrome/116.0.1938.76 Safari/537.36"
207.46.13.116 - - [26/Apr/2025:08:26:28 -0400] "GET /assets/css/icons.css HTTP/1.1" 200 251 "-" "Mozilla/5.0 AppleWebKit/537.36 (KHTML, like Gecko; compatible; bingbot/2.0; +http://www.bing.com/bingbot.htm) Chrome/116.0.1938.76 Safari/537.36"
207.46.13.116 - - [26/Apr/2025:08:26:28 -0400] "GET /assets/css/style.css HTTP/1.1" 200 144740 "-" "Mozilla/5.0 AppleWebKit/537.36 (KHTML, like Gecko; compatible; bingbot/2.0; +http://www.bing.com/bingbot.htm) Chrome/116.0.1938.76 Safari/537.36"
207.46.13.116 - - [26/Apr/2025:08:26:29 -0400] "GET /assets/plugins/bootstrap/css/bootstrap.min.css HTTP/1.1" 200 21225 "-" "Mozilla/5.0 AppleWebKit/537.36 (KHTML, like Gecko; compatible; bingbot/2.0; +http://www.bing.com/bingbot.htm) Chrome/116.0.1938.76 Safari/537.36"
207.46.13.116 - - [26/Apr/2025:08:26:30 -0400] "GET /assets/plugins/bootstrap/js/popper.min.js HTTP/1.1" 200 10266 "-" "Mozilla/5.0 AppleWebKit/537.36 (KHTML, like Gecko; compatible; bingbot/2.0; +http://www.bing.com/bingbot.htm) Chrome/116.0.1938.76 Safari/537.36"
207.46.13.116 - - [26/Apr/2025:08:26:31 -0400] "GET /assets/plugins/p-scroll/perfect-scrollbar.js HTTP/1.1" 200 10585 "-" "Mozilla/5.0 AppleWebKit/537.36 (KHTML, like Gecko; compatible; bingbot/2.0; +http://www.bing.com/bingbot.htm) Chrome/116.0.1938.76 Safari/537.36"
40.77.167.57 - - [26/Apr/2025:08:26:32 -0400] "GET /assets/js/circle-progress.min.js HTTP/1.1" 200 4965 "-" "Mozilla/5.0 AppleWebKit/537.36 (KHTML, like Gecko; compatible; bingbot/2.0; +http://www.bing.com/bingbot.htm) Chrome/116.0.1938.76 Safari/537.36"
40.77.167.57 - - [26/Apr/2025:08:26:33 -0400] "GET /assets/js/custom.js HTTP/1.1" 200 5093 "-" "Mozilla/5.0 AppleWebKit/537.36 (KHTML, like Gecko; compatible; bingbot/2.0; +http://www.bing.com/bingbot.htm) Chrome/116.0.1938.76 Safari/537.36"
40.77.167.57 - - [26/Apr/2025:08:26:33 -0400] "GET /assets/plugins/bootstrap/js/bootstrap.min.js HTTP/1.1" 200 18884 "-" "Mozilla/5.0 AppleWebKit/537.36 (KHTML, like Gecko; compatible; bingbot/2.0; +http://www.bing.com/bingbot.htm) Chrome/116.0.1938.76 Safari/537.36"
52.167.144.163 - - [26/Apr/2025:08:26:39 -0400] "GET /assets/images/loader.svg HTTP/1.1" 200 329 "-" "Mozilla/5.0 AppleWebKit/537.36 (KHTML, like Gecko; compatible; bingbot/2.0; +http://www.bing.com/bingbot.htm) Chrome/116.0.1938.76 Safari/537.36"
52.167.144.163 - - [26/Apr/2025:08:26:40 -0400] "GET /assets/js/jquery.sparkline.min.js HTTP/1.1" 200 15624 "-" "Mozilla/5.0 AppleWebKit/537.36 (KHTML, like Gecko; compatible; bingbot/2.0; +http://www.bing.com/bingbot.htm) Chrome/116.0.1938.76 Safari/537.36"
52.167.144.163 - - [26/Apr/2025:08:26:40 -0400] "GET /assets/js/jquery.min.js HTTP/1.1" 200 33270 "-" "Mozilla/5.0 AppleWebKit/537.36 (KHTML, like Gecko; compatible; bingbot/2.0; +http://www.bing.com/bingbot.htm) Chrome/116.0.1938.76 Safari/537.36"
52.167.144.163 - - [26/Apr/2025:08:26:40 -0400] "GET /assets/js/themeColors.js HTTP/1.1" 200 5058 "-" "Mozilla/5.0 AppleWebKit/537.36 (KHTML, like Gecko; compatible; bingbot/2.0; +http://www.bing.com/bingbot.htm) Chrome/116.0.1938.76 Safari/537.36"
52.167.144.163 - - [26/Apr/2025:08:26:40 -0400] "GET /assets/js/swither-styles.js HTTP/1.1" 200 7609 "-" "Mozilla/5.0 AppleWebKit/537.36 (KHTML, like Gecko; compatible; bingbot/2.0; +http://www.bing.com/bingbot.htm) Chrome/116.0.1938.76 Safari/537.36"
52.167.144.163 - - [26/Apr/2025:08:26:41 -0400] "GET /assets/plugins/input-mask/jquery.mask.min.js HTTP/1.1" 200 6191 "-" "Mozilla/5.0 AppleWebKit/537.36 (KHTML, like Gecko; compatible; bingbot/2.0; +http://www.bing.com/bingbot.htm) Chrome/116.0.1938.76 Safari/537.36"
66.249.66.66 - - [26/Apr/2025:08:28:01 -0400] "GET /?shopdetail/10269860 HTTP/1.1" 200 6422 "-" "Mozilla/5.0 (Linux; Android 6.0.1; Nexus 5X Build/MMB29P) AppleWebKit/537.36 (KHTML, like Gecko) Chrome/135.0.7049.95 Mobile Safari/537.36 (compatible; Googlebot/2.1; +http://www.google.com/bot.html)"
66.249.66.66 - - [26/Apr/2025:08:30:41 -0400] "GET /?shopdetail/27762993 HTTP/1.1" 200 6424 "-" "Mozilla/5.0 (compatible; Googlebot/2.1; +http://www.google.com/bot.html)"
66.249.66.67 - - [26/Apr/2025:08:37:52 -0400] "GET /?shopdetail/28041926 HTTP/1.1" 200 6422 "-" "Mozilla/5.0 (Linux; Android 6.0.1; Nexus 5X Build/MMB29P) AppleWebKit/537.36 (KHTML, like Gecko) Chrome/135.0.7049.95 Mobile Safari/537.36 (compatible; Googlebot/2.1; +http://www.google.com/bot.html)"
51.8.102.92 - - [26/Apr/2025:08:39:56 -0400] "GET /robots.txt HTTP/1.1" 404 1251 "-" "Mozilla/5.0 (Macintosh; Intel Mac OS X 10_15_7) AppleWebKit/537.36 (KHTML, like Gecko) Chrome/131.0.0.0 Safari/537.36; compatible; OAI-SearchBot/1.0; +https://openai.com/searchbot"
51.8.102.92 - - [26/Apr/2025:08:39:59 -0400] "GET /robots.txt HTTP/1.1" 404 1251 "-" "Mozilla/5.0 (Macintosh; Intel Mac OS X 10_15_7) AppleWebKit/537.36 (KHTML, like Gecko) Chrome/131.0.0.0 Safari/537.36; compatible; OAI-SearchBot/1.0; +https://openai.com/searchbot"
41.222.181.69 - - [26/Apr/2025:08:41:34 -0400] "GET /account/login HTTP/1.1" 200 1297 "-" "Mozilla/5.0 (Linux; Android 10; K) AppleWebKit/537.36 (KHTML, like Gecko) Chrome/135.0.0.0 Mobile Safari/537.36"
41.222.181.69 - - [26/Apr/2025:08:41:41 -0400] "POST /account/login HTTP/1.1" 302 1297 "https://finationglobal.com/account/login" "Mozilla/5.0 (Linux; Android 10; K) AppleWebKit/537.36 (KHTML, like Gecko) Chrome/135.0.0.0 Mobile Safari/537.36"
41.222.181.69 - - [26/Apr/2025:08:41:41 -0400] "GET /account/ HTTP/1.1" 200 0 "https://finationglobal.com/account/login" "Mozilla/5.0 (Linux; Android 10; K) AppleWebKit/537.36 (KHTML, like Gecko) Chrome/135.0.0.0 Mobile Safari/537.36"
41.222.181.69 - - [26/Apr/2025:08:41:41 -0400] "POST /account/login HTTP/1.1" 302 1297 "https://finationglobal.com/account/login" "Mozilla/5.0 (Linux; Android 10; K) AppleWebKit/537.36 (KHTML, like Gecko) Chrome/135.0.0.0 Mobile Safari/537.36"
41.222.181.69 - - [26/Apr/2025:08:41:42 -0400] "GET /account/ HTTP/1.1" 200 6806 "https://finationglobal.com/account/login" "Mozilla/5.0 (Linux; Android 10; K) AppleWebKit/537.36 (KHTML, like Gecko) Chrome/135.0.0.0 Mobile Safari/537.36"
40.77.188.73 - - [26/Apr/2025:08:42:35 -0400] "GET /assets/iconfonts/glyphicons/glyphicon.css HTTP/1.1" 200 14260 "-" "Mozilla/5.0 AppleWebKit/537.36 (KHTML, like Gecko; compatible; bingbot/2.0; +http://www.bing.com/bingbot.htm) Chrome/100.0.4896.127 Safari/537.36"
40.77.189.224 - - [26/Apr/2025:08:42:35 -0400] "GET /assets/iconfonts/ionicons/ionicons.css HTTP/1.1" 200 46177 "-" "Mozilla/5.0 AppleWebKit/537.36 (KHTML, like Gecko; compatible; bingbot/2.0; +http://www.bing.com/bingbot.htm) Chrome/100.0.4896.127 Safari/537.36"
40.77.188.95 - - [26/Apr/2025:08:42:35 -0400] "GET /assets/iconfonts/font-awesome/css/font-awesome.min.css HTTP/1.1" 200 31011 "-" "Mozilla/5.0 AppleWebKit/537.36 (KHTML, like Gecko; compatible; bingbot/2.0; +http://www.bing.com/bingbot.htm) Chrome/100.0.4896.127 Safari/537.36"
40.77.189.208 - - [26/Apr/2025:08:42:35 -0400] "GET /assets/iconfonts/bootstrapicons/bootstrap-icons.css HTTP/1.1" 200 65626 "-" "Mozilla/5.0 AppleWebKit/537.36 (KHTML, like Gecko; compatible; bingbot/2.0; +http://www.bing.com/bingbot.htm) Chrome/100.0.4896.127 Safari/537.36"
40.77.189.211 - - [26/Apr/2025:08:42:36 -0400] "GET /assets/iconfonts/linearicons/Linearicons.css HTTP/1.1" 200 8360 "-" "Mozilla/5.0 AppleWebKit/537.36 (KHTML, like Gecko; compatible; bingbot/2.0; +http://www.bing.com/bingbot.htm) Chrome/100.0.4896.127 Safari/537.36"
40.77.188.118 - - [26/Apr/2025:08:42:36 -0400] "GET /assets/iconfonts/materialdesignicons/materialdesignicons.css HTTP/1.1" 200 203737 "-" "Mozilla/5.0 AppleWebKit/537.36 (KHTML, like Gecko; compatible; bingbot/2.0; +http://www.bing.com/bingbot.htm) Chrome/100.0.4896.127 Safari/537.36"
40.77.188.212 - - [26/Apr/2025:08:42:36 -0400] "GET /assets/iconfonts/pe-icon-7-stroke/Pe-icon-7.css HTTP/1.1" 200 10764 "-" "Mozilla/5.0 AppleWebKit/537.36 (KHTML, like Gecko; compatible; bingbot/2.0; +http://www.bing.com/bingbot.htm) Chrome/100.0.4896.127 Safari/537.36"
40.77.189.230 - - [26/Apr/2025:08:42:36 -0400] "GET /assets/iconfonts/simple-line-icons/simple-line-icons.css HTTP/1.1" 200 23563 "-" "Mozilla/5.0 AppleWebKit/537.36 (KHTML, like Gecko; compatible; bingbot/2.0; +http://www.bing.com/bingbot.htm) Chrome/100.0.4896.127 Safari/537.36"
40.77.190.185 - - [26/Apr/2025:08:42:36 -0400] "GET /assets/iconfonts/themify/themify.css HTTP/1.1" 200 18220 "-" "Mozilla/5.0 AppleWebKit/537.36 (KHTML, like Gecko; compatible; bingbot/2.0; +http://www.bing.com/bingbot.htm) Chrome/100.0.4896.127 Safari/537.36"
40.77.189.224 - - [26/Apr/2025:08:42:36 -0400] "GET /assets/iconfonts/typicons/typicons.css HTTP/1.1" 200 25363 "-" "Mozilla/5.0 AppleWebKit/537.36 (KHTML, like Gecko; compatible; bingbot/2.0; +http://www.bing.com/bingbot.htm) Chrome/100.0.4896.127 Safari/537.36"
40.77.188.88 - - [26/Apr/2025:08:42:37 -0400] "GET /assets/iconfonts/weathericons/weathericons.css HTTP/1.1" 200 33210 "-" "Mozilla/5.0 AppleWebKit/537.36 (KHTML, like Gecko; compatible; bingbot/2.0; +http://www.bing.com/bingbot.htm) Chrome/100.0.4896.127 Safari/537.36"
40.77.189.135 - - [26/Apr/2025:08:42:37 -0400] "GET /assets/iconfonts/feather/feather.css HTTP/1.1" 200 12583 "-" "Mozilla/5.0 AppleWebKit/537.36 (KHTML, like Gecko; compatible; bingbot/2.0; +http://www.bing.com/bingbot.htm) Chrome/100.0.4896.127 Safari/537.36"
40.77.190.185 - - [26/Apr/2025:08:42:37 -0400] "GET /assets/plugins/iconfonts/remixicon/remixicon.css HTTP/1.1" 200 110303 "-" "Mozilla/5.0 AppleWebKit/537.36 (KHTML, like Gecko; compatible; bingbot/2.0; +http://www.bing.com/bingbot.htm) Chrome/100.0.4896.127 Safari/537.36"
40.77.190.118 - - [26/Apr/2025:08:42:38 -0400] "GET /assets/iconfonts/materialdesignicons/fonts/Material-Design-Iconic-Font.woff2?v=2.2.0 HTTP/1.1" 200 38384 "-" "Mozilla/5.0 AppleWebKit/537.36 (KHTML, like Gecko; compatible; bingbot/2.0; +http://www.bing.com/bingbot.htm) Chrome/100.0.4896.127 Safari/537.36"
40.77.188.137 - - [26/Apr/2025:08:42:38 -0400] "GET /assets/iconfonts/font-awesome/fonts/fontawesome-webfont.woff2?v=4.7.0 HTTP/1.1" 200 77160 "-" "Mozilla/5.0 AppleWebKit/537.36 (KHTML, like Gecko; compatible; bingbot/2.0; +http://www.bing.com/bingbot.htm) Chrome/100.0.4896.127 Safari/537.36"
66.249.66.67 - - [26/Apr/2025:08:46:50 -0400] "GET /?product/edit/26532696 HTTP/1.1" 200 6424 "-" "Mozilla/5.0 (compatible; Googlebot/2.1; +http://www.google.com/bot.html)"
154.74.190.110 - - [26/Apr/2025:08:46:53 -0400] "GET /account/ HTTP/1.1" 302 508 "https://finationglobal.com/account/login" "Mozilla/5.0 (Linux; Android 10; K) AppleWebKit/537.36 (KHTML, like Gecko) SamsungBrowser/27.0 Chrome/125.0.0.0 Mobile Safari/537.36"
154.74.190.110 - - [26/Apr/2025:08:46:53 -0400] "GET /account/login.php HTTP/1.1" 302 771 "https://finationglobal.com/account/login" "Mozilla/5.0 (Linux; Android 10; K) AppleWebKit/537.36 (KHTML, like Gecko) SamsungBrowser/27.0 Chrome/125.0.0.0 Mobile Safari/537.36"
154.74.190.110 - - [26/Apr/2025:08:46:53 -0400] "GET /account/login HTTP/1.1" 200 1297 "https://finationglobal.com/account/register?ref=temab" "Mozilla/5.0 (Linux; Android 10; K) AppleWebKit/537.36 (KHTML, like Gecko) SamsungBrowser/27.0 Chrome/125.0.0.0 Mobile Safari/537.36"
197.250.231.100 - - [26/Apr/2025:08:48:05 -0400] "GET /r/Nziza60 HTTP/1.1" 301 795 "-" "WhatsApp/2.23.20.0"
197.250.231.100 - - [26/Apr/2025:08:48:06 -0400] "GET /account/register?ref=Nziza60 HTTP/1.1" 200 2223 "-" "WhatsApp/2.23.20.0"
197.250.231.100 - - [26/Apr/2025:08:48:06 -0400] "GET /r HTTP/1.1" 404 1251 "-" "WhatsApp/2.23.20.0"
197.250.231.100 - - [26/Apr/2025:08:48:11 -0400] "GET /r/Mnenuka HTTP/1.1" 301 795 "-" "WhatsApp/2.23.20.0"
197.250.231.100 - - [26/Apr/2025:08:48:12 -0400] "GET /r/Mnenu HTTP/1.1" 301 795 "-" "WhatsApp/2.23.20.0"
197.250.231.100 - - [26/Apr/2025:08:48:12 -0400] "GET /account/register?ref=Mnenuka HTTP/1.1" 200 2222 "-" "WhatsApp/2.23.20.0"
197.250.231.100 - - [26/Apr/2025:08:48:13 -0400] "GET /account/register?ref=Mnenu HTTP/1.1" 200 2220 "-" "WhatsApp/2.23.20.0"
66.249.66.67 - - [26/Apr/2025:08:53:08 -0400] "GET /?shopdetail/10259815 HTTP/1.1" 200 6424 "-" "Mozilla/5.0 (Linux; Android 6.0.1; Nexus 5X Build/MMB29P) AppleWebKit/537.36 (KHTML, like Gecko) Chrome/135.0.7049.95 Mobile Safari/537.36 (compatible; Googlebot/2.1; +http://www.google.com/bot.html)"
197.250.231.100 - - [26/Apr/2025:08:57:09 -0400] "GET /account/fundwallet HTTP/1.1" 200 5915 "-" "Mozilla/5.0 (Linux; Android 10; K) AppleWebKit/537.36 (KHTML, like Gecko) Chrome/133.0.0.0 Mobile Safari/537.36"
197.250.231.100 - - [26/Apr/2025:08:57:16 -0400] "GET /account/login HTTP/1.1" 200 1297 "-" "Mozilla/5.0 (Linux; Android 10; K) AppleWebKit/537.36 (KHTML, like Gecko) Chrome/133.0.0.0 Mobile Safari/537.36"
197.250.231.100 - - [26/Apr/2025:08:57:45 -0400] "POST /account/login HTTP/1.1" 302 1297 "https://finationglobal.com/account/login" "Mozilla/5.0 (Linux; Android 10; K) AppleWebKit/537.36 (KHTML, like Gecko) Chrome/133.0.0.0 Mobile Safari/537.36"
197.250.231.100 - - [26/Apr/2025:08:57:45 -0400] "GET /account/ HTTP/1.1" 200 8179 "https://finationglobal.com/account/login" "Mozilla/5.0 (Linux; Android 10; K) AppleWebKit/537.36 (KHTML, like Gecko) Chrome/133.0.0.0 Mobile Safari/537.36"
197.250.231.100 - - [26/Apr/2025:08:57:54 -0400] "GET /account/fundtransfer HTTP/1.1" 200 6383 "https://finationglobal.com/account/" "Mozilla/5.0 (Linux; Android 10; K) AppleWebKit/537.36 (KHTML, like Gecko) Chrome/133.0.0.0 Mobile Safari/537.36"
197.250.231.100 - - [26/Apr/2025:08:57:59 -0400] "GET /account/control.php?verify=Amiry01 HTTP/1.1" 302 771 "https://finationglobal.com/account/fundtransfer" "Mozilla/5.0 (Linux; Android 10; K) AppleWebKit/537.36 (KHTML, like Gecko) Chrome/133.0.0.0 Mobile Safari/537.36"
197.250.231.100 - - [26/Apr/2025:08:58:00 -0400] "GET /account/control?verify=Amiry01 HTTP/1.1" 200 168 "https://finationglobal.com/account/fundtransfer" "Mozilla/5.0 (Linux; Android 10; K) AppleWebKit/537.36 (KHTML, like Gecko) Chrome/133.0.0.0 Mobile Safari/537.36"
197.250.231.100 - - [26/Apr/2025:08:58:04 -0400] "GET /account/control.php?sendcode=Amiry01&amt=5 HTTP/1.1" 302 771 "https://finationglobal.com/account/fundtransfer" "Mozilla/5.0 (Linux; Android 10; K) AppleWebKit/537.36 (KHTML, like Gecko) Chrome/133.0.0.0 Mobile Safari/537.36"
197.250.231.100 - - [26/Apr/2025:08:58:05 -0400] "GET /account/control?sendcode=Amiry01&amt=5 HTTP/1.1" 200 184 "https://finationglobal.com/account/fundtransfer" "Mozilla/5.0 (Linux; Android 10; K) AppleWebKit/537.36 (KHTML, like Gecko) Chrome/133.0.0.0 Mobile Safari/537.36"
197.250.231.100 - - [26/Apr/2025:08:58:33 -0400] "POST /account/fundtransfer HTTP/1.1" 200 6612 "https://finationglobal.com/account/fundtransfer" "Mozilla/5.0 (Linux; Android 10; K) AppleWebKit/537.36 (KHTML, like Gecko) Chrome/133.0.0.0 Mobile Safari/537.36"
102.89.84.24 - - [26/Apr/2025:09:00:18 -0400] "GET /account/searchuser HTTP/1.1" 302 521 "https://finationglobal.com/account/searchuser" "Mozilla/5.0 (Linux; Android 10; K) AppleWebKit/537.36 (KHTML, like Gecko) Chrome/135.0.0.0 Mobile Safari/537.36"
102.89.84.24 - - [26/Apr/2025:09:00:19 -0400] "GET /account/login.php HTTP/1.1" 302 771 "https://finationglobal.com/account/searchuser" "Mozilla/5.0 (Linux; Android 10; K) AppleWebKit/537.36 (KHTML, like Gecko) Chrome/135.0.0.0 Mobile Safari/537.36"
102.89.84.24 - - [26/Apr/2025:09:00:19 -0400] "GET /account/login HTTP/1.1" 200 1297 "https://finationglobal.com/account/searchuser" "Mozilla/5.0 (Linux; Android 10; K) AppleWebKit/537.36 (KHTML, like Gecko) Chrome/135.0.0.0 Mobile Safari/537.36"
66.249.66.66 - - [26/Apr/2025:09:03:02 -0400] "GET /?pcmypage?callback=product%2Fdetail%2F59830822 HTTP/1.1" 200 6422 "-" "Mozilla/5.0 (compatible; Googlebot/2.1; +http://www.google.com/bot.html)"
94.198.54.51 - - [26/Apr/2025:09:15:19 -0400] "GET / HTTP/1.0" 200 38507 "https://finationglobal.com/" "Mozilla/5.0 (Windows NT 10.0; Win64; x64) AppleWebKit/537.36 (KHTML, like Gecko) Chrome/129.0.0.0 Safari/537.36"
94.198.54.51 - - [26/Apr/2025:09:15:20 -0400] "GET /account/register HTTP/1.0" 200 8064 "https://finationglobal.com/account/register" "Mozilla/5.0 (Windows NT 10.0; Win64; x64) AppleWebKit/537.36 (KHTML, like Gecko) Chrome/129.0.0.0 Safari/537.36"
94.198.54.51 - - [26/Apr/2025:09:15:21 -0400] "POST /account/register HTTP/1.0" 200 8623 "https://finationglobal.com/account/register" "Mozilla/5.0 (Windows NT 10.0; Win64; x64) AppleWebKit/537.36 (KHTML, like Gecko) Chrome/129.0.0.0 Safari/537.36"
94.198.54.51 - - [26/Apr/2025:09:15:22 -0400] "GET /account/ HTTP/1.0" 302 1469 "https://finationglobal.com/" "Mozilla/5.0 (Windows NT 10.0; Win64; x64) AppleWebKit/537.36 (KHTML, like Gecko) Chrome/129.0.0.0 Safari/537.36"
197.250.50.32 - - [26/Apr/2025:09:15:40 -0400] "GET /r/Nziza60 HTTP/1.1" 301 795 "-" "Mozilla/5.0 (Linux; Android 10; K) AppleWebKit/537.36 (KHTML, like Gecko) Chrome/134.0.0.0 Mobile Safari/537.36"
197.250.50.32 - - [26/Apr/2025:09:15:48 -0400] "GET /account/register?ref=Nziza60 HTTP/1.1" 200 1861 "-" "Mozilla/5.0 (Linux; Android 10; K) AppleWebKit/537.36 (KHTML, like Gecko) Chrome/134.0.0.0 Mobile Safari/537.36"
197.250.50.32 - - [26/Apr/2025:09:15:56 -0400] "GET /account/control.php?confirm=Nziza60 HTTP/1.1" 302 771 "https://finationglobal.com/account/register?ref=Nziza60" "Mozilla/5.0 (Linux; Android 10; K) AppleWebKit/537.36 (KHTML, like Gecko) Chrome/134.0.0.0 Mobile Safari/537.36"
197.250.50.32 - - [26/Apr/2025:09:16:04 -0400] "GET /account/control?confirm=Nziza60 HTTP/1.1" 200 31 "https://finationglobal.com/account/register?ref=Nziza60" "Mozilla/5.0 (Linux; Android 10; K) AppleWebKit/537.36 (KHTML, like Gecko) Chrome/134.0.0.0 Mobile Safari/537.36"
197.250.50.32 - - [26/Apr/2025:09:16:06 -0400] "GET /account/login HTTP/1.1" 200 1297 "https://finationglobal.com/account/register?ref=Nziza60" "Mozilla/5.0 (Linux; Android 10; K) AppleWebKit/537.36 (KHTML, like Gecko) Chrome/134.0.0.0 Mobile Safari/537.36"
197.250.50.32 - - [26/Apr/2025:09:16:09 -0400] "GET /account/register HTTP/1.1" 200 1850 "https://finationglobal.com/account/login" "Mozilla/5.0 (Linux; Android 10; K) AppleWebKit/537.36 (KHTML, like Gecko) Chrome/134.0.0.0 Mobile Safari/537.36"
197.250.50.32 - - [26/Apr/2025:09:16:27 -0400] "GET /account/login HTTP/1.1" 200 1297 "https://finationglobal.com/account/register" "Mozilla/5.0 (Linux; Android 10; K) AppleWebKit/537.36 (KHTML, like Gecko) Chrome/134.0.0.0 Mobile Safari/537.36"
197.250.50.32 - - [26/Apr/2025:09:16:35 -0400] "POST /account/login HTTP/1.1" 302 1297 "https://finationglobal.com/account/login" "Mozilla/5.0 (Linux; Android 10; K) AppleWebKit/537.36 (KHTML, like Gecko) Chrome/134.0.0.0 Mobile Safari/537.36"
197.250.50.32 - - [26/Apr/2025:09:16:35 -0400] "GET /account/ HTTP/1.1" 200 7293 "https://finationglobal.com/account/login" "Mozilla/5.0 (Linux; Android 10; K) AppleWebKit/537.36 (KHTML, like Gecko) Chrome/134.0.0.0 Mobile Safari/537.36"
197.250.50.32 - - [26/Apr/2025:09:16:46 -0400] "GET /account/geneology HTTP/1.1" 200 4937 "https://finationglobal.com/account/" "Mozilla/5.0 (Linux; Android 10; K) AppleWebKit/537.36 (KHTML, like Gecko) Chrome/134.0.0.0 Mobile Safari/537.36"
197.250.50.32 - - [26/Apr/2025:09:17:00 -0400] "POST /account/geneology HTTP/1.1" 200 4703 "https://finationglobal.com/account/geneology" "Mozilla/5.0 (Linux; Android 10; K) AppleWebKit/537.36 (KHTML, like Gecko) Chrome/134.0.0.0 Mobile Safari/537.36"
197.250.50.32 - - [26/Apr/2025:09:17:28 -0400] "GET /account/geneology?user=kamege HTTP/1.1" 200 4700 "https://finationglobal.com/account/geneology" "Mozilla/5.0 (Linux; Android 10; K) AppleWebKit/537.36 (KHTML, like Gecko) Chrome/134.0.0.0 Mobile Safari/537.36"
197.250.231.100 - - [26/Apr/2025:09:17:35 -0400] "GET /account/fundtransfer HTTP/1.1" 302 508 "https://finationglobal.com/account/fundtransfer" "Mozilla/5.0 (Linux; Android 10; K) AppleWebKit/537.36 (KHTML, like Gecko) Chrome/133.0.0.0 Mobile Safari/537.36"
197.250.231.100 - - [26/Apr/2025:09:17:36 -0400] "GET /account/login.php HTTP/1.1" 302 0 "https://finationglobal.com/account/fundtransfer" "Mozilla/5.0 (Linux; Android 10; K) AppleWebKit/537.36 (KHTML, like Gecko) Chrome/133.0.0.0 Mobile Safari/537.36"
197.250.231.100 - - [26/Apr/2025:09:17:36 -0400] "GET /account/fundtransfer HTTP/1.1" 302 508 "https://finationglobal.com/account/" "Mozilla/5.0 (Linux; Android 10; K) AppleWebKit/537.36 (KHTML, like Gecko) Chrome/133.0.0.0 Mobile Safari/537.36"
197.250.231.100 - - [26/Apr/2025:09:17:37 -0400] "GET /account/login.php HTTP/1.1" 302 771 "https://finationglobal.com/account/" "Mozilla/5.0 (Linux; Android 10; K) AppleWebKit/537.36 (KHTML, like Gecko) Chrome/133.0.0.0 Mobile Safari/537.36"
197.250.231.100 - - [26/Apr/2025:09:17:37 -0400] "GET /account/login HTTP/1.1" 200 1297 "https://finationglobal.com/account/" "Mozilla/5.0 (Linux; Android 10; K) AppleWebKit/537.36 (KHTML, like Gecko) Chrome/133.0.0.0 Mobile Safari/537.36"
197.250.231.100 - - [26/Apr/2025:09:18:08 -0400] "POST /account/login HTTP/1.1" 302 1297 "https://finationglobal.com/account/login" "Mozilla/5.0 (Linux; Android 10; K) AppleWebKit/537.36 (KHTML, like Gecko) Chrome/133.0.0.0 Mobile Safari/537.36"
197.250.231.100 - - [26/Apr/2025:09:18:08 -0400] "GET /account/ HTTP/1.1" 200 8167 "https://finationglobal.com/account/login" "Mozilla/5.0 (Linux; Android 10; K) AppleWebKit/537.36 (KHTML, like Gecko) Chrome/133.0.0.0 Mobile Safari/537.36"
197.250.231.100 - - [26/Apr/2025:09:18:16 -0400] "GET /account/geneology HTTP/1.1" 200 5068 "https://finationglobal.com/account/" "Mozilla/5.0 (Linux; Android 10; K) AppleWebKit/537.36 (KHTML, like Gecko) Chrome/133.0.0.0 Mobile Safari/537.36"
197.250.231.100 - - [26/Apr/2025:09:18:31 -0400] "POST /account/geneology HTTP/1.1" 200 4734 "https://finationglobal.com/account/geneology" "Mozilla/5.0 (Linux; Android 10; K) AppleWebKit/537.36 (KHTML, like Gecko) Chrome/133.0.0.0 Mobile Safari/537.36"
197.250.231.100 - - [26/Apr/2025:09:18:34 -0400] "GET /account/geneology?user=leilamsaka HTTP/1.1" 200 4744 "https://finationglobal.com/account/geneology" "Mozilla/5.0 (Linux; Android 10; K) AppleWebKit/537.36 (KHTML, like Gecko) Chrome/133.0.0.0 Mobile Safari/537.36"
197.250.231.100 - - [26/Apr/2025:09:18:37 -0400] "GET /account/geneology?user=mnenuka HTTP/1.1" 200 4696 "https://finationglobal.com/account/geneology?user=leilamsaka" "Mozilla/5.0 (Linux; Android 10; K) AppleWebKit/537.36 (KHTML, like Gecko) Chrome/133.0.0.0 Mobile Safari/537.36"
142.250.32.2 - - [26/Apr/2025:09:18:50 -0400] "GET /account/geneology?user=mnenuka HTTP/1.1" 302 518 "-" "Mozilla/5.0 (Linux; Android 7.0; SM-G930V Build/NRD90M) AppleWebKit/537.36 (KHTML, like Gecko) Chrome/59.0.3071.125 Mobile Safari/537.36 (compatible; Google-Read-Aloud; +https://support.google.com/webmasters/answer/1061943)"
142.250.32.2 - - [26/Apr/2025:09:18:51 -0400] "GET /account/login.php HTTP/1.1" 302 771 "-" "Mozilla/5.0 (Linux; Android 7.0; SM-G930V Build/NRD90M) AppleWebKit/537.36 (KHTML, like Gecko) Chrome/59.0.3071.125 Mobile Safari/537.36 (compatible; Google-Read-Aloud; +https://support.google.com/webmasters/answer/1061943)"
142.250.32.3 - - [26/Apr/2025:09:18:51 -0400] "GET /account/login HTTP/1.1" 200 1297 "-" "Mozilla/5.0 (Linux; Android 7.0; SM-G930V Build/NRD90M) AppleWebKit/537.36 (KHTML, like Gecko) Chrome/59.0.3071.125 Mobile Safari/537.36 (compatible; Google-Read-Aloud; +https://support.google.com/webmasters/answer/1061943)"
197.250.50.32 - - [26/Apr/2025:09:18:56 -0400] "GET /r/mnenuka HTTP/1.1" 301 795 "-" "Mozilla/5.0 (Linux; Android 10; K) AppleWebKit/537.36 (KHTML, like Gecko) Chrome/134.0.0.0 Mobile Safari/537.36"
197.250.50.32 - - [26/Apr/2025:09:18:58 -0400] "GET /account/register?ref=mnenuka HTTP/1.1" 200 1860 "-" "Mozilla/5.0 (Linux; Android 10; K) AppleWebKit/537.36 (KHTML, like Gecko) Chrome/134.0.0.0 Mobile Safari/537.36"
197.250.50.32 - - [26/Apr/2025:09:19:07 -0400] "GET /account/control.php?confirm=mnenuka HTTP/1.1" 302 771 "https://finationglobal.com/account/register?ref=mnenuka" "Mozilla/5.0 (Linux; Android 10; K) AppleWebKit/537.36 (KHTML, like Gecko) Chrome/134.0.0.0 Mobile Safari/537.36"
197.250.50.32 - - [26/Apr/2025:09:19:09 -0400] "GET /account/control?confirm=mnenuka HTTP/1.1" 200 32 "https://finationglobal.com/account/register?ref=mnenuka" "Mozilla/5.0 (Linux; Android 10; K) AppleWebKit/537.36 (KHTML, like Gecko) Chrome/134.0.0.0 Mobile Safari/537.36"
40.77.167.101 - - [26/Apr/2025:09:19:54 -0400] "GET /robots.txt HTTP/1.1" 404 1251 "-" "Mozilla/5.0 AppleWebKit/537.36 (KHTML, like Gecko; compatible; bingbot/2.0; +http://www.bing.com/bingbot.htm) Chrome/116.0.1938.76 Safari/537.36"
157.55.39.204 - - [26/Apr/2025:09:20:04 -0400] "GET /account/register HTTP/1.1" 200 1850 "-" "Mozilla/5.0 AppleWebKit/537.36 (KHTML, like Gecko; compatible; bingbot/2.0; +http://www.bing.com/bingbot.htm) Chrome/116.0.1938.76 Safari/537.36"
91.84.110.151 - - [26/Apr/2025:09:21:44 -0400] "GET / HTTP/1.1" 200 7826 "-" "Mozilla/5.0 (Macintosh; Intel Mac OS X 10_15_7) AppleWebKit/537.36 (KHTML, like Gecko) Chrome/133.0.0.0 Safari/537.36"
91.84.110.151 - - [26/Apr/2025:09:21:44 -0400] "GET /account/login HTTP/1.1" 200 1551 "-" "Mozilla/5.0 (Macintosh; Intel Mac OS X 10_15_7) AppleWebKit/537.36 (KHTML, like Gecko) Chrome/133.0.0.0 Safari/537.36"
91.84.110.151 - - [26/Apr/2025:09:21:45 -0400] "GET /account/forgot-password HTTP/1.1" 200 1461 "-" "Mozilla/5.0 (Macintosh; Intel Mac OS X 10_15_7) AppleWebKit/537.36 (KHTML, like Gecko) Chrome/133.0.0.0 Safari/537.36"
91.84.110.151 - - [26/Apr/2025:09:21:46 -0400] "GET /account/register HTTP/1.1" 200 2216 "-" "Mozilla/5.0 (Macintosh; Intel Mac OS X 10_15_7) AppleWebKit/537.36 (KHTML, like Gecko) Chrome/133.0.0.0 Safari/537.36"
105.27.154.58 - - [26/Apr/2025:09:21:48 -0400] "POST /account/register HTTP/1.1" 200 2216 "-" "Mozilla/5.0 (Windows NT 10.0; Win64; x64) AppleWebKit/537.36 (KHTML, like Gecko) Chrome/120.0.0.0 Safari/537.36"
91.84.110.151 - - [26/Apr/2025:09:21:48 -0400] "GET /account/register HTTP/1.1" 200 2216 "-" "Mozilla/5.0 (Macintosh; Intel Mac OS X 10_15_7) AppleWebKit/537.36 (KHTML, like Gecko) Chrome/133.0.0.0 Safari/537.36"
105.27.154.58 - - [26/Apr/2025:09:21:51 -0400] "POST /account/register HTTP/1.1" 200 2216 "-" "Mozilla/5.0 (Macintosh; Intel Mac OS X 10_15_7) AppleWebKit/537.36 (KHTML, like Gecko) Chrome/133.0.0.0 Safari/537.36"
105.27.154.58 - - [26/Apr/2025:09:21:53 -0400] "POST /account/register HTTP/1.1" 200 2216 "-" "Mozilla/5.0 (Windows NT 10.0; Win64; x64) AppleWebKit/537.36 (KHTML, like Gecko) Chrome/120.0.0.0 Safari/537.36"
91.84.110.151 - - [26/Apr/2025:09:21:57 -0400] "GET /account/login HTTP/1.1" 200 1551 "-" "Mozilla/5.0 (Macintosh; Intel Mac OS X 10_15_7) AppleWebKit/537.36 (KHTML, like Gecko) Chrome/133.0.0.0 Safari/537.36"
91.84.110.151 - - [26/Apr/2025:09:21:57 -0400] "GET /service-ui-ux-design.html HTTP/1.1" 404 1251 "-" "Mozilla/5.0 (Macintosh; Intel Mac OS X 10_15_7) AppleWebKit/537.36 (KHTML, like Gecko) Chrome/133.0.0.0 Safari/537.36"
91.84.110.151 - - [26/Apr/2025:09:21:57 -0400] "GET /account/register.php HTTP/1.1" 302 771 "-" "Mozilla/5.0 (Macintosh; Intel Mac OS X 10_15_7) AppleWebKit/537.36 (KHTML, like Gecko) Chrome/133.0.0.0 Safari/537.36"
91.84.110.151 - - [26/Apr/2025:09:21:58 -0400] "GET /account/register HTTP/1.1" 200 2216 "https://FINATIONGLOBAL.COM/account/register.php" "Mozilla/5.0 (Macintosh; Intel Mac OS X 10_15_7) AppleWebKit/537.36 (KHTML, like Gecko) Chrome/133.0.0.0 Safari/537.36"
