197.250.133.81 - - [26/Apr/2025:13:00:49 -0400] "GET /account/geneology?user=mkwe01 HTTP/1.1" 200 4671 "https://finationglobal.com/account/geneology?user=zapoka" "Mozilla/5.0 (Linux; Android 10; K) AppleWebKit/537.36 (KHTML, like Gecko) Chrome/134.0.0.0 Mobile Safari/537.36"
197.250.133.81 - - [26/Apr/2025:13:00:56 -0400] "GET /account/geneology?user=zapoka HTTP/1.1" 200 4706 "https://finationglobal.com/account/geneology" "Mozilla/5.0 (Linux; Android 10; K) AppleWebKit/537.36 (KHTML, like Gecko) Chrome/134.0.0.0 Mobile Safari/537.36"
197.250.133.81 - - [26/Apr/2025:13:00:58 -0400] "GET /account/geneology HTTP/1.1" 200 4702 "https://finationglobal.com/account/" "Mozilla/5.0 (Linux; Android 10; K) AppleWebKit/537.36 (KHTML, like Gecko) Chrome/134.0.0.0 Mobile Safari/537.36"
197.250.133.81 - - [26/Apr/2025:13:01:01 -0400] "GET /account/ HTTP/1.1" 200 7306 "https://finationglobal.com/account/login" "Mozilla/5.0 (Linux; Android 10; K) AppleWebKit/537.36 (KHTML, like Gecko) Chrome/134.0.0.0 Mobile Safari/537.36"
197.250.133.81 - - [26/Apr/2025:13:02:20 -0400] "GET /account/login HTTP/1.1" 200 1297 "https://finationglobal.com/account/register?ref=fedinanda01" "Mozilla/5.0 (Linux; Android 10; K) AppleWebKit/537.36 (KHTML, like Gecko) Chrome/134.0.0.0 Mobile Safari/537.36"
197.211.63.124 - - [26/Apr/2025:13:02:22 -0400] "GET /account/geneology?user=baahcom HTTP/1.1" 200 5106 "https://finationglobal.com/account/geneology?user=Akiola" "Mozilla/5.0 (Linux; Android 10; K) AppleWebKit/537.36 (KHTML, like Gecko) Chrome/134.0.0.0 Mobile Safari/537.36"
142.250.32.3 - - [26/Apr/2025:13:02:27 -0400] "GET /account/geneology?user=baahcom HTTP/1.1" 302 518 "-" "Mozilla/5.0 (Linux; Android 7.0; SM-G930V Build/NRD90M) AppleWebKit/537.36 (KHTML, like Gecko) Chrome/59.0.3071.125 Mobile Safari/537.36 (compatible; Google-Read-Aloud; +https://support.google.com/webmasters/answer/1061943)"
142.250.32.3 - - [26/Apr/2025:13:02:27 -0400] "GET /account/login.php HTTP/1.1" 302 771 "-" "Mozilla/5.0 (Linux; Android 7.0; SM-G930V Build/NRD90M) AppleWebKit/537.36 (KHTML, like Gecko) Chrome/59.0.3071.125 Mobile Safari/537.36 (compatible; Google-Read-Aloud; +https://support.google.com/webmasters/answer/1061943)"
142.250.32.2 - - [26/Apr/2025:13:02:28 -0400] "GET /account/login HTTP/1.1" 200 1297 "-" "Mozilla/5.0 (Linux; Android 7.0; SM-G930V Build/NRD90M) AppleWebKit/537.36 (KHTML, like Gecko) Chrome/59.0.3071.125 Mobile Safari/537.36 (compatible; Google-Read-Aloud; +https://support.google.com/webmasters/answer/1061943)"
197.250.133.81 - - [26/Apr/2025:13:02:32 -0400] "POST /account/login HTTP/1.1" 302 1297 "https://finationglobal.com/account/login" "Mozilla/5.0 (Linux; Android 10; K) AppleWebKit/537.36 (KHTML, like Gecko) Chrome/134.0.0.0 Mobile Safari/537.36"
197.250.133.81 - - [26/Apr/2025:13:02:32 -0400] "GET /account/ HTTP/1.1" 200 7212 "https://finationglobal.com/account/login" "Mozilla/5.0 (Linux; Android 10; K) AppleWebKit/537.36 (KHTML, like Gecko) Chrome/134.0.0.0 Mobile Safari/537.36"
197.250.133.81 - - [26/Apr/2025:13:02:39 -0400] "GET /account/geneology HTTP/1.1" 200 4711 "https://finationglobal.com/account/" "Mozilla/5.0 (Linux; Android 10; K) AppleWebKit/537.36 (KHTML, like Gecko) Chrome/134.0.0.0 Mobile Safari/537.36"
197.250.133.81 - - [26/Apr/2025:13:02:45 -0400] "GET /account/geneology?user=rehema HTTP/1.1" 200 4713 "https://finationglobal.com/account/geneology" "Mozilla/5.0 (Linux; Android 10; K) AppleWebKit/537.36 (KHTML, like Gecko) Chrome/134.0.0.0 Mobile Safari/537.36"
197.250.133.81 - - [26/Apr/2025:13:02:57 -0400] "GET /account/geneology?user=hkbaya87 HTTP/1.1" 200 4693 "https://finationglobal.com/account/geneology?user=rehema" "Mozilla/5.0 (Linux; Android 10; K) AppleWebKit/537.36 (KHTML, like Gecko) Chrome/134.0.0.0 Mobile Safari/537.36"
197.250.133.81 - - [26/Apr/2025:13:03:27 -0400] "GET /account/geneology?user=hadija01 HTTP/1.1" 200 4709 "https://finationglobal.com/account/geneology" "Mozilla/5.0 (Linux; Android 10; K) AppleWebKit/537.36 (KHTML, like Gecko) Chrome/134.0.0.0 Mobile Safari/537.36"
197.250.133.81 - - [26/Apr/2025:13:03:32 -0400] "GET /account/geneology?user=mbasa02 HTTP/1.1" 200 4662 "https://finationglobal.com/account/geneology?user=hadija01" "Mozilla/5.0 (Linux; Android 10; K) AppleWebKit/537.36 (KHTML, like Gecko) Chrome/134.0.0.0 Mobile Safari/537.36"
197.211.63.124 - - [26/Apr/2025:13:03:39 -0400] "GET /account/geneology HTTP/1.1" 200 5168 "https://finationglobal.com/account/" "Mozilla/5.0 (Linux; Android 10; K) AppleWebKit/537.36 (KHTML, like Gecko) Chrome/134.0.0.0 Mobile Safari/537.36"
197.250.133.81 - - [26/Apr/2025:13:03:46 -0400] "GET /account/geneology?user=amiry01 HTTP/1.1" 200 4712 "https://finationglobal.com/account/geneology?user=hadija01" "Mozilla/5.0 (Linux; Android 10; K) AppleWebKit/537.36 (KHTML, like Gecko) Chrome/134.0.0.0 Mobile Safari/537.36"
142.250.32.2 - - [26/Apr/2025:13:03:50 -0400] "GET /account/geneology?user=amiry01 HTTP/1.1" 302 518 "-" "Mozilla/5.0 (Linux; Android 7.0; SM-G930V Build/NRD90M) AppleWebKit/537.36 (KHTML, like Gecko) Chrome/59.0.3071.125 Mobile Safari/537.36 (compatible; Google-Read-Aloud; +https://support.google.com/webmasters/answer/1061943)"
142.250.32.3 - - [26/Apr/2025:13:03:50 -0400] "GET /account/login.php HTTP/1.1" 302 771 "-" "Mozilla/5.0 (Linux; Android 7.0; SM-G930V Build/NRD90M) AppleWebKit/537.36 (KHTML, like Gecko) Chrome/59.0.3071.125 Mobile Safari/537.36 (compatible; Google-Read-Aloud; +https://support.google.com/webmasters/answer/1061943)"
142.250.32.2 - - [26/Apr/2025:13:03:50 -0400] "GET /account/login HTTP/1.1" 200 1297 "-" "Mozilla/5.0 (Linux; Android 7.0; SM-G930V Build/NRD90M) AppleWebKit/537.36 (KHTML, like Gecko) Chrome/59.0.3071.125 Mobile Safari/537.36 (compatible; Google-Read-Aloud; +https://support.google.com/webmasters/answer/1061943)"
197.250.133.81 - - [26/Apr/2025:13:03:51 -0400] "GET /account/geneology?user=kapipione HTTP/1.1" 200 4704 "https://finationglobal.com/account/geneology?user=amiry01" "Mozilla/5.0 (Linux; Android 10; K) AppleWebKit/537.36 (KHTML, like Gecko) Chrome/134.0.0.0 Mobile Safari/537.36"
197.211.63.124 - - [26/Apr/2025:13:03:56 -0400] "GET /account/geneology?user=MummyP HTTP/1.1" 200 5050 "https://finationglobal.com/account/geneology" "Mozilla/5.0 (Linux; Android 10; K) AppleWebKit/537.36 (KHTML, like Gecko) Chrome/134.0.0.0 Mobile Safari/537.36"
197.250.133.81 - - [26/Apr/2025:13:03:57 -0400] "GET /account/geneology?user=saria HTTP/1.1" 200 4686 "https://finationglobal.com/account/geneology?user=kapipione" "Mozilla/5.0 (Linux; Android 10; K) AppleWebKit/537.36 (KHTML, like Gecko) Chrome/134.0.0.0 Mobile Safari/537.36"
197.250.133.81 - - [26/Apr/2025:13:04:09 -0400] "GET /account/geneology?user=kokutuna HTTP/1.1" 200 4670 "https://finationglobal.com/account/geneology?user=saria" "Mozilla/5.0 (Linux; Android 10; K) AppleWebKit/537.36 (KHTML, like Gecko) Chrome/134.0.0.0 Mobile Safari/537.36"
197.211.63.124 - - [26/Apr/2025:13:04:20 -0400] "GET /account/geneology?user=Maddy HTTP/1.1" 200 5168 "https://finationglobal.com/account/geneology" "Mozilla/5.0 (Linux; Android 10; K) AppleWebKit/537.36 (KHTML, like Gecko) Chrome/134.0.0.0 Mobile Safari/537.36"
197.250.133.81 - - [26/Apr/2025:13:04:40 -0400] "GET /account/ HTTP/1.1" 200 7213 "https://finationglobal.com/account/login" "Mozilla/5.0 (Linux; Android 10; K) AppleWebKit/537.36 (KHTML, like Gecko) Chrome/134.0.0.0 Mobile Safari/537.36"
197.250.133.81 - - [26/Apr/2025:13:04:47 -0400] "GET /account/login HTTP/1.1" 200 1297 "https://finationglobal.com/account/register?ref=fedinanda01" "Mozilla/5.0 (Linux; Android 10; K) AppleWebKit/537.36 (KHTML, like Gecko) Chrome/134.0.0.0 Mobile Safari/537.36"
197.250.133.81 - - [26/Apr/2025:13:05:14 -0400] "POST /account/login HTTP/1.1" 302 1297 "https://finationglobal.com/account/login" "Mozilla/5.0 (Linux; Android 10; K) AppleWebKit/537.36 (KHTML, like Gecko) Chrome/134.0.0.0 Mobile Safari/537.36"
197.250.133.81 - - [26/Apr/2025:13:05:14 -0400] "GET /account/ HTTP/1.1" 200 8195 "https://finationglobal.com/account/login" "Mozilla/5.0 (Linux; Android 10; K) AppleWebKit/537.36 (KHTML, like Gecko) Chrome/134.0.0.0 Mobile Safari/537.36"
197.250.133.81 - - [26/Apr/2025:13:05:21 -0400] "GET /account/geneology HTTP/1.1" 200 4757 "https://finationglobal.com/account/" "Mozilla/5.0 (Linux; Android 10; K) AppleWebKit/537.36 (KHTML, like Gecko) Chrome/134.0.0.0 Mobile Safari/537.36"
197.250.133.81 - - [26/Apr/2025:13:05:31 -0400] "GET /account/geneology?user=blessedman02 HTTP/1.1" 200 4748 "https://finationglobal.com/account/geneology" "Mozilla/5.0 (Linux; Android 10; K) AppleWebKit/537.36 (KHTML, like Gecko) Chrome/134.0.0.0 Mobile Safari/537.36"
197.250.133.81 - - [26/Apr/2025:13:05:36 -0400] "GET /account/geneology?user=vick01 HTTP/1.1" 200 4755 "https://finationglobal.com/account/geneology?user=blessedman02" "Mozilla/5.0 (Linux; Android 10; K) AppleWebKit/537.36 (KHTML, like Gecko) Chrome/134.0.0.0 Mobile Safari/537.36"
197.250.133.81 - - [26/Apr/2025:13:05:42 -0400] "GET /account/geneology?user=maryhilda1 HTTP/1.1" 200 4738 "https://finationglobal.com/account/geneology?user=blessedman02" "Mozilla/5.0 (Linux; Android 10; K) AppleWebKit/537.36 (KHTML, like Gecko) Chrome/134.0.0.0 Mobile Safari/537.36"
197.250.133.81 - - [26/Apr/2025:13:06:05 -0400] "GET /account/geneology?user=nyamba HTTP/1.1" 200 4710 "https://finationglobal.com/account/geneology?user=maryhilda1" "Mozilla/5.0 (Linux; Android 10; K) AppleWebKit/537.36 (KHTML, like Gecko) Chrome/134.0.0.0 Mobile Safari/537.36"
197.250.133.81 - - [26/Apr/2025:13:06:31 -0400] "GET /account/geneology?user=joyce02 HTTP/1.1" 200 4663 "https://finationglobal.com/account/geneology?user=maryhilda1" "Mozilla/5.0 (Linux; Android 10; K) AppleWebKit/537.36 (KHTML, like Gecko) Chrome/134.0.0.0 Mobile Safari/537.36"
94.198.54.51 - - [26/Apr/2025:13:06:41 -0400] "GET / HTTP/1.0" 200 38507 "https://finationglobal.com/" "Mozilla/5.0 (Windows NT 10.0; Win64; x64) AppleWebKit/537.36 (KHTML, like Gecko) Chrome/131.0.0.0 Safari/537.36 Avast/131.0.0.0"
94.198.54.51 - - [26/Apr/2025:13:06:42 -0400] "GET /account/register HTTP/1.0" 200 8064 "https://finationglobal.com/account/register" "Mozilla/5.0 (Windows NT 10.0; Win64; x64) AppleWebKit/537.36 (KHTML, like Gecko) Chrome/131.0.0.0 Safari/537.36 Avast/131.0.0.0"
94.198.54.51 - - [26/Apr/2025:13:06:42 -0400] "POST /account/register HTTP/1.0" 200 8623 "https://finationglobal.com/account/register" "Mozilla/5.0 (Windows NT 10.0; Win64; x64) AppleWebKit/537.36 (KHTML, like Gecko) Chrome/131.0.0.0 Safari/537.36 Avast/131.0.0.0"
94.198.54.51 - - [26/Apr/2025:13:06:43 -0400] "GET /account/ HTTP/1.0" 302 1469 "https://finationglobal.com/" "Mozilla/5.0 (Windows NT 10.0; Win64; x64) AppleWebKit/537.36 (KHTML, like Gecko) Chrome/131.0.0.0 Safari/537.36 Avast/131.0.0.0"
66.249.66.67 - - [26/Apr/2025:13:07:13 -0400] "GET /?shopdetail/20757826 HTTP/1.1" 200 6422 "-" "Mozilla/5.0 (Linux; Android 6.0.1; Nexus 5X Build/MMB29P) AppleWebKit/537.36 (KHTML, like Gecko) Chrome/135.0.7049.95 Mobile Safari/537.36 (compatible; Googlebot/2.1; +http://www.google.com/bot.html)"
197.250.133.81 - - [26/Apr/2025:13:07:35 -0400] "GET /account/login HTTP/1.1" 200 1297 "https://finationglobal.com/account/register?ref=fedinanda01" "Mozilla/5.0 (Linux; Android 10; K) AppleWebKit/537.36 (KHTML, like Gecko) Chrome/134.0.0.0 Mobile Safari/537.36"
197.250.133.81 - - [26/Apr/2025:13:08:06 -0400] "POST /account/login HTTP/1.1" 302 1297 "https://finationglobal.com/account/login" "Mozilla/5.0 (Linux; Android 10; K) AppleWebKit/537.36 (KHTML, like Gecko) Chrome/134.0.0.0 Mobile Safari/537.36"
197.250.133.81 - - [26/Apr/2025:13:08:06 -0400] "GET /account/ HTTP/1.1" 200 6711 "https://finationglobal.com/account/login" "Mozilla/5.0 (Linux; Android 10; K) AppleWebKit/537.36 (KHTML, like Gecko) Chrome/134.0.0.0 Mobile Safari/537.36"
197.250.133.81 - - [26/Apr/2025:13:08:21 -0400] "GET /account/register HTTP/1.1" 200 1850 "https://finationglobal.com/account/login" "Mozilla/5.0 (Linux; Android 10; K) AppleWebKit/537.36 (KHTML, like Gecko) Chrome/134.0.0.0 Mobile Safari/537.36"
197.250.133.81 - - [26/Apr/2025:13:08:24 -0400] "GET /account/login HTTP/1.1" 200 1297 "https://finationglobal.com/account/register" "Mozilla/5.0 (Linux; Android 10; K) AppleWebKit/537.36 (KHTML, like Gecko) Chrome/134.0.0.0 Mobile Safari/537.36"
197.250.133.81 - - [26/Apr/2025:13:08:44 -0400] "POST /account/login HTTP/1.1" 302 1297 "https://finationglobal.com/account/login" "Mozilla/5.0 (Linux; Android 10; K) AppleWebKit/537.36 (KHTML, like Gecko) Chrome/134.0.0.0 Mobile Safari/537.36"
197.250.133.81 - - [26/Apr/2025:13:08:45 -0400] "GET /account/ HTTP/1.1" 200 6866 "https://finationglobal.com/account/login" "Mozilla/5.0 (Linux; Android 10; K) AppleWebKit/537.36 (KHTML, like Gecko) Chrome/134.0.0.0 Mobile Safari/537.36"
197.250.133.81 - - [26/Apr/2025:13:09:02 -0400] "POST /account/login HTTP/1.1" 302 1297 "https://finationglobal.com/account/login" "Mozilla/5.0 (Linux; Android 10; K) AppleWebKit/537.36 (KHTML, like Gecko) Chrome/134.0.0.0 Mobile Safari/537.36"
197.250.133.81 - - [26/Apr/2025:13:09:03 -0400] "GET /account/ HTTP/1.1" 200 7018 "https://finationglobal.com/account/login" "Mozilla/5.0 (Linux; Android 10; K) AppleWebKit/537.36 (KHTML, like Gecko) Chrome/134.0.0.0 Mobile Safari/537.36"
197.250.133.81 - - [26/Apr/2025:13:09:27 -0400] "POST /account/login HTTP/1.1" 302 1297 "https://finationglobal.com/account/login" "Mozilla/5.0 (Linux; Android 10; K) AppleWebKit/537.36 (KHTML, like Gecko) Chrome/134.0.0.0 Mobile Safari/537.36"
197.250.133.81 - - [26/Apr/2025:13:09:27 -0400] "GET /account/ HTTP/1.1" 200 6920 "https://finationglobal.com/account/login" "Mozilla/5.0 (Linux; Android 10; K) AppleWebKit/537.36 (KHTML, like Gecko) Chrome/134.0.0.0 Mobile Safari/537.36"
197.250.133.81 - - [26/Apr/2025:13:09:59 -0400] "GET /account/geneology HTTP/1.1" 200 4636 "https://finationglobal.com/account/" "Mozilla/5.0 (Linux; Android 10; K) AppleWebKit/537.36 (KHTML, like Gecko) Chrome/134.0.0.0 Mobile Safari/537.36"
66.249.66.66 - - [26/Apr/2025:13:10:04 -0400] "GET /?shopdetail/10601637 HTTP/1.1" 200 6422 "-" "Mozilla/5.0 (Linux; Android 6.0.1; Nexus 5X Build/MMB29P) AppleWebKit/537.36 (KHTML, like Gecko) Chrome/135.0.7049.95 Mobile Safari/537.36 (compatible; Googlebot/2.1; +http://www.google.com/bot.html)"
197.250.133.81 - - [26/Apr/2025:13:10:21 -0400] "POST /account/login HTTP/1.1" 302 1297 "https://finationglobal.com/account/login" "Mozilla/5.0 (Linux; Android 10; K) AppleWebKit/537.36 (KHTML, like Gecko) Chrome/134.0.0.0 Mobile Safari/537.36"
197.250.133.81 - - [26/Apr/2025:13:10:23 -0400] "GET /account/ HTTP/1.1" 200 7676 "https://finationglobal.com/account/login" "Mozilla/5.0 (Linux; Android 10; K) AppleWebKit/537.36 (KHTML, like Gecko) Chrome/134.0.0.0 Mobile Safari/537.36"
197.250.133.81 - - [26/Apr/2025:13:10:32 -0400] "GET /account/fundtransfer HTTP/1.1" 200 5491 "https://finationglobal.com/account/" "Mozilla/5.0 (Linux; Android 10; K) AppleWebKit/537.36 (KHTML, like Gecko) Chrome/134.0.0.0 Mobile Safari/537.36"
197.250.133.81 - - [26/Apr/2025:13:10:41 -0400] "GET /account/control.php?verify=shirry07 HTTP/1.1" 302 771 "https://finationglobal.com/account/fundtransfer" "Mozilla/5.0 (Linux; Android 10; K) AppleWebKit/537.36 (KHTML, like Gecko) Chrome/134.0.0.0 Mobile Safari/537.36"
197.250.133.81 - - [26/Apr/2025:13:10:42 -0400] "GET /account/control.php?verify=shirry07 HTTP/1.1" 302 771 "https://finationglobal.com/account/fundtransfer" "Mozilla/5.0 (Linux; Android 10; K) AppleWebKit/537.36 (KHTML, like Gecko) Chrome/134.0.0.0 Mobile Safari/537.36"
197.250.133.81 - - [26/Apr/2025:13:10:42 -0400] "GET /account/control?verify=shirry07 HTTP/1.1" 200 171 "https://finationglobal.com/account/fundtransfer" "Mozilla/5.0 (Linux; Android 10; K) AppleWebKit/537.36 (KHTML, like Gecko) Chrome/134.0.0.0 Mobile Safari/537.36"
197.250.133.81 - - [26/Apr/2025:13:10:42 -0400] "GET /account/control?verify=shirry07 HTTP/1.1" 200 171 "https://finationglobal.com/account/fundtransfer" "Mozilla/5.0 (Linux; Android 10; K) AppleWebKit/537.36 (KHTML, like Gecko) Chrome/134.0.0.0 Mobile Safari/537.36"
197.250.133.81 - - [26/Apr/2025:13:10:49 -0400] "GET /account/control.php?sendcode=shirry07&amt=3 HTTP/1.1" 302 771 "https://finationglobal.com/account/fundtransfer" "Mozilla/5.0 (Linux; Android 10; K) AppleWebKit/537.36 (KHTML, like Gecko) Chrome/134.0.0.0 Mobile Safari/537.36"
197.250.133.81 - - [26/Apr/2025:13:10:50 -0400] "GET /account/control?sendcode=shirry07&amt=3 HTTP/1.1" 200 185 "https://finationglobal.com/account/fundtransfer" "Mozilla/5.0 (Linux; Android 10; K) AppleWebKit/537.36 (KHTML, like Gecko) Chrome/134.0.0.0 Mobile Safari/537.36"
197.250.133.81 - - [26/Apr/2025:13:11:36 -0400] "POST /account/fundtransfer HTTP/1.1" 200 5651 "https://finationglobal.com/account/fundtransfer" "Mozilla/5.0 (Linux; Android 10; K) AppleWebKit/537.36 (KHTML, like Gecko) Chrome/134.0.0.0 Mobile Safari/537.36"
197.250.133.81 - - [26/Apr/2025:13:11:42 -0400] "GET /account/fundtransfer HTTP/1.1" 200 5503 "https://finationglobal.com/account/" "Mozilla/5.0 (Linux; Android 10; K) AppleWebKit/537.36 (KHTML, like Gecko) Chrome/134.0.0.0 Mobile Safari/537.36"
197.250.133.81 - - [26/Apr/2025:13:11:48 -0400] "GET /account/register HTTP/1.1" 200 1850 "https://finationglobal.com/account/login" "Mozilla/5.0 (Linux; Android 10; K) AppleWebKit/537.36 (KHTML, like Gecko) Chrome/134.0.0.0 Mobile Safari/537.36"
197.250.133.81 - - [26/Apr/2025:13:11:50 -0400] "GET /account/login HTTP/1.1" 200 1297 "https://finationglobal.com/account/register?ref=fedinanda01" "Mozilla/5.0 (Linux; Android 10; K) AppleWebKit/537.36 (KHTML, like Gecko) Chrome/134.0.0.0 Mobile Safari/537.36"
197.250.133.81 - - [26/Apr/2025:13:11:53 -0400] "POST /account/login HTTP/1.1" 302 1297 "https://finationglobal.com/account/login" "Mozilla/5.0 (Linux; Android 10; K) AppleWebKit/537.36 (KHTML, like Gecko) Chrome/134.0.0.0 Mobile Safari/537.36"
197.250.133.81 - - [26/Apr/2025:13:11:54 -0400] "GET /account/ HTTP/1.1" 200 6976 "https://finationglobal.com/account/login" "Mozilla/5.0 (Linux; Android 10; K) AppleWebKit/537.36 (KHTML, like Gecko) Chrome/134.0.0.0 Mobile Safari/537.36"
197.211.63.124 - - [26/Apr/2025:13:12:26 -0400] "POST /account/geneology?user=Maddy HTTP/1.1" 200 4973 "https://finationglobal.com/account/geneology?user=Maddy" "Mozilla/5.0 (Linux; Android 10; K) AppleWebKit/537.36 (KHTML, like Gecko) Chrome/134.0.0.0 Mobile Safari/537.36"
197.211.63.124 - - [26/Apr/2025:13:12:27 -0400] "GET /account/uploads/u2.png HTTP/1.1" 200 3003 "https://finationglobal.com/account/geneology?user=Maddy" "Mozilla/5.0 (Linux; Android 10; K) AppleWebKit/537.36 (KHTML, like Gecko) Chrome/134.0.0.0 Mobile Safari/537.36"
197.211.63.124 - - [26/Apr/2025:13:13:10 -0400] "POST /account/geneology?user=Maddy HTTP/1.1" 200 5000 "https://finationglobal.com/account/geneology?user=Maddy" "Mozilla/5.0 (Linux; Android 10; K) AppleWebKit/537.36 (KHTML, like Gecko) Chrome/134.0.0.0 Mobile Safari/537.36"
197.250.133.81 - - [26/Apr/2025:13:16:55 -0400] "GET /account/register?ref=hidaya03 HTTP/1.1" 200 1864 "-" "Mozilla/5.0 (Linux; Android 10; K) AppleWebKit/537.36 (KHTML, like Gecko) Chrome/134.0.0.0 Mobile Safari/537.36"
197.250.133.81 - - [26/Apr/2025:13:16:57 -0400] "GET /account/control.php?confirm=hidaya03 HTTP/1.1" 302 771 "https://finationglobal.com/account/register?ref=hidaya03" "Mozilla/5.0 (Linux; Android 10; K) AppleWebKit/537.36 (KHTML, like Gecko) Chrome/134.0.0.0 Mobile Safari/537.36"
197.250.133.81 - - [26/Apr/2025:13:16:59 -0400] "GET /account/control?confirm=hidaya03 HTTP/1.1" 200 32 "https://finationglobal.com/account/register?ref=hidaya03" "Mozilla/5.0 (Linux; Android 10; K) AppleWebKit/537.36 (KHTML, like Gecko) Chrome/134.0.0.0 Mobile Safari/537.36"
197.250.133.81 - - [26/Apr/2025:13:17:00 -0400] "GET /account/login HTTP/1.1" 200 1297 "https://finationglobal.com/account/register?ref=hidaya03" "Mozilla/5.0 (Linux; Android 10; K) AppleWebKit/537.36 (KHTML, like Gecko) Chrome/134.0.0.0 Mobile Safari/537.36"
197.250.133.81 - - [26/Apr/2025:13:17:07 -0400] "POST /account/login HTTP/1.1" 302 1297 "https://finationglobal.com/account/login" "Mozilla/5.0 (Linux; Android 10; K) AppleWebKit/537.36 (KHTML, like Gecko) Chrome/134.0.0.0 Mobile Safari/537.36"
197.250.133.81 - - [26/Apr/2025:13:17:09 -0400] "GET /account/ HTTP/1.1" 200 6711 "https://finationglobal.com/account/login" "Mozilla/5.0 (Linux; Android 10; K) AppleWebKit/537.36 (KHTML, like Gecko) Chrome/134.0.0.0 Mobile Safari/537.36"
197.250.133.81 - - [26/Apr/2025:13:17:54 -0400] "GET /account/referrals HTTP/1.1" 200 4360 "https://finationglobal.com/account/" "Mozilla/5.0 (Linux; Android 10; K) AppleWebKit/537.36 (KHTML, like Gecko) Chrome/134.0.0.0 Mobile Safari/537.36"
197.250.133.81 - - [26/Apr/2025:13:18:01 -0400] "GET /account/geneology HTTP/1.1" 200 4655 "https://finationglobal.com/account/referrals" "Mozilla/5.0 (Linux; Android 10; K) AppleWebKit/537.36 (KHTML, like Gecko) Chrome/134.0.0.0 Mobile Safari/537.36"
197.250.133.81 - - [26/Apr/2025:13:18:02 -0400] "GET /account/geneology HTTP/1.1" 200 4655 "https://finationglobal.com/account/referrals" "Mozilla/5.0 (Linux; Android 10; K) AppleWebKit/537.36 (KHTML, like Gecko) Chrome/134.0.0.0 Mobile Safari/537.36"
197.250.133.81 - - [26/Apr/2025:13:18:08 -0400] "GET /account/geneology?user=dude92 HTTP/1.1" 200 4633 "https://finationglobal.com/account/geneology" "Mozilla/5.0 (Linux; Android 10; K) AppleWebKit/537.36 (KHTML, like Gecko) Chrome/134.0.0.0 Mobile Safari/537.36"
197.250.133.81 - - [26/Apr/2025:13:18:37 -0400] "GET /account/geneology HTTP/1.1" 200 4657 "https://finationglobal.com/account/geneology" "Mozilla/5.0 (Linux; Android 10; K) AppleWebKit/537.36 (KHTML, like Gecko) Chrome/134.0.0.0 Mobile Safari/537.36"
197.250.133.81 - - [26/Apr/2025:13:19:00 -0400] "POST /account/login HTTP/1.1" 302 1297 "https://finationglobal.com/account/login" "Mozilla/5.0 (Linux; Android 10; K) AppleWebKit/537.36 (KHTML, like Gecko) Chrome/134.0.0.0 Mobile Safari/537.36"
197.250.133.81 - - [26/Apr/2025:13:19:00 -0400] "GET /account/ HTTP/1.1" 200 6727 "https://finationglobal.com/account/login" "Mozilla/5.0 (Linux; Android 10; K) AppleWebKit/537.36 (KHTML, like Gecko) Chrome/134.0.0.0 Mobile Safari/537.36"
197.250.133.81 - - [26/Apr/2025:13:19:27 -0400] "GET /account/geneology HTTP/1.1" 200 4605 "https://finationglobal.com/account/" "Mozilla/5.0 (Linux; Android 10; K) AppleWebKit/537.36 (KHTML, like Gecko) Chrome/134.0.0.0 Mobile Safari/537.36"
197.250.133.81 - - [26/Apr/2025:13:19:56 -0400] "POST /account/login HTTP/1.1" 302 1297 "https://finationglobal.com/account/login" "Mozilla/5.0 (Linux; Android 10; K) AppleWebKit/537.36 (KHTML, like Gecko) Chrome/134.0.0.0 Mobile Safari/537.36"
197.250.133.81 - - [26/Apr/2025:13:19:56 -0400] "GET /account/ HTTP/1.1" 200 6847 "https://finationglobal.com/account/login" "Mozilla/5.0 (Linux; Android 10; K) AppleWebKit/537.36 (KHTML, like Gecko) Chrome/134.0.0.0 Mobile Safari/537.36"
197.250.133.81 - - [26/Apr/2025:13:20:04 -0400] "GET /account/geneology HTTP/1.1" 200 4685 "https://finationglobal.com/account/" "Mozilla/5.0 (Linux; Android 10; K) AppleWebKit/537.36 (KHTML, like Gecko) Chrome/134.0.0.0 Mobile Safari/537.36"
197.250.133.81 - - [26/Apr/2025:13:20:38 -0400] "POST /account/login HTTP/1.1" 302 1297 "https://finationglobal.com/account/login" "Mozilla/5.0 (Linux; Android 10; K) AppleWebKit/537.36 (KHTML, like Gecko) Chrome/134.0.0.0 Mobile Safari/537.36"
197.250.133.81 - - [26/Apr/2025:13:20:38 -0400] "GET /account/ HTTP/1.1" 200 7018 "https://finationglobal.com/account/login" "Mozilla/5.0 (Linux; Android 10; K) AppleWebKit/537.36 (KHTML, like Gecko) Chrome/134.0.0.0 Mobile Safari/537.36"
197.250.133.81 - - [26/Apr/2025:13:20:44 -0400] "GET /account/geneology HTTP/1.1" 200 4677 "https://finationglobal.com/account/" "Mozilla/5.0 (Linux; Android 10; K) AppleWebKit/537.36 (KHTML, like Gecko) Chrome/134.0.0.0 Mobile Safari/537.36"
197.250.133.81 - - [26/Apr/2025:13:21:25 -0400] "GET /account/geneology?user=esther02 HTTP/1.1" 200 4670 "https://finationglobal.com/account/geneology" "Mozilla/5.0 (Linux; Android 10; K) AppleWebKit/537.36 (KHTML, like Gecko) Chrome/134.0.0.0 Mobile Safari/537.36"
197.250.133.81 - - [26/Apr/2025:13:23:14 -0400] "POST /account/login HTTP/1.1" 302 1297 "https://finationglobal.com/account/login" "Mozilla/5.0 (Linux; Android 10; K) AppleWebKit/537.36 (KHTML, like Gecko) Chrome/134.0.0.0 Mobile Safari/537.36"
197.250.133.81 - - [26/Apr/2025:13:23:14 -0400] "GET /account/ HTTP/1.1" 200 7702 "https://finationglobal.com/account/login" "Mozilla/5.0 (Linux; Android 10; K) AppleWebKit/537.36 (KHTML, like Gecko) Chrome/134.0.0.0 Mobile Safari/537.36"
197.250.133.81 - - [26/Apr/2025:13:23:26 -0400] "POST /account/login HTTP/1.1" 302 1297 "https://finationglobal.com/account/login" "Mozilla/5.0 (Linux; Android 10; K) AppleWebKit/537.36 (KHTML, like Gecko) Chrome/134.0.0.0 Mobile Safari/537.36"
197.250.133.81 - - [26/Apr/2025:13:23:26 -0400] "GET /account/ HTTP/1.1" 200 7212 "https://finationglobal.com/account/login" "Mozilla/5.0 (Linux; Android 10; K) AppleWebKit/537.36 (KHTML, like Gecko) Chrome/134.0.0.0 Mobile Safari/537.36"
197.250.133.81 - - [26/Apr/2025:13:23:35 -0400] "GET /account/geneology HTTP/1.1" 200 4711 "https://finationglobal.com/account/" "Mozilla/5.0 (Linux; Android 10; K) AppleWebKit/537.36 (KHTML, like Gecko) Chrome/134.0.0.0 Mobile Safari/537.36"
197.250.133.81 - - [26/Apr/2025:13:23:44 -0400] "GET /account/geneology?user=blessedman02 HTTP/1.1" 200 4711 "https://finationglobal.com/account/geneology" "Mozilla/5.0 (Linux; Android 10; K) AppleWebKit/537.36 (KHTML, like Gecko) Chrome/134.0.0.0 Mobile Safari/537.36"
197.250.133.81 - - [26/Apr/2025:13:23:48 -0400] "POST /account/geneology?user=blessedman02 HTTP/1.1" 200 4757 "https://finationglobal.com/account/geneology?user=blessedman02" "Mozilla/5.0 (Linux; Android 10; K) AppleWebKit/537.36 (KHTML, like Gecko) Chrome/134.0.0.0 Mobile Safari/537.36"
197.250.133.81 - - [26/Apr/2025:13:24:02 -0400] "GET /account/geneology?user=blessedman02 HTTP/1.1" 200 4757 "https://finationglobal.com/account/geneology" "Mozilla/5.0 (Linux; Android 10; K) AppleWebKit/537.36 (KHTML, like Gecko) Chrome/134.0.0.0 Mobile Safari/537.36"
197.250.133.81 - - [26/Apr/2025:13:24:45 -0400] "GET /account/register?ref=hidaya03 HTTP/1.1" 200 1864 "-" "Mozilla/5.0 (Linux; Android 10; K) AppleWebKit/537.36 (KHTML, like Gecko) Chrome/134.0.0.0 Mobile Safari/537.36"
197.250.133.81 - - [26/Apr/2025:13:24:46 -0400] "GET /account/control.php?confirm=hidaya03 HTTP/1.1" 302 771 "https://finationglobal.com/account/register?ref=hidaya03" "Mozilla/5.0 (Linux; Android 10; K) AppleWebKit/537.36 (KHTML, like Gecko) Chrome/134.0.0.0 Mobile Safari/537.36"
197.250.133.81 - - [26/Apr/2025:13:24:46 -0400] "GET /account/control?confirm=hidaya03 HTTP/1.1" 200 32 "https://finationglobal.com/account/register?ref=hidaya03" "Mozilla/5.0 (Linux; Android 10; K) AppleWebKit/537.36 (KHTML, like Gecko) Chrome/134.0.0.0 Mobile Safari/537.36"
66.249.66.66 - - [26/Apr/2025:13:25:52 -0400] "GET /?safe_search/config?return_url=%2Fproduct%2Fdetail%2F49149507 HTTP/1.1" 200 6424 "-" "Mozilla/5.0 (compatible; Googlebot/2.1; +http://www.google.com/bot.html)"
197.250.99.92 - - [26/Apr/2025:13:31:54 -0400] "GET /account/fundwallet HTTP/1.1" 302 501 "-" "Mozilla/5.0 (Linux; Android 10; K) AppleWebKit/537.36 (KHTML, like Gecko) Chrome/133.0.0.0 Mobile Safari/537.36"
197.250.99.92 - - [26/Apr/2025:13:31:54 -0400] "GET /account/login.php HTTP/1.1" 302 771 "-" "Mozilla/5.0 (Linux; Android 10; K) AppleWebKit/537.36 (KHTML, like Gecko) Chrome/133.0.0.0 Mobile Safari/537.36"
197.250.99.92 - - [26/Apr/2025:13:31:55 -0400] "GET /account/login HTTP/1.1" 200 1297 "-" "Mozilla/5.0 (Linux; Android 10; K) AppleWebKit/537.36 (KHTML, like Gecko) Chrome/133.0.0.0 Mobile Safari/537.36"
197.250.99.92 - - [26/Apr/2025:13:32:17 -0400] "POST /account/login HTTP/1.1" 302 1297 "https://finationglobal.com/account/login" "Mozilla/5.0 (Linux; Android 10; K) AppleWebKit/537.36 (KHTML, like Gecko) Chrome/133.0.0.0 Mobile Safari/537.36"
197.250.99.92 - - [26/Apr/2025:13:32:17 -0400] "GET /account/ HTTP/1.1" 200 8195 "https://finationglobal.com/account/login" "Mozilla/5.0 (Linux; Android 10; K) AppleWebKit/537.36 (KHTML, like Gecko) Chrome/133.0.0.0 Mobile Safari/537.36"
197.250.99.92 - - [26/Apr/2025:13:33:29 -0400] "GET /account/?logout=true HTTP/1.1" 302 8195 "https://finationglobal.com/account/" "Mozilla/5.0 (Linux; Android 10; K) AppleWebKit/537.36 (KHTML, like Gecko) Chrome/133.0.0.0 Mobile Safari/537.36"
197.250.99.92 - - [26/Apr/2025:13:33:30 -0400] "GET /account/login.php HTTP/1.1" 302 771 "https://finationglobal.com/account/" "Mozilla/5.0 (Linux; Android 10; K) AppleWebKit/537.36 (KHTML, like Gecko) Chrome/133.0.0.0 Mobile Safari/537.36"
197.250.99.92 - - [26/Apr/2025:13:33:31 -0400] "GET /account/login HTTP/1.1" 200 1297 "https://finationglobal.com/account/" "Mozilla/5.0 (Linux; Android 10; K) AppleWebKit/537.36 (KHTML, like Gecko) Chrome/133.0.0.0 Mobile Safari/537.36"
197.250.99.92 - - [26/Apr/2025:13:33:55 -0400] "POST /account/login HTTP/1.1" 302 1297 "https://finationglobal.com/account/login" "Mozilla/5.0 (Linux; Android 10; K) AppleWebKit/537.36 (KHTML, like Gecko) Chrome/133.0.0.0 Mobile Safari/537.36"
197.250.99.92 - - [26/Apr/2025:13:33:56 -0400] "GET /account/ HTTP/1.1" 200 7166 "https://finationglobal.com/account/login" "Mozilla/5.0 (Linux; Android 10; K) AppleWebKit/537.36 (KHTML, like Gecko) Chrome/133.0.0.0 Mobile Safari/537.36"
197.250.99.92 - - [26/Apr/2025:13:34:08 -0400] "GET /account/fundtransfer HTTP/1.1" 200 5221 "https://finationglobal.com/account/" "Mozilla/5.0 (Linux; Android 10; K) AppleWebKit/537.36 (KHTML, like Gecko) Chrome/133.0.0.0 Mobile Safari/537.36"
197.250.99.92 - - [26/Apr/2025:13:34:14 -0400] "GET /account/control.php?verify=Amiry01 HTTP/1.1" 302 771 "https://finationglobal.com/account/fundtransfer" "Mozilla/5.0 (Linux; Android 10; K) AppleWebKit/537.36 (KHTML, like Gecko) Chrome/133.0.0.0 Mobile Safari/537.36"
197.250.99.92 - - [26/Apr/2025:13:34:15 -0400] "GET /account/control?verify=Amiry01 HTTP/1.1" 200 168 "https://finationglobal.com/account/fundtransfer" "Mozilla/5.0 (Linux; Android 10; K) AppleWebKit/537.36 (KHTML, like Gecko) Chrome/133.0.0.0 Mobile Safari/537.36"
197.250.133.81 - - [26/Apr/2025:13:34:19 -0400] "GET /account/register?ref=hidaya03 HTTP/1.1" 200 1864 "-" "Mozilla/5.0 (Linux; Android 10; K) AppleWebKit/537.36 (KHTML, like Gecko) Chrome/134.0.0.0 Mobile Safari/537.36"
197.250.99.92 - - [26/Apr/2025:13:34:19 -0400] "GET /account/control.php?sendcode=Amiry01&amt=1 HTTP/1.1" 302 771 "https://finationglobal.com/account/fundtransfer" "Mozilla/5.0 (Linux; Android 10; K) AppleWebKit/537.36 (KHTML, like Gecko) Chrome/133.0.0.0 Mobile Safari/537.36"
197.250.99.92 - - [26/Apr/2025:13:34:19 -0400] "GET /account/control?sendcode=Amiry01&amt=1 HTTP/1.1" 200 183 "https://finationglobal.com/account/fundtransfer" "Mozilla/5.0 (Linux; Android 10; K) AppleWebKit/537.36 (KHTML, like Gecko) Chrome/133.0.0.0 Mobile Safari/537.36"
197.250.133.81 - - [26/Apr/2025:13:34:22 -0400] "GET /account/control.php?confirm=hidaya03 HTTP/1.1" 302 771 "https://finationglobal.com/account/register?ref=hidaya03" "Mozilla/5.0 (Linux; Android 10; K) AppleWebKit/537.36 (KHTML, like Gecko) Chrome/134.0.0.0 Mobile Safari/537.36"
197.250.133.81 - - [26/Apr/2025:13:34:22 -0400] "GET /account/control?confirm=hidaya03 HTTP/1.1" 200 32 "https://finationglobal.com/account/register?ref=hidaya03" "Mozilla/5.0 (Linux; Android 10; K) AppleWebKit/537.36 (KHTML, like Gecko) Chrome/134.0.0.0 Mobile Safari/537.36"
197.250.133.81 - - [26/Apr/2025:13:34:28 -0400] "GET /account/login HTTP/1.1" 200 1297 "https://finationglobal.com/account/register?ref=hidaya03" "Mozilla/5.0 (Linux; Android 10; K) AppleWebKit/537.36 (KHTML, like Gecko) Chrome/134.0.0.0 Mobile Safari/537.36"
197.250.133.81 - - [26/Apr/2025:13:34:34 -0400] "POST /account/login HTTP/1.1" 302 1297 "https://finationglobal.com/account/login" "Mozilla/5.0 (Linux; Android 10; K) AppleWebKit/537.36 (KHTML, like Gecko) Chrome/134.0.0.0 Mobile Safari/537.36"
197.250.133.81 - - [26/Apr/2025:13:34:36 -0400] "GET /account/ HTTP/1.1" 200 6976 "https://finationglobal.com/account/login" "Mozilla/5.0 (Linux; Android 10; K) AppleWebKit/537.36 (KHTML, like Gecko) Chrome/134.0.0.0 Mobile Safari/537.36"
197.250.99.92 - - [26/Apr/2025:13:34:57 -0400] "POST /account/fundtransfer HTTP/1.1" 200 5366 "https://finationglobal.com/account/fundtransfer" "Mozilla/5.0 (Linux; Android 10; K) AppleWebKit/537.36 (KHTML, like Gecko) Chrome/133.0.0.0 Mobile Safari/537.36"
197.250.133.81 - - [26/Apr/2025:13:36:16 -0400] "GET /account/?logout=true HTTP/1.1" 302 6976 "https://finationglobal.com/account/" "Mozilla/5.0 (Linux; Android 10; K) AppleWebKit/537.36 (KHTML, like Gecko) Chrome/134.0.0.0 Mobile Safari/537.36"
197.250.133.81 - - [26/Apr/2025:13:36:18 -0400] "GET /account/login.php HTTP/1.1" 302 771 "https://finationglobal.com/account/" "Mozilla/5.0 (Linux; Android 10; K) AppleWebKit/537.36 (KHTML, like Gecko) Chrome/134.0.0.0 Mobile Safari/537.36"
197.250.133.81 - - [26/Apr/2025:13:36:21 -0400] "GET /account/?logout=true HTTP/1.1" 302 508 "https://finationglobal.com/account/" "Mozilla/5.0 (Linux; Android 10; K) AppleWebKit/537.36 (KHTML, like Gecko) Chrome/134.0.0.0 Mobile Safari/537.36"
197.250.133.81 - - [26/Apr/2025:13:36:21 -0400] "GET /account/?logout=true HTTP/1.1" 302 508 "https://finationglobal.com/account/" "Mozilla/5.0 (Linux; Android 10; K) AppleWebKit/537.36 (KHTML, like Gecko) Chrome/134.0.0.0 Mobile Safari/537.36"
197.250.133.81 - - [26/Apr/2025:13:36:22 -0400] "GET /account/login.php HTTP/1.1" 302 771 "https://finationglobal.com/account/" "Mozilla/5.0 (Linux; Android 10; K) AppleWebKit/537.36 (KHTML, like Gecko) Chrome/134.0.0.0 Mobile Safari/537.36"
197.250.133.81 - - [26/Apr/2025:13:36:22 -0400] "GET /account/login HTTP/1.1" 200 1297 "https://finationglobal.com/account/" "Mozilla/5.0 (Linux; Android 10; K) AppleWebKit/537.36 (KHTML, like Gecko) Chrome/134.0.0.0 Mobile Safari/537.36"
197.250.133.81 - - [26/Apr/2025:13:36:22 -0400] "GET /account/?logout=true HTTP/1.1" 302 508 "https://finationglobal.com/account/" "Mozilla/5.0 (Linux; Android 10; K) AppleWebKit/537.36 (KHTML, like Gecko) Chrome/134.0.0.0 Mobile Safari/537.36"
197.250.133.81 - - [26/Apr/2025:13:36:23 -0400] "GET /account/login.php HTTP/1.1" 302 771 "https://finationglobal.com/account/" "Mozilla/5.0 (Linux; Android 10; K) AppleWebKit/537.36 (KHTML, like Gecko) Chrome/134.0.0.0 Mobile Safari/537.36"
197.250.133.81 - - [26/Apr/2025:13:36:23 -0400] "GET /account/login HTTP/1.1" 200 1297 "https://finationglobal.com/account/" "Mozilla/5.0 (Linux; Android 10; K) AppleWebKit/537.36 (KHTML, like Gecko) Chrome/134.0.0.0 Mobile Safari/537.36"
197.250.133.81 - - [26/Apr/2025:13:36:31 -0400] "POST /account/login HTTP/1.1" 302 1297 "https://finationglobal.com/account/login" "Mozilla/5.0 (Linux; Android 10; K) AppleWebKit/537.36 (KHTML, like Gecko) Chrome/134.0.0.0 Mobile Safari/537.36"
197.250.133.81 - - [26/Apr/2025:13:36:32 -0400] "GET /account/ HTTP/1.1" 200 7306 "https://finationglobal.com/account/login" "Mozilla/5.0 (Linux; Android 10; K) AppleWebKit/537.36 (KHTML, like Gecko) Chrome/134.0.0.0 Mobile Safari/537.36"
197.250.133.81 - - [26/Apr/2025:13:36:55 -0400] "GET /account/?logout=true HTTP/1.1" 302 7307 "https://finationglobal.com/account/" "Mozilla/5.0 (Linux; Android 10; K) AppleWebKit/537.36 (KHTML, like Gecko) Chrome/134.0.0.0 Mobile Safari/537.36"
197.250.133.81 - - [26/Apr/2025:13:36:56 -0400] "GET /account/login.php HTTP/1.1" 302 771 "https://finationglobal.com/account/" "Mozilla/5.0 (Linux; Android 10; K) AppleWebKit/537.36 (KHTML, like Gecko) Chrome/134.0.0.0 Mobile Safari/537.36"
197.250.133.81 - - [26/Apr/2025:13:36:57 -0400] "GET /account/login HTTP/1.1" 200 1297 "https://finationglobal.com/account/" "Mozilla/5.0 (Linux; Android 10; K) AppleWebKit/537.36 (KHTML, like Gecko) Chrome/134.0.0.0 Mobile Safari/537.36"
197.250.133.81 - - [26/Apr/2025:13:37:00 -0400] "POST /account/login HTTP/1.1" 302 1297 "https://finationglobal.com/account/login" "Mozilla/5.0 (Linux; Android 10; K) AppleWebKit/537.36 (KHTML, like Gecko) Chrome/134.0.0.0 Mobile Safari/537.36"
197.250.133.81 - - [26/Apr/2025:13:37:00 -0400] "GET /account/ HTTP/1.1" 200 6976 "https://finationglobal.com/account/login" "Mozilla/5.0 (Linux; Android 10; K) AppleWebKit/537.36 (KHTML, like Gecko) Chrome/134.0.0.0 Mobile Safari/537.36"
54.176.100.119 - - [26/Apr/2025:13:37:09 -0400] "GET / HTTP/1.1" 200 7826 "-" "Mozilla/5.0 (X11; Linux x86_64) AppleWebKit/537.36 (KHTML, like Gecko) Chrome/51.0.2704.103 Safari/537.36"
197.250.133.81 - - [26/Apr/2025:13:37:11 -0400] "GET /account/geneology HTTP/1.1" 200 4850 "https://finationglobal.com/account/" "Mozilla/5.0 (Linux; Android 10; K) AppleWebKit/537.36 (KHTML, like Gecko) Chrome/134.0.0.0 Mobile Safari/537.36"
197.186.60.113 - - [26/Apr/2025:13:37:14 -0400] "GET /account/ HTTP/1.1" 302 508 "https://finationglobal.com/account/login" "Mozilla/5.0 (Linux; Android 10; K) AppleWebKit/537.36 (KHTML, like Gecko) Chrome/114.0.0.0 Mobile Safari/537.36"
197.186.60.113 - - [26/Apr/2025:13:37:14 -0400] "GET /account/login.php HTTP/1.1" 302 771 "https://finationglobal.com/account/login" "Mozilla/5.0 (Linux; Android 10; K) AppleWebKit/537.36 (KHTML, like Gecko) Chrome/114.0.0.0 Mobile Safari/537.36"
197.186.60.113 - - [26/Apr/2025:13:37:15 -0400] "GET /account/login HTTP/1.1" 200 1297 "https://finationglobal.com/account/login" "Mozilla/5.0 (Linux; Android 10; K) AppleWebKit/537.36 (KHTML, like Gecko) Chrome/114.0.0.0 Mobile Safari/537.36"
197.250.133.81 - - [26/Apr/2025:13:37:23 -0400] "GET /account/fundtransfer HTTP/1.1" 200 5231 "https://finationglobal.com/account/geneology" "Mozilla/5.0 (Linux; Android 10; K) AppleWebKit/537.36 (KHTML, like Gecko) Chrome/134.0.0.0 Mobile Safari/537.36"
197.250.133.81 - - [26/Apr/2025:13:37:27 -0400] "GET /account/control.php?verify=blessedman01 HTTP/1.1" 302 771 "https://finationglobal.com/account/fundtransfer" "Mozilla/5.0 (Linux; Android 10; K) AppleWebKit/537.36 (KHTML, like Gecko) Chrome/134.0.0.0 Mobile Safari/537.36"
197.250.133.81 - - [26/Apr/2025:13:37:28 -0400] "GET /account/control?verify=blessedman01 HTTP/1.1" 200 178 "https://finationglobal.com/account/fundtransfer" "Mozilla/5.0 (Linux; Android 10; K) AppleWebKit/537.36 (KHTML, like Gecko) Chrome/134.0.0.0 Mobile Safari/537.36"
197.250.133.81 - - [26/Apr/2025:13:37:43 -0400] "GET /account/control.php?sendcode=blessedman01&amt=4 HTTP/1.1" 302 771 "https://finationglobal.com/account/fundtransfer" "Mozilla/5.0 (Linux; Android 10; K) AppleWebKit/537.36 (KHTML, like Gecko) Chrome/134.0.0.0 Mobile Safari/537.36"
197.250.133.81 - - [26/Apr/2025:13:37:43 -0400] "GET /account/control?sendcode=blessedman01&amt=4 HTTP/1.1" 200 197 "https://finationglobal.com/account/fundtransfer" "Mozilla/5.0 (Linux; Android 10; K) AppleWebKit/537.36 (KHTML, like Gecko) Chrome/134.0.0.0 Mobile Safari/537.36"
66.249.66.68 - - [26/Apr/2025:13:38:01 -0400] "GET /?shopdetail/24090048 HTTP/1.1" 200 6422 "-" "Mozilla/5.0 (Linux; Android 6.0.1; Nexus 5X Build/MMB29P) AppleWebKit/537.36 (KHTML, like Gecko) Chrome/135.0.7049.95 Mobile Safari/537.36 (compatible; Googlebot/2.1; +http://www.google.com/bot.html)"
197.250.133.81 - - [26/Apr/2025:13:39:25 -0400] "POST /account/fundtransfer HTTP/1.1" 200 5413 "https://finationglobal.com/account/fundtransfer" "Mozilla/5.0 (Linux; Android 10; K) AppleWebKit/537.36 (KHTML, like Gecko) Chrome/134.0.0.0 Mobile Safari/537.36"
197.250.133.81 - - [26/Apr/2025:13:39:28 -0400] "GET /account/fundtransfer HTTP/1.1" 200 5254 "https://finationglobal.com/account/geneology" "Mozilla/5.0 (Linux; Android 10; K) AppleWebKit/537.36 (KHTML, like Gecko) Chrome/134.0.0.0 Mobile Safari/537.36"
66.249.66.68 - - [26/Apr/2025:13:40:11 -0400] "GET /?shopdetail/9160437 HTTP/1.1" 200 6424 "-" "Mozilla/5.0 (compatible; Googlebot/2.1; +http://www.google.com/bot.html)"
197.250.133.81 - - [26/Apr/2025:13:40:24 -0400] "GET /account/ HTTP/1.1" 200 7001 "https://finationglobal.com/account/login" "Mozilla/5.0 (Linux; Android 10; K) AppleWebKit/537.36 (KHTML, like Gecko) Chrome/134.0.0.0 Mobile Safari/537.36"
197.250.133.81 - - [26/Apr/2025:13:41:41 -0400] "GET /account/register?ref=shirry07 HTTP/1.1" 200 1864 "-" "Mozilla/5.0 (Linux; Android 10; K) AppleWebKit/537.36 (KHTML, like Gecko) Chrome/134.0.0.0 Mobile Safari/537.36"
197.250.133.81 - - [26/Apr/2025:13:41:42 -0400] "GET /account/control.php?confirm=shirry07 HTTP/1.1" 302 771 "https://finationglobal.com/account/register?ref=shirry07" "Mozilla/5.0 (Linux; Android 10; K) AppleWebKit/537.36 (KHTML, like Gecko) Chrome/134.0.0.0 Mobile Safari/537.36"
197.250.133.81 - - [26/Apr/2025:13:41:44 -0400] "GET /account/control?confirm=shirry07 HTTP/1.1" 200 34 "https://finationglobal.com/account/register?ref=shirry07" "Mozilla/5.0 (Linux; Android 10; K) AppleWebKit/537.36 (KHTML, like Gecko) Chrome/134.0.0.0 Mobile Safari/537.36"
197.250.133.81 - - [26/Apr/2025:13:41:48 -0400] "GET /account/login HTTP/1.1" 200 1297 "https://finationglobal.com/account/register?ref=shirry07" "Mozilla/5.0 (Linux; Android 10; K) AppleWebKit/537.36 (KHTML, like Gecko) Chrome/134.0.0.0 Mobile Safari/537.36"
197.250.133.81 - - [26/Apr/2025:13:41:52 -0400] "POST /account/login HTTP/1.1" 302 1297 "https://finationglobal.com/account/login" "Mozilla/5.0 (Linux; Android 10; K) AppleWebKit/537.36 (KHTML, like Gecko) Chrome/134.0.0.0 Mobile Safari/537.36"
197.250.133.81 - - [26/Apr/2025:13:41:52 -0400] "GET /account/ HTTP/1.1" 200 7336 "https://finationglobal.com/account/login" "Mozilla/5.0 (Linux; Android 10; K) AppleWebKit/537.36 (KHTML, like Gecko) Chrome/134.0.0.0 Mobile Safari/537.36"
185.221.132.248 - - [26/Apr/2025:13:42:12 -0400] "POST /images/login HTTP/1.1" 200 29 "https://finationglobal.com" "Mozilla/5.0 (Windows NT 6.1; WOW64) AppleWebKit/537.36 (KHTML, like Gecko) Chrome/66.0.2415.143 Safari/537.36"
197.250.133.81 - - [26/Apr/2025:13:42:32 -0400] "POST /account/login HTTP/1.1" 302 1297 "https://finationglobal.com/account/login" "Mozilla/5.0 (Linux; Android 10; K) AppleWebKit/537.36 (KHTML, like Gecko) Chrome/134.0.0.0 Mobile Safari/537.36"
197.250.133.81 - - [26/Apr/2025:13:42:33 -0400] "GET /account/ HTTP/1.1" 200 7166 "https://finationglobal.com/account/login" "Mozilla/5.0 (Linux; Android 10; K) AppleWebKit/537.36 (KHTML, like Gecko) Chrome/134.0.0.0 Mobile Safari/537.36"
197.250.133.81 - - [26/Apr/2025:13:43:25 -0400] "POST /account/login HTTP/1.1" 302 1297 "https://finationglobal.com/account/login" "Mozilla/5.0 (Linux; Android 10; K) AppleWebKit/537.36 (KHTML, like Gecko) Chrome/134.0.0.0 Mobile Safari/537.36"
197.250.133.81 - - [26/Apr/2025:13:43:25 -0400] "GET /account/ HTTP/1.1" 200 7018 "https://finationglobal.com/account/login" "Mozilla/5.0 (Linux; Android 10; K) AppleWebKit/537.36 (KHTML, like Gecko) Chrome/134.0.0.0 Mobile Safari/537.36"
197.250.133.81 - - [26/Apr/2025:13:43:52 -0400] "GET /account/register?ref=hidaya03 HTTP/1.1" 200 1864 "-" "Mozilla/5.0 (Linux; Android 10; K) AppleWebKit/537.36 (KHTML, like Gecko) Chrome/134.0.0.0 Mobile Safari/537.36"
197.250.133.81 - - [26/Apr/2025:13:43:53 -0400] "GET /account/control.php?confirm=hidaya03 HTTP/1.1" 302 771 "https://finationglobal.com/account/register?ref=hidaya03" "Mozilla/5.0 (Linux; Android 10; K) AppleWebKit/537.36 (KHTML, like Gecko) Chrome/134.0.0.0 Mobile Safari/537.36"
197.250.133.81 - - [26/Apr/2025:13:43:53 -0400] "GET /account/control?confirm=hidaya03 HTTP/1.1" 200 32 "https://finationglobal.com/account/register?ref=hidaya03" "Mozilla/5.0 (Linux; Android 10; K) AppleWebKit/537.36 (KHTML, like Gecko) Chrome/134.0.0.0 Mobile Safari/537.36"
102.89.47.226 - - [26/Apr/2025:13:46:29 -0400] "GET /account/courses?index=c51ce410c124a10e0db5e4b97fc2af39glc13 HTTP/1.1" 302 841 "https://finationglobal.com/account/courses?index=6512bd43d9caa6e02c990b0a82652dcaglc11" "Mozilla/5.0 (Linux; Android 10; K) AppleWebKit/537.36 (KHTML, like Gecko) Chrome/135.0.0.0 Mobile Safari/537.36"
102.89.47.226 - - [26/Apr/2025:13:46:30 -0400] "GET /account/login.php HTTP/1.1" 302 771 "https://finationglobal.com/account/courses?index=6512bd43d9caa6e02c990b0a82652dcaglc11" "Mozilla/5.0 (Linux; Android 10; K) AppleWebKit/537.36 (KHTML, like Gecko) Chrome/135.0.0.0 Mobile Safari/537.36"
102.89.47.226 - - [26/Apr/2025:13:46:30 -0400] "GET /account/login HTTP/1.1" 200 1297 "https://finationglobal.com/account/courses?index=6512bd43d9caa6e02c990b0a82652dcaglc11" "Mozilla/5.0 (Linux; Android 10; K) AppleWebKit/537.36 (KHTML, like Gecko) Chrome/135.0.0.0 Mobile Safari/537.36"
4.227.36.7 - - [26/Apr/2025:13:48:02 -0400] "GET /robots.txt HTTP/1.1" 404 1251 "-" "Mozilla/5.0 AppleWebKit/537.36 (KHTML, like Gecko; compatible; GPTBot/1.2; +https://openai.com/gptbot)"
20.171.207.219 - - [26/Apr/2025:13:48:21 -0400] "GET / HTTP/1.1" 200 6424 "-" "Mozilla/5.0 AppleWebKit/537.36 (KHTML, like Gecko; compatible; GPTBot/1.2; +https://openai.com/gptbot)"
20.171.207.219 - - [26/Apr/2025:13:48:23 -0400] "GET /service-ui-ux-design.html HTTP/1.1" 404 1251 "-" "Mozilla/5.0 AppleWebKit/537.36 (KHTML, like Gecko; compatible; GPTBot/1.2; +https://openai.com/gptbot)"
20.171.207.219 - - [26/Apr/2025:13:48:26 -0400] "GET /js/tilt.jquery.min.js HTTP/1.1" 200 4685 "-" "Mozilla/5.0 AppleWebKit/537.36 (KHTML, like Gecko; compatible; GPTBot/1.2; +https://openai.com/gptbot)"
197.250.133.81 - - [26/Apr/2025:13:50:25 -0400] "POST /account/register?ref=hidaya03 HTTP/1.1" 302 2042 "https://finationglobal.com/account/register?ref=hidaya03" "Mozilla/5.0 (Linux; Android 10; K) AppleWebKit/537.36 (KHTML, like Gecko) Chrome/134.0.0.0 Mobile Safari/537.36"
197.250.133.81 - - [26/Apr/2025:13:50:26 -0400] "GET /account/ HTTP/1.1" 302 508 "https://finationglobal.com/account/register?ref=hidaya03" "Mozilla/5.0 (Linux; Android 10; K) AppleWebKit/537.36 (KHTML, like Gecko) Chrome/134.0.0.0 Mobile Safari/537.36"
197.250.133.81 - - [26/Apr/2025:13:50:27 -0400] "GET /account/index HTTP/1.1" 200 6379 "https://finationglobal.com/account/register?ref=hidaya03" "Mozilla/5.0 (Linux; Android 10; K) AppleWebKit/537.36 (KHTML, like Gecko) Chrome/134.0.0.0 Mobile Safari/537.36"
197.250.103.71 - - [26/Apr/2025:13:50:28 -0400] "GET /account/fundtransfer HTTP/1.1" 200 5220 "https://finationglobal.com/account/fundtransfer" "Mozilla/5.0 (Linux; Android 10; K) AppleWebKit/537.36 (KHTML, like Gecko) Chrome/133.0.0.0 Mobile Safari/537.36"
197.250.103.71 - - [26/Apr/2025:13:50:37 -0400] "GET /account/ HTTP/1.1" 200 7166 "https://finationglobal.com/account/fundtransfer" "Mozilla/5.0 (Linux; Android 10; K) AppleWebKit/537.36 (KHTML, like Gecko) Chrome/133.0.0.0 Mobile Safari/537.36"
197.250.133.81 - - [26/Apr/2025:13:50:40 -0400] "GET /account/register?ref=hidaya03 HTTP/1.1" 200 1864 "-" "Mozilla/5.0 (Linux; Android 10; K) AppleWebKit/537.36 (KHTML, like Gecko) Chrome/134.0.0.0 Mobile Safari/537.36"
197.250.133.81 - - [26/Apr/2025:13:50:41 -0400] "GET /account/control.php?confirm=hidaya03 HTTP/1.1" 302 771 "https://finationglobal.com/account/register?ref=hidaya03" "Mozilla/5.0 (Linux; Android 10; K) AppleWebKit/537.36 (KHTML, like Gecko) Chrome/134.0.0.0 Mobile Safari/537.36"
197.250.133.81 - - [26/Apr/2025:13:50:41 -0400] "GET /account/control?confirm=hidaya03 HTTP/1.1" 200 32 "https://finationglobal.com/account/register?ref=hidaya03" "Mozilla/5.0 (Linux; Android 10; K) AppleWebKit/537.36 (KHTML, like Gecko) Chrome/134.0.0.0 Mobile Safari/537.36"
197.250.103.71 - - [26/Apr/2025:13:50:45 -0400] "GET /account/?logout=true HTTP/1.1" 302 7166 "https://finationglobal.com/account/" "Mozilla/5.0 (Linux; Android 10; K) AppleWebKit/537.36 (KHTML, like Gecko) Chrome/133.0.0.0 Mobile Safari/537.36"
197.250.103.71 - - [26/Apr/2025:13:50:48 -0400] "GET /account/login.php HTTP/1.1" 302 771 "https://finationglobal.com/account/" "Mozilla/5.0 (Linux; Android 10; K) AppleWebKit/537.36 (KHTML, like Gecko) Chrome/133.0.0.0 Mobile Safari/537.36"
197.250.103.71 - - [26/Apr/2025:13:50:48 -0400] "GET /account/login HTTP/1.1" 200 1297 "https://finationglobal.com/account/" "Mozilla/5.0 (Linux; Android 10; K) AppleWebKit/537.36 (KHTML, like Gecko) Chrome/133.0.0.0 Mobile Safari/537.36"
197.250.133.81 - - [26/Apr/2025:13:50:49 -0400] "GET /account/ HTTP/1.1" 302 508 "https://finationglobal.com/account/login" "Mozilla/5.0 (Linux; Android 10; K) AppleWebKit/537.36 (KHTML, like Gecko) Chrome/134.0.0.0 Mobile Safari/537.36"
197.250.133.81 - - [26/Apr/2025:13:50:51 -0400] "GET /account/index HTTP/1.1" 200 6379 "https://finationglobal.com/account/login" "Mozilla/5.0 (Linux; Android 10; K) AppleWebKit/537.36 (KHTML, like Gecko) Chrome/134.0.0.0 Mobile Safari/537.36"
197.250.103.71 - - [26/Apr/2025:13:51:05 -0400] "POST /account/login HTTP/1.1" 302 1297 "https://finationglobal.com/account/login" "Mozilla/5.0 (Linux; Android 10; K) AppleWebKit/537.36 (KHTML, like Gecko) Chrome/133.0.0.0 Mobile Safari/537.36"
197.250.103.71 - - [26/Apr/2025:13:51:06 -0400] "GET /account/ HTTP/1.1" 200 8195 "https://finationglobal.com/account/login" "Mozilla/5.0 (Linux; Android 10; K) AppleWebKit/537.36 (KHTML, like Gecko) Chrome/133.0.0.0 Mobile Safari/537.36"
197.250.103.71 - - [26/Apr/2025:13:51:15 -0400] "GET /account/?logout=true HTTP/1.1" 302 8195 "https://finationglobal.com/account/" "Mozilla/5.0 (Linux; Android 10; K) AppleWebKit/537.36 (KHTML, like Gecko) Chrome/133.0.0.0 Mobile Safari/537.36"
197.250.103.71 - - [26/Apr/2025:13:51:16 -0400] "GET /account/login.php HTTP/1.1" 302 771 "https://finationglobal.com/account/" "Mozilla/5.0 (Linux; Android 10; K) AppleWebKit/537.36 (KHTML, like Gecko) Chrome/133.0.0.0 Mobile Safari/537.36"
