169.239.3.250 - - [26/Apr/2025:10:03:20 -0400] "GET /assets/js/jquery.min.js HTTP/1.1" 200 33270 "https://finationglobal.com/account/register?ref=Maryhilda1" "Mozilla/5.0 (X11; Linux x86_64) AppleWebKit/537.36 (KHTML, like Gecko) SamsungBrowser/27.0 Chrome/125.0.0.0 Safari/537.36"
169.239.3.250 - - [26/Apr/2025:10:03:20 -0400] "GET /assets/plugins/bootstrap/js/bootstrap.min.js HTTP/1.1" 200 18884 "https://finationglobal.com/account/register?ref=Maryhilda1" "Mozilla/5.0 (X11; Linux x86_64) AppleWebKit/537.36 (KHTML, like Gecko) SamsungBrowser/27.0 Chrome/125.0.0.0 Safari/537.36"
169.239.3.250 - - [26/Apr/2025:10:03:20 -0400] "GET /assets/js/circle-progress.min.js HTTP/1.1" 200 4965 "https://finationglobal.com/account/register?ref=Maryhilda1" "Mozilla/5.0 (X11; Linux x86_64) AppleWebKit/537.36 (KHTML, like Gecko) SamsungBrowser/27.0 Chrome/125.0.0.0 Safari/537.36"
169.239.3.250 - - [26/Apr/2025:10:03:20 -0400] "GET /assets/plugins/p-scroll/perfect-scrollbar.js HTTP/1.1" 200 10585 "https://finationglobal.com/account/register?ref=Maryhilda1" "Mozilla/5.0 (X11; Linux x86_64) AppleWebKit/537.36 (KHTML, like Gecko) SamsungBrowser/27.0 Chrome/125.0.0.0 Safari/537.36"
169.239.3.250 - - [26/Apr/2025:10:03:20 -0400] "GET /assets/plugins/bootstrap/js/popper.min.js HTTP/1.1" 200 10266 "https://finationglobal.com/account/register?ref=Maryhilda1" "Mozilla/5.0 (X11; Linux x86_64) AppleWebKit/537.36 (KHTML, like Gecko) SamsungBrowser/27.0 Chrome/125.0.0.0 Safari/537.36"
169.239.3.250 - - [26/Apr/2025:10:03:20 -0400] "GET /assets/plugins/input-mask/jquery.mask.min.js HTTP/1.1" 200 6191 "https://finationglobal.com/account/register?ref=Maryhilda1" "Mozilla/5.0 (X11; Linux x86_64) AppleWebKit/537.36 (KHTML, like Gecko) SamsungBrowser/27.0 Chrome/125.0.0.0 Safari/537.36"
169.239.3.250 - - [26/Apr/2025:10:03:20 -0400] "GET /assets/js/swither-styles.js HTTP/1.1" 200 7609 "https://finationglobal.com/account/register?ref=Maryhilda1" "Mozilla/5.0 (X11; Linux x86_64) AppleWebKit/537.36 (KHTML, like Gecko) SamsungBrowser/27.0 Chrome/125.0.0.0 Safari/537.36"
169.239.3.250 - - [26/Apr/2025:10:03:20 -0400] "GET /assets/js/themeColors.js HTTP/1.1" 200 5058 "https://finationglobal.com/account/register?ref=Maryhilda1" "Mozilla/5.0 (X11; Linux x86_64) AppleWebKit/537.36 (KHTML, like Gecko) SamsungBrowser/27.0 Chrome/125.0.0.0 Safari/537.36"
169.239.3.250 - - [26/Apr/2025:10:03:20 -0400] "GET /assets/js/custom.js HTTP/1.1" 200 5093 "https://finationglobal.com/account/register?ref=Maryhilda1" "Mozilla/5.0 (X11; Linux x86_64) AppleWebKit/537.36 (KHTML, like Gecko) SamsungBrowser/27.0 Chrome/125.0.0.0 Safari/537.36"
169.239.3.250 - - [26/Apr/2025:10:03:20 -0400] "GET /assets/iconfonts/bootstrapicons/bootstrap-icons.css HTTP/1.1" 200 8194 "https://finationglobal.com/assets/css/icons.css" "Mozilla/5.0 (X11; Linux x86_64) AppleWebKit/537.36 (KHTML, like Gecko) SamsungBrowser/27.0 Chrome/125.0.0.0 Safari/537.36"
169.239.3.250 - - [26/Apr/2025:10:03:20 -0400] "GET /assets/iconfonts/linearicons/Linearicons.css HTTP/1.1" 200 1507 "https://finationglobal.com/assets/css/icons.css" "Mozilla/5.0 (X11; Linux x86_64) AppleWebKit/537.36 (KHTML, like Gecko) SamsungBrowser/27.0 Chrome/125.0.0.0 Safari/537.36"
169.239.3.250 - - [26/Apr/2025:10:03:20 -0400] "GET /assets/iconfonts/glyphicons/glyphicon.css HTTP/1.1" 200 2217 "https://finationglobal.com/assets/css/icons.css" "Mozilla/5.0 (X11; Linux x86_64) AppleWebKit/537.36 (KHTML, like Gecko) SamsungBrowser/27.0 Chrome/125.0.0.0 Safari/537.36"
169.239.3.250 - - [26/Apr/2025:10:03:20 -0400] "GET /assets/iconfonts/pe-icon-7-stroke/Pe-icon-7.css HTTP/1.1" 200 1681 "https://finationglobal.com/assets/css/icons.css" "Mozilla/5.0 (X11; Linux x86_64) AppleWebKit/537.36 (KHTML, like Gecko) SamsungBrowser/27.0 Chrome/125.0.0.0 Safari/537.36"
169.239.3.250 - - [26/Apr/2025:10:03:20 -0400] "GET /assets/iconfonts/font-awesome/css/font-awesome.min.css HTTP/1.1" 200 6666 "https://finationglobal.com/assets/css/icons.css" "Mozilla/5.0 (X11; Linux x86_64) AppleWebKit/537.36 (KHTML, like Gecko) SamsungBrowser/27.0 Chrome/125.0.0.0 Safari/537.36"
169.239.3.250 - - [26/Apr/2025:10:03:20 -0400] "GET /assets/iconfonts/themify/themify.css HTTP/1.1" 200 2728 "https://finationglobal.com/assets/css/icons.css" "Mozilla/5.0 (X11; Linux x86_64) AppleWebKit/537.36 (KHTML, like Gecko) SamsungBrowser/27.0 Chrome/125.0.0.0 Safari/537.36"
169.239.3.250 - - [26/Apr/2025:10:03:20 -0400] "GET /assets/iconfonts/weathericons/weathericons.css HTTP/1.1" 200 3459 "https://finationglobal.com/assets/css/icons.css" "Mozilla/5.0 (X11; Linux x86_64) AppleWebKit/537.36 (KHTML, like Gecko) SamsungBrowser/27.0 Chrome/125.0.0.0 Safari/537.36"
169.239.3.250 - - [26/Apr/2025:10:03:20 -0400] "GET /assets/iconfonts/materialdesignicons/materialdesignicons.css HTTP/1.1" 200 22418 "https://finationglobal.com/assets/css/icons.css" "Mozilla/5.0 (X11; Linux x86_64) AppleWebKit/537.36 (KHTML, like Gecko) SamsungBrowser/27.0 Chrome/125.0.0.0 Safari/537.36"
169.239.3.250 - - [26/Apr/2025:10:03:20 -0400] "GET /assets/iconfonts/ionicons/ionicons.css HTTP/1.1" 200 6409 "https://finationglobal.com/assets/css/icons.css" "Mozilla/5.0 (X11; Linux x86_64) AppleWebKit/537.36 (KHTML, like Gecko) SamsungBrowser/27.0 Chrome/125.0.0.0 Safari/537.36"
169.239.3.250 - - [26/Apr/2025:10:03:20 -0400] "GET /assets/iconfonts/simple-line-icons/simple-line-icons.css HTTP/1.1" 200 3107 "https://finationglobal.com/assets/css/icons.css" "Mozilla/5.0 (X11; Linux x86_64) AppleWebKit/537.36 (KHTML, like Gecko) SamsungBrowser/27.0 Chrome/125.0.0.0 Safari/537.36"
169.239.3.250 - - [26/Apr/2025:10:03:20 -0400] "GET /assets/iconfonts/typicons/typicons.css HTTP/1.1" 200 3263 "https://finationglobal.com/assets/css/icons.css" "Mozilla/5.0 (X11; Linux x86_64) AppleWebKit/537.36 (KHTML, like Gecko) SamsungBrowser/27.0 Chrome/125.0.0.0 Safari/537.36"
169.239.3.250 - - [26/Apr/2025:10:03:20 -0400] "GET /assets/plugins/iconfonts/remixicon/remixicon.css HTTP/1.1" 200 12884 "https://finationglobal.com/assets/css/icons.css" "Mozilla/5.0 (X11; Linux x86_64) AppleWebKit/537.36 (KHTML, like Gecko) SamsungBrowser/27.0 Chrome/125.0.0.0 Safari/537.36"
169.239.3.250 - - [26/Apr/2025:10:03:20 -0400] "GET /assets/iconfonts/feather/feather.css HTTP/1.1" 200 1999 "https://finationglobal.com/assets/css/icons.css" "Mozilla/5.0 (X11; Linux x86_64) AppleWebKit/537.36 (KHTML, like Gecko) SamsungBrowser/27.0 Chrome/125.0.0.0 Safari/537.36"
169.239.3.250 - - [26/Apr/2025:10:03:22 -0400] "GET /assets/iconfonts/materialdesignicons/fonts/materialdesignicons-webfont.woff2?v=2.0.46 HTTP/1.1" 200 109248 "https://finationglobal.com/assets/iconfonts/materialdesignicons/materialdesignicons.css" "Mozilla/5.0 (X11; Linux x86_64) AppleWebKit/537.36 (KHTML, like Gecko) SamsungBrowser/27.0 Chrome/125.0.0.0 Safari/537.36"
169.239.3.250 - - [26/Apr/2025:10:03:22 -0400] "GET /assets/iconfonts/materialdesignicons/fonts/Material-Design-Iconic-Font.woff2?v=2.2.0 HTTP/1.1" 200 38384 "https://finationglobal.com/assets/iconfonts/materialdesignicons/materialdesignicons.css" "Mozilla/5.0 (X11; Linux x86_64) AppleWebKit/537.36 (KHTML, like Gecko) SamsungBrowser/27.0 Chrome/125.0.0.0 Safari/537.36"
169.239.3.250 - - [26/Apr/2025:10:03:22 -0400] "GET /assets/iconfonts/font-awesome/fonts/fontawesome-webfont.woff2?v=4.7.0 HTTP/1.1" 200 77160 "https://finationglobal.com/assets/iconfonts/font-awesome/css/font-awesome.min.css" "Mozilla/5.0 (X11; Linux x86_64) AppleWebKit/537.36 (KHTML, like Gecko) SamsungBrowser/27.0 Chrome/125.0.0.0 Safari/537.36"
169.239.3.250 - - [26/Apr/2025:10:03:22 -0400] "GET /account/control.php?confirm=Maryhilda1 HTTP/1.1" 302 771 "https://finationglobal.com/account/register?ref=Maryhilda1" "Mozilla/5.0 (X11; Linux x86_64) AppleWebKit/537.36 (KHTML, like Gecko) SamsungBrowser/27.0 Chrome/125.0.0.0 Safari/537.36"
169.239.3.250 - - [26/Apr/2025:10:03:23 -0400] "GET /account/control?confirm=Maryhilda1 HTTP/1.1" 200 28 "https://finationglobal.com/account/register?ref=Maryhilda1" "Mozilla/5.0 (X11; Linux x86_64) AppleWebKit/537.36 (KHTML, like Gecko) SamsungBrowser/27.0 Chrome/125.0.0.0 Safari/537.36"
169.239.3.250 - - [26/Apr/2025:10:03:34 -0400] "GET /account/login HTTP/1.1" 200 1297 "https://finationglobal.com/account/register?ref=Maryhilda1" "Mozilla/5.0 (X11; Linux x86_64) AppleWebKit/537.36 (KHTML, like Gecko) SamsungBrowser/27.0 Chrome/125.0.0.0 Safari/537.36"
169.239.3.250 - - [26/Apr/2025:10:03:34 -0400] "GET /assets/js/jquery.sparkline.min.js HTTP/1.1" 200 15624 "https://finationglobal.com/account/login" "Mozilla/5.0 (X11; Linux x86_64) AppleWebKit/537.36 (KHTML, like Gecko) SamsungBrowser/27.0 Chrome/125.0.0.0 Safari/537.36"
66.249.66.22 - - [26/Apr/2025:10:03:44 -0400] "GET / HTTP/1.1" 200 6422 "-" "Mozilla/5.0 (compatible; Googlebot/2.1; +http://www.google.com/bot.html)"
66.249.66.22 - - [26/Apr/2025:10:03:45 -0400] "GET /js/jquery.appear.min.js HTTP/1.1" 200 3517 "https://finationglobal.com/" "Mozilla/5.0 AppleWebKit/537.36 (KHTML, like Gecko; compatible; Googlebot/2.1; +http://www.google.com/bot.html) Chrome/134.0.6998.165 Safari/537.36"
66.249.66.22 - - [26/Apr/2025:10:03:45 -0400] "GET /js/backtotop.js HTTP/1.1" 200 3384 "https://finationglobal.com/" "Mozilla/5.0 AppleWebKit/537.36 (KHTML, like Gecko; compatible; Googlebot/2.1; +http://www.google.com/bot.html) Chrome/134.0.6998.165 Safari/537.36"
66.249.66.22 - - [26/Apr/2025:10:03:45 -0400] "GET /js/jquery.event.move.js HTTP/1.1" 200 7135 "https://finationglobal.com/" "Mozilla/5.0 AppleWebKit/537.36 (KHTML, like Gecko; compatible; Googlebot/2.1; +http://www.google.com/bot.html) Chrome/134.0.6998.165 Safari/537.36"
66.249.66.22 - - [26/Apr/2025:10:03:46 -0400] "GET /js/magnific-popup.min.js HTTP/1.1" 200 10049 "https://finationglobal.com/" "Mozilla/5.0 AppleWebKit/537.36 (KHTML, like Gecko; compatible; Googlebot/2.1; +http://www.google.com/bot.html) Chrome/134.0.6998.165 Safari/537.36"
66.249.66.20 - - [26/Apr/2025:10:03:46 -0400] "GET /js/jquery-3.6.0.min.js HTTP/1.1" 200 33270 "https://finationglobal.com/" "Mozilla/5.0 AppleWebKit/537.36 (KHTML, like Gecko; compatible; Googlebot/2.1; +http://www.google.com/bot.html) Chrome/134.0.6998.165 Safari/537.36"
66.249.66.21 - - [26/Apr/2025:10:03:46 -0400] "GET /fonts/fontawesome/css/all.css HTTP/1.1" 200 12558 "https://finationglobal.com/css/style.css" "Mozilla/5.0 AppleWebKit/537.36 (KHTML, like Gecko; compatible; Googlebot/2.1; +http://www.google.com/bot.html) Chrome/134.0.6998.165 Safari/537.36"
197.250.199.16 - - [26/Apr/2025:10:04:00 -0400] "GET /account/register?ref=mnenuka HTTP/1.1" 200 1860 "-" "Mozilla/5.0 (Linux; Android 10; K) AppleWebKit/537.36 (KHTML, like Gecko) Chrome/134.0.0.0 Mobile Safari/537.36"
197.250.199.16 - - [26/Apr/2025:10:04:02 -0400] "GET /account/control.php?confirm=mnenuka HTTP/1.1" 302 771 "https://finationglobal.com/account/register?ref=mnenuka" "Mozilla/5.0 (Linux; Android 10; K) AppleWebKit/537.36 (KHTML, like Gecko) Chrome/134.0.0.0 Mobile Safari/537.36"
197.250.199.16 - - [26/Apr/2025:10:04:02 -0400] "GET /account/control?confirm=mnenuka HTTP/1.1" 200 32 "https://finationglobal.com/account/register?ref=mnenuka" "Mozilla/5.0 (Linux; Android 10; K) AppleWebKit/537.36 (KHTML, like Gecko) Chrome/134.0.0.0 Mobile Safari/537.36"
169.239.3.250 - - [26/Apr/2025:10:04:05 -0400] "POST /account/login HTTP/1.1" 302 1297 "https://finationglobal.com/account/login" "Mozilla/5.0 (X11; Linux x86_64) AppleWebKit/537.36 (KHTML, like Gecko) SamsungBrowser/27.0 Chrome/125.0.0.0 Safari/537.36"
169.239.3.250 - - [26/Apr/2025:10:04:06 -0400] "GET /account/ HTTP/1.1" 200 6947 "https://finationglobal.com/account/login" "Mozilla/5.0 (X11; Linux x86_64) AppleWebKit/537.36 (KHTML, like Gecko) SamsungBrowser/27.0 Chrome/125.0.0.0 Safari/537.36"
169.239.3.250 - - [26/Apr/2025:10:04:07 -0400] "GET /account/finationbr.png HTTP/1.1" 200 16423 "https://finationglobal.com/account/" "Mozilla/5.0 (X11; Linux x86_64) AppleWebKit/537.36 (KHTML, like Gecko) SamsungBrowser/27.0 Chrome/125.0.0.0 Safari/537.36"
169.239.3.250 - - [26/Apr/2025:10:04:07 -0400] "GET /account/uploads/user.png HTTP/1.1" 200 19456 "https://finationglobal.com/account/" "Mozilla/5.0 (X11; Linux x86_64) AppleWebKit/537.36 (KHTML, like Gecko) SamsungBrowser/27.0 Chrome/125.0.0.0 Safari/537.36"
169.239.3.250 - - [26/Apr/2025:10:04:07 -0400] "GET /assets/plugins/chart/utils.js HTTP/1.1" 200 3983 "https://finationglobal.com/account/" "Mozilla/5.0 (X11; Linux x86_64) AppleWebKit/537.36 (KHTML, like Gecko) SamsungBrowser/27.0 Chrome/125.0.0.0 Safari/537.36"
169.239.3.250 - - [26/Apr/2025:10:04:07 -0400] "GET /assets/plugins/datatable/js/jquery.dataTables.min.js HTTP/1.1" 200 31890 "https://finationglobal.com/account/" "Mozilla/5.0 (X11; Linux x86_64) AppleWebKit/537.36 (KHTML, like Gecko) SamsungBrowser/27.0 Chrome/125.0.0.0 Safari/537.36"
169.239.3.250 - - [26/Apr/2025:10:04:07 -0400] "GET /assets/plugins/select2/select2.full.min.js HTTP/1.1" 200 23523 "https://finationglobal.com/account/" "Mozilla/5.0 (X11; Linux x86_64) AppleWebKit/537.36 (KHTML, like Gecko) SamsungBrowser/27.0 Chrome/125.0.0.0 Safari/537.36"
169.239.3.250 - - [26/Apr/2025:10:04:07 -0400] "GET /assets/plugins/peitychart/jquery.peity.min.js HTTP/1.1" 200 4883 "https://finationglobal.com/account/" "Mozilla/5.0 (X11; Linux x86_64) AppleWebKit/537.36 (KHTML, like Gecko) SamsungBrowser/27.0 Chrome/125.0.0.0 Safari/537.36"
169.239.3.250 - - [26/Apr/2025:10:04:07 -0400] "GET /assets/plugins/peitychart/peitychart.init.js HTTP/1.1" 200 3563 "https://finationglobal.com/account/" "Mozilla/5.0 (X11; Linux x86_64) AppleWebKit/537.36 (KHTML, like Gecko) SamsungBrowser/27.0 Chrome/125.0.0.0 Safari/537.36"
169.239.3.250 - - [26/Apr/2025:10:04:07 -0400] "GET /assets/plugins/chart/Chart.bundle.js HTTP/1.1" 200 100033 "https://finationglobal.com/account/" "Mozilla/5.0 (X11; Linux x86_64) AppleWebKit/537.36 (KHTML, like Gecko) SamsungBrowser/27.0 Chrome/125.0.0.0 Safari/537.36"
169.239.3.250 - - [26/Apr/2025:10:04:07 -0400] "GET /account/uploads/31z4n63t8i1e.jpg HTTP/1.1" 200 404074 "https://finationglobal.com/account/" "Mozilla/5.0 (X11; Linux x86_64) AppleWebKit/537.36 (KHTML, like Gecko) SamsungBrowser/27.0 Chrome/125.0.0.0 Safari/537.36"
169.239.3.250 - - [26/Apr/2025:10:04:07 -0400] "GET /account/uploads/gc2faa3dhxyi.jpg HTTP/1.1" 200 415134 "https://finationglobal.com/account/" "Mozilla/5.0 (X11; Linux x86_64) AppleWebKit/537.36 (KHTML, like Gecko) SamsungBrowser/27.0 Chrome/125.0.0.0 Safari/537.36"
169.239.3.250 - - [26/Apr/2025:10:04:07 -0400] "GET /assets/plugins/datatable/js/dataTables.bootstrap5.js HTTP/1.1" 200 5023 "https://finationglobal.com/account/" "Mozilla/5.0 (X11; Linux x86_64) AppleWebKit/537.36 (KHTML, like Gecko) SamsungBrowser/27.0 Chrome/125.0.0.0 Safari/537.36"
169.239.3.250 - - [26/Apr/2025:10:04:07 -0400] "GET /assets/js/sticky.js HTTP/1.1" 200 3447 "https://finationglobal.com/account/" "Mozilla/5.0 (X11; Linux x86_64) AppleWebKit/537.36 (KHTML, like Gecko) SamsungBrowser/27.0 Chrome/125.0.0.0 Safari/537.36"
169.239.3.250 - - [26/Apr/2025:10:04:07 -0400] "GET /assets/plugins/sidemenu/sidemenu.js HTTP/1.1" 200 6080 "https://finationglobal.com/account/" "Mozilla/5.0 (X11; Linux x86_64) AppleWebKit/537.36 (KHTML, like Gecko) SamsungBrowser/27.0 Chrome/125.0.0.0 Safari/537.36"
169.239.3.250 - - [26/Apr/2025:10:04:07 -0400] "GET /assets/plugins/sidebar/sidebar.js HTTP/1.1" 200 3987 "https://finationglobal.com/account/" "Mozilla/5.0 (X11; Linux x86_64) AppleWebKit/537.36 (KHTML, like Gecko) SamsungBrowser/27.0 Chrome/125.0.0.0 Safari/537.36"
169.239.3.250 - - [26/Apr/2025:10:04:07 -0400] "GET /assets/plugins/p-scroll/pscroll-1.js HTTP/1.1" 200 3050 "https://finationglobal.com/account/" "Mozilla/5.0 (X11; Linux x86_64) AppleWebKit/537.36 (KHTML, like Gecko) SamsungBrowser/27.0 Chrome/125.0.0.0 Safari/537.36"
169.239.3.250 - - [26/Apr/2025:10:04:07 -0400] "GET /assets/js/apexcharts.js HTTP/1.1" 200 125432 "https://finationglobal.com/account/" "Mozilla/5.0 (X11; Linux x86_64) AppleWebKit/537.36 (KHTML, like Gecko) SamsungBrowser/27.0 Chrome/125.0.0.0 Safari/537.36"
169.239.3.250 - - [26/Apr/2025:10:04:07 -0400] "GET /assets/js/index1.js HTTP/1.1" 200 4284 "https://finationglobal.com/account/" "Mozilla/5.0 (X11; Linux x86_64) AppleWebKit/537.36 (KHTML, like Gecko) SamsungBrowser/27.0 Chrome/125.0.0.0 Safari/537.36"
169.239.3.250 - - [26/Apr/2025:10:04:07 -0400] "GET /account/pngtree.png HTTP/1.1" 200 5486 "https://finationglobal.com/account/" "Mozilla/5.0 (X11; Linux x86_64) AppleWebKit/537.36 (KHTML, like Gecko) SamsungBrowser/27.0 Chrome/125.0.0.0 Safari/537.36"
169.239.3.250 - - [26/Apr/2025:10:04:07 -0400] "GET /account/uploads/u1.png HTTP/1.1" 200 2924 "https://finationglobal.com/account/" "Mozilla/5.0 (X11; Linux x86_64) AppleWebKit/537.36 (KHTML, like Gecko) SamsungBrowser/27.0 Chrome/125.0.0.0 Safari/537.36"
169.239.3.250 - - [26/Apr/2025:10:04:07 -0400] "GET /assets/plugins/datatable/dataTables.responsive.min.js HTTP/1.1" 200 8732 "https://finationglobal.com/account/" "Mozilla/5.0 (X11; Linux x86_64) AppleWebKit/537.36 (KHTML, like Gecko) SamsungBrowser/27.0 Chrome/125.0.0.0 Safari/537.36"
169.239.3.250 - - [26/Apr/2025:10:04:07 -0400] "GET /assets/plugins/p-scroll/pscroll.js HTTP/1.1" 200 3063 "https://finationglobal.com/account/" "Mozilla/5.0 (X11; Linux x86_64) AppleWebKit/537.36 (KHTML, like Gecko) SamsungBrowser/27.0 Chrome/125.0.0.0 Safari/537.36"
169.239.3.250 - - [26/Apr/2025:10:04:07 -0400] "GET /assets/plugins/echarts/echarts.js HTTP/1.1" 200 756408 "https://finationglobal.com/account/" "Mozilla/5.0 (X11; Linux x86_64) AppleWebKit/537.36 (KHTML, like Gecko) SamsungBrowser/27.0 Chrome/125.0.0.0 Safari/537.36"
169.239.3.250 - - [26/Apr/2025:10:04:08 -0400] "GET /assets/iconfonts/feather/fonts/feather-webfont.woff?t=1501841394106 HTTP/1.1" 200 28984 "https://finationglobal.com/assets/css/style.css" "Mozilla/5.0 (X11; Linux x86_64) AppleWebKit/537.36 (KHTML, like Gecko) SamsungBrowser/27.0 Chrome/125.0.0.0 Safari/537.36"
197.250.199.16 - - [26/Apr/2025:10:04:08 -0400] "GET /account/login HTTP/1.1" 200 1297 "https://finationglobal.com/account/register?ref=mnenuka" "Mozilla/5.0 (Linux; Android 10; K) AppleWebKit/537.36 (KHTML, like Gecko) Chrome/134.0.0.0 Mobile Safari/537.36"
197.250.199.16 - - [26/Apr/2025:10:04:14 -0400] "POST /account/login HTTP/1.1" 302 1297 "https://finationglobal.com/account/login" "Mozilla/5.0 (Linux; Android 10; K) AppleWebKit/537.36 (KHTML, like Gecko) Chrome/134.0.0.0 Mobile Safari/537.36"
197.250.199.16 - - [26/Apr/2025:10:04:15 -0400] "GET /account/ HTTP/1.1" 302 508 "https://finationglobal.com/account/login" "Mozilla/5.0 (Linux; Android 10; K) AppleWebKit/537.36 (KHTML, like Gecko) Chrome/134.0.0.0 Mobile Safari/537.36"
197.250.199.16 - - [26/Apr/2025:10:04:15 -0400] "GET /account/index HTTP/1.1" 200 6388 "https://finationglobal.com/account/login" "Mozilla/5.0 (Linux; Android 10; K) AppleWebKit/537.36 (KHTML, like Gecko) Chrome/134.0.0.0 Mobile Safari/537.36"
197.186.8.75 - - [26/Apr/2025:10:05:01 -0400] "GET /account/login HTTP/1.1" 200 1297 "https://finationglobal.com/account/" "Mozilla/5.0 (Linux; Android 10; K) AppleWebKit/537.36 (KHTML, like Gecko) Chrome/133.0.0.0 Mobile Safari/537.36"
197.186.8.75 - - [26/Apr/2025:10:05:02 -0400] "GET /account/register?ref=mateti90 HTTP/1.1" 200 1864 "-" "Mozilla/5.0 (Linux; Android 10; K) AppleWebKit/537.36 (KHTML, like Gecko) Chrome/133.0.0.0 Mobile Safari/537.36"
197.186.8.75 - - [26/Apr/2025:10:05:06 -0400] "GET /account/control.php?confirm=mateti90 HTTP/1.1" 302 771 "https://finationglobal.com/account/register?ref=mateti90" "Mozilla/5.0 (Linux; Android 10; K) AppleWebKit/537.36 (KHTML, like Gecko) Chrome/133.0.0.0 Mobile Safari/537.36"
197.186.8.75 - - [26/Apr/2025:10:05:07 -0400] "GET /account/control?confirm=mateti90 HTTP/1.1" 200 32 "https://finationglobal.com/account/register?ref=mateti90" "Mozilla/5.0 (Linux; Android 10; K) AppleWebKit/537.36 (KHTML, like Gecko) Chrome/133.0.0.0 Mobile Safari/537.36"
169.239.3.250 - - [26/Apr/2025:10:05:24 -0400] "GET /assets/iconfonts/typicons/fonts/typicons.woff HTTP/1.1" 200 59872 "https://finationglobal.com/assets/iconfonts/typicons/typicons.css" "Mozilla/5.0 (X11; Linux x86_64) AppleWebKit/537.36 (KHTML, like Gecko) SamsungBrowser/27.0 Chrome/125.0.0.0 Safari/537.36"
197.186.3.35 - - [26/Apr/2025:10:05:25 -0400] "GET /account/login HTTP/1.1" 200 1297 "-" "Mozilla/5.0 (Linux; Android 10; K) AppleWebKit/537.36 (KHTML, like Gecko) Chrome/134.0.0.0 Mobile Safari/537.36"
197.186.8.75 - - [26/Apr/2025:10:05:29 -0400] "GET /account/login HTTP/1.1" 200 1297 "https://finationglobal.com/account/" "Mozilla/5.0 (Linux; Android 10; K) AppleWebKit/537.36 (KHTML, like Gecko) Chrome/133.0.0.0 Mobile Safari/537.36"
197.186.8.75 - - [26/Apr/2025:10:05:30 -0400] "GET /account/register?ref=mateti90 HTTP/1.1" 200 1864 "-" "Mozilla/5.0 (Linux; Android 10; K) AppleWebKit/537.36 (KHTML, like Gecko) Chrome/133.0.0.0 Mobile Safari/537.36"
197.186.8.75 - - [26/Apr/2025:10:05:32 -0400] "GET /account/control.php?confirm=mateti90 HTTP/1.1" 302 771 "https://finationglobal.com/account/register?ref=mateti90" "Mozilla/5.0 (Linux; Android 10; K) AppleWebKit/537.36 (KHTML, like Gecko) Chrome/133.0.0.0 Mobile Safari/537.36"
197.186.8.75 - - [26/Apr/2025:10:05:32 -0400] "GET /account/control?confirm=mateti90 HTTP/1.1" 200 32 "https://finationglobal.com/account/register?ref=mateti90" "Mozilla/5.0 (Linux; Android 10; K) AppleWebKit/537.36 (KHTML, like Gecko) Chrome/133.0.0.0 Mobile Safari/537.36"
197.186.3.35 - - [26/Apr/2025:10:05:42 -0400] "POST /account/login HTTP/1.1" 302 1297 "https://finationglobal.com/account/login" "Mozilla/5.0 (Linux; Android 10; K) AppleWebKit/537.36 (KHTML, like Gecko) Chrome/134.0.0.0 Mobile Safari/537.36"
197.186.3.35 - - [26/Apr/2025:10:05:43 -0400] "GET /account/ HTTP/1.1" 200 6893 "https://finationglobal.com/account/login" "Mozilla/5.0 (Linux; Android 10; K) AppleWebKit/537.36 (KHTML, like Gecko) Chrome/134.0.0.0 Mobile Safari/537.36"
197.186.3.35 - - [26/Apr/2025:10:06:00 -0400] "GET /account/geneology HTTP/1.1" 200 4883 "https://finationglobal.com/account/" "Mozilla/5.0 (Linux; Android 10; K) AppleWebKit/537.36 (KHTML, like Gecko) Chrome/134.0.0.0 Mobile Safari/537.36"
197.250.133.81 - - [26/Apr/2025:10:06:05 -0400] "GET /account/login HTTP/1.1" 200 1297 "-" "Mozilla/5.0 (Linux; Android 10; K) AppleWebKit/537.36 (KHTML, like Gecko) Chrome/134.0.0.0 Mobile Safari/537.36"
197.250.133.81 - - [26/Apr/2025:10:06:10 -0400] "POST /account/login HTTP/1.1" 302 1297 "https://finationglobal.com/account/login" "Mozilla/5.0 (Linux; Android 10; K) AppleWebKit/537.36 (KHTML, like Gecko) Chrome/134.0.0.0 Mobile Safari/537.36"
197.250.133.81 - - [26/Apr/2025:10:06:11 -0400] "GET /account/ HTTP/1.1" 200 7625 "https://finationglobal.com/account/login" "Mozilla/5.0 (Linux; Android 10; K) AppleWebKit/537.36 (KHTML, like Gecko) Chrome/134.0.0.0 Mobile Safari/537.36"
197.250.133.81 - - [26/Apr/2025:10:06:31 -0400] "GET /account/fundtransfer HTTP/1.1" 200 5485 "https://finationglobal.com/account/" "Mozilla/5.0 (Linux; Android 10; K) AppleWebKit/537.36 (KHTML, like Gecko) Chrome/134.0.0.0 Mobile Safari/537.36"
207.46.13.107 - - [26/Apr/2025:10:06:35 -0400] "GET /account/register HTTP/1.1" 200 1850 "-" "Mozilla/5.0 AppleWebKit/537.36 (KHTML, like Gecko; compatible; bingbot/2.0; +http://www.bing.com/bingbot.htm) Chrome/116.0.1938.76 Safari/537.36"
197.186.8.75 - - [26/Apr/2025:10:06:46 -0400] "GET /account/register?ref=mateti90 HTTP/1.1" 200 1864 "-" "Mozilla/5.0 (Linux; Android 10; K) AppleWebKit/537.36 (KHTML, like Gecko) Chrome/133.0.0.0 Mobile Safari/537.36"
197.186.8.75 - - [26/Apr/2025:10:06:47 -0400] "GET /account/control.php?confirm=mateti90 HTTP/1.1" 302 771 "https://finationglobal.com/account/register?ref=mateti90" "Mozilla/5.0 (Linux; Android 10; K) AppleWebKit/537.36 (KHTML, like Gecko) Chrome/133.0.0.0 Mobile Safari/537.36"
197.186.8.75 - - [26/Apr/2025:10:06:47 -0400] "GET /account/control?confirm=mateti90 HTTP/1.1" 200 32 "https://finationglobal.com/account/register?ref=mateti90" "Mozilla/5.0 (Linux; Android 10; K) AppleWebKit/537.36 (KHTML, like Gecko) Chrome/133.0.0.0 Mobile Safari/537.36"
197.250.133.81 - - [26/Apr/2025:10:07:09 -0400] "GET /account/control.php?verify=Fedinanda01 HTTP/1.1" 302 771 "https://finationglobal.com/account/fundtransfer" "Mozilla/5.0 (Linux; Android 10; K) AppleWebKit/537.36 (KHTML, like Gecko) Chrome/134.0.0.0 Mobile Safari/537.36"
197.250.133.81 - - [26/Apr/2025:10:07:10 -0400] "GET /account/control.php?verify=Fedinanda01 HTTP/1.1" 302 771 "https://finationglobal.com/account/fundtransfer" "Mozilla/5.0 (Linux; Android 10; K) AppleWebKit/537.36 (KHTML, like Gecko) Chrome/134.0.0.0 Mobile Safari/537.36"
197.250.133.81 - - [26/Apr/2025:10:07:11 -0400] "GET /account/control?verify=Fedinanda01 HTTP/1.1" 200 171 "https://finationglobal.com/account/fundtransfer" "Mozilla/5.0 (Linux; Android 10; K) AppleWebKit/537.36 (KHTML, like Gecko) Chrome/134.0.0.0 Mobile Safari/537.36"
197.250.133.81 - - [26/Apr/2025:10:07:12 -0400] "GET /account/control?verify=Fedinanda01 HTTP/1.1" 200 171 "https://finationglobal.com/account/fundtransfer" "Mozilla/5.0 (Linux; Android 10; K) AppleWebKit/537.36 (KHTML, like Gecko) Chrome/134.0.0.0 Mobile Safari/537.36"
197.186.3.35 - - [26/Apr/2025:10:07:14 -0400] "GET /account/geneology?logout=true HTTP/1.1" 302 4881 "https://finationglobal.com/account/geneology" "Mozilla/5.0 (Linux; Android 10; K) AppleWebKit/537.36 (KHTML, like Gecko) Chrome/134.0.0.0 Mobile Safari/537.36"
197.186.3.35 - - [26/Apr/2025:10:07:15 -0400] "GET /account/login.php HTTP/1.1" 302 771 "https://finationglobal.com/account/geneology" "Mozilla/5.0 (Linux; Android 10; K) AppleWebKit/537.36 (KHTML, like Gecko) Chrome/134.0.0.0 Mobile Safari/537.36"
197.186.3.35 - - [26/Apr/2025:10:07:15 -0400] "GET /account/login HTTP/1.1" 200 1297 "https://finationglobal.com/account/geneology" "Mozilla/5.0 (Linux; Android 10; K) AppleWebKit/537.36 (KHTML, like Gecko) Chrome/134.0.0.0 Mobile Safari/537.36"
197.250.133.81 - - [26/Apr/2025:10:07:19 -0400] "GET /account/control.php?sendcode=Fedinanda01&amt=5 HTTP/1.1" 302 771 "https://finationglobal.com/account/fundtransfer" "Mozilla/5.0 (Linux; Android 10; K) AppleWebKit/537.36 (KHTML, like Gecko) Chrome/134.0.0.0 Mobile Safari/537.36"
197.250.133.81 - - [26/Apr/2025:10:07:21 -0400] "GET /account/control?sendcode=Fedinanda01&amt=5 HTTP/1.1" 200 186 "https://finationglobal.com/account/fundtransfer" "Mozilla/5.0 (Linux; Android 10; K) AppleWebKit/537.36 (KHTML, like Gecko) Chrome/134.0.0.0 Mobile Safari/537.36"
197.250.133.81 - - [26/Apr/2025:10:07:21 -0400] "GET /account/control.php?sendcode=Fedinanda01&amt=5 HTTP/1.1" 302 771 "https://finationglobal.com/account/fundtransfer" "Mozilla/5.0 (Linux; Android 10; K) AppleWebKit/537.36 (KHTML, like Gecko) Chrome/134.0.0.0 Mobile Safari/537.36"
197.250.133.81 - - [26/Apr/2025:10:07:21 -0400] "GET /account/control?sendcode=Fedinanda01&amt=5 HTTP/1.1" 200 186 "https://finationglobal.com/account/fundtransfer" "Mozilla/5.0 (Linux; Android 10; K) AppleWebKit/537.36 (KHTML, like Gecko) Chrome/134.0.0.0 Mobile Safari/537.36"
197.186.8.75 - - [26/Apr/2025:10:07:29 -0400] "GET /account/login HTTP/1.1" 200 1297 "https://finationglobal.com/account/" "Mozilla/5.0 (Linux; Android 10; K) AppleWebKit/537.36 (KHTML, like Gecko) Chrome/133.0.0.0 Mobile Safari/537.36"
197.186.8.75 - - [26/Apr/2025:10:07:29 -0400] "GET /account/register?ref=mateti90 HTTP/1.1" 200 1864 "-" "Mozilla/5.0 (Linux; Android 10; K) AppleWebKit/537.36 (KHTML, like Gecko) Chrome/133.0.0.0 Mobile Safari/537.36"
197.186.8.75 - - [26/Apr/2025:10:07:30 -0400] "GET /account/control.php?confirm=mateti90 HTTP/1.1" 302 771 "https://finationglobal.com/account/register?ref=mateti90" "Mozilla/5.0 (Linux; Android 10; K) AppleWebKit/537.36 (KHTML, like Gecko) Chrome/133.0.0.0 Mobile Safari/537.36"
197.186.8.75 - - [26/Apr/2025:10:07:30 -0400] "GET /account/control?confirm=mateti90 HTTP/1.1" 200 32 "https://finationglobal.com/account/register?ref=mateti90" "Mozilla/5.0 (Linux; Android 10; K) AppleWebKit/537.36 (KHTML, like Gecko) Chrome/133.0.0.0 Mobile Safari/537.36"
197.250.231.100 - - [26/Apr/2025:10:07:34 -0400] "GET /account/ HTTP/1.1" 200 8167 "https://finationglobal.com/account/geneology?user=mnenuka" "Mozilla/5.0 (Linux; Android 10; K) AppleWebKit/537.36 (KHTML, like Gecko) Chrome/133.0.0.0 Mobile Safari/537.36"
52.167.144.235 - - [26/Apr/2025:10:07:38 -0400] "GET /assets/iconfonts/materialdesignicons/fonts/materialdesignicons-webfont.ttf?v=2.0.46 HTTP/1.1" 200 292556 "-" "Mozilla/5.0 AppleWebKit/537.36 (KHTML, like Gecko; compatible; bingbot/2.0; +http://www.bing.com/bingbot.htm) Chrome/116.0.1938.76 Safari/537.36"
52.167.144.235 - - [26/Apr/2025:10:07:38 -0400] "GET /assets/iconfonts/materialdesignicons/fonts/materialdesignicons-webfont.woff2?v=2.0.46 HTTP/1.1" 200 109248 "-" "Mozilla/5.0 AppleWebKit/537.36 (KHTML, like Gecko; compatible; bingbot/2.0; +http://www.bing.com/bingbot.htm) Chrome/116.0.1938.76 Safari/537.36"
40.77.167.77 - - [26/Apr/2025:10:07:43 -0400] "GET /assets/iconfonts/materialdesignicons/fonts/materialdesignicons-webfont.woff?v=2.0.46 HTTP/1.1" 200 144072 "-" "Mozilla/5.0 AppleWebKit/537.36 (KHTML, like Gecko; compatible; bingbot/2.0; +http://www.bing.com/bingbot.htm) Chrome/116.0.1938.76 Safari/537.36"
197.250.231.100 - - [26/Apr/2025:10:07:43 -0400] "GET /account/geneology HTTP/1.1" 200 4734 "https://finationglobal.com/account/" "Mozilla/5.0 (Linux; Android 10; K) AppleWebKit/537.36 (KHTML, like Gecko) Chrome/133.0.0.0 Mobile Safari/537.36"
197.250.231.100 - - [26/Apr/2025:10:07:47 -0400] "POST /account/geneology HTTP/1.1" 200 4873 "https://finationglobal.com/account/geneology" "Mozilla/5.0 (Linux; Android 10; K) AppleWebKit/537.36 (KHTML, like Gecko) Chrome/133.0.0.0 Mobile Safari/537.36"
197.250.231.100 - - [26/Apr/2025:10:07:49 -0400] "POST /account/geneology HTTP/1.1" 200 4734 "https://finationglobal.com/account/geneology" "Mozilla/5.0 (Linux; Android 10; K) AppleWebKit/537.36 (KHTML, like Gecko) Chrome/133.0.0.0 Mobile Safari/537.36"
197.250.231.100 - - [26/Apr/2025:10:07:51 -0400] "GET /account/geneology?user=leilamsaka HTTP/1.1" 200 4744 "https://finationglobal.com/account/geneology" "Mozilla/5.0 (Linux; Android 10; K) AppleWebKit/537.36 (KHTML, like Gecko) Chrome/133.0.0.0 Mobile Safari/537.36"
197.250.231.100 - - [26/Apr/2025:10:07:58 -0400] "GET /account/geneology?user=mnenuka HTTP/1.1" 200 4696 "https://finationglobal.com/account/geneology?user=leilamsaka" "Mozilla/5.0 (Linux; Android 10; K) AppleWebKit/537.36 (KHTML, like Gecko) Chrome/133.0.0.0 Mobile Safari/537.36"
197.250.231.100 - - [26/Apr/2025:10:08:12 -0400] "GET /account/geneology?user=zabara HTTP/1.1" 200 4687 "https://finationglobal.com/account/geneology?user=leilamsaka" "Mozilla/5.0 (Linux; Android 10; K) AppleWebKit/537.36 (KHTML, like Gecko) Chrome/133.0.0.0 Mobile Safari/537.36"
197.250.133.81 - - [26/Apr/2025:10:08:20 -0400] "POST /account/fundtransfer HTTP/1.1" 200 5606 "https://finationglobal.com/account/fundtransfer" "Mozilla/5.0 (Linux; Android 10; K) AppleWebKit/537.36 (KHTML, like Gecko) Chrome/134.0.0.0 Mobile Safari/537.36"
197.250.133.81 - - [26/Apr/2025:10:08:21 -0400] "POST /account/fundtransfer HTTP/1.1" 200 5606 "https://finationglobal.com/account/fundtransfer" "Mozilla/5.0 (Linux; Android 10; K) AppleWebKit/537.36 (KHTML, like Gecko) Chrome/134.0.0.0 Mobile Safari/537.36"
197.250.133.81 - - [26/Apr/2025:10:08:54 -0400] "GET /account/fundtransfer HTTP/1.1" 200 5485 "https://finationglobal.com/account/fundtransfer" "Mozilla/5.0 (Linux; Android 10; K) AppleWebKit/537.36 (KHTML, like Gecko) Chrome/134.0.0.0 Mobile Safari/537.36"
197.186.8.75 - - [26/Apr/2025:10:08:55 -0400] "GET /account/login HTTP/1.1" 200 1297 "https://finationglobal.com/account/" "Mozilla/5.0 (Linux; Android 10; K) AppleWebKit/537.36 (KHTML, like Gecko) Chrome/133.0.0.0 Mobile Safari/537.36"
197.250.133.81 - - [26/Apr/2025:10:09:09 -0400] "GET /account/control.php?verify=Fedinanda01 HTTP/1.1" 302 771 "https://finationglobal.com/account/fundtransfer" "Mozilla/5.0 (Linux; Android 10; K) AppleWebKit/537.36 (KHTML, like Gecko) Chrome/134.0.0.0 Mobile Safari/537.36"
197.250.133.81 - - [26/Apr/2025:10:09:10 -0400] "GET /account/control?verify=Fedinanda01 HTTP/1.1" 200 171 "https://finationglobal.com/account/fundtransfer" "Mozilla/5.0 (Linux; Android 10; K) AppleWebKit/537.36 (KHTML, like Gecko) Chrome/134.0.0.0 Mobile Safari/537.36"
66.249.66.68 - - [26/Apr/2025:10:09:11 -0400] "GET /?pcmypage?callback=/product%2Fdetail%2F74587365 HTTP/1.1" 200 6422 "-" "Mozilla/5.0 (Linux; Android 6.0.1; Nexus 5X Build/MMB29P) AppleWebKit/537.36 (KHTML, like Gecko) Chrome/135.0.7049.95 Mobile Safari/537.36 (compatible; Googlebot/2.1; +http://www.google.com/bot.html)"
197.186.8.75 - - [26/Apr/2025:10:09:11 -0400] "POST /account/login HTTP/1.1" 302 1297 "https://finationglobal.com/account/login" "Mozilla/5.0 (Linux; Android 10; K) AppleWebKit/537.36 (KHTML, like Gecko) Chrome/133.0.0.0 Mobile Safari/537.36"
197.186.8.75 - - [26/Apr/2025:10:09:12 -0400] "GET /account/ HTTP/1.1" 200 6792 "https://finationglobal.com/account/login" "Mozilla/5.0 (Linux; Android 10; K) AppleWebKit/537.36 (KHTML, like Gecko) Chrome/133.0.0.0 Mobile Safari/537.36"
197.250.133.81 - - [26/Apr/2025:10:09:14 -0400] "GET /account/control.php?sendcode=Fedinanda01&amt=5 HTTP/1.1" 302 771 "https://finationglobal.com/account/fundtransfer" "Mozilla/5.0 (Linux; Android 10; K) AppleWebKit/537.36 (KHTML, like Gecko) Chrome/134.0.0.0 Mobile Safari/537.36"
197.250.133.81 - - [26/Apr/2025:10:09:15 -0400] "GET /account/control?sendcode=Fedinanda01&amt=5 HTTP/1.1" 200 186 "https://finationglobal.com/account/fundtransfer" "Mozilla/5.0 (Linux; Android 10; K) AppleWebKit/537.36 (KHTML, like Gecko) Chrome/134.0.0.0 Mobile Safari/537.36"
197.250.133.81 - - [26/Apr/2025:10:09:45 -0400] "POST /account/fundtransfer HTTP/1.1" 200 5641 "https://finationglobal.com/account/fundtransfer" "Mozilla/5.0 (Linux; Android 10; K) AppleWebKit/537.36 (KHTML, like Gecko) Chrome/134.0.0.0 Mobile Safari/537.36"
197.250.133.81 - - [26/Apr/2025:10:09:54 -0400] "GET /account/fundtransfer HTTP/1.1" 200 5484 "https://finationglobal.com/account/fundtransfer" "Mozilla/5.0 (Linux; Android 10; K) AppleWebKit/537.36 (KHTML, like Gecko) Chrome/134.0.0.0 Mobile Safari/537.36"
197.250.133.81 - - [26/Apr/2025:10:09:57 -0400] "GET /account/fundtransfer HTTP/1.1" 200 5484 "https://finationglobal.com/account/" "Mozilla/5.0 (Linux; Android 10; K) AppleWebKit/537.36 (KHTML, like Gecko) Chrome/134.0.0.0 Mobile Safari/537.36"
197.250.133.81 - - [26/Apr/2025:10:09:59 -0400] "GET /account/ HTTP/1.1" 200 7642 "https://finationglobal.com/account/login" "Mozilla/5.0 (Linux; Android 10; K) AppleWebKit/537.36 (KHTML, like Gecko) Chrome/134.0.0.0 Mobile Safari/537.36"
197.250.133.81 - - [26/Apr/2025:10:10:04 -0400] "GET /account/login HTTP/1.1" 200 1297 "-" "Mozilla/5.0 (Linux; Android 10; K) AppleWebKit/537.36 (KHTML, like Gecko) Chrome/134.0.0.0 Mobile Safari/537.36"
197.250.133.81 - - [26/Apr/2025:10:10:07 -0400] "POST /account/login HTTP/1.1" 302 1297 "https://finationglobal.com/account/login" "Mozilla/5.0 (Linux; Android 10; K) AppleWebKit/537.36 (KHTML, like Gecko) Chrome/134.0.0.0 Mobile Safari/537.36"
197.250.133.81 - - [26/Apr/2025:10:10:08 -0400] "GET /account/ HTTP/1.1" 302 508 "https://finationglobal.com/account/login" "Mozilla/5.0 (Linux; Android 10; K) AppleWebKit/537.36 (KHTML, like Gecko) Chrome/134.0.0.0 Mobile Safari/537.36"
197.250.133.81 - - [26/Apr/2025:10:10:08 -0400] "GET /account/index HTTP/1.1" 200 6569 "https://finationglobal.com/account/login" "Mozilla/5.0 (Linux; Android 10; K) AppleWebKit/537.36 (KHTML, like Gecko) Chrome/134.0.0.0 Mobile Safari/537.36"
197.250.133.81 - - [26/Apr/2025:10:10:13 -0400] "POST /account/index HTTP/1.1" 200 6891 "https://finationglobal.com/account/index" "Mozilla/5.0 (Linux; Android 10; K) AppleWebKit/537.36 (KHTML, like Gecko) Chrome/134.0.0.0 Mobile Safari/537.36"
40.77.167.77 - - [26/Apr/2025:10:10:22 -0400] "GET / HTTP/1.1" 200 6422 "-" "Mozilla/5.0 AppleWebKit/537.36 (KHTML, like Gecko; compatible; bingbot/2.0; +http://www.bing.com/bingbot.htm) Chrome/116.0.1938.76 Safari/537.36"
197.186.8.75 - - [26/Apr/2025:10:10:23 -0400] "GET /account/login HTTP/1.1" 200 1297 "https://finationglobal.com/account/" "Mozilla/5.0 (Linux; Android 10; K) AppleWebKit/537.36 (KHTML, like Gecko) Chrome/133.0.0.0 Mobile Safari/537.36"
43.130.37.243 - - [26/Apr/2025:10:10:23 -0400] "GET / HTTP/1.1" 200 7826 "http://finationglobal.com" "Mozilla/5.0 (iPhone; CPU iPhone OS 13_2_3 like Mac OS X) AppleWebKit/605.1.15 (KHTML, like Gecko) Version/13.0.3 Mobile/15E148 Safari/604.1"
197.186.8.75 - - [26/Apr/2025:10:10:30 -0400] "POST /account/login HTTP/1.1" 200 1507 "https://finationglobal.com/account/login" "Mozilla/5.0 (Linux; Android 10; K) AppleWebKit/537.36 (KHTML, like Gecko) Chrome/133.0.0.0 Mobile Safari/537.36"
197.186.8.75 - - [26/Apr/2025:10:10:33 -0400] "POST /account/login HTTP/1.1" 200 1510 "https://finationglobal.com/account/login" "Mozilla/5.0 (Linux; Android 10; K) AppleWebKit/537.36 (KHTML, like Gecko) Chrome/133.0.0.0 Mobile Safari/537.36"
197.186.8.75 - - [26/Apr/2025:10:10:39 -0400] "POST /account/login HTTP/1.1" 302 1297 "https://finationglobal.com/account/login" "Mozilla/5.0 (Linux; Android 10; K) AppleWebKit/537.36 (KHTML, like Gecko) Chrome/133.0.0.0 Mobile Safari/537.36"
197.186.8.75 - - [26/Apr/2025:10:10:40 -0400] "GET /account/ HTTP/1.1" 200 6792 "https://finationglobal.com/account/login" "Mozilla/5.0 (Linux; Android 10; K) AppleWebKit/537.36 (KHTML, like Gecko) Chrome/133.0.0.0 Mobile Safari/537.36"
197.250.133.81 - - [26/Apr/2025:10:11:35 -0400] "GET /account/index HTTP/1.1" 200 6705 "https://finationglobal.com/account/login" "Mozilla/5.0 (Linux; Android 10; K) AppleWebKit/537.36 (KHTML, like Gecko) Chrome/134.0.0.0 Mobile Safari/537.36"
169.239.3.250 - - [26/Apr/2025:10:11:38 -0400] "GET /account/register?ref=Maryhilda1 HTTP/1.1" 200 1856 "-" "Mozilla/5.0 (X11; Linux x86_64) AppleWebKit/537.36 (KHTML, like Gecko) SamsungBrowser/27.0 Chrome/125.0.0.0 Safari/537.36"
169.239.3.250 - - [26/Apr/2025:10:11:42 -0400] "GET /account/control.php?confirm=Maryhilda1 HTTP/1.1" 302 771 "https://finationglobal.com/account/register?ref=Maryhilda1" "Mozilla/5.0 (X11; Linux x86_64) AppleWebKit/537.36 (KHTML, like Gecko) SamsungBrowser/27.0 Chrome/125.0.0.0 Safari/537.36"
169.239.3.250 - - [26/Apr/2025:10:11:42 -0400] "GET /account/control?confirm=Maryhilda1 HTTP/1.1" 200 28 "https://finationglobal.com/account/register?ref=Maryhilda1" "Mozilla/5.0 (X11; Linux x86_64) AppleWebKit/537.36 (KHTML, like Gecko) SamsungBrowser/27.0 Chrome/125.0.0.0 Safari/537.36"
198.235.24.153 - - [26/Apr/2025:10:11:45 -0400] "GET / HTTP/1.1" 200 38507 "http://162.0.217.157:80/" "-"
169.239.3.250 - - [26/Apr/2025:10:11:49 -0400] "GET /account/login HTTP/1.1" 200 1297 "https://finationglobal.com/account/register?ref=Maryhilda1" "Mozilla/5.0 (X11; Linux x86_64) AppleWebKit/537.36 (KHTML, like Gecko) SamsungBrowser/27.0 Chrome/125.0.0.0 Safari/537.36"
197.250.133.81 - - [26/Apr/2025:10:12:13 -0400] "POST /account/login HTTP/1.1" 302 1297 "https://finationglobal.com/account/login" "Mozilla/5.0 (Linux; Android 10; K) AppleWebKit/537.36 (KHTML, like Gecko) Chrome/134.0.0.0 Mobile Safari/537.36"
197.250.133.81 - - [26/Apr/2025:10:12:16 -0400] "GET /account/ HTTP/1.1" 200 0 "https://finationglobal.com/account/login" "Mozilla/5.0 (Linux; Android 10; K) AppleWebKit/537.36 (KHTML, like Gecko) Chrome/134.0.0.0 Mobile Safari/537.36"
197.250.133.81 - - [26/Apr/2025:10:12:17 -0400] "POST /account/login HTTP/1.1" 302 1297 "https://finationglobal.com/account/login" "Mozilla/5.0 (Linux; Android 10; K) AppleWebKit/537.36 (KHTML, like Gecko) Chrome/134.0.0.0 Mobile Safari/537.36"
169.239.3.250 - - [26/Apr/2025:10:12:21 -0400] "POST /account/login HTTP/1.1" 302 1297 "https://finationglobal.com/account/login" "Mozilla/5.0 (X11; Linux x86_64) AppleWebKit/537.36 (KHTML, like Gecko) SamsungBrowser/27.0 Chrome/125.0.0.0 Safari/537.36"
169.239.3.250 - - [26/Apr/2025:10:12:21 -0400] "GET /account/ HTTP/1.1" 200 6947 "https://finationglobal.com/account/login" "Mozilla/5.0 (X11; Linux x86_64) AppleWebKit/537.36 (KHTML, like Gecko) SamsungBrowser/27.0 Chrome/125.0.0.0 Safari/537.36"
197.250.133.81 - - [26/Apr/2025:10:12:27 -0400] "POST /account/login HTTP/1.1" 302 1297 "https://finationglobal.com/account/login" "Mozilla/5.0 (Linux; Android 10; K) AppleWebKit/537.36 (KHTML, like Gecko) Chrome/134.0.0.0 Mobile Safari/537.36"
197.250.231.100 - - [26/Apr/2025:10:12:46 -0400] "GET /account/geneology HTTP/1.1" 200 4757 "https://finationglobal.com/account/geneology?user=leilamsaka" "Mozilla/5.0 (Linux; Android 10; K) AppleWebKit/537.36 (KHTML, like Gecko) Chrome/133.0.0.0 Mobile Safari/537.36"
197.250.133.81 - - [26/Apr/2025:10:12:49 -0400] "POST /account/login HTTP/1.1" 302 1297 "https://finationglobal.com/account/login" "Mozilla/5.0 (Linux; Android 10; K) AppleWebKit/537.36 (KHTML, like Gecko) Chrome/134.0.0.0 Mobile Safari/537.36"
197.250.133.81 - - [26/Apr/2025:10:12:49 -0400] "GET /account/ HTTP/1.1" 200 8175 "https://finationglobal.com/account/login" "Mozilla/5.0 (Linux; Android 10; K) AppleWebKit/537.36 (KHTML, like Gecko) Chrome/134.0.0.0 Mobile Safari/537.36"
197.250.133.81 - - [26/Apr/2025:10:12:50 -0400] "POST /account/login HTTP/1.1" 302 1297 "https://finationglobal.com/account/login" "Mozilla/5.0 (Linux; Android 10; K) AppleWebKit/537.36 (KHTML, like Gecko) Chrome/134.0.0.0 Mobile Safari/537.36"
197.250.133.81 - - [26/Apr/2025:10:12:51 -0400] "GET /account/ HTTP/1.1" 200 0 "https://finationglobal.com/account/login" "Mozilla/5.0 (Linux; Android 10; K) AppleWebKit/537.36 (KHTML, like Gecko) Chrome/134.0.0.0 Mobile Safari/537.36"
197.250.133.81 - - [26/Apr/2025:10:12:51 -0400] "POST /account/login HTTP/1.1" 200 0 "https://finationglobal.com/account/login" "Mozilla/5.0 (Linux; Android 10; K) AppleWebKit/537.36 (KHTML, like Gecko) Chrome/134.0.0.0 Mobile Safari/537.36"
197.250.133.81 - - [26/Apr/2025:10:12:51 -0400] "POST /account/login HTTP/1.1" 200 0 "https://finationglobal.com/account/login" "Mozilla/5.0 (Linux; Android 10; K) AppleWebKit/537.36 (KHTML, like Gecko) Chrome/134.0.0.0 Mobile Safari/537.36"
197.250.133.81 - - [26/Apr/2025:10:12:52 -0400] "POST /account/login HTTP/1.1" 200 0 "https://finationglobal.com/account/login" "Mozilla/5.0 (Linux; Android 10; K) AppleWebKit/537.36 (KHTML, like Gecko) Chrome/134.0.0.0 Mobile Safari/537.36"
197.250.133.81 - - [26/Apr/2025:10:12:52 -0400] "POST /account/login HTTP/1.1" 200 0 "https://finationglobal.com/account/login" "Mozilla/5.0 (Linux; Android 10; K) AppleWebKit/537.36 (KHTML, like Gecko) Chrome/134.0.0.0 Mobile Safari/537.36"
197.250.133.81 - - [26/Apr/2025:10:12:52 -0400] "POST /account/login HTTP/1.1" 200 0 "https://finationglobal.com/account/login" "Mozilla/5.0 (Linux; Android 10; K) AppleWebKit/537.36 (KHTML, like Gecko) Chrome/134.0.0.0 Mobile Safari/537.36"
197.250.133.81 - - [26/Apr/2025:10:12:52 -0400] "POST /account/login HTTP/1.1" 200 0 "https://finationglobal.com/account/login" "Mozilla/5.0 (Linux; Android 10; K) AppleWebKit/537.36 (KHTML, like Gecko) Chrome/134.0.0.0 Mobile Safari/537.36"
197.250.133.81 - - [26/Apr/2025:10:12:53 -0400] "POST /account/login HTTP/1.1" 200 0 "https://finationglobal.com/account/login" "Mozilla/5.0 (Linux; Android 10; K) AppleWebKit/537.36 (KHTML, like Gecko) Chrome/134.0.0.0 Mobile Safari/537.36"
197.250.133.81 - - [26/Apr/2025:10:12:53 -0400] "POST /account/login HTTP/1.1" 302 1297 "https://finationglobal.com/account/login" "Mozilla/5.0 (Linux; Android 10; K) AppleWebKit/537.36 (KHTML, like Gecko) Chrome/134.0.0.0 Mobile Safari/537.36"
197.250.133.81 - - [26/Apr/2025:10:12:53 -0400] "GET /account/ HTTP/1.1" 200 0 "https://finationglobal.com/account/login" "Mozilla/5.0 (Linux; Android 10; K) AppleWebKit/537.36 (KHTML, like Gecko) Chrome/134.0.0.0 Mobile Safari/537.36"
197.250.133.81 - - [26/Apr/2025:10:12:54 -0400] "GET /account/register?ref=mnenuka HTTP/1.1" 200 1860 "-" "Mozilla/5.0 (Linux; Android 10; K) AppleWebKit/537.36 (KHTML, like Gecko) Chrome/134.0.0.0 Mobile Safari/537.36"
197.250.133.81 - - [26/Apr/2025:10:12:56 -0400] "GET /account/control.php?confirm=mnenuka HTTP/1.1" 302 771 "https://finationglobal.com/account/register?ref=mnenuka" "Mozilla/5.0 (Linux; Android 10; K) AppleWebKit/537.36 (KHTML, like Gecko) Chrome/134.0.0.0 Mobile Safari/537.36"
197.250.231.100 - - [26/Apr/2025:10:12:56 -0400] "GET /account/geneology?user=leilamsaka HTTP/1.1" 200 4772 "https://finationglobal.com/account/geneology" "Mozilla/5.0 (Linux; Android 10; K) AppleWebKit/537.36 (KHTML, like Gecko) Chrome/133.0.0.0 Mobile Safari/537.36"
197.250.133.81 - - [26/Apr/2025:10:12:56 -0400] "GET /account/fundtransfer HTTP/1.1" 200 6413 "https://finationglobal.com/account/" "Mozilla/5.0 (Linux; Android 10; K) AppleWebKit/537.36 (KHTML, like Gecko) Chrome/134.0.0.0 Mobile Safari/537.36"
197.250.133.81 - - [26/Apr/2025:10:12:56 -0400] "GET /account/control?confirm=mnenuka HTTP/1.1" 200 32 "https://finationglobal.com/account/register?ref=mnenuka" "Mozilla/5.0 (Linux; Android 10; K) AppleWebKit/537.36 (KHTML, like Gecko) Chrome/134.0.0.0 Mobile Safari/537.36"
197.250.231.100 - - [26/Apr/2025:10:13:03 -0400] "GET /account/geneology?user=kamege HTTP/1.1" 200 4749 "https://finationglobal.com/account/geneology?user=leilamsaka" "Mozilla/5.0 (Linux; Android 10; K) AppleWebKit/537.36 (KHTML, like Gecko) Chrome/133.0.0.0 Mobile Safari/537.36"
169.239.3.250 - - [26/Apr/2025:10:13:14 -0400] "GET /assets/iconfonts/typicons/fonts/typicons.woff HTTP/1.1" 206 1 "https://finationglobal.com/assets/iconfonts/typicons/typicons.css" "Mozilla/5.0 (X11; Linux x86_64) AppleWebKit/537.36 (KHTML, like Gecko) SamsungBrowser/27.0 Chrome/125.0.0.0 Safari/537.36"
169.239.3.250 - - [26/Apr/2025:10:13:14 -0400] "GET /assets/iconfonts/typicons/fonts/typicons.woff HTTP/1.1" 206 43488 "https://finationglobal.com/assets/iconfonts/typicons/typicons.css" "Mozilla/5.0 (X11; Linux x86_64) AppleWebKit/537.36 (KHTML, like Gecko) SamsungBrowser/27.0 Chrome/125.0.0.0 Safari/537.36"
197.186.8.75 - - [26/Apr/2025:10:13:15 -0400] "GET /account/login HTTP/1.1" 200 1297 "https://finationglobal.com/account/" "Mozilla/5.0 (Linux; Android 10; K) AppleWebKit/537.36 (KHTML, like Gecko) Chrome/133.0.0.0 Mobile Safari/537.36"
169.239.3.250 - - [26/Apr/2025:10:13:16 -0400] "GET /account/geneology HTTP/1.1" 200 4896 "https://finationglobal.com/account/" "Mozilla/5.0 (X11; Linux x86_64) AppleWebKit/537.36 (KHTML, like Gecko) SamsungBrowser/27.0 Chrome/125.0.0.0 Safari/537.36"
169.239.3.250 - - [26/Apr/2025:10:13:16 -0400] "GET /account/treestyle.css HTTP/1.1" 200 576 "https://finationglobal.com/account/geneology" "Mozilla/5.0 (X11; Linux x86_64) AppleWebKit/537.36 (KHTML, like Gecko) SamsungBrowser/27.0 Chrome/125.0.0.0 Safari/537.36"
169.239.3.250 - - [26/Apr/2025:10:13:16 -0400] "GET /account/uploads/x.jpg HTTP/1.1" 200 2127 "https://finationglobal.com/account/geneology" "Mozilla/5.0 (X11; Linux x86_64) AppleWebKit/537.36 (KHTML, like Gecko) SamsungBrowser/27.0 Chrome/125.0.0.0 Safari/537.36"
169.239.3.250 - - [26/Apr/2025:10:13:16 -0400] "GET /account/uploads/u0.png HTTP/1.1" 200 2127 "https://finationglobal.com/account/geneology" "Mozilla/5.0 (X11; Linux x86_64) AppleWebKit/537.36 (KHTML, like Gecko) SamsungBrowser/27.0 Chrome/125.0.0.0 Safari/537.36"
197.250.133.81 - - [26/Apr/2025:10:13:35 -0400] "GET /account/fundwallet HTTP/1.1" 200 5921 "https://finationglobal.com/account/fundtransfer" "Mozilla/5.0 (Linux; Android 10; K) AppleWebKit/537.36 (KHTML, like Gecko) Chrome/134.0.0.0 Mobile Safari/537.36"
197.186.8.75 - - [26/Apr/2025:10:13:36 -0400] "POST /account/login HTTP/1.1" 302 1297 "https://finationglobal.com/account/login" "Mozilla/5.0 (Linux; Android 10; K) AppleWebKit/537.36 (KHTML, like Gecko) Chrome/133.0.0.0 Mobile Safari/537.36"
197.250.231.100 - - [26/Apr/2025:10:13:36 -0400] "GET /account/ HTTP/1.1" 200 8175 "https://finationglobal.com/account/geneology?user=kamege" "Mozilla/5.0 (Linux; Android 10; K) AppleWebKit/537.36 (KHTML, like Gecko) Chrome/133.0.0.0 Mobile Safari/537.36"
197.250.231.100 - - [26/Apr/2025:10:13:37 -0400] "GET /account/uploads/u3.png HTTP/1.1" 200 3389 "https://finationglobal.com/account/" "Mozilla/5.0 (Linux; Android 10; K) AppleWebKit/537.36 (KHTML, like Gecko) Chrome/133.0.0.0 Mobile Safari/537.36"
197.186.8.75 - - [26/Apr/2025:10:13:37 -0400] "GET /account/ HTTP/1.1" 200 6792 "https://finationglobal.com/account/login" "Mozilla/5.0 (Linux; Android 10; K) AppleWebKit/537.36 (KHTML, like Gecko) Chrome/133.0.0.0 Mobile Safari/537.36"
197.186.8.75 - - [26/Apr/2025:10:13:44 -0400] "GET /account/?logout=true HTTP/1.1" 302 6792 "https://finationglobal.com/account/" "Mozilla/5.0 (Linux; Android 10; K) AppleWebKit/537.36 (KHTML, like Gecko) Chrome/133.0.0.0 Mobile Safari/537.36"
197.186.8.75 - - [26/Apr/2025:10:13:45 -0400] "GET /account/login.php HTTP/1.1" 302 771 "https://finationglobal.com/account/" "Mozilla/5.0 (Linux; Android 10; K) AppleWebKit/537.36 (KHTML, like Gecko) Chrome/133.0.0.0 Mobile Safari/537.36"
197.250.133.81 - - [26/Apr/2025:10:13:44 -0400] "GET /account/ HTTP/1.1" 200 8175 "https://finationglobal.com/account/login" "Mozilla/5.0 (Linux; Android 10; K) AppleWebKit/537.36 (KHTML, like Gecko) Chrome/134.0.0.0 Mobile Safari/537.36"
197.186.8.75 - - [26/Apr/2025:10:13:45 -0400] "GET /account/login HTTP/1.1" 200 1297 "https://finationglobal.com/account/" "Mozilla/5.0 (Linux; Android 10; K) AppleWebKit/537.36 (KHTML, like Gecko) Chrome/133.0.0.0 Mobile Safari/537.36"
197.250.133.81 - - [26/Apr/2025:10:13:45 -0400] "GET /account/uploads/u3.png HTTP/1.1" 200 3389 "https://finationglobal.com/account/" "Mozilla/5.0 (Linux; Android 10; K) AppleWebKit/537.36 (KHTML, like Gecko) Chrome/134.0.0.0 Mobile Safari/537.36"
