66.249.64.8 - - [12/Jun/2025:08:59:55 -0400] "GET /?d=104115569260&filter=c19a1f&share_to_url=shop.php%3Fid%3D3527539%26name%3Dboat+wave+neo+plus+smartwatch HTTP/1.1" 200 23260 "-" "Mozilla/5.0 (Linux; Android 6.0.1; Nexus 5X Build/MMB29P) AppleWebKit/537.36 (KHTML, like Gecko) Chrome/136.0.7103.113 Mobile Safari/537.36 (compatible; Googlebot/2.1; +http://www.google.com/bot.html)"
52.167.144.221 - - [12/Jun/2025:08:59:56 -0400] "GET /?d=85874851260&filter=70c827&share_to_url=goods.php%3Fid%3D2909267%26name%3Dmultiquick+vedenkeitin HTTP/1.1" 200 22590 "-" "Mozilla/5.0 AppleWebKit/537.36 (KHTML, like Gecko; compatible; bingbot/2.0; +http://www.bing.com/bingbot.htm) Chrome/116.0.1938.76 Safari/537.36"
207.46.13.52 - - [12/Jun/2025:08:59:56 -0400] "GET /?d=96228056260&filter=62bca5&share_to_url=goods.php%3Fid%3D3260135%26name%3Dcustom+mounted+rola+rack HTTP/1.1" 200 24242 "-" "Mozilla/5.0 AppleWebKit/537.36 (KHTML, like Gecko; compatible; bingbot/2.0; +http://www.bing.com/bingbot.htm) Chrome/116.0.1938.76 Safari/537.36"
52.167.144.221 - - [12/Jun/2025:08:59:56 -0400] "GET /?d=104743650260&filter=a8fc1c&share_to_url=model.php%3Fid%3D3549195%26name%3Dadidas+by+rick HTTP/1.1" 200 23718 "-" "Mozilla/5.0 AppleWebKit/537.36 (KHTML, like Gecko; compatible; bingbot/2.0; +http://www.bing.com/bingbot.htm) Chrome/116.0.1938.76 Safari/537.36"
66.249.64.6 - - [12/Jun/2025:08:59:57 -0400] "GET /?d=103235745260&filter=977925&share_to_url=product.php%3Fid%3D3498466%26name%3Dscarpe+tennis+hotsell+nike+outlet HTTP/1.1" 200 24218 "-" "Mozilla/5.0 (Linux; Android 6.0.1; Nexus 5X Build/MMB29P) AppleWebKit/537.36 (KHTML, like Gecko) Chrome/136.0.7103.113 Mobile Safari/537.36 (compatible; Googlebot/2.1; +http://www.google.com/bot.html)"
40.77.167.62 - - [12/Jun/2025:08:59:58 -0400] "GET /?d=112030172260&filter=96a32b&share_to_url=article.php%3Fid%3D3794738%26name%3Dshimano+rp501+discount+dames HTTP/1.1" 200 23808 "-" "Mozilla/5.0 AppleWebKit/537.36 (KHTML, like Gecko; compatible; bingbot/2.0; +http://www.bing.com/bingbot.htm) Chrome/116.0.1938.76 Safari/537.36"
66.249.64.5 - - [12/Jun/2025:08:59:58 -0400] "GET /?d=108719166260&filter=84635c&share_to_url=pin.php%3Fid%3D3681114%26name%3Dvip+biz+core+deals+bag HTTP/1.1" 200 23676 "-" "Mozilla/5.0 (Linux; Android 6.0.1; Nexus 5X Build/MMB29P) AppleWebKit/537.36 (KHTML, like Gecko) Chrome/136.0.7103.113 Mobile Safari/537.36 (compatible; Googlebot/2.1; +http://www.google.com/bot.html)"
52.167.144.170 - - [12/Jun/2025:08:59:58 -0400] "GET /?d=115590107260&filter=5e40a7&share_to_url=detail.php%3Fid%3D3914481%26name%3Ddisney+mini+brands HTTP/1.1" 200 22658 "-" "Mozilla/5.0 AppleWebKit/537.36 (KHTML, like Gecko; compatible; bingbot/2.0; +http://www.bing.com/bingbot.htm) Chrome/116.0.1938.76 Safari/537.36"
66.249.64.5 - - [12/Jun/2025:08:59:59 -0400] "GET /?d=98162436260&filter=e8168d&share_to_url=product.php%3Fid%3D3326386%26name%3Dsan+antonio+y HTTP/1.1" 200 23422 "-" "Mozilla/5.0 (Linux; Android 6.0.1; Nexus 5X Build/MMB29P) AppleWebKit/537.36 (KHTML, like Gecko) Chrome/136.0.7103.113 Mobile Safari/537.36 (compatible; Googlebot/2.1; +http://www.google.com/bot.html)"
66.249.64.8 - - [12/Jun/2025:09:00:01 -0400] "GET /?d=89026015260&filter=b00edb&share_to_url=ideas.php%3Fid%3D3017232%26name%3Dgary+hustwit+a HTTP/1.1" 200 22091 "-" "Mozilla/5.0 (Linux; Android 6.0.1; Nexus 5X Build/MMB29P) AppleWebKit/537.36 (KHTML, like Gecko) Chrome/136.0.7103.113 Mobile Safari/537.36 (compatible; Googlebot/2.1; +http://www.google.com/bot.html)"
66.249.64.6 - - [12/Jun/2025:09:00:02 -0400] "GET /?d=104488524260&filter=cc6f75&share_to_url=shop.php%3Fid%3D3540511%26name%3Dbest+asos+edition HTTP/1.1" 200 23145 "-" "Mozilla/5.0 (Linux; Android 6.0.1; Nexus 5X Build/MMB29P) AppleWebKit/537.36 (KHTML, like Gecko) Chrome/136.0.7103.113 Mobile Safari/537.36 (compatible; Googlebot/2.1; +http://www.google.com/bot.html)"
66.249.64.6 - - [12/Jun/2025:09:00:04 -0400] "GET /?d=98272216260&filter=ea87ba&share_to_url=ideas.php%3Fid%3D3330120%26name%3Dflik+flak+disney+princess HTTP/1.1" 200 23078 "-" "Mozilla/5.0 (Linux; Android 6.0.1; Nexus 5X Build/MMB29P) AppleWebKit/537.36 (KHTML, like Gecko) Chrome/136.0.7103.113 Mobile Safari/537.36 (compatible; Googlebot/2.1; +http://www.google.com/bot.html)"
196.251.88.26 - - [12/Jun/2025:09:00:05 -0400] "GET /.git/config HTTP/1.1" 403 1242 "-" "Mozilla/5.0 (X11; Linux x86_64; rv:7.0a1) Gecko/20110623 Firefox/7.0a1"
66.249.64.7 - - [12/Jun/2025:09:00:05 -0400] "GET /?d=96404187260&filter=144b1a&share_to_url=item.php%3Fid%3D3266269%26name%3Dbiloxy+a+high HTTP/1.1" 200 24075 "-" "Mozilla/5.0 (Linux; Android 6.0.1; Nexus 5X Build/MMB29P) AppleWebKit/537.36 (KHTML, like Gecko) Chrome/136.0.7103.113 Mobile Safari/537.36 (compatible; Googlebot/2.1; +http://www.google.com/bot.html)"
66.249.64.6 - - [12/Jun/2025:09:00:07 -0400] "GET /?d=102636422260&filter=315f2d&share_to_url=pin.php%3Fid%3D3478698%26name%3Djabra+talk+review HTTP/1.1" 200 23062 "-" "Mozilla/5.0 (Linux; Android 6.0.1; Nexus 5X Build/MMB29P) AppleWebKit/537.36 (KHTML, like Gecko) Chrome/136.0.7103.113 Mobile Safari/537.36 (compatible; Googlebot/2.1; +http://www.google.com/bot.html)"
66.249.64.5 - - [12/Jun/2025:09:00:08 -0400] "GET /?d=111787072260&filter=d67b0a&share_to_url=discover.php%3Fid%3D3786293%26name%3D1988+canada+national HTTP/1.1" 200 23718 "-" "Mozilla/5.0 (Linux; Android 6.0.1; Nexus 5X Build/MMB29P) AppleWebKit/537.36 (KHTML, like Gecko) Chrome/136.0.7103.113 Mobile Safari/537.36 (compatible; Googlebot/2.1; +http://www.google.com/bot.html)"
207.46.13.52 - - [12/Jun/2025:09:00:09 -0400] "GET /?d=112255135260&filter=500ad1&share_to_url=shop.php%3Fid%3D3802423%26name%3Dbicicleteria+en+san+martin HTTP/1.1" 200 23575 "-" "Mozilla/5.0 AppleWebKit/537.36 (KHTML, like Gecko; compatible; bingbot/2.0; +http://www.bing.com/bingbot.htm) Chrome/116.0.1938.76 Safari/537.36"
66.249.64.6 - - [12/Jun/2025:09:00:10 -0400] "GET /?d=94305907260&filter=315f2d&share_to_url=pin.php%3Fid%3D3195930%26name%3Dcheap+price+small+light+wear HTTP/1.1" 200 23755 "-" "Mozilla/5.0 (Linux; Android 6.0.1; Nexus 5X Build/MMB29P) AppleWebKit/537.36 (KHTML, like Gecko) Chrome/136.0.7103.113 Mobile Safari/537.36 (compatible; Googlebot/2.1; +http://www.google.com/bot.html)"
40.77.167.62 - - [12/Jun/2025:09:00:10 -0400] "GET /?d=92008309260&filter=febea6&share_to_url=discover.php%3Fid%3D3117029%26name%3Dparrot+pf070259+battery HTTP/1.1" 200 21507 "-" "Mozilla/5.0 AppleWebKit/537.36 (KHTML, like Gecko; compatible; bingbot/2.0; +http://www.bing.com/bingbot.htm) Chrome/116.0.1938.76 Safari/537.36"
66.249.64.6 - - [12/Jun/2025:09:00:11 -0400] "GET /?d=117014767260&filter=80ae2a&share_to_url=ideas.php%3Fid%3D3962652%26name%3D8mm+f%C3%BCr+fossil+es3077 HTTP/1.1" 200 23746 "-" "Mozilla/5.0 (Linux; Android 6.0.1; Nexus 5X Build/MMB29P) AppleWebKit/537.36 (KHTML, like Gecko) Chrome/136.0.7103.113 Mobile Safari/537.36 (compatible; Googlebot/2.1; +http://www.google.com/bot.html)"
66.249.64.5 - - [12/Jun/2025:09:00:11 -0400] "GET /?d=97654293260&filter=3217d2&share_to_url=product.php%3Fid%3D3309634%26name%3Dyou+by+clearance HTTP/1.1" 200 23445 "-" "Mozilla/5.0 (Linux; Android 6.0.1; Nexus 5X Build/MMB29P) AppleWebKit/537.36 (KHTML, like Gecko) Chrome/136.0.7103.113 Mobile Safari/537.36 (compatible; Googlebot/2.1; +http://www.google.com/bot.html)"
66.249.64.5 - - [12/Jun/2025:09:00:12 -0400] "GET /?d=110432322260&filter=80d279&share_to_url=product-page.php%3Fid%3D3738424%26name%3Dargentinian+grilled+beef+short HTTP/1.1" 200 23388 "-" "Mozilla/5.0 (Linux; Android 6.0.1; Nexus 5X Build/MMB29P) AppleWebKit/537.36 (KHTML, like Gecko) Chrome/136.0.7103.113 Mobile Safari/537.36 (compatible; Googlebot/2.1; +http://www.google.com/bot.html)"
66.249.64.5 - - [12/Jun/2025:09:00:13 -0400] "GET /?d=95998508260&filter=5e40a7&share_to_url=pin.php%3Fid%3D3252606%26name%3Dbuy+harley+davidson+barbie HTTP/1.1" 200 22959 "-" "Mozilla/5.0 (Linux; Android 6.0.1; Nexus 5X Build/MMB29P) AppleWebKit/537.36 (KHTML, like Gecko) Chrome/136.0.7103.113 Mobile Safari/537.36 (compatible; Googlebot/2.1; +http://www.google.com/bot.html)"
66.249.64.5 - - [12/Jun/2025:09:00:15 -0400] "GET /?d=114857199260&filter=ec40a3&share_to_url=item.php%3Fid%3D3889249%26name%3Dstks+set+katoenen HTTP/1.1" 200 24155 "-" "Mozilla/5.0 (Linux; Android 6.0.1; Nexus 5X Build/MMB29P) AppleWebKit/537.36 (KHTML, like Gecko) Chrome/136.0.7103.113 Mobile Safari/537.36 (compatible; Googlebot/2.1; +http://www.google.com/bot.html)"
66.249.64.5 - - [12/Jun/2025:09:00:16 -0400] "GET /?d=70173715260&filter=06712c&share_to_url=product-page.php%3Fid%3D2377960%26name%3D404+mujer+camisa+polo+y HTTP/1.1" 200 24669 "-" "Mozilla/5.0 (Linux; Android 6.0.1; Nexus 5X Build/MMB29P) AppleWebKit/537.36 (KHTML, like Gecko) Chrome/136.0.7103.113 Mobile Safari/537.36 (compatible; Googlebot/2.1; +http://www.google.com/bot.html)"
207.46.13.116 - - [12/Jun/2025:09:00:16 -0400] "GET /?d=91986227260&filter=437220&share_to_url=article.php%3Fid%3D3116294%26name%3Dfeminine+wholesale+inch+heel HTTP/1.1" 200 23876 "-" "Mozilla/5.0 AppleWebKit/537.36 (KHTML, like Gecko; compatible; bingbot/2.0; +http://www.bing.com/bingbot.htm) Chrome/116.0.1938.76 Safari/537.36"
52.255.111.8 - - [12/Jun/2025:09:00:17 -0400] "GET /robots.txt HTTP/1.1" 200 65 "-" "Mozilla/5.0 AppleWebKit/537.36 (KHTML, like Gecko); compatible; ChatGPT-User/1.0; +https://openai.com/bot"
52.255.111.8 - - [12/Jun/2025:09:00:17 -0400] "GET /?d=114822181260&filter=2aa707&share_to_url=article.php?id%3D3888134%26name%3Dspeaker+crossover+subwoofer HTTP/1.1" 302 6 "-" "Mozilla/5.0 AppleWebKit/537.36 (KHTML, like Gecko); compatible; ChatGPT-User/1.0; +https://openai.com/bot"
52.255.111.8 - - [12/Jun/2025:09:00:18 -0400] "GET /loginn.php HTTP/1.1" 403 1242 "-" "Mozilla/5.0 AppleWebKit/537.36 (KHTML, like Gecko); compatible; ChatGPT-User/1.0; +https://openai.com/bot"
66.249.64.5 - - [12/Jun/2025:09:00:18 -0400] "GET /?d=112700376260&filter=03977d&share_to_url=shopdetail.php%3Fid%3D3817304%26name%3Dpersian+violet+also+hits HTTP/1.1" 200 22019 "-" "Mozilla/5.0 (Linux; Android 6.0.1; Nexus 5X Build/MMB29P) AppleWebKit/537.36 (KHTML, like Gecko) Chrome/136.0.7103.113 Mobile Safari/537.36 (compatible; Googlebot/2.1; +http://www.google.com/bot.html)"
66.249.64.5 - - [12/Jun/2025:09:00:18 -0400] "GET /?d=116399987260&filter=bcf072&share_to_url=discover.php%3Fid%3D3941741%26name%3Dmens+luxury+clearance+hats HTTP/1.1" 200 23796 "-" "Mozilla/5.0 (Linux; Android 6.0.1; Nexus 5X Build/MMB29P) AppleWebKit/537.36 (KHTML, like Gecko) Chrome/136.0.7103.113 Mobile Safari/537.36 (compatible; Googlebot/2.1; +http://www.google.com/bot.html)"
66.249.64.5 - - [12/Jun/2025:09:00:19 -0400] "GET /?d=102584914260&filter=577ef4&share_to_url=article.php%3Fid%3D3477074%26name%3Dkorean+brand+square+line+center HTTP/1.1" 200 24641 "-" "Mozilla/5.0 (Linux; Android 6.0.1; Nexus 5X Build/MMB29P) AppleWebKit/537.36 (KHTML, like Gecko) Chrome/136.0.7103.113 Mobile Safari/537.36 (compatible; Googlebot/2.1; +http://www.google.com/bot.html)"
66.249.64.5 - - [12/Jun/2025:09:00:19 -0400] "GET /?d=96098139260&filter=4125cd&share_to_url=discover.php%3Fid%3D3255845%26name%3Dmonter+energy+baby HTTP/1.1" 200 23751 "-" "Mozilla/5.0 (Linux; Android 6.0.1; Nexus 5X Build/MMB29P) AppleWebKit/537.36 (KHTML, like Gecko) Chrome/136.0.7103.113 Mobile Safari/537.36 (compatible; Googlebot/2.1; +http://www.google.com/bot.html)"
66.249.64.5 - - [12/Jun/2025:09:00:19 -0400] "GET /?d=104837303260&filter=1876cd&share_to_url=model.php%3Fid%3D3552159%26name%3Ddrake+brings+a+boogie+out HTTP/1.1" 200 23182 "-" "Mozilla/5.0 (Linux; Android 6.0.1; Nexus 5X Build/MMB29P) AppleWebKit/537.36 (KHTML, like Gecko) Chrome/136.0.7103.113 Mobile Safari/537.36 (compatible; Googlebot/2.1; +http://www.google.com/bot.html)"
66.249.64.5 - - [12/Jun/2025:09:00:21 -0400] "GET /?d=115940547260&filter=a8e0e6&share_to_url=ideas.php%3Fid%3D3926316%26name%3Dchihuahua+in+pocket+shirt HTTP/1.1" 200 24078 "-" "Mozilla/5.0 (Linux; Android 6.0.1; Nexus 5X Build/MMB29P) AppleWebKit/537.36 (KHTML, like Gecko) Chrome/136.0.7103.113 Mobile Safari/537.36 (compatible; Googlebot/2.1; +http://www.google.com/bot.html)"
66.249.64.5 - - [12/Jun/2025:09:00:22 -0400] "GET /?d=92157816260&filter=363c48&share_to_url=ideas.php%3Fid%3D3121896%26name%3Dvera+bradley+little+hipster HTTP/1.1" 200 23047 "-" "Mozilla/5.0 (Linux; Android 6.0.1; Nexus 5X Build/MMB29P) AppleWebKit/537.36 (KHTML, like Gecko) Chrome/136.0.7103.113 Mobile Safari/537.36 (compatible; Googlebot/2.1; +http://www.google.com/bot.html)"
66.249.64.5 - - [12/Jun/2025:09:00:22 -0400] "GET /?d=103563105260&filter=934019&share_to_url=product-page.php%3Fid%3D3509176%26name%3Dboden+store+ladies+slippers HTTP/1.1" 200 24018 "-" "Mozilla/5.0 (Linux; Android 6.0.1; Nexus 5X Build/MMB29P) AppleWebKit/537.36 (KHTML, like Gecko) Chrome/136.0.7103.113 Mobile Safari/537.36 (compatible; Googlebot/2.1; +http://www.google.com/bot.html)"
66.249.64.131 - - [12/Jun/2025:09:00:22 -0400] "GET /?d=100662542260&filter=09d15a&share_to_url=pin.php%3Fid%3D3411894%26name%3Dpeach+floral+cotton+a+line HTTP/1.1" 200 22533 "-" "Mozilla/5.0 (Linux; Android 6.0.1; Nexus 5X Build/MMB29P) AppleWebKit/537.36 (KHTML, like Gecko) Chrome/136.0.7103.113 Mobile Safari/537.36 (compatible; Googlebot/2.1; +http://www.google.com/bot.html)"
66.249.64.5 - - [12/Jun/2025:09:00:23 -0400] "GET /?d=94611974260&filter=99bfb5&share_to_url=shopdetail.php%3Fid%3D3205832%26name%3Dcamco+11653+rv HTTP/1.1" 200 23143 "-" "Mozilla/5.0 (Linux; Android 6.0.1; Nexus 5X Build/MMB29P) AppleWebKit/537.36 (KHTML, like Gecko) Chrome/136.0.7103.113 Mobile Safari/537.36 (compatible; Googlebot/2.1; +http://www.google.com/bot.html)"
66.249.64.6 - - [12/Jun/2025:09:00:23 -0400] "GET /?d=92528037260&filter=cc4f00&share_to_url=pin.php%3Fid%3D3134754%26name%3Dketer+kids+multi+dine HTTP/1.1" 200 22068 "-" "Mozilla/5.0 (Linux; Android 6.0.1; Nexus 5X Build/MMB29P) AppleWebKit/537.36 (KHTML, like Gecko) Chrome/136.0.7103.113 Mobile Safari/537.36 (compatible; Googlebot/2.1; +http://www.google.com/bot.html)"
66.249.64.6 - - [12/Jun/2025:09:00:24 -0400] "GET /?d=106354375260&filter=6c17ee&share_to_url=goods.php%3Fid%3D3602159%26name%3Dbabytime+stroller HTTP/1.1" 200 23363 "-" "Mozilla/5.0 (Linux; Android 6.0.1; Nexus 5X Build/MMB29P) AppleWebKit/537.36 (KHTML, like Gecko) Chrome/136.0.7103.113 Mobile Safari/537.36 (compatible; Googlebot/2.1; +http://www.google.com/bot.html)"
66.249.64.6 - - [12/Jun/2025:09:00:25 -0400] "GET /?d=115161796260&filter=96a32b&share_to_url=article.php%3Fid%3D3899690%26name%3Doplossen+de+nature+is HTTP/1.1" 200 24383 "-" "Mozilla/5.0 (Linux; Android 6.0.1; Nexus 5X Build/MMB29P) AppleWebKit/537.36 (KHTML, like Gecko) Chrome/136.0.7103.113 Mobile Safari/537.36 (compatible; Googlebot/2.1; +http://www.google.com/bot.html)"
207.46.13.52 - - [12/Jun/2025:09:00:26 -0400] "GET /?d=114298954260&filter=967b54&share_to_url=item.php?id=3870385&name=the%20dog%20is HTTP/1.1" 200 24325 "-" "Mozilla/5.0 AppleWebKit/537.36 (KHTML, like Gecko; compatible; bingbot/2.0; +http://www.bing.com/bingbot.htm) Chrome/116.0.1938.76 Safari/537.36"
66.249.64.5 - - [12/Jun/2025:09:00:26 -0400] "GET /?d=91624967260&filter=572624&share_to_url=article.php%3Fid%3D3104798%26name%3Dlook+uomo+pe25 HTTP/1.1" 200 24892 "-" "Mozilla/5.0 (Linux; Android 6.0.1; Nexus 5X Build/MMB29P) AppleWebKit/537.36 (KHTML, like Gecko) Chrome/136.0.7103.113 Mobile Safari/537.36 (compatible; Googlebot/2.1; +http://www.google.com/bot.html)"
207.46.13.52 - - [12/Jun/2025:09:00:27 -0400] "GET /?d=116194758260&filter=995e37&share_to_url=detail.php%3Fid%3D3935121%26name%3Dused+2006+land HTTP/1.1" 200 22123 "-" "Mozilla/5.0 AppleWebKit/537.36 (KHTML, like Gecko; compatible; bingbot/2.0; +http://www.bing.com/bingbot.htm) Chrome/116.0.1938.76 Safari/537.36"
40.77.167.62 - - [12/Jun/2025:09:00:27 -0400] "GET /?d=117108231260&filter=1d3899&share_to_url=product-page.php%3Fid%3D3965800%26name%3Dhelping+kittens+with HTTP/1.1" 200 23353 "-" "Mozilla/5.0 AppleWebKit/537.36 (KHTML, like Gecko; compatible; bingbot/2.0; +http://www.bing.com/bingbot.htm) Chrome/116.0.1938.76 Safari/537.36"
66.249.64.5 - - [12/Jun/2025:09:00:28 -0400] "GET /?d=114839608260&filter=6e89d3&share_to_url=discover.php%3Fid%3D3888689%26name%3Dbaby+fox+print HTTP/1.1" 200 24934 "-" "Mozilla/5.0 (Linux; Android 6.0.1; Nexus 5X Build/MMB29P) AppleWebKit/537.36 (KHTML, like Gecko) Chrome/136.0.7103.113 Mobile Safari/537.36 (compatible; Googlebot/2.1; +http://www.google.com/bot.html)"
66.249.64.6 - - [12/Jun/2025:09:00:29 -0400] "GET /?d=101501905260&filter=8c1a8c&share_to_url=model.php%3Fid%3D3440943%26name%3Dkomodo+dragon+custom HTTP/1.1" 200 24468 "-" "Mozilla/5.0 (Linux; Android 6.0.1; Nexus 5X Build/MMB29P) AppleWebKit/537.36 (KHTML, like Gecko) Chrome/136.0.7103.113 Mobile Safari/537.36 (compatible; Googlebot/2.1; +http://www.google.com/bot.html)"
66.249.64.6 - - [12/Jun/2025:09:00:30 -0400] "GET /?d=82261339260&filter=06712c&share_to_url=goods.php%3Fid%3D2786447%26name%3Dpepe+jeans+jolie HTTP/1.1" 200 24169 "-" "Mozilla/5.0 (Linux; Android 6.0.1; Nexus 5X Build/MMB29P) AppleWebKit/537.36 (KHTML, like Gecko) Chrome/136.0.7103.113 Mobile Safari/537.36 (compatible; Googlebot/2.1; +http://www.google.com/bot.html)"
108.181.202.211 - - [12/Jun/2025:09:00:30 -0400] "GET /wp-includes/edit.php HTTP/1.1" 302 22 "https://churchmr.com/wp-includes/edit.php" "Mozilla/5.0 (Macintosh; U; Intel Mac OS X 10_6_2; ja-jp) AppleWebKit/531.21.8 (KHTML, like Gecko) Version/4.0.4 Safari/531.21.10"
108.181.202.211 - - [12/Jun/2025:09:00:31 -0400] "GET /wp-includes/loginn.php HTTP/1.1" 302 22 "-" "Mozilla/5.0 (Macintosh; U; Intel Mac OS X 10_6_2; ja-jp) AppleWebKit/531.21.8 (KHTML, like Gecko) Version/4.0.4 Safari/531.21.10"
108.181.202.211 - - [12/Jun/2025:09:00:32 -0400] "GET /wp-includes/loginn.php HTTP/1.1" 302 22 "-" "Mozilla/5.0 (Macintosh; U; Intel Mac OS X 10_6_2; ja-jp) AppleWebKit/531.21.8 (KHTML, like Gecko) Version/4.0.4 Safari/531.21.10"
66.249.64.5 - - [12/Jun/2025:09:00:32 -0400] "GET /?d=115918662260&filter=d169e3&share_to_url=goods.php%3Fid%3D3925583%26name%3Dreebok+pumps+hotsell+for+sale HTTP/1.1" 200 22589 "-" "Mozilla/5.0 (Linux; Android 6.0.1; Nexus 5X Build/MMB29P) AppleWebKit/537.36 (KHTML, like Gecko) Chrome/136.0.7103.113 Mobile Safari/537.36 (compatible; Googlebot/2.1; +http://www.google.com/bot.html)"
108.181.202.211 - - [12/Jun/2025:09:00:32 -0400] "GET /wp-includes/edit.php HTTP/1.1" 302 22 "https://churchmr.com/wp-includes/edit.php" "Mozilla/4.0 (compatible; MSIE 7.0; Windows NT 5.1; .NET CLR 1.1.4322; .NET CLR 2.0.50727; .NET CLR 3.0.04506.30)"
173.208.153.154 - - [12/Jun/2025:09:00:33 -0400] "GET /wp-includes/edit.php HTTP/1.1" 302 22 "https://churchmr.com/wp-includes/edit.php" "Mozilla/4.0 (compatible; MSIE 7.0; Windows NT 5.1; SV1; .NET CLR 1.0.3705; .NET CLR 2.0.50727; .NET CLR 1.1.4322)"
66.249.64.5 - - [12/Jun/2025:09:00:33 -0400] "GET /?d=116565553260&filter=1876cd&share_to_url=detail.php%3Fid%3D3947409%26name%3Djess+039+s+navy+pajamas+with HTTP/1.1" 200 24362 "-" "Mozilla/5.0 (Linux; Android 6.0.1; Nexus 5X Build/MMB29P) AppleWebKit/537.36 (KHTML, like Gecko) Chrome/136.0.7103.113 Mobile Safari/537.36 (compatible; Googlebot/2.1; +http://www.google.com/bot.html)"
108.181.202.211 - - [12/Jun/2025:09:00:33 -0400] "GET /wp-includes/loginn.php HTTP/1.1" 302 22 "-" "Mozilla/4.0 (compatible; MSIE 7.0; Windows NT 5.1; .NET CLR 1.1.4322; .NET CLR 2.0.50727; .NET CLR 3.0.04506.30)"
173.208.153.154 - - [12/Jun/2025:09:00:33 -0400] "GET /wp-includes/loginn.php HTTP/1.1" 302 22 "-" "Mozilla/4.0 (compatible; MSIE 7.0; Windows NT 5.1; SV1; .NET CLR 1.0.3705; .NET CLR 2.0.50727; .NET CLR 1.1.4322)"
108.181.202.211 - - [12/Jun/2025:09:00:34 -0400] "GET /wp-includes/loginn.php HTTP/1.1" 302 22 "-" "Mozilla/4.0 (compatible; MSIE 7.0; Windows NT 5.1; .NET CLR 1.1.4322; .NET CLR 2.0.50727; .NET CLR 3.0.04506.30)"
173.208.153.154 - - [12/Jun/2025:09:00:34 -0400] "GET /wp-includes/loginn.php HTTP/1.1" 302 22 "-" "Mozilla/4.0 (compatible; MSIE 7.0; Windows NT 5.1; SV1; .NET CLR 1.0.3705; .NET CLR 2.0.50727; .NET CLR 1.1.4322)"
108.181.202.211 - - [12/Jun/2025:09:00:35 -0400] "GET /wp-includes/edit.php HTTP/1.1" 302 22 "https://churchmr.com/wp-includes/edit.php" "Mozilla/5.0 (compatible; MSIE 10.0; Windows NT 6.1; Trident/6.0)"
66.249.64.7 - - [12/Jun/2025:09:00:35 -0400] "GET /?d=109144617260&filter=57d610&share_to_url=ideas.php%3Fid%3D3694872%26name%3Dalebrije+de+armadillo HTTP/1.1" 200 23039 "-" "Mozilla/5.0 (Linux; Android 6.0.1; Nexus 5X Build/MMB29P) AppleWebKit/537.36 (KHTML, like Gecko) Chrome/136.0.7103.113 Mobile Safari/537.36 (compatible; Googlebot/2.1; +http://www.google.com/bot.html)"
173.208.153.154 - - [12/Jun/2025:09:00:35 -0400] "GET /wp-includes/edit.php HTTP/1.1" 302 22 "https://churchmr.com/wp-includes/edit.php" "Mozilla/4.0 (compatible; MSIE 8.0; Windows NT 5.1; Trident/4.0; EasyBits GO v1.0; InfoPath.1; .NET CLR 2.0.50727; .NET CLR 3.0.4506.2152; .NET CLR 3.5.30729)"
108.181.202.211 - - [12/Jun/2025:09:00:35 -0400] "GET /wp-includes/loginn.php HTTP/1.1" 302 22 "-" "Mozilla/5.0 (compatible; MSIE 10.0; Windows NT 6.1; Trident/6.0)"
66.249.64.6 - - [12/Jun/2025:09:00:36 -0400] "GET /?d=109432723260&filter=9aabe5&share_to_url=ideas.php%3Fid%3D3704196%26name%3Dmangalsutra+design+png HTTP/1.1" 200 23269 "-" "Mozilla/5.0 (Linux; Android 6.0.1; Nexus 5X Build/MMB29P) AppleWebKit/537.36 (KHTML, like Gecko) Chrome/136.0.7103.113 Mobile Safari/537.36 (compatible; Googlebot/2.1; +http://www.google.com/bot.html)"
173.208.153.154 - - [12/Jun/2025:09:00:36 -0400] "GET /wp-includes/loginn.php HTTP/1.1" 302 22 "-" "Mozilla/4.0 (compatible; MSIE 8.0; Windows NT 5.1; Trident/4.0; EasyBits GO v1.0; InfoPath.1; .NET CLR 2.0.50727; .NET CLR 3.0.4506.2152; .NET CLR 3.5.30729)"
207.46.13.116 - - [12/Jun/2025:09:00:36 -0400] "GET /?d=95673946260&filter=6acbf4&share_to_url=shopdetail.php%3Fid%3D3241604%26name%3Dindonesian+villages+pit HTTP/1.1" 200 24325 "-" "Mozilla/5.0 AppleWebKit/537.36 (KHTML, like Gecko; compatible; bingbot/2.0; +http://www.bing.com/bingbot.htm) Chrome/116.0.1938.76 Safari/537.36"
66.249.64.5 - - [12/Jun/2025:09:00:36 -0400] "GET /?d=105137707260&filter=f7447b&share_to_url=pin.php%3Fid%3D3561786%26name%3Dopen+box+samsung+70 HTTP/1.1" 200 23654 "-" "Mozilla/5.0 (Linux; Android 6.0.1; Nexus 5X Build/MMB29P) AppleWebKit/537.36 (KHTML, like Gecko) Chrome/136.0.7103.113 Mobile Safari/537.36 (compatible; Googlebot/2.1; +http://www.google.com/bot.html)"
108.181.202.211 - - [12/Jun/2025:09:00:36 -0400] "GET /wp-includes/loginn.php HTTP/1.1" 302 22 "-" "Mozilla/5.0 (compatible; MSIE 10.0; Windows NT 6.1; Trident/6.0)"
173.208.153.154 - - [12/Jun/2025:09:00:36 -0400] "GET /wp-includes/loginn.php HTTP/1.1" 302 22 "-" "Mozilla/4.0 (compatible; MSIE 8.0; Windows NT 5.1; Trident/4.0; EasyBits GO v1.0; InfoPath.1; .NET CLR 2.0.50727; .NET CLR 3.0.4506.2152; .NET CLR 3.5.30729)"
207.46.13.116 - - [12/Jun/2025:09:00:37 -0400] "GET /?d=112054491260&filter=ef2428&share_to_url=article.php%3Fid%3D3795566%26name%3Dhow+to+install+skyline+webcams HTTP/1.1" 200 23824 "-" "Mozilla/5.0 AppleWebKit/537.36 (KHTML, like Gecko; compatible; bingbot/2.0; +http://www.bing.com/bingbot.htm) Chrome/116.0.1938.76 Safari/537.36"
173.208.153.154 - - [12/Jun/2025:09:00:37 -0400] "GET /wp-includes/edit.php HTTP/1.1" 302 22 "https://churchmr.com/wp-includes/edit.php" "Mozilla/5.0 (compatible; MSIE 10.0; Windows NT 6.2; ARM; Trident/6.0)"
66.249.64.7 - - [12/Jun/2025:09:00:37 -0400] "GET /?d=92464124260&filter=b3ae16&share_to_url=discover.php%3Fid%3D3132461%26name%3Dpuma+leader+hot+sale+vt HTTP/1.1" 200 22553 "-" "Mozilla/5.0 (Linux; Android 6.0.1; Nexus 5X Build/MMB29P) AppleWebKit/537.36 (KHTML, like Gecko) Chrome/136.0.7103.113 Mobile Safari/537.36 (compatible; Googlebot/2.1; +http://www.google.com/bot.html)"
207.46.13.116 - - [12/Jun/2025:09:00:37 -0400] "GET /?d=19446180260&filter=1226ef&share_to_url=item.php%3Fid%3D660997%26name%3Dcab+sauv+carmenere HTTP/1.1" 200 22918 "-" "Mozilla/5.0 AppleWebKit/537.36 (KHTML, like Gecko; compatible; bingbot/2.0; +http://www.bing.com/bingbot.htm) Chrome/116.0.1938.76 Safari/537.36"
52.167.144.162 - - [12/Jun/2025:09:00:38 -0400] "GET /?d=110014415260&filter=fd45ef&share_to_url=shop.php%3Fid%3D3723379%26name%3Dmagnet+build+32+piece+extra+strong HTTP/1.1" 200 22430 "-" "Mozilla/5.0 AppleWebKit/537.36 (KHTML, like Gecko; compatible; bingbot/2.0; +http://www.bing.com/bingbot.htm) Chrome/116.0.1938.76 Safari/537.36"
173.208.153.154 - - [12/Jun/2025:09:00:38 -0400] "GET /wp-includes/loginn.php HTTP/1.1" 302 22 "-" "Mozilla/5.0 (compatible; MSIE 10.0; Windows NT 6.2; ARM; Trident/6.0)"
173.208.153.154 - - [12/Jun/2025:09:00:38 -0400] "GET /wp-includes/loginn.php HTTP/1.1" 302 22 "-" "Mozilla/5.0 (compatible; MSIE 10.0; Windows NT 6.2; ARM; Trident/6.0)"
66.249.64.5 - - [12/Jun/2025:09:00:39 -0400] "GET /?d=111534290260&filter=1c3e5e&share_to_url=product.php%3Fid%3D3777394%26name%3Dct1x8+single HTTP/1.1" 200 23041 "-" "Mozilla/5.0 (Linux; Android 6.0.1; Nexus 5X Build/MMB29P) AppleWebKit/537.36 (KHTML, like Gecko) Chrome/136.0.7103.113 Mobile Safari/537.36 (compatible; Googlebot/2.1; +http://www.google.com/bot.html)"
40.77.167.62 - - [12/Jun/2025:09:00:39 -0400] "GET /?d=104239926260&filter=74aed1&share_to_url=goods.php%3Fid%3D3531875%26name%3Dcompra+nueva+almohada+para HTTP/1.1" 200 23388 "-" "Mozilla/5.0 AppleWebKit/537.36 (KHTML, like Gecko; compatible; bingbot/2.0; +http://www.bing.com/bingbot.htm) Chrome/116.0.1938.76 Safari/537.36"
66.249.64.6 - - [12/Jun/2025:09:00:40 -0400] "GET /?d=108960103260&filter=89626b&share_to_url=discover.php%3Fid%3D3688925%26name%3Doc810+adt+pulse HTTP/1.1" 200 23942 "-" "Mozilla/5.0 (Linux; Android 6.0.1; Nexus 5X Build/MMB29P) AppleWebKit/537.36 (KHTML, like Gecko) Chrome/136.0.7103.113 Mobile Safari/537.36 (compatible; Googlebot/2.1; +http://www.google.com/bot.html)"
52.167.144.162 - - [12/Jun/2025:09:00:40 -0400] "GET /?d=47433840260&filter=c79531&share_to_url=model.php%3Fid%3D1611063%26name%3Dglam+glitter+lol+2025 HTTP/1.1" 200 22994 "-" "Mozilla/5.0 AppleWebKit/537.36 (KHTML, like Gecko; compatible; bingbot/2.0; +http://www.bing.com/bingbot.htm) Chrome/116.0.1938.76 Safari/537.36"
66.249.64.7 - - [12/Jun/2025:09:00:41 -0400] "GET /?d=95493236260&filter=56a28e&share_to_url=pin.php%3Fid%3D3235362%26name%3Dbuy+memory+foam+lumbar HTTP/1.1" 200 22510 "-" "Mozilla/5.0 (Linux; Android 6.0.1; Nexus 5X Build/MMB29P) AppleWebKit/537.36 (KHTML, like Gecko) Chrome/136.0.7103.113 Mobile Safari/537.36 (compatible; Googlebot/2.1; +http://www.google.com/bot.html)"
52.167.144.162 - - [12/Jun/2025:09:00:42 -0400] "GET /?d=96275715260&filter=b4da41&share_to_url=item.php%3Fid%3D3261781%26name%3Dvictoria+secret+fashion+show HTTP/1.1" 200 21950 "-" "Mozilla/5.0 AppleWebKit/537.36 (KHTML, like Gecko; compatible; bingbot/2.0; +http://www.bing.com/bingbot.htm) Chrome/116.0.1938.76 Safari/537.36"
66.249.64.7 - - [12/Jun/2025:09:00:43 -0400] "GET /?d=110948931260&filter=637771&share_to_url=shopdetail.php%3Fid%3D3757124%26name%3Dvan+cleef+and+arpels+montre HTTP/1.1" 200 23292 "-" "Mozilla/5.0 (Linux; Android 6.0.1; Nexus 5X Build/MMB29P) AppleWebKit/537.36 (KHTML, like Gecko) Chrome/136.0.7103.113 Mobile Safari/537.36 (compatible; Googlebot/2.1; +http://www.google.com/bot.html)"
66.249.64.5 - - [12/Jun/2025:09:00:44 -0400] "GET /?d=58714405260&filter=06712c&share_to_url=discover.php%3Fid%3D1992569%26name%3Doff HTTP/1.1" 200 22897 "-" "Mozilla/5.0 (Linux; Android 6.0.1; Nexus 5X Build/MMB29P) AppleWebKit/537.36 (KHTML, like Gecko) Chrome/136.0.7103.113 Mobile Safari/537.36 (compatible; Googlebot/2.1; +http://www.google.com/bot.html)"
66.249.64.7 - - [12/Jun/2025:09:00:45 -0400] "GET /?d=98994178260&filter=315f2d&share_to_url=product.php%3Fid%3D3355042%26name%3Dbuy+met+style+l21+truly+true HTTP/1.1" 200 24267 "-" "Mozilla/5.0 (Linux; Android 6.0.1; Nexus 5X Build/MMB29P) AppleWebKit/537.36 (KHTML, like Gecko) Chrome/136.0.7103.113 Mobile Safari/537.36 (compatible; Googlebot/2.1; +http://www.google.com/bot.html)"
66.249.64.7 - - [12/Jun/2025:09:00:45 -0400] "GET /?d=96979089260&filter=cfd224&share_to_url=goods.php%3Fid%3D3285719%26name%3Dintimissimi+lingerie+experts+discover HTTP/1.1" 200 23805 "-" "Mozilla/5.0 (Linux; Android 6.0.1; Nexus 5X Build/MMB29P) AppleWebKit/537.36 (KHTML, like Gecko) Chrome/136.0.7103.113 Mobile Safari/537.36 (compatible; Googlebot/2.1; +http://www.google.com/bot.html)"
66.249.64.7 - - [12/Jun/2025:09:00:46 -0400] "GET /?d=90978002260&filter=49bff6&share_to_url=ideas.php%3Fid%3D3083268%26name%3Dsapatilhas+geox+sale+senhora+2019 HTTP/1.1" 200 23972 "-" "Mozilla/5.0 (Linux; Android 6.0.1; Nexus 5X Build/MMB29P) AppleWebKit/537.36 (KHTML, like Gecko) Chrome/136.0.7103.113 Mobile Safari/537.36 (compatible; Googlebot/2.1; +http://www.google.com/bot.html)"
66.249.64.5 - - [12/Jun/2025:09:00:47 -0400] "GET /?d=115468687260&filter=6f7032&share_to_url=model.php%3Fid%3D3910335%26name%3Dflavoursome+extreme+chilli HTTP/1.1" 200 23915 "-" "Mozilla/5.0 (Linux; Android 6.0.1; Nexus 5X Build/MMB29P) AppleWebKit/537.36 (KHTML, like Gecko) Chrome/136.0.7103.113 Mobile Safari/537.36 (compatible; Googlebot/2.1; +http://www.google.com/bot.html)"
66.249.64.5 - - [12/Jun/2025:09:00:49 -0400] "GET /?d=102578551260&filter=f4b633&share_to_url=article.php%3Fid%3D3476870%26name%3Done+60+minute+deep HTTP/1.1" 200 24968 "-" "Mozilla/5.0 (Linux; Android 6.0.1; Nexus 5X Build/MMB29P) AppleWebKit/537.36 (KHTML, like Gecko) Chrome/136.0.7103.113 Mobile Safari/537.36 (compatible; Googlebot/2.1; +http://www.google.com/bot.html)"
66.249.64.5 - - [12/Jun/2025:09:00:49 -0400] "GET /?d=99719794260&filter=2b1037&share_to_url=product-page.php%3Fid%3D3379720%26name%3Dmanchi+manasulu+full+length HTTP/1.1" 200 23153 "-" "Mozilla/5.0 (Linux; Android 6.0.1; Nexus 5X Build/MMB29P) AppleWebKit/537.36 (KHTML, like Gecko) Chrome/136.0.7103.113 Mobile Safari/537.36 (compatible; Googlebot/2.1; +http://www.google.com/bot.html)"
66.249.64.5 - - [12/Jun/2025:09:00:50 -0400] "GET /?d=90359227260&filter=74e00d&share_to_url=product.php%3Fid%3D3062278%26name%3Dgabrielle+chanel+fragrance+review HTTP/1.1" 200 23784 "-" "Mozilla/5.0 (Linux; Android 6.0.1; Nexus 5X Build/MMB29P) AppleWebKit/537.36 (KHTML, like Gecko) Chrome/136.0.7103.113 Mobile Safari/537.36 (compatible; Googlebot/2.1; +http://www.google.com/bot.html)"
66.249.64.6 - - [12/Jun/2025:09:00:52 -0400] "GET /?d=109971378260&filter=c11d46&share_to_url=detail.php%3Fid%3D3722013%26name%3Dbeadtin+uk+2024 HTTP/1.1" 200 23789 "-" "Mozilla/5.0 (Linux; Android 6.0.1; Nexus 5X Build/MMB29P) AppleWebKit/537.36 (KHTML, like Gecko) Chrome/136.0.7103.113 Mobile Safari/537.36 (compatible; Googlebot/2.1; +http://www.google.com/bot.html)"
66.249.64.132 - - [12/Jun/2025:09:00:52 -0400] "GET /?d=115538244260&filter=6ca228&share_to_url=model.php%3Fid%3D3912579%26name%3Dbuy+daily+paper+manu+hoodie HTTP/1.1" 200 24315 "-" "Mozilla/5.0 (Linux; Android 6.0.1; Nexus 5X Build/MMB29P) AppleWebKit/537.36 (KHTML, like Gecko) Chrome/136.0.7103.113 Mobile Safari/537.36 (compatible; Googlebot/2.1; +http://www.google.com/bot.html)"
66.249.64.5 - - [12/Jun/2025:09:00:53 -0400] "GET /?d=97899684260&filter=2b3734&share_to_url=detail.php%3Fid%3D3318021%26name%3Dday+one+in+milan HTTP/1.1" 200 23115 "-" "Mozilla/5.0 (Linux; Android 6.0.1; Nexus 5X Build/MMB29P) AppleWebKit/537.36 (KHTML, like Gecko) Chrome/136.0.7103.113 Mobile Safari/537.36 (compatible; Googlebot/2.1; +http://www.google.com/bot.html)"
66.249.64.7 - - [12/Jun/2025:09:00:54 -0400] "GET /?d=94221945260&filter=01923f&share_to_url=shopdetail.php%3Fid%3D3192896%26name%3Ddecathlon+top+tute+reebok HTTP/1.1" 200 22922 "-" "Mozilla/5.0 (Linux; Android 6.0.1; Nexus 5X Build/MMB29P) AppleWebKit/537.36 (KHTML, like Gecko) Chrome/136.0.7103.113 Mobile Safari/537.36 (compatible; Googlebot/2.1; +http://www.google.com/bot.html)"
66.249.64.6 - - [12/Jun/2025:09:00:55 -0400] "GET /?d=90913593260&filter=937553&share_to_url=article.php%3Fid%3D3081266%26name%3Dli+ning+furious+2025 HTTP/1.1" 200 23921 "-" "Mozilla/5.0 (Linux; Android 6.0.1; Nexus 5X Build/MMB29P) AppleWebKit/537.36 (KHTML, like Gecko) Chrome/136.0.7103.113 Mobile Safari/537.36 (compatible; Googlebot/2.1; +http://www.google.com/bot.html)"
207.46.13.52 - - [12/Jun/2025:09:00:56 -0400] "GET /?d=100832393260&filter=1cbf7a&share_to_url=article.php%3Fid%3D3417674%26name%3Dlawnmaster+2300+psi+electric+pressure HTTP/1.1" 200 23255 "-" "Mozilla/5.0 AppleWebKit/537.36 (KHTML, like Gecko; compatible; bingbot/2.0; +http://www.bing.com/bingbot.htm) Chrome/116.0.1938.76 Safari/537.36"
66.249.64.7 - - [12/Jun/2025:09:00:56 -0400] "GET /?d=104456205260&filter=7af24f&share_to_url=ideas.php%3Fid%3D3539376%26name%3D17+outdoor+cooler+stands HTTP/1.1" 200 23669 "-" "Mozilla/5.0 (Linux; Android 6.0.1; Nexus 5X Build/MMB29P) AppleWebKit/537.36 (KHTML, like Gecko) Chrome/136.0.7103.113 Mobile Safari/537.36 (compatible; Googlebot/2.1; +http://www.google.com/bot.html)"
52.167.144.221 - - [12/Jun/2025:09:00:57 -0400] "GET /?d=107338261260&filter=96059a&share_to_url=ideas.php%3Fid%3D3634740%26name%3Dantique+round+birks+sterling HTTP/1.1" 200 23332 "-" "Mozilla/5.0 AppleWebKit/537.36 (KHTML, like Gecko; compatible; bingbot/2.0; +http://www.bing.com/bingbot.htm) Chrome/116.0.1938.76 Safari/537.36"
66.249.64.6 - - [12/Jun/2025:09:00:58 -0400] "GET /?d=108428322260&filter=8d4935&share_to_url=shopdetail.php%3Fid%3D3671240%26name%3Delgin+men+039+s+skeleton+dial+automatic HTTP/1.1" 200 23719 "-" "Mozilla/5.0 (Linux; Android 6.0.1; Nexus 5X Build/MMB29P) AppleWebKit/537.36 (KHTML, like Gecko) Chrome/136.0.7103.113 Mobile Safari/537.36 (compatible; Googlebot/2.1; +http://www.google.com/bot.html)"
66.249.64.8 - - [12/Jun/2025:09:00:59 -0400] "GET /?d=102496160260&filter=8249c9&share_to_url=shop.php%3Fid%3D3474139%26name%3Drunway+concepts+kenzo+runway HTTP/1.1" 200 23102 "-" "Mozilla/5.0 (Linux; Android 6.0.1; Nexus 5X Build/MMB29P) AppleWebKit/537.36 (KHTML, like Gecko) Chrome/136.0.7103.113 Mobile Safari/537.36 (compatible; Googlebot/2.1; +http://www.google.com/bot.html)"
66.249.64.5 - - [12/Jun/2025:09:01:00 -0400] "GET /?d=110973133260&filter=8e5441&share_to_url=discover.php%3Fid%3D3757889%26name%3Dcarmen+dell+039+orefice HTTP/1.1" 200 23406 "-" "Mozilla/5.0 (Linux; Android 6.0.1; Nexus 5X Build/MMB29P) AppleWebKit/537.36 (KHTML, like Gecko) Chrome/136.0.7103.113 Mobile Safari/537.36 (compatible; Googlebot/2.1; +http://www.google.com/bot.html)"
66.249.64.7 - - [12/Jun/2025:09:01:01 -0400] "GET /?d=95436328260&filter=a4c9b9&share_to_url=discover.php%3Fid%3D3233309%26name%3Dtrending+country+songs+2025 HTTP/1.1" 200 23293 "-" "Mozilla/5.0 (Linux; Android 6.0.1; Nexus 5X Build/MMB29P) AppleWebKit/537.36 (KHTML, like Gecko) Chrome/136.0.7103.113 Mobile Safari/537.36 (compatible; Googlebot/2.1; +http://www.google.com/bot.html)"
66.249.64.5 - - [12/Jun/2025:09:01:01 -0400] "GET /?d=89843339260&filter=40f37c&share_to_url=detail.php%3Fid%3D3045117%26name%3Davant+shampoo+system+with+black HTTP/1.1" 200 23423 "-" "Mozilla/5.0 (Linux; Android 6.0.1; Nexus 5X Build/MMB29P) AppleWebKit/537.36 (KHTML, like Gecko) Chrome/136.0.7103.113 Mobile Safari/537.36 (compatible; Googlebot/2.1; +http://www.google.com/bot.html)"
66.249.64.6 - - [12/Jun/2025:09:01:02 -0400] "GET /?d=116405386260&filter=bcf072&share_to_url=item.php%3Fid%3D3941905%26name%3Dmuji+usa+protect+yourself HTTP/1.1" 200 24453 "-" "Mozilla/5.0 (Linux; Android 6.0.1; Nexus 5X Build/MMB29P) AppleWebKit/537.36 (KHTML, like Gecko) Chrome/136.0.7103.113 Mobile Safari/537.36 (compatible; Googlebot/2.1; +http://www.google.com/bot.html)"
66.249.64.6 - - [12/Jun/2025:09:01:03 -0400] "GET /?d=23890800260&filter=662838&share_to_url=detail.php%3Fid%3D810153%26name%3Dapm+100mm+45 HTTP/1.1" 200 22878 "-" "Mozilla/5.0 (Linux; Android 6.0.1; Nexus 5X Build/MMB29P) AppleWebKit/537.36 (KHTML, like Gecko) Chrome/136.0.7103.113 Mobile Safari/537.36 (compatible; Googlebot/2.1; +http://www.google.com/bot.html)"
66.249.64.6 - - [12/Jun/2025:09:01:05 -0400] "GET /?d=66666425260&filter=06712c&share_to_url=product-page.php%3Fid%3D2260204%26name%3Dpantalone+nais+nero+con HTTP/1.1" 200 24569 "-" "Mozilla/5.0 (Linux; Android 6.0.1; Nexus 5X Build/MMB29P) AppleWebKit/537.36 (KHTML, like Gecko) Chrome/136.0.7103.113 Mobile Safari/537.36 (compatible; Googlebot/2.1; +http://www.google.com/bot.html)"
207.46.13.116 - - [12/Jun/2025:09:01:06 -0400] "GET /?d=32480570260&filter=132c35&share_to_url=goods.php%3Fid%3D1104287%26name%3Dteletubbies+pull+and+play HTTP/1.1" 200 23416 "-" "Mozilla/5.0 AppleWebKit/537.36 (KHTML, like Gecko; compatible; bingbot/2.0; +http://www.bing.com/bingbot.htm) Chrome/116.0.1938.76 Safari/537.36"
66.249.64.5 - - [12/Jun/2025:09:01:06 -0400] "GET /?d=111703753260&filter=22b7ad&share_to_url=shopdetail.php%3Fid%3D3783320%26name%3Dkendall+jenner+wears+designer+dress HTTP/1.1" 200 22052 "-" "Mozilla/5.0 (Linux; Android 6.0.1; Nexus 5X Build/MMB29P) AppleWebKit/537.36 (KHTML, like Gecko) Chrome/136.0.7103.113 Mobile Safari/537.36 (compatible; Googlebot/2.1; +http://www.google.com/bot.html)"
52.167.144.162 - - [12/Jun/2025:09:01:07 -0400] "GET /?d=93434363260&filter=83f648&share_to_url=shopdetail.php%3Fid%3D3165452%26name%3Dgafas+gucci+dama HTTP/1.1" 200 22740 "-" "Mozilla/5.0 AppleWebKit/537.36 (KHTML, like Gecko; compatible; bingbot/2.0; +http://www.bing.com/bingbot.htm) Chrome/116.0.1938.76 Safari/537.36"
66.249.64.6 - - [12/Jun/2025:09:01:08 -0400] "GET /?d=108027627260&filter=a4c9b9&share_to_url=item.php%3Fid%3D3657601%26name%3Dwatch+online+captain HTTP/1.1" 200 22952 "-" "Mozilla/5.0 (Linux; Android 6.0.1; Nexus 5X Build/MMB29P) AppleWebKit/537.36 (KHTML, like Gecko) Chrome/136.0.7103.113 Mobile Safari/537.36 (compatible; Googlebot/2.1; +http://www.google.com/bot.html)"
52.167.144.170 - - [12/Jun/2025:09:01:08 -0400] "GET /?d=113955549260&filter=840cc2&share_to_url=detail.php%3Fid%3D3859305%26name%3Dpremium+white+satin+bell HTTP/1.1" 200 23617 "-" "Mozilla/5.0 AppleWebKit/537.36 (KHTML, like Gecko; compatible; bingbot/2.0; +http://www.bing.com/bingbot.htm) Chrome/116.0.1938.76 Safari/537.36"
52.167.144.170 - - [12/Jun/2025:09:01:09 -0400] "GET /?d=87274030260&filter=8104cb&share_to_url=item.php%3Fid%3D2957653%26name%3Dfrestyque+1000w+foldable+hair+dryer HTTP/1.1" 200 23503 "-" "Mozilla/5.0 AppleWebKit/537.36 (KHTML, like Gecko; compatible; bingbot/2.0; +http://www.bing.com/bingbot.htm) Chrome/116.0.1938.76 Safari/537.36"
66.249.64.5 - - [12/Jun/2025:09:01:09 -0400] "GET /?d=104070115260&filter=01758e&share_to_url=model.php%3Fid%3D3526107%26name%3Dtortuga+el HTTP/1.1" 200 24282 "-" "Mozilla/5.0 (Linux; Android 6.0.1; Nexus 5X Build/MMB29P) AppleWebKit/537.36 (KHTML, like Gecko) Chrome/136.0.7103.113 Mobile Safari/537.36 (compatible; Googlebot/2.1; +http://www.google.com/bot.html)"
52.167.144.162 - - [12/Jun/2025:09:01:09 -0400] "GET /?d=110384096260&filter=9e9754&share_to_url=shop.php%3Fid%3D3736579%26name%3Dthe+baking+sheet+hack HTTP/1.1" 200 23756 "-" "Mozilla/5.0 AppleWebKit/537.36 (KHTML, like Gecko; compatible; bingbot/2.0; +http://www.bing.com/bingbot.htm) Chrome/116.0.1938.76 Safari/537.36"
52.167.144.162 - - [12/Jun/2025:09:01:10 -0400] "GET /?d=94259583260&filter=30b959&share_to_url=item.php%3Fid%3D3194197%26name%3Dexamples+of+solar+telescopes HTTP/1.1" 200 23050 "-" "Mozilla/5.0 AppleWebKit/537.36 (KHTML, like Gecko; compatible; bingbot/2.0; +http://www.bing.com/bingbot.htm) Chrome/116.0.1938.76 Safari/537.36"
66.249.64.5 - - [12/Jun/2025:09:01:10 -0400] "GET /?d=97518511260&filter=8f2b55&share_to_url=detail.php%3Fid%3D3304593%26name%3Dbell+mx+adventure+2024+adult HTTP/1.1" 200 23902 "-" "Mozilla/5.0 (Linux; Android 6.0.1; Nexus 5X Build/MMB29P) AppleWebKit/537.36 (KHTML, like Gecko) Chrome/136.0.7103.113 Mobile Safari/537.36 (compatible; Googlebot/2.1; +http://www.google.com/bot.html)"
66.249.64.5 - - [12/Jun/2025:09:01:11 -0400] "GET /?d=114505716260&filter=923d03&share_to_url=product.php%3Fid%3D3877498%26name%3Dnunn+bush+ankle+fashioned+shoes+cardboard+advertisement HTTP/1.1" 200 24174 "-" "Mozilla/5.0 (Linux; Android 6.0.1; Nexus 5X Build/MMB29P) AppleWebKit/537.36 (KHTML, like Gecko) Chrome/136.0.7103.113 Mobile Safari/537.36 (compatible; Googlebot/2.1; +http://www.google.com/bot.html)"
66.249.64.5 - - [12/Jun/2025:09:01:12 -0400] "GET /?d=112336453260&filter=eb8c21&share_to_url=discover.php%3Fid%3D3805061%26name%3Docho+toy HTTP/1.1" 200 23751 "-" "Mozilla/5.0 (Linux; Android 6.0.1; Nexus 5X Build/MMB29P) AppleWebKit/537.36 (KHTML, like Gecko) Chrome/136.0.7103.113 Mobile Safari/537.36 (compatible; Googlebot/2.1; +http://www.google.com/bot.html)"
52.167.144.162 - - [12/Jun/2025:09:01:12 -0400] "GET /?d=78863517260&filter=2aa707&share_to_url=ideas.php%3Fid%3D2671176%26name%3Dsolved+how+unlock+radio HTTP/1.1" 200 23775 "-" "Mozilla/5.0 AppleWebKit/537.36 (KHTML, like Gecko; compatible; bingbot/2.0; +http://www.bing.com/bingbot.htm) Chrome/116.0.1938.76 Safari/537.36"
52.167.144.162 - - [12/Jun/2025:09:01:13 -0400] "GET /?d=116495193260&filter=b00345&share_to_url=ideas.php%3Fid%3D3944952%26name%3Dsouth+plaza+hamilton+statue HTTP/1.1" 200 23700 "-" "Mozilla/5.0 AppleWebKit/537.36 (KHTML, like Gecko; compatible; bingbot/2.0; +http://www.bing.com/bingbot.htm) Chrome/116.0.1938.76 Safari/537.36"
66.249.64.5 - - [12/Jun/2025:09:01:13 -0400] "GET /?d=108986095260&filter=bfc81f&share_to_url=detail.php%3Fid%3D3689901%26name%3Dbuy+cycle+discount HTTP/1.1" 200 23688 "-" "Mozilla/5.0 (Linux; Android 6.0.1; Nexus 5X Build/MMB29P) AppleWebKit/537.36 (KHTML, like Gecko) Chrome/136.0.7103.113 Mobile Safari/537.36 (compatible; Googlebot/2.1; +http://www.google.com/bot.html)"
66.249.64.5 - - [12/Jun/2025:09:01:14 -0400] "GET /?d=94027308260&filter=01899d&share_to_url=product.php%3Fid%3D3185758%26name%3Dcoach+x+disney+1941+dark HTTP/1.1" 200 22928 "-" "Mozilla/5.0 (Linux; Android 6.0.1; Nexus 5X Build/MMB29P) AppleWebKit/537.36 (KHTML, like Gecko) Chrome/136.0.7103.113 Mobile Safari/537.36 (compatible; Googlebot/2.1; +http://www.google.com/bot.html)"
66.249.64.5 - - [12/Jun/2025:09:01:15 -0400] "GET /?d=117204839260&filter=eb33f2&share_to_url=product-page.php%3Fid%3D3969364%26name%3Dquick+converse+clean+the HTTP/1.1" 200 22523 "-" "Mozilla/5.0 (Linux; Android 6.0.1; Nexus 5X Build/MMB29P) AppleWebKit/537.36 (KHTML, like Gecko) Chrome/136.0.7103.113 Mobile Safari/537.36 (compatible; Googlebot/2.1; +http://www.google.com/bot.html)"
66.249.64.5 - - [12/Jun/2025:09:01:15 -0400] "GET /?d=106332021260&filter=16b3fe&share_to_url=article.php%3Fid%3D3601418%26name%3Dpampers+premium+discount+newborn+nappies HTTP/1.1" 200 23012 "-" "Mozilla/5.0 (Linux; Android 6.0.1; Nexus 5X Build/MMB29P) AppleWebKit/537.36 (KHTML, like Gecko) Chrome/136.0.7103.113 Mobile Safari/537.36 (compatible; Googlebot/2.1; +http://www.google.com/bot.html)"
207.46.13.116 - - [12/Jun/2025:09:01:15 -0400] "GET /?d=101675855260&filter=e6f0ee&share_to_url=ideas.php%3Fid%3D3447228%26name%3Dcontinental+solid+texture HTTP/1.1" 200 22607 "-" "Mozilla/5.0 AppleWebKit/537.36 (KHTML, like Gecko; compatible; bingbot/2.0; +http://www.bing.com/bingbot.htm) Chrome/116.0.1938.76 Safari/537.36"
66.249.64.5 - - [12/Jun/2025:09:01:15 -0400] "GET /?d=97017330260&filter=05fb13&share_to_url=pin.php%3Fid%3D3286938%26name%3Dandroid+apps+and+windows HTTP/1.1" 200 24464 "-" "Mozilla/5.0 (Linux; Android 6.0.1; Nexus 5X Build/MMB29P) AppleWebKit/537.36 (KHTML, like Gecko) Chrome/136.0.7103.113 Mobile Safari/537.36 (compatible; Googlebot/2.1; +http://www.google.com/bot.html)"
207.46.13.116 - - [12/Jun/2025:09:01:16 -0400] "GET /?d=85024349260&filter=4da842&share_to_url=goods.php%3Fid%3D2879711%26name%3Dstrick+joggers HTTP/1.1" 200 24307 "-" "Mozilla/5.0 AppleWebKit/537.36 (KHTML, like Gecko; compatible; bingbot/2.0; +http://www.bing.com/bingbot.htm) Chrome/116.0.1938.76 Safari/537.36"
66.249.64.5 - - [12/Jun/2025:09:01:17 -0400] "GET /?d=97913240260&filter=ea87ba&share_to_url=discover.php%3Fid%3D3318437%26name%3Drm6702+alexis+pinturault+blanc HTTP/1.1" 200 24143 "-" "Mozilla/5.0 (Linux; Android 6.0.1; Nexus 5X Build/MMB29P) AppleWebKit/537.36 (KHTML, like Gecko) Chrome/136.0.7103.113 Mobile Safari/537.36 (compatible; Googlebot/2.1; +http://www.google.com/bot.html)"
66.249.64.5 - - [12/Jun/2025:09:01:20 -0400] "GET /?d=93486201260&filter=dd87d9&share_to_url=shop.php%3Fid%3D3167095%26name%3Dscubapro+dry+bag+45+review HTTP/1.1" 200 23761 "-" "Mozilla/5.0 (Linux; Android 6.0.1; Nexus 5X Build/MMB29P) AppleWebKit/537.36 (KHTML, like Gecko) Chrome/136.0.7103.113 Mobile Safari/537.36 (compatible; Googlebot/2.1; +http://www.google.com/bot.html)"
66.249.64.5 - - [12/Jun/2025:09:01:20 -0400] "GET /?d=96386702260&filter=315f2d&share_to_url=product.php%3Fid%3D3265642%26name%3Dbeats+x+stussy+tiktok HTTP/1.1" 200 24259 "-" "Mozilla/5.0 (Linux; Android 6.0.1; Nexus 5X Build/MMB29P) AppleWebKit/537.36 (KHTML, like Gecko) Chrome/136.0.7103.113 Mobile Safari/537.36 (compatible; Googlebot/2.1; +http://www.google.com/bot.html)"
66.249.64.6 - - [12/Jun/2025:09:01:20 -0400] "GET /?d=107474997260&filter=d060f1&share_to_url=shopdetail.php%3Fid%3D3639728%26name%3Dshine+me+up+earrings HTTP/1.1" 200 23547 "-" "Mozilla/5.0 (Linux; Android 6.0.1; Nexus 5X Build/MMB29P) AppleWebKit/537.36 (KHTML, like Gecko) Chrome/136.0.7103.113 Mobile Safari/537.36 (compatible; Googlebot/2.1; +http://www.google.com/bot.html)"
66.249.64.5 - - [12/Jun/2025:09:01:21 -0400] "GET /?d=103497945260&filter=917746&share_to_url=discover.php%3Fid%3D3507053%26name%3Dregalos+de+entrega+presentes+regalo HTTP/1.1" 200 22933 "-" "Mozilla/5.0 (Linux; Android 6.0.1; Nexus 5X Build/MMB29P) AppleWebKit/537.36 (KHTML, like Gecko) Chrome/136.0.7103.113 Mobile Safari/537.36 (compatible; Googlebot/2.1; +http://www.google.com/bot.html)"
66.249.64.6 - - [12/Jun/2025:09:01:21 -0400] "GET /?d=109667245260&filter=e8168d&share_to_url=detail.php%3Fid%3D3711825%26name%3Dzapatillas+levi+039+s+oats+refresh HTTP/1.1" 200 23369 "-" "Mozilla/5.0 (Linux; Android 6.0.1; Nexus 5X Build/MMB29P) AppleWebKit/537.36 (KHTML, like Gecko) Chrome/136.0.7103.113 Mobile Safari/537.36 (compatible; Googlebot/2.1; +http://www.google.com/bot.html)"
66.249.64.6 - - [12/Jun/2025:09:01:22 -0400] "GET /?d=109073344260&filter=d627b2&share_to_url=product.php%3Fid%3D3692578%26name%3D16+seer2+air HTTP/1.1" 200 24136 "-" "Mozilla/5.0 (Linux; Android 6.0.1; Nexus 5X Build/MMB29P) AppleWebKit/537.36 (KHTML, like Gecko) Chrome/136.0.7103.113 Mobile Safari/537.36 (compatible; Googlebot/2.1; +http://www.google.com/bot.html)"
66.249.64.5 - - [12/Jun/2025:09:01:22 -0400] "GET /?d=93454204260&filter=16dc78&share_to_url=product-page.php%3Fid%3D3166144%26name%3Dshankardada+zindabad+original+motion+picture HTTP/1.1" 200 22829 "-" "Mozilla/5.0 (Linux; Android 6.0.1; Nexus 5X Build/MMB29P) AppleWebKit/537.36 (KHTML, like Gecko) Chrome/136.0.7103.113 Mobile Safari/537.36 (compatible; Googlebot/2.1; +http://www.google.com/bot.html)"
66.249.64.5 - - [12/Jun/2025:09:01:24 -0400] "GET /?d=92830533260&filter=25e9e2&share_to_url=product.php%3Fid%3D3145042%26name%3Dsanam+teri HTTP/1.1" 200 23804 "-" "Mozilla/5.0 (Linux; Android 6.0.1; Nexus 5X Build/MMB29P) AppleWebKit/537.36 (KHTML, like Gecko) Chrome/136.0.7103.113 Mobile Safari/537.36 (compatible; Googlebot/2.1; +http://www.google.com/bot.html)"
66.249.64.6 - - [12/Jun/2025:09:01:25 -0400] "GET /?d=106909811260&filter=d50c1d&share_to_url=goods.php%3Fid%3D3620807%26name%3Daulta+acuatico+automatic HTTP/1.1" 200 23946 "-" "Mozilla/5.0 (Linux; Android 6.0.1; Nexus 5X Build/MMB29P) AppleWebKit/537.36 (KHTML, like Gecko) Chrome/136.0.7103.113 Mobile Safari/537.36 (compatible; Googlebot/2.1; +http://www.google.com/bot.html)"
207.46.13.52 - - [12/Jun/2025:09:01:26 -0400] "GET /?d=111699576260&filter=d50c1d&share_to_url=product-page.php%3Fid%3D3783160%26name%3Dj+bands+2025+workout HTTP/1.1" 200 24345 "-" "Mozilla/5.0 AppleWebKit/537.36 (KHTML, like Gecko; compatible; bingbot/2.0; +http://www.bing.com/bingbot.htm) Chrome/116.0.1938.76 Safari/537.36"
66.249.64.5 - - [12/Jun/2025:09:01:27 -0400] "GET /?d=20656292260&filter=57d610&share_to_url=ideas.php%3Fid%3D701952%26name%3D7pcs+organizador+embalaje+equipaje+transparente HTTP/1.1" 200 23943 "-" "Mozilla/5.0 (Linux; Android 6.0.1; Nexus 5X Build/MMB29P) AppleWebKit/537.36 (KHTML, like Gecko) Chrome/136.0.7103.113 Mobile Safari/537.36 (compatible; Googlebot/2.1; +http://www.google.com/bot.html)"
40.77.167.62 - - [12/Jun/2025:09:01:28 -0400] "GET /?d=100284599260&filter=22c4ad&share_to_url=discover.php%3Fid%3D3399113%26name%3Dstrapcode+super+cheap+oyster HTTP/1.1" 200 23153 "-" "Mozilla/5.0 AppleWebKit/537.36 (KHTML, like Gecko; compatible; bingbot/2.0; +http://www.bing.com/bingbot.htm) Chrome/116.0.1938.76 Safari/537.36"
66.249.64.7 - - [12/Jun/2025:09:01:29 -0400] "GET /?d=114656667260&filter=947acc&share_to_url=pin.php%3Fid%3D3882582%26name%3Dseggiolone+per+bimbi HTTP/1.1" 200 23984 "-" "Mozilla/5.0 (Linux; Android 6.0.1; Nexus 5X Build/MMB29P) AppleWebKit/537.36 (KHTML, like Gecko) Chrome/136.0.7103.113 Mobile Safari/537.36 (compatible; Googlebot/2.1; +http://www.google.com/bot.html)"
66.249.64.5 - - [12/Jun/2025:09:01:29 -0400] "GET /?d=113610439260&filter=e531bd&share_to_url=pin.php%3Fid%3D3847542%26name%3Drub%C3%89n+lard%C3%8Dn+la HTTP/1.1" 200 22934 "-" "Mozilla/5.0 (Linux; Android 6.0.1; Nexus 5X Build/MMB29P) AppleWebKit/537.36 (KHTML, like Gecko) Chrome/136.0.7103.113 Mobile Safari/537.36 (compatible; Googlebot/2.1; +http://www.google.com/bot.html)"
66.249.64.5 - - [12/Jun/2025:09:01:30 -0400] "GET /?d=92461833260&filter=1460ea&share_to_url=shopdetail.php%3Fid%3D3132380%26name%3Dsam+039+s+yams+big+boyz HTTP/1.1" 200 22738 "-" "Mozilla/5.0 (Linux; Android 6.0.1; Nexus 5X Build/MMB29P) AppleWebKit/537.36 (KHTML, like Gecko) Chrome/136.0.7103.113 Mobile Safari/537.36 (compatible; Googlebot/2.1; +http://www.google.com/bot.html)"
