66.249.64.12 - - [12/Jun/2025:08:52:57 -0400] "GET /?d=96648668260&filter=662838&share_to_url=ideas.php%3Fid%3D3274740%26name%3Dorion+solar+telescope HTTP/1.1" 200 23663 "-" "Mozilla/5.0 (Linux; Android 6.0.1; Nexus 5X Build/MMB29P) AppleWebKit/537.36 (KHTML, like Gecko) Chrome/136.0.7103.113 Mobile Safari/537.36 (compatible; Googlebot/2.1; +http://www.google.com/bot.html)"
157.55.39.202 - - [12/Jun/2025:08:52:57 -0400] "GET /?d=21291087260&filter=cb7031&share_to_url=discover.php%3Fid%3D722789%26name%3Dhevitrao+ho+any HTTP/1.1" 200 22465 "-" "Mozilla/5.0 AppleWebKit/537.36 (KHTML, like Gecko; compatible; bingbot/2.0; +http://www.bing.com/bingbot.htm) Chrome/116.0.1938.76 Safari/537.36"
66.249.64.11 - - [12/Jun/2025:08:52:59 -0400] "GET /?d=102957041260&filter=7f5632&share_to_url=shopdetail.php%3Fid%3D3489200%26name%3Dreebok+composite+toe+flexagon HTTP/1.1" 200 21917 "-" "Mozilla/5.0 (Linux; Android 6.0.1; Nexus 5X Build/MMB29P) AppleWebKit/537.36 (KHTML, like Gecko) Chrome/136.0.7103.113 Mobile Safari/537.36 (compatible; Googlebot/2.1; +http://www.google.com/bot.html)"
66.249.64.12 - - [12/Jun/2025:08:53:00 -0400] "GET /?d=112616499260&filter=f1886a&share_to_url=ideas.php%3Fid%3D3814572%26name%3Dred+wing+shoe+best HTTP/1.1" 200 23187 "-" "Mozilla/5.0 (Linux; Android 6.0.1; Nexus 5X Build/MMB29P) AppleWebKit/537.36 (KHTML, like Gecko) Chrome/136.0.7103.113 Mobile Safari/537.36 (compatible; Googlebot/2.1; +http://www.google.com/bot.html)"
66.249.64.13 - - [12/Jun/2025:08:53:02 -0400] "GET /?d=112890774260&filter=f313c0&share_to_url=shop.php%3Fid%3D3823351%26name%3Djimmy+choo+clearance+handbags HTTP/1.1" 200 23773 "-" "Mozilla/5.0 (Linux; Android 6.0.1; Nexus 5X Build/MMB29P) AppleWebKit/537.36 (KHTML, like Gecko) Chrome/136.0.7103.113 Mobile Safari/537.36 (compatible; Googlebot/2.1; +http://www.google.com/bot.html)"
52.167.144.21 - - [12/Jun/2025:08:53:03 -0400] "GET /?d=58562951260&filter=bfc81f&share_to_url=product.php%3Fid%3D1987798%26name%3Dhamax+siesta+bike HTTP/1.1" 200 23297 "-" "Mozilla/5.0 AppleWebKit/537.36 (KHTML, like Gecko; compatible; bingbot/2.0; +http://www.bing.com/bingbot.htm) Chrome/116.0.1938.76 Safari/537.36"
66.249.64.13 - - [12/Jun/2025:08:53:03 -0400] "GET /?d=112470303260&filter=99fba4&share_to_url=goods.php%3Fid%3D3809567%26name%3Ddeslimitador+de+instalaci%C3%B3n+speedfun+furious HTTP/1.1" 200 23553 "-" "Mozilla/5.0 (Linux; Android 6.0.1; Nexus 5X Build/MMB29P) AppleWebKit/537.36 (KHTML, like Gecko) Chrome/136.0.7103.113 Mobile Safari/537.36 (compatible; Googlebot/2.1; +http://www.google.com/bot.html)"
66.249.64.11 - - [12/Jun/2025:08:53:05 -0400] "GET /?d=110406374260&filter=74e00d&share_to_url=pin.php%3Fid%3D3737334%26name%3Dpomellato+nudo+amber+intense+perfume HTTP/1.1" 200 23494 "-" "Mozilla/5.0 (Linux; Android 6.0.1; Nexus 5X Build/MMB29P) AppleWebKit/537.36 (KHTML, like Gecko) Chrome/136.0.7103.113 Mobile Safari/537.36 (compatible; Googlebot/2.1; +http://www.google.com/bot.html)"
207.46.13.92 - - [12/Jun/2025:08:53:05 -0400] "GET /?d=101072648260&filter=a0630e&share_to_url=shopdetail.php?id=3425996&name=saint%20james%20mini%20storage HTTP/1.1" 200 22618 "-" "Mozilla/5.0 AppleWebKit/537.36 (KHTML, like Gecko; compatible; bingbot/2.0; +http://www.bing.com/bingbot.htm) Chrome/116.0.1938.76 Safari/537.36"
207.46.13.92 - - [12/Jun/2025:08:53:06 -0400] "GET /?d=105727747260&filter=034681&share_to_url=pin.php?id=3581454&name=frye%20river%20inside%20zip HTTP/1.1" 200 23738 "-" "Mozilla/5.0 AppleWebKit/537.36 (KHTML, like Gecko; compatible; bingbot/2.0; +http://www.bing.com/bingbot.htm) Chrome/116.0.1938.76 Safari/537.36"
52.167.144.22 - - [12/Jun/2025:08:53:06 -0400] "GET /?d=10974681260&filter=fd45ef&share_to_url=shop.php%3Fid%3D375979%26name%3Dlittle+tikes+seesaw HTTP/1.1" 200 23785 "-" "Mozilla/5.0 AppleWebKit/537.36 (KHTML, like Gecko; compatible; bingbot/2.0; +http://www.bing.com/bingbot.htm) Chrome/116.0.1938.76 Safari/537.36"
66.249.64.12 - - [12/Jun/2025:08:53:06 -0400] "GET /?d=107661095260&filter=8f6469&share_to_url=discover.php%3Fid%3D3645581%26name%3Dnew+look+floral+embroidered HTTP/1.1" 200 22597 "-" "Mozilla/5.0 (Linux; Android 6.0.1; Nexus 5X Build/MMB29P) AppleWebKit/537.36 (KHTML, like Gecko) Chrome/136.0.7103.113 Mobile Safari/537.36 (compatible; Googlebot/2.1; +http://www.google.com/bot.html)"
52.167.144.22 - - [12/Jun/2025:08:53:07 -0400] "GET /?d=9525719260&filter=4d7b9c&share_to_url=pin.php%3Fid%3D327378%26name%3Dthe+phantom+75170 HTTP/1.1" 200 22700 "-" "Mozilla/5.0 AppleWebKit/537.36 (KHTML, like Gecko; compatible; bingbot/2.0; +http://www.bing.com/bingbot.htm) Chrome/116.0.1938.76 Safari/537.36"
66.249.64.11 - - [12/Jun/2025:08:53:07 -0400] "GET /?d=117417007260&filter=f04fdf&share_to_url=model.php%3Fid%3D3976443%26name%3Djitter+bug+rhinestones+embellished HTTP/1.1" 200 23389 "-" "Mozilla/5.0 (Linux; Android 6.0.1; Nexus 5X Build/MMB29P) AppleWebKit/537.36 (KHTML, like Gecko) Chrome/136.0.7103.113 Mobile Safari/537.36 (compatible; Googlebot/2.1; +http://www.google.com/bot.html)"
66.249.64.11 - - [12/Jun/2025:08:53:09 -0400] "GET /?d=106670042260&filter=eacf99&share_to_url=shop.php%3Fid%3D3612655%26name%3Dplt+ate+down HTTP/1.1" 200 24855 "-" "Mozilla/5.0 (Linux; Android 6.0.1; Nexus 5X Build/MMB29P) AppleWebKit/537.36 (KHTML, like Gecko) Chrome/136.0.7103.113 Mobile Safari/537.36 (compatible; Googlebot/2.1; +http://www.google.com/bot.html)"
66.249.64.11 - - [12/Jun/2025:08:53:10 -0400] "GET /?d=113038150260&filter=16b3fe&share_to_url=shop.php%3Fid%3D3828199%26name%3Dizipizi+g+sun+junior+sun HTTP/1.1" 200 23407 "-" "Mozilla/5.0 (Linux; Android 6.0.1; Nexus 5X Build/MMB29P) AppleWebKit/537.36 (KHTML, like Gecko) Chrome/136.0.7103.113 Mobile Safari/537.36 (compatible; Googlebot/2.1; +http://www.google.com/bot.html)"
66.249.64.11 - - [12/Jun/2025:08:53:12 -0400] "GET /?d=103143153260&filter=dd6292&share_to_url=ideas.php%3Fid%3D3495372%26name%3Daesthetic+pearl+hair+clip+women HTTP/1.1" 200 24784 "-" "Mozilla/5.0 (Linux; Android 6.0.1; Nexus 5X Build/MMB29P) AppleWebKit/537.36 (KHTML, like Gecko) Chrome/136.0.7103.113 Mobile Safari/537.36 (compatible; Googlebot/2.1; +http://www.google.com/bot.html)"
66.249.64.11 - - [12/Jun/2025:08:53:13 -0400] "GET /?d=114915922260&filter=9bd80a&share_to_url=ideas.php%3Fid%3D3891168%26name%3Dadidas+samba+leopardo+con HTTP/1.1" 200 21952 "-" "Mozilla/5.0 (Linux; Android 6.0.1; Nexus 5X Build/MMB29P) AppleWebKit/537.36 (KHTML, like Gecko) Chrome/136.0.7103.113 Mobile Safari/537.36 (compatible; Googlebot/2.1; +http://www.google.com/bot.html)"
66.249.64.11 - - [12/Jun/2025:08:53:14 -0400] "GET /?d=90435514260&filter=3d4903&share_to_url=model.php%3Fid%3D3064923%26name%3Dbikinis+para+mujeres+con HTTP/1.1" 200 24130 "-" "Mozilla/5.0 (Linux; Android 6.0.1; Nexus 5X Build/MMB29P) AppleWebKit/537.36 (KHTML, like Gecko) Chrome/136.0.7103.113 Mobile Safari/537.36 (compatible; Googlebot/2.1; +http://www.google.com/bot.html)"
66.249.64.11 - - [12/Jun/2025:08:53:15 -0400] "GET /?d=107694817260&filter=469540&share_to_url=product-page.php%3Fid%3D3646804%26name%3Dbra+bulge+exercises HTTP/1.1" 200 23464 "-" "Mozilla/5.0 (Linux; Android 6.0.1; Nexus 5X Build/MMB29P) AppleWebKit/537.36 (KHTML, like Gecko) Chrome/136.0.7103.113 Mobile Safari/537.36 (compatible; Googlebot/2.1; +http://www.google.com/bot.html)"
66.249.64.11 - - [12/Jun/2025:08:53:16 -0400] "GET /?d=97397597260&filter=637771&share_to_url=shop.php%3Fid%3D3300631%26name%3Dmontre+connect%C3%A9e+discount+infinity+homme HTTP/1.1" 200 23360 "-" "Mozilla/5.0 (Linux; Android 6.0.1; Nexus 5X Build/MMB29P) AppleWebKit/537.36 (KHTML, like Gecko) Chrome/136.0.7103.113 Mobile Safari/537.36 (compatible; Googlebot/2.1; +http://www.google.com/bot.html)"
40.77.167.62 - - [12/Jun/2025:08:53:17 -0400] "GET /?d=82670839260&filter=2cabaa&share_to_url=shop.php%3Fid%3D2800207%26name%3Dsoft+silk+store HTTP/1.1" 200 24027 "-" "Mozilla/5.0 AppleWebKit/537.36 (KHTML, like Gecko; compatible; bingbot/2.0; +http://www.bing.com/bingbot.htm) Chrome/116.0.1938.76 Safari/537.36"
66.249.64.11 - - [12/Jun/2025:08:53:17 -0400] "GET /?d=65215082260&filter=81e202&share_to_url=pin.php%3Fid%3D2211630%26name%3Drace+ski+products+for+sale HTTP/1.1" 200 23386 "-" "Mozilla/5.0 (Linux; Android 6.0.1; Nexus 5X Build/MMB29P) AppleWebKit/537.36 (KHTML, like Gecko) Chrome/136.0.7103.113 Mobile Safari/537.36 (compatible; Googlebot/2.1; +http://www.google.com/bot.html)"
40.77.167.62 - - [12/Jun/2025:08:53:18 -0400] "GET /?d=84102442260&filter=0ab89c&share_to_url=shop.php%3Fid%3D2848687%26name%3Dscooter+motorcycle+personal HTTP/1.1" 200 24618 "-" "Mozilla/5.0 AppleWebKit/537.36 (KHTML, like Gecko; compatible; bingbot/2.0; +http://www.bing.com/bingbot.htm) Chrome/116.0.1938.76 Safari/537.36"
66.249.64.11 - - [12/Jun/2025:08:53:18 -0400] "GET /?d=117584629260&filter=4125cd&share_to_url=discover.php%3Fid%3D3982037%26name%3Dfda+warns+parents+to+stop HTTP/1.1" 200 24668 "-" "Mozilla/5.0 (Linux; Android 6.0.1; Nexus 5X Build/MMB29P) AppleWebKit/537.36 (KHTML, like Gecko) Chrome/136.0.7103.113 Mobile Safari/537.36 (compatible; Googlebot/2.1; +http://www.google.com/bot.html)"
40.77.167.62 - - [12/Jun/2025:08:53:18 -0400] "GET /?d=60624621260&filter=efc4ff&share_to_url=ideas.php%3Fid%3D2057112%26name%3Dbenorganic+s+video+tweet HTTP/1.1" 200 23688 "-" "Mozilla/5.0 AppleWebKit/537.36 (KHTML, like Gecko; compatible; bingbot/2.0; +http://www.bing.com/bingbot.htm) Chrome/116.0.1938.76 Safari/537.36"
66.249.64.11 - - [12/Jun/2025:08:53:19 -0400] "GET /?d=33769502260&filter=8a2591&share_to_url=detail.php%3Fid%3D1148241%26name%3Doneplus+nord+battery+replacement HTTP/1.1" 200 22664 "-" "Mozilla/5.0 (Linux; Android 6.0.1; Nexus 5X Build/MMB29P) AppleWebKit/537.36 (KHTML, like Gecko) Chrome/136.0.7103.113 Mobile Safari/537.36 (compatible; Googlebot/2.1; +http://www.google.com/bot.html)"
66.249.64.11 - - [12/Jun/2025:08:53:20 -0400] "GET /?d=96801633260&filter=388a74&share_to_url=discover.php%3Fid%3D3279929%26name%3Dtresor+rose+lancome+2024 HTTP/1.1" 200 22675 "-" "Mozilla/5.0 (Linux; Android 6.0.1; Nexus 5X Build/MMB29P) AppleWebKit/537.36 (KHTML, like Gecko) Chrome/136.0.7103.113 Mobile Safari/537.36 (compatible; Googlebot/2.1; +http://www.google.com/bot.html)"
66.249.64.11 - - [12/Jun/2025:08:53:20 -0400] "GET /?d=105350000260&filter=62bca5&share_to_url=article.php%3Fid%3D3568814%26name%3Dvintage+wooden+cubby HTTP/1.1" 200 24513 "-" "Mozilla/5.0 (Linux; Android 6.0.1; Nexus 5X Build/MMB29P) AppleWebKit/537.36 (KHTML, like Gecko) Chrome/136.0.7103.113 Mobile Safari/537.36 (compatible; Googlebot/2.1; +http://www.google.com/bot.html)"
66.249.64.11 - - [12/Jun/2025:08:53:21 -0400] "GET /?d=106952387260&filter=be1b9a&share_to_url=shopdetail.php%3Fid%3D3622232%26name%3Dmen+039+s+soft+sole+buffalo+hide HTTP/1.1" 200 22950 "-" "Mozilla/5.0 (Linux; Android 6.0.1; Nexus 5X Build/MMB29P) AppleWebKit/537.36 (KHTML, like Gecko) Chrome/136.0.7103.113 Mobile Safari/537.36 (compatible; Googlebot/2.1; +http://www.google.com/bot.html)"
66.249.64.11 - - [12/Jun/2025:08:53:21 -0400] "GET /?d=89315205260&filter=01923f&share_to_url=discover.php%3Fid%3D3027473%26name%3Dgwas+analysis+revealed+genomic HTTP/1.1" 200 22905 "-" "Mozilla/5.0 (Linux; Android 6.0.1; Nexus 5X Build/MMB29P) AppleWebKit/537.36 (KHTML, like Gecko) Chrome/136.0.7103.113 Mobile Safari/537.36 (compatible; Googlebot/2.1; +http://www.google.com/bot.html)"
66.249.64.11 - - [12/Jun/2025:08:53:22 -0400] "GET /?d=92807185260&filter=4125cd&share_to_url=ideas.php%3Fid%3D3144276%26name%3Dstork+carrying+sack+baby HTTP/1.1" 200 24747 "-" "Mozilla/5.0 (Linux; Android 6.0.1; Nexus 5X Build/MMB29P) AppleWebKit/537.36 (KHTML, like Gecko) Chrome/136.0.7103.113 Mobile Safari/537.36 (compatible; Googlebot/2.1; +http://www.google.com/bot.html)"
66.249.64.11 - - [12/Jun/2025:08:53:22 -0400] "GET /?d=109729058260&filter=d060f1&share_to_url=ideas.php%3Fid%3D3714060%26name%3Dmallige+moggu+gold HTTP/1.1" 200 23945 "-" "Mozilla/5.0 (Linux; Android 6.0.1; Nexus 5X Build/MMB29P) AppleWebKit/537.36 (KHTML, like Gecko) Chrome/136.0.7103.113 Mobile Safari/537.36 (compatible; Googlebot/2.1; +http://www.google.com/bot.html)"
66.249.64.11 - - [12/Jun/2025:08:53:23 -0400] "GET /?d=97279979260&filter=ca372c&share_to_url=shopdetail.php%3Fid%3D3296372%26name%3Dtbt+the+november+1990 HTTP/1.1" 200 24188 "-" "Mozilla/5.0 (Linux; Android 6.0.1; Nexus 5X Build/MMB29P) AppleWebKit/537.36 (KHTML, like Gecko) Chrome/136.0.7103.113 Mobile Safari/537.36 (compatible; Googlebot/2.1; +http://www.google.com/bot.html)"
66.249.64.11 - - [12/Jun/2025:08:53:24 -0400] "GET /?d=98610454260&filter=11b949&share_to_url=pin.php%3Fid%3D3342018%26name%3Dbuy+bugatti+albert+white+canvas HTTP/1.1" 200 23534 "-" "Mozilla/5.0 (Linux; Android 6.0.1; Nexus 5X Build/MMB29P) AppleWebKit/537.36 (KHTML, like Gecko) Chrome/136.0.7103.113 Mobile Safari/537.36 (compatible; Googlebot/2.1; +http://www.google.com/bot.html)"
69.197.135.226 - - [12/Jun/2025:08:53:24 -0400] "GET /wp-includes/edit.php HTTP/1.1" 302 6 "https://churchmr.com/wp-includes/edit.php" "Mozilla/5.0 (Windows NT 10.0; Win64; x64) AppleWebKit/537.36 (KHTML, like Gecko) Chrome/58.0.3029.110 Safari/537.3"
69.197.135.226 - - [12/Jun/2025:08:53:24 -0400] "GET /wp-includes/loginn.php HTTP/1.1" 302 6 "https://churchmr.com/wp-includes/edit.php" "Mozilla/5.0 (Windows NT 10.0; Win64; x64) AppleWebKit/537.36 (KHTML, like Gecko) Chrome/58.0.3029.110 Safari/537.3"
66.249.64.11 - - [12/Jun/2025:08:53:25 -0400] "GET /?d=105553150260&filter=bc8b15&share_to_url=ideas.php%3Fid%3D3575640%26name%3Dsteel+men+039+s+turned+cylinder HTTP/1.1" 200 24816 "-" "Mozilla/5.0 (Linux; Android 6.0.1; Nexus 5X Build/MMB29P) AppleWebKit/537.36 (KHTML, like Gecko) Chrome/136.0.7103.113 Mobile Safari/537.36 (compatible; Googlebot/2.1; +http://www.google.com/bot.html)"
69.197.135.226 - - [12/Jun/2025:08:53:25 -0400] "GET /wp-includes/loginn.php HTTP/1.1" 302 6 "https://churchmr.com/wp-includes/edit.php" "Mozilla/5.0 (Windows NT 10.0; Win64; x64) AppleWebKit/537.36 (KHTML, like Gecko) Chrome/58.0.3029.110 Safari/537.3"
69.197.135.226 - - [12/Jun/2025:08:53:26 -0400] "GET /wp-includes/loginn.php HTTP/1.1" 302 6 "https://churchmr.com/wp-includes/edit.php" "Mozilla/5.0 (Windows NT 10.0; Win64; x64) AppleWebKit/537.36 (KHTML, like Gecko) Chrome/58.0.3029.110 Safari/537.3"
66.249.64.12 - - [12/Jun/2025:08:53:27 -0400] "GET /?d=99657450260&filter=d14653&share_to_url=pin.php%3Fid%3D3377370%26name%3Dblok+it+goalkeeper+gloves+by HTTP/1.1" 200 22572 "-" "Mozilla/5.0 (Linux; Android 6.0.1; Nexus 5X Build/MMB29P) AppleWebKit/537.36 (KHTML, like Gecko) Chrome/136.0.7103.113 Mobile Safari/537.36 (compatible; Googlebot/2.1; +http://www.google.com/bot.html)"
69.197.135.226 - - [12/Jun/2025:08:53:27 -0400] "GET /wp-includes/loginn.php HTTP/1.1" 302 6 "https://churchmr.com/wp-includes/edit.php" "Mozilla/5.0 (Windows NT 10.0; Win64; x64) AppleWebKit/537.36 (KHTML, like Gecko) Chrome/58.0.3029.110 Safari/537.3"
66.249.64.11 - - [12/Jun/2025:08:53:28 -0400] "GET /?d=92622982260&filter=bfc81f&share_to_url=shopdetail.php%3Fid%3D3138308%26name%3D700c+dcb+carbon+cx HTTP/1.1" 200 23511 "-" "Mozilla/5.0 (Linux; Android 6.0.1; Nexus 5X Build/MMB29P) AppleWebKit/537.36 (KHTML, like Gecko) Chrome/136.0.7103.113 Mobile Safari/537.36 (compatible; Googlebot/2.1; +http://www.google.com/bot.html)"
69.197.135.226 - - [12/Jun/2025:08:53:27 -0400] "GET /wp-includes/loginn.php HTTP/1.1" 302 6 "https://churchmr.com/wp-includes/edit.php" "Mozilla/5.0 (Windows NT 10.0; Win64; x64) AppleWebKit/537.36 (KHTML, like Gecko) Chrome/58.0.3029.110 Safari/537.3"
66.249.64.12 - - [12/Jun/2025:08:53:28 -0400] "GET /?d=89793017260&filter=3699f1&share_to_url=article.php%3Fid%3D3043406%26name%3Dsoft+cat+food+at HTTP/1.1" 200 23716 "-" "Mozilla/5.0 (Linux; Android 6.0.1; Nexus 5X Build/MMB29P) AppleWebKit/537.36 (KHTML, like Gecko) Chrome/136.0.7103.113 Mobile Safari/537.36 (compatible; Googlebot/2.1; +http://www.google.com/bot.html)"
69.197.135.226 - - [12/Jun/2025:08:53:28 -0400] "GET /wp-includes/loginn.php HTTP/1.1" 302 6 "https://churchmr.com/wp-includes/edit.php" "Mozilla/5.0 (Windows NT 10.0; Win64; x64) AppleWebKit/537.36 (KHTML, like Gecko) Chrome/58.0.3029.110 Safari/537.3"
69.197.135.226 - - [12/Jun/2025:08:53:29 -0400] "GET /wp-includes/loginn.php HTTP/1.1" 302 6 "https://churchmr.com/wp-includes/edit.php" "Mozilla/5.0 (Windows NT 10.0; Win64; x64) AppleWebKit/537.36 (KHTML, like Gecko) Chrome/58.0.3029.110 Safari/537.3"
66.249.64.11 - - [12/Jun/2025:08:53:29 -0400] "GET /?d=106247575260&filter=ca372c&share_to_url=shop.php%3Fid%3D3598495%26name%3Dfq777+fq35 HTTP/1.1" 200 23709 "-" "Mozilla/5.0 (Linux; Android 6.0.1; Nexus 5X Build/MMB29P) AppleWebKit/537.36 (KHTML, like Gecko) Chrome/136.0.7103.113 Mobile Safari/537.36 (compatible; Googlebot/2.1; +http://www.google.com/bot.html)"
69.197.135.226 - - [12/Jun/2025:08:53:30 -0400] "GET /wp-includes/loginn.php HTTP/1.1" 302 6 "https://churchmr.com/wp-includes/edit.php" "Mozilla/5.0 (Windows NT 10.0; Win64; x64) AppleWebKit/537.36 (KHTML, like Gecko) Chrome/58.0.3029.110 Safari/537.3"
66.249.64.13 - - [12/Jun/2025:08:53:31 -0400] "GET /?d=117383222260&filter=e16dd9&share_to_url=pin.php%3Fid%3D3975306%26name%3Dsupreme+3m+reflective HTTP/1.1" 200 22342 "-" "Mozilla/5.0 (Linux; Android 6.0.1; Nexus 5X Build/MMB29P) AppleWebKit/537.36 (KHTML, like Gecko) Chrome/136.0.7103.113 Mobile Safari/537.36 (compatible; Googlebot/2.1; +http://www.google.com/bot.html)"
69.197.135.226 - - [12/Jun/2025:08:53:31 -0400] "GET /wp-includes/loginn.php HTTP/1.1" 302 6 "https://churchmr.com/wp-includes/edit.php" "Mozilla/5.0 (Windows NT 10.0; Win64; x64) AppleWebKit/537.36 (KHTML, like Gecko) Chrome/58.0.3029.110 Safari/537.3"
69.197.135.226 - - [12/Jun/2025:08:53:31 -0400] "GET /wp-includes/loginn.php HTTP/1.1" 302 6 "https://churchmr.com/wp-includes/edit.php" "Mozilla/5.0 (Windows NT 10.0; Win64; x64) AppleWebKit/537.36 (KHTML, like Gecko) Chrome/58.0.3029.110 Safari/537.3"
66.249.64.12 - - [12/Jun/2025:08:53:32 -0400] "GET /?d=100301990260&filter=ee0841&share_to_url=detail.php%3Fid%3D3399657%26name%3Dguayaberas+for+boys HTTP/1.1" 200 23689 "-" "Mozilla/5.0 (Linux; Android 6.0.1; Nexus 5X Build/MMB29P) AppleWebKit/537.36 (KHTML, like Gecko) Chrome/136.0.7103.113 Mobile Safari/537.36 (compatible; Googlebot/2.1; +http://www.google.com/bot.html)"
69.197.135.226 - - [12/Jun/2025:08:53:32 -0400] "GET /wp-includes/loginn.php HTTP/1.1" 302 6 "https://churchmr.com/wp-includes/edit.php" "Mozilla/5.0 (Windows NT 10.0; Win64; x64) AppleWebKit/537.36 (KHTML, like Gecko) Chrome/58.0.3029.110 Safari/537.3"
69.197.135.226 - - [12/Jun/2025:08:53:33 -0400] "GET /wp-includes/loginn.php HTTP/1.1" 302 6 "https://churchmr.com/wp-includes/edit.php" "Mozilla/5.0 (Windows NT 10.0; Win64; x64) AppleWebKit/537.36 (KHTML, like Gecko) Chrome/58.0.3029.110 Safari/537.3"
66.249.64.13 - - [12/Jun/2025:08:53:34 -0400] "GET /?d=94981776260&filter=4b3c45&share_to_url=detail.php%3Fid%3D3218133%26name%3Ddelaware+water+gap+foot HTTP/1.1" 200 22789 "-" "Mozilla/5.0 (Linux; Android 6.0.1; Nexus 5X Build/MMB29P) AppleWebKit/537.36 (KHTML, like Gecko) Chrome/136.0.7103.113 Mobile Safari/537.36 (compatible; Googlebot/2.1; +http://www.google.com/bot.html)"
69.197.135.226 - - [12/Jun/2025:08:53:33 -0400] "GET /wp-includes/loginn.php HTTP/1.1" 302 6 "https://churchmr.com/wp-includes/edit.php" "Mozilla/5.0 (Windows NT 10.0; Win64; x64) AppleWebKit/537.36 (KHTML, like Gecko) Chrome/58.0.3029.110 Safari/537.3"
69.197.135.226 - - [12/Jun/2025:08:53:34 -0400] "GET /wp-includes/loginn.php HTTP/1.1" 302 6 "https://churchmr.com/wp-includes/edit.php" "Mozilla/5.0 (Windows NT 10.0; Win64; x64) AppleWebKit/537.36 (KHTML, like Gecko) Chrome/58.0.3029.110 Safari/537.3"
66.249.64.13 - - [12/Jun/2025:08:53:35 -0400] "GET /?d=89015259260&filter=dd928e&share_to_url=discover.php%3Fid%3D3016853%26name%3Dbarbie+moda+en+paris+mu%C3%83+eca HTTP/1.1" 200 23499 "-" "Mozilla/5.0 (Linux; Android 6.0.1; Nexus 5X Build/MMB29P) AppleWebKit/537.36 (KHTML, like Gecko) Chrome/136.0.7103.113 Mobile Safari/537.36 (compatible; Googlebot/2.1; +http://www.google.com/bot.html)"
69.197.135.226 - - [12/Jun/2025:08:53:35 -0400] "GET /wp-includes/loginn.php HTTP/1.1" 302 6 "https://churchmr.com/wp-includes/edit.php" "Mozilla/5.0 (Windows NT 10.0; Win64; x64) AppleWebKit/537.36 (KHTML, like Gecko) Chrome/58.0.3029.110 Safari/537.3"
69.197.135.226 - - [12/Jun/2025:08:53:36 -0400] "GET /wp-includes/loginn.php HTTP/1.1" 302 6 "https://churchmr.com/wp-includes/edit.php" "Mozilla/5.0 (Windows NT 10.0; Win64; x64) AppleWebKit/537.36 (KHTML, like Gecko) Chrome/58.0.3029.110 Safari/537.3"
66.249.64.13 - - [12/Jun/2025:08:53:36 -0400] "GET /?d=109475253260&filter=ba570e&share_to_url=goods.php%3Fid%3D3705515%26name%3Dorange+top+peacoat HTTP/1.1" 200 23871 "-" "Mozilla/5.0 (Linux; Android 6.0.1; Nexus 5X Build/MMB29P) AppleWebKit/537.36 (KHTML, like Gecko) Chrome/136.0.7103.113 Mobile Safari/537.36 (compatible; Googlebot/2.1; +http://www.google.com/bot.html)"
69.197.135.226 - - [12/Jun/2025:08:53:37 -0400] "GET /wp-includes/loginn.php HTTP/1.1" 302 6 "https://churchmr.com/wp-includes/edit.php" "Mozilla/5.0 (Windows NT 10.0; Win64; x64) AppleWebKit/537.36 (KHTML, like Gecko) Chrome/58.0.3029.110 Safari/537.3"
66.249.64.12 - - [12/Jun/2025:08:53:37 -0400] "GET /?d=112176067260&filter=14f4ff&share_to_url=ideas.php%3Fid%3D3799872%26name%3Dmonogram+crossbody+bag+tommy HTTP/1.1" 200 23384 "-" "Mozilla/5.0 (Linux; Android 6.0.1; Nexus 5X Build/MMB29P) AppleWebKit/537.36 (KHTML, like Gecko) Chrome/136.0.7103.113 Mobile Safari/537.36 (compatible; Googlebot/2.1; +http://www.google.com/bot.html)"
69.197.135.226 - - [12/Jun/2025:08:53:37 -0400] "GET /wp-includes/loginn.php HTTP/1.1" 302 6 "https://churchmr.com/wp-includes/edit.php" "Mozilla/5.0 (Windows NT 10.0; Win64; x64) AppleWebKit/537.36 (KHTML, like Gecko) Chrome/58.0.3029.110 Safari/537.3"
66.249.64.12 - - [12/Jun/2025:08:53:38 -0400] "GET /?d=114208294260&filter=133a7e&share_to_url=product-page.php%3Fid%3D3867568%26name%3Dprix+nike+online HTTP/1.1" 200 22352 "-" "Mozilla/5.0 (Linux; Android 6.0.1; Nexus 5X Build/MMB29P) AppleWebKit/537.36 (KHTML, like Gecko) Chrome/136.0.7103.113 Mobile Safari/537.36 (compatible; Googlebot/2.1; +http://www.google.com/bot.html)"
66.249.64.11 - - [12/Jun/2025:08:53:38 -0400] "GET /?d=104465712260&filter=bc96f9&share_to_url=shopdetail.php%3Fid%3D3539696%26name%3Dslow+motion+video+fx HTTP/1.1" 200 24550 "-" "Mozilla/5.0 (Linux; Android 6.0.1; Nexus 5X Build/MMB29P) AppleWebKit/537.36 (KHTML, like Gecko) Chrome/136.0.7103.113 Mobile Safari/537.36 (compatible; Googlebot/2.1; +http://www.google.com/bot.html)"
69.197.135.226 - - [12/Jun/2025:08:53:38 -0400] "GET /wp-includes/loginn.php HTTP/1.1" 302 6 "https://churchmr.com/wp-includes/edit.php" "Mozilla/5.0 (Windows NT 10.0; Win64; x64) AppleWebKit/537.36 (KHTML, like Gecko) Chrome/58.0.3029.110 Safari/537.3"
66.249.64.12 - - [12/Jun/2025:08:53:38 -0400] "GET /?d=111818107260&filter=00a8d6&share_to_url=pin.php%3Fid%3D3787314%26name%3Dbiodegradable+christmas+tree HTTP/1.1" 200 24471 "-" "Mozilla/5.0 (Linux; Android 6.0.1; Nexus 5X Build/MMB29P) AppleWebKit/537.36 (KHTML, like Gecko) Chrome/136.0.7103.113 Mobile Safari/537.36 (compatible; Googlebot/2.1; +http://www.google.com/bot.html)"
69.197.135.226 - - [12/Jun/2025:08:53:38 -0400] "GET /wp-includes/loginn.php HTTP/1.1" 302 6 "https://churchmr.com/wp-includes/edit.php" "Mozilla/5.0 (Windows NT 10.0; Win64; x64) AppleWebKit/537.36 (KHTML, like Gecko) Chrome/58.0.3029.110 Safari/537.3"
69.197.135.226 - - [12/Jun/2025:08:53:39 -0400] "GET /wp-includes/loginn.php HTTP/1.1" 302 6 "https://churchmr.com/wp-includes/edit.php" "Mozilla/5.0 (Windows NT 10.0; Win64; x64) AppleWebKit/537.36 (KHTML, like Gecko) Chrome/58.0.3029.110 Safari/537.3"
66.249.64.11 - - [12/Jun/2025:08:53:40 -0400] "GET /?d=90813106260&filter=88b0bd&share_to_url=ideas.php%3Fid%3D3077976%26name%3Dfila+memory+superstride+womens HTTP/1.1" 200 22287 "-" "Mozilla/5.0 (Linux; Android 6.0.1; Nexus 5X Build/MMB29P) AppleWebKit/537.36 (KHTML, like Gecko) Chrome/136.0.7103.113 Mobile Safari/537.36 (compatible; Googlebot/2.1; +http://www.google.com/bot.html)"
69.197.135.226 - - [12/Jun/2025:08:53:40 -0400] "GET /wp-includes/loginn.php HTTP/1.1" 302 6 "https://churchmr.com/wp-includes/edit.php" "Mozilla/5.0 (Windows NT 10.0; Win64; x64) AppleWebKit/537.36 (KHTML, like Gecko) Chrome/58.0.3029.110 Safari/537.3"
66.249.64.13 - - [12/Jun/2025:08:53:41 -0400] "GET /?d=117637866260&filter=e874f3&share_to_url=pin.php%3Fid%3D3983898%26name%3Dhi+i1+store+igi+diamond HTTP/1.1" 200 24136 "-" "Mozilla/5.0 (Linux; Android 6.0.1; Nexus 5X Build/MMB29P) AppleWebKit/537.36 (KHTML, like Gecko) Chrome/136.0.7103.113 Mobile Safari/537.36 (compatible; Googlebot/2.1; +http://www.google.com/bot.html)"
69.197.135.226 - - [12/Jun/2025:08:53:41 -0400] "GET /wp-includes/loginn.php HTTP/1.1" 302 6 "https://churchmr.com/wp-includes/edit.php" "Mozilla/5.0 (Windows NT 10.0; Win64; x64) AppleWebKit/537.36 (KHTML, like Gecko) Chrome/58.0.3029.110 Safari/537.3"
69.197.135.226 - - [12/Jun/2025:08:53:41 -0400] "GET /wp-includes/loginn.php HTTP/1.1" 302 6 "https://churchmr.com/wp-includes/edit.php" "Mozilla/5.0 (Windows NT 10.0; Win64; x64) AppleWebKit/537.36 (KHTML, like Gecko) Chrome/58.0.3029.110 Safari/537.3"
69.197.135.226 - - [12/Jun/2025:08:53:42 -0400] "GET /wp-includes/loginn.php HTTP/1.1" 302 6 "https://churchmr.com/wp-includes/edit.php" "Mozilla/5.0 (Windows NT 10.0; Win64; x64) AppleWebKit/537.36 (KHTML, like Gecko) Chrome/58.0.3029.110 Safari/537.3"
66.249.64.11 - - [12/Jun/2025:08:53:42 -0400] "GET /?d=116606949260&filter=d627b2&share_to_url=shop.php%3Fid%3D3948691%26name%3Dbuying+guide+for+mitsubishi+commercial HTTP/1.1" 200 24205 "-" "Mozilla/5.0 (Linux; Android 6.0.1; Nexus 5X Build/MMB29P) AppleWebKit/537.36 (KHTML, like Gecko) Chrome/136.0.7103.113 Mobile Safari/537.36 (compatible; Googlebot/2.1; +http://www.google.com/bot.html)"
69.197.135.226 - - [12/Jun/2025:08:53:43 -0400] "GET /wp-includes/loginn.php HTTP/1.1" 302 6 "https://churchmr.com/wp-includes/edit.php" "Mozilla/5.0 (Windows NT 10.0; Win64; x64) AppleWebKit/537.36 (KHTML, like Gecko) Chrome/58.0.3029.110 Safari/537.3"
69.197.135.226 - - [12/Jun/2025:08:53:43 -0400] "GET /wp-includes/loginn.php HTTP/1.1" 302 6 "https://churchmr.com/wp-includes/edit.php" "Mozilla/5.0 (Windows NT 10.0; Win64; x64) AppleWebKit/537.36 (KHTML, like Gecko) Chrome/58.0.3029.110 Safari/537.3"
66.249.64.12 - - [12/Jun/2025:08:53:44 -0400] "GET /?d=107931146260&filter=781a9e&share_to_url=product-page.php%3Fid%3D3654484%26name%3Dpetite+merino+wool+sweaters HTTP/1.1" 200 23134 "-" "Mozilla/5.0 (Linux; Android 6.0.1; Nexus 5X Build/MMB29P) AppleWebKit/537.36 (KHTML, like Gecko) Chrome/136.0.7103.113 Mobile Safari/537.36 (compatible; Googlebot/2.1; +http://www.google.com/bot.html)"
69.197.135.226 - - [12/Jun/2025:08:53:44 -0400] "GET /wp-includes/loginn.php HTTP/1.1" 302 6 "https://churchmr.com/wp-includes/edit.php" "Mozilla/5.0 (Windows NT 10.0; Win64; x64) AppleWebKit/537.36 (KHTML, like Gecko) Chrome/58.0.3029.110 Safari/537.3"
157.55.39.202 - - [12/Jun/2025:08:53:44 -0400] "GET /?d=39118551260&filter=116a77&share_to_url=ideas.php%3Fid%3D1327776%26name%3Dus+stove+ashley+1300 HTTP/1.1" 200 22866 "-" "Mozilla/5.0 AppleWebKit/537.36 (KHTML, like Gecko; compatible; bingbot/2.0; +http://www.bing.com/bingbot.htm) Chrome/116.0.1938.76 Safari/537.36"
69.197.135.226 - - [12/Jun/2025:08:53:45 -0400] "GET /wp-includes/loginn.php HTTP/1.1" 302 6 "https://churchmr.com/wp-includes/edit.php" "Mozilla/5.0 (Windows NT 10.0; Win64; x64) AppleWebKit/537.36 (KHTML, like Gecko) Chrome/58.0.3029.110 Safari/537.3"
69.197.135.226 - - [12/Jun/2025:08:53:45 -0400] "GET /wp-includes/loginn.php HTTP/1.1" 302 6 "https://churchmr.com/wp-includes/edit.php" "Mozilla/5.0 (Windows NT 10.0; Win64; x64) AppleWebKit/537.36 (KHTML, like Gecko) Chrome/58.0.3029.110 Safari/537.3"
157.55.39.202 - - [12/Jun/2025:08:53:45 -0400] "GET /?d=90239479260&filter=56e2eb&share_to_url=ideas.php%3Fid%3D3058080%26name%3Dty+puffies+relev%C3%A9+dancewear HTTP/1.1" 200 22549 "-" "Mozilla/5.0 AppleWebKit/537.36 (KHTML, like Gecko; compatible; bingbot/2.0; +http://www.bing.com/bingbot.htm) Chrome/116.0.1938.76 Safari/537.36"
66.249.64.11 - - [12/Jun/2025:08:53:45 -0400] "GET /?d=115241614260&filter=96a32b&share_to_url=article.php%3Fid%3D3902402%26name%3Dadams+gemaakt+door HTTP/1.1" 200 23470 "-" "Mozilla/5.0 (Linux; Android 6.0.1; Nexus 5X Build/MMB29P) AppleWebKit/537.36 (KHTML, like Gecko) Chrome/136.0.7103.113 Mobile Safari/537.36 (compatible; Googlebot/2.1; +http://www.google.com/bot.html)"
157.55.39.202 - - [12/Jun/2025:08:53:46 -0400] "GET /?d=10092971260&filter=e69463&share_to_url=article.php%3Fid%3D346058%26name%3Dchloe+dygert+suffers+horror HTTP/1.1" 200 21896 "-" "Mozilla/5.0 AppleWebKit/537.36 (KHTML, like Gecko; compatible; bingbot/2.0; +http://www.bing.com/bingbot.htm) Chrome/116.0.1938.76 Safari/537.36"
66.249.64.13 - - [12/Jun/2025:08:53:47 -0400] "GET /?d=108013219260&filter=d85df6&share_to_url=detail.php%3Fid%3D3657093%26name%3Dthese+iconic+sneaker+collabs+changed HTTP/1.1" 200 22790 "-" "Mozilla/5.0 (Linux; Android 6.0.1; Nexus 5X Build/MMB29P) AppleWebKit/537.36 (KHTML, like Gecko) Chrome/136.0.7103.113 Mobile Safari/537.36 (compatible; Googlebot/2.1; +http://www.google.com/bot.html)"
157.55.39.202 - - [12/Jun/2025:08:53:47 -0400] "GET /?d=92480655260&filter=e80e68&share_to_url=article.php%3Fid%3D3133070%26name%3Dwhy+is+destined+to+be HTTP/1.1" 200 22407 "-" "Mozilla/5.0 AppleWebKit/537.36 (KHTML, like Gecko; compatible; bingbot/2.0; +http://www.bing.com/bingbot.htm) Chrome/116.0.1938.76 Safari/537.36"
40.77.167.123 - - [12/Jun/2025:08:53:47 -0400] "GET /?d=105281648260&filter=f4b633&share_to_url=model.php%3Fid%3D3566739%26name%3Dartplan+outdoor+seat+cushions HTTP/1.1" 200 23987 "-" "Mozilla/5.0 AppleWebKit/537.36 (KHTML, like Gecko; compatible; bingbot/2.0; +http://www.bing.com/bingbot.htm) Chrome/116.0.1938.76 Safari/537.36"
40.77.167.123 - - [12/Jun/2025:08:53:48 -0400] "GET /?d=93989157260&filter=2b4ace&share_to_url=model.php%3Fid%3D3184503%26name%3Djazz+nxt+lifestyle HTTP/1.1" 200 22446 "-" "Mozilla/5.0 AppleWebKit/537.36 (KHTML, like Gecko; compatible; bingbot/2.0; +http://www.bing.com/bingbot.htm) Chrome/116.0.1938.76 Safari/537.36"
66.249.64.12 - - [12/Jun/2025:08:53:48 -0400] "GET /?d=87594522260&filter=bfc81f&share_to_url=product.php%3Fid%3D2968114%26name%3Dchromag+bza+35+carbon HTTP/1.1" 200 22781 "-" "Mozilla/5.0 (Linux; Android 6.0.1; Nexus 5X Build/MMB29P) AppleWebKit/537.36 (KHTML, like Gecko) Chrome/136.0.7103.113 Mobile Safari/537.36 (compatible; Googlebot/2.1; +http://www.google.com/bot.html)"
66.249.64.12 - - [12/Jun/2025:08:53:49 -0400] "GET /?d=92580174260&filter=934019&share_to_url=ideas.php%3Fid%3D3136728%26name%3Dshoes+cavenders HTTP/1.1" 200 23424 "-" "Mozilla/5.0 (Linux; Android 6.0.1; Nexus 5X Build/MMB29P) AppleWebKit/537.36 (KHTML, like Gecko) Chrome/136.0.7103.113 Mobile Safari/537.36 (compatible; Googlebot/2.1; +http://www.google.com/bot.html)"
66.249.64.12 - - [12/Jun/2025:08:53:51 -0400] "GET /?d=89447710260&filter=bfc81f&share_to_url=product-page.php%3Fid%3D3031756%26name%3D2021+calibre+sentry+specs HTTP/1.1" 200 23049 "-" "Mozilla/5.0 (Linux; Android 6.0.1; Nexus 5X Build/MMB29P) AppleWebKit/537.36 (KHTML, like Gecko) Chrome/136.0.7103.113 Mobile Safari/537.36 (compatible; Googlebot/2.1; +http://www.google.com/bot.html)"
66.249.64.12 - - [12/Jun/2025:08:53:52 -0400] "GET /?d=104435120260&filter=bce36f&share_to_url=goods.php%3Fid%3D3538667%26name%3Dnew+duracell HTTP/1.1" 200 23448 "-" "Mozilla/5.0 (Linux; Android 6.0.1; Nexus 5X Build/MMB29P) AppleWebKit/537.36 (KHTML, like Gecko) Chrome/136.0.7103.113 Mobile Safari/537.36 (compatible; Googlebot/2.1; +http://www.google.com/bot.html)"
66.249.64.14 - - [12/Jun/2025:08:53:54 -0400] "GET /?d=106283550260&filter=3699f1&share_to_url=article.php%3Fid%3D3599726%26name%3Dvca+asec+asecla+instagram HTTP/1.1" 200 22114 "-" "Mozilla/5.0 (Linux; Android 6.0.1; Nexus 5X Build/MMB29P) AppleWebKit/537.36 (KHTML, like Gecko) Chrome/136.0.7103.113 Mobile Safari/537.36 (compatible; Googlebot/2.1; +http://www.google.com/bot.html)"
40.77.167.62 - - [12/Jun/2025:08:53:55 -0400] "GET /?d=34219070260&filter=ab67d8&share_to_url=pin.php%3Fid%3D1163946%26name%3Dfullwatt+racing+discount+gaming HTTP/1.1" 200 22941 "-" "Mozilla/5.0 AppleWebKit/537.36 (KHTML, like Gecko; compatible; bingbot/2.0; +http://www.bing.com/bingbot.htm) Chrome/116.0.1938.76 Safari/537.36"
66.249.64.11 - - [12/Jun/2025:08:53:55 -0400] "GET /?d=110537259260&filter=0f1ecd&share_to_url=product.php%3Fid%3D3742150%26name%3Dtml+by+tomorrowland+launches+first HTTP/1.1" 200 22332 "-" "Mozilla/5.0 (Linux; Android 6.0.1; Nexus 5X Build/MMB29P) AppleWebKit/537.36 (KHTML, like Gecko) Chrome/136.0.7103.113 Mobile Safari/537.36 (compatible; Googlebot/2.1; +http://www.google.com/bot.html)"
40.77.167.62 - - [12/Jun/2025:08:53:57 -0400] "GET /?d=109771391260&filter=cb3ca5&share_to_url=model.php%3Fid%3D3715323%26name%3Dvintage+brazilian+inlaid+wood HTTP/1.1" 200 23520 "-" "Mozilla/5.0 AppleWebKit/537.36 (KHTML, like Gecko; compatible; bingbot/2.0; +http://www.bing.com/bingbot.htm) Chrome/116.0.1938.76 Safari/537.36"
66.249.64.13 - - [12/Jun/2025:08:53:57 -0400] "GET /?d=98973700260&filter=353642&share_to_url=ideas.php%3Fid%3D3354216%26name%3Dalexandre+birman+clarita+sandals HTTP/1.1" 200 21936 "-" "Mozilla/5.0 (Linux; Android 6.0.1; Nexus 5X Build/MMB29P) AppleWebKit/537.36 (KHTML, like Gecko) Chrome/136.0.7103.113 Mobile Safari/537.36 (compatible; Googlebot/2.1; +http://www.google.com/bot.html)"
157.55.39.202 - - [12/Jun/2025:08:53:57 -0400] "GET /?d=100251591260&filter=953c46&share_to_url=item.php%3Fid%3D3397765%26name%3Dtpm+modules+for HTTP/1.1" 200 22840 "-" "Mozilla/5.0 AppleWebKit/537.36 (KHTML, like Gecko; compatible; bingbot/2.0; +http://www.bing.com/bingbot.htm) Chrome/116.0.1938.76 Safari/537.36"
66.249.64.14 - - [12/Jun/2025:08:53:58 -0400] "GET /?d=97069858260&filter=6ee96f&share_to_url=product-page.php%3Fid%3D3288880%26name%3Dreal+women+have+curves HTTP/1.1" 200 23089 "-" "Mozilla/5.0 (Linux; Android 6.0.1; Nexus 5X Build/MMB29P) AppleWebKit/537.36 (KHTML, like Gecko) Chrome/136.0.7103.113 Mobile Safari/537.36 (compatible; Googlebot/2.1; +http://www.google.com/bot.html)"
40.77.167.62 - - [12/Jun/2025:08:53:59 -0400] "GET /?d=4055744260&filter=ada5f8&share_to_url=pin.php%3Fid%3D139938%26name%3Dsakura+massage+slough HTTP/1.1" 200 23142 "-" "Mozilla/5.0 AppleWebKit/537.36 (KHTML, like Gecko; compatible; bingbot/2.0; +http://www.bing.com/bingbot.htm) Chrome/116.0.1938.76 Safari/537.36"
66.249.64.13 - - [12/Jun/2025:08:54:00 -0400] "GET /?d=93719915260&filter=71a094&share_to_url=model.php%3Fid%3D3174963%26name%3Dherren+aktentasche+arbeitstasche+umh%C3%A4ngetasche+business HTTP/1.1" 200 23510 "-" "Mozilla/5.0 (Linux; Android 6.0.1; Nexus 5X Build/MMB29P) AppleWebKit/537.36 (KHTML, like Gecko) Chrome/136.0.7103.113 Mobile Safari/537.36 (compatible; Googlebot/2.1; +http://www.google.com/bot.html)"
66.249.64.14 - - [12/Jun/2025:08:54:01 -0400] "GET /?d=102873466260&filter=75d149&share_to_url=discover.php%3Fid%3D3486497%26name%3Dbuy+zyzz+flexing+glasses HTTP/1.1" 200 23719 "-" "Mozilla/5.0 (Linux; Android 6.0.1; Nexus 5X Build/MMB29P) AppleWebKit/537.36 (KHTML, like Gecko) Chrome/136.0.7103.113 Mobile Safari/537.36 (compatible; Googlebot/2.1; +http://www.google.com/bot.html)"
66.249.64.11 - - [12/Jun/2025:08:54:02 -0400] "GET /?d=93295311260&filter=947acc&share_to_url=product.php%3Fid%3D3160810%26name%3Dplayera+logo+armany+exchange HTTP/1.1" 200 24078 "-" "Mozilla/5.0 (Linux; Android 6.0.1; Nexus 5X Build/MMB29P) AppleWebKit/537.36 (KHTML, like Gecko) Chrome/136.0.7103.113 Mobile Safari/537.36 (compatible; Googlebot/2.1; +http://www.google.com/bot.html)"
66.249.64.7 - - [12/Jun/2025:08:54:04 -0400] "GET /?d=93693634260&filter=dd928e&share_to_url=article.php%3Fid%3D3174062%26name%3Dfancy+pets+tapete HTTP/1.1" 200 23457 "-" "Mozilla/5.0 (Linux; Android 6.0.1; Nexus 5X Build/MMB29P) AppleWebKit/537.36 (KHTML, like Gecko) Chrome/136.0.7103.113 Mobile Safari/537.36 (compatible; Googlebot/2.1; +http://www.google.com/bot.html)"
66.249.64.7 - - [12/Jun/2025:08:54:06 -0400] "GET /?d=108275526260&filter=65e9c5&share_to_url=shop.php%3Fid%3D3665911%26name%3Dadaptive+winter+mittens HTTP/1.1" 200 23381 "-" "Mozilla/5.0 (Linux; Android 6.0.1; Nexus 5X Build/MMB29P) AppleWebKit/537.36 (KHTML, like Gecko) Chrome/136.0.7103.113 Mobile Safari/537.36 (compatible; Googlebot/2.1; +http://www.google.com/bot.html)"
66.249.64.7 - - [12/Jun/2025:08:54:07 -0400] "GET /?d=90902459260&filter=61b61c&share_to_url=product.php%3Fid%3D3080878%26name%3Dclone+sicuro+affidati HTTP/1.1" 200 23653 "-" "Mozilla/5.0 (Linux; Android 6.0.1; Nexus 5X Build/MMB29P) AppleWebKit/537.36 (KHTML, like Gecko) Chrome/136.0.7103.113 Mobile Safari/537.36 (compatible; Googlebot/2.1; +http://www.google.com/bot.html)"
66.249.64.6 - - [12/Jun/2025:08:54:09 -0400] "GET /?d=98299781260&filter=307e75&share_to_url=shop.php%3Fid%3D3331207%26name%3Dnew+balance+997h+039+zebra HTTP/1.1" 200 22292 "-" "Mozilla/5.0 (Linux; Android 6.0.1; Nexus 5X Build/MMB29P) AppleWebKit/537.36 (KHTML, like Gecko) Chrome/136.0.7103.113 Mobile Safari/537.36 (compatible; Googlebot/2.1; +http://www.google.com/bot.html)"
66.249.64.6 - - [12/Jun/2025:08:54:10 -0400] "GET /?d=109814761260&filter=70475e&share_to_url=goods.php%3Fid%3D3716771%26name%3Dair+max+customs+2025 HTTP/1.1" 200 22374 "-" "Mozilla/5.0 (Linux; Android 6.0.1; Nexus 5X Build/MMB29P) AppleWebKit/537.36 (KHTML, like Gecko) Chrome/136.0.7103.113 Mobile Safari/537.36 (compatible; Googlebot/2.1; +http://www.google.com/bot.html)"
66.249.64.5 - - [12/Jun/2025:08:54:12 -0400] "GET /?d=113108555260&filter=b18bc9&share_to_url=goods.php%3Fid%3D3830927%26name%3Dbicicleta+olmo+amelie+rapide HTTP/1.1" 200 23756 "-" "Mozilla/5.0 (Linux; Android 6.0.1; Nexus 5X Build/MMB29P) AppleWebKit/537.36 (KHTML, like Gecko) Chrome/136.0.7103.113 Mobile Safari/537.36 (compatible; Googlebot/2.1; +http://www.google.com/bot.html)"
66.249.64.6 - - [12/Jun/2025:08:54:13 -0400] "GET /?d=97450991260&filter=8d4935&share_to_url=pin.php%3Fid%3D3302406%26name%3Dchopard+unveils+a+newly HTTP/1.1" 200 23081 "-" "Mozilla/5.0 (Linux; Android 6.0.1; Nexus 5X Build/MMB29P) AppleWebKit/537.36 (KHTML, like Gecko) Chrome/136.0.7103.113 Mobile Safari/537.36 (compatible; Googlebot/2.1; +http://www.google.com/bot.html)"
66.249.64.5 - - [12/Jun/2025:08:54:14 -0400] "GET /?d=87545791260&filter=627f63&share_to_url=article.php%3Fid%3D2966570%26name%3Dbarbour+sale+international+clutch HTTP/1.1" 200 22132 "-" "Mozilla/5.0 (Linux; Android 6.0.1; Nexus 5X Build/MMB29P) AppleWebKit/537.36 (KHTML, like Gecko) Chrome/136.0.7103.113 Mobile Safari/537.36 (compatible; Googlebot/2.1; +http://www.google.com/bot.html)"
40.77.167.62 - - [12/Jun/2025:08:54:14 -0400] "GET /?d=37170627260&filter=b2e434&share_to_url=ideas.php%3Fid%3D1262196%26name%3Donline+programs+invictus HTTP/1.1" 200 23208 "-" "Mozilla/5.0 AppleWebKit/537.36 (KHTML, like Gecko; compatible; bingbot/2.0; +http://www.bing.com/bingbot.htm) Chrome/116.0.1938.76 Safari/537.36"
52.167.144.22 - - [12/Jun/2025:08:54:15 -0400] "GET /?d=65111355260&filter=edd546&share_to_url=shopdetail.php%3Fid%3D2208092%26name%3Dwms40+mini+dual+instrumental HTTP/1.1" 200 22967 "-" "Mozilla/5.0 AppleWebKit/537.36 (KHTML, like Gecko; compatible; bingbot/2.0; +http://www.bing.com/bingbot.htm) Chrome/116.0.1938.76 Safari/537.36"
40.77.167.62 - - [12/Jun/2025:08:54:15 -0400] "GET /?d=106550109260&filter=b70501&share_to_url=discover.php%3Fid%3D3608681%26name%3Dgeorgia+tech+goes+with HTTP/1.1" 200 24227 "-" "Mozilla/5.0 AppleWebKit/537.36 (KHTML, like Gecko; compatible; bingbot/2.0; +http://www.bing.com/bingbot.htm) Chrome/116.0.1938.76 Safari/537.36"
52.167.144.21 - - [12/Jun/2025:08:54:16 -0400] "GET /?d=86558362260&filter=1c3e5e&share_to_url=detail.php%3Fid%3D2932857%26name%3Dconnect+car+amplifier+or+subwoofer HTTP/1.1" 200 23188 "-" "Mozilla/5.0 AppleWebKit/537.36 (KHTML, like Gecko; compatible; bingbot/2.0; +http://www.bing.com/bingbot.htm) Chrome/116.0.1938.76 Safari/537.36"
66.249.64.5 - - [12/Jun/2025:08:54:16 -0400] "GET /?d=108270032260&filter=a42aa7&share_to_url=item.php%3Fid%3D3665713%26name%3Dorange+american+pomeranian+club HTTP/1.1" 200 23063 "-" "Mozilla/5.0 (Linux; Android 6.0.1; Nexus 5X Build/MMB29P) AppleWebKit/537.36 (KHTML, like Gecko) Chrome/136.0.7103.113 Mobile Safari/537.36 (compatible; Googlebot/2.1; +http://www.google.com/bot.html)"
66.249.64.5 - - [12/Jun/2025:08:54:17 -0400] "GET /?d=99452923260&filter=8c4686&share_to_url=product.php%3Fid%3D3370738%26name%3D17+baby+to HTTP/1.1" 200 24021 "-" "Mozilla/5.0 (Linux; Android 6.0.1; Nexus 5X Build/MMB29P) AppleWebKit/537.36 (KHTML, like Gecko) Chrome/136.0.7103.113 Mobile Safari/537.36 (compatible; Googlebot/2.1; +http://www.google.com/bot.html)"
66.249.64.5 - - [12/Jun/2025:08:54:19 -0400] "GET /?d=98252035260&filter=53e9bb&share_to_url=shop.php%3Fid%3D3329371%26name%3Dchic+blue+groomsmen+haptic HTTP/1.1" 200 23573 "-" "Mozilla/5.0 (Linux; Android 6.0.1; Nexus 5X Build/MMB29P) AppleWebKit/537.36 (KHTML, like Gecko) Chrome/136.0.7103.113 Mobile Safari/537.36 (compatible; Googlebot/2.1; +http://www.google.com/bot.html)"
157.55.39.202 - - [12/Jun/2025:08:54:19 -0400] "GET /?d=89265446260&filter=e287cc&share_to_url=pin.php%3Fid%3D3025770%26name%3D111+flight+deals HTTP/1.1" 200 23814 "-" "Mozilla/5.0 AppleWebKit/537.36 (KHTML, like Gecko; compatible; bingbot/2.0; +http://www.bing.com/bingbot.htm) Chrome/116.0.1938.76 Safari/537.36"
66.249.64.5 - - [12/Jun/2025:08:54:20 -0400] "GET /?d=71163773260&filter=97eb76&share_to_url=item.php%3Fid%3D2411545%26name%3Dcamicia+corta+in+denim+con HTTP/1.1" 200 23668 "-" "Mozilla/5.0 (Linux; Android 6.0.1; Nexus 5X Build/MMB29P) AppleWebKit/537.36 (KHTML, like Gecko) Chrome/136.0.7103.113 Mobile Safari/537.36 (compatible; Googlebot/2.1; +http://www.google.com/bot.html)"
66.249.64.5 - - [12/Jun/2025:08:54:20 -0400] "GET /?d=87338176260&filter=b906ce&share_to_url=model.php%3Fid%3D2959755%26name%3D30+year+old+yishun+jumbo+flat HTTP/1.1" 200 23285 "-" "Mozilla/5.0 (Linux; Android 6.0.1; Nexus 5X Build/MMB29P) AppleWebKit/537.36 (KHTML, like Gecko) Chrome/136.0.7103.113 Mobile Safari/537.36 (compatible; Googlebot/2.1; +http://www.google.com/bot.html)"
157.55.39.202 - - [12/Jun/2025:08:54:20 -0400] "GET /?d=57134593260&filter=c79531&share_to_url=ideas.php%3Fid%3D1939644%26name%3Dcountess+vampire+lol+surprise HTTP/1.1" 200 23817 "-" "Mozilla/5.0 AppleWebKit/537.36 (KHTML, like Gecko; compatible; bingbot/2.0; +http://www.bing.com/bingbot.htm) Chrome/116.0.1938.76 Safari/537.36"
66.249.64.5 - - [12/Jun/2025:08:54:21 -0400] "GET /?d=46889113260&filter=ee3553&share_to_url=item.php%3Fid%3D1592485%26name%3Deinigeln+hi+res+stock+photography+and HTTP/1.1" 200 23375 "-" "Mozilla/5.0 (Linux; Android 6.0.1; Nexus 5X Build/MMB29P) AppleWebKit/537.36 (KHTML, like Gecko) Chrome/136.0.7103.113 Mobile Safari/537.36 (compatible; Googlebot/2.1; +http://www.google.com/bot.html)"
66.249.64.5 - - [12/Jun/2025:08:54:21 -0400] "GET /?d=111927834260&filter=593d11&share_to_url=ideas.php%3Fid%3D3791016%26name%3Dhorsepower+centrifugal HTTP/1.1" 200 24319 "-" "Mozilla/5.0 (Linux; Android 6.0.1; Nexus 5X Build/MMB29P) AppleWebKit/537.36 (KHTML, like Gecko) Chrome/136.0.7103.113 Mobile Safari/537.36 (compatible; Googlebot/2.1; +http://www.google.com/bot.html)"
66.249.64.5 - - [12/Jun/2025:08:54:21 -0400] "GET /?d=112148090260&filter=dbaec5&share_to_url=discover.php%3Fid%3D3798977%26name%3Dallter+organic+bamboo+diapers+small HTTP/1.1" 200 23703 "-" "Mozilla/5.0 (Linux; Android 6.0.1; Nexus 5X Build/MMB29P) AppleWebKit/537.36 (KHTML, like Gecko) Chrome/136.0.7103.113 Mobile Safari/537.36 (compatible; Googlebot/2.1; +http://www.google.com/bot.html)"
157.55.39.202 - - [12/Jun/2025:08:54:22 -0400] "GET /?d=88105746260&filter=ec7398&share_to_url=ideas.php%3Fid%3D2985528%26name%3Dcustomize+your+yeti+cooler HTTP/1.1" 200 23226 "-" "Mozilla/5.0 AppleWebKit/537.36 (KHTML, like Gecko; compatible; bingbot/2.0; +http://www.bing.com/bingbot.htm) Chrome/116.0.1938.76 Safari/537.36"
66.249.64.5 - - [12/Jun/2025:08:54:22 -0400] "GET /?d=103921085260&filter=1cbf7a&share_to_url=detail.php%3Fid%3D3521121%26name%3Dchina+lawn+mower+grass HTTP/1.1" 200 24442 "-" "Mozilla/5.0 (Linux; Android 6.0.1; Nexus 5X Build/MMB29P) AppleWebKit/537.36 (KHTML, like Gecko) Chrome/136.0.7103.113 Mobile Safari/537.36 (compatible; Googlebot/2.1; +http://www.google.com/bot.html)"
66.249.64.5 - - [12/Jun/2025:08:54:24 -0400] "GET /?d=102594760260&filter=29bf04&share_to_url=goods.php%3Fid%3D3477383%26name%3Dcartel+willow HTTP/1.1" 200 23822 "-" "Mozilla/5.0 (Linux; Android 6.0.1; Nexus 5X Build/MMB29P) AppleWebKit/537.36 (KHTML, like Gecko) Chrome/136.0.7103.113 Mobile Safari/537.36 (compatible; Googlebot/2.1; +http://www.google.com/bot.html)"
66.249.64.6 - - [12/Jun/2025:08:54:25 -0400] "GET /?d=114048836260&filter=9ca3b3&share_to_url=shopdetail.php%3Fid%3D3862436%26name%3Dtripping+on+you+solid HTTP/1.1" 200 24956 "-" "Mozilla/5.0 (Linux; Android 6.0.1; Nexus 5X Build/MMB29P) AppleWebKit/537.36 (KHTML, like Gecko) Chrome/136.0.7103.113 Mobile Safari/537.36 (compatible; Googlebot/2.1; +http://www.google.com/bot.html)"
66.249.64.6 - - [12/Jun/2025:08:54:25 -0400] "GET /?d=103092046260&filter=504716&share_to_url=detail.php%3Fid%3D3493557%26name%3Dcharles+barkley+championship+rings+2024 HTTP/1.1" 200 23111 "-" "Mozilla/5.0 (Linux; Android 6.0.1; Nexus 5X Build/MMB29P) AppleWebKit/537.36 (KHTML, like Gecko) Chrome/136.0.7103.113 Mobile Safari/537.36 (compatible; Googlebot/2.1; +http://www.google.com/bot.html)"
52.167.144.22 - - [12/Jun/2025:08:54:26 -0400] "GET /?d=56618532260&filter=4ba749&share_to_url=detail.php%3Fid%3D1922481%26name%3Dbuy+nnr+crystal+broad HTTP/1.1" 200 22975 "-" "Mozilla/5.0 AppleWebKit/537.36 (KHTML, like Gecko; compatible; bingbot/2.0; +http://www.bing.com/bingbot.htm) Chrome/116.0.1938.76 Safari/537.36"
207.46.13.92 - - [12/Jun/2025:08:54:26 -0400] "GET /?d=105647633260&filter=967b54&share_to_url=pin.php%3Fid%3D3578790%26name%3Dthomasville+names+first+female HTTP/1.1" 200 24930 "-" "Mozilla/5.0 AppleWebKit/537.36 (KHTML, like Gecko; compatible; bingbot/2.0; +http://www.bing.com/bingbot.htm) Chrome/116.0.1938.76 Safari/537.36"
66.249.64.6 - - [12/Jun/2025:08:54:26 -0400] "GET /?d=103458072260&filter=e4b9aa&share_to_url=detail.php%3Fid%3D3505653%26name%3Dcabelas+sale+lookout HTTP/1.1" 200 23650 "-" "Mozilla/5.0 (Linux; Android 6.0.1; Nexus 5X Build/MMB29P) AppleWebKit/537.36 (KHTML, like Gecko) Chrome/136.0.7103.113 Mobile Safari/537.36 (compatible; Googlebot/2.1; +http://www.google.com/bot.html)"
52.167.144.21 - - [12/Jun/2025:08:54:27 -0400] "GET /?d=94822038260&filter=cc1802&share_to_url=shop.php%3Fid%3D3213055%26name%3Dconverse+kad+%B1n+koleksiyonundaki+t%C3%BCm+%C3%9Cr%C3%BCnler HTTP/1.1" 200 22754 "-" "Mozilla/5.0 AppleWebKit/537.36 (KHTML, like Gecko; compatible; bingbot/2.0; +http://www.bing.com/bingbot.htm) Chrome/116.0.1938.76 Safari/537.36"
40.77.167.123 - - [12/Jun/2025:08:54:27 -0400] "GET /?d=110447211260&filter=b3ceb7&share_to_url=article.php%3Fid%3D3738962%26name%3Drelx+infinity+transparent+silicone HTTP/1.1" 200 23787 "-" "Mozilla/5.0 AppleWebKit/537.36 (KHTML, like Gecko; compatible; bingbot/2.0; +http://www.bing.com/bingbot.htm) Chrome/116.0.1938.76 Safari/537.36"
66.249.64.6 - - [12/Jun/2025:08:54:27 -0400] "GET /?d=87769445260&filter=cae449&share_to_url=shop.php%3Fid%3D2974363%26name%3Dadairs+does+your+furry HTTP/1.1" 200 24458 "-" "Mozilla/5.0 (Linux; Android 6.0.1; Nexus 5X Build/MMB29P) AppleWebKit/537.36 (KHTML, like Gecko) Chrome/136.0.7103.113 Mobile Safari/537.36 (compatible; Googlebot/2.1; +http://www.google.com/bot.html)"
66.249.64.6 - - [12/Jun/2025:08:54:29 -0400] "GET /?d=92650620260&filter=23a820&share_to_url=pin.php%3Fid%3D3139230%26name%3Dbandage+plunge+long+sleeve HTTP/1.1" 200 23427 "-" "Mozilla/5.0 (Linux; Android 6.0.1; Nexus 5X Build/MMB29P) AppleWebKit/537.36 (KHTML, like Gecko) Chrome/136.0.7103.113 Mobile Safari/537.36 (compatible; Googlebot/2.1; +http://www.google.com/bot.html)"
66.249.64.6 - - [12/Jun/2025:08:54:30 -0400] "GET /?d=91557558260&filter=eba88d&share_to_url=article.php%3Fid%3D3102746%26name%3Decco+alcuni+passaggi+su+come HTTP/1.1" 200 24472 "-" "Mozilla/5.0 (Linux; Android 6.0.1; Nexus 5X Build/MMB29P) AppleWebKit/537.36 (KHTML, like Gecko) Chrome/136.0.7103.113 Mobile Safari/537.36 (compatible; Googlebot/2.1; +http://www.google.com/bot.html)"
40.77.167.123 - - [12/Jun/2025:08:54:31 -0400] "GET /?d=86532001260&filter=968bb9&share_to_url=article.php%3Fid%3D2931950%26name%3Dzara+and+wander+x HTTP/1.1" 200 23891 "-" "Mozilla/5.0 AppleWebKit/537.36 (KHTML, like Gecko; compatible; bingbot/2.0; +http://www.bing.com/bingbot.htm) Chrome/116.0.1938.76 Safari/537.36"
66.249.64.6 - - [12/Jun/2025:08:54:31 -0400] "GET /?d=89936374260&filter=df484e&share_to_url=product.php%3Fid%3D3048166%26name%3Dtn+noir+sale+et+rose HTTP/1.1" 200 24115 "-" "Mozilla/5.0 (Linux; Android 6.0.1; Nexus 5X Build/MMB29P) AppleWebKit/537.36 (KHTML, like Gecko) Chrome/136.0.7103.113 Mobile Safari/537.36 (compatible; Googlebot/2.1; +http://www.google.com/bot.html)"
40.77.167.123 - - [12/Jun/2025:08:54:31 -0400] "GET /?d=109640724260&filter=3bdd0d&share_to_url=article.php%3Fid%3D3710942%26name%3Dd%C3%A9p+%91%C3%BAc+h%C3%A0+lan HTTP/1.1" 200 24478 "-" "Mozilla/5.0 AppleWebKit/537.36 (KHTML, like Gecko; compatible; bingbot/2.0; +http://www.bing.com/bingbot.htm) Chrome/116.0.1938.76 Safari/537.36"
