66.249.64.5 - - [12/Jun/2025:08:16:40 -0400] "GET /?d=107975836260&filter=3699f1&share_to_url=ideas.php%3Fid%3D3655788%26name%3Dcollie+husky+mix+hi+res HTTP/1.1" 200 23965 "-" "Mozilla/5.0 (Linux; Android 6.0.1; Nexus 5X Build/MMB29P) AppleWebKit/537.36 (KHTML, like Gecko) Chrome/136.0.7103.113 Mobile Safari/537.36 (compatible; Googlebot/2.1; +http://www.google.com/bot.html)"
66.249.64.6 - - [12/Jun/2025:08:16:41 -0400] "GET /?d=57456645260&filter=3b569e&share_to_url=product.php%3Fid%3D1950682%26name%3Dmac+miller+poster HTTP/1.1" 200 23152 "-" "Mozilla/5.0 (Linux; Android 6.0.1; Nexus 5X Build/MMB29P) AppleWebKit/537.36 (KHTML, like Gecko) Chrome/136.0.7103.113 Mobile Safari/537.36 (compatible; Googlebot/2.1; +http://www.google.com/bot.html)"
66.249.64.5 - - [12/Jun/2025:08:16:43 -0400] "GET /?d=107719678260&filter=637771&share_to_url=item.php%3Fid%3D3647725%26name%3Dmontre+bracelet+magn%C3%A9tique+ciel HTTP/1.1" 200 24292 "-" "Mozilla/5.0 (Linux; Android 6.0.1; Nexus 5X Build/MMB29P) AppleWebKit/537.36 (KHTML, like Gecko) Chrome/136.0.7103.113 Mobile Safari/537.36 (compatible; Googlebot/2.1; +http://www.google.com/bot.html)"
66.249.64.5 - - [12/Jun/2025:08:16:44 -0400] "GET /?d=96008180260&filter=5e40a7&share_to_url=model.php%3Fid%3D3252951%26name%3Dbarbie+airplane+jet HTTP/1.1" 200 22925 "-" "Mozilla/5.0 (Linux; Android 6.0.1; Nexus 5X Build/MMB29P) AppleWebKit/537.36 (KHTML, like Gecko) Chrome/136.0.7103.113 Mobile Safari/537.36 (compatible; Googlebot/2.1; +http://www.google.com/bot.html)"
66.249.64.6 - - [12/Jun/2025:08:16:46 -0400] "GET /?d=95867386260&filter=934019&share_to_url=item.php%3Fid%3D3248125%26name%3Dblundstone+x+boot+is HTTP/1.1" 200 23266 "-" "Mozilla/5.0 (Linux; Android 6.0.1; Nexus 5X Build/MMB29P) AppleWebKit/537.36 (KHTML, like Gecko) Chrome/136.0.7103.113 Mobile Safari/537.36 (compatible; Googlebot/2.1; +http://www.google.com/bot.html)"
66.249.64.7 - - [12/Jun/2025:08:16:47 -0400] "GET /?d=109347242260&filter=ff91f3&share_to_url=pin.php%3Fid%3D3701610%26name%3Dfathead+ronaldo HTTP/1.1" 200 21544 "-" "Mozilla/5.0 (Linux; Android 6.0.1; Nexus 5X Build/MMB29P) AppleWebKit/537.36 (KHTML, like Gecko) Chrome/136.0.7103.113 Mobile Safari/537.36 (compatible; Googlebot/2.1; +http://www.google.com/bot.html)"
66.249.64.5 - - [12/Jun/2025:08:16:47 -0400] "GET /?d=106148996260&filter=7d768c&share_to_url=goods.php%3Fid%3D3595295%26name%3Dlime+bike+owner HTTP/1.1" 200 23572 "-" "Mozilla/5.0 (Linux; Android 6.0.1; Nexus 5X Build/MMB29P) AppleWebKit/537.36 (KHTML, like Gecko) Chrome/136.0.7103.113 Mobile Safari/537.36 (compatible; Googlebot/2.1; +http://www.google.com/bot.html)"
66.249.64.6 - - [12/Jun/2025:08:16:48 -0400] "GET /?d=76036822260&filter=d9247f&share_to_url=shop.php%3Fid%3D2576875%26name%3Dpower+wheels+fishing+cart HTTP/1.1" 200 23433 "-" "Mozilla/5.0 (Linux; Android 6.0.1; Nexus 5X Build/MMB29P) AppleWebKit/537.36 (KHTML, like Gecko) Chrome/136.0.7103.113 Mobile Safari/537.36 (compatible; Googlebot/2.1; +http://www.google.com/bot.html)"
66.249.64.5 - - [12/Jun/2025:08:16:50 -0400] "GET /?d=101116210260&filter=00388a&share_to_url=detail.php%3Fid%3D3427629%26name%3Dmua+iphone+13 HTTP/1.1" 200 23152 "-" "Mozilla/5.0 (Linux; Android 6.0.1; Nexus 5X Build/MMB29P) AppleWebKit/537.36 (KHTML, like Gecko) Chrome/136.0.7103.113 Mobile Safari/537.36 (compatible; Googlebot/2.1; +http://www.google.com/bot.html)"
66.249.64.8 - - [12/Jun/2025:08:16:51 -0400] "GET /?d=111435579260&filter=704690&share_to_url=item.php%3Fid%3D3773845%26name%3Dreal+moissanite+iced+3d+football HTTP/1.1" 200 24033 "-" "Mozilla/5.0 (Linux; Android 6.0.1; Nexus 5X Build/MMB29P) AppleWebKit/537.36 (KHTML, like Gecko) Chrome/136.0.7103.113 Mobile Safari/537.36 (compatible; Googlebot/2.1; +http://www.google.com/bot.html)"
207.46.13.150 - - [12/Jun/2025:08:16:53 -0400] "GET /?d=91005142260&filter=6c17ee&share_to_url=pin.php%3Fid%3D3084162%26name%3Dmultiple+child+car+seat HTTP/1.1" 200 23060 "-" "Mozilla/5.0 AppleWebKit/537.36 (KHTML, like Gecko; compatible; bingbot/2.0; +http://www.bing.com/bingbot.htm) Chrome/116.0.1938.76 Safari/537.36"
66.249.64.6 - - [12/Jun/2025:08:16:53 -0400] "GET /?d=116583299260&filter=ebf321&share_to_url=article.php%3Fid%3D3947990%26name%3Dbusiness+attire+dress+code HTTP/1.1" 200 23593 "-" "Mozilla/5.0 (Linux; Android 6.0.1; Nexus 5X Build/MMB29P) AppleWebKit/537.36 (KHTML, like Gecko) Chrome/136.0.7103.113 Mobile Safari/537.36 (compatible; Googlebot/2.1; +http://www.google.com/bot.html)"
40.77.167.71 - - [12/Jun/2025:08:16:53 -0400] "GET /?d=64734847260&filter=e69463&share_to_url=goods.php%3Fid%3D2195351%26name%3Dfsa+os+115+white+stem HTTP/1.1" 200 23461 "-" "Mozilla/5.0 AppleWebKit/537.36 (KHTML, like Gecko; compatible; bingbot/2.0; +http://www.bing.com/bingbot.htm) Chrome/116.0.1938.76 Safari/537.36"
66.249.64.7 - - [12/Jun/2025:08:16:53 -0400] "GET /?d=95187862260&filter=8de18d&share_to_url=pin.php%3Fid%3D3224670%26name%3Dbs6+bullet+pataka HTTP/1.1" 200 23193 "-" "Mozilla/5.0 (Linux; Android 6.0.1; Nexus 5X Build/MMB29P) AppleWebKit/537.36 (KHTML, like Gecko) Chrome/136.0.7103.113 Mobile Safari/537.36 (compatible; Googlebot/2.1; +http://www.google.com/bot.html)"
66.249.64.6 - - [12/Jun/2025:08:16:54 -0400] "GET /?d=103730690260&filter=3b569e&share_to_url=pin.php%3Fid%3D3514686%26name%3Dwall+mounted+store+blanket+ladder HTTP/1.1" 200 24142 "-" "Mozilla/5.0 (Linux; Android 6.0.1; Nexus 5X Build/MMB29P) AppleWebKit/537.36 (KHTML, like Gecko) Chrome/136.0.7103.113 Mobile Safari/537.36 (compatible; Googlebot/2.1; +http://www.google.com/bot.html)"
40.77.167.71 - - [12/Jun/2025:08:16:55 -0400] "GET /?d=20679210260&filter=956610&share_to_url=pin.php%3Fid%3D702630%26name%3Darsabe+cabello HTTP/1.1" 200 23693 "-" "Mozilla/5.0 AppleWebKit/537.36 (KHTML, like Gecko; compatible; bingbot/2.0; +http://www.bing.com/bingbot.htm) Chrome/116.0.1938.76 Safari/537.36"
66.249.64.7 - - [12/Jun/2025:08:16:56 -0400] "GET /?d=107757872260&filter=8f6469&share_to_url=product-page.php%3Fid%3D3648916%26name%3Dadidas+tiro+13+clearance+slim HTTP/1.1" 200 22865 "-" "Mozilla/5.0 (Linux; Android 6.0.1; Nexus 5X Build/MMB29P) AppleWebKit/537.36 (KHTML, like Gecko) Chrome/136.0.7103.113 Mobile Safari/537.36 (compatible; Googlebot/2.1; +http://www.google.com/bot.html)"
40.77.167.71 - - [12/Jun/2025:08:16:56 -0400] "GET /?d=113374391260&filter=7223e8&share_to_url=shop.php%3Fid%3D3839815%26name%3Dchamilia+cheap+gold+bracelet HTTP/1.1" 200 23130 "-" "Mozilla/5.0 AppleWebKit/537.36 (KHTML, like Gecko; compatible; bingbot/2.0; +http://www.bing.com/bingbot.htm) Chrome/116.0.1938.76 Safari/537.36"
40.77.167.55 - - [12/Jun/2025:08:16:57 -0400] "GET /?d=86177086260&filter=400a61&share_to_url=article.php%3Fid%3D2919614%26name%3Druntastic+releases+a+pair+of HTTP/1.1" 200 23995 "-" "Mozilla/5.0 AppleWebKit/537.36 (KHTML, like Gecko; compatible; bingbot/2.0; +http://www.bing.com/bingbot.htm) Chrome/116.0.1938.76 Safari/537.36"
66.249.64.7 - - [12/Jun/2025:08:16:57 -0400] "GET /?d=14149597260&filter=a4c9b9&share_to_url=discover.php%3Fid%3D482261%26name%3Dfitbit+inspire+digital HTTP/1.1" 200 22696 "-" "Mozilla/5.0 (Linux; Android 6.0.1; Nexus 5X Build/MMB29P) AppleWebKit/537.36 (KHTML, like Gecko) Chrome/136.0.7103.113 Mobile Safari/537.36 (compatible; Googlebot/2.1; +http://www.google.com/bot.html)"
66.249.64.8 - - [12/Jun/2025:08:16:59 -0400] "GET /?d=97011753260&filter=05fb13&share_to_url=detail.php%3Fid%3D3286749%26name%3Dknowyoursveston+what+is+japanese HTTP/1.1" 200 21598 "-" "Mozilla/5.0 (Linux; Android 6.0.1; Nexus 5X Build/MMB29P) AppleWebKit/537.36 (KHTML, like Gecko) Chrome/136.0.7103.113 Mobile Safari/537.36 (compatible; Googlebot/2.1; +http://www.google.com/bot.html)"
66.249.64.5 - - [12/Jun/2025:08:17:00 -0400] "GET /?d=103244988260&filter=977925&share_to_url=article.php%3Fid%3D3498866%26name%3Daf1+drip+fluo HTTP/1.1" 200 22338 "-" "Mozilla/5.0 (Linux; Android 6.0.1; Nexus 5X Build/MMB29P) AppleWebKit/537.36 (KHTML, like Gecko) Chrome/136.0.7103.113 Mobile Safari/537.36 (compatible; Googlebot/2.1; +http://www.google.com/bot.html)"
207.46.13.150 - - [12/Jun/2025:08:17:01 -0400] "GET /?d=86081145260&filter=b2e434&share_to_url=shop.php%3Fid%3D2916475%26name%3Dweider+pro+4100 HTTP/1.1" 200 23867 "-" "Mozilla/5.0 AppleWebKit/537.36 (KHTML, like Gecko; compatible; bingbot/2.0; +http://www.bing.com/bingbot.htm) Chrome/116.0.1938.76 Safari/537.36"
207.46.13.150 - - [12/Jun/2025:08:17:01 -0400] "GET /?d=103573620260&filter=934019&share_to_url=item.php%3Fid%3D3509497%26name%3Ddublin+river+iii+boots+fitting HTTP/1.1" 200 23344 "-" "Mozilla/5.0 AppleWebKit/537.36 (KHTML, like Gecko; compatible; bingbot/2.0; +http://www.bing.com/bingbot.htm) Chrome/116.0.1938.76 Safari/537.36"
66.249.64.8 - - [12/Jun/2025:08:17:02 -0400] "GET /?d=96727546260&filter=41816b&share_to_url=goods.php%3Fid%3D3277535%26name%3Dray+ban+meta+skyler+caramel HTTP/1.1" 200 23546 "-" "Mozilla/5.0 (Linux; Android 6.0.1; Nexus 5X Build/MMB29P) AppleWebKit/537.36 (KHTML, like Gecko) Chrome/136.0.7103.113 Mobile Safari/537.36 (compatible; Googlebot/2.1; +http://www.google.com/bot.html)"
40.77.167.42 - - [12/Jun/2025:08:17:02 -0400] "GET /?d=92724194260&filter=ed3d47&share_to_url=shop.php%3Fid%3D3141619%26name%3Dwomens+608+v5+sneakers HTTP/1.1" 200 22904 "-" "Mozilla/5.0 AppleWebKit/537.36 (KHTML, like Gecko; compatible; bingbot/2.0; +http://www.bing.com/bingbot.htm) Chrome/116.0.1938.76 Safari/537.36"
207.46.13.150 - - [12/Jun/2025:08:17:02 -0400] "GET /?d=108846273260&filter=032fe0&share_to_url=shopdetail.php%3Fid%3D3685172%26name%3Dunicorn+hats+for+men HTTP/1.1" 200 24811 "-" "Mozilla/5.0 AppleWebKit/537.36 (KHTML, like Gecko; compatible; bingbot/2.0; +http://www.bing.com/bingbot.htm) Chrome/116.0.1938.76 Safari/537.36"
40.77.167.62 - - [12/Jun/2025:08:17:02 -0400] "GET /?d=37361262260&filter=14708a&share_to_url=shop.php%3Fid%3D1268359%26name%3Dwireless+cyclometer HTTP/1.1" 200 23106 "-" "Mozilla/5.0 AppleWebKit/537.36 (KHTML, like Gecko; compatible; bingbot/2.0; +http://www.bing.com/bingbot.htm) Chrome/116.0.1938.76 Safari/537.36"
66.249.64.6 - - [12/Jun/2025:08:17:03 -0400] "GET /?d=93530288260&filter=475947&share_to_url=discover.php%3Fid%3D3168617%26name%3D34463+rolex+gmt+master+ii HTTP/1.1" 200 22470 "-" "Mozilla/5.0 (Linux; Android 6.0.1; Nexus 5X Build/MMB29P) AppleWebKit/537.36 (KHTML, like Gecko) Chrome/136.0.7103.113 Mobile Safari/537.36 (compatible; Googlebot/2.1; +http://www.google.com/bot.html)"
207.46.13.150 - - [12/Jun/2025:08:17:03 -0400] "GET /?d=10867002260&filter=dc973f&share_to_url=product.php%3Fid%3D372502%26name%3Dsolved+can+you+please HTTP/1.1" 200 24957 "-" "Mozilla/5.0 AppleWebKit/537.36 (KHTML, like Gecko; compatible; bingbot/2.0; +http://www.bing.com/bingbot.htm) Chrome/116.0.1938.76 Safari/537.36"
66.249.64.6 - - [12/Jun/2025:08:17:04 -0400] "GET /?d=108266806260&filter=ec2a80&share_to_url=model.php%3Fid%3D3665595%26name%3Dfrenchie+039+039+studded+leather+harness HTTP/1.1" 200 23029 "-" "Mozilla/5.0 (Linux; Android 6.0.1; Nexus 5X Build/MMB29P) AppleWebKit/537.36 (KHTML, like Gecko) Chrome/136.0.7103.113 Mobile Safari/537.36 (compatible; Googlebot/2.1; +http://www.google.com/bot.html)"
66.249.64.6 - - [12/Jun/2025:08:17:06 -0400] "GET /?d=100262142260&filter=b3e07f&share_to_url=goods.php%3Fid%3D3398207%26name%3Dlenovo+thinkpad+x1+carbon+20u9005mus HTTP/1.1" 200 22944 "-" "Mozilla/5.0 (Linux; Android 6.0.1; Nexus 5X Build/MMB29P) AppleWebKit/537.36 (KHTML, like Gecko) Chrome/136.0.7103.113 Mobile Safari/537.36 (compatible; Googlebot/2.1; +http://www.google.com/bot.html)"
66.249.64.7 - - [12/Jun/2025:08:17:06 -0400] "GET /?d=114655774260&filter=947acc&share_to_url=item.php%3Fid%3D3882553%26name%3Dbuy+sinomarin+bebes HTTP/1.1" 200 23298 "-" "Mozilla/5.0 (Linux; Android 6.0.1; Nexus 5X Build/MMB29P) AppleWebKit/537.36 (KHTML, like Gecko) Chrome/136.0.7103.113 Mobile Safari/537.36 (compatible; Googlebot/2.1; +http://www.google.com/bot.html)"
40.77.167.42 - - [12/Jun/2025:08:17:06 -0400] "GET /?d=96214740260&filter=a46738&share_to_url=pin.php%3Fid%3D3259710%26name%3Drachel+039+s+silver+icing HTTP/1.1" 200 24231 "-" "Mozilla/5.0 AppleWebKit/537.36 (KHTML, like Gecko; compatible; bingbot/2.0; +http://www.bing.com/bingbot.htm) Chrome/116.0.1938.76 Safari/537.36"
66.249.64.7 - - [12/Jun/2025:08:17:07 -0400] "GET /?d=111868824260&filter=6d6f21&share_to_url=detail.php%3Fid%3D3789141%26name%3Dvestidos+sale+lapis HTTP/1.1" 200 24228 "-" "Mozilla/5.0 (Linux; Android 6.0.1; Nexus 5X Build/MMB29P) AppleWebKit/537.36 (KHTML, like Gecko) Chrome/136.0.7103.113 Mobile Safari/537.36 (compatible; Googlebot/2.1; +http://www.google.com/bot.html)"
40.77.167.42 - - [12/Jun/2025:08:17:07 -0400] "GET /?d=102723683260&filter=b3e07f&share_to_url=model.php?id=3481851&name=lenovo%20flex%20vs HTTP/1.1" 200 22940 "-" "Mozilla/5.0 AppleWebKit/537.36 (KHTML, like Gecko; compatible; bingbot/2.0; +http://www.bing.com/bingbot.htm) Chrome/116.0.1938.76 Safari/537.36"
66.249.64.5 - - [12/Jun/2025:08:17:07 -0400] "GET /?d=102352206260&filter=d94486&share_to_url=shopdetail.php%3Fid%3D3469448%26name%3D210+winter+fashion+ideas HTTP/1.1" 200 23920 "-" "Mozilla/5.0 (Linux; Android 6.0.1; Nexus 5X Build/MMB29P) AppleWebKit/537.36 (KHTML, like Gecko) Chrome/136.0.7103.113 Mobile Safari/537.36 (compatible; Googlebot/2.1; +http://www.google.com/bot.html)"
40.77.167.42 - - [12/Jun/2025:08:17:08 -0400] "GET /?d=105615435260&filter=203e31&share_to_url=detail.php?id=3577749&name=sxv%20039%20never%20give%20up%20039%20printed HTTP/1.1" 200 23624 "-" "Mozilla/5.0 AppleWebKit/537.36 (KHTML, like Gecko; compatible; bingbot/2.0; +http://www.bing.com/bingbot.htm) Chrome/116.0.1938.76 Safari/537.36"
66.249.64.5 - - [12/Jun/2025:08:17:08 -0400] "GET /?d=111999826260&filter=a3beff&share_to_url=pin.php%3Fid%3D3793638%26name%3Dbalboa+brick+supply HTTP/1.1" 200 24677 "-" "Mozilla/5.0 (Linux; Android 6.0.1; Nexus 5X Build/MMB29P) AppleWebKit/537.36 (KHTML, like Gecko) Chrome/136.0.7103.113 Mobile Safari/537.36 (compatible; Googlebot/2.1; +http://www.google.com/bot.html)"
66.249.64.6 - - [12/Jun/2025:08:17:09 -0400] "GET /?d=96462370260&filter=74e00d&share_to_url=shop.php%3Fid%3D3268195%26name%3Dkilian+forbidden+games+edp HTTP/1.1" 200 23291 "-" "Mozilla/5.0 (Linux; Android 6.0.1; Nexus 5X Build/MMB29P) AppleWebKit/537.36 (KHTML, like Gecko) Chrome/136.0.7103.113 Mobile Safari/537.36 (compatible; Googlebot/2.1; +http://www.google.com/bot.html)"
66.249.64.5 - - [12/Jun/2025:08:17:11 -0400] "GET /?d=96006978260&filter=5e40a7&share_to_url=product.php%3Fid%3D3252910%26name%3Dbaby+wow+charlie+multikids HTTP/1.1" 200 23960 "-" "Mozilla/5.0 (Linux; Android 6.0.1; Nexus 5X Build/MMB29P) AppleWebKit/537.36 (KHTML, like Gecko) Chrome/136.0.7103.113 Mobile Safari/537.36 (compatible; Googlebot/2.1; +http://www.google.com/bot.html)"
66.249.64.5 - - [12/Jun/2025:08:17:11 -0400] "GET /?d=93481963260&filter=ba570e&share_to_url=item.php%3Fid%3D3166969%26name%3Dkim+kardashian+black+leather+double HTTP/1.1" 200 23170 "-" "Mozilla/5.0 (Linux; Android 6.0.1; Nexus 5X Build/MMB29P) AppleWebKit/537.36 (KHTML, like Gecko) Chrome/136.0.7103.113 Mobile Safari/537.36 (compatible; Googlebot/2.1; +http://www.google.com/bot.html)"
66.249.64.5 - - [12/Jun/2025:08:17:12 -0400] "GET /?d=87273627260&filter=8104cb&share_to_url=product.php%3Fid%3D2957638%26name%3Dcaf%C3%A9+cappuccino+dolce HTTP/1.1" 200 23044 "-" "Mozilla/5.0 (Linux; Android 6.0.1; Nexus 5X Build/MMB29P) AppleWebKit/537.36 (KHTML, like Gecko) Chrome/136.0.7103.113 Mobile Safari/537.36 (compatible; Googlebot/2.1; +http://www.google.com/bot.html)"
40.77.167.62 - - [12/Jun/2025:08:17:12 -0400] "GET /?d=27568427260&filter=14708a&share_to_url=product-page.php%3Fid%3D935224%26name%3Dbear+mountain+biking HTTP/1.1" 200 23887 "-" "Mozilla/5.0 AppleWebKit/537.36 (KHTML, like Gecko; compatible; bingbot/2.0; +http://www.bing.com/bingbot.htm) Chrome/116.0.1938.76 Safari/537.36"
40.77.167.62 - - [12/Jun/2025:08:17:13 -0400] "GET /?d=108104296260&filter=1f5f6f&share_to_url=discover.php%3Fid%3D3660041%26name%3Drapidite+mountain+bike+price HTTP/1.1" 200 23492 "-" "Mozilla/5.0 AppleWebKit/537.36 (KHTML, like Gecko; compatible; bingbot/2.0; +http://www.bing.com/bingbot.htm) Chrome/116.0.1938.76 Safari/537.36"
66.249.64.5 - - [12/Jun/2025:08:17:13 -0400] "GET /?d=100251782260&filter=c6d084&share_to_url=ideas.php%3Fid%3D3397776%26name%3Dreview+hp+elitebook+is+upwardly HTTP/1.1" 200 22880 "-" "Mozilla/5.0 (Linux; Android 6.0.1; Nexus 5X Build/MMB29P) AppleWebKit/537.36 (KHTML, like Gecko) Chrome/136.0.7103.113 Mobile Safari/537.36 (compatible; Googlebot/2.1; +http://www.google.com/bot.html)"
66.249.64.5 - - [12/Jun/2025:08:17:14 -0400] "GET /?d=111784606260&filter=d67b0a&share_to_url=article.php%3Fid%3D3786206%26name%3Danaheim+ducks+reassign+alex+stalock HTTP/1.1" 200 22497 "-" "Mozilla/5.0 (Linux; Android 6.0.1; Nexus 5X Build/MMB29P) AppleWebKit/537.36 (KHTML, like Gecko) Chrome/136.0.7103.113 Mobile Safari/537.36 (compatible; Googlebot/2.1; +http://www.google.com/bot.html)"
66.249.64.5 - - [12/Jun/2025:08:17:14 -0400] "GET /?d=94746440260&filter=c4963f&share_to_url=product-page.php%3Fid%3D3210304%26name%3D6ft+usb+c+to+rca HTTP/1.1" 200 23396 "-" "Mozilla/5.0 (Linux; Android 6.0.1; Nexus 5X Build/MMB29P) AppleWebKit/537.36 (KHTML, like Gecko) Chrome/136.0.7103.113 Mobile Safari/537.36 (compatible; Googlebot/2.1; +http://www.google.com/bot.html)"
40.77.167.62 - - [12/Jun/2025:08:17:14 -0400] "GET /?d=44555384260&filter=cdc800&share_to_url=product.php%3Fid%3D1511542%26name%3Dpetite+satin+discount+pyjamas HTTP/1.1" 200 23926 "-" "Mozilla/5.0 AppleWebKit/537.36 (KHTML, like Gecko; compatible; bingbot/2.0; +http://www.bing.com/bingbot.htm) Chrome/116.0.1938.76 Safari/537.36"
40.77.167.62 - - [12/Jun/2025:08:17:15 -0400] "GET /?d=35061482260&filter=95c78c&share_to_url=pin.php%3Fid%3D1192062%26name%3Dhappy+kids+varginha HTTP/1.1" 200 24553 "-" "Mozilla/5.0 AppleWebKit/537.36 (KHTML, like Gecko; compatible; bingbot/2.0; +http://www.bing.com/bingbot.htm) Chrome/116.0.1938.76 Safari/537.36"
40.77.167.62 - - [12/Jun/2025:08:17:16 -0400] "GET /?d=70410668260&filter=24fb08&share_to_url=ideas.php%3Fid%3D2385744%26name%3Dmokobara+the+transit+luggage+check+in HTTP/1.1" 200 22811 "-" "Mozilla/5.0 AppleWebKit/537.36 (KHTML, like Gecko; compatible; bingbot/2.0; +http://www.bing.com/bingbot.htm) Chrome/116.0.1938.76 Safari/537.36"
66.249.64.6 - - [12/Jun/2025:08:17:16 -0400] "GET /?d=115728606260&filter=74e00d&share_to_url=shop.php%3Fid%3D3919015%26name%3Dinside+hong+kong+039+s HTTP/1.1" 200 24026 "-" "Mozilla/5.0 (Linux; Android 6.0.1; Nexus 5X Build/MMB29P) AppleWebKit/537.36 (KHTML, like Gecko) Chrome/136.0.7103.113 Mobile Safari/537.36 (compatible; Googlebot/2.1; +http://www.google.com/bot.html)"
66.249.64.6 - - [12/Jun/2025:08:17:17 -0400] "GET /?d=107255285260&filter=d060f1&share_to_url=ideas.php%3Fid%3D3632064%26name%3Dbeauteous+antique+kumkum HTTP/1.1" 200 23756 "-" "Mozilla/5.0 (Linux; Android 6.0.1; Nexus 5X Build/MMB29P) AppleWebKit/537.36 (KHTML, like Gecko) Chrome/136.0.7103.113 Mobile Safari/537.36 (compatible; Googlebot/2.1; +http://www.google.com/bot.html)"
66.249.64.5 - - [12/Jun/2025:08:17:18 -0400] "GET /?d=97101554260&filter=400a61&share_to_url=pin.php%3Fid%3D3289986%26name%3Dexhaust+giannelli+extra+v2+carbon HTTP/1.1" 200 23328 "-" "Mozilla/5.0 (Linux; Android 6.0.1; Nexus 5X Build/MMB29P) AppleWebKit/537.36 (KHTML, like Gecko) Chrome/136.0.7103.113 Mobile Safari/537.36 (compatible; Googlebot/2.1; +http://www.google.com/bot.html)"
66.249.64.5 - - [12/Jun/2025:08:17:20 -0400] "GET /?d=99492600260&filter=6afb2d&share_to_url=pin.php%3Fid%3D3372066%26name%3Dhjc+r+pha+max+in+pearl+white+with+chin+guard+up+billys+crash+helmets HTTP/1.1" 200 22985 "-" "Mozilla/5.0 (Linux; Android 6.0.1; Nexus 5X Build/MMB29P) AppleWebKit/537.36 (KHTML, like Gecko) Chrome/136.0.7103.113 Mobile Safari/537.36 (compatible; Googlebot/2.1; +http://www.google.com/bot.html)"
66.249.64.5 - - [12/Jun/2025:08:17:20 -0400] "GET /?d=107017141260&filter=02231f&share_to_url=ideas.php%3Fid%3D3624324%26name%3Dgood+skate+wide+leg HTTP/1.1" 200 23430 "-" "Mozilla/5.0 (Linux; Android 6.0.1; Nexus 5X Build/MMB29P) AppleWebKit/537.36 (KHTML, like Gecko) Chrome/136.0.7103.113 Mobile Safari/537.36 (compatible; Googlebot/2.1; +http://www.google.com/bot.html)"
207.46.13.150 - - [12/Jun/2025:08:17:21 -0400] "GET /?d=55148857260&filter=c9616d&share_to_url=pin.php%3Fid%3D1872930%26name%3Djeep+grill+keychain HTTP/1.1" 200 23290 "-" "Mozilla/5.0 AppleWebKit/537.36 (KHTML, like Gecko; compatible; bingbot/2.0; +http://www.bing.com/bingbot.htm) Chrome/116.0.1938.76 Safari/537.36"
66.249.64.5 - - [12/Jun/2025:08:17:21 -0400] "GET /?d=109485892260&filter=ba570e&share_to_url=detail.php%3Fid%3D3705837%26name%3Dcamel+trench+coat+burberry HTTP/1.1" 200 23371 "-" "Mozilla/5.0 (Linux; Android 6.0.1; Nexus 5X Build/MMB29P) AppleWebKit/537.36 (KHTML, like Gecko) Chrome/136.0.7103.113 Mobile Safari/537.36 (compatible; Googlebot/2.1; +http://www.google.com/bot.html)"
66.249.64.5 - - [12/Jun/2025:08:17:22 -0400] "GET /?d=109535900260&filter=469540&share_to_url=ideas.php%3Fid%3D3707592%26name%3Dyork+active+official+shop HTTP/1.1" 200 23944 "-" "Mozilla/5.0 (Linux; Android 6.0.1; Nexus 5X Build/MMB29P) AppleWebKit/537.36 (KHTML, like Gecko) Chrome/136.0.7103.113 Mobile Safari/537.36 (compatible; Googlebot/2.1; +http://www.google.com/bot.html)"
207.46.13.150 - - [12/Jun/2025:08:17:22 -0400] "GET /?d=101458671260&filter=6ee96f&share_to_url=shop.php%3Fid%3D3439555%26name%3Dbharateeyudu+movie+2024 HTTP/1.1" 200 24495 "-" "Mozilla/5.0 AppleWebKit/537.36 (KHTML, like Gecko; compatible; bingbot/2.0; +http://www.bing.com/bingbot.htm) Chrome/116.0.1938.76 Safari/537.36"
207.46.13.150 - - [12/Jun/2025:08:17:23 -0400] "GET /?d=108230025260&filter=49e5cd&share_to_url=item.php%3Fid%3D3664453%26name%3Ddinner+plate+screech HTTP/1.1" 200 24680 "-" "Mozilla/5.0 AppleWebKit/537.36 (KHTML, like Gecko; compatible; bingbot/2.0; +http://www.bing.com/bingbot.htm) Chrome/116.0.1938.76 Safari/537.36"
40.77.167.55 - - [12/Jun/2025:08:17:23 -0400] "GET /?d=106726588260&filter=c31721&share_to_url=detail.php%3Fid%3D3614613%26name%3Dmost+famous+birkin+bag HTTP/1.1" 200 22779 "-" "Mozilla/5.0 AppleWebKit/537.36 (KHTML, like Gecko; compatible; bingbot/2.0; +http://www.bing.com/bingbot.htm) Chrome/116.0.1938.76 Safari/537.36"
66.249.64.5 - - [12/Jun/2025:08:17:23 -0400] "GET /?d=115743380260&filter=3fa24f&share_to_url=shop.php%3Fid%3D3919519%26name%3Dthe+chexx+oversized+cardigan HTTP/1.1" 200 23605 "-" "Mozilla/5.0 (Linux; Android 6.0.1; Nexus 5X Build/MMB29P) AppleWebKit/537.36 (KHTML, like Gecko) Chrome/136.0.7103.113 Mobile Safari/537.36 (compatible; Googlebot/2.1; +http://www.google.com/bot.html)"
40.77.167.71 - - [12/Jun/2025:08:17:25 -0400] "GET /?d=115054561260&filter=c9be96&share_to_url=item.php%3Fid%3D3896077%26name%3Dvenca+aqu+estn+los HTTP/1.1" 200 22658 "-" "Mozilla/5.0 AppleWebKit/537.36 (KHTML, like Gecko; compatible; bingbot/2.0; +http://www.bing.com/bingbot.htm) Chrome/116.0.1938.76 Safari/537.36"
66.249.64.6 - - [12/Jun/2025:08:17:25 -0400] "GET /?d=115600769260&filter=5e40a7&share_to_url=model.php%3Fid%3D3914859%26name%3Dprecious+moments+children+of HTTP/1.1" 200 23946 "-" "Mozilla/5.0 (Linux; Android 6.0.1; Nexus 5X Build/MMB29P) AppleWebKit/537.36 (KHTML, like Gecko) Chrome/136.0.7103.113 Mobile Safari/537.36 (compatible; Googlebot/2.1; +http://www.google.com/bot.html)"
40.77.167.71 - - [12/Jun/2025:08:17:25 -0400] "GET /?d=62532448260&filter=c79531&share_to_url=product.php%3Fid%3D2120278%26name%3Dbarbie+wishes+you+a HTTP/1.1" 200 22812 "-" "Mozilla/5.0 AppleWebKit/537.36 (KHTML, like Gecko; compatible; bingbot/2.0; +http://www.bing.com/bingbot.htm) Chrome/116.0.1938.76 Safari/537.36"
66.249.64.6 - - [12/Jun/2025:08:17:26 -0400] "GET /?d=102452223260&filter=162259&share_to_url=discover.php%3Fid%3D3472817%26name%3Dproducts+remington+heaters HTTP/1.1" 200 24000 "-" "Mozilla/5.0 (Linux; Android 6.0.1; Nexus 5X Build/MMB29P) AppleWebKit/537.36 (KHTML, like Gecko) Chrome/136.0.7103.113 Mobile Safari/537.36 (compatible; Googlebot/2.1; +http://www.google.com/bot.html)"
40.77.167.42 - - [12/Jun/2025:08:17:27 -0400] "GET /?d=99798530260&filter=bce36f&share_to_url=discover.php?id=3382325&name=best%20ring%20light%20for HTTP/1.1" 200 23822 "-" "Mozilla/5.0 AppleWebKit/537.36 (KHTML, like Gecko; compatible; bingbot/2.0; +http://www.bing.com/bingbot.htm) Chrome/116.0.1938.76 Safari/537.36"
66.249.64.6 - - [12/Jun/2025:08:17:27 -0400] "GET /?d=100219671260&filter=37632c&share_to_url=pin.php%3Fid%3D3396666%26name%3Dreebok+ilustra%C3%A7%C3%B5es+vetores+e+clipart HTTP/1.1" 200 23750 "-" "Mozilla/5.0 (Linux; Android 6.0.1; Nexus 5X Build/MMB29P) AppleWebKit/537.36 (KHTML, like Gecko) Chrome/136.0.7103.113 Mobile Safari/537.36 (compatible; Googlebot/2.1; +http://www.google.com/bot.html)"
66.249.64.6 - - [12/Jun/2025:08:17:28 -0400] "GET /?d=96238027260&filter=62bca5&share_to_url=ideas.php%3Fid%3D3260532%26name%3Dthule+top HTTP/1.1" 200 23879 "-" "Mozilla/5.0 (Linux; Android 6.0.1; Nexus 5X Build/MMB29P) AppleWebKit/537.36 (KHTML, like Gecko) Chrome/136.0.7103.113 Mobile Safari/537.36 (compatible; Googlebot/2.1; +http://www.google.com/bot.html)"
66.249.64.6 - - [12/Jun/2025:08:17:30 -0400] "GET /?d=95986534260&filter=5e40a7&share_to_url=article.php%3Fid%3D3252182%26name%3Dchad+valley+dolls+house HTTP/1.1" 200 23997 "-" "Mozilla/5.0 (Linux; Android 6.0.1; Nexus 5X Build/MMB29P) AppleWebKit/537.36 (KHTML, like Gecko) Chrome/136.0.7103.113 Mobile Safari/537.36 (compatible; Googlebot/2.1; +http://www.google.com/bot.html)"
66.249.64.5 - - [12/Jun/2025:08:17:31 -0400] "GET /?d=71442815260&filter=be1b9a&share_to_url=product.php%3Fid%3D2421322%26name%3Dloewe+fishnet+pumps+in HTTP/1.1" 200 24033 "-" "Mozilla/5.0 (Linux; Android 6.0.1; Nexus 5X Build/MMB29P) AppleWebKit/537.36 (KHTML, like Gecko) Chrome/136.0.7103.113 Mobile Safari/537.36 (compatible; Googlebot/2.1; +http://www.google.com/bot.html)"
40.77.167.62 - - [12/Jun/2025:08:17:32 -0400] "GET /?d=88130199260&filter=d28f10&share_to_url=item.php%3Fid%3D2986429%26name%3Dauchan+supermarch%C3%A9 HTTP/1.1" 200 23265 "-" "Mozilla/5.0 AppleWebKit/537.36 (KHTML, like Gecko; compatible; bingbot/2.0; +http://www.bing.com/bingbot.htm) Chrome/116.0.1938.76 Safari/537.36"
66.249.64.6 - - [12/Jun/2025:08:17:32 -0400] "GET /?d=113949816260&filter=65e9c5&share_to_url=shopdetail.php%3Fid%3D3859112%26name%3Dglove+101+types+of HTTP/1.1" 200 24999 "-" "Mozilla/5.0 (Linux; Android 6.0.1; Nexus 5X Build/MMB29P) AppleWebKit/537.36 (KHTML, like Gecko) Chrome/136.0.7103.113 Mobile Safari/537.36 (compatible; Googlebot/2.1; +http://www.google.com/bot.html)"
40.77.167.55 - - [12/Jun/2025:08:17:33 -0400] "GET /?d=117580546260&filter=99bfb5&share_to_url=article.php%3Fid%3D3981890%26name%3Dquantum+octane+baitcaster HTTP/1.1" 200 23847 "-" "Mozilla/5.0 AppleWebKit/537.36 (KHTML, like Gecko; compatible; bingbot/2.0; +http://www.bing.com/bingbot.htm) Chrome/116.0.1938.76 Safari/537.36"
66.249.64.5 - - [12/Jun/2025:08:17:34 -0400] "GET /?d=96063468260&filter=1c3e5e&share_to_url=shopdetail.php%3Fid%3D3254720%26name%3Dcopia+maisha+rahisi HTTP/1.1" 200 24173 "-" "Mozilla/5.0 (Linux; Android 6.0.1; Nexus 5X Build/MMB29P) AppleWebKit/537.36 (KHTML, like Gecko) Chrome/136.0.7103.113 Mobile Safari/537.36 (compatible; Googlebot/2.1; +http://www.google.com/bot.html)"
40.77.167.55 - - [12/Jun/2025:08:17:34 -0400] "GET /?d=108498948260&filter=25e9e2&share_to_url=product.php%3Fid%3D3673618%26name%3Daaya+pyar+na HTTP/1.1" 200 24136 "-" "Mozilla/5.0 AppleWebKit/537.36 (KHTML, like Gecko; compatible; bingbot/2.0; +http://www.bing.com/bingbot.htm) Chrome/116.0.1938.76 Safari/537.36"
66.249.64.6 - - [12/Jun/2025:08:17:35 -0400] "GET /?d=101941637260&filter=bf6004&share_to_url=shop.php%3Fid%3D3455743%26name%3Dbotines+sixtyseven+77296 HTTP/1.1" 200 24209 "-" "Mozilla/5.0 (Linux; Android 6.0.1; Nexus 5X Build/MMB29P) AppleWebKit/537.36 (KHTML, like Gecko) Chrome/136.0.7103.113 Mobile Safari/537.36 (compatible; Googlebot/2.1; +http://www.google.com/bot.html)"
66.249.64.5 - - [12/Jun/2025:08:17:36 -0400] "GET /?d=97448647260&filter=8d4935&share_to_url=shop.php%3Fid%3D3302323%26name%3Dlige+jam+tangan+pria+2023 HTTP/1.1" 200 24080 "-" "Mozilla/5.0 (Linux; Android 6.0.1; Nexus 5X Build/MMB29P) AppleWebKit/537.36 (KHTML, like Gecko) Chrome/136.0.7103.113 Mobile Safari/537.36 (compatible; Googlebot/2.1; +http://www.google.com/bot.html)"
66.249.64.7 - - [12/Jun/2025:08:17:37 -0400] "GET /?d=108838498260&filter=1cbf7a&share_to_url=detail.php%3Fid%3D3684933%26name%3Deasy+instant+pot+bisi HTTP/1.1" 200 22975 "-" "Mozilla/5.0 (Linux; Android 6.0.1; Nexus 5X Build/MMB29P) AppleWebKit/537.36 (KHTML, like Gecko) Chrome/136.0.7103.113 Mobile Safari/537.36 (compatible; Googlebot/2.1; +http://www.google.com/bot.html)"
66.249.64.7 - - [12/Jun/2025:08:17:38 -0400] "GET /?d=27620332260&filter=363c48&share_to_url=detail.php%3Fid%3D937125%26name%3Dthe+re+released+herm%C3%A8s+kelly+elan HTTP/1.1" 200 23432 "-" "Mozilla/5.0 (Linux; Android 6.0.1; Nexus 5X Build/MMB29P) AppleWebKit/537.36 (KHTML, like Gecko) Chrome/136.0.7103.113 Mobile Safari/537.36 (compatible; Googlebot/2.1; +http://www.google.com/bot.html)"
66.249.64.5 - - [12/Jun/2025:08:17:40 -0400] "GET /?d=89165653260&filter=772a7d&share_to_url=shopdetail.php%3Fid%3D3022484%26name%3Dplaymobil+70309+playbox+veterinarian HTTP/1.1" 200 23170 "-" "Mozilla/5.0 (Linux; Android 6.0.1; Nexus 5X Build/MMB29P) AppleWebKit/537.36 (KHTML, like Gecko) Chrome/136.0.7103.113 Mobile Safari/537.36 (compatible; Googlebot/2.1; +http://www.google.com/bot.html)"
66.249.64.7 - - [12/Jun/2025:08:17:40 -0400] "GET /?d=112968756260&filter=77322a&share_to_url=shopdetail.php%3Fid%3D3825836%26name%3D7235+police+motorcycle HTTP/1.1" 200 22949 "-" "Mozilla/5.0 (Linux; Android 6.0.1; Nexus 5X Build/MMB29P) AppleWebKit/537.36 (KHTML, like Gecko) Chrome/136.0.7103.113 Mobile Safari/537.36 (compatible; Googlebot/2.1; +http://www.google.com/bot.html)"
207.46.13.150 - - [12/Jun/2025:08:17:41 -0400] "GET /?d=101447103260&filter=35836d&share_to_url=item.php%3Fid%3D3439129%26name%3Despncricinfo+on+x+no+score HTTP/1.1" 200 22798 "-" "Mozilla/5.0 AppleWebKit/537.36 (KHTML, like Gecko; compatible; bingbot/2.0; +http://www.bing.com/bingbot.htm) Chrome/116.0.1938.76 Safari/537.36"
66.249.64.7 - - [12/Jun/2025:08:17:42 -0400] "GET /?d=113208919260&filter=1699c2&share_to_url=goods.php%3Fid%3D3834155%26name%3Deko%C3%AF+grand+jeu HTTP/1.1" 200 23765 "-" "Mozilla/5.0 (Linux; Android 6.0.1; Nexus 5X Build/MMB29P) AppleWebKit/537.36 (KHTML, like Gecko) Chrome/136.0.7103.113 Mobile Safari/537.36 (compatible; Googlebot/2.1; +http://www.google.com/bot.html)"
207.46.13.150 - - [12/Jun/2025:08:17:42 -0400] "GET /?d=93650219260&filter=a229e9&share_to_url=detail.php%3Fid%3D3172617%26name%3Dsilver+bike+fenders+2024 HTTP/1.1" 200 22746 "-" "Mozilla/5.0 AppleWebKit/537.36 (KHTML, like Gecko; compatible; bingbot/2.0; +http://www.bing.com/bingbot.htm) Chrome/116.0.1938.76 Safari/537.36"
207.46.13.150 - - [12/Jun/2025:08:17:42 -0400] "GET /?d=115900540260&filter=0f1ecd&share_to_url=shop.php%3Fid%3D3924871%26name%3Dthe+ratio+arc HTTP/1.1" 200 23974 "-" "Mozilla/5.0 AppleWebKit/537.36 (KHTML, like Gecko; compatible; bingbot/2.0; +http://www.bing.com/bingbot.htm) Chrome/116.0.1938.76 Safari/537.36"
207.46.13.150 - - [12/Jun/2025:08:17:42 -0400] "GET /?d=103858293260&filter=62bca5&share_to_url=model.php%3Fid%3D3518919%26name%3Droof+rail+kit+discovery HTTP/1.1" 200 23147 "-" "Mozilla/5.0 AppleWebKit/537.36 (KHTML, like Gecko; compatible; bingbot/2.0; +http://www.bing.com/bingbot.htm) Chrome/116.0.1938.76 Safari/537.36"
66.249.64.5 - - [12/Jun/2025:08:17:43 -0400] "GET /?d=10898675260&filter=8de18d&share_to_url=article.php%3Fid%3D373538%26name%3Dtvs+ntorq+brake+shoe HTTP/1.1" 200 24234 "-" "Mozilla/5.0 (Linux; Android 6.0.1; Nexus 5X Build/MMB29P) AppleWebKit/537.36 (KHTML, like Gecko) Chrome/136.0.7103.113 Mobile Safari/537.36 (compatible; Googlebot/2.1; +http://www.google.com/bot.html)"
207.46.13.150 - - [12/Jun/2025:08:17:43 -0400] "GET /?d=92348237260&filter=d07a8e&share_to_url=ideas.php%3Fid%3D3128472%26name%3Dsamyang+announce+super+fast HTTP/1.1" 200 23016 "-" "Mozilla/5.0 AppleWebKit/537.36 (KHTML, like Gecko; compatible; bingbot/2.0; +http://www.bing.com/bingbot.htm) Chrome/116.0.1938.76 Safari/537.36"
207.46.13.150 - - [12/Jun/2025:08:17:43 -0400] "GET /?d=108471806260&filter=8de18d&share_to_url=article.php%3Fid%3D3672650%26name%3Dcharging+activa+shop HTTP/1.1" 200 23867 "-" "Mozilla/5.0 AppleWebKit/537.36 (KHTML, like Gecko; compatible; bingbot/2.0; +http://www.bing.com/bingbot.htm) Chrome/116.0.1938.76 Safari/537.36"
207.46.13.150 - - [12/Jun/2025:08:17:44 -0400] "GET /?d=115307498260&filter=14c6e8&share_to_url=pin.php%3Fid%3D3904758%26name%3Donitsuka+tiger HTTP/1.1" 200 23232 "-" "Mozilla/5.0 AppleWebKit/537.36 (KHTML, like Gecko; compatible; bingbot/2.0; +http://www.bing.com/bingbot.htm) Chrome/116.0.1938.76 Safari/537.36"
66.249.64.5 - - [12/Jun/2025:08:17:44 -0400] "GET /?d=95618416260&filter=2093dd&share_to_url=shopdetail.php%3Fid%3D3239636%26name%3Ddownload+movie+run HTTP/1.1" 200 23692 "-" "Mozilla/5.0 (Linux; Android 6.0.1; Nexus 5X Build/MMB29P) AppleWebKit/537.36 (KHTML, like Gecko) Chrome/136.0.7103.113 Mobile Safari/537.36 (compatible; Googlebot/2.1; +http://www.google.com/bot.html)"
66.249.64.6 - - [12/Jun/2025:08:17:45 -0400] "GET /?d=116400892260&filter=bcf072&share_to_url=product.php%3Fid%3D3941770%26name%3Dorvis+oilcloth+hat HTTP/1.1" 200 24034 "-" "Mozilla/5.0 (Linux; Android 6.0.1; Nexus 5X Build/MMB29P) AppleWebKit/537.36 (KHTML, like Gecko) Chrome/136.0.7103.113 Mobile Safari/537.36 (compatible; Googlebot/2.1; +http://www.google.com/bot.html)"
40.77.167.55 - - [12/Jun/2025:08:17:45 -0400] "GET /?d=106827123260&filter=08392e&share_to_url=article.php%3Fid%3D3618026%26name%3Dlas+mejores+790 HTTP/1.1" 200 23423 "-" "Mozilla/5.0 AppleWebKit/537.36 (KHTML, like Gecko; compatible; bingbot/2.0; +http://www.bing.com/bingbot.htm) Chrome/116.0.1938.76 Safari/537.36"
66.249.64.5 - - [12/Jun/2025:08:17:46 -0400] "GET /?d=106622405260&filter=facf34&share_to_url=ideas.php%3Fid%3D3611112%26name%3Dveste+softshell+randonn%C3%A9e HTTP/1.1" 200 23212 "-" "Mozilla/5.0 (Linux; Android 6.0.1; Nexus 5X Build/MMB29P) AppleWebKit/537.36 (KHTML, like Gecko) Chrome/136.0.7103.113 Mobile Safari/537.36 (compatible; Googlebot/2.1; +http://www.google.com/bot.html)"
66.249.64.7 - - [12/Jun/2025:08:17:47 -0400] "GET /?d=100733420260&filter=f4b633&share_to_url=product.php%3Fid%3D3414106%26name%3Dwho+needs+a+proper+racing HTTP/1.1" 200 24946 "-" "Mozilla/5.0 (Linux; Android 6.0.1; Nexus 5X Build/MMB29P) AppleWebKit/537.36 (KHTML, like Gecko) Chrome/136.0.7103.113 Mobile Safari/537.36 (compatible; Googlebot/2.1; +http://www.google.com/bot.html)"
66.249.64.5 - - [12/Jun/2025:08:17:48 -0400] "GET /?d=117379428260&filter=e732cc&share_to_url=shop.php%3Fid%3D3975175%26name%3Dpuma+x+nasa+space HTTP/1.1" 200 21868 "-" "Mozilla/5.0 (Linux; Android 6.0.1; Nexus 5X Build/MMB29P) AppleWebKit/537.36 (KHTML, like Gecko) Chrome/136.0.7103.113 Mobile Safari/537.36 (compatible; Googlebot/2.1; +http://www.google.com/bot.html)"
66.249.64.8 - - [12/Jun/2025:08:17:49 -0400] "GET /?d=99676137260&filter=aec25c&share_to_url=product.php%3Fid%3D3378058%26name%3Del+ceo+de+renault HTTP/1.1" 200 23604 "-" "Mozilla/5.0 (Linux; Android 6.0.1; Nexus 5X Build/MMB29P) AppleWebKit/537.36 (KHTML, like Gecko) Chrome/136.0.7103.113 Mobile Safari/537.36 (compatible; Googlebot/2.1; +http://www.google.com/bot.html)"
66.249.64.7 - - [12/Jun/2025:08:17:51 -0400] "GET /?d=114449028260&filter=b199a4&share_to_url=shopdetail.php%3Fid%3D3875444%26name%3Dbape+2005+bathing+ape HTTP/1.1" 200 22904 "-" "Mozilla/5.0 (Linux; Android 6.0.1; Nexus 5X Build/MMB29P) AppleWebKit/537.36 (KHTML, like Gecko) Chrome/136.0.7103.113 Mobile Safari/537.36 (compatible; Googlebot/2.1; +http://www.google.com/bot.html)"
66.249.64.8 - - [12/Jun/2025:08:17:52 -0400] "GET /?d=94219001260&filter=225350&share_to_url=product.php%3Fid%3D3192778%26name%3Destate+2024 HTTP/1.1" 200 22556 "-" "Mozilla/5.0 (Linux; Android 6.0.1; Nexus 5X Build/MMB29P) AppleWebKit/537.36 (KHTML, like Gecko) Chrome/136.0.7103.113 Mobile Safari/537.36 (compatible; Googlebot/2.1; +http://www.google.com/bot.html)"
40.77.167.62 - - [12/Jun/2025:08:17:52 -0400] "GET /?d=86056098260&filter=bc40a5&share_to_url=shop.php%3Fid%3D2915539%26name%3Dbike+storage+lockers HTTP/1.1" 200 23491 "-" "Mozilla/5.0 AppleWebKit/537.36 (KHTML, like Gecko; compatible; bingbot/2.0; +http://www.bing.com/bingbot.htm) Chrome/116.0.1938.76 Safari/537.36"
66.249.64.8 - - [12/Jun/2025:08:17:52 -0400] "GET /?d=110521758260&filter=c19a1f&share_to_url=pin.php%3Fid%3D3741546%26name%3Dg+shock+analog+chrono+blue HTTP/1.1" 200 24054 "-" "Mozilla/5.0 (Linux; Android 6.0.1; Nexus 5X Build/MMB29P) AppleWebKit/537.36 (KHTML, like Gecko) Chrome/136.0.7103.113 Mobile Safari/537.36 (compatible; Googlebot/2.1; +http://www.google.com/bot.html)"
66.249.64.5 - - [12/Jun/2025:08:17:53 -0400] "GET /?d=99516818260&filter=c18aa6&share_to_url=product.php%3Fid%3D3372982%26name%3Dgiveaway+the HTTP/1.1" 200 23292 "-" "Mozilla/5.0 (Linux; Android 6.0.1; Nexus 5X Build/MMB29P) AppleWebKit/537.36 (KHTML, like Gecko) Chrome/136.0.7103.113 Mobile Safari/537.36 (compatible; Googlebot/2.1; +http://www.google.com/bot.html)"
40.77.167.62 - - [12/Jun/2025:08:17:53 -0400] "GET /?d=111398906260&filter=45aee7&share_to_url=product-page.php%3Fid%3D3772684%26name%3Dcostume+da+insegnante HTTP/1.1" 200 23357 "-" "Mozilla/5.0 AppleWebKit/537.36 (KHTML, like Gecko; compatible; bingbot/2.0; +http://www.bing.com/bingbot.htm) Chrome/116.0.1938.76 Safari/537.36"
66.249.64.7 - - [12/Jun/2025:08:17:55 -0400] "GET /?d=102873194260&filter=75d149&share_to_url=detail.php%3Fid%3D3486489%26name%3Dpowerhouse+clothing HTTP/1.1" 200 24476 "-" "Mozilla/5.0 (Linux; Android 6.0.1; Nexus 5X Build/MMB29P) AppleWebKit/537.36 (KHTML, like Gecko) Chrome/136.0.7103.113 Mobile Safari/537.36 (compatible; Googlebot/2.1; +http://www.google.com/bot.html)"
66.249.64.8 - - [12/Jun/2025:08:17:56 -0400] "GET /?d=117601450260&filter=edc3db&share_to_url=discover.php%3Fid%3D3982697%26name%3Dore+ida+extra+crispy+golden+crinkles HTTP/1.1" 200 22519 "-" "Mozilla/5.0 (Linux; Android 6.0.1; Nexus 5X Build/MMB29P) AppleWebKit/537.36 (KHTML, like Gecko) Chrome/136.0.7103.113 Mobile Safari/537.36 (compatible; Googlebot/2.1; +http://www.google.com/bot.html)"
40.77.167.71 - - [12/Jun/2025:08:17:57 -0400] "GET /?d=4014816260&filter=4d7b9c&share_to_url=discover.php%3Fid%3D138437%26name%3Dmodern+weapons+pack+brickarms HTTP/1.1" 200 23523 "-" "Mozilla/5.0 AppleWebKit/537.36 (KHTML, like Gecko; compatible; bingbot/2.0; +http://www.bing.com/bingbot.htm) Chrome/116.0.1938.76 Safari/537.36"
66.249.64.8 - - [12/Jun/2025:08:17:57 -0400] "GET /?d=117807721260&filter=6b8509&share_to_url=item.php%3Fid%3D3989773%26name%3Dno+te+funciona+ninguna HTTP/1.1" 200 23383 "-" "Mozilla/5.0 (Linux; Android 6.0.1; Nexus 5X Build/MMB29P) AppleWebKit/537.36 (KHTML, like Gecko) Chrome/136.0.7103.113 Mobile Safari/537.36 (compatible; Googlebot/2.1; +http://www.google.com/bot.html)"
40.77.167.71 - - [12/Jun/2025:08:17:58 -0400] "GET /?d=20291981260&filter=14708a&share_to_url=goods.php%3Fid%3D689291%26name%3Dused+kids+bikes HTTP/1.1" 200 23933 "-" "Mozilla/5.0 AppleWebKit/537.36 (KHTML, like Gecko; compatible; bingbot/2.0; +http://www.bing.com/bingbot.htm) Chrome/116.0.1938.76 Safari/537.36"
66.249.64.7 - - [12/Jun/2025:08:17:58 -0400] "GET /?d=104318264260&filter=bc96f9&share_to_url=goods.php%3Fid%3D3534491%26name%3Dsamsung+galaxy+a7+2018+3x HTTP/1.1" 200 23566 "-" "Mozilla/5.0 (Linux; Android 6.0.1; Nexus 5X Build/MMB29P) AppleWebKit/537.36 (KHTML, like Gecko) Chrome/136.0.7103.113 Mobile Safari/537.36 (compatible; Googlebot/2.1; +http://www.google.com/bot.html)"
40.77.167.71 - - [12/Jun/2025:08:17:59 -0400] "GET /?d=72864418260&filter=132c35&share_to_url=discover.php%3Fid%3D2470241%26name%3Deducational+robot+cells HTTP/1.1" 200 24447 "-" "Mozilla/5.0 AppleWebKit/537.36 (KHTML, like Gecko; compatible; bingbot/2.0; +http://www.bing.com/bingbot.htm) Chrome/116.0.1938.76 Safari/537.36"
66.249.64.7 - - [12/Jun/2025:08:18:00 -0400] "GET /?d=98388159260&filter=a151d9&share_to_url=model.php%3Fid%3D3334455%26name%3Dgucci+100+leather+pink HTTP/1.1" 200 23587 "-" "Mozilla/5.0 (Linux; Android 6.0.1; Nexus 5X Build/MMB29P) AppleWebKit/537.36 (KHTML, like Gecko) Chrome/136.0.7103.113 Mobile Safari/537.36 (compatible; Googlebot/2.1; +http://www.google.com/bot.html)"
66.249.64.7 - - [12/Jun/2025:08:18:00 -0400] "GET /?d=109595098260&filter=704690&share_to_url=shopdetail.php%3Fid%3D3709532%26name%3Dpersonalized+handcuffs+bracelets+for+couples HTTP/1.1" 200 24195 "-" "Mozilla/5.0 (Linux; Android 6.0.1; Nexus 5X Build/MMB29P) AppleWebKit/537.36 (KHTML, like Gecko) Chrome/136.0.7103.113 Mobile Safari/537.36 (compatible; Googlebot/2.1; +http://www.google.com/bot.html)"
66.249.64.8 - - [12/Jun/2025:08:18:01 -0400] "GET /?d=57006494260&filter=b3b154&share_to_url=detail.php%3Fid%3D1935321%26name%3Dhf+quality+vintage+deluxe HTTP/1.1" 200 23101 "-" "Mozilla/5.0 (Linux; Android 6.0.1; Nexus 5X Build/MMB29P) AppleWebKit/537.36 (KHTML, like Gecko) Chrome/136.0.7103.113 Mobile Safari/537.36 (compatible; Googlebot/2.1; +http://www.google.com/bot.html)"
207.46.13.150 - - [12/Jun/2025:08:18:02 -0400] "GET /?d=112745695260&filter=469540&share_to_url=article.php%3Fid%3D3818774%26name%3Dcando+magneciser HTTP/1.1" 200 23293 "-" "Mozilla/5.0 AppleWebKit/537.36 (KHTML, like Gecko; compatible; bingbot/2.0; +http://www.bing.com/bingbot.htm) Chrome/116.0.1938.76 Safari/537.36"
66.249.64.5 - - [12/Jun/2025:08:18:02 -0400] "GET /?d=101463815260&filter=6ee96f&share_to_url=article.php%3Fid%3D3439742%26name%3Drelive+the+british+and HTTP/1.1" 200 24359 "-" "Mozilla/5.0 (Linux; Android 6.0.1; Nexus 5X Build/MMB29P) AppleWebKit/537.36 (KHTML, like Gecko) Chrome/136.0.7103.113 Mobile Safari/537.36 (compatible; Googlebot/2.1; +http://www.google.com/bot.html)"
207.46.13.150 - - [12/Jun/2025:08:18:02 -0400] "GET /?d=113559835260&filter=1a45ec&share_to_url=article.php%3Fid%3D3845930%26name%3Dadidas+studio+training+duffel+grey HTTP/1.1" 200 22808 "-" "Mozilla/5.0 AppleWebKit/537.36 (KHTML, like Gecko; compatible; bingbot/2.0; +http://www.bing.com/bingbot.htm) Chrome/116.0.1938.76 Safari/537.36"
66.249.64.7 - - [12/Jun/2025:08:18:03 -0400] "GET /?d=93294301260&filter=7ce075&share_to_url=product-page.php%3Fid%3D3160768%26name%3Dsanav+hotsell+cycle+world HTTP/1.1" 200 22454 "-" "Mozilla/5.0 (Linux; Android 6.0.1; Nexus 5X Build/MMB29P) AppleWebKit/537.36 (KHTML, like Gecko) Chrome/136.0.7103.113 Mobile Safari/537.36 (compatible; Googlebot/2.1; +http://www.google.com/bot.html)"
66.249.64.5 - - [12/Jun/2025:08:18:05 -0400] "GET /?d=109582097260&filter=b3b2d4&share_to_url=ideas.php%3Fid%3D3709020%26name%3D110+ideas+de+hermana HTTP/1.1" 200 24672 "-" "Mozilla/5.0 (Linux; Android 6.0.1; Nexus 5X Build/MMB29P) AppleWebKit/537.36 (KHTML, like Gecko) Chrome/136.0.7103.113 Mobile Safari/537.36 (compatible; Googlebot/2.1; +http://www.google.com/bot.html)"
40.77.167.42 - - [12/Jun/2025:08:18:05 -0400] "GET /?d=94346299260&filter=af8808&share_to_url=shop.php%3Fid%3D3197311%26name%3Dlentes+armazon+rojo+detalle HTTP/1.1" 200 24411 "-" "Mozilla/5.0 AppleWebKit/537.36 (KHTML, like Gecko; compatible; bingbot/2.0; +http://www.bing.com/bingbot.htm) Chrome/116.0.1938.76 Safari/537.36"
66.249.64.5 - - [12/Jun/2025:08:18:06 -0400] "GET /?d=104308830260&filter=f5b74d&share_to_url=item.php%3Fid%3D3534169%26name%3Dt%C3%AAnis+a+pronta+entrega+a HTTP/1.1" 200 22868 "-" "Mozilla/5.0 (Linux; Android 6.0.1; Nexus 5X Build/MMB29P) AppleWebKit/537.36 (KHTML, like Gecko) Chrome/136.0.7103.113 Mobile Safari/537.36 (compatible; Googlebot/2.1; +http://www.google.com/bot.html)"
66.249.64.5 - - [12/Jun/2025:08:18:08 -0400] "GET /?d=98216889260&filter=f4b633&share_to_url=shopdetail.php%3Fid%3D3328088%26name%3Dbuy+pk54+from+fritz HTTP/1.1" 200 22756 "-" "Mozilla/5.0 (Linux; Android 6.0.1; Nexus 5X Build/MMB29P) AppleWebKit/537.36 (KHTML, like Gecko) Chrome/136.0.7103.113 Mobile Safari/537.36 (compatible; Googlebot/2.1; +http://www.google.com/bot.html)"
66.249.64.5 - - [12/Jun/2025:08:18:08 -0400] "GET /?d=100615369260&filter=315f2d&share_to_url=detail.php%3Fid%3D3410373%26name%3Dausounds+au+stream+hybrid+true HTTP/1.1" 200 23439 "-" "Mozilla/5.0 (Linux; Android 6.0.1; Nexus 5X Build/MMB29P) AppleWebKit/537.36 (KHTML, like Gecko) Chrome/136.0.7103.113 Mobile Safari/537.36 (compatible; Googlebot/2.1; +http://www.google.com/bot.html)"
66.249.64.5 - - [12/Jun/2025:08:18:10 -0400] "GET /?d=99632039260&filter=470d28&share_to_url=shop.php%3Fid%3D3376519%26name%3Dbuy+retro+casio+c+701+mens HTTP/1.1" 200 23566 "-" "Mozilla/5.0 (Linux; Android 6.0.1; Nexus 5X Build/MMB29P) AppleWebKit/537.36 (KHTML, like Gecko) Chrome/136.0.7103.113 Mobile Safari/537.36 (compatible; Googlebot/2.1; +http://www.google.com/bot.html)"
207.46.13.150 - - [12/Jun/2025:08:18:11 -0400] "GET /?d=58977547260&filter=6b68de&share_to_url=product-page.php%3Fid%3D2001376%26name%3Drescues+niagara+dog HTTP/1.1" 200 24422 "-" "Mozilla/5.0 AppleWebKit/537.36 (KHTML, like Gecko; compatible; bingbot/2.0; +http://www.bing.com/bingbot.htm) Chrome/116.0.1938.76 Safari/537.36"
66.249.64.6 - - [12/Jun/2025:08:18:11 -0400] "GET /?d=117553770260&filter=fa5724&share_to_url=product.php%3Fid%3D3981010%26name%3Dbuy+clip+on+earrings+pearl HTTP/1.1" 200 23993 "-" "Mozilla/5.0 (Linux; Android 6.0.1; Nexus 5X Build/MMB29P) AppleWebKit/537.36 (KHTML, like Gecko) Chrome/136.0.7103.113 Mobile Safari/537.36 (compatible; Googlebot/2.1; +http://www.google.com/bot.html)"
40.77.167.42 - - [12/Jun/2025:08:18:12 -0400] "GET /?d=109929573260&filter=4ef04f&share_to_url=shopdetail.php%3Fid%3D3720632%26name%3Dancient+natural+blue+sapphire HTTP/1.1" 200 23334 "-" "Mozilla/5.0 AppleWebKit/537.36 (KHTML, like Gecko; compatible; bingbot/2.0; +http://www.bing.com/bingbot.htm) Chrome/116.0.1938.76 Safari/537.36"
40.77.167.42 - - [12/Jun/2025:08:18:13 -0400] "GET /?d=117946838260&filter=1bad6b&share_to_url=item.php%3Fid%3D3994333%26name%3Dhabillage+pluie+pour+poussette+coya HTTP/1.1" 200 23297 "-" "Mozilla/5.0 AppleWebKit/537.36 (KHTML, like Gecko; compatible; bingbot/2.0; +http://www.bing.com/bingbot.htm) Chrome/116.0.1938.76 Safari/537.36"
66.249.64.5 - - [12/Jun/2025:08:18:12 -0400] "GET /?d=95434423260&filter=1c3e5e&share_to_url=article.php%3Fid%3D3233234%26name%3Dinfo+on+optimus+speakers HTTP/1.1" 200 24451 "-" "Mozilla/5.0 (Linux; Android 6.0.1; Nexus 5X Build/MMB29P) AppleWebKit/537.36 (KHTML, like Gecko) Chrome/136.0.7103.113 Mobile Safari/537.36 (compatible; Googlebot/2.1; +http://www.google.com/bot.html)"
40.77.167.42 - - [12/Jun/2025:08:18:13 -0400] "GET /?d=104723253260&filter=c1aa4c&share_to_url=shop.php?id=3548455&name=eu%20warehouse%20monopattino%20elettric%20g4 HTTP/1.1" 200 23246 "-" "Mozilla/5.0 AppleWebKit/537.36 (KHTML, like Gecko; compatible; bingbot/2.0; +http://www.bing.com/bingbot.htm) Chrome/116.0.1938.76 Safari/537.36"
66.249.64.5 - - [12/Jun/2025:08:18:14 -0400] "GET /?d=26676926260&filter=117b29&share_to_url=shop.php%3Fid%3D904951%26name%3Dolympus+fe+3000+fe+3010 HTTP/1.1" 200 22927 "-" "Mozilla/5.0 (Linux; Android 6.0.1; Nexus 5X Build/MMB29P) AppleWebKit/537.36 (KHTML, like Gecko) Chrome/136.0.7103.113 Mobile Safari/537.36 (compatible; Googlebot/2.1; +http://www.google.com/bot.html)"
66.249.64.5 - - [12/Jun/2025:08:18:15 -0400] "GET /?d=117491135260&filter=954d86&share_to_url=article.php%3Fid%3D3978938%26name%3Dzapatillas+urbanas+para+mujer+vans HTTP/1.1" 200 22415 "-" "Mozilla/5.0 (Linux; Android 6.0.1; Nexus 5X Build/MMB29P) AppleWebKit/537.36 (KHTML, like Gecko) Chrome/136.0.7103.113 Mobile Safari/537.36 (compatible; Googlebot/2.1; +http://www.google.com/bot.html)"
66.249.64.5 - - [12/Jun/2025:08:18:17 -0400] "GET /?d=107975099260&filter=5edd4d&share_to_url=article.php%3Fid%3D3655766%26name%3Djurassic+world+stygimoloch+custom HTTP/1.1" 200 22885 "-" "Mozilla/5.0 (Linux; Android 6.0.1; Nexus 5X Build/MMB29P) AppleWebKit/537.36 (KHTML, like Gecko) Chrome/136.0.7103.113 Mobile Safari/537.36 (compatible; Googlebot/2.1; +http://www.google.com/bot.html)"
66.249.64.5 - - [12/Jun/2025:08:18:18 -0400] "GET /?d=109767846260&filter=49e5cd&share_to_url=article.php%3Fid%3D3715202%26name%3Dpyrex+philippines HTTP/1.1" 200 24471 "-" "Mozilla/5.0 (Linux; Android 6.0.1; Nexus 5X Build/MMB29P) AppleWebKit/537.36 (KHTML, like Gecko) Chrome/136.0.7103.113 Mobile Safari/537.36 (compatible; Googlebot/2.1; +http://www.google.com/bot.html)"
66.249.64.5 - - [12/Jun/2025:08:18:19 -0400] "GET /?d=106838001260&filter=08392e&share_to_url=article.php%3Fid%3D3618410%26name%3Dadidas+zapatillas+nuevas+de+segunda HTTP/1.1" 200 23095 "-" "Mozilla/5.0 (Linux; Android 6.0.1; Nexus 5X Build/MMB29P) AppleWebKit/537.36 (KHTML, like Gecko) Chrome/136.0.7103.113 Mobile Safari/537.36 (compatible; Googlebot/2.1; +http://www.google.com/bot.html)"
66.249.64.5 - - [12/Jun/2025:08:18:19 -0400] "GET /?d=104528901260&filter=462a8a&share_to_url=item.php%3Fid%3D3541825%26name%3Djunior+golf+2024+shoes+clearance HTTP/1.1" 200 22071 "-" "Mozilla/5.0 (Linux; Android 6.0.1; Nexus 5X Build/MMB29P) AppleWebKit/537.36 (KHTML, like Gecko) Chrome/136.0.7103.113 Mobile Safari/537.36 (compatible; Googlebot/2.1; +http://www.google.com/bot.html)"
66.249.64.5 - - [12/Jun/2025:08:18:20 -0400] "GET /?d=112512892260&filter=19d891&share_to_url=ideas.php%3Fid%3D3811080%26name%3Dtenis+clearance+za+ps4 HTTP/1.1" 200 23958 "-" "Mozilla/5.0 (Linux; Android 6.0.1; Nexus 5X Build/MMB29P) AppleWebKit/537.36 (KHTML, like Gecko) Chrome/136.0.7103.113 Mobile Safari/537.36 (compatible; Googlebot/2.1; +http://www.google.com/bot.html)"
