66.249.64.12 - - [12/Jun/2025:09:12:56 -0400] "GET /?d=104237560260&filter=9ab666&share_to_url=model.php%3Fid%3D3531783%26name%3Dsaucony+xodus+iso+store HTTP/1.1" 200 22296 "-" "Mozilla/5.0 (Linux; Android 6.0.1; Nexus 5X Build/MMB29P) AppleWebKit/537.36 (KHTML, like Gecko) Chrome/136.0.7103.113 Mobile Safari/537.36 (compatible; Googlebot/2.1; +http://www.google.com/bot.html)"
157.55.39.200 - - [12/Jun/2025:09:12:57 -0400] "GET /?d=104521594260&filter=a0f400&share_to_url=discover.php%3Fid%3D3541553%26name%3Dthe+bold+bull HTTP/1.1" 200 24007 "-" "Mozilla/5.0 AppleWebKit/537.36 (KHTML, like Gecko; compatible; bingbot/2.0; +http://www.bing.com/bingbot.htm) Chrome/116.0.1938.76 Safari/537.36"
66.249.64.14 - - [12/Jun/2025:09:12:57 -0400] "GET /?d=116360694260&filter=138133&share_to_url=product.php%3Fid%3D3940450%26name%3Dgr%C3%BCner+wintermantel+aus+%C3%B6sterreichischer HTTP/1.1" 200 24335 "-" "Mozilla/5.0 (Linux; Android 6.0.1; Nexus 5X Build/MMB29P) AppleWebKit/537.36 (KHTML, like Gecko) Chrome/136.0.7103.113 Mobile Safari/537.36 (compatible; Googlebot/2.1; +http://www.google.com/bot.html)"
66.249.64.13 - - [12/Jun/2025:09:12:58 -0400] "GET /?d=42640239260&filter=c8e773&share_to_url=article.php%3Fid%3D1446866%26name%3Dachieve+pressure+reduction+with+the HTTP/1.1" 200 24994 "-" "Mozilla/5.0 (Linux; Android 6.0.1; Nexus 5X Build/MMB29P) AppleWebKit/537.36 (KHTML, like Gecko) Chrome/136.0.7103.113 Mobile Safari/537.36 (compatible; Googlebot/2.1; +http://www.google.com/bot.html)"
52.167.144.145 - - [12/Jun/2025:09:12:58 -0400] "GET /?d=116897253260&filter=fd45ef&share_to_url=goods.php%3Fid%3D3958631%26name%3Dbaby+shower+mini HTTP/1.1" 200 24440 "-" "Mozilla/5.0 AppleWebKit/537.36 (KHTML, like Gecko; compatible; bingbot/2.0; +http://www.bing.com/bingbot.htm) Chrome/116.0.1938.76 Safari/537.36"
66.249.64.13 - - [12/Jun/2025:09:12:58 -0400] "GET /?d=97387406260&filter=3c4ce6&share_to_url=item.php%3Fid%3D3300217%26name%3Dthe+crow+is HTTP/1.1" 200 23167 "-" "Mozilla/5.0 (Linux; Android 6.0.1; Nexus 5X Build/MMB29P) AppleWebKit/537.36 (KHTML, like Gecko) Chrome/136.0.7103.113 Mobile Safari/537.36 (compatible; Googlebot/2.1; +http://www.google.com/bot.html)"
66.249.64.12 - - [12/Jun/2025:09:12:59 -0400] "GET /?d=45404662260&filter=4d89e2&share_to_url=item.php%3Fid%3D1540381%26name%3Dmavin+lp HTTP/1.1" 200 23194 "-" "Mozilla/5.0 (Linux; Android 6.0.1; Nexus 5X Build/MMB29P) AppleWebKit/537.36 (KHTML, like Gecko) Chrome/136.0.7103.113 Mobile Safari/537.36 (compatible; Googlebot/2.1; +http://www.google.com/bot.html)"
66.249.64.12 - - [12/Jun/2025:09:13:00 -0400] "GET /?d=95609042260&filter=80c420&share_to_url=detail.php%3Fid%3D3239313%26name%3Dv%C3%A9los+watt+commandez HTTP/1.1" 200 23880 "-" "Mozilla/5.0 (Linux; Android 6.0.1; Nexus 5X Build/MMB29P) AppleWebKit/537.36 (KHTML, like Gecko) Chrome/136.0.7103.113 Mobile Safari/537.36 (compatible; Googlebot/2.1; +http://www.google.com/bot.html)"
66.249.64.12 - - [12/Jun/2025:09:13:02 -0400] "GET /?d=91837031260&filter=3f5a6d&share_to_url=goods.php%3Fid%3D3111839%26name%3Dmedium+size+lady+dior+metallic HTTP/1.1" 200 23744 "-" "Mozilla/5.0 (Linux; Android 6.0.1; Nexus 5X Build/MMB29P) AppleWebKit/537.36 (KHTML, like Gecko) Chrome/136.0.7103.113 Mobile Safari/537.36 (compatible; Googlebot/2.1; +http://www.google.com/bot.html)"
66.249.64.12 - - [12/Jun/2025:09:13:03 -0400] "GET /?d=101179797260&filter=afcfc9&share_to_url=detail.php%3Fid%3D3429789%26name%3Dbpla+039+style+by+bel%C3%A9n HTTP/1.1" 200 22796 "-" "Mozilla/5.0 (Linux; Android 6.0.1; Nexus 5X Build/MMB29P) AppleWebKit/537.36 (KHTML, like Gecko) Chrome/136.0.7103.113 Mobile Safari/537.36 (compatible; Googlebot/2.1; +http://www.google.com/bot.html)"
66.249.64.11 - - [12/Jun/2025:09:13:05 -0400] "GET /?d=112257910260&filter=589472&share_to_url=shop.php%3Fid%3D3802507%26name%3Dchristian+dior+black+satin+j+039+adior HTTP/1.1" 200 23504 "-" "Mozilla/5.0 (Linux; Android 6.0.1; Nexus 5X Build/MMB29P) AppleWebKit/537.36 (KHTML, like Gecko) Chrome/136.0.7103.113 Mobile Safari/537.36 (compatible; Googlebot/2.1; +http://www.google.com/bot.html)"
66.249.64.11 - - [12/Jun/2025:09:13:06 -0400] "GET /?d=110117810260&filter=96a32b&share_to_url=product-page.php%3Fid%3D3727024%26name%3Ddita+hockeyschoenen+m+v HTTP/1.1" 200 23038 "-" "Mozilla/5.0 (Linux; Android 6.0.1; Nexus 5X Build/MMB29P) AppleWebKit/537.36 (KHTML, like Gecko) Chrome/136.0.7103.113 Mobile Safari/537.36 (compatible; Googlebot/2.1; +http://www.google.com/bot.html)"
66.249.64.12 - - [12/Jun/2025:09:13:07 -0400] "GET /?d=89721618260&filter=dd6292&share_to_url=discover.php%3Fid%3D3040949%26name%3Damefa+cutlery+set+austin HTTP/1.1" 200 23431 "-" "Mozilla/5.0 (Linux; Android 6.0.1; Nexus 5X Build/MMB29P) AppleWebKit/537.36 (KHTML, like Gecko) Chrome/136.0.7103.113 Mobile Safari/537.36 (compatible; Googlebot/2.1; +http://www.google.com/bot.html)"
157.55.39.192 - - [12/Jun/2025:09:13:07 -0400] "GET /?d=117066994260&filter=a4a914&share_to_url=shop.php%3Fid%3D3964363%26name%3Djulie+cossais+posted+on HTTP/1.1" 200 23096 "-" "Mozilla/5.0 AppleWebKit/537.36 (KHTML, like Gecko; compatible; bingbot/2.0; +http://www.bing.com/bingbot.htm) Chrome/116.0.1938.76 Safari/537.36"
157.55.39.192 - - [12/Jun/2025:09:13:08 -0400] "GET /?d=101331449260&filter=d0978d&share_to_url=discover.php%3Fid%3D3435125%26name%3Dmarcela+koury+p%C3%A1gina HTTP/1.1" 200 23216 "-" "Mozilla/5.0 AppleWebKit/537.36 (KHTML, like Gecko; compatible; bingbot/2.0; +http://www.bing.com/bingbot.htm) Chrome/116.0.1938.76 Safari/537.36"
66.249.64.11 - - [12/Jun/2025:09:13:09 -0400] "GET /?d=103939349260&filter=1cbf7a&share_to_url=goods.php%3Fid%3D3521771%26name%3Dwholesale+walk+behind+brush+cutter HTTP/1.1" 200 24065 "-" "Mozilla/5.0 (Linux; Android 6.0.1; Nexus 5X Build/MMB29P) AppleWebKit/537.36 (KHTML, like Gecko) Chrome/136.0.7103.113 Mobile Safari/537.36 (compatible; Googlebot/2.1; +http://www.google.com/bot.html)"
52.167.144.213 - - [12/Jun/2025:09:13:09 -0400] "GET /?d=105978996260&filter=00a8d6&share_to_url=goods.php%3Fid%3D3589811%26name%3Ddiy+louis+vuitton+inspired+bic+lighter HTTP/1.1" 200 23987 "-" "Mozilla/5.0 AppleWebKit/537.36 (KHTML, like Gecko; compatible; bingbot/2.0; +http://www.bing.com/bingbot.htm) Chrome/116.0.1938.76 Safari/537.36"
66.249.64.12 - - [12/Jun/2025:09:13:10 -0400] "GET /?d=106003043260&filter=42b544&share_to_url=item.php%3Fid%3D3590677%26name%3Dasturias+slip+on+trainers+in HTTP/1.1" 200 23671 "-" "Mozilla/5.0 (Linux; Android 6.0.1; Nexus 5X Build/MMB29P) AppleWebKit/537.36 (KHTML, like Gecko) Chrome/136.0.7103.113 Mobile Safari/537.36 (compatible; Googlebot/2.1; +http://www.google.com/bot.html)"
66.249.64.11 - - [12/Jun/2025:09:13:10 -0400] "GET /?d=96350644260&filter=18b943&share_to_url=product-page.php%3Fid%3D3264388%26name%3Dnike+kobe HTTP/1.1" 200 22884 "-" "Mozilla/5.0 (Linux; Android 6.0.1; Nexus 5X Build/MMB29P) AppleWebKit/537.36 (KHTML, like Gecko) Chrome/136.0.7103.113 Mobile Safari/537.36 (compatible; Googlebot/2.1; +http://www.google.com/bot.html)"
66.249.64.11 - - [12/Jun/2025:09:13:11 -0400] "GET /?d=94413432260&filter=754b31&share_to_url=product.php%3Fid%3D3199522%26name%3Dmathilde+%9C+%B0+%82+%B8+%BB+%8C+%B4+%B0+2017+in+english HTTP/1.1" 200 22894 "-" "Mozilla/5.0 (Linux; Android 6.0.1; Nexus 5X Build/MMB29P) AppleWebKit/537.36 (KHTML, like Gecko) Chrome/136.0.7103.113 Mobile Safari/537.36 (compatible; Googlebot/2.1; +http://www.google.com/bot.html)"
40.77.167.149 - - [12/Jun/2025:09:13:12 -0400] "GET /?d=20687189260&filter=956610&share_to_url=product.php%3Fid%3D702886%26name%3Dneals+cosmetic+alisado+dual HTTP/1.1" 200 23051 "-" "Mozilla/5.0 AppleWebKit/537.36 (KHTML, like Gecko; compatible; bingbot/2.0; +http://www.bing.com/bingbot.htm) Chrome/116.0.1938.76 Safari/537.36"
66.249.64.11 - - [12/Jun/2025:09:13:12 -0400] "GET /?d=104548832260&filter=9f9551&share_to_url=detail.php%3Fid%3D3542553%26name%3Dfabulous+restaurant+and+accessories HTTP/1.1" 200 24156 "-" "Mozilla/5.0 (Linux; Android 6.0.1; Nexus 5X Build/MMB29P) AppleWebKit/537.36 (KHTML, like Gecko) Chrome/136.0.7103.113 Mobile Safari/537.36 (compatible; Googlebot/2.1; +http://www.google.com/bot.html)"
40.77.167.149 - - [12/Jun/2025:09:13:12 -0400] "GET /?d=15859808260&filter=dc973f&share_to_url=goods.php%3Fid%3D540383%26name%3Dcarne+picada HTTP/1.1" 200 23537 "-" "Mozilla/5.0 AppleWebKit/537.36 (KHTML, like Gecko; compatible; bingbot/2.0; +http://www.bing.com/bingbot.htm) Chrome/116.0.1938.76 Safari/537.36"
40.77.167.149 - - [12/Jun/2025:09:13:13 -0400] "GET /?d=10788053260&filter=dc973f&share_to_url=goods.php%3Fid%3D369743%26name%3D36+inch+excavator HTTP/1.1" 200 24553 "-" "Mozilla/5.0 AppleWebKit/537.36 (KHTML, like Gecko; compatible; bingbot/2.0; +http://www.bing.com/bingbot.htm) Chrome/116.0.1938.76 Safari/537.36"
66.249.64.11 - - [12/Jun/2025:09:13:14 -0400] "GET /?d=116141049260&filter=cf39b4&share_to_url=discover.php%3Fid%3D3933149%26name%3Di+get+the+brooks+hype HTTP/1.1" 200 22645 "-" "Mozilla/5.0 (Linux; Android 6.0.1; Nexus 5X Build/MMB29P) AppleWebKit/537.36 (KHTML, like Gecko) Chrome/136.0.7103.113 Mobile Safari/537.36 (compatible; Googlebot/2.1; +http://www.google.com/bot.html)"
40.77.167.65 - - [12/Jun/2025:09:13:14 -0400] "GET /?d=111305498260&filter=8c05fb&share_to_url=article.php%3Fid%3D3769538%26name%3Dteenage+bottlerocket+tons HTTP/1.1" 200 23393 "-" "Mozilla/5.0 AppleWebKit/537.36 (KHTML, like Gecko; compatible; bingbot/2.0; +http://www.bing.com/bingbot.htm) Chrome/116.0.1938.76 Safari/537.36"
66.249.64.11 - - [12/Jun/2025:09:13:14 -0400] "GET /?d=114109634260&filter=bfc81f&share_to_url=shop.php%3Fid%3D3864247%26name%3Dmini+bike+frame HTTP/1.1" 200 24272 "-" "Mozilla/5.0 (Linux; Android 6.0.1; Nexus 5X Build/MMB29P) AppleWebKit/537.36 (KHTML, like Gecko) Chrome/136.0.7103.113 Mobile Safari/537.36 (compatible; Googlebot/2.1; +http://www.google.com/bot.html)"
40.77.167.65 - - [12/Jun/2025:09:13:14 -0400] "GET /?d=102709651260&filter=77eedc&share_to_url=detail.php%3Fid%3D3481257%26name%3Dcapa+de+telefone HTTP/1.1" 200 24520 "-" "Mozilla/5.0 AppleWebKit/537.36 (KHTML, like Gecko; compatible; bingbot/2.0; +http://www.bing.com/bingbot.htm) Chrome/116.0.1938.76 Safari/537.36"
40.77.167.149 - - [12/Jun/2025:09:13:15 -0400] "GET /?d=86257820260&filter=2aa707&share_to_url=model.php%3Fid%3D2922471%26name%3Ddoss+1685+sale HTTP/1.1" 200 23486 "-" "Mozilla/5.0 AppleWebKit/537.36 (KHTML, like Gecko; compatible; bingbot/2.0; +http://www.bing.com/bingbot.htm) Chrome/116.0.1938.76 Safari/537.36"
66.249.64.11 - - [12/Jun/2025:09:13:15 -0400] "GET /?d=90041939260&filter=d9247f&share_to_url=pin.php%3Fid%3D3051522%26name%3Dbaby+039+s+first+christmas+039+ornament+the HTTP/1.1" 200 23953 "-" "Mozilla/5.0 (Linux; Android 6.0.1; Nexus 5X Build/MMB29P) AppleWebKit/537.36 (KHTML, like Gecko) Chrome/136.0.7103.113 Mobile Safari/537.36 (compatible; Googlebot/2.1; +http://www.google.com/bot.html)"
66.249.64.11 - - [12/Jun/2025:09:13:16 -0400] "GET /?d=105304046260&filter=1a053c&share_to_url=item.php%3Fid%3D3567409%26name%3Droyal+blue+pant+suit+for HTTP/1.1" 200 23359 "-" "Mozilla/5.0 (Linux; Android 6.0.1; Nexus 5X Build/MMB29P) AppleWebKit/537.36 (KHTML, like Gecko) Chrome/136.0.7103.113 Mobile Safari/537.36 (compatible; Googlebot/2.1; +http://www.google.com/bot.html)"
52.167.144.145 - - [12/Jun/2025:09:13:17 -0400] "GET /?d=32928431260&filter=14708a&share_to_url=detail.php%3Fid%3D1119753%26name%3Dribble+cx+al+review HTTP/1.1" 200 23431 "-" "Mozilla/5.0 AppleWebKit/537.36 (KHTML, like Gecko; compatible; bingbot/2.0; +http://www.bing.com/bingbot.htm) Chrome/116.0.1938.76 Safari/537.36"
66.249.64.11 - - [12/Jun/2025:09:13:18 -0400] "GET /?d=104077118260&filter=40f37c&share_to_url=shopdetail.php%3Fid%3D3526316%26name%3Dbradlows+a+combination HTTP/1.1" 200 23532 "-" "Mozilla/5.0 (Linux; Android 6.0.1; Nexus 5X Build/MMB29P) AppleWebKit/537.36 (KHTML, like Gecko) Chrome/136.0.7103.113 Mobile Safari/537.36 (compatible; Googlebot/2.1; +http://www.google.com/bot.html)"
66.249.64.12 - - [12/Jun/2025:09:13:19 -0400] "GET /?d=91710194260&filter=b3ceb7&share_to_url=ideas.php%3Fid%3D3107628%26name%3Dzte+quest+phone HTTP/1.1" 200 23270 "-" "Mozilla/5.0 (Linux; Android 6.0.1; Nexus 5X Build/MMB29P) AppleWebKit/537.36 (KHTML, like Gecko) Chrome/136.0.7103.113 Mobile Safari/537.36 (compatible; Googlebot/2.1; +http://www.google.com/bot.html)"
66.249.64.12 - - [12/Jun/2025:09:13:20 -0400] "GET /?d=92584260260&filter=934019&share_to_url=detail.php%3Fid%3D3136881%26name%3Dpromo+code+birkenstock HTTP/1.1" 200 22773 "-" "Mozilla/5.0 (Linux; Android 6.0.1; Nexus 5X Build/MMB29P) AppleWebKit/537.36 (KHTML, like Gecko) Chrome/136.0.7103.113 Mobile Safari/537.36 (compatible; Googlebot/2.1; +http://www.google.com/bot.html)"
66.249.64.11 - - [12/Jun/2025:09:13:20 -0400] "GET /?d=90617388260&filter=8ad6ef&share_to_url=discover.php%3Fid%3D3071165%26name%3Dwinter+jackets+for+men+clearance HTTP/1.1" 200 22948 "-" "Mozilla/5.0 (Linux; Android 6.0.1; Nexus 5X Build/MMB29P) AppleWebKit/537.36 (KHTML, like Gecko) Chrome/136.0.7103.113 Mobile Safari/537.36 (compatible; Googlebot/2.1; +http://www.google.com/bot.html)"
66.249.64.11 - - [12/Jun/2025:09:13:21 -0400] "GET /?d=46195878260&filter=754b31&share_to_url=model.php%3Fid%3D1567875%26name%3Dflashhy+on+x+reimagining+and HTTP/1.1" 200 23635 "-" "Mozilla/5.0 (Linux; Android 6.0.1; Nexus 5X Build/MMB29P) AppleWebKit/537.36 (KHTML, like Gecko) Chrome/136.0.7103.113 Mobile Safari/537.36 (compatible; Googlebot/2.1; +http://www.google.com/bot.html)"
66.249.64.11 - - [12/Jun/2025:09:13:21 -0400] "GET /?d=111528533260&filter=400a61&share_to_url=discover.php%3Fid%3D3777185%26name%3Dricambi+quad+plastiche+aliexpress HTTP/1.1" 200 24626 "-" "Mozilla/5.0 (Linux; Android 6.0.1; Nexus 5X Build/MMB29P) AppleWebKit/537.36 (KHTML, like Gecko) Chrome/136.0.7103.113 Mobile Safari/537.36 (compatible; Googlebot/2.1; +http://www.google.com/bot.html)"
66.249.64.12 - - [12/Jun/2025:09:13:22 -0400] "GET /?d=100236447260&filter=a4c9b9&share_to_url=shop.php%3Fid%3D3397231%26name%3Dbelow+deck+med+039+s+best+episodes HTTP/1.1" 200 23350 "-" "Mozilla/5.0 (Linux; Android 6.0.1; Nexus 5X Build/MMB29P) AppleWebKit/537.36 (KHTML, like Gecko) Chrome/136.0.7103.113 Mobile Safari/537.36 (compatible; Googlebot/2.1; +http://www.google.com/bot.html)"
66.249.64.12 - - [12/Jun/2025:09:13:22 -0400] "GET /?d=104421190260&filter=bce36f&share_to_url=model.php%3Fid%3D3538095%26name%3Dvictron+energy+bpc240831104r+bluesmart+ip65 HTTP/1.1" 200 23049 "-" "Mozilla/5.0 (Linux; Android 6.0.1; Nexus 5X Build/MMB29P) AppleWebKit/537.36 (KHTML, like Gecko) Chrome/136.0.7103.113 Mobile Safari/537.36 (compatible; Googlebot/2.1; +http://www.google.com/bot.html)"
66.249.64.11 - - [12/Jun/2025:09:13:24 -0400] "GET /?d=107955131260&filter=3d4903&share_to_url=product-page.php%3Fid%3D3655168%26name%3Dgetafe+on HTTP/1.1" 200 22344 "-" "Mozilla/5.0 (Linux; Android 6.0.1; Nexus 5X Build/MMB29P) AppleWebKit/537.36 (KHTML, like Gecko) Chrome/136.0.7103.113 Mobile Safari/537.36 (compatible; Googlebot/2.1; +http://www.google.com/bot.html)"
66.249.64.12 - - [12/Jun/2025:09:13:24 -0400] "GET /?d=40578383260&filter=754b31&share_to_url=ideas.php%3Fid%3D1378092%26name%3Dnfl+model+30250 HTTP/1.1" 200 23836 "-" "Mozilla/5.0 (Linux; Android 6.0.1; Nexus 5X Build/MMB29P) AppleWebKit/537.36 (KHTML, like Gecko) Chrome/136.0.7103.113 Mobile Safari/537.36 (compatible; Googlebot/2.1; +http://www.google.com/bot.html)"
66.249.64.12 - - [12/Jun/2025:09:13:25 -0400] "GET /?d=92501192260&filter=363c48&share_to_url=item.php%3Fid%3D3133945%26name%3Dchina+handbags+mixed+price HTTP/1.1" 200 24329 "-" "Mozilla/5.0 (Linux; Android 6.0.1; Nexus 5X Build/MMB29P) AppleWebKit/537.36 (KHTML, like Gecko) Chrome/136.0.7103.113 Mobile Safari/537.36 (compatible; Googlebot/2.1; +http://www.google.com/bot.html)"
66.249.64.12 - - [12/Jun/2025:09:13:26 -0400] "GET /?d=99469340260&filter=20c71b&share_to_url=article.php%3Fid%3D3371270%26name%3Ddark+stone+panorama HTTP/1.1" 200 24198 "-" "Mozilla/5.0 (Linux; Android 6.0.1; Nexus 5X Build/MMB29P) AppleWebKit/537.36 (KHTML, like Gecko) Chrome/136.0.7103.113 Mobile Safari/537.36 (compatible; Googlebot/2.1; +http://www.google.com/bot.html)"
66.249.64.11 - - [12/Jun/2025:09:13:28 -0400] "GET /?d=97507409260&filter=fdf51e&share_to_url=goods.php%3Fid%3D3304235%26name%3Dthe+untold+story+of+how HTTP/1.1" 200 22344 "-" "Mozilla/5.0 (Linux; Android 6.0.1; Nexus 5X Build/MMB29P) AppleWebKit/537.36 (KHTML, like Gecko) Chrome/136.0.7103.113 Mobile Safari/537.36 (compatible; Googlebot/2.1; +http://www.google.com/bot.html)"
52.167.144.213 - - [12/Jun/2025:09:13:28 -0400] "GET /?d=110105936260&filter=08392e&share_to_url=detail.php%3Fid%3D3726621%26name%3Dzapatillas+hot+sale+de+esparto HTTP/1.1" 200 24137 "-" "Mozilla/5.0 AppleWebKit/537.36 (KHTML, like Gecko; compatible; bingbot/2.0; +http://www.bing.com/bingbot.htm) Chrome/116.0.1938.76 Safari/537.36"
52.167.144.145 - - [12/Jun/2025:09:13:28 -0400] "GET /?d=6149239260&filter=9b06fe&share_to_url=shop.php%3Fid%3D211867%26name%3Dtuf+safety+shoes HTTP/1.1" 200 24270 "-" "Mozilla/5.0 AppleWebKit/537.36 (KHTML, like Gecko; compatible; bingbot/2.0; +http://www.bing.com/bingbot.htm) Chrome/116.0.1938.76 Safari/537.36"
52.167.144.213 - - [12/Jun/2025:09:13:29 -0400] "GET /?d=107294101260&filter=2b1037&share_to_url=goods.php?id=3633287&name=facebook HTTP/1.1" 200 23838 "-" "Mozilla/5.0 AppleWebKit/537.36 (KHTML, like Gecko; compatible; bingbot/2.0; +http://www.bing.com/bingbot.htm) Chrome/116.0.1938.76 Safari/537.36"
66.249.64.12 - - [12/Jun/2025:09:13:29 -0400] "GET /?d=107348304260&filter=7f045f&share_to_url=model.php%3Fid%3D3635055%26name%3Dindyred+039+s+review+of HTTP/1.1" 200 24221 "-" "Mozilla/5.0 (Linux; Android 6.0.1; Nexus 5X Build/MMB29P) AppleWebKit/537.36 (KHTML, like Gecko) Chrome/136.0.7103.113 Mobile Safari/537.36 (compatible; Googlebot/2.1; +http://www.google.com/bot.html)"
66.249.64.12 - - [12/Jun/2025:09:13:29 -0400] "GET /?d=93790567260&filter=0d0882&share_to_url=shop.php%3Fid%3D3177655%26name%3Dmarshall+mu+guiying+2022 HTTP/1.1" 200 22464 "-" "Mozilla/5.0 (Linux; Android 6.0.1; Nexus 5X Build/MMB29P) AppleWebKit/537.36 (KHTML, like Gecko) Chrome/136.0.7103.113 Mobile Safari/537.36 (compatible; Googlebot/2.1; +http://www.google.com/bot.html)"
66.249.64.12 - - [12/Jun/2025:09:13:30 -0400] "GET /?d=94951026260&filter=25e9e2&share_to_url=shopdetail.php%3Fid%3D3217172%26name%3Dmain+to+govind+ke+gun HTTP/1.1" 200 24919 "-" "Mozilla/5.0 (Linux; Android 6.0.1; Nexus 5X Build/MMB29P) AppleWebKit/537.36 (KHTML, like Gecko) Chrome/136.0.7103.113 Mobile Safari/537.36 (compatible; Googlebot/2.1; +http://www.google.com/bot.html)"
66.249.64.11 - - [12/Jun/2025:09:13:30 -0400] "GET /?d=96210140260&filter=a46738&share_to_url=item.php%3Fid%3D3259561%26name%3Dariat+fr+hi+vis+waterproof+insulated HTTP/1.1" 200 23575 "-" "Mozilla/5.0 (Linux; Android 6.0.1; Nexus 5X Build/MMB29P) AppleWebKit/537.36 (KHTML, like Gecko) Chrome/136.0.7103.113 Mobile Safari/537.36 (compatible; Googlebot/2.1; +http://www.google.com/bot.html)"
66.249.64.12 - - [12/Jun/2025:09:13:31 -0400] "GET /?d=113432381260&filter=6f7032&share_to_url=article.php%3Fid%3D3841586%26name%3Dsausage+mushroom HTTP/1.1" 200 24031 "-" "Mozilla/5.0 (Linux; Android 6.0.1; Nexus 5X Build/MMB29P) AppleWebKit/537.36 (KHTML, like Gecko) Chrome/136.0.7103.113 Mobile Safari/537.36 (compatible; Googlebot/2.1; +http://www.google.com/bot.html)"
66.249.64.12 - - [12/Jun/2025:09:13:32 -0400] "GET /?d=112435972260&filter=87dae1&share_to_url=shop.php%3Fid%3D3808423%26name%3Dglade+electric+scented+oil HTTP/1.1" 200 23066 "-" "Mozilla/5.0 (Linux; Android 6.0.1; Nexus 5X Build/MMB29P) AppleWebKit/537.36 (KHTML, like Gecko) Chrome/136.0.7103.113 Mobile Safari/537.36 (compatible; Googlebot/2.1; +http://www.google.com/bot.html)"
66.249.64.13 - - [12/Jun/2025:09:13:33 -0400] "GET /?d=101257961260&filter=bfc81f&share_to_url=discover.php%3Fid%3D3432533%26name%3Dtomcat+bikes+3117+se HTTP/1.1" 200 23180 "-" "Mozilla/5.0 (Linux; Android 6.0.1; Nexus 5X Build/MMB29P) AppleWebKit/537.36 (KHTML, like Gecko) Chrome/136.0.7103.113 Mobile Safari/537.36 (compatible; Googlebot/2.1; +http://www.google.com/bot.html)"
40.77.167.65 - - [12/Jun/2025:09:13:33 -0400] "GET /?d=90712299260&filter=38bb7f&share_to_url=ideas.php%3Fid%3D3074496%26name%3Djordan+kinderschuhe+hans HTTP/1.1" 200 22918 "-" "Mozilla/5.0 AppleWebKit/537.36 (KHTML, like Gecko; compatible; bingbot/2.0; +http://www.bing.com/bingbot.htm) Chrome/116.0.1938.76 Safari/537.36"
66.249.64.12 - - [12/Jun/2025:09:13:33 -0400] "GET /?d=111342917260&filter=cc1802&share_to_url=product-page.php%3Fid%3D3770812%26name%3Dfoot+orthotic+insoles HTTP/1.1" 200 22751 "-" "Mozilla/5.0 (Linux; Android 6.0.1; Nexus 5X Build/MMB29P) AppleWebKit/537.36 (KHTML, like Gecko) Chrome/136.0.7103.113 Mobile Safari/537.36 (compatible; Googlebot/2.1; +http://www.google.com/bot.html)"
66.249.64.13 - - [12/Jun/2025:09:13:35 -0400] "GET /?d=109378768260&filter=527c62&share_to_url=product.php%3Fid%3D3702622%26name%3Dbuy+personalised+father+039+s+day+socks HTTP/1.1" 200 23152 "-" "Mozilla/5.0 (Linux; Android 6.0.1; Nexus 5X Build/MMB29P) AppleWebKit/537.36 (KHTML, like Gecko) Chrome/136.0.7103.113 Mobile Safari/537.36 (compatible; Googlebot/2.1; +http://www.google.com/bot.html)"
66.249.64.11 - - [12/Jun/2025:09:13:36 -0400] "GET /?d=99011076260&filter=2432cb&share_to_url=item.php%3Fid%3D3355693%26name%3Dnew+balance+039+1140+039 HTTP/1.1" 200 22720 "-" "Mozilla/5.0 (Linux; Android 6.0.1; Nexus 5X Build/MMB29P) AppleWebKit/537.36 (KHTML, like Gecko) Chrome/136.0.7103.113 Mobile Safari/537.36 (compatible; Googlebot/2.1; +http://www.google.com/bot.html)"
66.249.64.12 - - [12/Jun/2025:09:13:38 -0400] "GET /?d=104764451260&filter=bfc81f&share_to_url=shopdetail.php%3Fid%3D3549920%26name%3D2012+cannondale+r6+caad HTTP/1.1" 200 23392 "-" "Mozilla/5.0 (Linux; Android 6.0.1; Nexus 5X Build/MMB29P) AppleWebKit/537.36 (KHTML, like Gecko) Chrome/136.0.7103.113 Mobile Safari/537.36 (compatible; Googlebot/2.1; +http://www.google.com/bot.html)"
66.249.64.13 - - [12/Jun/2025:09:13:39 -0400] "GET /?d=114927739260&filter=9ab666&share_to_url=shopdetail.php%3Fid%3D3891668%26name%3Dsaucony+zapatillas+originales+nuevas HTTP/1.1" 200 22407 "-" "Mozilla/5.0 (Linux; Android 6.0.1; Nexus 5X Build/MMB29P) AppleWebKit/537.36 (KHTML, like Gecko) Chrome/136.0.7103.113 Mobile Safari/537.36 (compatible; Googlebot/2.1; +http://www.google.com/bot.html)"
66.249.64.11 - - [12/Jun/2025:09:13:39 -0400] "GET /?d=104512111260&filter=a0f400&share_to_url=ideas.php%3Fid%3D3541248%26name%3Docchiali+john+online+lennon HTTP/1.1" 200 23757 "-" "Mozilla/5.0 (Linux; Android 6.0.1; Nexus 5X Build/MMB29P) AppleWebKit/537.36 (KHTML, like Gecko) Chrome/136.0.7103.113 Mobile Safari/537.36 (compatible; Googlebot/2.1; +http://www.google.com/bot.html)"
66.249.64.11 - - [12/Jun/2025:09:13:40 -0400] "GET /?d=99403247260&filter=2093dd&share_to_url=product.php%3Fid%3D3369058%26name%3Dmismatched+season+review HTTP/1.1" 200 24399 "-" "Mozilla/5.0 (Linux; Android 6.0.1; Nexus 5X Build/MMB29P) AppleWebKit/537.36 (KHTML, like Gecko) Chrome/136.0.7103.113 Mobile Safari/537.36 (compatible; Googlebot/2.1; +http://www.google.com/bot.html)"
66.249.64.13 - - [12/Jun/2025:09:13:42 -0400] "GET /?d=104730903260&filter=c1aa4c&share_to_url=pin.php%3Fid%3D3548742%26name%3Dakrapovic+auspuff+slip+on+gilera+piaggio+peugeot HTTP/1.1" 200 23259 "-" "Mozilla/5.0 (Linux; Android 6.0.1; Nexus 5X Build/MMB29P) AppleWebKit/537.36 (KHTML, like Gecko) Chrome/136.0.7103.113 Mobile Safari/537.36 (compatible; Googlebot/2.1; +http://www.google.com/bot.html)"
66.249.64.11 - - [12/Jun/2025:09:13:43 -0400] "GET /?d=115225021260&filter=ca372c&share_to_url=pin.php%3Fid%3D3901842%26name%3Dbruder+fedex+truck+2024 HTTP/1.1" 200 24052 "-" "Mozilla/5.0 (Linux; Android 6.0.1; Nexus 5X Build/MMB29P) AppleWebKit/537.36 (KHTML, like Gecko) Chrome/136.0.7103.113 Mobile Safari/537.36 (compatible; Googlebot/2.1; +http://www.google.com/bot.html)"
66.249.64.11 - - [12/Jun/2025:09:13:43 -0400] "GET /?d=113158773260&filter=ce8951&share_to_url=ideas.php%3Fid%3D3832572%26name%3Dpleated+belted+mini+skort+charlotte HTTP/1.1" 200 23652 "-" "Mozilla/5.0 (Linux; Android 6.0.1; Nexus 5X Build/MMB29P) AppleWebKit/537.36 (KHTML, like Gecko) Chrome/136.0.7103.113 Mobile Safari/537.36 (compatible; Googlebot/2.1; +http://www.google.com/bot.html)"
66.249.64.11 - - [12/Jun/2025:09:13:44 -0400] "GET /?d=104948660260&filter=29bf04&share_to_url=discover.php%3Fid%3D3555629%26name%3Dnike+supreme+polo HTTP/1.1" 200 23631 "-" "Mozilla/5.0 (Linux; Android 6.0.1; Nexus 5X Build/MMB29P) AppleWebKit/537.36 (KHTML, like Gecko) Chrome/136.0.7103.113 Mobile Safari/537.36 (compatible; Googlebot/2.1; +http://www.google.com/bot.html)"
66.249.64.11 - - [12/Jun/2025:09:13:44 -0400] "GET /?d=112493134260&filter=d9247f&share_to_url=goods.php%3Fid%3D3810359%26name%3Dpop+village+trolls HTTP/1.1" 200 23123 "-" "Mozilla/5.0 (Linux; Android 6.0.1; Nexus 5X Build/MMB29P) AppleWebKit/537.36 (KHTML, like Gecko) Chrome/136.0.7103.113 Mobile Safari/537.36 (compatible; Googlebot/2.1; +http://www.google.com/bot.html)"
66.249.64.13 - - [12/Jun/2025:09:13:46 -0400] "GET /?d=112216946260&filter=6b8c69&share_to_url=model.php%3Fid%3D3801159%26name%3Dadidas+mens+striped+24 HTTP/1.1" 200 23704 "-" "Mozilla/5.0 (Linux; Android 6.0.1; Nexus 5X Build/MMB29P) AppleWebKit/537.36 (KHTML, like Gecko) Chrome/136.0.7103.113 Mobile Safari/537.36 (compatible; Googlebot/2.1; +http://www.google.com/bot.html)"
66.249.64.11 - - [12/Jun/2025:09:13:47 -0400] "GET /?d=104296080260&filter=128aa4&share_to_url=article.php%3Fid%3D3533726%26name%3Dabu+garcia+ultra+cast+trigger HTTP/1.1" 200 23801 "-" "Mozilla/5.0 (Linux; Android 6.0.1; Nexus 5X Build/MMB29P) AppleWebKit/537.36 (KHTML, like Gecko) Chrome/136.0.7103.113 Mobile Safari/537.36 (compatible; Googlebot/2.1; +http://www.google.com/bot.html)"
157.55.39.192 - - [12/Jun/2025:09:13:47 -0400] "GET /?d=88649538260&filter=6563e1&share_to_url=model.php%3Fid%3D3004467%26name%3Drubco+rubwood+furniture+added HTTP/1.1" 200 23940 "-" "Mozilla/5.0 AppleWebKit/537.36 (KHTML, like Gecko; compatible; bingbot/2.0; +http://www.bing.com/bingbot.htm) Chrome/116.0.1938.76 Safari/537.36"
157.55.39.200 - - [12/Jun/2025:09:13:47 -0400] "GET /?d=110152598260&filter=c9e00a&share_to_url=shopdetail.php%3Fid%3D3728192%26name%3Dporsche+718+cayman+review+2025 HTTP/1.1" 200 21772 "-" "Mozilla/5.0 AppleWebKit/537.36 (KHTML, like Gecko; compatible; bingbot/2.0; +http://www.bing.com/bingbot.htm) Chrome/116.0.1938.76 Safari/537.36"
66.249.64.12 - - [12/Jun/2025:09:13:48 -0400] "GET /?d=96067198260&filter=bfc81f&share_to_url=pin.php%3Fid%3D3254850%26name%3Dring+for+relief+mountain HTTP/1.1" 200 24205 "-" "Mozilla/5.0 (Linux; Android 6.0.1; Nexus 5X Build/MMB29P) AppleWebKit/537.36 (KHTML, like Gecko) Chrome/136.0.7103.113 Mobile Safari/537.36 (compatible; Googlebot/2.1; +http://www.google.com/bot.html)"
157.55.39.192 - - [12/Jun/2025:09:13:48 -0400] "GET /?d=92862577260&filter=6624f9&share_to_url=model.php%3Fid%3D3146151%26name%3Dquitinete+dispon%C3%ADvel+para HTTP/1.1" 200 23868 "-" "Mozilla/5.0 AppleWebKit/537.36 (KHTML, like Gecko; compatible; bingbot/2.0; +http://www.bing.com/bingbot.htm) Chrome/116.0.1938.76 Safari/537.36"
157.55.39.192 - - [12/Jun/2025:09:13:49 -0400] "GET /?d=89488327260&filter=a98900&share_to_url=goods.php%3Fid%3D3033191%26name%3Dbreitling+dpw HTTP/1.1" 200 23475 "-" "Mozilla/5.0 AppleWebKit/537.36 (KHTML, like Gecko; compatible; bingbot/2.0; +http://www.bing.com/bingbot.htm) Chrome/116.0.1938.76 Safari/537.36"
66.249.64.11 - - [12/Jun/2025:09:13:49 -0400] "GET /?d=107401522260&filter=42b544&share_to_url=product-page.php%3Fid%3D3637288%26name%3Dla+bottine+souriante+best HTTP/1.1" 200 23939 "-" "Mozilla/5.0 (Linux; Android 6.0.1; Nexus 5X Build/MMB29P) AppleWebKit/537.36 (KHTML, like Gecko) Chrome/136.0.7103.113 Mobile Safari/537.36 (compatible; Googlebot/2.1; +http://www.google.com/bot.html)"
157.55.39.192 - - [12/Jun/2025:09:13:49 -0400] "GET /?d=71418425260&filter=c7968e&share_to_url=ideas.php%3Fid%3D2420544%26name%3Dcool+mens+leather HTTP/1.1" 200 24279 "-" "Mozilla/5.0 AppleWebKit/537.36 (KHTML, like Gecko; compatible; bingbot/2.0; +http://www.bing.com/bingbot.htm) Chrome/116.0.1938.76 Safari/537.36"
66.249.64.12 - - [12/Jun/2025:09:13:50 -0400] "GET /?d=100749355260&filter=1a214e&share_to_url=ideas.php%3Fid%3D3414720%26name%3Dwomen+039+s+winterburn+down+parka HTTP/1.1" 200 23253 "-" "Mozilla/5.0 (Linux; Android 6.0.1; Nexus 5X Build/MMB29P) AppleWebKit/537.36 (KHTML, like Gecko) Chrome/136.0.7103.113 Mobile Safari/537.36 (compatible; Googlebot/2.1; +http://www.google.com/bot.html)"
66.249.64.11 - - [12/Jun/2025:09:13:52 -0400] "GET /?d=96175379260&filter=1066c7&share_to_url=product-page.php%3Fid%3D3258460%26name%3Dwts+collezione+di+orologi+di HTTP/1.1" 200 24207 "-" "Mozilla/5.0 (Linux; Android 6.0.1; Nexus 5X Build/MMB29P) AppleWebKit/537.36 (KHTML, like Gecko) Chrome/136.0.7103.113 Mobile Safari/537.36 (compatible; Googlebot/2.1; +http://www.google.com/bot.html)"
66.249.64.14 - - [12/Jun/2025:09:13:53 -0400] "GET /?d=112610970260&filter=f1886a&share_to_url=ideas.php%3Fid%3D3814380%26name%3Decco+outlet+hilton+head HTTP/1.1" 200 23427 "-" "Mozilla/5.0 (Linux; Android 6.0.1; Nexus 5X Build/MMB29P) AppleWebKit/537.36 (KHTML, like Gecko) Chrome/136.0.7103.113 Mobile Safari/537.36 (compatible; Googlebot/2.1; +http://www.google.com/bot.html)"
66.249.64.13 - - [12/Jun/2025:09:13:55 -0400] "GET /?d=100685860260&filter=a4c9b9&share_to_url=discover.php%3Fid%3D3412637%26name%3Dzenith+el+primero HTTP/1.1" 200 22595 "-" "Mozilla/5.0 (Linux; Android 6.0.1; Nexus 5X Build/MMB29P) AppleWebKit/537.36 (KHTML, like Gecko) Chrome/136.0.7103.113 Mobile Safari/537.36 (compatible; Googlebot/2.1; +http://www.google.com/bot.html)"
66.249.64.11 - - [12/Jun/2025:09:13:57 -0400] "GET /?d=111565748260&filter=37fa66&share_to_url=ideas.php%3Fid%3D3778416%26name%3Ddiscover+stradivarius+perfect+sweat HTTP/1.1" 200 24223 "-" "Mozilla/5.0 (Linux; Android 6.0.1; Nexus 5X Build/MMB29P) AppleWebKit/537.36 (KHTML, like Gecko) Chrome/136.0.7103.113 Mobile Safari/537.36 (compatible; Googlebot/2.1; +http://www.google.com/bot.html)"
52.167.144.145 - - [12/Jun/2025:09:13:57 -0400] "GET /?d=39985347260&filter=99857c&share_to_url=product-page.php%3Fid%3D1357420%26name%3Donlibi+lange+jurk HTTP/1.1" 200 22962 "-" "Mozilla/5.0 AppleWebKit/537.36 (KHTML, like Gecko; compatible; bingbot/2.0; +http://www.bing.com/bingbot.htm) Chrome/116.0.1938.76 Safari/537.36"
52.167.144.213 - - [12/Jun/2025:09:13:58 -0400] "GET /?d=117310355260&filter=37dacd&share_to_url=product.php?id=3973066&name=zara%20olive HTTP/1.1" 200 24315 "-" "Mozilla/5.0 AppleWebKit/537.36 (KHTML, like Gecko; compatible; bingbot/2.0; +http://www.bing.com/bingbot.htm) Chrome/116.0.1938.76 Safari/537.36"
52.167.144.145 - - [12/Jun/2025:09:13:58 -0400] "GET /?d=111845911260&filter=6acbf4&share_to_url=item.php%3Fid%3D3788305%26name%3Dabout+barksdale HTTP/1.1" 200 23030 "-" "Mozilla/5.0 AppleWebKit/537.36 (KHTML, like Gecko; compatible; bingbot/2.0; +http://www.bing.com/bingbot.htm) Chrome/116.0.1938.76 Safari/537.36"
52.167.144.145 - - [12/Jun/2025:09:13:58 -0400] "GET /?d=54712521260&filter=dde61e&share_to_url=shopdetail.php%3Fid%3D1858760%26name%3Dlionel+2025010+o HTTP/1.1" 200 23289 "-" "Mozilla/5.0 AppleWebKit/537.36 (KHTML, like Gecko; compatible; bingbot/2.0; +http://www.bing.com/bingbot.htm) Chrome/116.0.1938.76 Safari/537.36"
66.249.64.14 - - [12/Jun/2025:09:13:59 -0400] "GET /?d=96702189260&filter=937553&share_to_url=pin.php%3Fid%3D3276630%26name%3D1966+volkswagen+bus+for+sale HTTP/1.1" 200 23707 "-" "Mozilla/5.0 (Linux; Android 6.0.1; Nexus 5X Build/MMB29P) AppleWebKit/537.36 (KHTML, like Gecko) Chrome/136.0.7103.113 Mobile Safari/537.36 (compatible; Googlebot/2.1; +http://www.google.com/bot.html)"
40.77.167.149 - - [12/Jun/2025:09:13:59 -0400] "GET /?d=112883861260&filter=98d47d&share_to_url=shopdetail.php%3Fid%3D3823136%26name%3Dmotogp+racing+039+23 HTTP/1.1" 200 24218 "-" "Mozilla/5.0 AppleWebKit/537.36 (KHTML, like Gecko; compatible; bingbot/2.0; +http://www.bing.com/bingbot.htm) Chrome/116.0.1938.76 Safari/537.36"
52.167.144.145 - - [12/Jun/2025:09:13:59 -0400] "GET /?d=103144459260&filter=319ac6&share_to_url=ideas.php%3Fid%3D3495408%26name%3Dold+spoons+forks HTTP/1.1" 200 23873 "-" "Mozilla/5.0 AppleWebKit/537.36 (KHTML, like Gecko; compatible; bingbot/2.0; +http://www.bing.com/bingbot.htm) Chrome/116.0.1938.76 Safari/537.36"
40.77.167.65 - - [12/Jun/2025:09:13:59 -0400] "GET /?d=108395124260&filter=6f7032&share_to_url=goods.php%3Fid%3D3670079%26name%3Dina+garten+039+s+delicious+zucchini HTTP/1.1" 200 23643 "-" "Mozilla/5.0 AppleWebKit/537.36 (KHTML, like Gecko; compatible; bingbot/2.0; +http://www.bing.com/bingbot.htm) Chrome/116.0.1938.76 Safari/537.36"
66.249.64.11 - - [12/Jun/2025:09:14:00 -0400] "GET /?d=102155621260&filter=bfc81f&share_to_url=goods.php%3Fid%3D3462575%26name%3Dhonda+all+stores HTTP/1.1" 200 23700 "-" "Mozilla/5.0 (Linux; Android 6.0.1; Nexus 5X Build/MMB29P) AppleWebKit/537.36 (KHTML, like Gecko) Chrome/136.0.7103.113 Mobile Safari/537.36 (compatible; Googlebot/2.1; +http://www.google.com/bot.html)"
66.249.64.11 - - [12/Jun/2025:09:14:00 -0400] "GET /?d=105466678260&filter=8de18d&share_to_url=item.php%3Fid%3D3572845%26name%3Dsuzuki+250+stroke+2025 HTTP/1.1" 200 23377 "-" "Mozilla/5.0 (Linux; Android 6.0.1; Nexus 5X Build/MMB29P) AppleWebKit/537.36 (KHTML, like Gecko) Chrome/136.0.7103.113 Mobile Safari/537.36 (compatible; Googlebot/2.1; +http://www.google.com/bot.html)"
66.249.64.13 - - [12/Jun/2025:09:14:01 -0400] "GET /?d=112230872260&filter=469540&share_to_url=product.php%3Fid%3D3801658%26name%3Dmarcy+gs99+home+corner+multi HTTP/1.1" 200 23473 "-" "Mozilla/5.0 (Linux; Android 6.0.1; Nexus 5X Build/MMB29P) AppleWebKit/537.36 (KHTML, like Gecko) Chrome/136.0.7103.113 Mobile Safari/537.36 (compatible; Googlebot/2.1; +http://www.google.com/bot.html)"
40.77.167.149 - - [12/Jun/2025:09:14:01 -0400] "GET /?d=108121462260&filter=1f5f6f&share_to_url=detail.php%3Fid%3D3660669%26name%3Dshimano+fd+6800+derailleur+converter HTTP/1.1" 200 22941 "-" "Mozilla/5.0 AppleWebKit/537.36 (KHTML, like Gecko; compatible; bingbot/2.0; +http://www.bing.com/bingbot.htm) Chrome/116.0.1938.76 Safari/537.36"
66.249.64.13 - - [12/Jun/2025:09:14:01 -0400] "GET /?d=97966661260&filter=46c16b&share_to_url=shop.php%3Fid%3D3320035%26name%3Dthe+most+popular+bags+of HTTP/1.1" 200 23525 "-" "Mozilla/5.0 (Linux; Android 6.0.1; Nexus 5X Build/MMB29P) AppleWebKit/537.36 (KHTML, like Gecko) Chrome/136.0.7103.113 Mobile Safari/537.36 (compatible; Googlebot/2.1; +http://www.google.com/bot.html)"
40.77.167.149 - - [12/Jun/2025:09:14:02 -0400] "GET /?d=35857207260&filter=14708a&share_to_url=ideas.php%3Fid%3D1218048%26name%3D54cm+trek+emonda+sl8 HTTP/1.1" 200 22749 "-" "Mozilla/5.0 AppleWebKit/537.36 (KHTML, like Gecko; compatible; bingbot/2.0; +http://www.bing.com/bingbot.htm) Chrome/116.0.1938.76 Safari/537.36"
66.249.64.11 - - [12/Jun/2025:09:14:02 -0400] "GET /?d=113215709260&filter=38b690&share_to_url=ideas.php%3Fid%3D3834360%26name%3Dsoutiens+gorge+pour+femmes HTTP/1.1" 200 24741 "-" "Mozilla/5.0 (Linux; Android 6.0.1; Nexus 5X Build/MMB29P) AppleWebKit/537.36 (KHTML, like Gecko) Chrome/136.0.7103.113 Mobile Safari/537.36 (compatible; Googlebot/2.1; +http://www.google.com/bot.html)"
40.77.167.149 - - [12/Jun/2025:09:14:02 -0400] "GET /?d=88782066260&filter=f764f4&share_to_url=article.php%3Fid%3D3008894%26name%3Dwooden+embroidery+hoop HTTP/1.1" 200 23593 "-" "Mozilla/5.0 AppleWebKit/537.36 (KHTML, like Gecko; compatible; bingbot/2.0; +http://www.bing.com/bingbot.htm) Chrome/116.0.1938.76 Safari/537.36"
157.55.39.200 - - [12/Jun/2025:09:14:02 -0400] "GET /?d=99753787260&filter=01758e&share_to_url=article.php%3Fid%3D3380870%26name%3Dfull+access+geojournal HTTP/1.1" 200 23282 "-" "Mozilla/5.0 AppleWebKit/537.36 (KHTML, like Gecko; compatible; bingbot/2.0; +http://www.bing.com/bingbot.htm) Chrome/116.0.1938.76 Safari/537.36"
66.249.64.13 - - [12/Jun/2025:09:14:03 -0400] "GET /?d=114326218260&filter=b94814&share_to_url=product-page.php%3Fid%3D3871372%26name%3Dplastic+black+fuzo HTTP/1.1" 200 24832 "-" "Mozilla/5.0 (Linux; Android 6.0.1; Nexus 5X Build/MMB29P) AppleWebKit/537.36 (KHTML, like Gecko) Chrome/136.0.7103.113 Mobile Safari/537.36 (compatible; Googlebot/2.1; +http://www.google.com/bot.html)"
66.249.64.11 - - [12/Jun/2025:09:14:03 -0400] "GET /?d=94842681260&filter=40f37c&share_to_url=model.php%3Fid%3D3213687%26name%3Durla+80+wide+person HTTP/1.1" 200 24702 "-" "Mozilla/5.0 (Linux; Android 6.0.1; Nexus 5X Build/MMB29P) AppleWebKit/537.36 (KHTML, like Gecko) Chrome/136.0.7103.113 Mobile Safari/537.36 (compatible; Googlebot/2.1; +http://www.google.com/bot.html)"
66.249.64.13 - - [12/Jun/2025:09:14:04 -0400] "GET /?d=104083167260&filter=40f37c&share_to_url=article.php%3Fid%3D3526490%26name%3Dhairdressing+supplies+png+transparent+images HTTP/1.1" 200 24900 "-" "Mozilla/5.0 (Linux; Android 6.0.1; Nexus 5X Build/MMB29P) AppleWebKit/537.36 (KHTML, like Gecko) Chrome/136.0.7103.113 Mobile Safari/537.36 (compatible; Googlebot/2.1; +http://www.google.com/bot.html)"
66.249.64.12 - - [12/Jun/2025:09:14:05 -0400] "GET /?d=108341363260&filter=e7ae8e&share_to_url=ideas.php%3Fid%3D3668196%26name%3Dnero+tuttoscarpe HTTP/1.1" 200 23902 "-" "Mozilla/5.0 (Linux; Android 6.0.1; Nexus 5X Build/MMB29P) AppleWebKit/537.36 (KHTML, like Gecko) Chrome/136.0.7103.113 Mobile Safari/537.36 (compatible; Googlebot/2.1; +http://www.google.com/bot.html)"
66.249.64.11 - - [12/Jun/2025:09:14:06 -0400] "GET /?d=103919640260&filter=edb904&share_to_url=shopdetail.php%3Fid%3D3521072%26name%3Dfiltration+fountain+kit HTTP/1.1" 200 22815 "-" "Mozilla/5.0 (Linux; Android 6.0.1; Nexus 5X Build/MMB29P) AppleWebKit/537.36 (KHTML, like Gecko) Chrome/136.0.7103.113 Mobile Safari/537.36 (compatible; Googlebot/2.1; +http://www.google.com/bot.html)"
66.249.64.12 - - [12/Jun/2025:09:14:06 -0400] "GET /?d=104865700260&filter=298b97&share_to_url=discover.php%3Fid%3D3553037%26name%3Dbaby+frock+sweater+cardigan+for HTTP/1.1" 200 24517 "-" "Mozilla/5.0 (Linux; Android 6.0.1; Nexus 5X Build/MMB29P) AppleWebKit/537.36 (KHTML, like Gecko) Chrome/136.0.7103.113 Mobile Safari/537.36 (compatible; Googlebot/2.1; +http://www.google.com/bot.html)"
157.55.39.192 - - [12/Jun/2025:09:14:06 -0400] "GET /?d=87926606260&filter=b45778&share_to_url=item.php%3Fid%3D2979289%26name%3Dgold+textured+15+a%C3%B1os HTTP/1.1" 200 23728 "-" "Mozilla/5.0 AppleWebKit/537.36 (KHTML, like Gecko; compatible; bingbot/2.0; +http://www.bing.com/bingbot.htm) Chrome/116.0.1938.76 Safari/537.36"
157.55.39.192 - - [12/Jun/2025:09:14:07 -0400] "GET /?d=86690433260&filter=bc40a5&share_to_url=model.php%3Fid%3D2937183%26name%3Dthule+backspace+xt+3rd+bike HTTP/1.1" 200 22917 "-" "Mozilla/5.0 AppleWebKit/537.36 (KHTML, like Gecko; compatible; bingbot/2.0; +http://www.bing.com/bingbot.htm) Chrome/116.0.1938.76 Safari/537.36"
66.249.64.12 - - [12/Jun/2025:09:14:07 -0400] "GET /?d=110096768260&filter=3699f1&share_to_url=ideas.php%3Fid%3D3726312%26name%3Dday+111+dog+039+s+mercury HTTP/1.1" 200 23375 "-" "Mozilla/5.0 (Linux; Android 6.0.1; Nexus 5X Build/MMB29P) AppleWebKit/537.36 (KHTML, like Gecko) Chrome/136.0.7103.113 Mobile Safari/537.36 (compatible; Googlebot/2.1; +http://www.google.com/bot.html)"
40.77.167.65 - - [12/Jun/2025:09:14:08 -0400] "GET /?d=93714892260&filter=71a094&share_to_url=article.php%3Fid%3D3174794%26name%3Dleren+reistassen HTTP/1.1" 200 23330 "-" "Mozilla/5.0 AppleWebKit/537.36 (KHTML, like Gecko; compatible; bingbot/2.0; +http://www.bing.com/bingbot.htm) Chrome/116.0.1938.76 Safari/537.36"
157.55.39.192 - - [12/Jun/2025:09:14:08 -0400] "GET /?d=30501597260&filter=6c0d32&share_to_url=ideas.php%3Fid%3D1036872%26name%3Drenberget+sedia+da+ufficio HTTP/1.1" 200 23771 "-" "Mozilla/5.0 AppleWebKit/537.36 (KHTML, like Gecko; compatible; bingbot/2.0; +http://www.bing.com/bingbot.htm) Chrome/116.0.1938.76 Safari/537.36"
66.249.64.11 - - [12/Jun/2025:09:14:08 -0400] "GET /?d=9322925260&filter=ca372c&share_to_url=ideas.php%3Fid%3D320304%26name%3Dsteve+kinser+king+of+the HTTP/1.1" 200 23734 "-" "Mozilla/5.0 (Linux; Android 6.0.1; Nexus 5X Build/MMB29P) AppleWebKit/537.36 (KHTML, like Gecko) Chrome/136.0.7103.113 Mobile Safari/537.36 (compatible; Googlebot/2.1; +http://www.google.com/bot.html)"
40.77.167.65 - - [12/Jun/2025:09:14:09 -0400] "GET /?d=93034436260&filter=8de18d&share_to_url=detail.php%3Fid%3D3152217%26name%3Dfirst+look+trio HTTP/1.1" 200 23876 "-" "Mozilla/5.0 AppleWebKit/537.36 (KHTML, like Gecko; compatible; bingbot/2.0; +http://www.bing.com/bingbot.htm) Chrome/116.0.1938.76 Safari/537.36"
40.77.167.65 - - [12/Jun/2025:09:14:09 -0400] "GET /?d=97677878260&filter=0cb77f&share_to_url=shopdetail.php%3Fid%3D3310424%26name%3Dcatherine+parra+sacs HTTP/1.1" 200 23266 "-" "Mozilla/5.0 AppleWebKit/537.36 (KHTML, like Gecko; compatible; bingbot/2.0; +http://www.bing.com/bingbot.htm) Chrome/116.0.1938.76 Safari/537.36"
66.249.64.11 - - [12/Jun/2025:09:14:09 -0400] "GET /?d=10623765260&filter=ca372c&share_to_url=shop.php%3Fid%3D363931%26name%3Dlittle+boy+clearance+car+price HTTP/1.1" 200 24660 "-" "Mozilla/5.0 (Linux; Android 6.0.1; Nexus 5X Build/MMB29P) AppleWebKit/537.36 (KHTML, like Gecko) Chrome/136.0.7103.113 Mobile Safari/537.36 (compatible; Googlebot/2.1; +http://www.google.com/bot.html)"
66.249.64.11 - - [12/Jun/2025:09:14:11 -0400] "GET /?d=111180987260&filter=88b0bd&share_to_url=detail.php%3Fid%3D3764817%26name%3Dholly+41+navy HTTP/1.1" 200 23114 "-" "Mozilla/5.0 (Linux; Android 6.0.1; Nexus 5X Build/MMB29P) AppleWebKit/537.36 (KHTML, like Gecko) Chrome/136.0.7103.113 Mobile Safari/537.36 (compatible; Googlebot/2.1; +http://www.google.com/bot.html)"
66.249.64.11 - - [12/Jun/2025:09:14:11 -0400] "GET /?d=109374356260&filter=527c62&share_to_url=detail.php%3Fid%3D3702501%26name%3Dfootball+dad+gifts HTTP/1.1" 200 24369 "-" "Mozilla/5.0 (Linux; Android 6.0.1; Nexus 5X Build/MMB29P) AppleWebKit/537.36 (KHTML, like Gecko) Chrome/136.0.7103.113 Mobile Safari/537.36 (compatible; Googlebot/2.1; +http://www.google.com/bot.html)"
66.249.64.11 - - [12/Jun/2025:09:14:12 -0400] "GET /?d=9319010260&filter=ca372c&share_to_url=shopdetail.php%3Fid%3D320132%26name%3Dvibespark+12v+7ah+ride HTTP/1.1" 200 23730 "-" "Mozilla/5.0 (Linux; Android 6.0.1; Nexus 5X Build/MMB29P) AppleWebKit/537.36 (KHTML, like Gecko) Chrome/136.0.7103.113 Mobile Safari/537.36 (compatible; Googlebot/2.1; +http://www.google.com/bot.html)"
66.249.64.11 - - [12/Jun/2025:09:14:13 -0400] "GET /?d=100022589260&filter=80d279&share_to_url=article.php%3Fid%3D3390014%26name%3Dgreek+grilled+chicken+with+tzatziki HTTP/1.1" 200 22780 "-" "Mozilla/5.0 (Linux; Android 6.0.1; Nexus 5X Build/MMB29P) AppleWebKit/537.36 (KHTML, like Gecko) Chrome/136.0.7103.113 Mobile Safari/537.36 (compatible; Googlebot/2.1; +http://www.google.com/bot.html)"
66.249.64.11 - - [12/Jun/2025:09:14:13 -0400] "GET /?d=115691884260&filter=ae8811&share_to_url=product.php%3Fid%3D3917866%26name%3Ddezsed+2pc+athletic+shorts HTTP/1.1" 200 24532 "-" "Mozilla/5.0 (Linux; Android 6.0.1; Nexus 5X Build/MMB29P) AppleWebKit/537.36 (KHTML, like Gecko) Chrome/136.0.7103.113 Mobile Safari/537.36 (compatible; Googlebot/2.1; +http://www.google.com/bot.html)"
66.249.64.11 - - [12/Jun/2025:09:14:15 -0400] "GET /?d=116529158260&filter=62bca5&share_to_url=article.php%3Fid%3D3946214%26name%3Drav4+bike+carrier+latest HTTP/1.1" 200 22147 "-" "Mozilla/5.0 (Linux; Android 6.0.1; Nexus 5X Build/MMB29P) AppleWebKit/537.36 (KHTML, like Gecko) Chrome/136.0.7103.113 Mobile Safari/537.36 (compatible; Googlebot/2.1; +http://www.google.com/bot.html)"
66.249.64.12 - - [12/Jun/2025:09:14:16 -0400] "GET /?d=115054688260&filter=8dd5e9&share_to_url=pin.php%3Fid%3D3896082%26name%3Dpuma+live+collection+womens+mid HTTP/1.1" 200 23495 "-" "Mozilla/5.0 (Linux; Android 6.0.1; Nexus 5X Build/MMB29P) AppleWebKit/537.36 (KHTML, like Gecko) Chrome/136.0.7103.113 Mobile Safari/537.36 (compatible; Googlebot/2.1; +http://www.google.com/bot.html)"
66.249.64.12 - - [12/Jun/2025:09:14:17 -0400] "GET /?d=109276006260&filter=892489&share_to_url=item.php%3Fid%3D3699337%26name%3Dvalentino+valentino+store+donna HTTP/1.1" 200 22529 "-" "Mozilla/5.0 (Linux; Android 6.0.1; Nexus 5X Build/MMB29P) AppleWebKit/537.36 (KHTML, like Gecko) Chrome/136.0.7103.113 Mobile Safari/537.36 (compatible; Googlebot/2.1; +http://www.google.com/bot.html)"
66.249.64.12 - - [12/Jun/2025:09:14:18 -0400] "GET /?d=109565641260&filter=766d0f&share_to_url=article.php%3Fid%3D3708542%26name%3Dformal+dress+long HTTP/1.1" 200 24178 "-" "Mozilla/5.0 (Linux; Android 6.0.1; Nexus 5X Build/MMB29P) AppleWebKit/537.36 (KHTML, like Gecko) Chrome/136.0.7103.113 Mobile Safari/537.36 (compatible; Googlebot/2.1; +http://www.google.com/bot.html)"
66.249.64.12 - - [12/Jun/2025:09:14:20 -0400] "GET /?d=91266088260&filter=6ee591&share_to_url=product-page.php%3Fid%3D3093016%26name%3Dmarini%C3%A8re+en+coton HTTP/1.1" 200 23657 "-" "Mozilla/5.0 (Linux; Android 6.0.1; Nexus 5X Build/MMB29P) AppleWebKit/537.36 (KHTML, like Gecko) Chrome/136.0.7103.113 Mobile Safari/537.36 (compatible; Googlebot/2.1; +http://www.google.com/bot.html)"
66.249.64.12 - - [12/Jun/2025:09:14:21 -0400] "GET /?d=111982105260&filter=202d30&share_to_url=pin.php%3Fid%3D3793038%26name%3Dhunkem%C3%B6ller+deep+v+pp+push HTTP/1.1" 200 22496 "-" "Mozilla/5.0 (Linux; Android 6.0.1; Nexus 5X Build/MMB29P) AppleWebKit/537.36 (KHTML, like Gecko) Chrome/136.0.7103.113 Mobile Safari/537.36 (compatible; Googlebot/2.1; +http://www.google.com/bot.html)"
66.249.64.12 - - [12/Jun/2025:09:14:21 -0400] "GET /?d=35075283260&filter=40f37c&share_to_url=item.php%3Fid%3D1192489%26name%3Dhigh+chair+battle+grace HTTP/1.1" 200 24301 "-" "Mozilla/5.0 (Linux; Android 6.0.1; Nexus 5X Build/MMB29P) AppleWebKit/537.36 (KHTML, like Gecko) Chrome/136.0.7103.113 Mobile Safari/537.36 (compatible; Googlebot/2.1; +http://www.google.com/bot.html)"
66.249.64.12 - - [12/Jun/2025:09:14:22 -0400] "GET /?d=112121005260&filter=3ba2dc&share_to_url=discover.php%3Fid%3D3798041%26name%3Dprecios+depiladora+nasal+afeitadora+port%C3%A1til HTTP/1.1" 200 23639 "-" "Mozilla/5.0 (Linux; Android 6.0.1; Nexus 5X Build/MMB29P) AppleWebKit/537.36 (KHTML, like Gecko) Chrome/136.0.7103.113 Mobile Safari/537.36 (compatible; Googlebot/2.1; +http://www.google.com/bot.html)"
66.249.64.12 - - [12/Jun/2025:09:14:22 -0400] "GET /?d=101972170260&filter=882db7&share_to_url=model.php%3Fid%3D3456735%26name%3Dfondo+rettangolare+borsa HTTP/1.1" 200 24024 "-" "Mozilla/5.0 (Linux; Android 6.0.1; Nexus 5X Build/MMB29P) AppleWebKit/537.36 (KHTML, like Gecko) Chrome/136.0.7103.113 Mobile Safari/537.36 (compatible; Googlebot/2.1; +http://www.google.com/bot.html)"
66.249.64.12 - - [12/Jun/2025:09:14:24 -0400] "GET /?d=94993759260&filter=30f161&share_to_url=goods.php%3Fid%3D3218579%26name%3Dcoyote+rambler+sling HTTP/1.1" 200 23364 "-" "Mozilla/5.0 (Linux; Android 6.0.1; Nexus 5X Build/MMB29P) AppleWebKit/537.36 (KHTML, like Gecko) Chrome/136.0.7103.113 Mobile Safari/537.36 (compatible; Googlebot/2.1; +http://www.google.com/bot.html)"
66.249.64.11 - - [12/Jun/2025:09:14:25 -0400] "GET /?d=102514081260&filter=b94814&share_to_url=article.php%3Fid%3D3474770%26name%3D15ft+nylon+braided+micro+usb HTTP/1.1" 200 24071 "-" "Mozilla/5.0 (Linux; Android 6.0.1; Nexus 5X Build/MMB29P) AppleWebKit/537.36 (KHTML, like Gecko) Chrome/136.0.7103.113 Mobile Safari/537.36 (compatible; Googlebot/2.1; +http://www.google.com/bot.html)"
66.249.64.11 - - [12/Jun/2025:09:14:26 -0400] "GET /?d=103111353260&filter=754b31&share_to_url=detail.php%3Fid%3D3494265%26name%3Dfish+man+island+arc HTTP/1.1" 200 24205 "-" "Mozilla/5.0 (Linux; Android 6.0.1; Nexus 5X Build/MMB29P) AppleWebKit/537.36 (KHTML, like Gecko) Chrome/136.0.7103.113 Mobile Safari/537.36 (compatible; Googlebot/2.1; +http://www.google.com/bot.html)"
157.55.39.192 - - [12/Jun/2025:09:14:26 -0400] "GET /?d=93495309260&filter=ce52f2&share_to_url=shop.php%3Fid%3D3167383%26name%3Dheavy+duty+duffle+bag HTTP/1.1" 200 24522 "-" "Mozilla/5.0 AppleWebKit/537.36 (KHTML, like Gecko; compatible; bingbot/2.0; +http://www.bing.com/bingbot.htm) Chrome/116.0.1938.76 Safari/537.36"
66.249.64.11 - - [12/Jun/2025:09:14:27 -0400] "GET /?d=92194310260&filter=1cbf7a&share_to_url=shop.php%3Fid%3D3123055%26name%3Dbush+hog+2615l HTTP/1.1" 200 23905 "-" "Mozilla/5.0 (Linux; Android 6.0.1; Nexus 5X Build/MMB29P) AppleWebKit/537.36 (KHTML, like Gecko) Chrome/136.0.7103.113 Mobile Safari/537.36 (compatible; Googlebot/2.1; +http://www.google.com/bot.html)"
66.249.64.12 - - [12/Jun/2025:09:14:27 -0400] "GET /?d=108280797260&filter=6f69da&share_to_url=product-page.php%3Fid%3D3666100%26name%3Dby+far+carrie HTTP/1.1" 200 23964 "-" "Mozilla/5.0 (Linux; Android 6.0.1; Nexus 5X Build/MMB29P) AppleWebKit/537.36 (KHTML, like Gecko) Chrome/136.0.7103.113 Mobile Safari/537.36 (compatible; Googlebot/2.1; +http://www.google.com/bot.html)"
157.55.39.192 - - [12/Jun/2025:09:14:28 -0400] "GET /?d=101408839260&filter=032fe0&share_to_url=product.php%3Fid%3D3437722%26name%3Dbreakdown+snapback+hat HTTP/1.1" 200 24274 "-" "Mozilla/5.0 AppleWebKit/537.36 (KHTML, like Gecko; compatible; bingbot/2.0; +http://www.bing.com/bingbot.htm) Chrome/116.0.1938.76 Safari/537.36"
40.77.167.65 - - [12/Jun/2025:09:14:29 -0400] "GET /?d=111831323260&filter=80d279&share_to_url=article.php%3Fid%3D3787778%26name%3Dcampsie+charcoal+chicken HTTP/1.1" 200 23911 "-" "Mozilla/5.0 AppleWebKit/537.36 (KHTML, like Gecko; compatible; bingbot/2.0; +http://www.bing.com/bingbot.htm) Chrome/116.0.1938.76 Safari/537.36"
