52.167.144.181 - - [26/Apr/2025:12:58:14 -0400] "GET /?d=115893323260&filter=f7053f&share_to_url=goods.php%3Fid%3D3924635%26name%3Dherschel+rundle+clearance+backpack HTTP/1.1" 200 22403 "-" "Mozilla/5.0 AppleWebKit/537.36 (KHTML, like Gecko; compatible; bingbot/2.0; +http://www.bing.com/bingbot.htm) Chrome/116.0.1938.76 Safari/537.36"
52.167.144.183 - - [26/Apr/2025:12:58:18 -0400] "GET /?d=103078191260&filter=c34718&share_to_url=item.php%3Fid%3D3493081%26name%3Dnike+gants+huarache+edge HTTP/1.1" 200 22037 "-" "Mozilla/5.0 AppleWebKit/537.36 (KHTML, like Gecko; compatible; bingbot/2.0; +http://www.bing.com/bingbot.htm) Chrome/116.0.1938.76 Safari/537.36"
52.167.144.183 - - [26/Apr/2025:12:58:20 -0400] "GET /?d=64388650260&filter=c5b319&share_to_url=item.php%3Fid%3D2183185%26name%3Dnike+sustainability+report+sale HTTP/1.1" 200 22503 "-" "Mozilla/5.0 AppleWebKit/537.36 (KHTML, like Gecko; compatible; bingbot/2.0; +http://www.bing.com/bingbot.htm) Chrome/116.0.1938.76 Safari/537.36"
52.167.144.18 - - [26/Apr/2025:12:58:31 -0400] "GET /?d=95265245260&filter=1b6d6c&share_to_url=goods.php%3Fid%3D3227315%26name%3Dfivefingers+performa+jane+fitness HTTP/1.1" 200 22810 "-" "Mozilla/5.0 AppleWebKit/537.36 (KHTML, like Gecko; compatible; bingbot/2.0; +http://www.bing.com/bingbot.htm) Chrome/116.0.1938.76 Safari/537.36"
52.167.144.18 - - [26/Apr/2025:12:58:33 -0400] "GET /?d=103292663260&filter=f52d8d&share_to_url=item.php%3Fid%3D3500401%26name%3Dbarras+paralelas+en HTTP/1.1" 200 23494 "-" "Mozilla/5.0 AppleWebKit/537.36 (KHTML, like Gecko; compatible; bingbot/2.0; +http://www.bing.com/bingbot.htm) Chrome/116.0.1938.76 Safari/537.36"
57.154.175.7 - - [26/Apr/2025:12:58:40 -0400] "GET /?d=98619844260&filter=e80e68&share_to_url=shop.php?id%3D3342319%26name%3Ddasha+maa+ni+badha HTTP/1.1" 302 0 "-" "Mozilla/5.0 AppleWebKit/537.36 (KHTML, like Gecko); compatible; ChatGPT-User/1.0; +https://openai.com/bot"
57.154.175.7 - - [26/Apr/2025:12:58:41 -0400] "GET /loginn.php HTTP/1.1" 200 832 "-" "Mozilla/5.0 AppleWebKit/537.36 (KHTML, like Gecko); compatible; ChatGPT-User/1.0; +https://openai.com/bot"
57.154.175.9 - - [26/Apr/2025:12:58:40 -0400] "GET / HTTP/1.1" 302 0 "-" "Mozilla/5.0 AppleWebKit/537.36 (KHTML, like Gecko); compatible; ChatGPT-User/1.0; +https://openai.com/bot"
52.167.144.18 - - [26/Apr/2025:12:58:52 -0400] "GET /?d=91779202260&filter=fc397e&share_to_url=model.php%3Fid%3D3109971%26name%3Dbarbie+as+the+island HTTP/1.1" 200 22104 "-" "Mozilla/5.0 AppleWebKit/537.36 (KHTML, like Gecko; compatible; bingbot/2.0; +http://www.bing.com/bingbot.htm) Chrome/116.0.1938.76 Safari/537.36"
52.167.144.181 - - [26/Apr/2025:12:58:58 -0400] "GET /?d=26266379260&filter=00f09d&share_to_url=shopdetail.php%3Fid%3D890312%26name%3Dgeometrie+tarmac+2024 HTTP/1.1" 200 21577 "-" "Mozilla/5.0 AppleWebKit/537.36 (KHTML, like Gecko; compatible; bingbot/2.0; +http://www.bing.com/bingbot.htm) Chrome/116.0.1938.76 Safari/537.36"
52.167.144.181 - - [26/Apr/2025:12:59:00 -0400] "GET /?d=22252333260&filter=6a67bd&share_to_url=goods.php%3Fid%3D754715%26name%3Dmustang+sportliche+stiefel+f+c3+bcr HTTP/1.1" 200 23407 "-" "Mozilla/5.0 AppleWebKit/537.36 (KHTML, like Gecko; compatible; bingbot/2.0; +http://www.bing.com/bingbot.htm) Chrome/116.0.1938.76 Safari/537.36"
66.249.66.9 - - [26/Apr/2025:12:59:00 -0400] "GET /?d=95761790260&filter=aeebcc&share_to_url=product-page.php%3Fid%3D3244468%26name%3Dthe+perfect+coffee+corner+at HTTP/1.1" 200 23492 "-" "Mozilla/5.0 (Linux; Android 6.0.1; Nexus 5X Build/MMB29P) AppleWebKit/537.36 (KHTML, like Gecko) Chrome/135.0.7049.114 Mobile Safari/537.36 (compatible; Googlebot/2.1; +http://www.google.com/bot.html)"
52.167.144.181 - - [26/Apr/2025:12:59:02 -0400] "GET /?d=117134377260&filter=83f648&share_to_url=ideas.php%3Fid%3D3966852%26name%3Dmormaii+milao+mo132 HTTP/1.1" 200 22165 "-" "Mozilla/5.0 AppleWebKit/537.36 (KHTML, like Gecko; compatible; bingbot/2.0; +http://www.bing.com/bingbot.htm) Chrome/116.0.1938.76 Safari/537.36"
52.167.144.181 - - [26/Apr/2025:12:59:14 -0400] "GET /?d=105537719260&filter=1d08b3&share_to_url=article.php%3Fid%3D3575210%26name%3Dfashion+vintage+stainless+steel HTTP/1.1" 200 23229 "-" "Mozilla/5.0 AppleWebKit/537.36 (KHTML, like Gecko; compatible; bingbot/2.0; +http://www.bing.com/bingbot.htm) Chrome/116.0.1938.76 Safari/537.36"
52.167.144.18 - - [26/Apr/2025:12:59:43 -0400] "GET /?d=99308150260&filter=a93973&share_to_url=discover.php%3Fid%3D3365753%26name%3Dvila+parka+f%C3%BCr+damen HTTP/1.1" 200 24333 "-" "Mozilla/5.0 AppleWebKit/537.36 (KHTML, like Gecko; compatible; bingbot/2.0; +http://www.bing.com/bingbot.htm) Chrome/116.0.1938.76 Safari/537.36"
52.167.144.18 - - [26/Apr/2025:12:59:44 -0400] "GET /?d=94298085260&filter=edd546&share_to_url=product.php%3Fid%3D3195646%26name%3Dmivi+launches+its+first HTTP/1.1" 200 22884 "-" "Mozilla/5.0 AppleWebKit/537.36 (KHTML, like Gecko; compatible; bingbot/2.0; +http://www.bing.com/bingbot.htm) Chrome/116.0.1938.76 Safari/537.36"
52.167.144.183 - - [26/Apr/2025:12:59:48 -0400] "GET /?d=96410700260&filter=d8181f&share_to_url=detail.php%3Fid%3D3266481%26name%3Drag+and+bone+riser HTTP/1.1" 200 23547 "-" "Mozilla/5.0 AppleWebKit/537.36 (KHTML, like Gecko; compatible; bingbot/2.0; +http://www.bing.com/bingbot.htm) Chrome/116.0.1938.76 Safari/537.36"
52.167.144.18 - - [26/Apr/2025:13:00:32 -0400] "GET /?d=110241017260&filter=b44b6e&share_to_url=detail.php%3Fid%3D3731301%26name%3Dtelstar+nightfall+air+tent HTTP/1.1" 200 21903 "-" "Mozilla/5.0 AppleWebKit/537.36 (KHTML, like Gecko; compatible; bingbot/2.0; +http://www.bing.com/bingbot.htm) Chrome/116.0.1938.76 Safari/537.36"
52.167.144.18 - - [26/Apr/2025:13:00:33 -0400] "GET /?d=115087301260&filter=942b8a&share_to_url=item.php%3Fid%3D3897241%26name%3Dreview+another+one+baby HTTP/1.1" 200 22944 "-" "Mozilla/5.0 AppleWebKit/537.36 (KHTML, like Gecko; compatible; bingbot/2.0; +http://www.bing.com/bingbot.htm) Chrome/116.0.1938.76 Safari/537.36"
52.167.144.183 - - [26/Apr/2025:13:00:39 -0400] "GET /?d=59973026260&filter=7ffa06&share_to_url=pin.php%3Fid%3D2035218%26name%3Dwoody+walkers HTTP/1.1" 200 23963 "-" "Mozilla/5.0 AppleWebKit/537.36 (KHTML, like Gecko; compatible; bingbot/2.0; +http://www.bing.com/bingbot.htm) Chrome/116.0.1938.76 Safari/537.36"
52.167.144.181 - - [26/Apr/2025:13:00:44 -0400] "GET /?d=107377431260&filter=4a33b7&share_to_url=detail.php%3Fid%3D3636345%26name%3Dchinon+belami+af+35mm HTTP/1.1" 200 23720 "-" "Mozilla/5.0 AppleWebKit/537.36 (KHTML, like Gecko; compatible; bingbot/2.0; +http://www.bing.com/bingbot.htm) Chrome/116.0.1938.76 Safari/537.36"
52.167.144.18 - - [26/Apr/2025:13:00:53 -0400] "GET /?d=96733465260&filter=ee7a7b&share_to_url=discover.php%3Fid%3D3277745%26name%3Dfree+picture+trace HTTP/1.1" 200 23077 "-" "Mozilla/5.0 AppleWebKit/537.36 (KHTML, like Gecko; compatible; bingbot/2.0; +http://www.bing.com/bingbot.htm) Chrome/116.0.1938.76 Safari/537.36"
52.167.144.18 - - [26/Apr/2025:13:01:12 -0400] "GET /?d=102191774260&filter=9e9754&share_to_url=discover.php%3Fid%3D3463925%26name%3Duser+manuals+sunbeam+gr8450 HTTP/1.1" 200 23390 "-" "Mozilla/5.0 AppleWebKit/537.36 (KHTML, like Gecko; compatible; bingbot/2.0; +http://www.bing.com/bingbot.htm) Chrome/116.0.1938.76 Safari/537.36"
52.167.144.181 - - [26/Apr/2025:13:01:16 -0400] "GET /?d=87407215260&filter=df0c98&share_to_url=shopdetail.php%3Fid%3D2961836%26name%3Dbracelete+nowoczesne+marrom HTTP/1.1" 200 23054 "-" "Mozilla/5.0 AppleWebKit/537.36 (KHTML, like Gecko; compatible; bingbot/2.0; +http://www.bing.com/bingbot.htm) Chrome/116.0.1938.76 Safari/537.36"
52.167.144.181 - - [26/Apr/2025:13:01:17 -0400] "GET /?d=89373025260&filter=ec7398&share_to_url=article.php%3Fid%3D3029474%26name%3Ddometic+cfx+28 HTTP/1.1" 200 22717 "-" "Mozilla/5.0 AppleWebKit/537.36 (KHTML, like Gecko; compatible; bingbot/2.0; +http://www.bing.com/bingbot.htm) Chrome/116.0.1938.76 Safari/537.36"
52.167.144.183 - - [26/Apr/2025:13:01:22 -0400] "GET /?d=105220034260&filter=15d3b1&share_to_url=detail.php%3Fid%3D3564765%26name%3Dblack+decker HTTP/1.1" 200 22992 "-" "Mozilla/5.0 AppleWebKit/537.36 (KHTML, like Gecko; compatible; bingbot/2.0; +http://www.bing.com/bingbot.htm) Chrome/116.0.1938.76 Safari/537.36"
52.167.144.18 - - [26/Apr/2025:13:01:26 -0400] "GET /?d=81842151260&filter=4fcc39&share_to_url=shopdetail.php%3Fid%3D2772308%26name%3Dhow+to+increase+hand HTTP/1.1" 200 22953 "-" "Mozilla/5.0 AppleWebKit/537.36 (KHTML, like Gecko; compatible; bingbot/2.0; +http://www.bing.com/bingbot.htm) Chrome/116.0.1938.76 Safari/537.36"
52.167.144.18 - - [26/Apr/2025:13:01:43 -0400] "GET /?d=86048289260&filter=d07a8e&share_to_url=discover.php%3Fid%3D2915201%26name%3Dsony+ccd+v50e+video8 HTTP/1.1" 200 23326 "-" "Mozilla/5.0 AppleWebKit/537.36 (KHTML, like Gecko; compatible; bingbot/2.0; +http://www.bing.com/bingbot.htm) Chrome/116.0.1938.76 Safari/537.36"
66.249.66.10 - - [26/Apr/2025:13:02:00 -0400] "GET /?d=93759844260&filter=97541a&share_to_url=item.php%3Fid%3D3176473%26name%3Ddetachable+baby+stroller+umbrella HTTP/1.1" 200 22722 "-" "Mozilla/5.0 (Linux; Android 6.0.1; Nexus 5X Build/MMB29P) AppleWebKit/537.36 (KHTML, like Gecko) Chrome/135.0.7049.114 Mobile Safari/537.36 (compatible; Googlebot/2.1; +http://www.google.com/bot.html)"
52.167.144.183 - - [26/Apr/2025:13:02:09 -0400] "GET /?d=24915614260&filter=f5f4d3&share_to_url=detail.php%3Fid%3D844485%26name%3Dconverse+fille+dor%C3%A9+taille HTTP/1.1" 200 22370 "-" "Mozilla/5.0 AppleWebKit/537.36 (KHTML, like Gecko; compatible; bingbot/2.0; +http://www.bing.com/bingbot.htm) Chrome/116.0.1938.76 Safari/537.36"
52.167.144.183 - - [26/Apr/2025:13:02:10 -0400] "GET /?d=114284923260&filter=db86bd&share_to_url=discover.php%3Fid%3D3869945%26name%3Duncle+2025+drew+tracksuit HTTP/1.1" 200 21693 "-" "Mozilla/5.0 AppleWebKit/537.36 (KHTML, like Gecko; compatible; bingbot/2.0; +http://www.bing.com/bingbot.htm) Chrome/116.0.1938.76 Safari/537.36"
52.167.144.18 - - [26/Apr/2025:13:02:13 -0400] "GET /?d=90067531260&filter=b3603f&share_to_url=detail.php%3Fid%3D3052437%26name%3Dhyperx+and+acer HTTP/1.1" 200 22597 "-" "Mozilla/5.0 AppleWebKit/537.36 (KHTML, like Gecko; compatible; bingbot/2.0; +http://www.bing.com/bingbot.htm) Chrome/116.0.1938.76 Safari/537.36"
52.167.144.181 - - [26/Apr/2025:13:02:19 -0400] "GET /?d=115814414260&filter=cd6685&share_to_url=item.php%3Fid%3D3921889%26name%3Dredwood+city+startup HTTP/1.1" 200 23709 "-" "Mozilla/5.0 AppleWebKit/537.36 (KHTML, like Gecko; compatible; bingbot/2.0; +http://www.bing.com/bingbot.htm) Chrome/116.0.1938.76 Safari/537.36"
52.167.144.181 - - [26/Apr/2025:13:02:20 -0400] "GET /?d=99551526260&filter=e86b2c&share_to_url=item.php%3Fid%3D3374017%26name%3Dbuy+wolsey+red+and HTTP/1.1" 200 23335 "-" "Mozilla/5.0 AppleWebKit/537.36 (KHTML, like Gecko; compatible; bingbot/2.0; +http://www.bing.com/bingbot.htm) Chrome/116.0.1938.76 Safari/537.36"
52.167.144.181 - - [26/Apr/2025:13:02:35 -0400] "GET /?d=104740240260&filter=a8fc1c&share_to_url=shop.php%3Fid%3D3549079%26name%3Dall+sizes+uwabaki+slippers HTTP/1.1" 200 23520 "-" "Mozilla/5.0 AppleWebKit/537.36 (KHTML, like Gecko; compatible; bingbot/2.0; +http://www.bing.com/bingbot.htm) Chrome/116.0.1938.76 Safari/537.36"
52.167.144.181 - - [26/Apr/2025:13:02:36 -0400] "GET /?d=105131728260&filter=ef2428&share_to_url=goods.php%3Fid%3D3561575%26name%3Dpuedes+ense%C3%B1arle+a+owleez HTTP/1.1" 200 23265 "-" "Mozilla/5.0 AppleWebKit/537.36 (KHTML, like Gecko; compatible; bingbot/2.0; +http://www.bing.com/bingbot.htm) Chrome/116.0.1938.76 Safari/537.36"
52.167.144.183 - - [26/Apr/2025:13:02:39 -0400] "GET /?d=105992051260&filter=b190c6&share_to_url=pin.php%3Fid%3D3590286%26name%3Dez+slouch+carpenter+jeans HTTP/1.1" 200 22984 "-" "Mozilla/5.0 AppleWebKit/537.36 (KHTML, like Gecko; compatible; bingbot/2.0; +http://www.bing.com/bingbot.htm) Chrome/116.0.1938.76 Safari/537.36"
52.167.144.183 - - [26/Apr/2025:13:02:41 -0400] "GET /?d=101011935260&filter=0ab89c&share_to_url=detail.php%3Fid%3D3424041%26name%3Dopal+socken+und+pulloverwolle HTTP/1.1" 200 23529 "-" "Mozilla/5.0 AppleWebKit/537.36 (KHTML, like Gecko; compatible; bingbot/2.0; +http://www.bing.com/bingbot.htm) Chrome/116.0.1938.76 Safari/537.36"
52.167.144.183 - - [26/Apr/2025:13:02:42 -0400] "GET /?d=106125606260&filter=cec82a&share_to_url=ideas.php%3Fid%3D3594516%26name%3Dfree+diaper+bags HTTP/1.1" 200 24165 "-" "Mozilla/5.0 AppleWebKit/537.36 (KHTML, like Gecko; compatible; bingbot/2.0; +http://www.bing.com/bingbot.htm) Chrome/116.0.1938.76 Safari/537.36"
52.167.144.18 - - [26/Apr/2025:13:02:52 -0400] "GET /?d=113319176260&filter=55b63a&share_to_url=shopdetail.php%3Fid%3D3838124%26name%3Dclassified+and+trp HTTP/1.1" 200 24428 "-" "Mozilla/5.0 AppleWebKit/537.36 (KHTML, like Gecko; compatible; bingbot/2.0; +http://www.bing.com/bingbot.htm) Chrome/116.0.1938.76 Safari/537.36"
52.167.144.18 - - [26/Apr/2025:13:02:53 -0400] "GET /?d=107555441260&filter=5945b7&share_to_url=pin.php%3Fid%3D3642462%26name%3Dstrappy+stripe+sleeve HTTP/1.1" 200 24048 "-" "Mozilla/5.0 AppleWebKit/537.36 (KHTML, like Gecko; compatible; bingbot/2.0; +http://www.bing.com/bingbot.htm) Chrome/116.0.1938.76 Safari/537.36"
52.167.144.18 - - [26/Apr/2025:13:02:54 -0400] "GET /?d=60612376260&filter=aca228&share_to_url=ideas.php%3Fid%3D2056728%26name%3Dtaifun+t+shirt+tlg HTTP/1.1" 200 24725 "-" "Mozilla/5.0 AppleWebKit/537.36 (KHTML, like Gecko; compatible; bingbot/2.0; +http://www.bing.com/bingbot.htm) Chrome/116.0.1938.76 Safari/537.36"
52.167.144.18 - - [26/Apr/2025:13:02:55 -0400] "GET /?d=103295711260&filter=f52d8d&share_to_url=shop.php%3Fid%3D3500491%26name%3Dcasco+protector+para+ni%C3%B1os HTTP/1.1" 200 23926 "-" "Mozilla/5.0 AppleWebKit/537.36 (KHTML, like Gecko; compatible; bingbot/2.0; +http://www.bing.com/bingbot.htm) Chrome/116.0.1938.76 Safari/537.36"
52.167.144.181 - - [26/Apr/2025:13:02:57 -0400] "GET /?d=103059278260&filter=d149d5&share_to_url=ideas.php%3Fid%3D3492480%26name%3Dcat+thermos+bottle+480ml HTTP/1.1" 200 23263 "-" "Mozilla/5.0 AppleWebKit/537.36 (KHTML, like Gecko; compatible; bingbot/2.0; +http://www.bing.com/bingbot.htm) Chrome/116.0.1938.76 Safari/537.36"
52.167.144.181 - - [26/Apr/2025:13:02:58 -0400] "GET /?d=101015381260&filter=0ab89c&share_to_url=item.php%3Fid%3D3424153%26name%3Dopal+socken+und+pulloverwolle HTTP/1.1" 200 23366 "-" "Mozilla/5.0 AppleWebKit/537.36 (KHTML, like Gecko; compatible; bingbot/2.0; +http://www.bing.com/bingbot.htm) Chrome/116.0.1938.76 Safari/537.36"
52.167.144.183 - - [26/Apr/2025:13:03:01 -0400] "GET /?d=108898142260&filter=4cc099&share_to_url=ideas.php%3Fid%3D3686880%26name%3Din+039+toy+story HTTP/1.1" 200 22814 "-" "Mozilla/5.0 AppleWebKit/537.36 (KHTML, like Gecko; compatible; bingbot/2.0; +http://www.bing.com/bingbot.htm) Chrome/116.0.1938.76 Safari/537.36"
66.249.66.10 - - [26/Apr/2025:13:03:16 -0400] "GET /?d=108299376260&filter=1093f8&share_to_url=ideas.php%3Fid%3D3666876%26name%3Dt%C3%AAnis+new+balance+wl515 HTTP/1.1" 200 22763 "-" "Mozilla/5.0 (Linux; Android 6.0.1; Nexus 5X Build/MMB29P) AppleWebKit/537.36 (KHTML, like Gecko) Chrome/135.0.7049.114 Mobile Safari/537.36 (compatible; Googlebot/2.1; +http://www.google.com/bot.html)"
66.249.66.9 - - [26/Apr/2025:13:03:17 -0400] "GET /?d=106245093260&filter=fd45ef&share_to_url=shopdetail.php%3Fid%3D3598412%26name%3Dcreate+coding+concepts HTTP/1.1" 200 24324 "-" "Mozilla/5.0 (Linux; Android 6.0.1; Nexus 5X Build/MMB29P) AppleWebKit/537.36 (KHTML, like Gecko) Chrome/135.0.7049.114 Mobile Safari/537.36 (compatible; Googlebot/2.1; +http://www.google.com/bot.html)"
52.167.144.183 - - [26/Apr/2025:13:03:19 -0400] "GET /?d=112294635260&filter=aca228&share_to_url=discover.php%3Fid%3D3803705%26name%3Dtrendy+wellensteyn+clothing+haul HTTP/1.1" 200 22562 "-" "Mozilla/5.0 AppleWebKit/537.36 (KHTML, like Gecko; compatible; bingbot/2.0; +http://www.bing.com/bingbot.htm) Chrome/116.0.1938.76 Safari/537.36"
52.167.144.183 - - [26/Apr/2025:13:03:38 -0400] "GET /?d=106151270260&filter=a229e9&share_to_url=model.php%3Fid%3D3595371%26name%3Dused+2025+sondors+ebike HTTP/1.1" 200 22984 "-" "Mozilla/5.0 AppleWebKit/537.36 (KHTML, like Gecko; compatible; bingbot/2.0; +http://www.bing.com/bingbot.htm) Chrome/116.0.1938.76 Safari/537.36"
52.167.144.18 - - [26/Apr/2025:13:03:52 -0400] "GET /?d=92571678260&filter=0e419f&share_to_url=detail.php%3Fid%3D3136401%26name%3Damd+i2c+controller HTTP/1.1" 200 23960 "-" "Mozilla/5.0 AppleWebKit/537.36 (KHTML, like Gecko; compatible; bingbot/2.0; +http://www.bing.com/bingbot.htm) Chrome/116.0.1938.76 Safari/537.36"
40.77.167.20 - - [26/Apr/2025:13:03:57 -0400] "GET /?d=80030778260&filter=e86b2c&share_to_url=product.php%3Fid%3D2710426%26name%3Dvibe+check+sweater+cardigan HTTP/1.1" 200 24641 "-" "Mozilla/5.0 AppleWebKit/537.36 (KHTML, like Gecko; compatible; bingbot/2.0; +http://www.bing.com/bingbot.htm) Chrome/116.0.1938.76 Safari/537.36"
52.167.144.18 - - [26/Apr/2025:13:04:23 -0400] "GET /?d=86807885260&filter=77dcc0&share_to_url=ideas.php%3Fid%3D2941164%26name%3Dfanatik+shop+marco HTTP/1.1" 200 23205 "-" "Mozilla/5.0 AppleWebKit/537.36 (KHTML, like Gecko; compatible; bingbot/2.0; +http://www.bing.com/bingbot.htm) Chrome/116.0.1938.76 Safari/537.36"
40.77.190.93 - - [26/Apr/2025:13:04:28 -0400] "GET /contact?/font_2afddd5a36ce27199bca6b34e2ff151c/_assets_flex-icon HTTP/1.1" 200 1124 "https://churchmr.com/contact" "Mozilla/5.0 AppleWebKit/537.36 (KHTML, like Gecko; compatible; bingbot/2.0; +http://www.bing.com/bingbot.htm) Chrome/112.0.0.0 Safari/537.36"
52.167.144.18 - - [26/Apr/2025:13:04:33 -0400] "GET /?d=109436365260&filter=bbd03f&share_to_url=detail.php%3Fid%3D3704301%26name%3Dsusan+cummings+sterling+silver HTTP/1.1" 200 22910 "-" "Mozilla/5.0 AppleWebKit/537.36 (KHTML, like Gecko; compatible; bingbot/2.0; +http://www.bing.com/bingbot.htm) Chrome/116.0.1938.76 Safari/537.36"
40.77.167.20 - - [26/Apr/2025:13:04:38 -0400] "GET /?d=105441825260&filter=a75ffa&share_to_url=ideas.php%3Fid%3D3572004%26name%3D25+new+years+eve HTTP/1.1" 200 23513 "-" "Mozilla/5.0 AppleWebKit/537.36 (KHTML, like Gecko; compatible; bingbot/2.0; +http://www.bing.com/bingbot.htm) Chrome/116.0.1938.76 Safari/537.36"
40.77.167.20 - - [26/Apr/2025:13:04:38 -0400] "GET /?d=51624023260&filter=aae97a&share_to_url=pin.php%3Fid%3D1754514%26name%3Dquanto+guadagna+un+giocatore HTTP/1.1" 200 23019 "-" "Mozilla/5.0 AppleWebKit/537.36 (KHTML, like Gecko; compatible; bingbot/2.0; +http://www.bing.com/bingbot.htm) Chrome/116.0.1938.76 Safari/537.36"
40.77.167.20 - - [26/Apr/2025:13:04:40 -0400] "GET /?d=110534170260&filter=f7053f&share_to_url=detail.php%3Fid%3D3742041%26name%3Dhp+prelude+2mw63aa HTTP/1.1" 200 22503 "-" "Mozilla/5.0 AppleWebKit/537.36 (KHTML, like Gecko; compatible; bingbot/2.0; +http://www.bing.com/bingbot.htm) Chrome/116.0.1938.76 Safari/537.36"
52.167.144.185 - - [26/Apr/2025:13:04:42 -0400] "GET /?d=83464900260&filter=f52d8d&share_to_url=model.php%3Fid%3D2827371%26name%3Dp2961+auriculares+inal%C3%A1mbricos+bluetooth HTTP/1.1" 200 23339 "-" "Mozilla/5.0 AppleWebKit/537.36 (KHTML, like Gecko; compatible; bingbot/2.0; +http://www.bing.com/bingbot.htm) Chrome/116.0.1938.76 Safari/537.36"
52.167.144.185 - - [26/Apr/2025:13:04:43 -0400] "GET /?d=112864318260&filter=3c96b6&share_to_url=shop.php%3Fid%3D3822511%26name%3Dchlo%C3%A9+portamonete+piccolo+envelope HTTP/1.1" 200 23205 "-" "Mozilla/5.0 AppleWebKit/537.36 (KHTML, like Gecko; compatible; bingbot/2.0; +http://www.bing.com/bingbot.htm) Chrome/116.0.1938.76 Safari/537.36"
52.167.144.185 - - [26/Apr/2025:13:04:44 -0400] "GET /?d=105059876260&filter=b0f8bb&share_to_url=shop.php%3Fid%3D3559387%26name%3Drastaclat+void HTTP/1.1" 200 23111 "-" "Mozilla/5.0 AppleWebKit/537.36 (KHTML, like Gecko; compatible; bingbot/2.0; +http://www.bing.com/bingbot.htm) Chrome/116.0.1938.76 Safari/537.36"
40.77.167.20 - - [26/Apr/2025:13:04:58 -0400] "GET /?d=100247404260&filter=2b1bd2&share_to_url=ideas.php%3Fid%3D3397584%26name%3Dultra+play+mg HTTP/1.1" 200 22132 "-" "Mozilla/5.0 AppleWebKit/537.36 (KHTML, like Gecko; compatible; bingbot/2.0; +http://www.bing.com/bingbot.htm) Chrome/116.0.1938.76 Safari/537.36"
66.249.66.10 - - [26/Apr/2025:13:05:00 -0400] "GET /?d=108893504260&filter=4cc099&share_to_url=item.php%3Fid%3D3686713%26name%3Destacion+de+bomberos+de+mickey HTTP/1.1" 200 22944 "-" "Mozilla/5.0 (Linux; Android 6.0.1; Nexus 5X Build/MMB29P) AppleWebKit/537.36 (KHTML, like Gecko) Chrome/135.0.7049.114 Mobile Safari/537.36 (compatible; Googlebot/2.1; +http://www.google.com/bot.html)"
40.77.167.20 - - [26/Apr/2025:13:05:25 -0400] "GET /?d=96422923260&filter=eee8f3&share_to_url=detail.php%3Fid%3D3266901%26name%3Dthe+last+naruto HTTP/1.1" 200 23380 "-" "Mozilla/5.0 AppleWebKit/537.36 (KHTML, like Gecko; compatible; bingbot/2.0; +http://www.bing.com/bingbot.htm) Chrome/116.0.1938.76 Safari/537.36"
52.167.144.185 - - [26/Apr/2025:13:05:29 -0400] "GET /?d=101723447260&filter=c08dc8&share_to_url=discover.php%3Fid%3D3448637%26name%3Deste+pap%C3%A1+incre%C3%ADble+petit HTTP/1.1" 200 24520 "-" "Mozilla/5.0 AppleWebKit/537.36 (KHTML, like Gecko; compatible; bingbot/2.0; +http://www.bing.com/bingbot.htm) Chrome/116.0.1938.76 Safari/537.36"
66.249.66.9 - - [26/Apr/2025:13:05:43 -0400] "GET /?d=90871247260&filter=141ae9&share_to_url=product.php%3Fid%3D3079918%26name%3Dpdf+impactos+da+legisla%C3%A7%C3%A3o HTTP/1.1" 200 23791 "-" "Mozilla/5.0 (Linux; Android 6.0.1; Nexus 5X Build/MMB29P) AppleWebKit/537.36 (KHTML, like Gecko) Chrome/135.0.7049.95 Mobile Safari/537.36 (compatible; GoogleOther)"
52.167.144.18 - - [26/Apr/2025:13:06:02 -0400] "GET /?d=95265245260&filter=1b6d6c&share_to_url=goods.php%3Fid%3D3227315%26name%3Dfivefingers+performa+jane+fitness HTTP/1.1" 200 22773 "-" "Mozilla/5.0 AppleWebKit/537.36 (KHTML, like Gecko; compatible; bingbot/2.0; +http://www.bing.com/bingbot.htm) Chrome/116.0.1938.76 Safari/537.36"
52.167.144.185 - - [26/Apr/2025:13:06:09 -0400] "GET /?d=107244790260&filter=d60d32&share_to_url=item.php%3Fid%3D3631753%26name%3Dxikezan+beard+grooming HTTP/1.1" 200 23437 "-" "Mozilla/5.0 AppleWebKit/537.36 (KHTML, like Gecko; compatible; bingbot/2.0; +http://www.bing.com/bingbot.htm) Chrome/116.0.1938.76 Safari/537.36"
52.167.144.185 - - [26/Apr/2025:13:06:09 -0400] "GET /?d=81295728260&filter=e673c7&share_to_url=product-page.php%3Fid%3D2753476%26name%3Dsteel+plastic+dishwasher HTTP/1.1" 200 23047 "-" "Mozilla/5.0 AppleWebKit/537.36 (KHTML, like Gecko; compatible; bingbot/2.0; +http://www.bing.com/bingbot.htm) Chrome/116.0.1938.76 Safari/537.36"
66.249.66.11 - - [26/Apr/2025:13:06:09 -0400] "GET /?d=88571657260&filter=b2e434&share_to_url=ideas.php%3Fid%3D3001836%26name%3Dbalanceboardslv HTTP/1.1" 200 23822 "-" "Mozilla/5.0 (Linux; Android 6.0.1; Nexus 5X Build/MMB29P) AppleWebKit/537.36 (KHTML, like Gecko) Chrome/135.0.7049.114 Mobile Safari/537.36 (compatible; Googlebot/2.1; +http://www.google.com/bot.html)"
52.167.144.18 - - [26/Apr/2025:13:06:43 -0400] "GET /?d=110241017260&filter=b44b6e&share_to_url=detail.php%3Fid%3D3731301%26name%3Dtelstar+nightfall+air+tent HTTP/1.1" 200 21802 "-" "Mozilla/5.0 AppleWebKit/537.36 (KHTML, like Gecko; compatible; bingbot/2.0; +http://www.bing.com/bingbot.htm) Chrome/116.0.1938.76 Safari/537.36"
40.77.167.13 - - [26/Apr/2025:13:06:44 -0400] "GET /?d=90438579260&filter=6afb2d&share_to_url=product.php%3Fid%3D3065026%26name%3Datlas+wonder+woman HTTP/1.1" 200 21726 "-" "Mozilla/5.0 AppleWebKit/537.36 (KHTML, like Gecko; compatible; bingbot/2.0; +http://www.bing.com/bingbot.htm) Chrome/116.0.1938.76 Safari/537.36"
40.77.167.20 - - [26/Apr/2025:13:06:55 -0400] "GET /?d=89979707260&filter=a2cbea&share_to_url=item.php%3Fid%3D3049477%26name%3Dcalzado+capricho HTTP/1.1" 200 23025 "-" "Mozilla/5.0 AppleWebKit/537.36 (KHTML, like Gecko; compatible; bingbot/2.0; +http://www.bing.com/bingbot.htm) Chrome/116.0.1938.76 Safari/537.36"
40.77.167.65 - - [26/Apr/2025:13:07:23 -0400] "GET /?d=99308150260&filter=a93973&share_to_url=discover.php%3Fid%3D3365753%26name%3Dvila+parka+f%C3%BCr+damen HTTP/1.1" 200 24465 "-" "Mozilla/5.0 AppleWebKit/537.36 (KHTML, like Gecko; compatible; bingbot/2.0; +http://www.bing.com/bingbot.htm) Chrome/116.0.1938.76 Safari/537.36"
40.77.167.20 - - [26/Apr/2025:13:07:27 -0400] "GET /?d=117134377260&filter=83f648&share_to_url=ideas.php%3Fid%3D3966852%26name%3Dmormaii+milao+mo132 HTTP/1.1" 200 22214 "-" "Mozilla/5.0 AppleWebKit/537.36 (KHTML, like Gecko; compatible; bingbot/2.0; +http://www.bing.com/bingbot.htm) Chrome/116.0.1938.76 Safari/537.36"
40.77.167.20 - - [26/Apr/2025:13:07:36 -0400] "GET /?d=115865631260&filter=3acd1e&share_to_url=detail.php%3Fid%3D3923733%26name%3D868+scalabrine+celtics+photos HTTP/1.1" 200 22275 "-" "Mozilla/5.0 AppleWebKit/537.36 (KHTML, like Gecko; compatible; bingbot/2.0; +http://www.bing.com/bingbot.htm) Chrome/116.0.1938.76 Safari/537.36"
20.15.133.191 - - [26/Apr/2025:13:07:41 -0400] "GET /?d=90643343260&filter=03bb2d&share_to_url=pin.php%3Fid%3D3072018%26name%3Dblue+charlie+hunnam+the HTTP/1.1" 200 22913 "-" "Mozilla/5.0 AppleWebKit/537.36 (KHTML, like Gecko; compatible; bingbot/2.0; +http://www.bing.com/bingbot.htm) Chrome/116.0.1938.76 Safari/537.36"
20.15.133.191 - - [26/Apr/2025:13:07:43 -0400] "GET /?d=114478699260&filter=1226ef&share_to_url=pin.php%3Fid%3D3876486%26name%3Dlacoste+lacoste+thrill HTTP/1.1" 200 23005 "-" "Mozilla/5.0 AppleWebKit/537.36 (KHTML, like Gecko; compatible; bingbot/2.0; +http://www.bing.com/bingbot.htm) Chrome/116.0.1938.76 Safari/537.36"
20.15.133.174 - - [26/Apr/2025:13:07:51 -0400] "GET /?d=100986806260&filter=1cfe04&share_to_url=model.php%3Fid%3D3423255%26name%3Dooh+la+la+couture+black HTTP/1.1" 200 22997 "-" "Mozilla/5.0 AppleWebKit/537.36 (KHTML, like Gecko; compatible; bingbot/2.0; +http://www.bing.com/bingbot.htm) Chrome/116.0.1938.76 Safari/537.36"
20.15.133.174 - - [26/Apr/2025:13:07:53 -0400] "GET /?d=109694393260&filter=ec7398&share_to_url=article.php%3Fid%3D3712778%26name%3Dquest+backpack+soft+cooler HTTP/1.1" 200 24323 "-" "Mozilla/5.0 AppleWebKit/537.36 (KHTML, like Gecko; compatible; bingbot/2.0; +http://www.bing.com/bingbot.htm) Chrome/116.0.1938.76 Safari/537.36"
52.167.144.185 - - [26/Apr/2025:13:08:03 -0400] "GET /?d=102503975260&filter=a5d88e&share_to_url=pin.php%3Fid%3D3474414%26name%3Dadidas+wkf+adi+light HTTP/1.1" 200 22860 "-" "Mozilla/5.0 AppleWebKit/537.36 (KHTML, like Gecko; compatible; bingbot/2.0; +http://www.bing.com/bingbot.htm) Chrome/116.0.1938.76 Safari/537.36"
52.167.144.185 - - [26/Apr/2025:13:08:09 -0400] "GET /?d=96410700260&filter=d8181f&share_to_url=detail.php%3Fid%3D3266481%26name%3Drag+and+bone+riser HTTP/1.1" 200 23506 "-" "Mozilla/5.0 AppleWebKit/537.36 (KHTML, like Gecko; compatible; bingbot/2.0; +http://www.bing.com/bingbot.htm) Chrome/116.0.1938.76 Safari/537.36"
52.167.144.185 - - [26/Apr/2025:13:08:10 -0400] "GET /?d=68573760260&filter=4fcc39&share_to_url=detail.php%3Fid%3D2323965%26name%3Dgrenade+fragment+mitt HTTP/1.1" 200 24490 "-" "Mozilla/5.0 AppleWebKit/537.36 (KHTML, like Gecko; compatible; bingbot/2.0; +http://www.bing.com/bingbot.htm) Chrome/116.0.1938.76 Safari/537.36"
52.167.144.185 - - [26/Apr/2025:13:08:11 -0400] "GET /?d=79059859260&filter=21c061&share_to_url=detail.php%3Fid%3D2677905%26name%3Dtwo+hat+tricks+six HTTP/1.1" 200 24316 "-" "Mozilla/5.0 AppleWebKit/537.36 (KHTML, like Gecko; compatible; bingbot/2.0; +http://www.bing.com/bingbot.htm) Chrome/116.0.1938.76 Safari/537.36"
40.77.167.65 - - [26/Apr/2025:13:08:14 -0400] "GET /?d=94298085260&filter=edd546&share_to_url=product.php%3Fid%3D3195646%26name%3Dmivi+launches+its+first HTTP/1.1" 200 22693 "-" "Mozilla/5.0 AppleWebKit/537.36 (KHTML, like Gecko; compatible; bingbot/2.0; +http://www.bing.com/bingbot.htm) Chrome/116.0.1938.76 Safari/537.36"
40.77.167.20 - - [26/Apr/2025:13:08:26 -0400] "GET /?d=87407215260&filter=df0c98&share_to_url=shopdetail.php%3Fid%3D2961836%26name%3Dbracelete+nowoczesne+marrom HTTP/1.1" 200 22885 "-" "Mozilla/5.0 AppleWebKit/537.36 (KHTML, like Gecko; compatible; bingbot/2.0; +http://www.bing.com/bingbot.htm) Chrome/116.0.1938.76 Safari/537.36"
40.77.167.20 - - [26/Apr/2025:13:08:26 -0400] "GET /?d=89373025260&filter=ec7398&share_to_url=article.php%3Fid%3D3029474%26name%3Ddometic+cfx+28 HTTP/1.1" 200 22784 "-" "Mozilla/5.0 AppleWebKit/537.36 (KHTML, like Gecko; compatible; bingbot/2.0; +http://www.bing.com/bingbot.htm) Chrome/116.0.1938.76 Safari/537.36"
52.167.144.185 - - [26/Apr/2025:13:08:30 -0400] "GET /?d=105220034260&filter=15d3b1&share_to_url=detail.php%3Fid%3D3564765%26name%3Dblack+decker HTTP/1.1" 200 23089 "-" "Mozilla/5.0 AppleWebKit/537.36 (KHTML, like Gecko; compatible; bingbot/2.0; +http://www.bing.com/bingbot.htm) Chrome/116.0.1938.76 Safari/537.36"
52.167.144.185 - - [26/Apr/2025:13:08:32 -0400] "GET /?d=108143296260&filter=a357bd&share_to_url=shop.php%3Fid%3D3661519%26name%3Djupe+shop+l%C3%A9opard HTTP/1.1" 200 22972 "-" "Mozilla/5.0 AppleWebKit/537.36 (KHTML, like Gecko; compatible; bingbot/2.0; +http://www.bing.com/bingbot.htm) Chrome/116.0.1938.76 Safari/537.36"
40.77.167.65 - - [26/Apr/2025:13:08:49 -0400] "GET /?d=102191774260&filter=9e9754&share_to_url=discover.php%3Fid%3D3463925%26name%3Duser+manuals+sunbeam+gr8450 HTTP/1.1" 200 23366 "-" "Mozilla/5.0 AppleWebKit/537.36 (KHTML, like Gecko; compatible; bingbot/2.0; +http://www.bing.com/bingbot.htm) Chrome/116.0.1938.76 Safari/537.36"
40.77.167.65 - - [26/Apr/2025:13:08:51 -0400] "GET /?d=43340503260&filter=590527&share_to_url=ideas.php%3Fid%3D1471032%26name%3Dgocco+vestido+de HTTP/1.1" 200 22630 "-" "Mozilla/5.0 AppleWebKit/537.36 (KHTML, like Gecko; compatible; bingbot/2.0; +http://www.bing.com/bingbot.htm) Chrome/116.0.1938.76 Safari/537.36"
52.167.144.185 - - [26/Apr/2025:13:08:55 -0400] "GET /?d=59973026260&filter=7ffa06&share_to_url=pin.php%3Fid%3D2035218%26name%3Dwoody+walkers HTTP/1.1" 200 23916 "-" "Mozilla/5.0 AppleWebKit/537.36 (KHTML, like Gecko; compatible; bingbot/2.0; +http://www.bing.com/bingbot.htm) Chrome/116.0.1938.76 Safari/537.36"
52.167.144.185 - - [26/Apr/2025:13:08:56 -0400] "GET /?d=101664974260&filter=ae4ca1&share_to_url=shopdetail.php%3Fid%3D3446900%26name%3Dcamufladas+crocs+originales HTTP/1.1" 200 24302 "-" "Mozilla/5.0 AppleWebKit/537.36 (KHTML, like Gecko; compatible; bingbot/2.0; +http://www.bing.com/bingbot.htm) Chrome/116.0.1938.76 Safari/537.36"
40.77.167.65 - - [26/Apr/2025:13:09:03 -0400] "GET /?d=115087301260&filter=942b8a&share_to_url=item.php%3Fid%3D3897241%26name%3Dreview+another+one+baby HTTP/1.1" 200 22760 "-" "Mozilla/5.0 AppleWebKit/537.36 (KHTML, like Gecko; compatible; bingbot/2.0; +http://www.bing.com/bingbot.htm) Chrome/116.0.1938.76 Safari/537.36"
40.77.167.65 - - [26/Apr/2025:13:09:04 -0400] "GET /?d=78513717260&filter=00f09d&share_to_url=pin.php%3Fid%3D2659698%26name%3Dpequeno+parche+patch HTTP/1.1" 200 22976 "-" "Mozilla/5.0 AppleWebKit/537.36 (KHTML, like Gecko; compatible; bingbot/2.0; +http://www.bing.com/bingbot.htm) Chrome/116.0.1938.76 Safari/537.36"
40.77.167.65 - - [26/Apr/2025:13:09:05 -0400] "GET /?d=75788301260&filter=397f34&share_to_url=ideas.php%3Fid%3D2568180%26name%3Dlink+to+vimeo HTTP/1.1" 200 24189 "-" "Mozilla/5.0 AppleWebKit/537.36 (KHTML, like Gecko; compatible; bingbot/2.0; +http://www.bing.com/bingbot.htm) Chrome/116.0.1938.76 Safari/537.36"
40.77.167.20 - - [26/Apr/2025:13:09:08 -0400] "GET /?d=107377431260&filter=4a33b7&share_to_url=detail.php%3Fid%3D3636345%26name%3Dchinon+belami+af+35mm HTTP/1.1" 200 23749 "-" "Mozilla/5.0 AppleWebKit/537.36 (KHTML, like Gecko; compatible; bingbot/2.0; +http://www.bing.com/bingbot.htm) Chrome/116.0.1938.76 Safari/537.36"
40.77.167.20 - - [26/Apr/2025:13:09:09 -0400] "GET /?d=82860526260&filter=271d11&share_to_url=ideas.php%3Fid%3D2806668%26name%3Despadrilles+met+sleehak+en HTTP/1.1" 200 24222 "-" "Mozilla/5.0 AppleWebKit/537.36 (KHTML, like Gecko; compatible; bingbot/2.0; +http://www.bing.com/bingbot.htm) Chrome/116.0.1938.76 Safari/537.36"
40.77.167.20 - - [26/Apr/2025:13:09:10 -0400] "GET /?d=85888143260&filter=70c827&share_to_url=goods.php%3Fid%3D2909783%26name%3Dalte+tissot+uhr HTTP/1.1" 200 22932 "-" "Mozilla/5.0 AppleWebKit/537.36 (KHTML, like Gecko; compatible; bingbot/2.0; +http://www.bing.com/bingbot.htm) Chrome/116.0.1938.76 Safari/537.36"
40.77.167.20 - - [26/Apr/2025:13:09:10 -0400] "GET /?d=94140032260&filter=4cc5d2&share_to_url=detail.php%3Fid%3D3189873%26name%3Dg441+gaming+pc HTTP/1.1" 200 23841 "-" "Mozilla/5.0 AppleWebKit/537.36 (KHTML, like Gecko; compatible; bingbot/2.0; +http://www.bing.com/bingbot.htm) Chrome/116.0.1938.76 Safari/537.36"
40.77.167.20 - - [26/Apr/2025:13:09:15 -0400] "GET /?d=115814414260&filter=cd6685&share_to_url=item.php%3Fid%3D3921889%26name%3Dredwood+city+startup HTTP/1.1" 200 23701 "-" "Mozilla/5.0 AppleWebKit/537.36 (KHTML, like Gecko; compatible; bingbot/2.0; +http://www.bing.com/bingbot.htm) Chrome/116.0.1938.76 Safari/537.36"
40.77.167.20 - - [26/Apr/2025:13:09:16 -0400] "GET /?d=99551526260&filter=e86b2c&share_to_url=item.php%3Fid%3D3374017%26name%3Dbuy+wolsey+red+and HTTP/1.1" 200 23247 "-" "Mozilla/5.0 AppleWebKit/537.36 (KHTML, like Gecko; compatible; bingbot/2.0; +http://www.bing.com/bingbot.htm) Chrome/116.0.1938.76 Safari/537.36"
52.167.144.185 - - [26/Apr/2025:13:09:20 -0400] "GET /?d=24915614260&filter=f5f4d3&share_to_url=detail.php%3Fid%3D844485%26name%3Dconverse+fille+dor%C3%A9+taille HTTP/1.1" 200 22348 "-" "Mozilla/5.0 AppleWebKit/537.36 (KHTML, like Gecko; compatible; bingbot/2.0; +http://www.bing.com/bingbot.htm) Chrome/116.0.1938.76 Safari/537.36"
40.77.167.20 - - [26/Apr/2025:13:09:25 -0400] "GET /?d=97647951260&filter=a3b95c&share_to_url=product.php%3Fid%3D3309382%26name%3Dskechers+mens+sneakers+size HTTP/1.1" 200 22314 "-" "Mozilla/5.0 AppleWebKit/537.36 (KHTML, like Gecko; compatible; bingbot/2.0; +http://www.bing.com/bingbot.htm) Chrome/116.0.1938.76 Safari/537.36"
52.167.144.185 - - [26/Apr/2025:13:09:39 -0400] "GET /?d=117434039260&filter=9b06fe&share_to_url=model.php%3Fid%3D3977007%26name%3Dadidas+french+terry HTTP/1.1" 200 23035 "-" "Mozilla/5.0 AppleWebKit/537.36 (KHTML, like Gecko; compatible; bingbot/2.0; +http://www.bing.com/bingbot.htm) Chrome/116.0.1938.76 Safari/537.36"
51.222.253.9 - - [26/Apr/2025:13:09:54 -0400] "GET /robots.txt HTTP/1.1" 200 68 "-" "Mozilla/5.0 (compatible; AhrefsBot/7.0; +http://ahrefs.com/robot/)"
54.36.149.73 - - [26/Apr/2025:13:09:57 -0400] "GET /adminn.php HTTP/1.1" 200 1137 "-" "Mozilla/5.0 (compatible; AhrefsBot/7.0; +http://ahrefs.com/robot/)"
52.167.144.185 - - [26/Apr/2025:13:10:09 -0400] "GET /?d=22176290260&filter=6f993e&share_to_url=ideas.php%3Fid%3D751956%26name%3D2023+ktm+105 HTTP/1.1" 200 24062 "-" "Mozilla/5.0 AppleWebKit/537.36 (KHTML, like Gecko; compatible; bingbot/2.0; +http://www.bing.com/bingbot.htm) Chrome/116.0.1938.76 Safari/537.36"
40.77.167.65 - - [26/Apr/2025:13:10:14 -0400] "GET /?d=90067531260&filter=b3603f&share_to_url=detail.php%3Fid%3D3052437%26name%3Dhyperx+and+acer HTTP/1.1" 200 22569 "-" "Mozilla/5.0 AppleWebKit/537.36 (KHTML, like Gecko; compatible; bingbot/2.0; +http://www.bing.com/bingbot.htm) Chrome/116.0.1938.76 Safari/537.36"
40.77.167.65 - - [26/Apr/2025:13:10:15 -0400] "GET /?d=113319176260&filter=55b63a&share_to_url=shopdetail.php%3Fid%3D3838124%26name%3Dclassified+and+trp HTTP/1.1" 200 24419 "-" "Mozilla/5.0 AppleWebKit/537.36 (KHTML, like Gecko; compatible; bingbot/2.0; +http://www.bing.com/bingbot.htm) Chrome/116.0.1938.76 Safari/537.36"
40.77.167.65 - - [26/Apr/2025:13:10:16 -0400] "GET /?d=107555441260&filter=5945b7&share_to_url=pin.php%3Fid%3D3642462%26name%3Dstrappy+stripe+sleeve HTTP/1.1" 200 23970 "-" "Mozilla/5.0 AppleWebKit/537.36 (KHTML, like Gecko; compatible; bingbot/2.0; +http://www.bing.com/bingbot.htm) Chrome/116.0.1938.76 Safari/537.36"
40.77.167.65 - - [26/Apr/2025:13:10:17 -0400] "GET /?d=60612376260&filter=aca228&share_to_url=ideas.php%3Fid%3D2056728%26name%3Dtaifun+t+shirt+tlg HTTP/1.1" 200 24626 "-" "Mozilla/5.0 AppleWebKit/537.36 (KHTML, like Gecko; compatible; bingbot/2.0; +http://www.bing.com/bingbot.htm) Chrome/116.0.1938.76 Safari/537.36"
52.167.144.185 - - [26/Apr/2025:13:10:19 -0400] "GET /?d=108898142260&filter=4cc099&share_to_url=ideas.php%3Fid%3D3686880%26name%3Din+039+toy+story HTTP/1.1" 200 22852 "-" "Mozilla/5.0 AppleWebKit/537.36 (KHTML, like Gecko; compatible; bingbot/2.0; +http://www.bing.com/bingbot.htm) Chrome/116.0.1938.76 Safari/537.36"
66.249.66.11 - - [26/Apr/2025:13:10:23 -0400] "GET /?d=112294465260&filter=aca228&share_to_url=detail.php%3Fid%3D3803697%26name%3Dvoluminous+swing+trench HTTP/1.1" 200 23376 "-" "Mozilla/5.0 (Linux; Android 6.0.1; Nexus 5X Build/MMB29P) AppleWebKit/537.36 (KHTML, like Gecko) Chrome/135.0.7049.114 Mobile Safari/537.36 (compatible; Googlebot/2.1; +http://www.google.com/bot.html)"
66.249.66.9 - - [26/Apr/2025:13:10:25 -0400] "GET /?d=99809510260&filter=1cfe04&share_to_url=pin.php%3Fid%3D3382686%26name%3Drabenau+black+leggings+with+color+block HTTP/1.1" 200 22294 "-" "Mozilla/5.0 (Linux; Android 6.0.1; Nexus 5X Build/MMB29P) AppleWebKit/537.36 (KHTML, like Gecko) Chrome/135.0.7049.114 Mobile Safari/537.36 (compatible; Googlebot/2.1; +http://www.google.com/bot.html)"
40.77.167.20 - - [26/Apr/2025:13:10:25 -0400] "GET /?d=103059278260&filter=d149d5&share_to_url=ideas.php%3Fid%3D3492480%26name%3Dcat+thermos+bottle+480ml HTTP/1.1" 200 23310 "-" "Mozilla/5.0 AppleWebKit/537.36 (KHTML, like Gecko; compatible; bingbot/2.0; +http://www.bing.com/bingbot.htm) Chrome/116.0.1938.76 Safari/537.36"
40.77.167.20 - - [26/Apr/2025:13:10:27 -0400] "GET /?d=98972810260&filter=56d765&share_to_url=shop.php%3Fid%3D3354175%26name%3Dmaserati+r8871638001 HTTP/1.1" 200 22991 "-" "Mozilla/5.0 AppleWebKit/537.36 (KHTML, like Gecko; compatible; bingbot/2.0; +http://www.bing.com/bingbot.htm) Chrome/116.0.1938.76 Safari/537.36"
66.249.66.10 - - [26/Apr/2025:13:10:29 -0400] "GET /?d=102003022260&filter=149478&share_to_url=shopdetail.php%3Fid%3D3457712%26name%3Dpublicacion+576+pdf HTTP/1.1" 200 24401 "-" "Mozilla/5.0 (Linux; Android 6.0.1; Nexus 5X Build/MMB29P) AppleWebKit/537.36 (KHTML, like Gecko) Chrome/135.0.7049.95 Mobile Safari/537.36 (compatible; GoogleOther)"
40.77.167.65 - - [26/Apr/2025:13:10:44 -0400] "GET /?d=76909551260&filter=cdc800&share_to_url=product.php%3Fid%3D2606158%26name%3Dx+revolve+dg HTTP/1.1" 200 24724 "-" "Mozilla/5.0 AppleWebKit/537.36 (KHTML, like Gecko; compatible; bingbot/2.0; +http://www.bing.com/bingbot.htm) Chrome/116.0.1938.76 Safari/537.36"
40.77.167.65 - - [26/Apr/2025:13:10:54 -0400] "GET /?d=86048289260&filter=d07a8e&share_to_url=discover.php%3Fid%3D2915201%26name%3Dsony+ccd+v50e+video8 HTTP/1.1" 200 23332 "-" "Mozilla/5.0 AppleWebKit/537.36 (KHTML, like Gecko; compatible; bingbot/2.0; +http://www.bing.com/bingbot.htm) Chrome/116.0.1938.76 Safari/537.36"
40.77.167.20 - - [26/Apr/2025:13:10:58 -0400] "GET /?d=104740240260&filter=a8fc1c&share_to_url=shop.php%3Fid%3D3549079%26name%3Dall+sizes+uwabaki+slippers HTTP/1.1" 200 23401 "-" "Mozilla/5.0 AppleWebKit/537.36 (KHTML, like Gecko; compatible; bingbot/2.0; +http://www.bing.com/bingbot.htm) Chrome/116.0.1938.76 Safari/537.36"
40.77.167.20 - - [26/Apr/2025:13:10:59 -0400] "GET /?d=105131728260&filter=ef2428&share_to_url=goods.php%3Fid%3D3561575%26name%3Dpuedes+ense%C3%B1arle+a+owleez HTTP/1.1" 200 23353 "-" "Mozilla/5.0 AppleWebKit/537.36 (KHTML, like Gecko; compatible; bingbot/2.0; +http://www.bing.com/bingbot.htm) Chrome/116.0.1938.76 Safari/537.36"
40.77.167.20 - - [26/Apr/2025:13:11:00 -0400] "GET /?d=105441825260&filter=a75ffa&share_to_url=ideas.php%3Fid%3D3572004%26name%3D25+new+years+eve HTTP/1.1" 200 23456 "-" "Mozilla/5.0 AppleWebKit/537.36 (KHTML, like Gecko; compatible; bingbot/2.0; +http://www.bing.com/bingbot.htm) Chrome/116.0.1938.76 Safari/537.36"
40.77.167.20 - - [26/Apr/2025:13:11:02 -0400] "GET /?d=111068953260&filter=0b212c&share_to_url=ideas.php%3Fid%3D3761232%26name%3D6ct+character+cat+pen HTTP/1.1" 200 22854 "-" "Mozilla/5.0 AppleWebKit/537.36 (KHTML, like Gecko; compatible; bingbot/2.0; +http://www.bing.com/bingbot.htm) Chrome/116.0.1938.76 Safari/537.36"
52.167.144.185 - - [26/Apr/2025:13:11:04 -0400] "GET /?d=105992051260&filter=b190c6&share_to_url=pin.php%3Fid%3D3590286%26name%3Dez+slouch+carpenter+jeans HTTP/1.1" 200 23050 "-" "Mozilla/5.0 AppleWebKit/537.36 (KHTML, like Gecko; compatible; bingbot/2.0; +http://www.bing.com/bingbot.htm) Chrome/116.0.1938.76 Safari/537.36"
52.167.144.185 - - [26/Apr/2025:13:11:05 -0400] "GET /?d=101011935260&filter=0ab89c&share_to_url=detail.php%3Fid%3D3424041%26name%3Dopal+socken+und+pulloverwolle HTTP/1.1" 200 23467 "-" "Mozilla/5.0 AppleWebKit/537.36 (KHTML, like Gecko; compatible; bingbot/2.0; +http://www.bing.com/bingbot.htm) Chrome/116.0.1938.76 Safari/537.36"
66.249.66.15 - - [26/Apr/2025:13:11:05 -0400] "GET /?d=43388752260&filter=19a15a&share_to_url=shopdetail.php%3Fid%3D1472648%26name%3Dcatholic+wedding+bridesmaid HTTP/1.1" 200 24050 "-" "Mozilla/5.0 (Linux; Android 6.0.1; Nexus 5X Build/MMB29P) AppleWebKit/537.36 (KHTML, like Gecko) Chrome/135.0.7049.95 Mobile Safari/537.36 (compatible; GoogleOther)"
66.249.66.10 - - [26/Apr/2025:13:11:10 -0400] "GET /?d=108608707260&filter=6acbf4&share_to_url=goods.php%3Fid%3D3677327%26name%3Dis+my+dog+feeling HTTP/1.1" 200 24641 "-" "Mozilla/5.0 (Linux; Android 6.0.1; Nexus 5X Build/MMB29P) AppleWebKit/537.36 (KHTML, like Gecko) Chrome/135.0.7049.114 Mobile Safari/537.36 (compatible; Googlebot/2.1; +http://www.google.com/bot.html)"
40.77.167.65 - - [26/Apr/2025:13:11:23 -0400] "GET /?d=103369588260&filter=b873a7&share_to_url=pin.php%3Fid%3D3502806%26name%3Djisulife+handheld+mini+fan HTTP/1.1" 200 23425 "-" "Mozilla/5.0 AppleWebKit/537.36 (KHTML, like Gecko; compatible; bingbot/2.0; +http://www.bing.com/bingbot.htm) Chrome/116.0.1938.76 Safari/537.36"
40.77.167.65 - - [26/Apr/2025:13:11:25 -0400] "GET /?d=114656439260&filter=05d6a9&share_to_url=ideas.php%3Fid%3D3882576%26name%3Dc%C3%B3moda+lana+cuadros+hombre HTTP/1.1" 200 24876 "-" "Mozilla/5.0 AppleWebKit/537.36 (KHTML, like Gecko; compatible; bingbot/2.0; +http://www.bing.com/bingbot.htm) Chrome/116.0.1938.76 Safari/537.36"
197.211.63.131 - - [26/Apr/2025:13:11:49 -0400] "GET / HTTP/1.1" 302 0 "-" "Mozilla/5.0 (Linux; Android 12; SAMSUNG SM-M115F) AppleWebKit/537.36 (KHTML, like Gecko) SamsungBrowser/22.0 Chrome/111.0.5563.116 Mobile Safari/537.36"
197.211.63.131 - - [26/Apr/2025:13:11:50 -0400] "GET /loginn.php HTTP/1.1" 200 970 "-" "Mozilla/5.0 (Linux; Android 12; SAMSUNG SM-M115F) AppleWebKit/537.36 (KHTML, like Gecko) SamsungBrowser/22.0 Chrome/111.0.5563.116 Mobile Safari/537.36"
52.167.144.185 - - [26/Apr/2025:13:11:50 -0400] "GET /?d=24185987260&filter=2343c6&share_to_url=item.php%3Fid%3D820093%26name%3Dthe+flexx+extra HTTP/1.1" 200 24131 "-" "Mozilla/5.0 AppleWebKit/537.36 (KHTML, like Gecko; compatible; bingbot/2.0; +http://www.bing.com/bingbot.htm) Chrome/116.0.1938.76 Safari/537.36"
40.77.167.20 - - [26/Apr/2025:13:11:56 -0400] "GET /?d=117436974260&filter=9b06fe&share_to_url=shopdetail.php%3Fid%3D3977108%26name%3Doboz+womens+bridger HTTP/1.1" 200 21966 "-" "Mozilla/5.0 AppleWebKit/537.36 (KHTML, like Gecko; compatible; bingbot/2.0; +http://www.bing.com/bingbot.htm) Chrome/116.0.1938.76 Safari/537.36"
52.167.144.185 - - [26/Apr/2025:13:12:00 -0400] "GET /?d=107244790260&filter=d60d32&share_to_url=item.php%3Fid%3D3631753%26name%3Dxikezan+beard+grooming HTTP/1.1" 200 23413 "-" "Mozilla/5.0 AppleWebKit/537.36 (KHTML, like Gecko; compatible; bingbot/2.0; +http://www.bing.com/bingbot.htm) Chrome/116.0.1938.76 Safari/537.36"
52.167.144.185 - - [26/Apr/2025:13:12:01 -0400] "GET /?d=88680238260&filter=0af566&share_to_url=goods.php%3Fid%3D3005651%26name%3Dno+26+%C3%96l%C3%BCm+%C3%87igligi HTTP/1.1" 200 22475 "-" "Mozilla/5.0 AppleWebKit/537.36 (KHTML, like Gecko; compatible; bingbot/2.0; +http://www.bing.com/bingbot.htm) Chrome/116.0.1938.76 Safari/537.36"
52.167.144.185 - - [26/Apr/2025:13:12:01 -0400] "GET /?d=115864055260&filter=b4da41&share_to_url=shop.php%3Fid%3D3923683%26name%3D17th+century+renaissance HTTP/1.1" 200 23102 "-" "Mozilla/5.0 AppleWebKit/537.36 (KHTML, like Gecko; compatible; bingbot/2.0; +http://www.bing.com/bingbot.htm) Chrome/116.0.1938.76 Safari/537.36"
40.77.167.65 - - [26/Apr/2025:13:12:05 -0400] "GET /?d=92571678260&filter=0e419f&share_to_url=detail.php%3Fid%3D3136401%26name%3Damd+i2c+controller HTTP/1.1" 200 23939 "-" "Mozilla/5.0 AppleWebKit/537.36 (KHTML, like Gecko; compatible; bingbot/2.0; +http://www.bing.com/bingbot.htm) Chrome/116.0.1938.76 Safari/537.36"
40.77.167.65 - - [26/Apr/2025:13:12:06 -0400] "GET /?d=95265245260&filter=1b6d6c&share_to_url=goods.php%3Fid%3D3227315%26name%3Dfivefingers+performa+jane+fitness HTTP/1.1" 200 22711 "-" "Mozilla/5.0 AppleWebKit/537.36 (KHTML, like Gecko; compatible; bingbot/2.0; +http://www.bing.com/bingbot.htm) Chrome/116.0.1938.76 Safari/537.36"
40.77.167.65 - - [26/Apr/2025:13:12:07 -0400] "GET /?d=102672927260&filter=ae4ca1&share_to_url=pin.php%3Fid%3D3480102%26name%3Dla+madrile%C3%B1a+ven%C3%AD HTTP/1.1" 200 23417 "-" "Mozilla/5.0 AppleWebKit/537.36 (KHTML, like Gecko; compatible; bingbot/2.0; +http://www.bing.com/bingbot.htm) Chrome/116.0.1938.76 Safari/537.36"
66.249.66.10 - - [26/Apr/2025:13:12:08 -0400] "GET /?d=115423576260&filter=6dd394&share_to_url=shop.php%3Fid%3D3908779%26name%3Dcrowdfunding+t+shirt+design HTTP/1.1" 200 23543 "-" "Mozilla/5.0 (Linux; Android 6.0.1; Nexus 5X Build/MMB29P) AppleWebKit/537.36 (KHTML, like Gecko) Chrome/135.0.7049.95 Mobile Safari/537.36 (compatible; GoogleOther)"
40.77.167.20 - - [26/Apr/2025:13:12:21 -0400] "GET /?d=33671828260&filter=dff52c&share_to_url=goods.php%3Fid%3D1144823%26name%3Dnvidia+may+still+be HTTP/1.1" 200 23139 "-" "Mozilla/5.0 AppleWebKit/537.36 (KHTML, like Gecko; compatible; bingbot/2.0; +http://www.bing.com/bingbot.htm) Chrome/116.0.1938.76 Safari/537.36"
52.167.144.185 - - [26/Apr/2025:13:12:30 -0400] "GET /?d=83464900260&filter=f52d8d&share_to_url=model.php%3Fid%3D2827371%26name%3Dp2961+auriculares+inal%C3%A1mbricos+bluetooth HTTP/1.1" 200 23173 "-" "Mozilla/5.0 AppleWebKit/537.36 (KHTML, like Gecko; compatible; bingbot/2.0; +http://www.bing.com/bingbot.htm) Chrome/116.0.1938.76 Safari/537.36"
52.167.144.185 - - [26/Apr/2025:13:12:30 -0400] "GET /?d=70439977260&filter=ca0c5c&share_to_url=goods.php%3Fid%3D2386727%26name%3Dchopard+gmt+one+stainless HTTP/1.1" 200 21723 "-" "Mozilla/5.0 AppleWebKit/537.36 (KHTML, like Gecko; compatible; bingbot/2.0; +http://www.bing.com/bingbot.htm) Chrome/116.0.1938.76 Safari/537.36"
40.77.167.65 - - [26/Apr/2025:13:12:34 -0400] "GET /?d=109436365260&filter=bbd03f&share_to_url=detail.php%3Fid%3D3704301%26name%3Dsusan+cummings+sterling+silver HTTP/1.1" 200 22797 "-" "Mozilla/5.0 AppleWebKit/537.36 (KHTML, like Gecko; compatible; bingbot/2.0; +http://www.bing.com/bingbot.htm) Chrome/116.0.1938.76 Safari/537.36"
40.77.167.65 - - [26/Apr/2025:13:12:34 -0400] "GET /?d=74425447260&filter=032fe0&share_to_url=pin.php%3Fid%3D2523318%26name%3Dspiraled+elf+hat+pattern HTTP/1.1" 200 24158 "-" "Mozilla/5.0 AppleWebKit/537.36 (KHTML, like Gecko; compatible; bingbot/2.0; +http://www.bing.com/bingbot.htm) Chrome/116.0.1938.76 Safari/537.36"
40.77.167.20 - - [26/Apr/2025:13:12:39 -0400] "GET /?d=51624023260&filter=aae97a&share_to_url=pin.php%3Fid%3D1754514%26name%3Dquanto+guadagna+un+giocatore HTTP/1.1" 200 22909 "-" "Mozilla/5.0 AppleWebKit/537.36 (KHTML, like Gecko; compatible; bingbot/2.0; +http://www.bing.com/bingbot.htm) Chrome/116.0.1938.76 Safari/537.36"
52.167.144.185 - - [26/Apr/2025:13:13:00 -0400] "GET /?d=7557214260&filter=0ab89c&share_to_url=item.php%3Fid%3D258901%26name%3Dmiss+kaoline+collagen HTTP/1.1" 200 22418 "-" "Mozilla/5.0 AppleWebKit/537.36 (KHTML, like Gecko; compatible; bingbot/2.0; +http://www.bing.com/bingbot.htm) Chrome/116.0.1938.76 Safari/537.36"
40.77.167.65 - - [26/Apr/2025:13:13:05 -0400] "GET /?d=24761345260&filter=2aa707&share_to_url=ideas.php%3Fid%3D838992%26name%3Dintex+music+streaming+made HTTP/1.1" 200 23913 "-" "Mozilla/5.0 AppleWebKit/537.36 (KHTML, like Gecko; compatible; bingbot/2.0; +http://www.bing.com/bingbot.htm) Chrome/116.0.1938.76 Safari/537.36"
52.167.144.185 - - [26/Apr/2025:13:13:13 -0400] "GET /?d=8450271260&filter=9bda19&share_to_url=goods.php%3Fid%3D290075%26name%3Dneuron+cf HTTP/1.1" 200 22021 "-" "Mozilla/5.0 AppleWebKit/537.36 (KHTML, like Gecko; compatible; bingbot/2.0; +http://www.bing.com/bingbot.htm) Chrome/116.0.1938.76 Safari/537.36"
40.77.167.20 - - [26/Apr/2025:13:13:26 -0400] "GET /?d=96422923260&filter=eee8f3&share_to_url=detail.php%3Fid%3D3266901%26name%3Dthe+last+naruto HTTP/1.1" 200 23376 "-" "Mozilla/5.0 AppleWebKit/537.36 (KHTML, like Gecko; compatible; bingbot/2.0; +http://www.bing.com/bingbot.htm) Chrome/116.0.1938.76 Safari/537.36"
40.77.167.20 - - [26/Apr/2025:13:13:36 -0400] "GET /?d=71018500260&filter=c08dc8&share_to_url=shop.php%3Fid%3D2406499%26name%3Dminha+primeira+compra+de HTTP/1.1" 200 23878 "-" "Mozilla/5.0 AppleWebKit/537.36 (KHTML, like Gecko; compatible; bingbot/2.0; +http://www.bing.com/bingbot.htm) Chrome/116.0.1938.76 Safari/537.36"
40.77.167.65 - - [26/Apr/2025:13:13:43 -0400] "GET /?d=94022935260&filter=3bb652&share_to_url=goods.php%3Fid%3D3185615%26name%3Dhermosas+pantuflas+para+ni%C3%B1as HTTP/1.1" 200 23600 "-" "Mozilla/5.0 AppleWebKit/537.36 (KHTML, like Gecko; compatible; bingbot/2.0; +http://www.bing.com/bingbot.htm) Chrome/116.0.1938.76 Safari/537.36"
40.77.167.20 - - [26/Apr/2025:13:13:56 -0400] "GET /?d=93324707260&filter=ce52f2&share_to_url=article.php%3Fid%3D3161726%26name%3Dtoteme+bergerac+sales+coat HTTP/1.1" 200 23724 "-" "Mozilla/5.0 AppleWebKit/537.36 (KHTML, like Gecko; compatible; bingbot/2.0; +http://www.bing.com/bingbot.htm) Chrome/116.0.1938.76 Safari/537.36"
