66.249.64.12 - - [12/Jun/2025:09:06:32 -0400] "GET /?d=88902466260&filter=1cbf7a&share_to_url=product.php%3Fid%3D3013054%26name%3Dmilwaukee+49+66+7833+drive HTTP/1.1" 200 23081 "-" "Mozilla/5.0 (Linux; Android 6.0.1; Nexus 5X Build/MMB29P) AppleWebKit/537.36 (KHTML, like Gecko) Chrome/136.0.7103.113 Mobile Safari/537.36 (compatible; Googlebot/2.1; +http://www.google.com/bot.html)"
66.249.64.11 - - [12/Jun/2025:09:06:33 -0400] "GET /?d=91229738260&filter=117b29&share_to_url=pin.php%3Fid%3D3091878%26name%3Dwireless+multichannel+radio HTTP/1.1" 200 24444 "-" "Mozilla/5.0 (Linux; Android 6.0.1; Nexus 5X Build/MMB29P) AppleWebKit/537.36 (KHTML, like Gecko) Chrome/136.0.7103.113 Mobile Safari/537.36 (compatible; Googlebot/2.1; +http://www.google.com/bot.html)"
66.249.64.12 - - [12/Jun/2025:09:06:34 -0400] "GET /?d=97396710260&filter=3c4ce6&share_to_url=discover.php%3Fid%3D3300593%26name%3Dwell+just+bidding+my HTTP/1.1" 200 25027 "-" "Mozilla/5.0 (Linux; Android 6.0.1; Nexus 5X Build/MMB29P) AppleWebKit/537.36 (KHTML, like Gecko) Chrome/136.0.7103.113 Mobile Safari/537.36 (compatible; Googlebot/2.1; +http://www.google.com/bot.html)"
66.249.64.12 - - [12/Jun/2025:09:06:36 -0400] "GET /?d=114092512260&filter=9baa02&share_to_url=detail.php%3Fid%3D3863709%26name%3Dwomen+039+s+embroidery+sugar HTTP/1.1" 200 24796 "-" "Mozilla/5.0 (Linux; Android 6.0.1; Nexus 5X Build/MMB29P) AppleWebKit/537.36 (KHTML, like Gecko) Chrome/136.0.7103.113 Mobile Safari/537.36 (compatible; Googlebot/2.1; +http://www.google.com/bot.html)"
207.46.13.116 - - [12/Jun/2025:09:06:37 -0400] "GET /?d=62545062260&filter=7bb540&share_to_url=model.php%3Fid%3D2120715%26name%3D591+accessori+per HTTP/1.1" 200 24564 "-" "Mozilla/5.0 AppleWebKit/537.36 (KHTML, like Gecko; compatible; bingbot/2.0; +http://www.bing.com/bingbot.htm) Chrome/116.0.1938.76 Safari/537.36"
52.167.144.162 - - [12/Jun/2025:09:06:37 -0400] "GET /?d=63259127260&filter=ac2a81&share_to_url=article.php%3Fid%3D2145026%26name%3Dgio+storm+electric+bike HTTP/1.1" 200 23230 "-" "Mozilla/5.0 AppleWebKit/537.36 (KHTML, like Gecko; compatible; bingbot/2.0; +http://www.bing.com/bingbot.htm) Chrome/116.0.1938.76 Safari/537.36"
66.249.64.11 - - [12/Jun/2025:09:06:37 -0400] "GET /?d=108872588260&filter=dd928e&share_to_url=ideas.php%3Fid%3D3686016%26name%3Dnail+salons+near HTTP/1.1" 200 23818 "-" "Mozilla/5.0 (Linux; Android 6.0.1; Nexus 5X Build/MMB29P) AppleWebKit/537.36 (KHTML, like Gecko) Chrome/136.0.7103.113 Mobile Safari/537.36 (compatible; Googlebot/2.1; +http://www.google.com/bot.html)"
207.46.13.116 - - [12/Jun/2025:09:06:38 -0400] "GET /?d=13858120260&filter=1226ef&share_to_url=pin.php%3Fid%3D472758%26name%3Dflame+resistant+welding+jacket HTTP/1.1" 200 23651 "-" "Mozilla/5.0 AppleWebKit/537.36 (KHTML, like Gecko; compatible; bingbot/2.0; +http://www.bing.com/bingbot.htm) Chrome/116.0.1938.76 Safari/537.36"
40.77.167.62 - - [12/Jun/2025:09:06:38 -0400] "GET /?d=97040020260&filter=f352db&share_to_url=shopdetail.php%3Fid%3D3287756%26name%3Dryzen+2600+with+a320m HTTP/1.1" 200 22739 "-" "Mozilla/5.0 AppleWebKit/537.36 (KHTML, like Gecko; compatible; bingbot/2.0; +http://www.bing.com/bingbot.htm) Chrome/116.0.1938.76 Safari/537.36"
40.77.167.62 - - [12/Jun/2025:09:06:39 -0400] "GET /?d=104455370260&filter=7af24f&share_to_url=detail.php?id=3539349&name=idw%20monster%20energy%20drink%20mini HTTP/1.1" 200 23836 "-" "Mozilla/5.0 AppleWebKit/537.36 (KHTML, like Gecko; compatible; bingbot/2.0; +http://www.bing.com/bingbot.htm) Chrome/116.0.1938.76 Safari/537.36"
52.167.144.221 - - [12/Jun/2025:09:06:39 -0400] "GET /?d=110447331260&filter=15d3b1&share_to_url=discover.php%3Fid%3D3738965%26name%3Dplay+super+contra HTTP/1.1" 200 23095 "-" "Mozilla/5.0 AppleWebKit/537.36 (KHTML, like Gecko; compatible; bingbot/2.0; +http://www.bing.com/bingbot.htm) Chrome/116.0.1938.76 Safari/537.36"
207.46.13.116 - - [12/Jun/2025:09:06:39 -0400] "GET /?d=91616776260&filter=6c3290&share_to_url=shopdetail.php%3Fid%3D3104552%26name%3Dcappotto+lungo+ecco HTTP/1.1" 200 23905 "-" "Mozilla/5.0 AppleWebKit/537.36 (KHTML, like Gecko; compatible; bingbot/2.0; +http://www.bing.com/bingbot.htm) Chrome/116.0.1938.76 Safari/537.36"
66.249.64.12 - - [12/Jun/2025:09:06:39 -0400] "GET /?d=94433856260&filter=877558&share_to_url=shop.php%3Fid%3D3200167%26name%3Dcurrent+elliott+the+fling+distressed+ankle HTTP/1.1" 200 23577 "-" "Mozilla/5.0 (Linux; Android 6.0.1; Nexus 5X Build/MMB29P) AppleWebKit/537.36 (KHTML, like Gecko) Chrome/136.0.7103.113 Mobile Safari/537.36 (compatible; Googlebot/2.1; +http://www.google.com/bot.html)"
66.249.64.11 - - [12/Jun/2025:09:06:40 -0400] "GET /?d=94721084260&filter=f068d5&share_to_url=detail.php%3Fid%3D3209493%26name%3Dben+sherman+discount+leicester HTTP/1.1" 200 24016 "-" "Mozilla/5.0 (Linux; Android 6.0.1; Nexus 5X Build/MMB29P) AppleWebKit/537.36 (KHTML, like Gecko) Chrome/136.0.7103.113 Mobile Safari/537.36 (compatible; Googlebot/2.1; +http://www.google.com/bot.html)"
52.167.144.221 - - [12/Jun/2025:09:06:41 -0400] "GET /?d=87586523260&filter=2343c6&share_to_url=ideas.php%3Fid%3D2967852%26name%3Dsantoni+desert+boots HTTP/1.1" 200 23522 "-" "Mozilla/5.0 AppleWebKit/537.36 (KHTML, like Gecko; compatible; bingbot/2.0; +http://www.bing.com/bingbot.htm) Chrome/116.0.1938.76 Safari/537.36"
66.249.64.12 - - [12/Jun/2025:09:06:42 -0400] "GET /?d=96424348260&filter=6f69da&share_to_url=detail.php%3Fid%3D3266949%26name%3Dwomen+039+s+square+toe+flat+sandals HTTP/1.1" 200 24146 "-" "Mozilla/5.0 (Linux; Android 6.0.1; Nexus 5X Build/MMB29P) AppleWebKit/537.36 (KHTML, like Gecko) Chrome/136.0.7103.113 Mobile Safari/537.36 (compatible; Googlebot/2.1; +http://www.google.com/bot.html)"
52.167.144.221 - - [12/Jun/2025:09:06:42 -0400] "GET /?d=67961788260&filter=0dc018&share_to_url=article.php%3Fid%3D2303738%26name%3Dgarlic+pull+apart+muffins HTTP/1.1" 200 23443 "-" "Mozilla/5.0 AppleWebKit/537.36 (KHTML, like Gecko; compatible; bingbot/2.0; +http://www.bing.com/bingbot.htm) Chrome/116.0.1938.76 Safari/537.36"
52.167.144.221 - - [12/Jun/2025:09:06:43 -0400] "GET /?d=108207306260&filter=758412&share_to_url=shop.php%3Fid%3D3663715%26name%3Dfruit+juice+fruit HTTP/1.1" 200 23795 "-" "Mozilla/5.0 AppleWebKit/537.36 (KHTML, like Gecko; compatible; bingbot/2.0; +http://www.bing.com/bingbot.htm) Chrome/116.0.1938.76 Safari/537.36"
66.249.64.13 - - [12/Jun/2025:09:06:45 -0400] "GET /?d=108864482260&filter=856393&share_to_url=product-page.php%3Fid%3D3685720%26name%3Dyves+saint+laurent+blush+variation HTTP/1.1" 200 22641 "-" "Mozilla/5.0 (Linux; Android 6.0.1; Nexus 5X Build/MMB29P) AppleWebKit/537.36 (KHTML, like Gecko) Chrome/136.0.7103.113 Mobile Safari/537.36 (compatible; Googlebot/2.1; +http://www.google.com/bot.html)"
66.249.64.13 - - [12/Jun/2025:09:06:47 -0400] "GET /?d=116076343260&filter=2ca54d&share_to_url=ideas.php%3Fid%3D3930768%26name%3Dfila+capsule+2025+shoes HTTP/1.1" 200 22866 "-" "Mozilla/5.0 (Linux; Android 6.0.1; Nexus 5X Build/MMB29P) AppleWebKit/537.36 (KHTML, like Gecko) Chrome/136.0.7103.113 Mobile Safari/537.36 (compatible; Googlebot/2.1; +http://www.google.com/bot.html)"
52.167.144.162 - - [12/Jun/2025:09:06:47 -0400] "GET /?d=90115410260&filter=4da842&share_to_url=goods.php%3Fid%3D3054023%26name%3Dravelry+strickjacke+mit HTTP/1.1" 200 22827 "-" "Mozilla/5.0 AppleWebKit/537.36 (KHTML, like Gecko; compatible; bingbot/2.0; +http://www.bing.com/bingbot.htm) Chrome/116.0.1938.76 Safari/537.36"
66.249.64.13 - - [12/Jun/2025:09:06:47 -0400] "GET /?d=100324920260&filter=2ae663&share_to_url=discover.php%3Fid%3D3400385%26name%3Dtumbleweed+mini+pannier+titanium HTTP/1.1" 200 22697 "-" "Mozilla/5.0 (Linux; Android 6.0.1; Nexus 5X Build/MMB29P) AppleWebKit/537.36 (KHTML, like Gecko) Chrome/136.0.7103.113 Mobile Safari/537.36 (compatible; Googlebot/2.1; +http://www.google.com/bot.html)"
66.249.64.13 - - [12/Jun/2025:09:06:48 -0400] "GET /?d=98671559260&filter=a62678&share_to_url=product-page.php%3Fid%3D3343960%26name%3Dherren+armb%C3%A4nder+925 HTTP/1.1" 200 22666 "-" "Mozilla/5.0 (Linux; Android 6.0.1; Nexus 5X Build/MMB29P) AppleWebKit/537.36 (KHTML, like Gecko) Chrome/136.0.7103.113 Mobile Safari/537.36 (compatible; Googlebot/2.1; +http://www.google.com/bot.html)"
66.249.64.12 - - [12/Jun/2025:09:06:49 -0400] "GET /?d=88054103260&filter=1cbf7a&share_to_url=pin.php%3Fid%3D2983602%26name%3Dmakita+b2417+replacement+battery HTTP/1.1" 200 23230 "-" "Mozilla/5.0 (Linux; Android 6.0.1; Nexus 5X Build/MMB29P) AppleWebKit/537.36 (KHTML, like Gecko) Chrome/136.0.7103.113 Mobile Safari/537.36 (compatible; Googlebot/2.1; +http://www.google.com/bot.html)"
66.249.64.12 - - [12/Jun/2025:09:06:50 -0400] "GET /?d=109117468260&filter=59111c&share_to_url=goods.php%3Fid%3D3694079%26name%3Ddell+vostro+smps HTTP/1.1" 200 23075 "-" "Mozilla/5.0 (Linux; Android 6.0.1; Nexus 5X Build/MMB29P) AppleWebKit/537.36 (KHTML, like Gecko) Chrome/136.0.7103.113 Mobile Safari/537.36 (compatible; Googlebot/2.1; +http://www.google.com/bot.html)"
66.249.64.11 - - [12/Jun/2025:09:06:52 -0400] "GET /?d=96467410260&filter=74e00d&share_to_url=item.php%3Fid%3D3268393%26name%3Ddecant+nishane+hacivat HTTP/1.1" 200 22940 "-" "Mozilla/5.0 (Linux; Android 6.0.1; Nexus 5X Build/MMB29P) AppleWebKit/537.36 (KHTML, like Gecko) Chrome/136.0.7103.113 Mobile Safari/537.36 (compatible; Googlebot/2.1; +http://www.google.com/bot.html)"
66.249.64.13 - - [12/Jun/2025:09:06:53 -0400] "GET /?d=105725251260&filter=034681&share_to_url=detail.php%3Fid%3D3581361%26name%3Dtoolstation+steel+store HTTP/1.1" 200 23240 "-" "Mozilla/5.0 (Linux; Android 6.0.1; Nexus 5X Build/MMB29P) AppleWebKit/537.36 (KHTML, like Gecko) Chrome/136.0.7103.113 Mobile Safari/537.36 (compatible; Googlebot/2.1; +http://www.google.com/bot.html)"
66.249.64.12 - - [12/Jun/2025:09:06:55 -0400] "GET /?d=114946486260&filter=d9247f&share_to_url=shopdetail.php%3Fid%3D3892400%26name%3Dvtech+elephant+drumset+facebook HTTP/1.1" 200 23485 "-" "Mozilla/5.0 (Linux; Android 6.0.1; Nexus 5X Build/MMB29P) AppleWebKit/537.36 (KHTML, like Gecko) Chrome/136.0.7103.113 Mobile Safari/537.36 (compatible; Googlebot/2.1; +http://www.google.com/bot.html)"
207.46.13.116 - - [12/Jun/2025:09:06:56 -0400] "GET /?d=21968300260&filter=6ca228&share_to_url=detail.php%3Fid%3D744969%26name%3Dthe+royal+frog+cardigan HTTP/1.1" 200 24704 "-" "Mozilla/5.0 AppleWebKit/537.36 (KHTML, like Gecko; compatible; bingbot/2.0; +http://www.bing.com/bingbot.htm) Chrome/116.0.1938.76 Safari/537.36"
66.249.64.12 - - [12/Jun/2025:09:06:56 -0400] "GET /?d=116899239260&filter=ca372c&share_to_url=pin.php%3Fid%3D3958698%26name%3Dhot+toys+for+clearance HTTP/1.1" 200 23518 "-" "Mozilla/5.0 (Linux; Android 6.0.1; Nexus 5X Build/MMB29P) AppleWebKit/537.36 (KHTML, like Gecko) Chrome/136.0.7103.113 Mobile Safari/537.36 (compatible; Googlebot/2.1; +http://www.google.com/bot.html)"
207.46.13.116 - - [12/Jun/2025:09:06:56 -0400] "GET /?d=71418425260&filter=c7968e&share_to_url=ideas.php%3Fid%3D2420544%26name%3Dcool+mens+leather HTTP/1.1" 200 24228 "-" "Mozilla/5.0 AppleWebKit/537.36 (KHTML, like Gecko; compatible; bingbot/2.0; +http://www.bing.com/bingbot.htm) Chrome/116.0.1938.76 Safari/537.36"
66.249.64.11 - - [12/Jun/2025:09:06:58 -0400] "GET /?d=107555616260&filter=1da4d5&share_to_url=goods.php%3Fid%3D3642467%26name%3Dcnn+en+espa%C3%B1ol+on HTTP/1.1" 200 22841 "-" "Mozilla/5.0 (Linux; Android 6.0.1; Nexus 5X Build/MMB29P) AppleWebKit/537.36 (KHTML, like Gecko) Chrome/136.0.7103.113 Mobile Safari/537.36 (compatible; Googlebot/2.1; +http://www.google.com/bot.html)"
66.249.64.11 - - [12/Jun/2025:09:06:58 -0400] "GET /?d=89342050260&filter=2fbbdb&share_to_url=shopdetail.php%3Fid%3D3028460%26name%3Dtsm+2023+pro+alternate HTTP/1.1" 200 24384 "-" "Mozilla/5.0 (Linux; Android 6.0.1; Nexus 5X Build/MMB29P) AppleWebKit/537.36 (KHTML, like Gecko) Chrome/136.0.7103.113 Mobile Safari/537.36 (compatible; Googlebot/2.1; +http://www.google.com/bot.html)"
66.249.64.11 - - [12/Jun/2025:09:06:59 -0400] "GET /?d=88473581260&filter=1cbf7a&share_to_url=product-page.php%3Fid%3D2998636%26name%3Dmountfield+princess+42+hotsell HTTP/1.1" 200 23477 "-" "Mozilla/5.0 (Linux; Android 6.0.1; Nexus 5X Build/MMB29P) AppleWebKit/537.36 (KHTML, like Gecko) Chrome/136.0.7103.113 Mobile Safari/537.36 (compatible; Googlebot/2.1; +http://www.google.com/bot.html)"
52.167.144.221 - - [12/Jun/2025:09:06:59 -0400] "GET /?d=112658161260&filter=758412&share_to_url=discover.php%3Fid%3D3815873%26name%3Dipa+braised+baby+back+ribs HTTP/1.1" 200 23713 "-" "Mozilla/5.0 AppleWebKit/537.36 (KHTML, like Gecko; compatible; bingbot/2.0; +http://www.bing.com/bingbot.htm) Chrome/116.0.1938.76 Safari/537.36"
52.167.144.221 - - [12/Jun/2025:09:07:00 -0400] "GET /?d=111964236260&filter=4cc5d2&share_to_url=shopdetail.php%3Fid%3D3792368%26name%3Dviewsonic+vp2785+4k+27+ips HTTP/1.1" 200 23501 "-" "Mozilla/5.0 AppleWebKit/537.36 (KHTML, like Gecko; compatible; bingbot/2.0; +http://www.bing.com/bingbot.htm) Chrome/116.0.1938.76 Safari/537.36"
66.249.64.14 - - [12/Jun/2025:09:07:01 -0400] "GET /?d=90071066260&filter=627f63&share_to_url=shop.php%3Fid%3D3052579%26name%3Dbarbour+marple+2025 HTTP/1.1" 200 22123 "-" "Mozilla/5.0 (Linux; Android 6.0.1; Nexus 5X Build/MMB29P) AppleWebKit/537.36 (KHTML, like Gecko) Chrome/136.0.7103.113 Mobile Safari/537.36 (compatible; Googlebot/2.1; +http://www.google.com/bot.html)"
66.249.64.13 - - [12/Jun/2025:09:07:03 -0400] "GET /?d=68351350260&filter=1cbf7a&share_to_url=discover.php%3Fid%3D2316845%26name%3Dstealthmounts+dewalt+20v+60v+battery+holder HTTP/1.1" 200 23454 "-" "Mozilla/5.0 (Linux; Android 6.0.1; Nexus 5X Build/MMB29P) AppleWebKit/537.36 (KHTML, like Gecko) Chrome/136.0.7103.113 Mobile Safari/537.36 (compatible; Googlebot/2.1; +http://www.google.com/bot.html)"
66.249.64.13 - - [12/Jun/2025:09:07:04 -0400] "GET /?d=88916805260&filter=bcf072&share_to_url=shopdetail.php%3Fid%3D3013676%26name%3Daspennigeriashops+housing+end HTTP/1.1" 200 23356 "-" "Mozilla/5.0 (Linux; Android 6.0.1; Nexus 5X Build/MMB29P) AppleWebKit/537.36 (KHTML, like Gecko) Chrome/136.0.7103.113 Mobile Safari/537.36 (compatible; Googlebot/2.1; +http://www.google.com/bot.html)"
207.46.13.116 - - [12/Jun/2025:09:07:05 -0400] "GET /?d=12376495260&filter=14708a&share_to_url=ideas.php%3Fid%3D423168%26name%3Dhero+sprint+count+gear HTTP/1.1" 200 23551 "-" "Mozilla/5.0 AppleWebKit/537.36 (KHTML, like Gecko; compatible; bingbot/2.0; +http://www.bing.com/bingbot.htm) Chrome/116.0.1938.76 Safari/537.36"
66.249.64.11 - - [12/Jun/2025:09:07:06 -0400] "GET /?d=88872241260&filter=1cbf7a&share_to_url=model.php%3Fid%3D3011991%26name%3Dmoccamaster+cup+one+300ml+slingtown HTTP/1.1" 200 23627 "-" "Mozilla/5.0 (Linux; Android 6.0.1; Nexus 5X Build/MMB29P) AppleWebKit/537.36 (KHTML, like Gecko) Chrome/136.0.7103.113 Mobile Safari/537.36 (compatible; Googlebot/2.1; +http://www.google.com/bot.html)"
66.249.64.12 - - [12/Jun/2025:09:07:06 -0400] "GET /?d=96103084260&filter=4125cd&share_to_url=product.php%3Fid%3D3255994%26name%3Dlampein+brand+baby+diaper HTTP/1.1" 200 24016 "-" "Mozilla/5.0 (Linux; Android 6.0.1; Nexus 5X Build/MMB29P) AppleWebKit/537.36 (KHTML, like Gecko) Chrome/136.0.7103.113 Mobile Safari/537.36 (compatible; Googlebot/2.1; +http://www.google.com/bot.html)"
207.46.13.52 - - [12/Jun/2025:09:07:07 -0400] "GET /?d=87432378260&filter=ec40a3&share_to_url=item.php%3Fid%3D2962681%26name%3Dretour+broek+store HTTP/1.1" 200 24325 "-" "Mozilla/5.0 AppleWebKit/537.36 (KHTML, like Gecko; compatible; bingbot/2.0; +http://www.bing.com/bingbot.htm) Chrome/116.0.1938.76 Safari/537.36"
66.249.64.12 - - [12/Jun/2025:09:07:07 -0400] "GET /?d=106902560260&filter=d50c1d&share_to_url=product.php%3Fid%3D3620566%26name%3Dbuy+steeldive+bronze+watch HTTP/1.1" 200 23963 "-" "Mozilla/5.0 (Linux; Android 6.0.1; Nexus 5X Build/MMB29P) AppleWebKit/537.36 (KHTML, like Gecko) Chrome/136.0.7103.113 Mobile Safari/537.36 (compatible; Googlebot/2.1; +http://www.google.com/bot.html)"
66.249.64.12 - - [12/Jun/2025:09:07:08 -0400] "GET /?d=93837709260&filter=44b0ce&share_to_url=discover.php%3Fid%3D3179105%26name%3Dchristian+dior+dark+blue HTTP/1.1" 200 24312 "-" "Mozilla/5.0 (Linux; Android 6.0.1; Nexus 5X Build/MMB29P) AppleWebKit/537.36 (KHTML, like Gecko) Chrome/136.0.7103.113 Mobile Safari/537.36 (compatible; Googlebot/2.1; +http://www.google.com/bot.html)"
66.249.64.12 - - [12/Jun/2025:09:07:08 -0400] "GET /?d=89987918260&filter=96a32b&share_to_url=article.php%3Fid%3D3049730%26name%3Dskechers+dames+sale+bruin HTTP/1.1" 200 23726 "-" "Mozilla/5.0 (Linux; Android 6.0.1; Nexus 5X Build/MMB29P) AppleWebKit/537.36 (KHTML, like Gecko) Chrome/136.0.7103.113 Mobile Safari/537.36 (compatible; Googlebot/2.1; +http://www.google.com/bot.html)"
66.249.64.12 - - [12/Jun/2025:09:07:09 -0400] "GET /?d=101205845260&filter=d9247f&share_to_url=article.php%3Fid%3D3430766%26name%3Dbearbrick+3d+models HTTP/1.1" 200 24148 "-" "Mozilla/5.0 (Linux; Android 6.0.1; Nexus 5X Build/MMB29P) AppleWebKit/537.36 (KHTML, like Gecko) Chrome/136.0.7103.113 Mobile Safari/537.36 (compatible; Googlebot/2.1; +http://www.google.com/bot.html)"
66.249.64.12 - - [12/Jun/2025:09:07:09 -0400] "GET /?d=116390889260&filter=ca372c&share_to_url=detail.php%3Fid%3D3941433%26name%3Dplaymobil+rocket+launcher HTTP/1.1" 200 22775 "-" "Mozilla/5.0 (Linux; Android 6.0.1; Nexus 5X Build/MMB29P) AppleWebKit/537.36 (KHTML, like Gecko) Chrome/136.0.7103.113 Mobile Safari/537.36 (compatible; Googlebot/2.1; +http://www.google.com/bot.html)"
66.249.64.12 - - [12/Jun/2025:09:07:10 -0400] "GET /?d=97668437260&filter=ca9c53&share_to_url=detail.php%3Fid%3D3310113%26name%3Dnext+gen+adidas+copa HTTP/1.1" 200 21994 "-" "Mozilla/5.0 (Linux; Android 6.0.1; Nexus 5X Build/MMB29P) AppleWebKit/537.36 (KHTML, like Gecko) Chrome/136.0.7103.113 Mobile Safari/537.36 (compatible; Googlebot/2.1; +http://www.google.com/bot.html)"
52.167.144.145 - - [12/Jun/2025:09:07:10 -0400] "GET /?d=13829981260&filter=ab67d8&share_to_url=shopdetail.php%3Fid%3D471860%26name%3Dsouth+westerly+moon+chair HTTP/1.1" 200 24087 "-" "Mozilla/5.0 AppleWebKit/537.36 (KHTML, like Gecko; compatible; bingbot/2.0; +http://www.bing.com/bingbot.htm) Chrome/116.0.1938.76 Safari/537.36"
66.249.64.11 - - [12/Jun/2025:09:07:10 -0400] "GET /?d=110227647260&filter=b00edb&share_to_url=goods.php%3Fid%3D3730823%26name%3Dsony+dcr+dvd810+dvd+flash+memory+memory+stick HTTP/1.1" 200 23333 "-" "Mozilla/5.0 (Linux; Android 6.0.1; Nexus 5X Build/MMB29P) AppleWebKit/537.36 (KHTML, like Gecko) Chrome/136.0.7103.113 Mobile Safari/537.36 (compatible; Googlebot/2.1; +http://www.google.com/bot.html)"
52.167.144.145 - - [12/Jun/2025:09:07:11 -0400] "GET /?d=54860957260&filter=2b61a2&share_to_url=detail.php%3Fid%3D1863525%26name%3Dzip+in+men+s HTTP/1.1" 200 23659 "-" "Mozilla/5.0 AppleWebKit/537.36 (KHTML, like Gecko; compatible; bingbot/2.0; +http://www.bing.com/bingbot.htm) Chrome/116.0.1938.76 Safari/537.36"
66.249.64.12 - - [12/Jun/2025:09:07:11 -0400] "GET /?d=89984376260&filter=144b1a&share_to_url=goods.php%3Fid%3D3049619%26name%3Drothy+039+s+p%C3%A1gina+shoe+lovers HTTP/1.1" 200 23452 "-" "Mozilla/5.0 (Linux; Android 6.0.1; Nexus 5X Build/MMB29P) AppleWebKit/537.36 (KHTML, like Gecko) Chrome/136.0.7103.113 Mobile Safari/537.36 (compatible; Googlebot/2.1; +http://www.google.com/bot.html)"
52.167.144.145 - - [12/Jun/2025:09:07:12 -0400] "GET /?d=40900111260&filter=b873a7&share_to_url=ideas.php%3Fid%3D1388856%26name%3Dfishing+pliers+sheath+for HTTP/1.1" 200 24506 "-" "Mozilla/5.0 AppleWebKit/537.36 (KHTML, like Gecko; compatible; bingbot/2.0; +http://www.bing.com/bingbot.htm) Chrome/116.0.1938.76 Safari/537.36"
40.77.167.65 - - [12/Jun/2025:09:07:12 -0400] "GET /?d=101623525260&filter=400a61&share_to_url=detail.php?id=3445509&name=velocit%C3%A0%20velonix HTTP/1.1" 200 23983 "-" "Mozilla/5.0 AppleWebKit/537.36 (KHTML, like Gecko; compatible; bingbot/2.0; +http://www.bing.com/bingbot.htm) Chrome/116.0.1938.76 Safari/537.36"
66.249.64.12 - - [12/Jun/2025:09:07:12 -0400] "GET /?d=114153601260&filter=d9247f&share_to_url=product-page.php%3Fid%3D3865720%26name%3Dcamion+de+pompier+de HTTP/1.1" 200 23381 "-" "Mozilla/5.0 (Linux; Android 6.0.1; Nexus 5X Build/MMB29P) AppleWebKit/537.36 (KHTML, like Gecko) Chrome/136.0.7103.113 Mobile Safari/537.36 (compatible; Googlebot/2.1; +http://www.google.com/bot.html)"
40.77.167.65 - - [12/Jun/2025:09:07:13 -0400] "GET /?d=112507189260&filter=c31721&share_to_url=item.php?id=3810865&name=radley%20london%20backpacks HTTP/1.1" 200 24107 "-" "Mozilla/5.0 AppleWebKit/537.36 (KHTML, like Gecko; compatible; bingbot/2.0; +http://www.bing.com/bingbot.htm) Chrome/116.0.1938.76 Safari/537.36"
66.249.64.11 - - [12/Jun/2025:09:07:13 -0400] "GET /?d=111383565260&filter=5b21e9&share_to_url=shop.php%3Fid%3D3772111%26name%3Dtoaster+cover+slice+long HTTP/1.1" 200 23707 "-" "Mozilla/5.0 (Linux; Android 6.0.1; Nexus 5X Build/MMB29P) AppleWebKit/537.36 (KHTML, like Gecko) Chrome/136.0.7103.113 Mobile Safari/537.36 (compatible; Googlebot/2.1; +http://www.google.com/bot.html)"
66.249.64.11 - - [12/Jun/2025:09:07:15 -0400] "GET /?d=92412777260&filter=fd5064&share_to_url=pin.php%3Fid%3D3130590%26name%3Dbucket+leather+bag+with HTTP/1.1" 200 23864 "-" "Mozilla/5.0 (Linux; Android 6.0.1; Nexus 5X Build/MMB29P) AppleWebKit/537.36 (KHTML, like Gecko) Chrome/136.0.7103.113 Mobile Safari/537.36 (compatible; Googlebot/2.1; +http://www.google.com/bot.html)"
66.249.64.11 - - [12/Jun/2025:09:07:16 -0400] "GET /?d=91402779260&filter=8cfd8c&share_to_url=detail.php%3Fid%3D3097605%26name%3Dmuku+better+when+it+039+s HTTP/1.1" 200 23684 "-" "Mozilla/5.0 (Linux; Android 6.0.1; Nexus 5X Build/MMB29P) AppleWebKit/537.36 (KHTML, like Gecko) Chrome/136.0.7103.113 Mobile Safari/537.36 (compatible; Googlebot/2.1; +http://www.google.com/bot.html)"
66.249.64.11 - - [12/Jun/2025:09:07:16 -0400] "GET /?d=117212137260&filter=6b8509&share_to_url=goods.php%3Fid%3D3969647%26name%3Dwerforu+juego+de HTTP/1.1" 200 22924 "-" "Mozilla/5.0 (Linux; Android 6.0.1; Nexus 5X Build/MMB29P) AppleWebKit/537.36 (KHTML, like Gecko) Chrome/136.0.7103.113 Mobile Safari/537.36 (compatible; Googlebot/2.1; +http://www.google.com/bot.html)"
52.167.144.221 - - [12/Jun/2025:09:07:17 -0400] "GET /?d=87364550260&filter=c60b51&share_to_url=detail.php%3Fid%3D2960553%26name%3Dkyliejenner+million+necklace+dupe HTTP/1.1" 200 22262 "-" "Mozilla/5.0 AppleWebKit/537.36 (KHTML, like Gecko; compatible; bingbot/2.0; +http://www.bing.com/bingbot.htm) Chrome/116.0.1938.76 Safari/537.36"
66.249.64.11 - - [12/Jun/2025:09:07:17 -0400] "GET /?d=108415540260&filter=589730&share_to_url=item.php%3Fid%3D3670777%26name%3Dsports+gym+clothes HTTP/1.1" 200 24336 "-" "Mozilla/5.0 (Linux; Android 6.0.1; Nexus 5X Build/MMB29P) AppleWebKit/537.36 (KHTML, like Gecko) Chrome/136.0.7103.113 Mobile Safari/537.36 (compatible; Googlebot/2.1; +http://www.google.com/bot.html)"
207.46.13.52 - - [12/Jun/2025:09:07:17 -0400] "GET /?d=97148121260&filter=704690&share_to_url=goods.php%3Fid%3D3291623%26name%3Dpura+vida+hand+gesture HTTP/1.1" 200 23979 "-" "Mozilla/5.0 AppleWebKit/537.36 (KHTML, like Gecko; compatible; bingbot/2.0; +http://www.bing.com/bingbot.htm) Chrome/116.0.1938.76 Safari/537.36"
66.249.64.11 - - [12/Jun/2025:09:07:17 -0400] "GET /?d=89483612260&filter=363c48&share_to_url=model.php%3Fid%3D3033039%26name%3Duni+baby+diaper+bag HTTP/1.1" 200 23997 "-" "Mozilla/5.0 (Linux; Android 6.0.1; Nexus 5X Build/MMB29P) AppleWebKit/537.36 (KHTML, like Gecko) Chrome/136.0.7103.113 Mobile Safari/537.36 (compatible; Googlebot/2.1; +http://www.google.com/bot.html)"
66.249.64.11 - - [12/Jun/2025:09:07:17 -0400] "GET /?d=97200502260&filter=d98b3e&share_to_url=discover.php%3Fid%3D3293597%26name%3Dhonda+hornet+160r+engine+guard HTTP/1.1" 200 23740 "-" "Mozilla/5.0 (Linux; Android 6.0.1; Nexus 5X Build/MMB29P) AppleWebKit/537.36 (KHTML, like Gecko) Chrome/136.0.7103.113 Mobile Safari/537.36 (compatible; Googlebot/2.1; +http://www.google.com/bot.html)"
66.249.64.11 - - [12/Jun/2025:09:07:19 -0400] "GET /?d=58924816260&filter=dd87d9&share_to_url=model.php%3Fid%3D1999827%26name%3Dbag+temu+italy HTTP/1.1" 200 24512 "-" "Mozilla/5.0 (Linux; Android 6.0.1; Nexus 5X Build/MMB29P) AppleWebKit/537.36 (KHTML, like Gecko) Chrome/136.0.7103.113 Mobile Safari/537.36 (compatible; Googlebot/2.1; +http://www.google.com/bot.html)"
66.249.64.12 - - [12/Jun/2025:09:07:19 -0400] "GET /?d=104222990260&filter=74aed1&share_to_url=pin.php%3Fid%3D3531222%26name%3Dplato+postre+c%C3%A1ceres HTTP/1.1" 200 24111 "-" "Mozilla/5.0 (Linux; Android 6.0.1; Nexus 5X Build/MMB29P) AppleWebKit/537.36 (KHTML, like Gecko) Chrome/136.0.7103.113 Mobile Safari/537.36 (compatible; Googlebot/2.1; +http://www.google.com/bot.html)"
66.249.64.12 - - [12/Jun/2025:09:07:20 -0400] "GET /?d=106718805260&filter=29a626&share_to_url=shopdetail.php%3Fid%3D3614336%26name%3Dorologi+di+secondo+polso+breitling HTTP/1.1" 200 22911 "-" "Mozilla/5.0 (Linux; Android 6.0.1; Nexus 5X Build/MMB29P) AppleWebKit/537.36 (KHTML, like Gecko) Chrome/136.0.7103.113 Mobile Safari/537.36 (compatible; Googlebot/2.1; +http://www.google.com/bot.html)"
66.249.64.11 - - [12/Jun/2025:09:07:20 -0400] "GET /?d=93374612260&filter=d6317b&share_to_url=article.php%3Fid%3D3163466%26name%3Dwomen+039+s+gaiam+leggings+for HTTP/1.1" 200 23487 "-" "Mozilla/5.0 (Linux; Android 6.0.1; Nexus 5X Build/MMB29P) AppleWebKit/537.36 (KHTML, like Gecko) Chrome/136.0.7103.113 Mobile Safari/537.36 (compatible; Googlebot/2.1; +http://www.google.com/bot.html)"
52.167.144.145 - - [12/Jun/2025:09:07:21 -0400] "GET /?d=21715946260&filter=ada5f8&share_to_url=article.php%3Fid%3D736730%26name%3Dbest+patio+umbrellas HTTP/1.1" 200 24053 "-" "Mozilla/5.0 AppleWebKit/537.36 (KHTML, like Gecko; compatible; bingbot/2.0; +http://www.bing.com/bingbot.htm) Chrome/116.0.1938.76 Safari/537.36"
66.249.64.11 - - [12/Jun/2025:09:07:22 -0400] "GET /?d=109873421260&filter=f3b098&share_to_url=goods.php%3Fid%3D3718751%26name%3Ddashing+doodles HTTP/1.1" 200 23747 "-" "Mozilla/5.0 (Linux; Android 6.0.1; Nexus 5X Build/MMB29P) AppleWebKit/537.36 (KHTML, like Gecko) Chrome/136.0.7103.113 Mobile Safari/537.36 (compatible; Googlebot/2.1; +http://www.google.com/bot.html)"
66.249.64.11 - - [12/Jun/2025:09:07:23 -0400] "GET /?d=101444337260&filter=c6b494&share_to_url=shop.php%3Fid%3D3439027%26name%3Dinfant+toddler+black HTTP/1.1" 200 22881 "-" "Mozilla/5.0 (Linux; Android 6.0.1; Nexus 5X Build/MMB29P) AppleWebKit/537.36 (KHTML, like Gecko) Chrome/136.0.7103.113 Mobile Safari/537.36 (compatible; Googlebot/2.1; +http://www.google.com/bot.html)"
66.249.64.11 - - [12/Jun/2025:09:07:23 -0400] "GET /?d=102490029260&filter=dd87d9&share_to_url=product-page.php%3Fid%3D3473944%26name%3Dquikr+bolero+online HTTP/1.1" 200 23715 "-" "Mozilla/5.0 (Linux; Android 6.0.1; Nexus 5X Build/MMB29P) AppleWebKit/537.36 (KHTML, like Gecko) Chrome/136.0.7103.113 Mobile Safari/537.36 (compatible; Googlebot/2.1; +http://www.google.com/bot.html)"
66.249.64.11 - - [12/Jun/2025:09:07:24 -0400] "GET /?d=95635617260&filter=9a225b&share_to_url=product-page.php%3Fid%3D3240256%26name%3Dpepp+n+hagg+ladies+100 HTTP/1.1" 200 22620 "-" "Mozilla/5.0 (Linux; Android 6.0.1; Nexus 5X Build/MMB29P) AppleWebKit/537.36 (KHTML, like Gecko) Chrome/136.0.7103.113 Mobile Safari/537.36 (compatible; Googlebot/2.1; +http://www.google.com/bot.html)"
66.249.64.11 - - [12/Jun/2025:09:07:25 -0400] "GET /?d=97703732260&filter=53a569&share_to_url=model.php%3Fid%3D3311283%26name%3Dcustom+raiders+nikes HTTP/1.1" 200 23978 "-" "Mozilla/5.0 (Linux; Android 6.0.1; Nexus 5X Build/MMB29P) AppleWebKit/537.36 (KHTML, like Gecko) Chrome/136.0.7103.113 Mobile Safari/537.36 (compatible; Googlebot/2.1; +http://www.google.com/bot.html)"
66.249.64.11 - - [12/Jun/2025:09:07:26 -0400] "GET /?d=97265127260&filter=3648b8&share_to_url=ideas.php%3Fid%3D3295800%26name%3Dthe+clubmaster+sunglasses+primer HTTP/1.1" 200 21760 "-" "Mozilla/5.0 (Linux; Android 6.0.1; Nexus 5X Build/MMB29P) AppleWebKit/537.36 (KHTML, like Gecko) Chrome/136.0.7103.113 Mobile Safari/537.36 (compatible; Googlebot/2.1; +http://www.google.com/bot.html)"
207.46.13.116 - - [12/Jun/2025:09:07:26 -0400] "GET /?d=64687382260&filter=cb7031&share_to_url=model.php%3Fid%3D2193675%26name%3Dsoutien+gorge+femme+vinted HTTP/1.1" 200 23982 "-" "Mozilla/5.0 AppleWebKit/537.36 (KHTML, like Gecko; compatible; bingbot/2.0; +http://www.bing.com/bingbot.htm) Chrome/116.0.1938.76 Safari/537.36"
66.249.64.11 - - [12/Jun/2025:09:07:27 -0400] "GET /?d=105602046260&filter=86816a&share_to_url=article.php%3Fid%3D3577322%26name%3Dnike+plus+clearance+watch+band HTTP/1.1" 200 23536 "-" "Mozilla/5.0 (Linux; Android 6.0.1; Nexus 5X Build/MMB29P) AppleWebKit/537.36 (KHTML, like Gecko) Chrome/136.0.7103.113 Mobile Safari/537.36 (compatible; Googlebot/2.1; +http://www.google.com/bot.html)"
66.249.64.12 - - [12/Jun/2025:09:07:28 -0400] "GET /?d=93146450260&filter=58f845&share_to_url=goods.php%3Fid%3D3155867%26name%3Dadelaide+veste HTTP/1.1" 200 24042 "-" "Mozilla/5.0 (Linux; Android 6.0.1; Nexus 5X Build/MMB29P) AppleWebKit/537.36 (KHTML, like Gecko) Chrome/136.0.7103.113 Mobile Safari/537.36 (compatible; Googlebot/2.1; +http://www.google.com/bot.html)"
66.249.64.12 - - [12/Jun/2025:09:07:28 -0400] "GET /?d=91674921260&filter=cd075d&share_to_url=goods.php%3Fid%3D3106499%26name%3Dmen+039+s+shop+poopy HTTP/1.1" 200 24119 "-" "Mozilla/5.0 (Linux; Android 6.0.1; Nexus 5X Build/MMB29P) AppleWebKit/537.36 (KHTML, like Gecko) Chrome/136.0.7103.113 Mobile Safari/537.36 (compatible; Googlebot/2.1; +http://www.google.com/bot.html)"
66.249.64.13 - - [12/Jun/2025:09:07:30 -0400] "GET /?d=102570105260&filter=bfc81f&share_to_url=pin.php%3Fid%3D3476598%26name%3Dgood+life+ride HTTP/1.1" 200 24376 "-" "Mozilla/5.0 (Linux; Android 6.0.1; Nexus 5X Build/MMB29P) AppleWebKit/537.36 (KHTML, like Gecko) Chrome/136.0.7103.113 Mobile Safari/537.36 (compatible; Googlebot/2.1; +http://www.google.com/bot.html)"
66.249.64.13 - - [12/Jun/2025:09:07:31 -0400] "GET /?d=90585886260&filter=a0f400&share_to_url=goods.php%3Fid%3D3070163%26name%3Deyepetizer+dumas HTTP/1.1" 200 22906 "-" "Mozilla/5.0 (Linux; Android 6.0.1; Nexus 5X Build/MMB29P) AppleWebKit/537.36 (KHTML, like Gecko) Chrome/136.0.7103.113 Mobile Safari/537.36 (compatible; Googlebot/2.1; +http://www.google.com/bot.html)"
66.249.64.12 - - [12/Jun/2025:09:07:32 -0400] "GET /?d=114688010260&filter=2da2ce&share_to_url=product-page.php%3Fid%3D3883636%26name%3Dgirls+pink+showerproof+puffer+coat HTTP/1.1" 200 23448 "-" "Mozilla/5.0 (Linux; Android 6.0.1; Nexus 5X Build/MMB29P) AppleWebKit/537.36 (KHTML, like Gecko) Chrome/136.0.7103.113 Mobile Safari/537.36 (compatible; Googlebot/2.1; +http://www.google.com/bot.html)"
66.249.64.11 - - [12/Jun/2025:09:07:34 -0400] "GET /?d=91731314260&filter=bc7484&share_to_url=shop.php%3Fid%3D3108403%26name%3Dsupreme+x HTTP/1.1" 200 22091 "-" "Mozilla/5.0 (Linux; Android 6.0.1; Nexus 5X Build/MMB29P) AppleWebKit/537.36 (KHTML, like Gecko) Chrome/136.0.7103.113 Mobile Safari/537.36 (compatible; Googlebot/2.1; +http://www.google.com/bot.html)"
66.249.64.13 - - [12/Jun/2025:09:07:36 -0400] "GET /?d=114687832260&filter=2da2ce&share_to_url=product.php%3Fid%3D3883630%26name%3Djacket+dynafit+radical+down+asphalt HTTP/1.1" 200 22321 "-" "Mozilla/5.0 (Linux; Android 6.0.1; Nexus 5X Build/MMB29P) AppleWebKit/537.36 (KHTML, like Gecko) Chrome/136.0.7103.113 Mobile Safari/537.36 (compatible; Googlebot/2.1; +http://www.google.com/bot.html)"
52.167.144.145 - - [12/Jun/2025:09:07:36 -0400] "GET /?d=73276354260&filter=26308f&share_to_url=shop.php%3Fid%3D2484139%26name%3Dhuaraches+in+tehuacan HTTP/1.1" 200 23156 "-" "Mozilla/5.0 AppleWebKit/537.36 (KHTML, like Gecko; compatible; bingbot/2.0; +http://www.bing.com/bingbot.htm) Chrome/116.0.1938.76 Safari/537.36"
66.249.64.12 - - [12/Jun/2025:09:07:36 -0400] "GET /?d=9101116260&filter=8de18d&share_to_url=product.php%3Fid%3D312826%26name%3Dmotogp+vinales+with+yamaha HTTP/1.1" 200 23355 "-" "Mozilla/5.0 (Linux; Android 6.0.1; Nexus 5X Build/MMB29P) AppleWebKit/537.36 (KHTML, like Gecko) Chrome/136.0.7103.113 Mobile Safari/537.36 (compatible; Googlebot/2.1; +http://www.google.com/bot.html)"
66.249.64.13 - - [12/Jun/2025:09:07:37 -0400] "GET /?d=89148708260&filter=531ea9&share_to_url=ideas.php%3Fid%3D3021828%26name%3Dinsider+tudor+heritage+advisor HTTP/1.1" 200 23254 "-" "Mozilla/5.0 (Linux; Android 6.0.1; Nexus 5X Build/MMB29P) AppleWebKit/537.36 (KHTML, like Gecko) Chrome/136.0.7103.113 Mobile Safari/537.36 (compatible; Googlebot/2.1; +http://www.google.com/bot.html)"
66.249.64.11 - - [12/Jun/2025:09:07:39 -0400] "GET /?d=92948204260&filter=36895a&share_to_url=detail.php%3Fid%3D3149193%26name%3Daaron+brooks+basketball HTTP/1.1" 200 23840 "-" "Mozilla/5.0 (Linux; Android 6.0.1; Nexus 5X Build/MMB29P) AppleWebKit/537.36 (KHTML, like Gecko) Chrome/136.0.7103.113 Mobile Safari/537.36 (compatible; Googlebot/2.1; +http://www.google.com/bot.html)"
66.249.64.12 - - [12/Jun/2025:09:07:39 -0400] "GET /?d=112639078260&filter=20c71b&share_to_url=product.php%3Fid%3D3815314%26name%3Dbuy+ladies+blazer+extravagant HTTP/1.1" 200 24508 "-" "Mozilla/5.0 (Linux; Android 6.0.1; Nexus 5X Build/MMB29P) AppleWebKit/537.36 (KHTML, like Gecko) Chrome/136.0.7103.113 Mobile Safari/537.36 (compatible; Googlebot/2.1; +http://www.google.com/bot.html)"
40.77.167.65 - - [12/Jun/2025:09:07:39 -0400] "GET /?d=101921028260&filter=4125cd&share_to_url=model.php%3Fid%3D3455055%26name%3Dinflatable+feet HTTP/1.1" 200 24508 "-" "Mozilla/5.0 AppleWebKit/537.36 (KHTML, like Gecko; compatible; bingbot/2.0; +http://www.bing.com/bingbot.htm) Chrome/116.0.1938.76 Safari/537.36"
66.249.64.13 - - [12/Jun/2025:09:07:40 -0400] "GET /?d=89171770260&filter=df484e&share_to_url=pin.php%3Fid%3D3022698%26name%3Dbasket+sandro+scratch HTTP/1.1" 200 22405 "-" "Mozilla/5.0 (Linux; Android 6.0.1; Nexus 5X Build/MMB29P) AppleWebKit/537.36 (KHTML, like Gecko) Chrome/136.0.7103.113 Mobile Safari/537.36 (compatible; Googlebot/2.1; +http://www.google.com/bot.html)"
52.167.144.221 - - [12/Jun/2025:09:07:40 -0400] "GET /?d=51925013260&filter=4d7b9c&share_to_url=item.php%3Fid%3D1765033%26name%3Dpersonalised+lego+wooden HTTP/1.1" 200 24023 "-" "Mozilla/5.0 AppleWebKit/537.36 (KHTML, like Gecko; compatible; bingbot/2.0; +http://www.bing.com/bingbot.htm) Chrome/116.0.1938.76 Safari/537.36"
52.167.144.221 - - [12/Jun/2025:09:07:41 -0400] "GET /?d=89163647260&filter=24c490&share_to_url=detail.php%3Fid%3D3022413%26name%3Dlto+violations+and HTTP/1.1" 200 24199 "-" "Mozilla/5.0 AppleWebKit/537.36 (KHTML, like Gecko; compatible; bingbot/2.0; +http://www.bing.com/bingbot.htm) Chrome/116.0.1938.76 Safari/537.36"
66.249.64.12 - - [12/Jun/2025:09:07:42 -0400] "GET /?d=79590853260&filter=b94814&share_to_url=shop.php%3Fid%3D2695795%26name%3Derafone+jangan HTTP/1.1" 200 23735 "-" "Mozilla/5.0 (Linux; Android 6.0.1; Nexus 5X Build/MMB29P) AppleWebKit/537.36 (KHTML, like Gecko) Chrome/136.0.7103.113 Mobile Safari/537.36 (compatible; Googlebot/2.1; +http://www.google.com/bot.html)"
66.249.64.12 - - [12/Jun/2025:09:07:42 -0400] "GET /?d=88692580260&filter=225350&share_to_url=detail.php%3Fid%3D3006153%26name%3Dsgabello+contenitore+carrara HTTP/1.1" 200 23238 "-" "Mozilla/5.0 (Linux; Android 6.0.1; Nexus 5X Build/MMB29P) AppleWebKit/537.36 (KHTML, like Gecko) Chrome/136.0.7103.113 Mobile Safari/537.36 (compatible; Googlebot/2.1; +http://www.google.com/bot.html)"
66.249.64.13 - - [12/Jun/2025:09:07:43 -0400] "GET /?d=103223903260&filter=14d9f6&share_to_url=shop.php%3Fid%3D3498019%26name%3Dred+hot+chili+peppers+tour HTTP/1.1" 200 22603 "-" "Mozilla/5.0 (Linux; Android 6.0.1; Nexus 5X Build/MMB29P) AppleWebKit/537.36 (KHTML, like Gecko) Chrome/136.0.7103.113 Mobile Safari/537.36 (compatible; Googlebot/2.1; +http://www.google.com/bot.html)"
66.249.64.13 - - [12/Jun/2025:09:07:43 -0400] "GET /?d=116715529260&filter=15bc17&share_to_url=article.php%3Fid%3D3952490%26name%3Dcarteras+econ%C3%B3micas+party HTTP/1.1" 200 23466 "-" "Mozilla/5.0 (Linux; Android 6.0.1; Nexus 5X Build/MMB29P) AppleWebKit/537.36 (KHTML, like Gecko) Chrome/136.0.7103.113 Mobile Safari/537.36 (compatible; Googlebot/2.1; +http://www.google.com/bot.html)"
207.46.13.116 - - [12/Jun/2025:09:07:46 -0400] "GET /?d=20432321260&filter=e69463&share_to_url=pin.php%3Fid%3D694278%26name%3Dtuff+t2a+20x12+45 HTTP/1.1" 200 24156 "-" "Mozilla/5.0 AppleWebKit/537.36 (KHTML, like Gecko; compatible; bingbot/2.0; +http://www.bing.com/bingbot.htm) Chrome/116.0.1938.76 Safari/537.36"
66.249.64.13 - - [12/Jun/2025:09:07:47 -0400] "GET /?d=49080023260&filter=9f50ed&share_to_url=product-page.php%3Fid%3D1668616%26name%3Dreebok+women+s+sport+hiker+waterproof HTTP/1.1" 200 21757 "-" "Mozilla/5.0 (Linux; Android 6.0.1; Nexus 5X Build/MMB29P) AppleWebKit/537.36 (KHTML, like Gecko) Chrome/136.0.7103.113 Mobile Safari/537.36 (compatible; Googlebot/2.1; +http://www.google.com/bot.html)"
66.249.64.11 - - [12/Jun/2025:09:07:49 -0400] "GET /?d=110268407260&filter=400a61&share_to_url=shopdetail.php%3Fid%3D3732260%26name%3Dforcellino+del+cambio+cube+143 HTTP/1.1" 200 23405 "-" "Mozilla/5.0 (Linux; Android 6.0.1; Nexus 5X Build/MMB29P) AppleWebKit/537.36 (KHTML, like Gecko) Chrome/136.0.7103.113 Mobile Safari/537.36 (compatible; Googlebot/2.1; +http://www.google.com/bot.html)"
66.249.64.12 - - [12/Jun/2025:09:07:50 -0400] "GET /?d=101207294260&filter=5edd4d&share_to_url=pin.php%3Fid%3D3430818%26name%3Ddo+you+clip+your+cat+039+s HTTP/1.1" 200 23956 "-" "Mozilla/5.0 (Linux; Android 6.0.1; Nexus 5X Build/MMB29P) AppleWebKit/537.36 (KHTML, like Gecko) Chrome/136.0.7103.113 Mobile Safari/537.36 (compatible; Googlebot/2.1; +http://www.google.com/bot.html)"
66.249.64.11 - - [12/Jun/2025:09:07:50 -0400] "GET /?d=92231901260&filter=d3c690&share_to_url=discover.php%3Fid%3D3124385%26name%3Dpattern+green+and+black+horizontal HTTP/1.1" 200 23221 "-" "Mozilla/5.0 (Linux; Android 6.0.1; Nexus 5X Build/MMB29P) AppleWebKit/537.36 (KHTML, like Gecko) Chrome/136.0.7103.113 Mobile Safari/537.36 (compatible; Googlebot/2.1; +http://www.google.com/bot.html)"
52.167.144.213 - - [12/Jun/2025:09:07:50 -0400] "GET /?d=101877650260&filter=be1b9a&share_to_url=goods.php%3Fid%3D3453767%26name%3Dtwo+tone+oxford+with+lightweight HTTP/1.1" 200 24387 "-" "Mozilla/5.0 AppleWebKit/537.36 (KHTML, like Gecko; compatible; bingbot/2.0; +http://www.bing.com/bingbot.htm) Chrome/116.0.1938.76 Safari/537.36"
52.167.144.213 - - [12/Jun/2025:09:07:51 -0400] "GET /?d=105378199260&filter=8de18d&share_to_url=article.php?id=3569750&name=sport%20touring%20motorcycles HTTP/1.1" 200 23502 "-" "Mozilla/5.0 AppleWebKit/537.36 (KHTML, like Gecko; compatible; bingbot/2.0; +http://www.bing.com/bingbot.htm) Chrome/116.0.1938.76 Safari/537.36"
66.249.64.11 - - [12/Jun/2025:09:07:51 -0400] "GET /?d=113960806260&filter=77eedc&share_to_url=shop.php%3Fid%3D3859471%26name%3Dllaves+de+paso+gas+termofusion HTTP/1.1" 200 24061 "-" "Mozilla/5.0 (Linux; Android 6.0.1; Nexus 5X Build/MMB29P) AppleWebKit/537.36 (KHTML, like Gecko) Chrome/136.0.7103.113 Mobile Safari/537.36 (compatible; Googlebot/2.1; +http://www.google.com/bot.html)"
66.249.64.12 - - [12/Jun/2025:09:07:52 -0400] "GET /?d=89559054260&filter=b3b2d4&share_to_url=ideas.php%3Fid%3D3035568%26name%3Despartano+guerrero+espartanos+tattoos+tatuaje HTTP/1.1" 200 23983 "-" "Mozilla/5.0 (Linux; Android 6.0.1; Nexus 5X Build/MMB29P) AppleWebKit/537.36 (KHTML, like Gecko) Chrome/136.0.7103.113 Mobile Safari/537.36 (compatible; Googlebot/2.1; +http://www.google.com/bot.html)"
66.249.64.13 - - [12/Jun/2025:09:07:53 -0400] "GET /?d=107379101260&filter=bc96f9&share_to_url=pin.php%3Fid%3D3636414%26name%3Ddslr+autofocus+vs HTTP/1.1" 200 22999 "-" "Mozilla/5.0 (Linux; Android 6.0.1; Nexus 5X Build/MMB29P) AppleWebKit/537.36 (KHTML, like Gecko) Chrome/136.0.7103.113 Mobile Safari/537.36 (compatible; Googlebot/2.1; +http://www.google.com/bot.html)"
66.249.64.12 - - [12/Jun/2025:09:07:54 -0400] "GET /?d=104605213260&filter=2b3734&share_to_url=item.php%3Fid%3D3544501%26name%3Drisen+high+rise+cropped HTTP/1.1" 200 24117 "-" "Mozilla/5.0 (Linux; Android 6.0.1; Nexus 5X Build/MMB29P) AppleWebKit/537.36 (KHTML, like Gecko) Chrome/136.0.7103.113 Mobile Safari/537.36 (compatible; Googlebot/2.1; +http://www.google.com/bot.html)"
66.249.64.11 - - [12/Jun/2025:09:07:55 -0400] "GET /?d=102045149260&filter=e151ef&share_to_url=shopdetail.php%3Fid%3D3459020%26name%3D HTTP/1.1" 200 24622 "-" "Mozilla/5.0 (Linux; Android 6.0.1; Nexus 5X Build/MMB29P) AppleWebKit/537.36 (KHTML, like Gecko) Chrome/136.0.7103.113 Mobile Safari/537.36 (compatible; Googlebot/2.1; +http://www.google.com/bot.html)"
66.249.64.12 - - [12/Jun/2025:09:07:57 -0400] "GET /?d=74648175260&filter=1876cd&share_to_url=detail.php%3Fid%3D2530557%26name%3Dj90+sweatpants+dark HTTP/1.1" 200 23825 "-" "Mozilla/5.0 (Linux; Android 6.0.1; Nexus 5X Build/MMB29P) AppleWebKit/537.36 (KHTML, like Gecko) Chrome/136.0.7103.113 Mobile Safari/537.36 (compatible; Googlebot/2.1; +http://www.google.com/bot.html)"
66.249.64.11 - - [12/Jun/2025:09:07:58 -0400] "GET /?d=109603275260&filter=ec9b91&share_to_url=discover.php%3Fid%3D3709793%26name%3Dysl+bag+store+malaysia+official HTTP/1.1" 200 23005 "-" "Mozilla/5.0 (Linux; Android 6.0.1; Nexus 5X Build/MMB29P) AppleWebKit/537.36 (KHTML, like Gecko) Chrome/136.0.7103.113 Mobile Safari/537.36 (compatible; Googlebot/2.1; +http://www.google.com/bot.html)"
66.249.64.14 - - [12/Jun/2025:09:07:58 -0400] "GET /?d=111405376260&filter=9b293d&share_to_url=model.php%3Fid%3D3772899%26name%3Dnot+hype+but+love+them HTTP/1.1" 200 23003 "-" "Mozilla/5.0 (Linux; Android 6.0.1; Nexus 5X Build/MMB29P) AppleWebKit/537.36 (KHTML, like Gecko) Chrome/136.0.7103.113 Mobile Safari/537.36 (compatible; Googlebot/2.1; +http://www.google.com/bot.html)"
52.167.144.145 - - [12/Jun/2025:09:07:59 -0400] "GET /?d=113009084260&filter=b00345&share_to_url=goods.php%3Fid%3D3827183%26name%3Dmodern+family+sales HTTP/1.1" 200 22859 "-" "Mozilla/5.0 AppleWebKit/537.36 (KHTML, like Gecko; compatible; bingbot/2.0; +http://www.bing.com/bingbot.htm) Chrome/116.0.1938.76 Safari/537.36"
66.249.64.11 - - [12/Jun/2025:09:07:59 -0400] "GET /?d=112528594260&filter=19d891&share_to_url=ideas.php%3Fid%3D3811728%26name%3Dtna+impact HTTP/1.1" 200 23011 "-" "Mozilla/5.0 (Linux; Android 6.0.1; Nexus 5X Build/MMB29P) AppleWebKit/537.36 (KHTML, like Gecko) Chrome/136.0.7103.113 Mobile Safari/537.36 (compatible; Googlebot/2.1; +http://www.google.com/bot.html)"
66.249.64.14 - - [12/Jun/2025:09:08:01 -0400] "GET /?d=98140138260&filter=7254a2&share_to_url=discover.php%3Fid%3D3325649%26name%3Denvol+la+robe HTTP/1.1" 200 23807 "-" "Mozilla/5.0 (Linux; Android 6.0.1; Nexus 5X Build/MMB29P) AppleWebKit/537.36 (KHTML, like Gecko) Chrome/136.0.7103.113 Mobile Safari/537.36 (compatible; Googlebot/2.1; +http://www.google.com/bot.html)"
66.249.64.11 - - [12/Jun/2025:09:08:01 -0400] "GET /?d=89042086260&filter=1c8ef9&share_to_url=goods.php%3Fid%3D3017879%26name%3Dcasco+bici+bambino+wilder+jr HTTP/1.1" 200 23120 "-" "Mozilla/5.0 (Linux; Android 6.0.1; Nexus 5X Build/MMB29P) AppleWebKit/537.36 (KHTML, like Gecko) Chrome/136.0.7103.113 Mobile Safari/537.36 (compatible; Googlebot/2.1; +http://www.google.com/bot.html)"
52.167.144.221 - - [12/Jun/2025:09:08:02 -0400] "GET /?d=90047559260&filter=ab7dfe&share_to_url=discover.php%3Fid%3D3051713%26name%3Dsanosan+baby+lotion+200ml HTTP/1.1" 200 23956 "-" "Mozilla/5.0 AppleWebKit/537.36 (KHTML, like Gecko; compatible; bingbot/2.0; +http://www.bing.com/bingbot.htm) Chrome/116.0.1938.76 Safari/537.36"
66.249.64.12 - - [12/Jun/2025:09:08:02 -0400] "GET /?d=75681187260&filter=1876cd&share_to_url=shop.php%3Fid%3D2564599%26name%3Dfriendly+spongebob+matching+family+christmas HTTP/1.1" 200 24478 "-" "Mozilla/5.0 (Linux; Android 6.0.1; Nexus 5X Build/MMB29P) AppleWebKit/537.36 (KHTML, like Gecko) Chrome/136.0.7103.113 Mobile Safari/537.36 (compatible; Googlebot/2.1; +http://www.google.com/bot.html)"
52.167.144.221 - - [12/Jun/2025:09:08:02 -0400] "GET /?d=75466996260&filter=ef2428&share_to_url=shop.php%3Fid%3D2557339%26name%3Dlego+de+jurassic HTTP/1.1" 200 22792 "-" "Mozilla/5.0 AppleWebKit/537.36 (KHTML, like Gecko; compatible; bingbot/2.0; +http://www.bing.com/bingbot.htm) Chrome/116.0.1938.76 Safari/537.36"
66.249.64.14 - - [12/Jun/2025:09:08:02 -0400] "GET /?d=103862417260&filter=754b31&share_to_url=discover.php%3Fid%3D3519089%26name%3Djumper+fitness+tracker+fitness+smart HTTP/1.1" 200 24201 "-" "Mozilla/5.0 (Linux; Android 6.0.1; Nexus 5X Build/MMB29P) AppleWebKit/537.36 (KHTML, like Gecko) Chrome/136.0.7103.113 Mobile Safari/537.36 (compatible; Googlebot/2.1; +http://www.google.com/bot.html)"
52.167.144.221 - - [12/Jun/2025:09:08:03 -0400] "GET /?d=109505792260&filter=b11a05&share_to_url=detail.php%3Fid%3D3706497%26name%3Dsold+vintage+tudor HTTP/1.1" 200 24508 "-" "Mozilla/5.0 AppleWebKit/537.36 (KHTML, like Gecko; compatible; bingbot/2.0; +http://www.bing.com/bingbot.htm) Chrome/116.0.1938.76 Safari/537.36"
66.249.64.11 - - [12/Jun/2025:09:08:04 -0400] "GET /?d=32811619260&filter=315f2d&share_to_url=discover.php%3Fid%3D1115801%26name%3Dgiveaway+win+jbl+tune HTTP/1.1" 200 22915 "-" "Mozilla/5.0 (Linux; Android 6.0.1; Nexus 5X Build/MMB29P) AppleWebKit/537.36 (KHTML, like Gecko) Chrome/136.0.7103.113 Mobile Safari/537.36 (compatible; Googlebot/2.1; +http://www.google.com/bot.html)"
66.249.64.12 - - [12/Jun/2025:09:08:07 -0400] "GET /?d=116433673260&filter=5e40a7&share_to_url=ideas.php%3Fid%3D3942888%26name%3Dwonder+workshop HTTP/1.1" 200 22919 "-" "Mozilla/5.0 (Linux; Android 6.0.1; Nexus 5X Build/MMB29P) AppleWebKit/537.36 (KHTML, like Gecko) Chrome/136.0.7103.113 Mobile Safari/537.36 (compatible; Googlebot/2.1; +http://www.google.com/bot.html)"
66.249.64.13 - - [12/Jun/2025:09:08:07 -0400] "GET /?d=18739691260&filter=06712c&share_to_url=discover.php%3Fid%3D636773%26name%3Dmcs+jeans+slim+fit HTTP/1.1" 200 24062 "-" "Mozilla/5.0 (Linux; Android 6.0.1; Nexus 5X Build/MMB29P) AppleWebKit/537.36 (KHTML, like Gecko) Chrome/136.0.7103.113 Mobile Safari/537.36 (compatible; Googlebot/2.1; +http://www.google.com/bot.html)"
207.46.13.116 - - [12/Jun/2025:09:08:08 -0400] "GET /?d=113975355260&filter=6c3290&share_to_url=article.php%3Fid%3D3859946%26name%3Dma+dove+la HTTP/1.1" 200 24139 "-" "Mozilla/5.0 AppleWebKit/537.36 (KHTML, like Gecko; compatible; bingbot/2.0; +http://www.bing.com/bingbot.htm) Chrome/116.0.1938.76 Safari/537.36"
40.77.167.65 - - [12/Jun/2025:09:08:08 -0400] "GET /?d=106381833260&filter=e5eb8f&share_to_url=discover.php%3Fid%3D3603149%26name%3Dzapato+colegial+mujer HTTP/1.1" 200 24215 "-" "Mozilla/5.0 AppleWebKit/537.36 (KHTML, like Gecko; compatible; bingbot/2.0; +http://www.bing.com/bingbot.htm) Chrome/116.0.1938.76 Safari/537.36"
66.249.64.13 - - [12/Jun/2025:09:08:08 -0400] "GET /?d=117491530260&filter=fe5903&share_to_url=product-page.php%3Fid%3D3978952%26name%3Dyou+can+never+have HTTP/1.1" 200 24236 "-" "Mozilla/5.0 (Linux; Android 6.0.1; Nexus 5X Build/MMB29P) AppleWebKit/537.36 (KHTML, like Gecko) Chrome/136.0.7103.113 Mobile Safari/537.36 (compatible; Googlebot/2.1; +http://www.google.com/bot.html)"
40.77.167.65 - - [12/Jun/2025:09:08:09 -0400] "GET /?d=108248043260&filter=418752&share_to_url=product.php%3Fid%3D3664978%26name%3Dtodo+medias HTTP/1.1" 200 23962 "-" "Mozilla/5.0 AppleWebKit/537.36 (KHTML, like Gecko; compatible; bingbot/2.0; +http://www.bing.com/bingbot.htm) Chrome/116.0.1938.76 Safari/537.36"
207.46.13.116 - - [12/Jun/2025:09:08:09 -0400] "GET /?d=59338189260&filter=758412&share_to_url=item.php%3Fid%3D2013913%26name%3Dpu+sy+on+your HTTP/1.1" 200 25173 "-" "Mozilla/5.0 AppleWebKit/537.36 (KHTML, like Gecko; compatible; bingbot/2.0; +http://www.bing.com/bingbot.htm) Chrome/116.0.1938.76 Safari/537.36"
66.249.64.12 - - [12/Jun/2025:09:08:10 -0400] "GET /?d=95881714260&filter=b3ceb7&share_to_url=article.php%3Fid%3D3248582%26name%3Doriental+carpet+phone HTTP/1.1" 200 23150 "-" "Mozilla/5.0 (Linux; Android 6.0.1; Nexus 5X Build/MMB29P) AppleWebKit/537.36 (KHTML, like Gecko) Chrome/136.0.7103.113 Mobile Safari/537.36 (compatible; Googlebot/2.1; +http://www.google.com/bot.html)"
66.249.64.12 - - [12/Jun/2025:09:08:11 -0400] "GET /?d=104622719260&filter=ca372c&share_to_url=ideas.php%3Fid%3D3545100%26name%3Dmaisto+dodge+shop+dakota HTTP/1.1" 200 23082 "-" "Mozilla/5.0 (Linux; Android 6.0.1; Nexus 5X Build/MMB29P) AppleWebKit/537.36 (KHTML, like Gecko) Chrome/136.0.7103.113 Mobile Safari/537.36 (compatible; Googlebot/2.1; +http://www.google.com/bot.html)"
66.249.64.12 - - [12/Jun/2025:09:08:13 -0400] "GET /?d=113632633260&filter=2fbbdb&share_to_url=article.php%3Fid%3D3848294%26name%3Dproduct+showcase+the HTTP/1.1" 200 24917 "-" "Mozilla/5.0 (Linux; Android 6.0.1; Nexus 5X Build/MMB29P) AppleWebKit/537.36 (KHTML, like Gecko) Chrome/136.0.7103.113 Mobile Safari/537.36 (compatible; Googlebot/2.1; +http://www.google.com/bot.html)"
66.249.64.12 - - [12/Jun/2025:09:08:13 -0400] "GET /?d=108392071260&filter=a46738&share_to_url=ideas.php%3Fid%3D3669948%26name%3Dvan+heusen+men+maroon+solid HTTP/1.1" 200 23943 "-" "Mozilla/5.0 (Linux; Android 6.0.1; Nexus 5X Build/MMB29P) AppleWebKit/537.36 (KHTML, like Gecko) Chrome/136.0.7103.113 Mobile Safari/537.36 (compatible; Googlebot/2.1; +http://www.google.com/bot.html)"
66.249.64.11 - - [12/Jun/2025:09:08:14 -0400] "GET /?d=118109154260&filter=07ee75&share_to_url=item.php%3Fid%3D3999781%26name%3Dbenefit+cosmetics+travel HTTP/1.1" 200 22291 "-" "Mozilla/5.0 (Linux; Android 6.0.1; Nexus 5X Build/MMB29P) AppleWebKit/537.36 (KHTML, like Gecko) Chrome/136.0.7103.113 Mobile Safari/537.36 (compatible; Googlebot/2.1; +http://www.google.com/bot.html)"
