66.249.64.14 - - [12/Jun/2025:08:30:50 -0400] "GET /?d=102696424260&filter=c43436&share_to_url=ideas.php%3Fid%3D3480804%26name%3Dblusa+roja+cuello+alto HTTP/1.1" 200 24410 "-" "Mozilla/5.0 (Linux; Android 6.0.1; Nexus 5X Build/MMB29P) AppleWebKit/537.36 (KHTML, like Gecko) Chrome/136.0.7103.113 Mobile Safari/537.36 (compatible; Googlebot/2.1; +http://www.google.com/bot.html)"
66.249.64.14 - - [12/Jun/2025:08:30:50 -0400] "GET /?d=113813834260&filter=99fba4&share_to_url=item.php%3Fid%3D3854233%26name%3Dbicicletas+rodada+18 HTTP/1.1" 200 24110 "-" "Mozilla/5.0 (Linux; Android 6.0.1; Nexus 5X Build/MMB29P) AppleWebKit/537.36 (KHTML, like Gecko) Chrome/136.0.7103.113 Mobile Safari/537.36 (compatible; Googlebot/2.1; +http://www.google.com/bot.html)"
66.249.64.14 - - [12/Jun/2025:08:30:52 -0400] "GET /?d=110166480260&filter=7d0d7b&share_to_url=ideas.php%3Fid%3D3728748%26name%3Dasics+x+brandshop+gel+vickka HTTP/1.1" 200 21730 "-" "Mozilla/5.0 (Linux; Android 6.0.1; Nexus 5X Build/MMB29P) AppleWebKit/537.36 (KHTML, like Gecko) Chrome/136.0.7103.113 Mobile Safari/537.36 (compatible; Googlebot/2.1; +http://www.google.com/bot.html)"
66.249.64.11 - - [12/Jun/2025:08:30:53 -0400] "GET /?d=91894194260&filter=32c769&share_to_url=product.php%3Fid%3D3113494%26name%3Dbardot+dress+039+felicia+039+in HTTP/1.1" 200 23856 "-" "Mozilla/5.0 (Linux; Android 6.0.1; Nexus 5X Build/MMB29P) AppleWebKit/537.36 (KHTML, like Gecko) Chrome/136.0.7103.113 Mobile Safari/537.36 (compatible; Googlebot/2.1; +http://www.google.com/bot.html)"
66.249.64.14 - - [12/Jun/2025:08:30:55 -0400] "GET /?d=115773704260&filter=cc1802&share_to_url=discover.php%3Fid%3D3920501%26name%3Dwomens+black+fashion+boots HTTP/1.1" 200 24592 "-" "Mozilla/5.0 (Linux; Android 6.0.1; Nexus 5X Build/MMB29P) AppleWebKit/537.36 (KHTML, like Gecko) Chrome/136.0.7103.113 Mobile Safari/537.36 (compatible; Googlebot/2.1; +http://www.google.com/bot.html)"
52.167.144.238 - - [12/Jun/2025:08:30:56 -0400] "GET /?d=115496084260&filter=fd45ef&share_to_url=model.php%3Fid%3D3911319%26name%3Dpanther+g+metal HTTP/1.1" 200 24205 "-" "Mozilla/5.0 AppleWebKit/537.36 (KHTML, like Gecko; compatible; bingbot/2.0; +http://www.bing.com/bingbot.htm) Chrome/116.0.1938.76 Safari/537.36"
52.167.144.238 - - [12/Jun/2025:08:30:56 -0400] "GET /?d=99745163260&filter=0ab89c&share_to_url=pin.php%3Fid%3D3380586%26name%3Dorder+helstons+clothing+best+prices HTTP/1.1" 200 22375 "-" "Mozilla/5.0 AppleWebKit/537.36 (KHTML, like Gecko; compatible; bingbot/2.0; +http://www.bing.com/bingbot.htm) Chrome/116.0.1938.76 Safari/537.36"
66.249.64.14 - - [12/Jun/2025:08:30:56 -0400] "GET /?d=108298721260&filter=4de61e&share_to_url=item.php%3Fid%3D3666853%26name%3Ddiscount+hawaii+van+and HTTP/1.1" 200 24638 "-" "Mozilla/5.0 (Linux; Android 6.0.1; Nexus 5X Build/MMB29P) AppleWebKit/537.36 (KHTML, like Gecko) Chrome/136.0.7103.113 Mobile Safari/537.36 (compatible; Googlebot/2.1; +http://www.google.com/bot.html)"
52.167.144.238 - - [12/Jun/2025:08:30:57 -0400] "GET /?d=92907906260&filter=edd546&share_to_url=article.php%3Fid%3D3147878%26name%3Drealme+buds+vs+ptron HTTP/1.1" 200 23100 "-" "Mozilla/5.0 AppleWebKit/537.36 (KHTML, like Gecko; compatible; bingbot/2.0; +http://www.bing.com/bingbot.htm) Chrome/116.0.1938.76 Safari/537.36"
66.249.64.14 - - [12/Jun/2025:08:30:58 -0400] "GET /?d=26145097260&filter=f4e1c0&share_to_url=goods.php%3Fid%3D886283%26name%3Dgarden+modular+outlet+sofa+set HTTP/1.1" 200 24290 "-" "Mozilla/5.0 (Linux; Android 6.0.1; Nexus 5X Build/MMB29P) AppleWebKit/537.36 (KHTML, like Gecko) Chrome/136.0.7103.113 Mobile Safari/537.36 (compatible; Googlebot/2.1; +http://www.google.com/bot.html)"
66.249.64.13 - - [12/Jun/2025:08:30:59 -0400] "GET /?d=95178549260&filter=8de18d&share_to_url=product-page.php%3Fid%3D3224380%26name%3Dixil+silencers+india HTTP/1.1" 200 23723 "-" "Mozilla/5.0 (Linux; Android 6.0.1; Nexus 5X Build/MMB29P) AppleWebKit/537.36 (KHTML, like Gecko) Chrome/136.0.7103.113 Mobile Safari/537.36 (compatible; Googlebot/2.1; +http://www.google.com/bot.html)"
66.249.64.11 - - [12/Jun/2025:08:31:01 -0400] "GET /?d=103502060260&filter=917746&share_to_url=model.php%3Fid%3D3507195%26name%3Ddeliniador+natura+pincel HTTP/1.1" 200 23449 "-" "Mozilla/5.0 (Linux; Android 6.0.1; Nexus 5X Build/MMB29P) AppleWebKit/537.36 (KHTML, like Gecko) Chrome/136.0.7103.113 Mobile Safari/537.36 (compatible; Googlebot/2.1; +http://www.google.com/bot.html)"
66.249.64.10 - - [12/Jun/2025:08:31:02 -0400] "GET /?d=95469478260&filter=cdfba6&share_to_url=discover.php%3Fid%3D3234581%26name%3Dfrieda+freddies+steppjacke+xally HTTP/1.1" 200 22934 "-" "Mozilla/5.0 (Linux; Android 6.0.1; Nexus 5X Build/MMB29P) AppleWebKit/537.36 (KHTML, like Gecko) Chrome/136.0.7103.113 Mobile Safari/537.36 (compatible; Googlebot/2.1; +http://www.google.com/bot.html)"
66.249.64.11 - - [12/Jun/2025:08:31:04 -0400] "GET /?d=115202624260&filter=c76b15&share_to_url=shop.php%3Fid%3D3900991%26name%3Descudo+militar+de+la HTTP/1.1" 200 23377 "-" "Mozilla/5.0 (Linux; Android 6.0.1; Nexus 5X Build/MMB29P) AppleWebKit/537.36 (KHTML, like Gecko) Chrome/136.0.7103.113 Mobile Safari/537.36 (compatible; Googlebot/2.1; +http://www.google.com/bot.html)"
66.249.64.13 - - [12/Jun/2025:08:31:05 -0400] "GET /?d=110124689260&filter=f61d34&share_to_url=detail.php%3Fid%3D3727257%26name%3Dsolecollector+von HTTP/1.1" 200 22945 "-" "Mozilla/5.0 (Linux; Android 6.0.1; Nexus 5X Build/MMB29P) AppleWebKit/537.36 (KHTML, like Gecko) Chrome/136.0.7103.113 Mobile Safari/537.36 (compatible; Googlebot/2.1; +http://www.google.com/bot.html)"
66.249.64.11 - - [12/Jun/2025:08:31:06 -0400] "GET /?d=116848012260&filter=3b569e&share_to_url=article.php%3Fid%3D3956966%26name%3Dmother+day+blanket HTTP/1.1" 200 24270 "-" "Mozilla/5.0 (Linux; Android 6.0.1; Nexus 5X Build/MMB29P) AppleWebKit/537.36 (KHTML, like Gecko) Chrome/136.0.7103.113 Mobile Safari/537.36 (compatible; Googlebot/2.1; +http://www.google.com/bot.html)"
40.77.167.9 - - [12/Jun/2025:08:31:07 -0400] "GET /?d=114779957260&filter=09f4dc&share_to_url=product.php%3Fid%3D3886750%26name%3Dmolenvliet+the+venue HTTP/1.1" 200 23261 "-" "Mozilla/5.0 AppleWebKit/537.36 (KHTML, like Gecko; compatible; bingbot/2.0; +http://www.bing.com/bingbot.htm) Chrome/116.0.1938.76 Safari/537.36"
52.167.144.222 - - [12/Jun/2025:08:31:08 -0400] "GET /?d=58833677260&filter=6f993e&share_to_url=product-page.php%3Fid%3D1996684%26name%3Dgixxer+sf+fi+front HTTP/1.1" 200 23256 "-" "Mozilla/5.0 AppleWebKit/537.36 (KHTML, like Gecko; compatible; bingbot/2.0; +http://www.bing.com/bingbot.htm) Chrome/116.0.1938.76 Safari/537.36"
40.77.167.37 - - [12/Jun/2025:08:31:08 -0400] "GET /?d=86167995260&filter=572624&share_to_url=ideas.php%3Fid%3D2919324%26name%3Dpelliccia+desy+carta HTTP/1.1" 200 25080 "-" "Mozilla/5.0 AppleWebKit/537.36 (KHTML, like Gecko; compatible; bingbot/2.0; +http://www.bing.com/bingbot.htm) Chrome/116.0.1938.76 Safari/537.36"
66.249.64.10 - - [12/Jun/2025:08:31:08 -0400] "GET /?d=115101471260&filter=fa5724&share_to_url=ideas.php%3Fid%3D3897744%26name%3Dhollis+moonstone HTTP/1.1" 200 24539 "-" "Mozilla/5.0 (Linux; Android 6.0.1; Nexus 5X Build/MMB29P) AppleWebKit/537.36 (KHTML, like Gecko) Chrome/136.0.7103.113 Mobile Safari/537.36 (compatible; Googlebot/2.1; +http://www.google.com/bot.html)"
52.167.144.222 - - [12/Jun/2025:08:31:09 -0400] "GET /?d=108495944260&filter=dde61e&share_to_url=discover.php%3Fid%3D3673517%26name%3Dkaisa+khuda+hai+tu HTTP/1.1" 200 24255 "-" "Mozilla/5.0 AppleWebKit/537.36 (KHTML, like Gecko; compatible; bingbot/2.0; +http://www.bing.com/bingbot.htm) Chrome/116.0.1938.76 Safari/537.36"
66.249.64.10 - - [12/Jun/2025:08:31:09 -0400] "GET /?d=114755683260&filter=9baa02&share_to_url=model.php%3Fid%3D3885927%26name%3D20+jackwills+boots HTTP/1.1" 200 22632 "-" "Mozilla/5.0 (Linux; Android 6.0.1; Nexus 5X Build/MMB29P) AppleWebKit/537.36 (KHTML, like Gecko) Chrome/136.0.7103.113 Mobile Safari/537.36 (compatible; Googlebot/2.1; +http://www.google.com/bot.html)"
52.167.144.238 - - [12/Jun/2025:08:31:09 -0400] "GET /?d=63564135260&filter=6ca228&share_to_url=product-page.php%3Fid%3D2155696%26name%3Dcapricorn+unisex+hoodie HTTP/1.1" 200 24162 "-" "Mozilla/5.0 AppleWebKit/537.36 (KHTML, like Gecko; compatible; bingbot/2.0; +http://www.bing.com/bingbot.htm) Chrome/116.0.1938.76 Safari/537.36"
52.167.144.238 - - [12/Jun/2025:08:31:10 -0400] "GET /?d=19820366260&filter=14708a&share_to_url=shopdetail.php%3Fid%3D673412%26name%3Djamis+2025+x1+trail HTTP/1.1" 200 23136 "-" "Mozilla/5.0 AppleWebKit/537.36 (KHTML, like Gecko; compatible; bingbot/2.0; +http://www.bing.com/bingbot.htm) Chrome/116.0.1938.76 Safari/537.36"
52.167.144.222 - - [12/Jun/2025:08:31:10 -0400] "GET /?d=31493178260&filter=ada5f8&share_to_url=shopdetail.php%3Fid%3D1070696%26name%3Diron+butterfly+discount HTTP/1.1" 200 24042 "-" "Mozilla/5.0 AppleWebKit/537.36 (KHTML, like Gecko; compatible; bingbot/2.0; +http://www.bing.com/bingbot.htm) Chrome/116.0.1938.76 Safari/537.36"
52.167.144.238 - - [12/Jun/2025:08:31:11 -0400] "GET /?d=44059865260&filter=dde61e&share_to_url=shopdetail.php%3Fid%3D1495256%26name%3Ddownload+watched+multimedia+browser HTTP/1.1" 200 23824 "-" "Mozilla/5.0 AppleWebKit/537.36 (KHTML, like Gecko; compatible; bingbot/2.0; +http://www.bing.com/bingbot.htm) Chrome/116.0.1938.76 Safari/537.36"
66.249.64.10 - - [12/Jun/2025:08:31:11 -0400] "GET /?d=99828337260&filter=541c88&share_to_url=item.php%3Fid%3D3383353%26name%3Drenting+bicycles+near+shop HTTP/1.1" 200 23337 "-" "Mozilla/5.0 (Linux; Android 6.0.1; Nexus 5X Build/MMB29P) AppleWebKit/537.36 (KHTML, like Gecko) Chrome/136.0.7103.113 Mobile Safari/537.36 (compatible; Googlebot/2.1; +http://www.google.com/bot.html)"
66.249.64.11 - - [12/Jun/2025:08:31:11 -0400] "GET /?d=111767984260&filter=ef3f7a&share_to_url=pin.php%3Fid%3D3785622%26name%3Dcharles+of+the+ritz HTTP/1.1" 200 23176 "-" "Mozilla/5.0 (Linux; Android 6.0.1; Nexus 5X Build/MMB29P) AppleWebKit/537.36 (KHTML, like Gecko) Chrome/136.0.7103.113 Mobile Safari/537.36 (compatible; Googlebot/2.1; +http://www.google.com/bot.html)"
66.249.64.10 - - [12/Jun/2025:08:31:12 -0400] "GET /?d=107978352260&filter=3d4903&share_to_url=article.php%3Fid%3D3655862%26name%3Dvisita+nuestra+tienda+g%C3%B3tica HTTP/1.1" 200 24071 "-" "Mozilla/5.0 (Linux; Android 6.0.1; Nexus 5X Build/MMB29P) AppleWebKit/537.36 (KHTML, like Gecko) Chrome/136.0.7103.113 Mobile Safari/537.36 (compatible; Googlebot/2.1; +http://www.google.com/bot.html)"
66.249.64.10 - - [12/Jun/2025:08:31:14 -0400] "GET /?d=115879761260&filter=73bc2f&share_to_url=detail.php%3Fid%3D3924189%26name%3Dbague+pandora+fada HTTP/1.1" 200 24096 "-" "Mozilla/5.0 (Linux; Android 6.0.1; Nexus 5X Build/MMB29P) AppleWebKit/537.36 (KHTML, like Gecko) Chrome/136.0.7103.113 Mobile Safari/537.36 (compatible; Googlebot/2.1; +http://www.google.com/bot.html)"
207.46.13.154 - - [12/Jun/2025:08:31:14 -0400] "GET /?d=105055004260&filter=daf99f&share_to_url=item.php%3Fid%3D3559237%26name%3Dfloral+print+dohar+bedding HTTP/1.1" 200 24300 "-" "Mozilla/5.0 AppleWebKit/537.36 (KHTML, like Gecko; compatible; bingbot/2.0; +http://www.bing.com/bingbot.htm) Chrome/116.0.1938.76 Safari/537.36"
66.249.64.10 - - [12/Jun/2025:08:31:14 -0400] "GET /?d=101494777260&filter=8c1a8c&share_to_url=discover.php%3Fid%3D3440717%26name%3Dcamper+peu+cami+boots+silver HTTP/1.1" 200 23554 "-" "Mozilla/5.0 (Linux; Android 6.0.1; Nexus 5X Build/MMB29P) AppleWebKit/537.36 (KHTML, like Gecko) Chrome/136.0.7103.113 Mobile Safari/537.36 (compatible; Googlebot/2.1; +http://www.google.com/bot.html)"
66.249.64.10 - - [12/Jun/2025:08:31:15 -0400] "GET /?d=113434173260&filter=6f7032&share_to_url=model.php%3Fid%3D3841647%26name%3Ddining+in+series HTTP/1.1" 200 24596 "-" "Mozilla/5.0 (Linux; Android 6.0.1; Nexus 5X Build/MMB29P) AppleWebKit/537.36 (KHTML, like Gecko) Chrome/136.0.7103.113 Mobile Safari/537.36 (compatible; Googlebot/2.1; +http://www.google.com/bot.html)"
66.249.64.10 - - [12/Jun/2025:08:31:16 -0400] "GET /?d=89557428260&filter=b3b2d4&share_to_url=pin.php%3Fid%3D3035514%26name%3Dnueva+beneli+180s HTTP/1.1" 200 23793 "-" "Mozilla/5.0 (Linux; Android 6.0.1; Nexus 5X Build/MMB29P) AppleWebKit/537.36 (KHTML, like Gecko) Chrome/136.0.7103.113 Mobile Safari/537.36 (compatible; Googlebot/2.1; +http://www.google.com/bot.html)"
66.249.64.10 - - [12/Jun/2025:08:31:18 -0400] "GET /?d=108619761260&filter=fefd24&share_to_url=detail.php%3Fid%3D3677697%26name%3Dnatural+black+tourmaline+bracelet+for HTTP/1.1" 200 23080 "-" "Mozilla/5.0 (Linux; Android 6.0.1; Nexus 5X Build/MMB29P) AppleWebKit/537.36 (KHTML, like Gecko) Chrome/136.0.7103.113 Mobile Safari/537.36 (compatible; Googlebot/2.1; +http://www.google.com/bot.html)"
66.249.64.10 - - [12/Jun/2025:08:31:20 -0400] "GET /?d=102957475260&filter=34e834&share_to_url=product-page.php%3Fid%3D3489220%26name%3Dcheap+japanese+kawaii+oversized+zip HTTP/1.1" 200 24107 "-" "Mozilla/5.0 (Linux; Android 6.0.1; Nexus 5X Build/MMB29P) AppleWebKit/537.36 (KHTML, like Gecko) Chrome/136.0.7103.113 Mobile Safari/537.36 (compatible; Googlebot/2.1; +http://www.google.com/bot.html)"
66.249.64.10 - - [12/Jun/2025:08:31:21 -0400] "GET /?d=98829035260&filter=d1430f&share_to_url=discover.php%3Fid%3D3349193%26name%3Dbarthelay+fond HTTP/1.1" 200 22767 "-" "Mozilla/5.0 (Linux; Android 6.0.1; Nexus 5X Build/MMB29P) AppleWebKit/537.36 (KHTML, like Gecko) Chrome/136.0.7103.113 Mobile Safari/537.36 (compatible; Googlebot/2.1; +http://www.google.com/bot.html)"
66.249.64.11 - - [12/Jun/2025:08:31:22 -0400] "GET /?d=115990893260&filter=6d6f21&share_to_url=goods.php%3Fid%3D3927863%26name%3Dsambal+picak+resep+sambal+khas HTTP/1.1" 200 24355 "-" "Mozilla/5.0 (Linux; Android 6.0.1; Nexus 5X Build/MMB29P) AppleWebKit/537.36 (KHTML, like Gecko) Chrome/136.0.7103.113 Mobile Safari/537.36 (compatible; Googlebot/2.1; +http://www.google.com/bot.html)"
66.249.64.10 - - [12/Jun/2025:08:31:22 -0400] "GET /?d=99661460260&filter=d14653&share_to_url=product-page.php%3Fid%3D3377512%26name%3Dwrappa+classic+black+white+ultimate HTTP/1.1" 200 22894 "-" "Mozilla/5.0 (Linux; Android 6.0.1; Nexus 5X Build/MMB29P) AppleWebKit/537.36 (KHTML, like Gecko) Chrome/136.0.7103.113 Mobile Safari/537.36 (compatible; Googlebot/2.1; +http://www.google.com/bot.html)"
52.167.144.238 - - [12/Jun/2025:08:31:22 -0400] "GET /?d=20687189260&filter=956610&share_to_url=product.php%3Fid%3D702886%26name%3Dneals+cosmetic+alisado+dual HTTP/1.1" 200 22911 "-" "Mozilla/5.0 AppleWebKit/537.36 (KHTML, like Gecko; compatible; bingbot/2.0; +http://www.bing.com/bingbot.htm) Chrome/116.0.1938.76 Safari/537.36"
66.249.64.11 - - [12/Jun/2025:08:31:22 -0400] "GET /?d=98008857260&filter=34e834&share_to_url=discover.php%3Fid%3D3321365%26name%3Doctopus+rainbow+unisex+hoodie HTTP/1.1" 200 24099 "-" "Mozilla/5.0 (Linux; Android 6.0.1; Nexus 5X Build/MMB29P) AppleWebKit/537.36 (KHTML, like Gecko) Chrome/136.0.7103.113 Mobile Safari/537.36 (compatible; Googlebot/2.1; +http://www.google.com/bot.html)"
66.249.64.10 - - [12/Jun/2025:08:31:23 -0400] "GET /?d=89793785260&filter=3699f1&share_to_url=product-page.php%3Fid%3D3043432%26name%3Dmonge+best+for+breeders+maxi HTTP/1.1" 200 24347 "-" "Mozilla/5.0 (Linux; Android 6.0.1; Nexus 5X Build/MMB29P) AppleWebKit/537.36 (KHTML, like Gecko) Chrome/136.0.7103.113 Mobile Safari/537.36 (compatible; Googlebot/2.1; +http://www.google.com/bot.html)"
66.249.64.11 - - [12/Jun/2025:08:31:23 -0400] "GET /?d=111513239260&filter=bfc81f&share_to_url=shopdetail.php%3Fid%3D3776660%26name%3Dnew+ventum+z HTTP/1.1" 200 23561 "-" "Mozilla/5.0 (Linux; Android 6.0.1; Nexus 5X Build/MMB29P) AppleWebKit/537.36 (KHTML, like Gecko) Chrome/136.0.7103.113 Mobile Safari/537.36 (compatible; Googlebot/2.1; +http://www.google.com/bot.html)"
52.167.144.238 - - [12/Jun/2025:08:31:23 -0400] "GET /?d=113778700260&filter=1f865f&share_to_url=model.php%3Fid%3D3853035%26name%3Drog+herculx+el+nuevo HTTP/1.1" 200 21947 "-" "Mozilla/5.0 AppleWebKit/537.36 (KHTML, like Gecko; compatible; bingbot/2.0; +http://www.bing.com/bingbot.htm) Chrome/116.0.1938.76 Safari/537.36"
66.249.64.11 - - [12/Jun/2025:08:31:24 -0400] "GET /?d=116617935260&filter=5edd4d&share_to_url=product.php%3Fid%3D3949102%26name%3Dpug+puppy+care+how HTTP/1.1" 200 23814 "-" "Mozilla/5.0 (Linux; Android 6.0.1; Nexus 5X Build/MMB29P) AppleWebKit/537.36 (KHTML, like Gecko) Chrome/136.0.7103.113 Mobile Safari/537.36 (compatible; Googlebot/2.1; +http://www.google.com/bot.html)"
40.77.167.9 - - [12/Jun/2025:08:31:24 -0400] "GET /?d=110253717260&filter=3c6ceb&share_to_url=goods.php%3Fid%3D3731723%26name%3Dbota+original+ankle HTTP/1.1" 200 24722 "-" "Mozilla/5.0 AppleWebKit/537.36 (KHTML, like Gecko; compatible; bingbot/2.0; +http://www.bing.com/bingbot.htm) Chrome/116.0.1938.76 Safari/537.36"
66.249.64.10 - - [12/Jun/2025:08:31:25 -0400] "GET /?d=97805473260&filter=cc1802&share_to_url=goods.php%3Fid%3D3314879%26name%3Dwomens+tennis+shoes+swiss+sport HTTP/1.1" 200 22363 "-" "Mozilla/5.0 (Linux; Android 6.0.1; Nexus 5X Build/MMB29P) AppleWebKit/537.36 (KHTML, like Gecko) Chrome/136.0.7103.113 Mobile Safari/537.36 (compatible; Googlebot/2.1; +http://www.google.com/bot.html)"
66.249.64.10 - - [12/Jun/2025:08:31:25 -0400] "GET /?d=98387234260&filter=74e00d&share_to_url=article.php%3Fid%3D3334418%26name%3Dderik+fein HTTP/1.1" 200 25046 "-" "Mozilla/5.0 (Linux; Android 6.0.1; Nexus 5X Build/MMB29P) AppleWebKit/537.36 (KHTML, like Gecko) Chrome/136.0.7103.113 Mobile Safari/537.36 (compatible; Googlebot/2.1; +http://www.google.com/bot.html)"
66.249.64.10 - - [12/Jun/2025:08:31:27 -0400] "GET /?d=114112870260&filter=f4b633&share_to_url=ideas.php%3Fid%3D3864348%26name%3Dlarge+dining HTTP/1.1" 200 24402 "-" "Mozilla/5.0 (Linux; Android 6.0.1; Nexus 5X Build/MMB29P) AppleWebKit/537.36 (KHTML, like Gecko) Chrome/136.0.7103.113 Mobile Safari/537.36 (compatible; Googlebot/2.1; +http://www.google.com/bot.html)"
66.249.64.11 - - [12/Jun/2025:08:31:27 -0400] "GET /?d=109676180260&filter=7af24f&share_to_url=pin.php%3Fid%3D3712146%26name%3Dvoltas+bottom+loaded HTTP/1.1" 200 23891 "-" "Mozilla/5.0 (Linux; Android 6.0.1; Nexus 5X Build/MMB29P) AppleWebKit/537.36 (KHTML, like Gecko) Chrome/136.0.7103.113 Mobile Safari/537.36 (compatible; Googlebot/2.1; +http://www.google.com/bot.html)"
66.249.64.10 - - [12/Jun/2025:08:31:28 -0400] "GET /?d=109875344260&filter=f3b098&share_to_url=item.php%3Fid%3D3718825%26name%3Ddog+boarding+near+me+sussex HTTP/1.1" 200 23478 "-" "Mozilla/5.0 (Linux; Android 6.0.1; Nexus 5X Build/MMB29P) AppleWebKit/537.36 (KHTML, like Gecko) Chrome/136.0.7103.113 Mobile Safari/537.36 (compatible; Googlebot/2.1; +http://www.google.com/bot.html)"
40.77.167.37 - - [12/Jun/2025:08:31:28 -0400] "GET /?d=94802326260&filter=00a8d6&share_to_url=product.php%3Fid%3D3212410%26name%3Dmotley+crue+heavy+metal HTTP/1.1" 200 22797 "-" "Mozilla/5.0 AppleWebKit/537.36 (KHTML, like Gecko; compatible; bingbot/2.0; +http://www.bing.com/bingbot.htm) Chrome/116.0.1938.76 Safari/537.36"
66.249.64.11 - - [12/Jun/2025:08:31:30 -0400] "GET /?d=106112138260&filter=743173&share_to_url=discover.php%3Fid%3D3594125%26name%3Dtamaris+botas+de+nieve HTTP/1.1" 200 24101 "-" "Mozilla/5.0 (Linux; Android 6.0.1; Nexus 5X Build/MMB29P) AppleWebKit/537.36 (KHTML, like Gecko) Chrome/136.0.7103.113 Mobile Safari/537.36 (compatible; Googlebot/2.1; +http://www.google.com/bot.html)"
66.249.64.13 - - [12/Jun/2025:08:31:31 -0400] "GET /?d=110352755260&filter=1876cd&share_to_url=detail.php%3Fid%3D3735585%26name%3Dbabygrow+for+adults+primark HTTP/1.1" 200 23641 "-" "Mozilla/5.0 (Linux; Android 6.0.1; Nexus 5X Build/MMB29P) AppleWebKit/537.36 (KHTML, like Gecko) Chrome/136.0.7103.113 Mobile Safari/537.36 (compatible; Googlebot/2.1; +http://www.google.com/bot.html)"
66.249.64.11 - - [12/Jun/2025:08:31:33 -0400] "GET /?d=106583009260&filter=781a9e&share_to_url=item.php%3Fid%3D3609937%26name%3Dbuy+vintage+geiger HTTP/1.1" 200 23435 "-" "Mozilla/5.0 (Linux; Android 6.0.1; Nexus 5X Build/MMB29P) AppleWebKit/537.36 (KHTML, like Gecko) Chrome/136.0.7103.113 Mobile Safari/537.36 (compatible; Googlebot/2.1; +http://www.google.com/bot.html)"
52.167.144.222 - - [12/Jun/2025:08:31:34 -0400] "GET /?d=88552548260&filter=50365e&share_to_url=pin.php%3Fid%3D3001218%26name%3Ddesaf%C3%ADo+de+calistenia HTTP/1.1" 200 23690 "-" "Mozilla/5.0 AppleWebKit/537.36 (KHTML, like Gecko; compatible; bingbot/2.0; +http://www.bing.com/bingbot.htm) Chrome/116.0.1938.76 Safari/537.36"
52.167.144.238 - - [12/Jun/2025:08:31:34 -0400] "GET /?d=37133398260&filter=edd546&share_to_url=article.php%3Fid%3D1260830%26name%3Ddo+i+get+my HTTP/1.1" 200 24218 "-" "Mozilla/5.0 AppleWebKit/537.36 (KHTML, like Gecko; compatible; bingbot/2.0; +http://www.bing.com/bingbot.htm) Chrome/116.0.1938.76 Safari/537.36"
66.249.64.10 - - [12/Jun/2025:08:31:34 -0400] "GET /?d=109940082260&filter=9f1c50&share_to_url=product-page.php%3Fid%3D3720940%26name%3Dsprayground+graffiti+discounts HTTP/1.1" 200 23840 "-" "Mozilla/5.0 (Linux; Android 6.0.1; Nexus 5X Build/MMB29P) AppleWebKit/537.36 (KHTML, like Gecko) Chrome/136.0.7103.113 Mobile Safari/537.36 (compatible; Googlebot/2.1; +http://www.google.com/bot.html)"
52.167.144.238 - - [12/Jun/2025:08:31:34 -0400] "GET /?d=81408363260&filter=dc973f&share_to_url=detail.php%3Fid%3D2757321%26name%3Ddraper+d20+cordless+pressure HTTP/1.1" 200 23119 "-" "Mozilla/5.0 AppleWebKit/537.36 (KHTML, like Gecko; compatible; bingbot/2.0; +http://www.bing.com/bingbot.htm) Chrome/116.0.1938.76 Safari/537.36"
66.249.64.10 - - [12/Jun/2025:08:31:35 -0400] "GET /?d=91545879260&filter=529dd7&share_to_url=product.php%3Fid%3D3102298%26name%3Dmx+ss21+s21u+samsung+galaxy+s21 HTTP/1.1" 200 23168 "-" "Mozilla/5.0 (Linux; Android 6.0.1; Nexus 5X Build/MMB29P) AppleWebKit/537.36 (KHTML, like Gecko) Chrome/136.0.7103.113 Mobile Safari/537.36 (compatible; Googlebot/2.1; +http://www.google.com/bot.html)"
66.249.64.10 - - [12/Jun/2025:08:31:37 -0400] "GET /?d=117765267260&filter=315f2d&share_to_url=shop.php%3Fid%3D3988231%26name%3Dheadphones+realme+discount+price HTTP/1.1" 200 23656 "-" "Mozilla/5.0 (Linux; Android 6.0.1; Nexus 5X Build/MMB29P) AppleWebKit/537.36 (KHTML, like Gecko) Chrome/136.0.7103.113 Mobile Safari/537.36 (compatible; Googlebot/2.1; +http://www.google.com/bot.html)"
207.46.13.154 - - [12/Jun/2025:08:31:38 -0400] "GET /?d=113991509260&filter=fe435c&share_to_url=model.php%3Fid%3D3860487%26name%3Dmohave+backpack HTTP/1.1" 200 22151 "-" "Mozilla/5.0 AppleWebKit/537.36 (KHTML, like Gecko; compatible; bingbot/2.0; +http://www.bing.com/bingbot.htm) Chrome/116.0.1938.76 Safari/537.36"
66.249.64.13 - - [12/Jun/2025:08:31:40 -0400] "GET /?d=101881067260&filter=6593d3&share_to_url=model.php%3Fid%3D3453879%26name%3Ddiscover+20+movies+like+scent HTTP/1.1" 200 23163 "-" "Mozilla/5.0 (Linux; Android 6.0.1; Nexus 5X Build/MMB29P) AppleWebKit/537.36 (KHTML, like Gecko) Chrome/136.0.7103.113 Mobile Safari/537.36 (compatible; Googlebot/2.1; +http://www.google.com/bot.html)"
66.249.64.10 - - [12/Jun/2025:08:31:41 -0400] "GET /?d=109474044260&filter=9dd1d1&share_to_url=shop.php%3Fid%3D3705475%26name%3Doculos+tom+ford+541 HTTP/1.1" 200 22481 "-" "Mozilla/5.0 (Linux; Android 6.0.1; Nexus 5X Build/MMB29P) AppleWebKit/537.36 (KHTML, like Gecko) Chrome/136.0.7103.113 Mobile Safari/537.36 (compatible; Googlebot/2.1; +http://www.google.com/bot.html)"
204.12.252.98 - - [12/Jun/2025:08:31:43 -0400] "GET /wp-includes/edit.php HTTP/1.1" 302 6 "https://churchmr.com/wp-includes/edit.php" "Mozilla/5.0 (Windows NT 10.0; Win64; x64) AppleWebKit/537.36 (KHTML, like Gecko) Chrome/58.0.3029.110 Safari/537.3"
66.249.64.11 - - [12/Jun/2025:08:31:43 -0400] "GET /?d=111996086260&filter=a3beff&share_to_url=article.php%3Fid%3D3793490%26name%3Daustin+entertainment+district+kicks+off HTTP/1.1" 200 22791 "-" "Mozilla/5.0 (Linux; Android 6.0.1; Nexus 5X Build/MMB29P) AppleWebKit/537.36 (KHTML, like Gecko) Chrome/136.0.7103.113 Mobile Safari/537.36 (compatible; Googlebot/2.1; +http://www.google.com/bot.html)"
204.12.252.98 - - [12/Jun/2025:08:31:43 -0400] "GET /wp-includes/loginn.php HTTP/1.1" 302 6 "https://churchmr.com/wp-includes/edit.php" "Mozilla/5.0 (Windows NT 10.0; Win64; x64) AppleWebKit/537.36 (KHTML, like Gecko) Chrome/58.0.3029.110 Safari/537.3"
52.167.144.222 - - [12/Jun/2025:08:31:44 -0400] "GET /?d=19436705260&filter=1226ef&share_to_url=article.php%3Fid%3D660614%26name%3Droth+robert+pinot+noir HTTP/1.1" 200 23660 "-" "Mozilla/5.0 AppleWebKit/537.36 (KHTML, like Gecko; compatible; bingbot/2.0; +http://www.bing.com/bingbot.htm) Chrome/116.0.1938.76 Safari/537.36"
66.249.64.13 - - [12/Jun/2025:08:31:44 -0400] "GET /?d=106206818260&filter=06712c&share_to_url=pin.php%3Fid%3D3597198%26name%3D501+81+women+s+jeans HTTP/1.1" 200 23057 "-" "Mozilla/5.0 (Linux; Android 6.0.1; Nexus 5X Build/MMB29P) AppleWebKit/537.36 (KHTML, like Gecko) Chrome/136.0.7103.113 Mobile Safari/537.36 (compatible; Googlebot/2.1; +http://www.google.com/bot.html)"
204.12.252.98 - - [12/Jun/2025:08:31:44 -0400] "GET /wp-includes/loginn.php HTTP/1.1" 302 6 "https://churchmr.com/wp-includes/edit.php" "Mozilla/5.0 (Windows NT 10.0; Win64; x64) AppleWebKit/537.36 (KHTML, like Gecko) Chrome/58.0.3029.110 Safari/537.3"
40.77.167.9 - - [12/Jun/2025:08:31:45 -0400] "GET /?d=96273165260&filter=3ce4dd&share_to_url=goods.php%3Fid%3D3261707%26name%3Dtotally+invisible+30+denier+tights HTTP/1.1" 200 23173 "-" "Mozilla/5.0 AppleWebKit/537.36 (KHTML, like Gecko; compatible; bingbot/2.0; +http://www.bing.com/bingbot.htm) Chrome/116.0.1938.76 Safari/537.36"
204.12.252.98 - - [12/Jun/2025:08:31:45 -0400] "GET /wp-includes/loginn.php HTTP/1.1" 302 6 "https://churchmr.com/wp-includes/edit.php" "Mozilla/5.0 (Windows NT 10.0; Win64; x64) AppleWebKit/537.36 (KHTML, like Gecko) Chrome/58.0.3029.110 Safari/537.3"
66.249.64.7 - - [12/Jun/2025:08:31:46 -0400] "GET /?d=101839789260&filter=de6ef0&share_to_url=item.php%3Fid%3D3452449%26name%3Dpadded+puffer+jacket+in+a HTTP/1.1" 200 24231 "-" "Mozilla/5.0 (Linux; Android 6.0.1; Nexus 5X Build/MMB29P) AppleWebKit/537.36 (KHTML, like Gecko) Chrome/136.0.7103.113 Mobile Safari/537.36 (compatible; Googlebot/2.1; +http://www.google.com/bot.html)"
204.12.252.98 - - [12/Jun/2025:08:31:46 -0400] "GET /wp-includes/loginn.php HTTP/1.1" 302 6 "https://churchmr.com/wp-includes/edit.php" "Mozilla/5.0 (Windows NT 10.0; Win64; x64) AppleWebKit/537.36 (KHTML, like Gecko) Chrome/58.0.3029.110 Safari/537.3"
40.77.167.9 - - [12/Jun/2025:08:31:46 -0400] "GET /?d=112464436260&filter=772a7d&share_to_url=goods.php%3Fid%3D3809387%26name%3Dmancuernas+de+discount+10 HTTP/1.1" 200 23712 "-" "Mozilla/5.0 AppleWebKit/537.36 (KHTML, like Gecko; compatible; bingbot/2.0; +http://www.bing.com/bingbot.htm) Chrome/116.0.1938.76 Safari/537.36"
66.249.64.6 - - [12/Jun/2025:08:31:47 -0400] "GET /?d=90653781260&filter=b906ce&share_to_url=detail.php%3Fid%3D3072417%26name%3Dbhk+flat+available+for HTTP/1.1" 200 23474 "-" "Mozilla/5.0 (Linux; Android 6.0.1; Nexus 5X Build/MMB29P) AppleWebKit/537.36 (KHTML, like Gecko) Chrome/136.0.7103.113 Mobile Safari/537.36 (compatible; Googlebot/2.1; +http://www.google.com/bot.html)"
204.12.252.98 - - [12/Jun/2025:08:31:47 -0400] "GET /wp-includes/loginn.php HTTP/1.1" 302 6 "https://churchmr.com/wp-includes/edit.php" "Mozilla/5.0 (Windows NT 10.0; Win64; x64) AppleWebKit/537.36 (KHTML, like Gecko) Chrome/58.0.3029.110 Safari/537.3"
204.12.252.98 - - [12/Jun/2025:08:31:47 -0400] "GET /wp-includes/loginn.php HTTP/1.1" 302 6 "https://churchmr.com/wp-includes/edit.php" "Mozilla/5.0 (Windows NT 10.0; Win64; x64) AppleWebKit/537.36 (KHTML, like Gecko) Chrome/58.0.3029.110 Safari/537.3"
204.12.252.98 - - [12/Jun/2025:08:31:48 -0400] "GET /wp-includes/loginn.php HTTP/1.1" 302 6 "https://churchmr.com/wp-includes/edit.php" "Mozilla/5.0 (Windows NT 10.0; Win64; x64) AppleWebKit/537.36 (KHTML, like Gecko) Chrome/58.0.3029.110 Safari/537.3"
66.249.64.7 - - [12/Jun/2025:08:31:48 -0400] "GET /?d=111378149260&filter=37fa66&share_to_url=detail.php%3Fid%3D3771921%26name%3Dtelier+sudadera+cremallera+tacto HTTP/1.1" 200 23566 "-" "Mozilla/5.0 (Linux; Android 6.0.1; Nexus 5X Build/MMB29P) AppleWebKit/537.36 (KHTML, like Gecko) Chrome/136.0.7103.113 Mobile Safari/537.36 (compatible; Googlebot/2.1; +http://www.google.com/bot.html)"
204.12.252.98 - - [12/Jun/2025:08:31:49 -0400] "GET /wp-includes/loginn.php HTTP/1.1" 302 6 "https://churchmr.com/wp-includes/edit.php" "Mozilla/5.0 (Windows NT 10.0; Win64; x64) AppleWebKit/537.36 (KHTML, like Gecko) Chrome/58.0.3029.110 Safari/537.3"
66.249.64.5 - - [12/Jun/2025:08:31:49 -0400] "GET /?d=108845549260&filter=225350&share_to_url=goods.php%3Fid%3D3685151%26name%3Dtessuto+da+tappezzeria+in+poliestere HTTP/1.1" 200 23193 "-" "Mozilla/5.0 (Linux; Android 6.0.1; Nexus 5X Build/MMB29P) AppleWebKit/537.36 (KHTML, like Gecko) Chrome/136.0.7103.113 Mobile Safari/537.36 (compatible; Googlebot/2.1; +http://www.google.com/bot.html)"
204.12.252.98 - - [12/Jun/2025:08:31:49 -0400] "GET /wp-includes/loginn.php HTTP/1.1" 302 6 "https://churchmr.com/wp-includes/edit.php" "Mozilla/5.0 (Windows NT 10.0; Win64; x64) AppleWebKit/537.36 (KHTML, like Gecko) Chrome/58.0.3029.110 Safari/537.3"
204.12.252.98 - - [12/Jun/2025:08:31:50 -0400] "GET /wp-includes/loginn.php HTTP/1.1" 302 6 "https://churchmr.com/wp-includes/edit.php" "Mozilla/5.0 (Windows NT 10.0; Win64; x64) AppleWebKit/537.36 (KHTML, like Gecko) Chrome/58.0.3029.110 Safari/537.3"
66.249.64.8 - - [12/Jun/2025:08:31:51 -0400] "GET /?d=92257440260&filter=b94814&share_to_url=item.php%3Fid%3D3125473%26name%3Dhp+laptop+screen HTTP/1.1" 200 23738 "-" "Mozilla/5.0 (Linux; Android 6.0.1; Nexus 5X Build/MMB29P) AppleWebKit/537.36 (KHTML, like Gecko) Chrome/136.0.7103.113 Mobile Safari/537.36 (compatible; Googlebot/2.1; +http://www.google.com/bot.html)"
204.12.252.98 - - [12/Jun/2025:08:31:51 -0400] "GET /wp-includes/loginn.php HTTP/1.1" 302 6 "https://churchmr.com/wp-includes/edit.php" "Mozilla/5.0 (Windows NT 10.0; Win64; x64) AppleWebKit/537.36 (KHTML, like Gecko) Chrome/58.0.3029.110 Safari/537.3"
204.12.252.98 - - [12/Jun/2025:08:31:51 -0400] "GET /wp-includes/loginn.php HTTP/1.1" 302 6 "https://churchmr.com/wp-includes/edit.php" "Mozilla/5.0 (Windows NT 10.0; Win64; x64) AppleWebKit/537.36 (KHTML, like Gecko) Chrome/58.0.3029.110 Safari/537.3"
66.249.64.8 - - [12/Jun/2025:08:31:52 -0400] "GET /?d=96854823260&filter=1066c7&share_to_url=detail.php%3Fid%3D3281793%26name%3Deberhard+traversetolo+vitr%C3%89+le HTTP/1.1" 200 22695 "-" "Mozilla/5.0 (Linux; Android 6.0.1; Nexus 5X Build/MMB29P) AppleWebKit/537.36 (KHTML, like Gecko) Chrome/136.0.7103.113 Mobile Safari/537.36 (compatible; Googlebot/2.1; +http://www.google.com/bot.html)"
204.12.252.98 - - [12/Jun/2025:08:31:52 -0400] "GET /wp-includes/loginn.php HTTP/1.1" 302 6 "https://churchmr.com/wp-includes/edit.php" "Mozilla/5.0 (Windows NT 10.0; Win64; x64) AppleWebKit/537.36 (KHTML, like Gecko) Chrome/58.0.3029.110 Safari/537.3"
204.12.252.98 - - [12/Jun/2025:08:31:53 -0400] "GET /wp-includes/loginn.php HTTP/1.1" 302 6 "https://churchmr.com/wp-includes/edit.php" "Mozilla/5.0 (Windows NT 10.0; Win64; x64) AppleWebKit/537.36 (KHTML, like Gecko) Chrome/58.0.3029.110 Safari/537.3"
204.12.252.98 - - [12/Jun/2025:08:31:53 -0400] "GET /wp-includes/loginn.php HTTP/1.1" 302 6 "https://churchmr.com/wp-includes/edit.php" "Mozilla/5.0 (Windows NT 10.0; Win64; x64) AppleWebKit/537.36 (KHTML, like Gecko) Chrome/58.0.3029.110 Safari/537.3"
66.249.64.8 - - [12/Jun/2025:08:31:54 -0400] "GET /?d=74230192260&filter=1cbf7a&share_to_url=product-page.php%3Fid%3D2516680%26name%3Dbattery+drilling+store+machine HTTP/1.1" 200 25015 "-" "Mozilla/5.0 (Linux; Android 6.0.1; Nexus 5X Build/MMB29P) AppleWebKit/537.36 (KHTML, like Gecko) Chrome/136.0.7103.113 Mobile Safari/537.36 (compatible; Googlebot/2.1; +http://www.google.com/bot.html)"
204.12.252.98 - - [12/Jun/2025:08:31:54 -0400] "GET /wp-includes/loginn.php HTTP/1.1" 302 6 "https://churchmr.com/wp-includes/edit.php" "Mozilla/5.0 (Windows NT 10.0; Win64; x64) AppleWebKit/537.36 (KHTML, like Gecko) Chrome/58.0.3029.110 Safari/537.3"
204.12.252.98 - - [12/Jun/2025:08:31:55 -0400] "GET /wp-includes/loginn.php HTTP/1.1" 302 6 "https://churchmr.com/wp-includes/edit.php" "Mozilla/5.0 (Windows NT 10.0; Win64; x64) AppleWebKit/537.36 (KHTML, like Gecko) Chrome/58.0.3029.110 Safari/537.3"
66.249.64.6 - - [12/Jun/2025:08:31:55 -0400] "GET /?d=99986957260&filter=2782bc&share_to_url=goods.php%3Fid%3D3388715%26name%3Damazfit+balance+gris HTTP/1.1" 200 22732 "-" "Mozilla/5.0 (Linux; Android 6.0.1; Nexus 5X Build/MMB29P) AppleWebKit/537.36 (KHTML, like Gecko) Chrome/136.0.7103.113 Mobile Safari/537.36 (compatible; Googlebot/2.1; +http://www.google.com/bot.html)"
204.12.252.98 - - [12/Jun/2025:08:31:55 -0400] "GET /wp-includes/loginn.php HTTP/1.1" 302 6 "https://churchmr.com/wp-includes/edit.php" "Mozilla/5.0 (Windows NT 10.0; Win64; x64) AppleWebKit/537.36 (KHTML, like Gecko) Chrome/58.0.3029.110 Safari/537.3"
66.249.64.6 - - [12/Jun/2025:08:31:56 -0400] "GET /?d=113993916260&filter=eace83&share_to_url=pin.php%3Fid%3D3860574%26name%3Dsteve+covino+on HTTP/1.1" 200 24595 "-" "Mozilla/5.0 (Linux; Android 6.0.1; Nexus 5X Build/MMB29P) AppleWebKit/537.36 (KHTML, like Gecko) Chrome/136.0.7103.113 Mobile Safari/537.36 (compatible; Googlebot/2.1; +http://www.google.com/bot.html)"
204.12.252.98 - - [12/Jun/2025:08:31:56 -0400] "GET /wp-includes/loginn.php HTTP/1.1" 302 6 "https://churchmr.com/wp-includes/edit.php" "Mozilla/5.0 (Windows NT 10.0; Win64; x64) AppleWebKit/537.36 (KHTML, like Gecko) Chrome/58.0.3029.110 Safari/537.3"
204.12.252.98 - - [12/Jun/2025:08:31:57 -0400] "GET /wp-includes/loginn.php HTTP/1.1" 302 6 "https://churchmr.com/wp-includes/edit.php" "Mozilla/5.0 (Windows NT 10.0; Win64; x64) AppleWebKit/537.36 (KHTML, like Gecko) Chrome/58.0.3029.110 Safari/537.3"
66.249.64.5 - - [12/Jun/2025:08:31:57 -0400] "GET /?d=106486353260&filter=b18bc9&share_to_url=detail.php%3Fid%3D3606441%26name%3Dportavasos+de+caf%C3%A9 HTTP/1.1" 200 24303 "-" "Mozilla/5.0 (Linux; Android 6.0.1; Nexus 5X Build/MMB29P) AppleWebKit/537.36 (KHTML, like Gecko) Chrome/136.0.7103.113 Mobile Safari/537.36 (compatible; Googlebot/2.1; +http://www.google.com/bot.html)"
204.12.252.98 - - [12/Jun/2025:08:31:57 -0400] "GET /wp-includes/loginn.php HTTP/1.1" 302 6 "https://churchmr.com/wp-includes/edit.php" "Mozilla/5.0 (Windows NT 10.0; Win64; x64) AppleWebKit/537.36 (KHTML, like Gecko) Chrome/58.0.3029.110 Safari/537.3"
66.249.64.7 - - [12/Jun/2025:08:31:58 -0400] "GET /?d=99993478260&filter=7424df&share_to_url=shop.php%3Fid%3D3388999%26name%3Dzapatos+northwave+core+plus HTTP/1.1" 200 22783 "-" "Mozilla/5.0 (Linux; Android 6.0.1; Nexus 5X Build/MMB29P) AppleWebKit/537.36 (KHTML, like Gecko) Chrome/136.0.7103.113 Mobile Safari/537.36 (compatible; Googlebot/2.1; +http://www.google.com/bot.html)"
66.249.64.5 - - [12/Jun/2025:08:31:58 -0400] "GET /?d=91734560260&filter=62bca5&share_to_url=shop.php%3Fid%3D3108511%26name%3Damba+radiant+curved HTTP/1.1" 200 23171 "-" "Mozilla/5.0 (Linux; Android 6.0.1; Nexus 5X Build/MMB29P) AppleWebKit/537.36 (KHTML, like Gecko) Chrome/136.0.7103.113 Mobile Safari/537.36 (compatible; Googlebot/2.1; +http://www.google.com/bot.html)"
204.12.252.98 - - [12/Jun/2025:08:31:58 -0400] "GET /wp-includes/loginn.php HTTP/1.1" 302 6 "https://churchmr.com/wp-includes/edit.php" "Mozilla/5.0 (Windows NT 10.0; Win64; x64) AppleWebKit/537.36 (KHTML, like Gecko) Chrome/58.0.3029.110 Safari/537.3"
204.12.252.98 - - [12/Jun/2025:08:31:58 -0400] "GET /wp-includes/loginn.php HTTP/1.1" 302 6 "https://churchmr.com/wp-includes/edit.php" "Mozilla/5.0 (Windows NT 10.0; Win64; x64) AppleWebKit/537.36 (KHTML, like Gecko) Chrome/58.0.3029.110 Safari/537.3"
52.167.144.238 - - [12/Jun/2025:08:31:59 -0400] "GET /?d=115297503260&filter=3ebd99&share_to_url=ideas.php%3Fid%3D3904392%26name%3Dtop+10+bollywood+comedy HTTP/1.1" 200 23772 "-" "Mozilla/5.0 AppleWebKit/537.36 (KHTML, like Gecko; compatible; bingbot/2.0; +http://www.bing.com/bingbot.htm) Chrome/116.0.1938.76 Safari/537.36"
66.249.64.5 - - [12/Jun/2025:08:31:59 -0400] "GET /?d=108475608260&filter=8de18d&share_to_url=discover.php%3Fid%3D3672773%26name%3Ddirt+bike+bajaj+boxer HTTP/1.1" 200 24290 "-" "Mozilla/5.0 (Linux; Android 6.0.1; Nexus 5X Build/MMB29P) AppleWebKit/537.36 (KHTML, like Gecko) Chrome/136.0.7103.113 Mobile Safari/537.36 (compatible; Googlebot/2.1; +http://www.google.com/bot.html)"
204.12.252.98 - - [12/Jun/2025:08:31:59 -0400] "GET /wp-includes/loginn.php HTTP/1.1" 302 6 "https://churchmr.com/wp-includes/edit.php" "Mozilla/5.0 (Windows NT 10.0; Win64; x64) AppleWebKit/537.36 (KHTML, like Gecko) Chrome/58.0.3029.110 Safari/537.3"
52.167.144.238 - - [12/Jun/2025:08:32:00 -0400] "GET /?d=62845257260&filter=4cc099&share_to_url=discover.php%3Fid%3D2131001%26name%3Dtractor+grande+de+juguete HTTP/1.1" 200 22756 "-" "Mozilla/5.0 AppleWebKit/537.36 (KHTML, like Gecko; compatible; bingbot/2.0; +http://www.bing.com/bingbot.htm) Chrome/116.0.1938.76 Safari/537.36"
204.12.252.98 - - [12/Jun/2025:08:32:00 -0400] "GET /wp-includes/loginn.php HTTP/1.1" 302 6 "https://churchmr.com/wp-includes/edit.php" "Mozilla/5.0 (Windows NT 10.0; Win64; x64) AppleWebKit/537.36 (KHTML, like Gecko) Chrome/58.0.3029.110 Safari/537.3"
66.249.64.6 - - [12/Jun/2025:08:32:00 -0400] "GET /?d=114835530260&filter=6e89d3&share_to_url=shopdetail.php%3Fid%3D3888560%26name%3Dcartoon+rabbit+butterfly HTTP/1.1" 200 24119 "-" "Mozilla/5.0 (Linux; Android 6.0.1; Nexus 5X Build/MMB29P) AppleWebKit/537.36 (KHTML, like Gecko) Chrome/136.0.7103.113 Mobile Safari/537.36 (compatible; Googlebot/2.1; +http://www.google.com/bot.html)"
52.167.144.238 - - [12/Jun/2025:08:32:00 -0400] "GET /?d=110367062260&filter=9e9754&share_to_url=discover.php%3Fid%3D3736013%26name%3Dbakery+bread+racks+on HTTP/1.1" 200 24164 "-" "Mozilla/5.0 AppleWebKit/537.36 (KHTML, like Gecko; compatible; bingbot/2.0; +http://www.bing.com/bingbot.htm) Chrome/116.0.1938.76 Safari/537.36"
204.12.252.98 - - [12/Jun/2025:08:32:00 -0400] "GET /wp-includes/loginn.php HTTP/1.1" 302 6 "https://churchmr.com/wp-includes/edit.php" "Mozilla/5.0 (Windows NT 10.0; Win64; x64) AppleWebKit/537.36 (KHTML, like Gecko) Chrome/58.0.3029.110 Safari/537.3"
204.12.252.98 - - [12/Jun/2025:08:32:01 -0400] "GET /wp-includes/loginn.php HTTP/1.1" 302 6 "https://churchmr.com/wp-includes/edit.php" "Mozilla/5.0 (Windows NT 10.0; Win64; x64) AppleWebKit/537.36 (KHTML, like Gecko) Chrome/58.0.3029.110 Safari/537.3"
66.249.64.7 - - [12/Jun/2025:08:32:02 -0400] "GET /?d=104511691260&filter=eb45ff&share_to_url=goods.php%3Fid%3D3541235%26name%3Dmalevolo+costume+da HTTP/1.1" 200 22384 "-" "Mozilla/5.0 (Linux; Android 6.0.1; Nexus 5X Build/MMB29P) AppleWebKit/537.36 (KHTML, like Gecko) Chrome/136.0.7103.113 Mobile Safari/537.36 (compatible; Googlebot/2.1; +http://www.google.com/bot.html)"
204.12.252.98 - - [12/Jun/2025:08:32:02 -0400] "GET /wp-includes/loginn.php HTTP/1.1" 302 6 "https://churchmr.com/wp-includes/edit.php" "Mozilla/5.0 (Windows NT 10.0; Win64; x64) AppleWebKit/537.36 (KHTML, like Gecko) Chrome/58.0.3029.110 Safari/537.3"
204.12.252.98 - - [12/Jun/2025:08:32:02 -0400] "GET /wp-includes/loginn.php HTTP/1.1" 302 6 "https://churchmr.com/wp-includes/edit.php" "Mozilla/5.0 (Windows NT 10.0; Win64; x64) AppleWebKit/537.36 (KHTML, like Gecko) Chrome/58.0.3029.110 Safari/537.3"
66.249.64.5 - - [12/Jun/2025:08:32:03 -0400] "GET /?d=101591932260&filter=3d4c80&share_to_url=item.php%3Fid%3D3444349%26name%3Dgiostrina+magia+di+stelle HTTP/1.1" 200 24205 "-" "Mozilla/5.0 (Linux; Android 6.0.1; Nexus 5X Build/MMB29P) AppleWebKit/537.36 (KHTML, like Gecko) Chrome/136.0.7103.113 Mobile Safari/537.36 (compatible; Googlebot/2.1; +http://www.google.com/bot.html)"
204.12.252.98 - - [12/Jun/2025:08:32:03 -0400] "GET /wp-includes/loginn.php HTTP/1.1" 302 6 "https://churchmr.com/wp-includes/edit.php" "Mozilla/5.0 (Windows NT 10.0; Win64; x64) AppleWebKit/537.36 (KHTML, like Gecko) Chrome/58.0.3029.110 Safari/537.3"
66.249.64.7 - - [12/Jun/2025:08:32:03 -0400] "GET /?d=45468159260&filter=10de56&share_to_url=item.php%3Fid%3D1542721%26name%3Dnew+balance+femme+2025+40 HTTP/1.1" 200 22495 "-" "Mozilla/5.0 (Linux; Android 6.0.1; Nexus 5X Build/MMB29P) AppleWebKit/537.36 (KHTML, like Gecko) Chrome/136.0.7103.113 Mobile Safari/537.36 (compatible; Googlebot/2.1; +http://www.google.com/bot.html)"
207.46.13.64 - - [12/Jun/2025:08:32:03 -0400] "GET /?d=102714460260&filter=b3e07f&share_to_url=shop.php%3Fid%3D3481459%26name%3Dhynix+hma82gs6cjr8n+vk+16gb+ddr4+2666mhz HTTP/1.1" 200 23601 "-" "Mozilla/5.0 AppleWebKit/537.36 (KHTML, like Gecko; compatible; bingbot/2.0; +http://www.bing.com/bingbot.htm) Chrome/116.0.1938.76 Safari/537.36"
66.249.64.7 - - [12/Jun/2025:08:32:04 -0400] "GET /?d=94298530260&filter=315f2d&share_to_url=article.php%3Fid%3D3195662%26name%3Dline+in+mic+in+2024 HTTP/1.1" 200 23908 "-" "Mozilla/5.0 (Linux; Android 6.0.1; Nexus 5X Build/MMB29P) AppleWebKit/537.36 (KHTML, like Gecko) Chrome/136.0.7103.113 Mobile Safari/537.36 (compatible; Googlebot/2.1; +http://www.google.com/bot.html)"
52.167.144.222 - - [12/Jun/2025:08:32:04 -0400] "GET /?d=111034395260&filter=2343c6&share_to_url=ideas.php%3Fid%3D3759924%26name%3Dgrand+step+shoes+homeslipper HTTP/1.1" 200 22679 "-" "Mozilla/5.0 AppleWebKit/537.36 (KHTML, like Gecko; compatible; bingbot/2.0; +http://www.bing.com/bingbot.htm) Chrome/116.0.1938.76 Safari/537.36"
207.46.13.64 - - [12/Jun/2025:08:32:04 -0400] "GET /?d=105112118260&filter=7dfe8b&share_to_url=goods.php%3Fid%3D3560987%26name%3Dshop+basic+tab+detail+western HTTP/1.1" 200 24765 "-" "Mozilla/5.0 AppleWebKit/537.36 (KHTML, like Gecko; compatible; bingbot/2.0; +http://www.bing.com/bingbot.htm) Chrome/116.0.1938.76 Safari/537.36"
66.249.64.5 - - [12/Jun/2025:08:32:06 -0400] "GET /?d=114655484260&filter=c8e773&share_to_url=model.php%3Fid%3D3882543%26name%3Dvin+k03+commode HTTP/1.1" 200 23798 "-" "Mozilla/5.0 (Linux; Android 6.0.1; Nexus 5X Build/MMB29P) AppleWebKit/537.36 (KHTML, like Gecko) Chrome/136.0.7103.113 Mobile Safari/537.36 (compatible; Googlebot/2.1; +http://www.google.com/bot.html)"
40.77.167.37 - - [12/Jun/2025:08:32:06 -0400] "GET /?d=87667336260&filter=1692e4&share_to_url=item.php%3Fid%3D2970757%26name%3Dbarebones+bicycle+fitness HTTP/1.1" 200 23196 "-" "Mozilla/5.0 AppleWebKit/537.36 (KHTML, like Gecko; compatible; bingbot/2.0; +http://www.bing.com/bingbot.htm) Chrome/116.0.1938.76 Safari/537.36"
66.249.64.6 - - [12/Jun/2025:08:32:07 -0400] "GET /?d=103995910260&filter=99bfb5&share_to_url=pin.php%3Fid%3D3523734%26name%3Droom+thermostat+digital+room HTTP/1.1" 200 23315 "-" "Mozilla/5.0 (Linux; Android 6.0.1; Nexus 5X Build/MMB29P) AppleWebKit/537.36 (KHTML, like Gecko) Chrome/136.0.7103.113 Mobile Safari/537.36 (compatible; Googlebot/2.1; +http://www.google.com/bot.html)"
40.77.167.37 - - [12/Jun/2025:08:32:07 -0400] "GET /?d=88248009260&filter=c70270&share_to_url=product-page.php%3Fid%3D2990704%26name%3Djugaryvestir+giorgio+brutini+mens HTTP/1.1" 200 22773 "-" "Mozilla/5.0 AppleWebKit/537.36 (KHTML, like Gecko; compatible; bingbot/2.0; +http://www.bing.com/bingbot.htm) Chrome/116.0.1938.76 Safari/537.36"
40.77.167.37 - - [12/Jun/2025:08:32:08 -0400] "GET /?d=101884257260&filter=be1b9a&share_to_url=item.php?id=3453985&name=louboutin%20logo%20hi%20res HTTP/1.1" 200 24489 "-" "Mozilla/5.0 AppleWebKit/537.36 (KHTML, like Gecko; compatible; bingbot/2.0; +http://www.bing.com/bingbot.htm) Chrome/116.0.1938.76 Safari/537.36"
66.249.64.5 - - [12/Jun/2025:08:32:08 -0400] "GET /?d=107609291260&filter=3907ae&share_to_url=product.php%3Fid%3D3644110%26name%3Djuventus+vintage+90s+kappa HTTP/1.1" 200 24339 "-" "Mozilla/5.0 (Linux; Android 6.0.1; Nexus 5X Build/MMB29P) AppleWebKit/537.36 (KHTML, like Gecko) Chrome/136.0.7103.113 Mobile Safari/537.36 (compatible; Googlebot/2.1; +http://www.google.com/bot.html)"
66.249.64.5 - - [12/Jun/2025:08:32:10 -0400] "GET /?d=101375492260&filter=58ce6a&share_to_url=goods.php%3Fid%3D3436595%26name%3D%C3%89charpe+%C3%A9tole HTTP/1.1" 200 24768 "-" "Mozilla/5.0 (Linux; Android 6.0.1; Nexus 5X Build/MMB29P) AppleWebKit/537.36 (KHTML, like Gecko) Chrome/136.0.7103.113 Mobile Safari/537.36 (compatible; Googlebot/2.1; +http://www.google.com/bot.html)"
66.249.64.5 - - [12/Jun/2025:08:32:11 -0400] "GET /?d=111844620260&filter=f3b098&share_to_url=pin.php%3Fid%3D3788262%26name%3Dcute+round+bichon HTTP/1.1" 200 24141 "-" "Mozilla/5.0 (Linux; Android 6.0.1; Nexus 5X Build/MMB29P) AppleWebKit/537.36 (KHTML, like Gecko) Chrome/136.0.7103.113 Mobile Safari/537.36 (compatible; Googlebot/2.1; +http://www.google.com/bot.html)"
66.249.64.5 - - [12/Jun/2025:08:32:11 -0400] "GET /?d=110031895260&filter=bce36f&share_to_url=product-page.php%3Fid%3D3724024%26name%3Dpixel+fast+wireless+charging HTTP/1.1" 200 23504 "-" "Mozilla/5.0 (Linux; Android 6.0.1; Nexus 5X Build/MMB29P) AppleWebKit/537.36 (KHTML, like Gecko) Chrome/136.0.7103.113 Mobile Safari/537.36 (compatible; Googlebot/2.1; +http://www.google.com/bot.html)"
66.249.64.5 - - [12/Jun/2025:08:32:13 -0400] "GET /?d=99899039260&filter=8408eb&share_to_url=model.php%3Fid%3D3385731%26name%3Dcase+macbook+pro+13+2016 HTTP/1.1" 200 22339 "-" "Mozilla/5.0 (Linux; Android 6.0.1; Nexus 5X Build/MMB29P) AppleWebKit/537.36 (KHTML, like Gecko) Chrome/136.0.7103.113 Mobile Safari/537.36 (compatible; Googlebot/2.1; +http://www.google.com/bot.html)"
52.167.144.238 - - [12/Jun/2025:08:32:14 -0400] "GET /?d=21575823260&filter=956610&share_to_url=shop.php%3Fid%3D732103%26name%3Dpeluquer%C3%ADas+low+cost HTTP/1.1" 200 23332 "-" "Mozilla/5.0 AppleWebKit/537.36 (KHTML, like Gecko; compatible; bingbot/2.0; +http://www.bing.com/bingbot.htm) Chrome/116.0.1938.76 Safari/537.36"
66.249.64.5 - - [12/Jun/2025:08:32:14 -0400] "GET /?d=111911937260&filter=7af24f&share_to_url=ideas.php%3Fid%3D3790500%26name%3D30000m3+h+industrial+air+conditioner+water HTTP/1.1" 200 24062 "-" "Mozilla/5.0 (Linux; Android 6.0.1; Nexus 5X Build/MMB29P) AppleWebKit/537.36 (KHTML, like Gecko) Chrome/136.0.7103.113 Mobile Safari/537.36 (compatible; Googlebot/2.1; +http://www.google.com/bot.html)"
66.249.64.5 - - [12/Jun/2025:08:32:15 -0400] "GET /?d=113147724260&filter=ae8811&share_to_url=detail.php%3Fid%3D3832221%26name%3Dbuy+monsoon+hue HTTP/1.1" 200 23359 "-" "Mozilla/5.0 (Linux; Android 6.0.1; Nexus 5X Build/MMB29P) AppleWebKit/537.36 (KHTML, like Gecko) Chrome/136.0.7103.113 Mobile Safari/537.36 (compatible; Googlebot/2.1; +http://www.google.com/bot.html)"
66.249.64.5 - - [12/Jun/2025:08:32:15 -0400] "GET /?d=93258804260&filter=c8fca0&share_to_url=pin.php%3Fid%3D3159642%26name%3Dbestway+tritech+airbed+queen HTTP/1.1" 200 22071 "-" "Mozilla/5.0 (Linux; Android 6.0.1; Nexus 5X Build/MMB29P) AppleWebKit/537.36 (KHTML, like Gecko) Chrome/136.0.7103.113 Mobile Safari/537.36 (compatible; Googlebot/2.1; +http://www.google.com/bot.html)"
66.249.64.5 - - [12/Jun/2025:08:32:16 -0400] "GET /?d=98157695260&filter=3b569e&share_to_url=shop.php%3Fid%3D3326227%26name%3Dgrey+medallion+bohemian+decorative HTTP/1.1" 200 24316 "-" "Mozilla/5.0 (Linux; Android 6.0.1; Nexus 5X Build/MMB29P) AppleWebKit/537.36 (KHTML, like Gecko) Chrome/136.0.7103.113 Mobile Safari/537.36 (compatible; Googlebot/2.1; +http://www.google.com/bot.html)"
66.249.64.5 - - [12/Jun/2025:08:32:16 -0400] "GET /?d=96931531260&filter=d56ec1&share_to_url=goods.php%3Fid%3D3284183%26name%3Dwomen+swim+shorts+sold+on HTTP/1.1" 200 24041 "-" "Mozilla/5.0 (Linux; Android 6.0.1; Nexus 5X Build/MMB29P) AppleWebKit/537.36 (KHTML, like Gecko) Chrome/136.0.7103.113 Mobile Safari/537.36 (compatible; Googlebot/2.1; +http://www.google.com/bot.html)"
66.249.64.5 - - [12/Jun/2025:08:32:17 -0400] "GET /?d=113072997260&filter=d9247f&share_to_url=pin.php%3Fid%3D3829482%26name%3Dphatmojo+bendy+the+ink HTTP/1.1" 200 22706 "-" "Mozilla/5.0 (Linux; Android 6.0.1; Nexus 5X Build/MMB29P) AppleWebKit/537.36 (KHTML, like Gecko) Chrome/136.0.7103.113 Mobile Safari/537.36 (compatible; Googlebot/2.1; +http://www.google.com/bot.html)"
207.46.13.154 - - [12/Jun/2025:08:32:17 -0400] "GET /?d=86372757260&filter=b240e2&share_to_url=goods.php%3Fid%3D2926703%26name%3Dhd+tlou2+controller+wallpapers HTTP/1.1" 200 22895 "-" "Mozilla/5.0 AppleWebKit/537.36 (KHTML, like Gecko; compatible; bingbot/2.0; +http://www.bing.com/bingbot.htm) Chrome/116.0.1938.76 Safari/537.36"
66.249.64.5 - - [12/Jun/2025:08:32:18 -0400] "GET /?d=104213674260&filter=d9247f&share_to_url=product.php%3Fid%3D3530842%26name%3Dcomic+club+transformation HTTP/1.1" 200 24064 "-" "Mozilla/5.0 (Linux; Android 6.0.1; Nexus 5X Build/MMB29P) AppleWebKit/537.36 (KHTML, like Gecko) Chrome/136.0.7103.113 Mobile Safari/537.36 (compatible; Googlebot/2.1; +http://www.google.com/bot.html)"
66.249.64.5 - - [12/Jun/2025:08:32:18 -0400] "GET /?d=108647591260&filter=923d03&share_to_url=product-page.php%3Fid%3D3678628%26name%3Drusty+hall+returns HTTP/1.1" 200 24226 "-" "Mozilla/5.0 (Linux; Android 6.0.1; Nexus 5X Build/MMB29P) AppleWebKit/537.36 (KHTML, like Gecko) Chrome/136.0.7103.113 Mobile Safari/537.36 (compatible; Googlebot/2.1; +http://www.google.com/bot.html)"
66.249.64.6 - - [12/Jun/2025:08:32:19 -0400] "GET /?d=97329856260&filter=bce36f&share_to_url=shopdetail.php%3Fid%3D3298136%26name%3Dhalo+bolt+charger HTTP/1.1" 200 22969 "-" "Mozilla/5.0 (Linux; Android 6.0.1; Nexus 5X Build/MMB29P) AppleWebKit/537.36 (KHTML, like Gecko) Chrome/136.0.7103.113 Mobile Safari/537.36 (compatible; Googlebot/2.1; +http://www.google.com/bot.html)"
66.249.64.6 - - [12/Jun/2025:08:32:20 -0400] "GET /?d=105165740260&filter=c31721&share_to_url=product-page.php%3Fid%3D3562768%26name%3Dpvc+polkadot+bag+simeon HTTP/1.1" 200 24423 "-" "Mozilla/5.0 (Linux; Android 6.0.1; Nexus 5X Build/MMB29P) AppleWebKit/537.36 (KHTML, like Gecko) Chrome/136.0.7103.113 Mobile Safari/537.36 (compatible; Googlebot/2.1; +http://www.google.com/bot.html)"
