52.167.144.170 - - [12/Jun/2025:09:03:08 -0400] "GET /?d=101485529260&filter=8c1a8c&share_to_url=discover.php%3Fid%3D3440429%26name%3Dwomen+039+s+brown+quilted+fabric+winter HTTP/1.1" 200 24808 "-" "Mozilla/5.0 AppleWebKit/537.36 (KHTML, like Gecko; compatible; bingbot/2.0; +http://www.bing.com/bingbot.htm) Chrome/116.0.1938.76 Safari/537.36"
66.249.64.5 - - [12/Jun/2025:09:03:08 -0400] "GET /?d=117634190260&filter=25e9e2&share_to_url=model.php%3Fid%3D3983775%26name%3Dwatch+appraisal+guide HTTP/1.1" 200 24401 "-" "Mozilla/5.0 (Linux; Android 6.0.1; Nexus 5X Build/MMB29P) AppleWebKit/537.36 (KHTML, like Gecko) Chrome/136.0.7103.113 Mobile Safari/537.36 (compatible; Googlebot/2.1; +http://www.google.com/bot.html)"
66.249.64.5 - - [12/Jun/2025:09:03:09 -0400] "GET /?d=103764245260&filter=947acc&share_to_url=model.php%3Fid%3D3515739%26name%3Dchaleco+motero+de HTTP/1.1" 200 24539 "-" "Mozilla/5.0 (Linux; Android 6.0.1; Nexus 5X Build/MMB29P) AppleWebKit/537.36 (KHTML, like Gecko) Chrome/136.0.7103.113 Mobile Safari/537.36 (compatible; Googlebot/2.1; +http://www.google.com/bot.html)"
66.249.64.5 - - [12/Jun/2025:09:03:10 -0400] "GET /?d=99374481260&filter=8104cb&share_to_url=shopdetail.php%3Fid%3D3368060%26name%3Dtoaster+oven+broiler+with+convection HTTP/1.1" 200 22825 "-" "Mozilla/5.0 (Linux; Android 6.0.1; Nexus 5X Build/MMB29P) AppleWebKit/537.36 (KHTML, like Gecko) Chrome/136.0.7103.113 Mobile Safari/537.36 (compatible; Googlebot/2.1; +http://www.google.com/bot.html)"
66.249.64.5 - - [12/Jun/2025:09:03:11 -0400] "GET /?d=100014957260&filter=4e2715&share_to_url=item.php%3Fid%3D3389737%26name%3Dkitchenaid+kudi01ilbl6+undercounter+dishwasher HTTP/1.1" 200 23115 "-" "Mozilla/5.0 (Linux; Android 6.0.1; Nexus 5X Build/MMB29P) AppleWebKit/537.36 (KHTML, like Gecko) Chrome/136.0.7103.113 Mobile Safari/537.36 (compatible; Googlebot/2.1; +http://www.google.com/bot.html)"
66.249.64.5 - - [12/Jun/2025:09:03:12 -0400] "GET /?d=114085193260&filter=9baa02&share_to_url=pin.php%3Fid%3D3863490%26name%3Dviktos+men+taculus+waterproof HTTP/1.1" 200 21720 "-" "Mozilla/5.0 (Linux; Android 6.0.1; Nexus 5X Build/MMB29P) AppleWebKit/537.36 (KHTML, like Gecko) Chrome/136.0.7103.113 Mobile Safari/537.36 (compatible; Googlebot/2.1; +http://www.google.com/bot.html)"
66.249.64.5 - - [12/Jun/2025:09:03:14 -0400] "GET /?d=108635357260&filter=de1f77&share_to_url=goods.php%3Fid%3D3678251%26name%3Dtata+ceekey+clutch+plate+at HTTP/1.1" 200 24045 "-" "Mozilla/5.0 (Linux; Android 6.0.1; Nexus 5X Build/MMB29P) AppleWebKit/537.36 (KHTML, like Gecko) Chrome/136.0.7103.113 Mobile Safari/537.36 (compatible; Googlebot/2.1; +http://www.google.com/bot.html)"
66.249.64.5 - - [12/Jun/2025:09:03:15 -0400] "GET /?d=116295569260&filter=57d610&share_to_url=product-page.php%3Fid%3D3938476%26name%3Davianca+confirma+que HTTP/1.1" 200 24292 "-" "Mozilla/5.0 (Linux; Android 6.0.1; Nexus 5X Build/MMB29P) AppleWebKit/537.36 (KHTML, like Gecko) Chrome/136.0.7103.113 Mobile Safari/537.36 (compatible; Googlebot/2.1; +http://www.google.com/bot.html)"
52.167.144.221 - - [12/Jun/2025:09:03:16 -0400] "GET /?d=37133398260&filter=edd546&share_to_url=article.php%3Fid%3D1260830%26name%3Ddo+i+get+my HTTP/1.1" 200 24110 "-" "Mozilla/5.0 AppleWebKit/537.36 (KHTML, like Gecko; compatible; bingbot/2.0; +http://www.bing.com/bingbot.htm) Chrome/116.0.1938.76 Safari/537.36"
207.46.13.52 - - [12/Jun/2025:09:03:16 -0400] "GET /?d=112090621260&filter=7f045f&share_to_url=goods.php%3Fid%3D3796919%26name%3Dthe+rodeo+thief+rotten HTTP/1.1" 200 24035 "-" "Mozilla/5.0 AppleWebKit/537.36 (KHTML, like Gecko; compatible; bingbot/2.0; +http://www.bing.com/bingbot.htm) Chrome/116.0.1938.76 Safari/537.36"
66.249.64.5 - - [12/Jun/2025:09:03:17 -0400] "GET /?d=103069251260&filter=21a680&share_to_url=discover.php%3Fid%3D3492797%26name%3Da+v%C3%A9lo+vers HTTP/1.1" 200 23761 "-" "Mozilla/5.0 (Linux; Android 6.0.1; Nexus 5X Build/MMB29P) AppleWebKit/537.36 (KHTML, like Gecko) Chrome/136.0.7103.113 Mobile Safari/537.36 (compatible; Googlebot/2.1; +http://www.google.com/bot.html)"
66.249.64.5 - - [12/Jun/2025:09:03:17 -0400] "GET /?d=117433004260&filter=d85df6&share_to_url=pin.php%3Fid%3D3976974%26name%3Dclub+monaco+easy+on HTTP/1.1" 200 23168 "-" "Mozilla/5.0 (Linux; Android 6.0.1; Nexus 5X Build/MMB29P) AppleWebKit/537.36 (KHTML, like Gecko) Chrome/136.0.7103.113 Mobile Safari/537.36 (compatible; Googlebot/2.1; +http://www.google.com/bot.html)"
207.46.13.52 - - [12/Jun/2025:09:03:17 -0400] "GET /?d=86153316260&filter=f3b098&share_to_url=shopdetail.php%3Fid%3D2918876%26name%3Dinsulate+a+glass+terrarium HTTP/1.1" 200 24348 "-" "Mozilla/5.0 AppleWebKit/537.36 (KHTML, like Gecko; compatible; bingbot/2.0; +http://www.bing.com/bingbot.htm) Chrome/116.0.1938.76 Safari/537.36"
52.167.144.221 - - [12/Jun/2025:09:03:17 -0400] "GET /?d=109704712260&filter=2343c6&share_to_url=model.php%3Fid%3D3713103%26name%3Dtips+for+knitting HTTP/1.1" 200 23902 "-" "Mozilla/5.0 AppleWebKit/537.36 (KHTML, like Gecko; compatible; bingbot/2.0; +http://www.bing.com/bingbot.htm) Chrome/116.0.1938.76 Safari/537.36"
66.249.64.5 - - [12/Jun/2025:09:03:18 -0400] "GET /?d=109153125260&filter=a35f77&share_to_url=goods.php%3Fid%3D3695171%26name%3Dcondor+einstellungstest+2025 HTTP/1.1" 200 23309 "-" "Mozilla/5.0 (Linux; Android 6.0.1; Nexus 5X Build/MMB29P) AppleWebKit/537.36 (KHTML, like Gecko) Chrome/136.0.7103.113 Mobile Safari/537.36 (compatible; Googlebot/2.1; +http://www.google.com/bot.html)"
52.167.144.221 - - [12/Jun/2025:09:03:19 -0400] "GET /?d=27521228260&filter=7ffa06&share_to_url=goods.php%3Fid%3D933647%26name%3Dare+bulldogs+aggressive HTTP/1.1" 200 22725 "-" "Mozilla/5.0 AppleWebKit/537.36 (KHTML, like Gecko; compatible; bingbot/2.0; +http://www.bing.com/bingbot.htm) Chrome/116.0.1938.76 Safari/537.36"
66.249.64.5 - - [12/Jun/2025:09:03:19 -0400] "GET /?d=105846078260&filter=572624&share_to_url=pin.php%3Fid%3D3585270%26name%3Dleggings+per+il HTTP/1.1" 200 24447 "-" "Mozilla/5.0 (Linux; Android 6.0.1; Nexus 5X Build/MMB29P) AppleWebKit/537.36 (KHTML, like Gecko) Chrome/136.0.7103.113 Mobile Safari/537.36 (compatible; Googlebot/2.1; +http://www.google.com/bot.html)"
66.249.64.5 - - [12/Jun/2025:09:03:20 -0400] "GET /?d=115132935260&filter=877558&share_to_url=goods.php%3Fid%3D3898787%26name%3Dtellason+tellason+fatigue HTTP/1.1" 200 23340 "-" "Mozilla/5.0 (Linux; Android 6.0.1; Nexus 5X Build/MMB29P) AppleWebKit/537.36 (KHTML, like Gecko) Chrome/136.0.7103.113 Mobile Safari/537.36 (compatible; Googlebot/2.1; +http://www.google.com/bot.html)"
66.249.64.5 - - [12/Jun/2025:09:03:20 -0400] "GET /?d=90933466260&filter=7bde5e&share_to_url=product-page.php%3Fid%3D3081904%26name%3Dshop+finest+backpacks+under HTTP/1.1" 200 22884 "-" "Mozilla/5.0 (Linux; Android 6.0.1; Nexus 5X Build/MMB29P) AppleWebKit/537.36 (KHTML, like Gecko) Chrome/136.0.7103.113 Mobile Safari/537.36 (compatible; Googlebot/2.1; +http://www.google.com/bot.html)"
66.249.64.6 - - [12/Jun/2025:09:03:21 -0400] "GET /?d=104537665260&filter=f0625c&share_to_url=shop.php%3Fid%3D3542155%26name%3Dalthea+spa+sauna+and HTTP/1.1" 200 22975 "-" "Mozilla/5.0 (Linux; Android 6.0.1; Nexus 5X Build/MMB29P) AppleWebKit/537.36 (KHTML, like Gecko) Chrome/136.0.7103.113 Mobile Safari/537.36 (compatible; Googlebot/2.1; +http://www.google.com/bot.html)"
66.249.64.6 - - [12/Jun/2025:09:03:21 -0400] "GET /?d=63608694260&filter=00a8d6&share_to_url=detail.php%3Fid%3D2157249%26name%3Dhyperlite+mountain+gear+launches+new HTTP/1.1" 200 22978 "-" "Mozilla/5.0 (Linux; Android 6.0.1; Nexus 5X Build/MMB29P) AppleWebKit/537.36 (KHTML, like Gecko) Chrome/136.0.7103.113 Mobile Safari/537.36 (compatible; Googlebot/2.1; +http://www.google.com/bot.html)"
66.249.64.5 - - [12/Jun/2025:09:03:21 -0400] "GET /?d=29753021260&filter=3c6ceb&share_to_url=goods.php%3Fid%3D1011131%26name%3Dzona+franca+cal%C3%A7ados+as HTTP/1.1" 200 23972 "-" "Mozilla/5.0 (Linux; Android 6.0.1; Nexus 5X Build/MMB29P) AppleWebKit/537.36 (KHTML, like Gecko) Chrome/136.0.7103.113 Mobile Safari/537.36 (compatible; Googlebot/2.1; +http://www.google.com/bot.html)"
66.249.64.6 - - [12/Jun/2025:09:03:21 -0400] "GET /?d=110286447260&filter=09665b&share_to_url=shopdetail.php%3Fid%3D3732956%26name%3Dink+ivy+bea+embroidered HTTP/1.1" 200 23443 "-" "Mozilla/5.0 (Linux; Android 6.0.1; Nexus 5X Build/MMB29P) AppleWebKit/537.36 (KHTML, like Gecko) Chrome/136.0.7103.113 Mobile Safari/537.36 (compatible; Googlebot/2.1; +http://www.google.com/bot.html)"
66.249.64.5 - - [12/Jun/2025:09:03:23 -0400] "GET /?d=110334547260&filter=a61e7f&share_to_url=article.php%3Fid%3D3734834%26name%3Dgi%C3%A0y+nike+fragment HTTP/1.1" 200 22641 "-" "Mozilla/5.0 (Linux; Android 6.0.1; Nexus 5X Build/MMB29P) AppleWebKit/537.36 (KHTML, like Gecko) Chrome/136.0.7103.113 Mobile Safari/537.36 (compatible; Googlebot/2.1; +http://www.google.com/bot.html)"
66.249.64.6 - - [12/Jun/2025:09:03:24 -0400] "GET /?d=92148274260&filter=363c48&share_to_url=pin.php%3Fid%3D3121602%26name%3Dbloch+miss+ballerina+dance HTTP/1.1" 200 24042 "-" "Mozilla/5.0 (Linux; Android 6.0.1; Nexus 5X Build/MMB29P) AppleWebKit/537.36 (KHTML, like Gecko) Chrome/136.0.7103.113 Mobile Safari/537.36 (compatible; Googlebot/2.1; +http://www.google.com/bot.html)"
66.249.64.6 - - [12/Jun/2025:09:03:26 -0400] "GET /?d=103065900260&filter=967b54&share_to_url=product.php%3Fid%3D3492682%26name%3Dpurina+pro+plan+adult+dry HTTP/1.1" 200 23074 "-" "Mozilla/5.0 (Linux; Android 6.0.1; Nexus 5X Build/MMB29P) AppleWebKit/537.36 (KHTML, like Gecko) Chrome/136.0.7103.113 Mobile Safari/537.36 (compatible; Googlebot/2.1; +http://www.google.com/bot.html)"
52.167.144.162 - - [12/Jun/2025:09:03:26 -0400] "GET /?d=104411414260&filter=3ebd99&share_to_url=product-page.php%3Fid%3D3537700%26name%3Dar5980+armani+shop HTTP/1.1" 200 22545 "-" "Mozilla/5.0 AppleWebKit/537.36 (KHTML, like Gecko; compatible; bingbot/2.0; +http://www.bing.com/bingbot.htm) Chrome/116.0.1938.76 Safari/537.36"
66.249.64.5 - - [12/Jun/2025:09:03:27 -0400] "GET /?d=96233000260&filter=1876cd&share_to_url=goods.php%3Fid%3D3260315%26name%3Ddespicable+me+girls+le HTTP/1.1" 200 23103 "-" "Mozilla/5.0 (Linux; Android 6.0.1; Nexus 5X Build/MMB29P) AppleWebKit/537.36 (KHTML, like Gecko) Chrome/136.0.7103.113 Mobile Safari/537.36 (compatible; Googlebot/2.1; +http://www.google.com/bot.html)"
66.249.64.5 - - [12/Jun/2025:09:03:28 -0400] "GET /?d=104492763260&filter=16dc78&share_to_url=discover.php%3Fid%3D3540641%26name%3Dhd+full+maine HTTP/1.1" 200 24856 "-" "Mozilla/5.0 (Linux; Android 6.0.1; Nexus 5X Build/MMB29P) AppleWebKit/537.36 (KHTML, like Gecko) Chrome/136.0.7103.113 Mobile Safari/537.36 (compatible; Googlebot/2.1; +http://www.google.com/bot.html)"
66.249.64.6 - - [12/Jun/2025:09:03:29 -0400] "GET /?d=117221546260&filter=80d279&share_to_url=goods.php%3Fid%3D3970007%26name%3Dchicago+metallic+perforated+baguette+pan HTTP/1.1" 200 24093 "-" "Mozilla/5.0 (Linux; Android 6.0.1; Nexus 5X Build/MMB29P) AppleWebKit/537.36 (KHTML, like Gecko) Chrome/136.0.7103.113 Mobile Safari/537.36 (compatible; Googlebot/2.1; +http://www.google.com/bot.html)"
66.249.64.5 - - [12/Jun/2025:09:03:31 -0400] "GET /?d=88100887260&filter=7af24f&share_to_url=ideas.php%3Fid%3D2985348%26name%3Drtic+65+cooler+wheel HTTP/1.1" 200 22993 "-" "Mozilla/5.0 (Linux; Android 6.0.1; Nexus 5X Build/MMB29P) AppleWebKit/537.36 (KHTML, like Gecko) Chrome/136.0.7103.113 Mobile Safari/537.36 (compatible; Googlebot/2.1; +http://www.google.com/bot.html)"
66.249.64.6 - - [12/Jun/2025:09:03:32 -0400] "GET /?d=87316663260&filter=6f69da&share_to_url=shop.php%3Fid%3D2959015%26name%3Demporio+armani+jelly+sandals HTTP/1.1" 200 24525 "-" "Mozilla/5.0 (Linux; Android 6.0.1; Nexus 5X Build/MMB29P) AppleWebKit/537.36 (KHTML, like Gecko) Chrome/136.0.7103.113 Mobile Safari/537.36 (compatible; Googlebot/2.1; +http://www.google.com/bot.html)"
66.249.64.5 - - [12/Jun/2025:09:03:34 -0400] "GET /?d=109113211260&filter=dd87d9&share_to_url=model.php%3Fid%3D3693939%26name%3Dkarrimor+k100+puffer+jacket+mens HTTP/1.1" 200 23842 "-" "Mozilla/5.0 (Linux; Android 6.0.1; Nexus 5X Build/MMB29P) AppleWebKit/537.36 (KHTML, like Gecko) Chrome/136.0.7103.113 Mobile Safari/537.36 (compatible; Googlebot/2.1; +http://www.google.com/bot.html)"
66.249.64.5 - - [12/Jun/2025:09:03:34 -0400] "GET /?d=106416653260&filter=bce36f&share_to_url=product-page.php%3Fid%3D3604192%26name%3Dfinger+grip+elastic+phone+holder HTTP/1.1" 200 24212 "-" "Mozilla/5.0 (Linux; Android 6.0.1; Nexus 5X Build/MMB29P) AppleWebKit/537.36 (KHTML, like Gecko) Chrome/136.0.7103.113 Mobile Safari/537.36 (compatible; Googlebot/2.1; +http://www.google.com/bot.html)"
66.249.64.7 - - [12/Jun/2025:09:03:34 -0400] "GET /?d=111395008260&filter=225350&share_to_url=shop.php%3Fid%3D3772555%26name%3Ddivano+di+giorgio+ii HTTP/1.1" 200 24430 "-" "Mozilla/5.0 (Linux; Android 6.0.1; Nexus 5X Build/MMB29P) AppleWebKit/537.36 (KHTML, like Gecko) Chrome/136.0.7103.113 Mobile Safari/537.36 (compatible; Googlebot/2.1; +http://www.google.com/bot.html)"
66.249.64.7 - - [12/Jun/2025:09:03:35 -0400] "GET /?d=101097129260&filter=1c33e9&share_to_url=item.php%3Fid%3D3426925%26name%3Dpersonality+traits+of+the HTTP/1.1" 200 24346 "-" "Mozilla/5.0 (Linux; Android 6.0.1; Nexus 5X Build/MMB29P) AppleWebKit/537.36 (KHTML, like Gecko) Chrome/136.0.7103.113 Mobile Safari/537.36 (compatible; Googlebot/2.1; +http://www.google.com/bot.html)"
66.249.64.7 - - [12/Jun/2025:09:03:36 -0400] "GET /?d=113163657260&filter=15dcdc&share_to_url=discover.php%3Fid%3D3832721%26name%3Dprada+1998+padded+nylon HTTP/1.1" 200 22952 "-" "Mozilla/5.0 (Linux; Android 6.0.1; Nexus 5X Build/MMB29P) AppleWebKit/537.36 (KHTML, like Gecko) Chrome/136.0.7103.113 Mobile Safari/537.36 (compatible; Googlebot/2.1; +http://www.google.com/bot.html)"
207.46.13.52 - - [12/Jun/2025:09:03:36 -0400] "GET /?d=28856093260&filter=1c33e9&share_to_url=article.php%3Fid%3D980054%26name%3Dbelgian+malinois+philippines+import+and HTTP/1.1" 200 23100 "-" "Mozilla/5.0 AppleWebKit/537.36 (KHTML, like Gecko; compatible; bingbot/2.0; +http://www.bing.com/bingbot.htm) Chrome/116.0.1938.76 Safari/537.36"
207.46.13.52 - - [12/Jun/2025:09:03:37 -0400] "GET /?d=97885869260&filter=1c33e9&share_to_url=discover.php%3Fid%3D3317549%26name%3Dfountain+drinkwell+platinum HTTP/1.1" 200 22778 "-" "Mozilla/5.0 AppleWebKit/537.36 (KHTML, like Gecko; compatible; bingbot/2.0; +http://www.bing.com/bingbot.htm) Chrome/116.0.1938.76 Safari/537.36"
66.249.64.5 - - [12/Jun/2025:09:03:38 -0400] "GET /?d=112575537260&filter=65e9c5&share_to_url=shopdetail.php%3Fid%3D3813248%26name%3Dpurple+nitrile+exam+gloves+310 HTTP/1.1" 200 24022 "-" "Mozilla/5.0 (Linux; Android 6.0.1; Nexus 5X Build/MMB29P) AppleWebKit/537.36 (KHTML, like Gecko) Chrome/136.0.7103.113 Mobile Safari/537.36 (compatible; Googlebot/2.1; +http://www.google.com/bot.html)"
66.249.64.7 - - [12/Jun/2025:09:03:38 -0400] "GET /?d=112874020260&filter=22c2a3&share_to_url=pin.php%3Fid%3D3822810%26name%3Dgucci+tracolla HTTP/1.1" 200 22804 "-" "Mozilla/5.0 (Linux; Android 6.0.1; Nexus 5X Build/MMB29P) AppleWebKit/537.36 (KHTML, like Gecko) Chrome/136.0.7103.113 Mobile Safari/537.36 (compatible; Googlebot/2.1; +http://www.google.com/bot.html)"
66.249.64.6 - - [12/Jun/2025:09:03:39 -0400] "GET /?d=90985422260&filter=e7f0a4&share_to_url=discover.php%3Fid%3D3083513%26name%3Duniversal+thread+leather+sandals+for HTTP/1.1" 200 23384 "-" "Mozilla/5.0 (Linux; Android 6.0.1; Nexus 5X Build/MMB29P) AppleWebKit/537.36 (KHTML, like Gecko) Chrome/136.0.7103.113 Mobile Safari/537.36 (compatible; Googlebot/2.1; +http://www.google.com/bot.html)"
66.249.64.7 - - [12/Jun/2025:09:03:41 -0400] "GET /?d=81613297260&filter=6f69da&share_to_url=goods.php%3Fid%3D2764451%26name%3Dnine+west+tan+breezy HTTP/1.1" 200 24152 "-" "Mozilla/5.0 (Linux; Android 6.0.1; Nexus 5X Build/MMB29P) AppleWebKit/537.36 (KHTML, like Gecko) Chrome/136.0.7103.113 Mobile Safari/537.36 (compatible; Googlebot/2.1; +http://www.google.com/bot.html)"
207.46.13.52 - - [12/Jun/2025:09:03:41 -0400] "GET /?d=89141886260&filter=be3e6d&share_to_url=product.php%3Fid%3D3021514%26name%3Dflamingo+r82+high+low+toilet+bath HTTP/1.1" 200 23406 "-" "Mozilla/5.0 AppleWebKit/537.36 (KHTML, like Gecko; compatible; bingbot/2.0; +http://www.bing.com/bingbot.htm) Chrome/116.0.1938.76 Safari/537.36"
66.249.64.7 - - [12/Jun/2025:09:03:42 -0400] "GET /?d=109864573260&filter=18729c&share_to_url=pin.php%3Fid%3D3718398%26name%3Dswagtron+swagcycle+envy+shop HTTP/1.1" 200 22850 "-" "Mozilla/5.0 (Linux; Android 6.0.1; Nexus 5X Build/MMB29P) AppleWebKit/537.36 (KHTML, like Gecko) Chrome/136.0.7103.113 Mobile Safari/537.36 (compatible; Googlebot/2.1; +http://www.google.com/bot.html)"
66.249.64.5 - - [12/Jun/2025:09:03:43 -0400] "GET /?d=105657143260&filter=7af24f&share_to_url=detail.php%3Fid%3D3579093%26name%3Digloo+collapse+cool+gray HTTP/1.1" 200 23579 "-" "Mozilla/5.0 (Linux; Android 6.0.1; Nexus 5X Build/MMB29P) AppleWebKit/537.36 (KHTML, like Gecko) Chrome/136.0.7103.113 Mobile Safari/537.36 (compatible; Googlebot/2.1; +http://www.google.com/bot.html)"
66.249.64.7 - - [12/Jun/2025:09:03:43 -0400] "GET /?d=103612152260&filter=298b97&share_to_url=model.php%3Fid%3D3510783%26name%3Daritzia+unwind+rourke HTTP/1.1" 200 23763 "-" "Mozilla/5.0 (Linux; Android 6.0.1; Nexus 5X Build/MMB29P) AppleWebKit/537.36 (KHTML, like Gecko) Chrome/136.0.7103.113 Mobile Safari/537.36 (compatible; Googlebot/2.1; +http://www.google.com/bot.html)"
66.249.64.5 - - [12/Jun/2025:09:03:45 -0400] "GET /?d=113260150260&filter=df3478&share_to_url=shop.php%3Fid%3D3835903%26name%3Dnew+balance+iz996+mys HTTP/1.1" 200 22314 "-" "Mozilla/5.0 (Linux; Android 6.0.1; Nexus 5X Build/MMB29P) AppleWebKit/537.36 (KHTML, like Gecko) Chrome/136.0.7103.113 Mobile Safari/537.36 (compatible; Googlebot/2.1; +http://www.google.com/bot.html)"
207.46.13.116 - - [12/Jun/2025:09:03:46 -0400] "GET /?d=20988556260&filter=3ebd99&share_to_url=ideas.php%3Fid%3D713028%26name%3Drunning+man+2025+on HTTP/1.1" 200 24449 "-" "Mozilla/5.0 AppleWebKit/537.36 (KHTML, like Gecko; compatible; bingbot/2.0; +http://www.bing.com/bingbot.htm) Chrome/116.0.1938.76 Safari/537.36"
66.249.64.7 - - [12/Jun/2025:09:03:46 -0400] "GET /?d=99987539260&filter=7424df&share_to_url=product.php%3Fid%3D3388738%26name%3Dzapatillas+ciclismo+mtb+northwave HTTP/1.1" 200 22657 "-" "Mozilla/5.0 (Linux; Android 6.0.1; Nexus 5X Build/MMB29P) AppleWebKit/537.36 (KHTML, like Gecko) Chrome/136.0.7103.113 Mobile Safari/537.36 (compatible; Googlebot/2.1; +http://www.google.com/bot.html)"
52.167.144.162 - - [12/Jun/2025:09:03:47 -0400] "GET /?d=70000134260&filter=cb7031&share_to_url=discover.php%3Fid%3D2372153%26name%3Dauchan+munster HTTP/1.1" 200 23644 "-" "Mozilla/5.0 AppleWebKit/537.36 (KHTML, like Gecko; compatible; bingbot/2.0; +http://www.bing.com/bingbot.htm) Chrome/116.0.1938.76 Safari/537.36"
66.249.64.7 - - [12/Jun/2025:09:03:47 -0400] "GET /?d=90801545260&filter=37e1a1&share_to_url=product.php%3Fid%3D3077458%26name%3Dair+jordan+jasmine+premium+gg HTTP/1.1" 200 21891 "-" "Mozilla/5.0 (Linux; Android 6.0.1; Nexus 5X Build/MMB29P) AppleWebKit/537.36 (KHTML, like Gecko) Chrome/136.0.7103.113 Mobile Safari/537.36 (compatible; Googlebot/2.1; +http://www.google.com/bot.html)"
66.249.64.8 - - [12/Jun/2025:09:03:49 -0400] "GET /?d=116371791260&filter=138133&share_to_url=discover.php%3Fid%3D3940781%26name%3Dblau+weiss HTTP/1.1" 200 24172 "-" "Mozilla/5.0 (Linux; Android 6.0.1; Nexus 5X Build/MMB29P) AppleWebKit/537.36 (KHTML, like Gecko) Chrome/136.0.7103.113 Mobile Safari/537.36 (compatible; Googlebot/2.1; +http://www.google.com/bot.html)"
52.167.144.162 - - [12/Jun/2025:09:03:50 -0400] "GET /?d=98727263260&filter=8bc2c5&share_to_url=shopdetail.php%3Fid%3D3345920%26name%3Dlenovo+thinkpad+e16 HTTP/1.1" 200 23066 "-" "Mozilla/5.0 AppleWebKit/537.36 (KHTML, like Gecko; compatible; bingbot/2.0; +http://www.bing.com/bingbot.htm) Chrome/116.0.1938.76 Safari/537.36"
66.249.64.8 - - [12/Jun/2025:09:03:51 -0400] "GET /?d=109446513260&filter=9aabe5&share_to_url=item.php%3Fid%3D3704593%26name%3Dtrue+friends+gift+good+friend HTTP/1.1" 200 23645 "-" "Mozilla/5.0 (Linux; Android 6.0.1; Nexus 5X Build/MMB29P) AppleWebKit/537.36 (KHTML, like Gecko) Chrome/136.0.7103.113 Mobile Safari/537.36 (compatible; Googlebot/2.1; +http://www.google.com/bot.html)"
66.249.64.8 - - [12/Jun/2025:09:03:52 -0400] "GET /?d=92352976260&filter=d627b2&share_to_url=discover.php%3Fid%3D3128633%26name%3Dwhat+not+to+flush HTTP/1.1" 200 24352 "-" "Mozilla/5.0 (Linux; Android 6.0.1; Nexus 5X Build/MMB29P) AppleWebKit/537.36 (KHTML, like Gecko) Chrome/136.0.7103.113 Mobile Safari/537.36 (compatible; Googlebot/2.1; +http://www.google.com/bot.html)"
66.249.64.8 - - [12/Jun/2025:09:03:54 -0400] "GET /?d=98358785260&filter=5e40a7&share_to_url=ideas.php%3Fid%3D3333396%26name%3Dfierce+rockers HTTP/1.1" 200 23218 "-" "Mozilla/5.0 (Linux; Android 6.0.1; Nexus 5X Build/MMB29P) AppleWebKit/537.36 (KHTML, like Gecko) Chrome/136.0.7103.113 Mobile Safari/537.36 (compatible; Googlebot/2.1; +http://www.google.com/bot.html)"
66.249.64.5 - - [12/Jun/2025:09:03:54 -0400] "GET /?d=108881078260&filter=dd928e&share_to_url=item.php%3Fid%3D3686293%26name%3Dpeluche+gigante+winnie+pooh+en HTTP/1.1" 200 22886 "-" "Mozilla/5.0 (Linux; Android 6.0.1; Nexus 5X Build/MMB29P) AppleWebKit/537.36 (KHTML, like Gecko) Chrome/136.0.7103.113 Mobile Safari/537.36 (compatible; Googlebot/2.1; +http://www.google.com/bot.html)"
66.249.64.7 - - [12/Jun/2025:09:03:55 -0400] "GET /?d=106601420260&filter=c4963f&share_to_url=article.php%3Fid%3D3610490%26name%3Dlacoste+cologne+clearance+red HTTP/1.1" 200 22662 "-" "Mozilla/5.0 (Linux; Android 6.0.1; Nexus 5X Build/MMB29P) AppleWebKit/537.36 (KHTML, like Gecko) Chrome/136.0.7103.113 Mobile Safari/537.36 (compatible; Googlebot/2.1; +http://www.google.com/bot.html)"
52.167.144.221 - - [12/Jun/2025:09:03:55 -0400] "GET /?d=89151343260&filter=133aea&share_to_url=item.php%3Fid%3D3021937%26name%3Dbracelet+jonc+magn%C3%A9tique+runes HTTP/1.1" 200 23404 "-" "Mozilla/5.0 AppleWebKit/537.36 (KHTML, like Gecko; compatible; bingbot/2.0; +http://www.bing.com/bingbot.htm) Chrome/116.0.1938.76 Safari/537.36"
52.167.144.221 - - [12/Jun/2025:09:03:56 -0400] "GET /?d=10524817260&filter=e50ed8&share_to_url=shopdetail.php%3Fid%3D360548%26name%3Djohn+lewis+baby+bjorn HTTP/1.1" 200 22578 "-" "Mozilla/5.0 AppleWebKit/537.36 (KHTML, like Gecko; compatible; bingbot/2.0; +http://www.bing.com/bingbot.htm) Chrome/116.0.1938.76 Safari/537.36"
40.77.167.62 - - [12/Jun/2025:09:03:56 -0400] "GET /?d=97181338260&filter=063578&share_to_url=detail.php%3Fid%3D3292881%26name%3Dtennis+shop+promo%C3%87%C3%83o HTTP/1.1" 200 24202 "-" "Mozilla/5.0 AppleWebKit/537.36 (KHTML, like Gecko; compatible; bingbot/2.0; +http://www.bing.com/bingbot.htm) Chrome/116.0.1938.76 Safari/537.36"
66.249.64.8 - - [12/Jun/2025:09:03:56 -0400] "GET /?d=104200785260&filter=704690&share_to_url=pin.php%3Fid%3D3530382%26name%3Dsilver+ring+three+sisters HTTP/1.1" 200 23904 "-" "Mozilla/5.0 (Linux; Android 6.0.1; Nexus 5X Build/MMB29P) AppleWebKit/537.36 (KHTML, like Gecko) Chrome/136.0.7103.113 Mobile Safari/537.36 (compatible; Googlebot/2.1; +http://www.google.com/bot.html)"
66.249.64.7 - - [12/Jun/2025:09:03:57 -0400] "GET /?d=113825716260&filter=754b31&share_to_url=ideas.php%3Fid%3D3854700%26name%3Dwomen+039+s+aquadive+666 HTTP/1.1" 200 23522 "-" "Mozilla/5.0 (Linux; Android 6.0.1; Nexus 5X Build/MMB29P) AppleWebKit/537.36 (KHTML, like Gecko) Chrome/136.0.7103.113 Mobile Safari/537.36 (compatible; Googlebot/2.1; +http://www.google.com/bot.html)"
52.167.144.221 - - [12/Jun/2025:09:03:57 -0400] "GET /?d=103800114260&filter=95c78c&share_to_url=discover.php%3Fid%3D3516857%26name%3Dma+dama+moda+feminina HTTP/1.1" 200 24900 "-" "Mozilla/5.0 AppleWebKit/537.36 (KHTML, like Gecko; compatible; bingbot/2.0; +http://www.bing.com/bingbot.htm) Chrome/116.0.1938.76 Safari/537.36"
40.77.167.62 - - [12/Jun/2025:09:03:57 -0400] "GET /?d=93585929260&filter=bcf072&share_to_url=goods.php%3Fid%3D3170567%26name%3Dww2+german+army+generals HTTP/1.1" 200 22990 "-" "Mozilla/5.0 AppleWebKit/537.36 (KHTML, like Gecko; compatible; bingbot/2.0; +http://www.bing.com/bingbot.htm) Chrome/116.0.1938.76 Safari/537.36"
66.249.64.5 - - [12/Jun/2025:09:03:57 -0400] "GET /?d=81621224260&filter=6f69da&share_to_url=discover.php%3Fid%3D2764709%26name%3Daqualite+slipper+clearance+price HTTP/1.1" 200 23723 "-" "Mozilla/5.0 (Linux; Android 6.0.1; Nexus 5X Build/MMB29P) AppleWebKit/537.36 (KHTML, like Gecko) Chrome/136.0.7103.113 Mobile Safari/537.36 (compatible; Googlebot/2.1; +http://www.google.com/bot.html)"
52.167.144.221 - - [12/Jun/2025:09:03:58 -0400] "GET /?d=44395579260&filter=c551fd&share_to_url=product-page.php%3Fid%3D1506412%26name%3Dsognare+nuo+cubre HTTP/1.1" 200 22217 "-" "Mozilla/5.0 AppleWebKit/537.36 (KHTML, like Gecko; compatible; bingbot/2.0; +http://www.bing.com/bingbot.htm) Chrome/116.0.1938.76 Safari/537.36"
40.77.167.62 - - [12/Jun/2025:09:03:58 -0400] "GET /?d=110756922260&filter=02231f&share_to_url=detail.php%3Fid%3D3749865%26name%3Db%C3%86rskin+long+johns HTTP/1.1" 200 23730 "-" "Mozilla/5.0 AppleWebKit/537.36 (KHTML, like Gecko; compatible; bingbot/2.0; +http://www.bing.com/bingbot.htm) Chrome/116.0.1938.76 Safari/537.36"
40.77.167.62 - - [12/Jun/2025:09:03:59 -0400] "GET /?d=93871177260&filter=b3e07f&share_to_url=item.php?id=3180529&name=intel%20core%20prosesor HTTP/1.1" 200 22745 "-" "Mozilla/5.0 AppleWebKit/537.36 (KHTML, like Gecko; compatible; bingbot/2.0; +http://www.bing.com/bingbot.htm) Chrome/116.0.1938.76 Safari/537.36"
66.249.64.8 - - [12/Jun/2025:09:03:59 -0400] "GET /?d=114040722260&filter=9ca3b3&share_to_url=ideas.php%3Fid%3D3862200%26name%3Dtie+dye+one+hot+sale HTTP/1.1" 200 24201 "-" "Mozilla/5.0 (Linux; Android 6.0.1; Nexus 5X Build/MMB29P) AppleWebKit/537.36 (KHTML, like Gecko) Chrome/136.0.7103.113 Mobile Safari/537.36 (compatible; Googlebot/2.1; +http://www.google.com/bot.html)"
66.249.64.6 - - [12/Jun/2025:09:04:00 -0400] "GET /?d=90480460260&filter=a06510&share_to_url=product.php%3Fid%3D3066670%26name%3Dgolden+age+wine HTTP/1.1" 200 23492 "-" "Mozilla/5.0 (Linux; Android 6.0.1; Nexus 5X Build/MMB29P) AppleWebKit/537.36 (KHTML, like Gecko) Chrome/136.0.7103.113 Mobile Safari/537.36 (compatible; Googlebot/2.1; +http://www.google.com/bot.html)"
66.249.64.6 - - [12/Jun/2025:09:04:01 -0400] "GET /?d=93190107260&filter=9131c3&share_to_url=shopdetail.php%3Fid%3D3157436%26name%3Dsimulation+shrimp+neck HTTP/1.1" 200 23333 "-" "Mozilla/5.0 (Linux; Android 6.0.1; Nexus 5X Build/MMB29P) AppleWebKit/537.36 (KHTML, like Gecko) Chrome/136.0.7103.113 Mobile Safari/537.36 (compatible; Googlebot/2.1; +http://www.google.com/bot.html)"
66.249.64.5 - - [12/Jun/2025:09:04:01 -0400] "GET /?d=81628507260&filter=6f69da&share_to_url=pin.php%3Fid%3D2764950%26name%3Dminnetonka+ladies+torrey+lace+up HTTP/1.1" 200 23414 "-" "Mozilla/5.0 (Linux; Android 6.0.1; Nexus 5X Build/MMB29P) AppleWebKit/537.36 (KHTML, like Gecko) Chrome/136.0.7103.113 Mobile Safari/537.36 (compatible; Googlebot/2.1; +http://www.google.com/bot.html)"
66.249.64.7 - - [12/Jun/2025:09:04:03 -0400] "GET /?d=94699806260&filter=71e57e&share_to_url=discover.php%3Fid%3D3208781%26name%3Dbest+games+nes HTTP/1.1" 200 23736 "-" "Mozilla/5.0 (Linux; Android 6.0.1; Nexus 5X Build/MMB29P) AppleWebKit/537.36 (KHTML, like Gecko) Chrome/136.0.7103.113 Mobile Safari/537.36 (compatible; Googlebot/2.1; +http://www.google.com/bot.html)"
66.249.64.7 - - [12/Jun/2025:09:04:04 -0400] "GET /?d=97735830260&filter=6b2bc0&share_to_url=item.php%3Fid%3D3312481%26name%3Dnixon+lodown+ii+watch HTTP/1.1" 200 23319 "-" "Mozilla/5.0 (Linux; Android 6.0.1; Nexus 5X Build/MMB29P) AppleWebKit/537.36 (KHTML, like Gecko) Chrome/136.0.7103.113 Mobile Safari/537.36 (compatible; Googlebot/2.1; +http://www.google.com/bot.html)"
52.167.144.162 - - [12/Jun/2025:09:04:06 -0400] "GET /?d=56334908260&filter=c08dc8&share_to_url=product.php%3Fid%3D1913002%26name%3Ddim+on+x HTTP/1.1" 200 23779 "-" "Mozilla/5.0 AppleWebKit/537.36 (KHTML, like Gecko; compatible; bingbot/2.0; +http://www.bing.com/bingbot.htm) Chrome/116.0.1938.76 Safari/537.36"
66.249.64.6 - - [12/Jun/2025:09:04:06 -0400] "GET /?d=115045947260&filter=e8f8dd&share_to_url=ideas.php%3Fid%3D3895800%26name%3Dbusta+grande+geo HTTP/1.1" 200 22949 "-" "Mozilla/5.0 (Linux; Android 6.0.1; Nexus 5X Build/MMB29P) AppleWebKit/537.36 (KHTML, like Gecko) Chrome/136.0.7103.113 Mobile Safari/537.36 (compatible; Googlebot/2.1; +http://www.google.com/bot.html)"
66.249.64.6 - - [12/Jun/2025:09:04:06 -0400] "GET /?d=93345090260&filter=7a1ffe&share_to_url=product.php%3Fid%3D3162478%26name%3Dadults+nike+boots+black+club HTTP/1.1" 200 23385 "-" "Mozilla/5.0 (Linux; Android 6.0.1; Nexus 5X Build/MMB29P) AppleWebKit/537.36 (KHTML, like Gecko) Chrome/136.0.7103.113 Mobile Safari/537.36 (compatible; Googlebot/2.1; +http://www.google.com/bot.html)"
52.167.144.162 - - [12/Jun/2025:09:04:07 -0400] "GET /?d=21689479260&filter=c79531&share_to_url=shop.php%3Fid%3D735895%26name%3Dzoey+magic+lights HTTP/1.1" 200 22517 "-" "Mozilla/5.0 AppleWebKit/537.36 (KHTML, like Gecko; compatible; bingbot/2.0; +http://www.bing.com/bingbot.htm) Chrome/116.0.1938.76 Safari/537.36"
207.46.13.52 - - [12/Jun/2025:09:04:07 -0400] "GET /?d=117135255260&filter=6d99a5&share_to_url=goods.php%3Fid%3D3966887%26name%3Dgafas+de+sol+carrera+flaglab HTTP/1.1" 200 23070 "-" "Mozilla/5.0 AppleWebKit/537.36 (KHTML, like Gecko; compatible; bingbot/2.0; +http://www.bing.com/bingbot.htm) Chrome/116.0.1938.76 Safari/537.36"
52.167.144.162 - - [12/Jun/2025:09:04:08 -0400] "GET /?d=41245253260&filter=ada5f8&share_to_url=goods.php%3Fid%3D1400423%26name%3Dfaux+rattan+plastic HTTP/1.1" 200 24411 "-" "Mozilla/5.0 AppleWebKit/537.36 (KHTML, like Gecko; compatible; bingbot/2.0; +http://www.bing.com/bingbot.htm) Chrome/116.0.1938.76 Safari/537.36"
66.249.64.6 - - [12/Jun/2025:09:04:08 -0400] "GET /?d=110242038260&filter=3c6ceb&share_to_url=shopdetail.php%3Fid%3D3731336%26name%3Dsapato+moleca+discount HTTP/1.1" 200 23843 "-" "Mozilla/5.0 (Linux; Android 6.0.1; Nexus 5X Build/MMB29P) AppleWebKit/537.36 (KHTML, like Gecko) Chrome/136.0.7103.113 Mobile Safari/537.36 (compatible; Googlebot/2.1; +http://www.google.com/bot.html)"
207.46.13.52 - - [12/Jun/2025:09:04:08 -0400] "GET /?d=109870578260&filter=18729c&share_to_url=goods.php%3Fid%3D3718643%26name%3Dbook+your+bike HTTP/1.1" 200 24481 "-" "Mozilla/5.0 AppleWebKit/537.36 (KHTML, like Gecko; compatible; bingbot/2.0; +http://www.bing.com/bingbot.htm) Chrome/116.0.1938.76 Safari/537.36"
40.77.167.62 - - [12/Jun/2025:09:04:08 -0400] "GET /?d=106718999260&filter=bfc81f&share_to_url=model.php%3Fid%3D3614343%26name%3Dprofessional+factory+supply HTTP/1.1" 200 24189 "-" "Mozilla/5.0 AppleWebKit/537.36 (KHTML, like Gecko; compatible; bingbot/2.0; +http://www.bing.com/bingbot.htm) Chrome/116.0.1938.76 Safari/537.36"
66.249.64.6 - - [12/Jun/2025:09:04:09 -0400] "GET /?d=111102509260&filter=577ef4&share_to_url=ideas.php%3Fid%3D3762228%26name%3Dradley+london+20th HTTP/1.1" 200 23047 "-" "Mozilla/5.0 (Linux; Android 6.0.1; Nexus 5X Build/MMB29P) AppleWebKit/537.36 (KHTML, like Gecko) Chrome/136.0.7103.113 Mobile Safari/537.36 (compatible; Googlebot/2.1; +http://www.google.com/bot.html)"
66.249.64.5 - - [12/Jun/2025:09:04:11 -0400] "GET /?d=101581693260&filter=d98b3e&share_to_url=article.php%3Fid%3D3443942%26name%3Dupto+meter HTTP/1.1" 200 24428 "-" "Mozilla/5.0 (Linux; Android 6.0.1; Nexus 5X Build/MMB29P) AppleWebKit/537.36 (KHTML, like Gecko) Chrome/136.0.7103.113 Mobile Safari/537.36 (compatible; Googlebot/2.1; +http://www.google.com/bot.html)"
52.167.144.170 - - [12/Jun/2025:09:04:11 -0400] "GET /?d=104994043260&filter=657ad3&share_to_url=product.php%3Fid%3D3557218%26name%3Datlanta+hawks+club+courtside HTTP/1.1" 200 23779 "-" "Mozilla/5.0 AppleWebKit/537.36 (KHTML, like Gecko; compatible; bingbot/2.0; +http://www.bing.com/bingbot.htm) Chrome/116.0.1938.76 Safari/537.36"
66.249.64.5 - - [12/Jun/2025:09:04:12 -0400] "GET /?d=89068564260&filter=1cbf7a&share_to_url=pin.php%3Fid%3D3018906%26name%3Dmilwaukee+m18+fuel+20+inch HTTP/1.1" 200 23182 "-" "Mozilla/5.0 (Linux; Android 6.0.1; Nexus 5X Build/MMB29P) AppleWebKit/537.36 (KHTML, like Gecko) Chrome/136.0.7103.113 Mobile Safari/537.36 (compatible; Googlebot/2.1; +http://www.google.com/bot.html)"
66.249.64.5 - - [12/Jun/2025:09:04:13 -0400] "GET /?d=105351559260&filter=6f69da&share_to_url=discover.php%3Fid%3D3568865%26name%3Dhotter+mink+nubuck HTTP/1.1" 200 24207 "-" "Mozilla/5.0 (Linux; Android 6.0.1; Nexus 5X Build/MMB29P) AppleWebKit/537.36 (KHTML, like Gecko) Chrome/136.0.7103.113 Mobile Safari/537.36 (compatible; Googlebot/2.1; +http://www.google.com/bot.html)"
66.249.64.5 - - [12/Jun/2025:09:04:14 -0400] "GET /?d=99374702260&filter=8104cb&share_to_url=shop.php%3Fid%3D3368071%26name%3Dvintage+corelle+sandstone HTTP/1.1" 200 24230 "-" "Mozilla/5.0 (Linux; Android 6.0.1; Nexus 5X Build/MMB29P) AppleWebKit/537.36 (KHTML, like Gecko) Chrome/136.0.7103.113 Mobile Safari/537.36 (compatible; Googlebot/2.1; +http://www.google.com/bot.html)"
66.249.64.5 - - [12/Jun/2025:09:04:14 -0400] "GET /?d=93268259260&filter=c8fca0&share_to_url=pin.php%3Fid%3D3159942%26name%3Dbestway+air+mattress+twin HTTP/1.1" 200 24033 "-" "Mozilla/5.0 (Linux; Android 6.0.1; Nexus 5X Build/MMB29P) AppleWebKit/537.36 (KHTML, like Gecko) Chrome/136.0.7103.113 Mobile Safari/537.36 (compatible; Googlebot/2.1; +http://www.google.com/bot.html)"
66.249.64.5 - - [12/Jun/2025:09:04:15 -0400] "GET /?d=114057151260&filter=9ca3b3&share_to_url=shop.php%3Fid%3D3862663%26name%3Dbuy+quiz+clothing+navy+sequin HTTP/1.1" 200 23708 "-" "Mozilla/5.0 (Linux; Android 6.0.1; Nexus 5X Build/MMB29P) AppleWebKit/537.36 (KHTML, like Gecko) Chrome/136.0.7103.113 Mobile Safari/537.36 (compatible; Googlebot/2.1; +http://www.google.com/bot.html)"
66.249.64.5 - - [12/Jun/2025:09:04:16 -0400] "GET /?d=100310914260&filter=ee0841&share_to_url=detail.php%3Fid%3D3399933%26name%3Dblusas+de+moda+licra HTTP/1.1" 200 23970 "-" "Mozilla/5.0 (Linux; Android 6.0.1; Nexus 5X Build/MMB29P) AppleWebKit/537.36 (KHTML, like Gecko) Chrome/136.0.7103.113 Mobile Safari/537.36 (compatible; Googlebot/2.1; +http://www.google.com/bot.html)"
207.46.13.116 - - [12/Jun/2025:09:04:17 -0400] "GET /?d=95922342260&filter=c08dc8&share_to_url=item.php%3Fid%3D3249889%26name%3Ddinosaurios+de+clearance+jurassic HTTP/1.1" 200 23823 "-" "Mozilla/5.0 AppleWebKit/537.36 (KHTML, like Gecko; compatible; bingbot/2.0; +http://www.bing.com/bingbot.htm) Chrome/116.0.1938.76 Safari/537.36"
66.249.64.5 - - [12/Jun/2025:09:04:18 -0400] "GET /?d=104086867260&filter=40f37c&share_to_url=goods.php%3Fid%3D3526595%26name%3Dhello+sunshine+folding HTTP/1.1" 200 24413 "-" "Mozilla/5.0 (Linux; Android 6.0.1; Nexus 5X Build/MMB29P) AppleWebKit/537.36 (KHTML, like Gecko) Chrome/136.0.7103.113 Mobile Safari/537.36 (compatible; Googlebot/2.1; +http://www.google.com/bot.html)"
114.119.142.15 - - [12/Jun/2025:09:04:18 -0400] "GET /adminn.php HTTP/1.1" 403 1242 "https://churchmr.com/login.php" "Mozilla/5.0 (Linux; Android 7.0;) AppleWebKit/537.36 (KHTML, like Gecko) Mobile Safari/537.36 (compatible; PetalBot;+https://webmaster.petalsearch.com/site/petalbot)"
66.249.64.5 - - [12/Jun/2025:09:04:19 -0400] "GET /?d=101488663260&filter=8c1a8c&share_to_url=discover.php%3Fid%3D3440525%26name%3Dfranco+sarto+nico+bootie HTTP/1.1" 200 24393 "-" "Mozilla/5.0 (Linux; Android 6.0.1; Nexus 5X Build/MMB29P) AppleWebKit/537.36 (KHTML, like Gecko) Chrome/136.0.7103.113 Mobile Safari/537.36 (compatible; Googlebot/2.1; +http://www.google.com/bot.html)"
66.249.64.5 - - [12/Jun/2025:09:04:19 -0400] "GET /?d=98771461260&filter=ed0729&share_to_url=goods.php%3Fid%3D3347339%26name%3Dpandora+aqua+heart+charm HTTP/1.1" 200 24088 "-" "Mozilla/5.0 (Linux; Android 6.0.1; Nexus 5X Build/MMB29P) AppleWebKit/537.36 (KHTML, like Gecko) Chrome/136.0.7103.113 Mobile Safari/537.36 (compatible; Googlebot/2.1; +http://www.google.com/bot.html)"
66.249.64.5 - - [12/Jun/2025:09:04:20 -0400] "GET /?d=111647711260&filter=77322a&share_to_url=model.php%3Fid%3D3781191%26name%3Dmotorizing+a+lego+tram+with HTTP/1.1" 200 23937 "-" "Mozilla/5.0 (Linux; Android 6.0.1; Nexus 5X Build/MMB29P) AppleWebKit/537.36 (KHTML, like Gecko) Chrome/136.0.7103.113 Mobile Safari/537.36 (compatible; Googlebot/2.1; +http://www.google.com/bot.html)"
66.249.64.6 - - [12/Jun/2025:09:04:21 -0400] "GET /?d=94357716260&filter=29bf04&share_to_url=product-page.php%3Fid%3D3197644%26name%3Dcallaway+men+039+s+birdseye+polo HTTP/1.1" 200 23584 "-" "Mozilla/5.0 (Linux; Android 6.0.1; Nexus 5X Build/MMB29P) AppleWebKit/537.36 (KHTML, like Gecko) Chrome/136.0.7103.113 Mobile Safari/537.36 (compatible; Googlebot/2.1; +http://www.google.com/bot.html)"
66.249.64.5 - - [12/Jun/2025:09:04:21 -0400] "GET /?d=109150821260&filter=a35f77&share_to_url=shop.php%3Fid%3D3695083%26name%3Dmiyota+uhrwerk+leiser HTTP/1.1" 200 23834 "-" "Mozilla/5.0 (Linux; Android 6.0.1; Nexus 5X Build/MMB29P) AppleWebKit/537.36 (KHTML, like Gecko) Chrome/136.0.7103.113 Mobile Safari/537.36 (compatible; Googlebot/2.1; +http://www.google.com/bot.html)"
66.249.64.6 - - [12/Jun/2025:09:04:23 -0400] "GET /?d=100257817260&filter=704690&share_to_url=article.php%3Fid%3D3398054%26name%3Dabout+waverly+main HTTP/1.1" 200 24214 "-" "Mozilla/5.0 (Linux; Android 6.0.1; Nexus 5X Build/MMB29P) AppleWebKit/537.36 (KHTML, like Gecko) Chrome/136.0.7103.113 Mobile Safari/537.36 (compatible; Googlebot/2.1; +http://www.google.com/bot.html)"
66.249.64.5 - - [12/Jun/2025:09:04:24 -0400] "GET /?d=101609342260&filter=1c8ef9&share_to_url=product.php%3Fid%3D3445006%26name%3Dbici+da+viaggio+koga HTTP/1.1" 200 23217 "-" "Mozilla/5.0 (Linux; Android 6.0.1; Nexus 5X Build/MMB29P) AppleWebKit/537.36 (KHTML, like Gecko) Chrome/136.0.7103.113 Mobile Safari/537.36 (compatible; Googlebot/2.1; +http://www.google.com/bot.html)"
66.249.64.5 - - [12/Jun/2025:09:04:24 -0400] "GET /?d=102759090260&filter=1876cd&share_to_url=discover.php%3Fid%3D3482897%26name%3Dgrey+los+angeles+sweatshirt HTTP/1.1" 200 24490 "-" "Mozilla/5.0 (Linux; Android 6.0.1; Nexus 5X Build/MMB29P) AppleWebKit/537.36 (KHTML, like Gecko) Chrome/136.0.7103.113 Mobile Safari/537.36 (compatible; Googlebot/2.1; +http://www.google.com/bot.html)"
66.249.64.5 - - [12/Jun/2025:09:04:25 -0400] "GET /?d=112966481260&filter=74e00d&share_to_url=product-page.php%3Fid%3D3825736%26name%3Ddrakkar+noir+cologne+for HTTP/1.1" 200 22791 "-" "Mozilla/5.0 (Linux; Android 6.0.1; Nexus 5X Build/MMB29P) AppleWebKit/537.36 (KHTML, like Gecko) Chrome/136.0.7103.113 Mobile Safari/537.36 (compatible; Googlebot/2.1; +http://www.google.com/bot.html)"
66.249.64.5 - - [12/Jun/2025:09:04:25 -0400] "GET /?d=111595280260&filter=ebf321&share_to_url=model.php%3Fid%3D3779355%26name%3Dbuy+womens+plus+size+blouses HTTP/1.1" 200 24768 "-" "Mozilla/5.0 (Linux; Android 6.0.1; Nexus 5X Build/MMB29P) AppleWebKit/537.36 (KHTML, like Gecko) Chrome/136.0.7103.113 Mobile Safari/537.36 (compatible; Googlebot/2.1; +http://www.google.com/bot.html)"
66.249.64.6 - - [12/Jun/2025:09:04:27 -0400] "GET /?d=108560962260&filter=9baa02&share_to_url=shopdetail.php%3Fid%3D3675764%26name%3Dtoms+nearly+nautical+and HTTP/1.1" 200 24962 "-" "Mozilla/5.0 (Linux; Android 6.0.1; Nexus 5X Build/MMB29P) AppleWebKit/537.36 (KHTML, like Gecko) Chrome/136.0.7103.113 Mobile Safari/537.36 (compatible; Googlebot/2.1; +http://www.google.com/bot.html)"
66.249.64.5 - - [12/Jun/2025:09:04:28 -0400] "GET /?d=104241190260&filter=9ab666&share_to_url=ideas.php%3Fid%3D3531924%26name%3Dtoddler+reputable+girl HTTP/1.1" 200 22879 "-" "Mozilla/5.0 (Linux; Android 6.0.1; Nexus 5X Build/MMB29P) AppleWebKit/537.36 (KHTML, like Gecko) Chrome/136.0.7103.113 Mobile Safari/537.36 (compatible; Googlebot/2.1; +http://www.google.com/bot.html)"
66.249.64.5 - - [12/Jun/2025:09:04:29 -0400] "GET /?d=114852006260&filter=de1f77&share_to_url=model.php%3Fid%3D3889083%26name%3Djumbo+kraft+paper+gift+bags HTTP/1.1" 200 24402 "-" "Mozilla/5.0 (Linux; Android 6.0.1; Nexus 5X Build/MMB29P) AppleWebKit/537.36 (KHTML, like Gecko) Chrome/136.0.7103.113 Mobile Safari/537.36 (compatible; Googlebot/2.1; +http://www.google.com/bot.html)"
66.249.64.6 - - [12/Jun/2025:09:04:31 -0400] "GET /?d=104296582260&filter=ec9b91&share_to_url=goods.php%3Fid%3D3533747%26name%3Ddriving+job+ekak+nadda HTTP/1.1" 200 22251 "-" "Mozilla/5.0 (Linux; Android 6.0.1; Nexus 5X Build/MMB29P) AppleWebKit/537.36 (KHTML, like Gecko) Chrome/136.0.7103.113 Mobile Safari/537.36 (compatible; Googlebot/2.1; +http://www.google.com/bot.html)"
66.249.64.5 - - [12/Jun/2025:09:04:32 -0400] "GET /?d=103217724260&filter=77eedc&share_to_url=ideas.php%3Fid%3D3497796%26name%3Dcasco+shaft+sh+526sp+triqui HTTP/1.1" 200 23547 "-" "Mozilla/5.0 (Linux; Android 6.0.1; Nexus 5X Build/MMB29P) AppleWebKit/537.36 (KHTML, like Gecko) Chrome/136.0.7103.113 Mobile Safari/537.36 (compatible; Googlebot/2.1; +http://www.google.com/bot.html)"
66.249.64.7 - - [12/Jun/2025:09:04:34 -0400] "GET /?d=113293560260&filter=21e51a&share_to_url=model.php%3Fid%3D3837183%26name%3Dshort+pitbulls+for HTTP/1.1" 200 23763 "-" "Mozilla/5.0 (Linux; Android 6.0.1; Nexus 5X Build/MMB29P) AppleWebKit/537.36 (KHTML, like Gecko) Chrome/136.0.7103.113 Mobile Safari/537.36 (compatible; Googlebot/2.1; +http://www.google.com/bot.html)"
66.249.64.5 - - [12/Jun/2025:09:04:35 -0400] "GET /?d=90686230260&filter=53b571&share_to_url=goods.php%3Fid%3D3073535%26name%3Dabiti+kontatto+store+estate HTTP/1.1" 200 24224 "-" "Mozilla/5.0 (Linux; Android 6.0.1; Nexus 5X Build/MMB29P) AppleWebKit/537.36 (KHTML, like Gecko) Chrome/136.0.7103.113 Mobile Safari/537.36 (compatible; Googlebot/2.1; +http://www.google.com/bot.html)"
207.46.13.116 - - [12/Jun/2025:09:04:35 -0400] "GET /?d=38166674260&filter=ada5f8&share_to_url=discover.php%3Fid%3D1295501%26name%3Dbramblecrest+oakridge+modular+outlet HTTP/1.1" 200 23567 "-" "Mozilla/5.0 AppleWebKit/537.36 (KHTML, like Gecko; compatible; bingbot/2.0; +http://www.bing.com/bingbot.htm) Chrome/116.0.1938.76 Safari/537.36"
66.249.64.7 - - [12/Jun/2025:09:04:36 -0400] "GET /?d=108904539260&filter=637771&share_to_url=shopdetail.php%3Fid%3D3687080%26name%3Dlip+watch+himalaya HTTP/1.1" 200 23606 "-" "Mozilla/5.0 (Linux; Android 6.0.1; Nexus 5X Build/MMB29P) AppleWebKit/537.36 (KHTML, like Gecko) Chrome/136.0.7103.113 Mobile Safari/537.36 (compatible; Googlebot/2.1; +http://www.google.com/bot.html)"
207.46.13.52 - - [12/Jun/2025:09:04:37 -0400] "GET /?d=89069596260&filter=1cbf7a&share_to_url=discover.php%3Fid%3D3018953%26name%3Dkobalt+24+volt+cordless+brushless+variable HTTP/1.1" 200 23011 "-" "Mozilla/5.0 AppleWebKit/537.36 (KHTML, like Gecko; compatible; bingbot/2.0; +http://www.bing.com/bingbot.htm) Chrome/116.0.1938.76 Safari/537.36"
207.46.13.116 - - [12/Jun/2025:09:04:37 -0400] "GET /?d=107876012260&filter=1f7643&share_to_url=item.php%3Fid%3D3652693%26name%3Dsanta+sack+for+stuffed HTTP/1.1" 200 24238 "-" "Mozilla/5.0 AppleWebKit/537.36 (KHTML, like Gecko; compatible; bingbot/2.0; +http://www.bing.com/bingbot.htm) Chrome/116.0.1938.76 Safari/537.36"
207.46.13.116 - - [12/Jun/2025:09:04:37 -0400] "GET /?d=67873103260&filter=efc4ff&share_to_url=pin.php%3Fid%3D2300562%26name%3Dsunkist+navel+orange HTTP/1.1" 200 23336 "-" "Mozilla/5.0 AppleWebKit/537.36 (KHTML, like Gecko; compatible; bingbot/2.0; +http://www.bing.com/bingbot.htm) Chrome/116.0.1938.76 Safari/537.36"
207.46.13.52 - - [12/Jun/2025:09:04:38 -0400] "GET /?d=102644272260&filter=638c9b&share_to_url=model.php%3Fid%3D3478947%26name%3Dintroducing+the+all+new+11+in+geek HTTP/1.1" 200 23259 "-" "Mozilla/5.0 AppleWebKit/537.36 (KHTML, like Gecko; compatible; bingbot/2.0; +http://www.bing.com/bingbot.htm) Chrome/116.0.1938.76 Safari/537.36"
66.249.64.7 - - [12/Jun/2025:09:04:38 -0400] "GET /?d=100935461260&filter=cd07d0&share_to_url=item.php%3Fid%3D3421261%26name%3Dnike+sportswear+hufquake+air+max HTTP/1.1" 200 21587 "-" "Mozilla/5.0 (Linux; Android 6.0.1; Nexus 5X Build/MMB29P) AppleWebKit/537.36 (KHTML, like Gecko) Chrome/136.0.7103.113 Mobile Safari/537.36 (compatible; Googlebot/2.1; +http://www.google.com/bot.html)"
66.249.64.7 - - [12/Jun/2025:09:04:38 -0400] "GET /?d=104620450260&filter=ca372c&share_to_url=pin.php%3Fid%3D3545010%26name%3Drocky+wooden+clearance+train HTTP/1.1" 200 24175 "-" "Mozilla/5.0 (Linux; Android 6.0.1; Nexus 5X Build/MMB29P) AppleWebKit/537.36 (KHTML, like Gecko) Chrome/136.0.7103.113 Mobile Safari/537.36 (compatible; Googlebot/2.1; +http://www.google.com/bot.html)"
40.77.167.62 - - [12/Jun/2025:09:04:38 -0400] "GET /?d=113363860260&filter=38a14a&share_to_url=goods.php%3Fid%3D3839519%26name%3Dtriangle+huggie+hoop HTTP/1.1" 200 22174 "-" "Mozilla/5.0 AppleWebKit/537.36 (KHTML, like Gecko; compatible; bingbot/2.0; +http://www.bing.com/bingbot.htm) Chrome/116.0.1938.76 Safari/537.36"
207.46.13.52 - - [12/Jun/2025:09:04:39 -0400] "GET /?d=91410772260&filter=140534&share_to_url=article.php%3Fid%3D3097862%26name%3Delegance+fashions+giovanna HTTP/1.1" 200 23502 "-" "Mozilla/5.0 AppleWebKit/537.36 (KHTML, like Gecko; compatible; bingbot/2.0; +http://www.bing.com/bingbot.htm) Chrome/116.0.1938.76 Safari/537.36"
66.249.64.7 - - [12/Jun/2025:09:04:38 -0400] "GET /?d=116080945260&filter=99bfb5&share_to_url=product-page.php%3Fid%3D3930940%26name%3Dhack+your+nest+thermostat HTTP/1.1" 200 23066 "-" "Mozilla/5.0 (Linux; Android 6.0.1; Nexus 5X Build/MMB29P) AppleWebKit/537.36 (KHTML, like Gecko) Chrome/136.0.7103.113 Mobile Safari/537.36 (compatible; Googlebot/2.1; +http://www.google.com/bot.html)"
52.167.144.221 - - [12/Jun/2025:09:04:39 -0400] "GET /?d=37148976260&filter=61fa9d&share_to_url=shopdetail.php%3Fid%3D1261460%26name%3Dvilinice+10000mah+portable HTTP/1.1" 200 23810 "-" "Mozilla/5.0 AppleWebKit/537.36 (KHTML, like Gecko; compatible; bingbot/2.0; +http://www.bing.com/bingbot.htm) Chrome/116.0.1938.76 Safari/537.36"
207.46.13.52 - - [12/Jun/2025:09:04:40 -0400] "GET /?d=110157330260&filter=7d0d7b&share_to_url=model.php%3Fid%3D3728379%26name%3Dyour+visitor+guide+to HTTP/1.1" 200 22606 "-" "Mozilla/5.0 AppleWebKit/537.36 (KHTML, like Gecko; compatible; bingbot/2.0; +http://www.bing.com/bingbot.htm) Chrome/116.0.1938.76 Safari/537.36"
66.249.64.6 - - [12/Jun/2025:09:04:40 -0400] "GET /?d=116042816260&filter=bce36f&share_to_url=product.php%3Fid%3D3929590%26name%3Dhypergear+in+fast HTTP/1.1" 200 23339 "-" "Mozilla/5.0 (Linux; Android 6.0.1; Nexus 5X Build/MMB29P) AppleWebKit/537.36 (KHTML, like Gecko) Chrome/136.0.7103.113 Mobile Safari/537.36 (compatible; Googlebot/2.1; +http://www.google.com/bot.html)"
66.249.64.7 - - [12/Jun/2025:09:04:42 -0400] "GET /?d=95911546260&filter=01758e&share_to_url=pin.php%3Fid%3D3249510%26name%3Dnike+equipaci%C3%B3n+completa+fc HTTP/1.1" 200 23910 "-" "Mozilla/5.0 (Linux; Android 6.0.1; Nexus 5X Build/MMB29P) AppleWebKit/537.36 (KHTML, like Gecko) Chrome/136.0.7103.113 Mobile Safari/537.36 (compatible; Googlebot/2.1; +http://www.google.com/bot.html)"
207.46.13.116 - - [12/Jun/2025:09:04:43 -0400] "GET /?d=86750666260&filter=03bb2d&share_to_url=product.php%3Fid%3D2939098%26name%3Dprinted+leather+denim+jacket HTTP/1.1" 200 24298 "-" "Mozilla/5.0 AppleWebKit/537.36 (KHTML, like Gecko; compatible; bingbot/2.0; +http://www.bing.com/bingbot.htm) Chrome/116.0.1938.76 Safari/537.36"
66.249.64.5 - - [12/Jun/2025:09:04:43 -0400] "GET /?d=108434977260&filter=8d4935&share_to_url=shopdetail.php%3Fid%3D3671468%26name%3Dpayload+management+system HTTP/1.1" 200 24983 "-" "Mozilla/5.0 (Linux; Android 6.0.1; Nexus 5X Build/MMB29P) AppleWebKit/537.36 (KHTML, like Gecko) Chrome/136.0.7103.113 Mobile Safari/537.36 (compatible; Googlebot/2.1; +http://www.google.com/bot.html)"
207.46.13.116 - - [12/Jun/2025:09:04:44 -0400] "GET /?d=101511969260&filter=dc973f&share_to_url=detail.php%3Fid%3D3441285%26name%3Dferris+fw35+walk+behind+mower HTTP/1.1" 200 24023 "-" "Mozilla/5.0 AppleWebKit/537.36 (KHTML, like Gecko; compatible; bingbot/2.0; +http://www.bing.com/bingbot.htm) Chrome/116.0.1938.76 Safari/537.36"
66.249.64.6 - - [12/Jun/2025:09:04:44 -0400] "GET /?d=108489902260&filter=754b31&share_to_url=shop.php%3Fid%3D3673291%26name%3Djungle+2017+bilibili HTTP/1.1" 200 24460 "-" "Mozilla/5.0 (Linux; Android 6.0.1; Nexus 5X Build/MMB29P) AppleWebKit/537.36 (KHTML, like Gecko) Chrome/136.0.7103.113 Mobile Safari/537.36 (compatible; Googlebot/2.1; +http://www.google.com/bot.html)"
52.167.144.162 - - [12/Jun/2025:09:04:45 -0400] "GET /?d=44711260&filter=8ac724&share_to_url=pin.php%3Fid%3D1506%26name%3Dpandora+black+outlet HTTP/1.1" 200 23749 "-" "Mozilla/5.0 AppleWebKit/537.36 (KHTML, like Gecko; compatible; bingbot/2.0; +http://www.bing.com/bingbot.htm) Chrome/116.0.1938.76 Safari/537.36"
52.167.144.170 - - [12/Jun/2025:09:04:46 -0400] "GET /?d=112047161260&filter=77eedc&share_to_url=pin.php?id=3795306&name=bid%C3%B3n%20pl%C3%A1stico%20x%2025 HTTP/1.1" 200 24332 "-" "Mozilla/5.0 AppleWebKit/537.36 (KHTML, like Gecko; compatible; bingbot/2.0; +http://www.bing.com/bingbot.htm) Chrome/116.0.1938.76 Safari/537.36"
66.249.64.7 - - [12/Jun/2025:09:04:46 -0400] "GET /?d=99477875260&filter=20c71b&share_to_url=shopdetail.php%3Fid%3D3371576%26name%3Dcustom+embroidered+boxy+quilted HTTP/1.1" 200 23895 "-" "Mozilla/5.0 (Linux; Android 6.0.1; Nexus 5X Build/MMB29P) AppleWebKit/537.36 (KHTML, like Gecko) Chrome/136.0.7103.113 Mobile Safari/537.36 (compatible; Googlebot/2.1; +http://www.google.com/bot.html)"
66.249.64.5 - - [12/Jun/2025:09:04:46 -0400] "GET /?d=94200871260&filter=773a7d&share_to_url=shopdetail.php%3Fid%3D3192092%26name%3Dabito+lungo+in+mesh+in HTTP/1.1" 200 23681 "-" "Mozilla/5.0 (Linux; Android 6.0.1; Nexus 5X Build/MMB29P) AppleWebKit/537.36 (KHTML, like Gecko) Chrome/136.0.7103.113 Mobile Safari/537.36 (compatible; Googlebot/2.1; +http://www.google.com/bot.html)"
