66.249.66.12 - - [26/Apr/2025:09:55:55 -0400] "GET /?d=110194370260&filter=ab67d8&share_to_url=goods.php%3Fid%3D3729647%26name%3Dingenuity+smartserve+in+high HTTP/1.1" 200 22858 "-" "Mozilla/5.0 (Linux; Android 6.0.1; Nexus 5X Build/MMB29P) AppleWebKit/537.36 (KHTML, like Gecko) Chrome/135.0.7049.95 Mobile Safari/537.36 (compatible; Googlebot/2.1; +http://www.google.com/bot.html)"
66.249.66.12 - - [26/Apr/2025:09:55:55 -0400] "GET /?d=114407797260&filter=803538&share_to_url=article.php%3Fid%3D3874046%26name%3Dtravel+cot+for+2025 HTTP/1.1" 200 22573 "-" "Mozilla/5.0 (Linux; Android 6.0.1; Nexus 5X Build/MMB29P) AppleWebKit/537.36 (KHTML, like Gecko) Chrome/135.0.7049.95 Mobile Safari/537.36 (compatible; Googlebot/2.1; +http://www.google.com/bot.html)"
66.249.66.9 - - [26/Apr/2025:09:55:55 -0400] "GET /?d=92268525260&filter=5348bb&share_to_url=shop.php%3Fid%3D3125899%26name%3Dscreen+protector+glass+transparent+tempered HTTP/1.1" 200 23114 "-" "Mozilla/5.0 (Linux; Android 6.0.1; Nexus 5X Build/MMB29P) AppleWebKit/537.36 (KHTML, like Gecko) Chrome/135.0.7049.95 Mobile Safari/537.36 (compatible; Googlebot/2.1; +http://www.google.com/bot.html)"
66.249.66.9 - - [26/Apr/2025:09:55:55 -0400] "GET /?d=101491126260&filter=c29bf6&share_to_url=ideas.php%3Fid%3D3440604%26name%3Dwild+west+black+genuine HTTP/1.1" 200 24242 "-" "Mozilla/5.0 (Linux; Android 6.0.1; Nexus 5X Build/MMB29P) AppleWebKit/537.36 (KHTML, like Gecko) Chrome/135.0.7049.95 Mobile Safari/537.36 (compatible; Googlebot/2.1; +http://www.google.com/bot.html)"
66.249.66.12 - - [26/Apr/2025:09:55:55 -0400] "GET /?d=117758870260&filter=6563e1&share_to_url=product.php%3Fid%3D3987970%26name%3Dbar+height+outdoor+folding HTTP/1.1" 200 23974 "-" "Mozilla/5.0 (Linux; Android 6.0.1; Nexus 5X Build/MMB29P) AppleWebKit/537.36 (KHTML, like Gecko) Chrome/135.0.7049.95 Mobile Safari/537.36 (compatible; Googlebot/2.1; +http://www.google.com/bot.html)"
66.249.66.9 - - [26/Apr/2025:09:55:55 -0400] "GET /?d=112650695260&filter=8928c2&share_to_url=detail.php%3Fid%3D3815649%26name%3Dthe+karalee+plaid HTTP/1.1" 200 23918 "-" "Mozilla/5.0 (Linux; Android 6.0.1; Nexus 5X Build/MMB29P) AppleWebKit/537.36 (KHTML, like Gecko) Chrome/135.0.7049.95 Mobile Safari/537.36 (compatible; Googlebot/2.1; +http://www.google.com/bot.html)"
66.249.66.11 - - [26/Apr/2025:09:55:55 -0400] "GET /?d=112410723260&filter=83f648&share_to_url=product-page.php%3Fid%3D3807484%26name%3Dkypers+eyewear+kypers+ecuador+instagram+photos HTTP/1.1" 200 23333 "-" "Mozilla/5.0 (Linux; Android 6.0.1; Nexus 5X Build/MMB29P) AppleWebKit/537.36 (KHTML, like Gecko) Chrome/135.0.7049.95 Mobile Safari/537.36 (compatible; Googlebot/2.1; +http://www.google.com/bot.html)"
66.249.66.12 - - [26/Apr/2025:09:55:56 -0400] "GET /?d=97463407260&filter=cab71d&share_to_url=goods.php%3Fid%3D3302819%26name%3Dvenus+10+l HTTP/1.1" 200 23163 "-" "Mozilla/5.0 (Linux; Android 6.0.1; Nexus 5X Build/MMB29P) AppleWebKit/537.36 (KHTML, like Gecko) Chrome/135.0.7049.95 Mobile Safari/537.36 (compatible; Googlebot/2.1; +http://www.google.com/bot.html)"
66.249.66.11 - - [26/Apr/2025:09:55:56 -0400] "GET /?d=102000296260&filter=149478&share_to_url=pin.php%3Fid%3D3457626%26name%3Damy+rose HTTP/1.1" 200 24213 "-" "Mozilla/5.0 (Linux; Android 6.0.1; Nexus 5X Build/MMB29P) AppleWebKit/537.36 (KHTML, like Gecko) Chrome/135.0.7049.95 Mobile Safari/537.36 (compatible; Googlebot/2.1; +http://www.google.com/bot.html)"
66.249.66.12 - - [26/Apr/2025:09:55:56 -0400] "GET /?d=98973149260&filter=56d765&share_to_url=goods.php%3Fid%3D3354191%26name%3Dquanto+si+vendono+gli+orologi HTTP/1.1" 200 23529 "-" "Mozilla/5.0 (Linux; Android 6.0.1; Nexus 5X Build/MMB29P) AppleWebKit/537.36 (KHTML, like Gecko) Chrome/135.0.7049.95 Mobile Safari/537.36 (compatible; Googlebot/2.1; +http://www.google.com/bot.html)"
66.249.66.11 - - [26/Apr/2025:09:55:56 -0400] "GET /?d=107772573260&filter=ab67d8&share_to_url=product.php%3Fid%3D3649342%26name%3Dmaster+vv+national HTTP/1.1" 200 23789 "-" "Mozilla/5.0 (Linux; Android 6.0.1; Nexus 5X Build/MMB29P) AppleWebKit/537.36 (KHTML, like Gecko) Chrome/135.0.7049.95 Mobile Safari/537.36 (compatible; Googlebot/2.1; +http://www.google.com/bot.html)"
66.249.66.9 - - [26/Apr/2025:09:55:56 -0400] "GET /?d=101188280260&filter=d07a8e&share_to_url=goods.php%3Fid%3D3430067%26name%3Dbudget+vs+expensive+gopro HTTP/1.1" 200 23083 "-" "Mozilla/5.0 (Linux; Android 6.0.1; Nexus 5X Build/MMB29P) AppleWebKit/537.36 (KHTML, like Gecko) Chrome/135.0.7049.95 Mobile Safari/537.36 (compatible; Googlebot/2.1; +http://www.google.com/bot.html)"
66.249.66.11 - - [26/Apr/2025:09:55:57 -0400] "GET /?d=97569815260&filter=435636&share_to_url=item.php%3Fid%3D3306301%26name%3Dlego+sith+fleet HTTP/1.1" 200 23104 "-" "Mozilla/5.0 (Linux; Android 6.0.1; Nexus 5X Build/MMB29P) AppleWebKit/537.36 (KHTML, like Gecko) Chrome/135.0.7049.95 Mobile Safari/537.36 (compatible; Googlebot/2.1; +http://www.google.com/bot.html)"
66.249.66.9 - - [26/Apr/2025:09:55:57 -0400] "GET /?d=88544605260&filter=cab71d&share_to_url=discover.php%3Fid%3D3000929%26name%3Drio+gold+fly HTTP/1.1" 200 23213 "-" "Mozilla/5.0 (Linux; Android 6.0.1; Nexus 5X Build/MMB29P) AppleWebKit/537.36 (KHTML, like Gecko) Chrome/135.0.7049.95 Mobile Safari/537.36 (compatible; Googlebot/2.1; +http://www.google.com/bot.html)"
66.249.66.10 - - [26/Apr/2025:09:55:57 -0400] "GET /?d=101224569260&filter=f7abf7&share_to_url=discover.php%3Fid%3D3431393%26name%3Dsize+10+sale HTTP/1.1" 200 24413 "-" "Mozilla/5.0 (Linux; Android 6.0.1; Nexus 5X Build/MMB29P) AppleWebKit/537.36 (KHTML, like Gecko) Chrome/135.0.7049.95 Mobile Safari/537.36 (compatible; Googlebot/2.1; +http://www.google.com/bot.html)"
66.249.66.10 - - [26/Apr/2025:09:55:57 -0400] "GET /?d=113355244260&filter=384224&share_to_url=discover.php%3Fid%3D3839273%26name%3Dfiorucci+adidas+sandal+no HTTP/1.1" 200 22256 "-" "Mozilla/5.0 (Linux; Android 6.0.1; Nexus 5X Build/MMB29P) AppleWebKit/537.36 (KHTML, like Gecko) Chrome/135.0.7049.95 Mobile Safari/537.36 (compatible; Googlebot/2.1; +http://www.google.com/bot.html)"
66.249.66.11 - - [26/Apr/2025:09:55:57 -0400] "GET /?d=96618980260&filter=9fddd6&share_to_url=product-page.php%3Fid%3D3273688%26name%3Dchalecos+outlet+mujer HTTP/1.1" 200 24062 "-" "Mozilla/5.0 (Linux; Android 6.0.1; Nexus 5X Build/MMB29P) AppleWebKit/537.36 (KHTML, like Gecko) Chrome/135.0.7049.95 Mobile Safari/537.36 (compatible; Googlebot/2.1; +http://www.google.com/bot.html)"
66.249.66.10 - - [26/Apr/2025:09:55:57 -0400] "GET /?d=109455988260&filter=9c3be5&share_to_url=shop.php%3Fid%3D3704911%26name%3Dspeedo+junior+girls+039+surf+strider HTTP/1.1" 200 21904 "-" "Mozilla/5.0 (Linux; Android 6.0.1; Nexus 5X Build/MMB29P) AppleWebKit/537.36 (KHTML, like Gecko) Chrome/135.0.7049.95 Mobile Safari/537.36 (compatible; Googlebot/2.1; +http://www.google.com/bot.html)"
66.249.66.10 - - [26/Apr/2025:09:55:57 -0400] "GET /?d=106057025260&filter=14708a&share_to_url=goods.php%3Fid%3D3592427%26name%3Dencore+rear+track+wheel HTTP/1.1" 200 23597 "-" "Mozilla/5.0 (Linux; Android 6.0.1; Nexus 5X Build/MMB29P) AppleWebKit/537.36 (KHTML, like Gecko) Chrome/135.0.7049.95 Mobile Safari/537.36 (compatible; Googlebot/2.1; +http://www.google.com/bot.html)"
66.249.66.9 - - [26/Apr/2025:09:55:57 -0400] "GET /?d=107324888260&filter=96059a&share_to_url=shop.php%3Fid%3D3634339%26name%3Dlarge+luxurman+14k+gold HTTP/1.1" 200 23398 "-" "Mozilla/5.0 (Linux; Android 6.0.1; Nexus 5X Build/MMB29P) AppleWebKit/537.36 (KHTML, like Gecko) Chrome/135.0.7049.95 Mobile Safari/537.36 (compatible; Googlebot/2.1; +http://www.google.com/bot.html)"
66.249.66.10 - - [26/Apr/2025:09:55:58 -0400] "GET /?d=94958313260&filter=a19632&share_to_url=ideas.php%3Fid%3D3217404%26name%3Dcrate+and+barrel+clancy+leather HTTP/1.1" 200 22727 "-" "Mozilla/5.0 (Linux; Android 6.0.1; Nexus 5X Build/MMB29P) AppleWebKit/537.36 (KHTML, like Gecko) Chrome/135.0.7049.95 Mobile Safari/537.36 (compatible; Googlebot/2.1; +http://www.google.com/bot.html)"
66.249.66.11 - - [26/Apr/2025:09:55:58 -0400] "GET /?d=101432209260&filter=b21aee&share_to_url=goods.php%3Fid%3D3438539%26name%3Ddunlop+store+security+shoes HTTP/1.1" 200 22770 "-" "Mozilla/5.0 (Linux; Android 6.0.1; Nexus 5X Build/MMB29P) AppleWebKit/537.36 (KHTML, like Gecko) Chrome/135.0.7049.95 Mobile Safari/537.36 (compatible; Googlebot/2.1; +http://www.google.com/bot.html)"
52.167.144.203 - - [26/Apr/2025:09:55:58 -0400] "GET /?d=114029403260&filter=0f9aff&share_to_url=detail.php%3Fid%3D3861801%26name%3Deconomia+pr%C3%B3xima HTTP/1.1" 200 24764 "-" "Mozilla/5.0 AppleWebKit/537.36 (KHTML, like Gecko; compatible; bingbot/2.0; +http://www.bing.com/bingbot.htm) Chrome/116.0.1938.76 Safari/537.36"
66.249.66.11 - - [26/Apr/2025:09:55:58 -0400] "GET /?d=117922808260&filter=6ce138&share_to_url=discover.php%3Fid%3D3993593%26name%3Dreiss+rhoda+cotton+linen HTTP/1.1" 200 22719 "-" "Mozilla/5.0 (Linux; Android 6.0.1; Nexus 5X Build/MMB29P) AppleWebKit/537.36 (KHTML, like Gecko) Chrome/135.0.7049.95 Mobile Safari/537.36 (compatible; Googlebot/2.1; +http://www.google.com/bot.html)"
66.249.66.14 - - [26/Apr/2025:09:55:58 -0400] "GET /?d=115762722260&filter=b190c6&share_to_url=detail.php%3Fid%3D3920133%26name%3Dganni+tint+edge+denim+t+shirts HTTP/1.1" 200 22400 "-" "Mozilla/5.0 (Linux; Android 6.0.1; Nexus 5X Build/MMB29P) AppleWebKit/537.36 (KHTML, like Gecko) Chrome/135.0.7049.95 Mobile Safari/537.36 (compatible; Googlebot/2.1; +http://www.google.com/bot.html)"
66.249.66.10 - - [26/Apr/2025:09:55:58 -0400] "GET /?d=107319603260&filter=96059a&share_to_url=shopdetail.php%3Fid%3D3634184%26name%3Dcapsular+tension+ring+use HTTP/1.1" 200 23390 "-" "Mozilla/5.0 (Linux; Android 6.0.1; Nexus 5X Build/MMB29P) AppleWebKit/537.36 (KHTML, like Gecko) Chrome/135.0.7049.95 Mobile Safari/537.36 (compatible; Googlebot/2.1; +http://www.google.com/bot.html)"
66.249.66.10 - - [26/Apr/2025:09:55:58 -0400] "GET /?d=97432927260&filter=45aee7&share_to_url=article.php%3Fid%3D3301790%26name%3Dabito+keaton+cat+blue+il+the HTTP/1.1" 200 22703 "-" "Mozilla/5.0 (Linux; Android 6.0.1; Nexus 5X Build/MMB29P) AppleWebKit/537.36 (KHTML, like Gecko) Chrome/135.0.7049.95 Mobile Safari/537.36 (compatible; Googlebot/2.1; +http://www.google.com/bot.html)"
52.167.144.203 - - [26/Apr/2025:09:55:58 -0400] "GET /?d=84503245260&filter=0c7b35&share_to_url=shop.php%3Fid%3D2861875%26name%3Dcooper+genuine+leather+jacket HTTP/1.1" 200 23526 "-" "Mozilla/5.0 AppleWebKit/537.36 (KHTML, like Gecko; compatible; bingbot/2.0; +http://www.bing.com/bingbot.htm) Chrome/116.0.1938.76 Safari/537.36"
66.249.66.10 - - [26/Apr/2025:09:55:59 -0400] "GET /?d=89755331260&filter=ea3efa&share_to_url=goods.php%3Fid%3D3042167%26name%3Dthey+are+coming+back+in HTTP/1.1" 200 22944 "-" "Mozilla/5.0 (Linux; Android 6.0.1; Nexus 5X Build/MMB29P) AppleWebKit/537.36 (KHTML, like Gecko) Chrome/135.0.7049.95 Mobile Safari/537.36 (compatible; Googlebot/2.1; +http://www.google.com/bot.html)"
66.249.66.11 - - [26/Apr/2025:09:55:59 -0400] "GET /?d=102707357260&filter=b3603f&share_to_url=shopdetail.php%3Fid%3D3481160%26name%3Df4+3600c14q+32gtzn+eol+overview HTTP/1.1" 200 22296 "-" "Mozilla/5.0 (Linux; Android 6.0.1; Nexus 5X Build/MMB29P) AppleWebKit/537.36 (KHTML, like Gecko) Chrome/135.0.7049.95 Mobile Safari/537.36 (compatible; Googlebot/2.1; +http://www.google.com/bot.html)"
66.249.66.9 - - [26/Apr/2025:09:55:59 -0400] "GET /?d=98395754260&filter=5837f7&share_to_url=pin.php%3Fid%3D3334770%26name%3Dworth+it+amber HTTP/1.1" 200 24407 "-" "Mozilla/5.0 (Linux; Android 6.0.1; Nexus 5X Build/MMB29P) AppleWebKit/537.36 (KHTML, like Gecko) Chrome/135.0.7049.95 Mobile Safari/537.36 (compatible; Googlebot/2.1; +http://www.google.com/bot.html)"
66.249.66.9 - - [26/Apr/2025:09:55:59 -0400] "GET /?d=87255061260&filter=5af742&share_to_url=shop.php%3Fid%3D2956939%26name%3Dnew+geyser+start+whosale HTTP/1.1" 200 24215 "-" "Mozilla/5.0 (Linux; Android 6.0.1; Nexus 5X Build/MMB29P) AppleWebKit/537.36 (KHTML, like Gecko) Chrome/135.0.7049.95 Mobile Safari/537.36 (compatible; Googlebot/2.1; +http://www.google.com/bot.html)"
66.249.66.11 - - [26/Apr/2025:09:55:59 -0400] "GET /?d=89492961260&filter=a98900&share_to_url=pin.php%3Fid%3D3033342%26name%3Dmanuale+utente+fascia+toracica+per HTTP/1.1" 200 22786 "-" "Mozilla/5.0 (Linux; Android 6.0.1; Nexus 5X Build/MMB29P) AppleWebKit/537.36 (KHTML, like Gecko) Chrome/135.0.7049.95 Mobile Safari/537.36 (compatible; Googlebot/2.1; +http://www.google.com/bot.html)"
66.249.66.12 - - [26/Apr/2025:09:55:59 -0400] "GET /?d=92793267260&filter=c551fd&share_to_url=ideas.php%3Fid%3D3143856%26name%3Dcomo+cortar+el+pelo HTTP/1.1" 200 23224 "-" "Mozilla/5.0 (Linux; Android 6.0.1; Nexus 5X Build/MMB29P) AppleWebKit/537.36 (KHTML, like Gecko) Chrome/135.0.7049.95 Mobile Safari/537.36 (compatible; Googlebot/2.1; +http://www.google.com/bot.html)"
66.249.66.9 - - [26/Apr/2025:09:55:59 -0400] "GET /?d=93817267260&filter=43927c&share_to_url=detail.php%3Fid%3D3178509%26name%3Demidio+tucci+for+el HTTP/1.1" 200 22960 "-" "Mozilla/5.0 (Linux; Android 6.0.1; Nexus 5X Build/MMB29P) AppleWebKit/537.36 (KHTML, like Gecko) Chrome/135.0.7049.95 Mobile Safari/537.36 (compatible; Googlebot/2.1; +http://www.google.com/bot.html)"
66.249.66.12 - - [26/Apr/2025:09:55:59 -0400] "GET /?d=111785994260&filter=8aa5a3&share_to_url=model.php%3Fid%3D3786255%26name%3Drugbypass+the+blues HTTP/1.1" 200 22642 "-" "Mozilla/5.0 (Linux; Android 6.0.1; Nexus 5X Build/MMB29P) AppleWebKit/537.36 (KHTML, like Gecko) Chrome/135.0.7049.95 Mobile Safari/537.36 (compatible; Googlebot/2.1; +http://www.google.com/bot.html)"
66.249.66.9 - - [26/Apr/2025:09:56:00 -0400] "GET /?d=96108605260&filter=eab85f&share_to_url=article.php%3Fid%3D3256190%26name%3Dkaneron+country+kaneroncountry HTTP/1.1" 200 22626 "-" "Mozilla/5.0 (Linux; Android 6.0.1; Nexus 5X Build/MMB29P) AppleWebKit/537.36 (KHTML, like Gecko) Chrome/135.0.7049.95 Mobile Safari/537.36 (compatible; Googlebot/2.1; +http://www.google.com/bot.html)"
66.249.66.11 - - [26/Apr/2025:09:56:00 -0400] "GET /?d=97542395260&filter=e80e68&share_to_url=shopdetail.php%3Fid%3D3305360%26name%3Dmere+sapno+ki+rani+kab HTTP/1.1" 200 23681 "-" "Mozilla/5.0 (Linux; Android 6.0.1; Nexus 5X Build/MMB29P) AppleWebKit/537.36 (KHTML, like Gecko) Chrome/135.0.7049.95 Mobile Safari/537.36 (compatible; Googlebot/2.1; +http://www.google.com/bot.html)"
66.249.66.10 - - [26/Apr/2025:09:56:00 -0400] "GET /?d=114548288260&filter=7a50b7&share_to_url=shopdetail.php%3Fid%3D3879008%26name%3Dmarvel+universe+publishing+art+archive HTTP/1.1" 200 23816 "-" "Mozilla/5.0 (Linux; Android 6.0.1; Nexus 5X Build/MMB29P) AppleWebKit/537.36 (KHTML, like Gecko) Chrome/135.0.7049.95 Mobile Safari/537.36 (compatible; Googlebot/2.1; +http://www.google.com/bot.html)"
66.249.66.12 - - [26/Apr/2025:09:56:00 -0400] "GET /?d=116270857260&filter=14a695&share_to_url=shopdetail.php%3Fid%3D3937712%26name%3Dpractical+stocking+stuffer+ideas HTTP/1.1" 200 23591 "-" "Mozilla/5.0 (Linux; Android 6.0.1; Nexus 5X Build/MMB29P) AppleWebKit/537.36 (KHTML, like Gecko) Chrome/135.0.7049.95 Mobile Safari/537.36 (compatible; Googlebot/2.1; +http://www.google.com/bot.html)"
66.249.66.11 - - [26/Apr/2025:09:56:00 -0400] "GET /?d=103783488260&filter=95c78c&share_to_url=model.php%3Fid%3D3516363%26name%3D37+ideias+de+roupas HTTP/1.1" 200 25055 "-" "Mozilla/5.0 (Linux; Android 6.0.1; Nexus 5X Build/MMB29P) AppleWebKit/537.36 (KHTML, like Gecko) Chrome/135.0.7049.95 Mobile Safari/537.36 (compatible; Googlebot/2.1; +http://www.google.com/bot.html)"
66.249.66.9 - - [26/Apr/2025:09:56:01 -0400] "GET /?d=115721078260&filter=e6ed3d&share_to_url=product.php%3Fid%3D3918778%26name%3Dcolumbia+powder+ii+mid+jacket HTTP/1.1" 200 22628 "-" "Mozilla/5.0 (Linux; Android 6.0.1; Nexus 5X Build/MMB29P) AppleWebKit/537.36 (KHTML, like Gecko) Chrome/135.0.7049.95 Mobile Safari/537.36 (compatible; Googlebot/2.1; +http://www.google.com/bot.html)"
66.249.66.11 - - [26/Apr/2025:09:56:00 -0400] "GET /?d=86568275260&filter=9b3982&share_to_url=product.php%3Fid%3D2933170%26name%3Drevo+australia+performance HTTP/1.1" 200 24097 "-" "Mozilla/5.0 (Linux; Android 6.0.1; Nexus 5X Build/MMB29P) AppleWebKit/537.36 (KHTML, like Gecko) Chrome/135.0.7049.95 Mobile Safari/537.36 (compatible; Googlebot/2.1; +http://www.google.com/bot.html)"
66.249.66.10 - - [26/Apr/2025:09:56:01 -0400] "GET /?d=105251694260&filter=4fcc39&share_to_url=ideas.php%3Fid%3D3565848%26name%3Dvenum+red+devil+mma+gloves HTTP/1.1" 200 23218 "-" "Mozilla/5.0 (Linux; Android 6.0.1; Nexus 5X Build/MMB29P) AppleWebKit/537.36 (KHTML, like Gecko) Chrome/135.0.7049.95 Mobile Safari/537.36 (compatible; Googlebot/2.1; +http://www.google.com/bot.html)"
66.249.66.11 - - [26/Apr/2025:09:56:01 -0400] "GET /?d=113825174260&filter=f61719&share_to_url=discover.php%3Fid%3D3854681%26name%3Dliquid+foundation+professional HTTP/1.1" 200 24495 "-" "Mozilla/5.0 (Linux; Android 6.0.1; Nexus 5X Build/MMB29P) AppleWebKit/537.36 (KHTML, like Gecko) Chrome/135.0.7049.95 Mobile Safari/537.36 (compatible; Googlebot/2.1; +http://www.google.com/bot.html)"
66.249.66.14 - - [26/Apr/2025:09:56:01 -0400] "GET /?d=115292699260&filter=c0d598&share_to_url=goods.php%3Fid%3D3904223%26name%3Dachetez+en+gros+2023+amazon HTTP/1.1" 200 22779 "-" "Mozilla/5.0 (Linux; Android 6.0.1; Nexus 5X Build/MMB29P) AppleWebKit/537.36 (KHTML, like Gecko) Chrome/135.0.7049.95 Mobile Safari/537.36 (compatible; Googlebot/2.1; +http://www.google.com/bot.html)"
66.249.66.13 - - [26/Apr/2025:09:56:01 -0400] "GET /?d=107351845260&filter=b71637&share_to_url=pin.php%3Fid%3D3635226%26name%3Dreview+039+the+rodeo HTTP/1.1" 200 23686 "-" "Mozilla/5.0 (Linux; Android 6.0.1; Nexus 5X Build/MMB29P) AppleWebKit/537.36 (KHTML, like Gecko) Chrome/135.0.7049.95 Mobile Safari/537.36 (compatible; Googlebot/2.1; +http://www.google.com/bot.html)"
66.249.66.12 - - [26/Apr/2025:09:56:01 -0400] "GET /?d=91735236260&filter=bc40a5&share_to_url=shopdetail.php%3Fid%3D3108536%26name%3Dbuy+ymm+decor+classic HTTP/1.1" 200 25128 "-" "Mozilla/5.0 (Linux; Android 6.0.1; Nexus 5X Build/MMB29P) AppleWebKit/537.36 (KHTML, like Gecko) Chrome/135.0.7049.95 Mobile Safari/537.36 (compatible; Googlebot/2.1; +http://www.google.com/bot.html)"
66.249.66.9 - - [26/Apr/2025:09:56:02 -0400] "GET /?d=87544311260&filter=68b708&share_to_url=ideas.php%3Fid%3D2966520%26name%3Dsuperman+the+smiths+action HTTP/1.1" 200 23094 "-" "Mozilla/5.0 (Linux; Android 6.0.1; Nexus 5X Build/MMB29P) AppleWebKit/537.36 (KHTML, like Gecko) Chrome/135.0.7049.95 Mobile Safari/537.36 (compatible; Googlebot/2.1; +http://www.google.com/bot.html)"
66.249.66.11 - - [26/Apr/2025:09:56:02 -0400] "GET /?d=108185905260&filter=15d3b1&share_to_url=shop.php%3Fid%3D3662971%26name%3Dsuper+mario+party+fox+game HTTP/1.1" 200 22934 "-" "Mozilla/5.0 (Linux; Android 6.0.1; Nexus 5X Build/MMB29P) AppleWebKit/537.36 (KHTML, like Gecko) Chrome/135.0.7049.95 Mobile Safari/537.36 (compatible; Googlebot/2.1; +http://www.google.com/bot.html)"
66.249.66.13 - - [26/Apr/2025:09:56:02 -0400] "GET /?d=94027383260&filter=b2e434&share_to_url=article.php%3Fid%3D3185762%26name%3Dmilitary+press+barbell HTTP/1.1" 200 23491 "-" "Mozilla/5.0 (Linux; Android 6.0.1; Nexus 5X Build/MMB29P) AppleWebKit/537.36 (KHTML, like Gecko) Chrome/135.0.7049.95 Mobile Safari/537.36 (compatible; Googlebot/2.1; +http://www.google.com/bot.html)"
66.249.66.11 - - [26/Apr/2025:09:56:02 -0400] "GET /?d=109877566260&filter=6acbf4&share_to_url=ideas.php%3Fid%3D3718908%26name%3Dbrittnepoo+puppies+for+sale HTTP/1.1" 200 22592 "-" "Mozilla/5.0 (Linux; Android 6.0.1; Nexus 5X Build/MMB29P) AppleWebKit/537.36 (KHTML, like Gecko) Chrome/135.0.7049.95 Mobile Safari/537.36 (compatible; Googlebot/2.1; +http://www.google.com/bot.html)"
66.249.66.12 - - [26/Apr/2025:09:56:02 -0400] "GET /?d=95571752260&filter=203425&share_to_url=ideas.php%3Fid%3D3237900%26name%3Ddavid+catal%C3%A1n+milan+fashion HTTP/1.1" 200 23444 "-" "Mozilla/5.0 (Linux; Android 6.0.1; Nexus 5X Build/MMB29P) AppleWebKit/537.36 (KHTML, like Gecko) Chrome/135.0.7049.95 Mobile Safari/537.36 (compatible; Googlebot/2.1; +http://www.google.com/bot.html)"
66.249.66.10 - - [26/Apr/2025:09:56:02 -0400] "GET /?d=91406343260&filter=997939&share_to_url=product-page.php%3Fid%3D3097708%26name%3Dnintendo+switch+draws+470ma+one HTTP/1.1" 200 22331 "-" "Mozilla/5.0 (Linux; Android 6.0.1; Nexus 5X Build/MMB29P) AppleWebKit/537.36 (KHTML, like Gecko) Chrome/135.0.7049.95 Mobile Safari/537.36 (compatible; Googlebot/2.1; +http://www.google.com/bot.html)"
66.249.66.9 - - [26/Apr/2025:09:56:02 -0400] "GET /?d=95952820260&filter=f2fef2&share_to_url=goods.php%3Fid%3D3251039%26name%3Dinfinity+midi+ring+15 HTTP/1.1" 200 22910 "-" "Mozilla/5.0 (Linux; Android 6.0.1; Nexus 5X Build/MMB29P) AppleWebKit/537.36 (KHTML, like Gecko) Chrome/135.0.7049.95 Mobile Safari/537.36 (compatible; Googlebot/2.1; +http://www.google.com/bot.html)"
66.249.66.12 - - [26/Apr/2025:09:56:03 -0400] "GET /?d=92481017260&filter=3ebd99&share_to_url=detail.php%3Fid%3D3133089%26name%3Dnxt+in+your+cheap+house HTTP/1.1" 200 23748 "-" "Mozilla/5.0 (Linux; Android 6.0.1; Nexus 5X Build/MMB29P) AppleWebKit/537.36 (KHTML, like Gecko) Chrome/135.0.7049.95 Mobile Safari/537.36 (compatible; Googlebot/2.1; +http://www.google.com/bot.html)"
66.249.66.13 - - [26/Apr/2025:09:56:03 -0400] "GET /?d=86880658260&filter=694186&share_to_url=pin.php%3Fid%3D2943702%26name%3Ddaniel+narcisse+hi+res+stock+photography HTTP/1.1" 200 24045 "-" "Mozilla/5.0 (Linux; Android 6.0.1; Nexus 5X Build/MMB29P) AppleWebKit/537.36 (KHTML, like Gecko) Chrome/135.0.7049.95 Mobile Safari/537.36 (compatible; Googlebot/2.1; +http://www.google.com/bot.html)"
52.167.144.171 - - [26/Apr/2025:09:56:03 -0400] "GET /?d=84109121260&filter=6a67bd&share_to_url=goods.php%3Fid%3D2848919%26name%3Dbotte+aigle+siberie HTTP/1.1" 200 22846 "-" "Mozilla/5.0 AppleWebKit/537.36 (KHTML, like Gecko; compatible; bingbot/2.0; +http://www.bing.com/bingbot.htm) Chrome/116.0.1938.76 Safari/537.36"
66.249.66.11 - - [26/Apr/2025:09:56:03 -0400] "GET /?d=89308395260&filter=f4040b&share_to_url=shopdetail.php%3Fid%3D3027236%26name%3Dquanto+valgono+queste+vecchie HTTP/1.1" 200 23969 "-" "Mozilla/5.0 (Linux; Android 6.0.1; Nexus 5X Build/MMB29P) AppleWebKit/537.36 (KHTML, like Gecko) Chrome/135.0.7049.95 Mobile Safari/537.36 (compatible; Googlebot/2.1; +http://www.google.com/bot.html)"
66.249.66.12 - - [26/Apr/2025:09:56:03 -0400] "GET /?d=87993474260&filter=ce52f2&share_to_url=shop.php%3Fid%3D2981515%26name%3Dmens+tweed+trousers+in HTTP/1.1" 200 23977 "-" "Mozilla/5.0 (Linux; Android 6.0.1; Nexus 5X Build/MMB29P) AppleWebKit/537.36 (KHTML, like Gecko) Chrome/135.0.7049.95 Mobile Safari/537.36 (compatible; Googlebot/2.1; +http://www.google.com/bot.html)"
66.249.66.12 - - [26/Apr/2025:09:56:03 -0400] "GET /?d=106002195260&filter=e0b725&share_to_url=pin.php%3Fid%3D3590646%26name%3Dhappyrui+sneakers+navy HTTP/1.1" 200 22862 "-" "Mozilla/5.0 (Linux; Android 6.0.1; Nexus 5X Build/MMB29P) AppleWebKit/537.36 (KHTML, like Gecko) Chrome/135.0.7049.95 Mobile Safari/537.36 (compatible; Googlebot/2.1; +http://www.google.com/bot.html)"
66.249.66.11 - - [26/Apr/2025:09:56:03 -0400] "GET /?d=105354079260&filter=bc40a5&share_to_url=goods.php%3Fid%3D3568943%26name%3Ddecathlon+power+rack HTTP/1.1" 200 24174 "-" "Mozilla/5.0 (Linux; Android 6.0.1; Nexus 5X Build/MMB29P) AppleWebKit/537.36 (KHTML, like Gecko) Chrome/135.0.7049.95 Mobile Safari/537.36 (compatible; Googlebot/2.1; +http://www.google.com/bot.html)"
52.167.144.171 - - [26/Apr/2025:09:56:04 -0400] "GET /?d=91282081260&filter=898bed&share_to_url=shopdetail.php%3Fid%3D3093584%26name%3Dculotte+taille+haute+soft HTTP/1.1" 200 22939 "-" "Mozilla/5.0 AppleWebKit/537.36 (KHTML, like Gecko; compatible; bingbot/2.0; +http://www.bing.com/bingbot.htm) Chrome/116.0.1938.76 Safari/537.36"
66.249.66.13 - - [26/Apr/2025:09:56:04 -0400] "GET /?d=109390135260&filter=14a695&share_to_url=ideas.php%3Fid%3D3702948%26name%3Dfather+039+s+day+mens+socks HTTP/1.1" 200 23428 "-" "Mozilla/5.0 (Linux; Android 6.0.1; Nexus 5X Build/MMB29P) AppleWebKit/537.36 (KHTML, like Gecko) Chrome/135.0.7049.95 Mobile Safari/537.36 (compatible; Googlebot/2.1; +http://www.google.com/bot.html)"
66.249.66.13 - - [26/Apr/2025:09:56:04 -0400] "GET /?d=92629458260&filter=9e9754&share_to_url=goods.php%3Fid%3D3138539%26name%3Dpyrex+oven+roaster HTTP/1.1" 200 23896 "-" "Mozilla/5.0 (Linux; Android 6.0.1; Nexus 5X Build/MMB29P) AppleWebKit/537.36 (KHTML, like Gecko) Chrome/135.0.7049.95 Mobile Safari/537.36 (compatible; Googlebot/2.1; +http://www.google.com/bot.html)"
66.249.66.12 - - [26/Apr/2025:09:56:04 -0400] "GET /?d=95034108260&filter=cdc800&share_to_url=detail.php%3Fid%3D3219873%26name%3Dpacsun+pacific+sunwear+newport+crest HTTP/1.1" 200 23301 "-" "Mozilla/5.0 (Linux; Android 6.0.1; Nexus 5X Build/MMB29P) AppleWebKit/537.36 (KHTML, like Gecko) Chrome/135.0.7049.95 Mobile Safari/537.36 (compatible; Googlebot/2.1; +http://www.google.com/bot.html)"
66.249.66.13 - - [26/Apr/2025:09:56:04 -0400] "GET /?d=113872797260&filter=e8bd0f&share_to_url=model.php%3Fid%3D3856659%26name%3Dfestive+miles+joyfully HTTP/1.1" 200 24360 "-" "Mozilla/5.0 (Linux; Android 6.0.1; Nexus 5X Build/MMB29P) AppleWebKit/537.36 (KHTML, like Gecko) Chrome/135.0.7049.95 Mobile Safari/537.36 (compatible; Googlebot/2.1; +http://www.google.com/bot.html)"
66.249.66.9 - - [26/Apr/2025:09:56:04 -0400] "GET /?d=116141651260&filter=a6a4a6&share_to_url=shopdetail.php%3Fid%3D3933176%26name%3Daudemars+piguet+x+marvel+royal HTTP/1.1" 200 21741 "-" "Mozilla/5.0 (Linux; Android 6.0.1; Nexus 5X Build/MMB29P) AppleWebKit/537.36 (KHTML, like Gecko) Chrome/135.0.7049.95 Mobile Safari/537.36 (compatible; Googlebot/2.1; +http://www.google.com/bot.html)"
66.249.66.13 - - [26/Apr/2025:09:56:04 -0400] "GET /?d=93296147260&filter=05d6a9&share_to_url=pin.php%3Fid%3D3160842%26name%3Dsilla+para+bebe+ikea HTTP/1.1" 200 23582 "-" "Mozilla/5.0 (Linux; Android 6.0.1; Nexus 5X Build/MMB29P) AppleWebKit/537.36 (KHTML, like Gecko) Chrome/135.0.7049.95 Mobile Safari/537.36 (compatible; Googlebot/2.1; +http://www.google.com/bot.html)"
66.249.66.11 - - [26/Apr/2025:09:56:04 -0400] "GET /?d=91983612260&filter=437220&share_to_url=model.php%3Fid%3D3116199%26name%3Dshimano+evash08ca+size HTTP/1.1" 200 23173 "-" "Mozilla/5.0 (Linux; Android 6.0.1; Nexus 5X Build/MMB29P) AppleWebKit/537.36 (KHTML, like Gecko) Chrome/135.0.7049.95 Mobile Safari/537.36 (compatible; Googlebot/2.1; +http://www.google.com/bot.html)"
66.249.66.13 - - [26/Apr/2025:09:56:05 -0400] "GET /?d=86882818260&filter=694186&share_to_url=detail.php%3Fid%3D2943789%26name%3Dremove+ads+unwanted HTTP/1.1" 200 23644 "-" "Mozilla/5.0 (Linux; Android 6.0.1; Nexus 5X Build/MMB29P) AppleWebKit/537.36 (KHTML, like Gecko) Chrome/135.0.7049.95 Mobile Safari/537.36 (compatible; Googlebot/2.1; +http://www.google.com/bot.html)"
66.249.66.11 - - [26/Apr/2025:09:56:05 -0400] "GET /?d=95456329260&filter=798bbb&share_to_url=ideas.php%3Fid%3D3234084%26name%3D%B3+%85+%A7+%B9+%A7+%AA+%87+%88+%A7+%88+%8A+%81+%B1+%8A HTTP/1.1" 200 21719 "-" "Mozilla/5.0 (Linux; Android 6.0.1; Nexus 5X Build/MMB29P) AppleWebKit/537.36 (KHTML, like Gecko) Chrome/135.0.7049.95 Mobile Safari/537.36 (compatible; Googlebot/2.1; +http://www.google.com/bot.html)"
66.249.66.13 - - [26/Apr/2025:09:56:05 -0400] "GET /?d=92127343260&filter=0f9aff&share_to_url=model.php%3Fid%3D3120939%26name%3Dcarcasa+para+mac HTTP/1.1" 200 23581 "-" "Mozilla/5.0 (Linux; Android 6.0.1; Nexus 5X Build/MMB29P) AppleWebKit/537.36 (KHTML, like Gecko) Chrome/135.0.7049.95 Mobile Safari/537.36 (compatible; Googlebot/2.1; +http://www.google.com/bot.html)"
66.249.66.12 - - [26/Apr/2025:09:56:05 -0400] "GET /?d=92641262260&filter=14708a&share_to_url=shopdetail.php%3Fid%3D3138956%26name%3Dpower+meter+metrics HTTP/1.1" 200 23629 "-" "Mozilla/5.0 (Linux; Android 6.0.1; Nexus 5X Build/MMB29P) AppleWebKit/537.36 (KHTML, like Gecko) Chrome/135.0.7049.95 Mobile Safari/537.36 (compatible; Googlebot/2.1; +http://www.google.com/bot.html)"
66.249.66.9 - - [26/Apr/2025:09:56:05 -0400] "GET /?d=106558478260&filter=b70501&share_to_url=model.php%3Fid%3D3608979%26name%3Dtraining+men+039+s+football+shirts HTTP/1.1" 200 24821 "-" "Mozilla/5.0 (Linux; Android 6.0.1; Nexus 5X Build/MMB29P) AppleWebKit/537.36 (KHTML, like Gecko) Chrome/135.0.7049.95 Mobile Safari/537.36 (compatible; Googlebot/2.1; +http://www.google.com/bot.html)"
66.249.66.12 - - [26/Apr/2025:09:56:05 -0400] "GET /?d=110321425260&filter=d80630&share_to_url=item.php%3Fid%3D3734317%26name%3Dyouth+alpargata+glitter+fairy HTTP/1.1" 200 22587 "-" "Mozilla/5.0 (Linux; Android 6.0.1; Nexus 5X Build/MMB29P) AppleWebKit/537.36 (KHTML, like Gecko) Chrome/135.0.7049.95 Mobile Safari/537.36 (compatible; Googlebot/2.1; +http://www.google.com/bot.html)"
66.249.66.12 - - [26/Apr/2025:09:56:05 -0400] "GET /?d=115194069260&filter=ad216c&share_to_url=pin.php%3Fid%3D3900726%26name%3Dlouis+vuitton+sweater+wool HTTP/1.1" 200 23624 "-" "Mozilla/5.0 (Linux; Android 6.0.1; Nexus 5X Build/MMB29P) AppleWebKit/537.36 (KHTML, like Gecko) Chrome/135.0.7049.95 Mobile Safari/537.36 (compatible; Googlebot/2.1; +http://www.google.com/bot.html)"
66.249.66.11 - - [26/Apr/2025:09:56:05 -0400] "GET /?d=100458670260&filter=f52d8d&share_to_url=shopdetail.php%3Fid%3D3404972%26name%3Digl%C3%BA+contenedor+vidrio HTTP/1.1" 200 23645 "-" "Mozilla/5.0 (Linux; Android 6.0.1; Nexus 5X Build/MMB29P) AppleWebKit/537.36 (KHTML, like Gecko) Chrome/135.0.7049.95 Mobile Safari/537.36 (compatible; Googlebot/2.1; +http://www.google.com/bot.html)"
66.249.66.9 - - [26/Apr/2025:09:56:06 -0400] "GET /?d=105859212260&filter=408ae0&share_to_url=model.php%3Fid%3D3585663%26name%3Dwise+quotes+cool HTTP/1.1" 200 24641 "-" "Mozilla/5.0 (Linux; Android 6.0.1; Nexus 5X Build/MMB29P) AppleWebKit/537.36 (KHTML, like Gecko) Chrome/135.0.7049.95 Mobile Safari/537.36 (compatible; Googlebot/2.1; +http://www.google.com/bot.html)"
66.249.66.12 - - [26/Apr/2025:09:56:06 -0400] "GET /?d=102599584260&filter=e65b7b&share_to_url=discover.php%3Fid%3D3477533%26name%3Dmoschino+2024+inflatable HTTP/1.1" 200 24302 "-" "Mozilla/5.0 (Linux; Android 6.0.1; Nexus 5X Build/MMB29P) AppleWebKit/537.36 (KHTML, like Gecko) Chrome/135.0.7049.95 Mobile Safari/537.36 (compatible; Googlebot/2.1; +http://www.google.com/bot.html)"
66.249.66.12 - - [26/Apr/2025:09:56:06 -0400] "GET /?d=110280926260&filter=00f09d&share_to_url=product.php%3Fid%3D3732754%26name%3Dcambi+comandi HTTP/1.1" 200 24063 "-" "Mozilla/5.0 (Linux; Android 6.0.1; Nexus 5X Build/MMB29P) AppleWebKit/537.36 (KHTML, like Gecko) Chrome/135.0.7049.95 Mobile Safari/537.36 (compatible; Googlebot/2.1; +http://www.google.com/bot.html)"
66.249.66.10 - - [26/Apr/2025:09:56:06 -0400] "GET /?d=93857935260&filter=9270d4&share_to_url=shopdetail.php%3Fid%3D3179948%26name%3Dtalk+pleaser+heels HTTP/1.1" 200 23496 "-" "Mozilla/5.0 (Linux; Android 6.0.1; Nexus 5X Build/MMB29P) AppleWebKit/537.36 (KHTML, like Gecko) Chrome/135.0.7049.95 Mobile Safari/537.36 (compatible; Googlebot/2.1; +http://www.google.com/bot.html)"
66.249.66.12 - - [26/Apr/2025:09:56:06 -0400] "GET /?d=114516948260&filter=5bdc14&share_to_url=product-page.php%3Fid%3D3877876%26name%3Dlugz+mens+cypress+lace+up HTTP/1.1" 200 22927 "-" "Mozilla/5.0 (Linux; Android 6.0.1; Nexus 5X Build/MMB29P) AppleWebKit/537.36 (KHTML, like Gecko) Chrome/135.0.7049.95 Mobile Safari/537.36 (compatible; Googlebot/2.1; +http://www.google.com/bot.html)"
66.249.66.10 - - [26/Apr/2025:09:56:06 -0400] "GET /?d=95843254260&filter=8ce5da&share_to_url=model.php%3Fid%3D3247275%26name%3D2022+caymus+1858+red HTTP/1.1" 200 23602 "-" "Mozilla/5.0 (Linux; Android 6.0.1; Nexus 5X Build/MMB29P) AppleWebKit/537.36 (KHTML, like Gecko) Chrome/135.0.7049.95 Mobile Safari/537.36 (compatible; Googlebot/2.1; +http://www.google.com/bot.html)"
66.249.66.10 - - [26/Apr/2025:09:56:07 -0400] "GET /?d=97294147260&filter=d28f10&share_to_url=ideas.php%3Fid%3D3296928%26name%3Dgormiti+wave+11+discover HTTP/1.1" 200 22327 "-" "Mozilla/5.0 (Linux; Android 6.0.1; Nexus 5X Build/MMB29P) AppleWebKit/537.36 (KHTML, like Gecko) Chrome/135.0.7049.95 Mobile Safari/537.36 (compatible; Googlebot/2.1; +http://www.google.com/bot.html)"
66.249.66.10 - - [26/Apr/2025:09:56:07 -0400] "GET /?d=111893766260&filter=1b6d6c&share_to_url=shop.php%3Fid%3D3789931%26name%3Dadult+red+superhero HTTP/1.1" 200 23902 "-" "Mozilla/5.0 (Linux; Android 6.0.1; Nexus 5X Build/MMB29P) AppleWebKit/537.36 (KHTML, like Gecko) Chrome/135.0.7049.95 Mobile Safari/537.36 (compatible; Googlebot/2.1; +http://www.google.com/bot.html)"
66.249.66.11 - - [26/Apr/2025:09:56:07 -0400] "GET /?d=116257370260&filter=7b931f&share_to_url=item.php%3Fid%3D3937237%26name%3Dextracteur+de+manivelle+blb HTTP/1.1" 200 23550 "-" "Mozilla/5.0 (Linux; Android 6.0.1; Nexus 5X Build/MMB29P) AppleWebKit/537.36 (KHTML, like Gecko) Chrome/135.0.7049.95 Mobile Safari/537.36 (compatible; Googlebot/2.1; +http://www.google.com/bot.html)"
52.167.144.171 - - [26/Apr/2025:09:56:19 -0400] "GET /?d=115087301260&filter=942b8a&share_to_url=item.php%3Fid%3D3897241%26name%3Dreview+another+one+baby HTTP/1.1" 200 22740 "-" "Mozilla/5.0 AppleWebKit/537.36 (KHTML, like Gecko; compatible; bingbot/2.0; +http://www.bing.com/bingbot.htm) Chrome/116.0.1938.76 Safari/537.36"
52.167.144.200 - - [26/Apr/2025:09:56:23 -0400] "GET /?d=59973026260&filter=7ffa06&share_to_url=pin.php%3Fid%3D2035218%26name%3Dwoody+walkers HTTP/1.1" 200 23877 "-" "Mozilla/5.0 AppleWebKit/537.36 (KHTML, like Gecko; compatible; bingbot/2.0; +http://www.bing.com/bingbot.htm) Chrome/116.0.1938.76 Safari/537.36"
52.167.144.200 - - [26/Apr/2025:09:56:24 -0400] "GET /?d=105992051260&filter=b190c6&share_to_url=pin.php%3Fid%3D3590286%26name%3Dez+slouch+carpenter+jeans HTTP/1.1" 200 22944 "-" "Mozilla/5.0 AppleWebKit/537.36 (KHTML, like Gecko; compatible; bingbot/2.0; +http://www.bing.com/bingbot.htm) Chrome/116.0.1938.76 Safari/537.36"
66.249.66.9 - - [26/Apr/2025:09:56:25 -0400] "GET /?d=98055311260&filter=d8181f&share_to_url=article.php%3Fid%3D3323030%26name%3Djust+my+luck+jeans+pdf HTTP/1.1" 200 24070 "-" "Mozilla/5.0 (Linux; Android 6.0.1; Nexus 5X Build/MMB29P) AppleWebKit/537.36 (KHTML, like Gecko) Chrome/135.0.7049.95 Mobile Safari/537.36 (compatible; GoogleOther)"
52.167.144.200 - - [26/Apr/2025:09:56:25 -0400] "GET /?d=101011935260&filter=0ab89c&share_to_url=detail.php%3Fid%3D3424041%26name%3Dopal+socken+und+pulloverwolle HTTP/1.1" 200 23516 "-" "Mozilla/5.0 AppleWebKit/537.36 (KHTML, like Gecko; compatible; bingbot/2.0; +http://www.bing.com/bingbot.htm) Chrome/116.0.1938.76 Safari/537.36"
52.167.144.171 - - [26/Apr/2025:09:56:50 -0400] "GET /?d=86048289260&filter=d07a8e&share_to_url=discover.php%3Fid%3D2915201%26name%3Dsony+ccd+v50e+video8 HTTP/1.1" 200 23284 "-" "Mozilla/5.0 AppleWebKit/537.36 (KHTML, like Gecko; compatible; bingbot/2.0; +http://www.bing.com/bingbot.htm) Chrome/116.0.1938.76 Safari/537.36"
102.89.83.244 - - [26/Apr/2025:09:57:04 -0400] "GET /dclm/ajax.php?type=addreport&a1=&a2=&a3=&a4=&a5=&a6=&a7=&a8=&a9=&a10=&a11=&pid=5083&prog=FAITH%20CLINIC&pdate=21-APR-2025 HTTP/1.1" 200 131 "https://www.churchmr.com/dclm/program.php" "Mozilla/5.0 (Linux; Android 10; K) AppleWebKit/537.36 (KHTML, like Gecko) Chrome/135.0.0.0 Mobile Safari/537.36"
102.89.83.244 - - [26/Apr/2025:09:57:05 -0400] "GET /dclm/ajax.php?type=weeklyrep HTTP/1.1" 200 760 "https://www.churchmr.com/dclm/program.php" "Mozilla/5.0 (Linux; Android 10; K) AppleWebKit/537.36 (KHTML, like Gecko) Chrome/135.0.0.0 Mobile Safari/537.36"
102.89.83.244 - - [26/Apr/2025:09:57:05 -0400] "GET /dclm/ajax.php?type=recentrep HTTP/1.1" 200 704 "https://www.churchmr.com/dclm/program.php" "Mozilla/5.0 (Linux; Android 10; K) AppleWebKit/537.36 (KHTML, like Gecko) Chrome/135.0.0.0 Mobile Safari/537.36"
52.167.144.145 - - [26/Apr/2025:09:57:17 -0400] "GET /?d=107377431260&filter=4a33b7&share_to_url=detail.php%3Fid%3D3636345%26name%3Dchinon+belami+af+35mm HTTP/1.1" 200 23824 "-" "Mozilla/5.0 AppleWebKit/537.36 (KHTML, like Gecko; compatible; bingbot/2.0; +http://www.bing.com/bingbot.htm) Chrome/116.0.1938.76 Safari/537.36"
102.89.83.244 - - [26/Apr/2025:09:57:05 -0400] "GET /dclm/ajax.php?type=pendingrep HTTP/1.1" 200 336 "https://www.churchmr.com/dclm/program.php" "Mozilla/5.0 (Linux; Android 10; K) AppleWebKit/537.36 (KHTML, like Gecko) Chrome/135.0.0.0 Mobile Safari/537.36"
102.89.83.244 - - [26/Apr/2025:09:57:11 -0400] "GET /loginn.php HTTP/1.1" 200 832 "-" "Mozilla/5.0 (Linux; Android 10; K) AppleWebKit/537.36 (KHTML, like Gecko) Chrome/135.0.0.0 Mobile Safari/537.36"
52.167.144.145 - - [26/Apr/2025:09:57:18 -0400] "GET /?d=104740240260&filter=a8fc1c&share_to_url=shop.php%3Fid%3D3549079%26name%3Dall+sizes+uwabaki+slippers HTTP/1.1" 200 23546 "-" "Mozilla/5.0 AppleWebKit/537.36 (KHTML, like Gecko; compatible; bingbot/2.0; +http://www.bing.com/bingbot.htm) Chrome/116.0.1938.76 Safari/537.36"
52.167.144.145 - - [26/Apr/2025:09:57:19 -0400] "GET /?d=105131728260&filter=ef2428&share_to_url=goods.php%3Fid%3D3561575%26name%3Dpuedes+ense%C3%B1arle+a+owleez HTTP/1.1" 200 23254 "-" "Mozilla/5.0 AppleWebKit/537.36 (KHTML, like Gecko; compatible; bingbot/2.0; +http://www.bing.com/bingbot.htm) Chrome/116.0.1938.76 Safari/537.36"
52.167.144.145 - - [26/Apr/2025:09:57:19 -0400] "GET /?d=95450663260&filter=2aa707&share_to_url=pin.php%3Fid%3D3233862%26name%3D10+inch+speaker+subwoofer HTTP/1.1" 200 24659 "-" "Mozilla/5.0 AppleWebKit/537.36 (KHTML, like Gecko; compatible; bingbot/2.0; +http://www.bing.com/bingbot.htm) Chrome/116.0.1938.76 Safari/537.36"
66.249.66.13 - - [26/Apr/2025:09:57:23 -0400] "GET /?d=48343610260&filter=87610a&share_to_url=pin.php%3Fid%3D1643466%26name%3Dgiacca+in+felpa+di HTTP/1.1" 200 23476 "-" "Mozilla/5.0 (Linux; Android 6.0.1; Nexus 5X Build/MMB29P) AppleWebKit/537.36 (KHTML, like Gecko) Chrome/135.0.7049.95 Mobile Safari/537.36 (compatible; GoogleOther)"
102.89.83.244 - - [26/Apr/2025:09:57:31 -0400] "POST /loginn.php HTTP/1.1" 302 5 "https://www.churchmr.com/loginn.php" "Mozilla/5.0 (Linux; Android 10; K) AppleWebKit/537.36 (KHTML, like Gecko) Chrome/135.0.0.0 Mobile Safari/537.36"
102.89.83.244 - - [26/Apr/2025:09:57:32 -0400] "GET /dclm/program.php HTTP/1.1" 200 6517 "https://www.churchmr.com/loginn.php" "Mozilla/5.0 (Linux; Android 10; K) AppleWebKit/537.36 (KHTML, like Gecko) Chrome/135.0.0.0 Mobile Safari/537.36"
102.89.83.244 - - [26/Apr/2025:09:57:32 -0400] "GET /dclm/ajax.php?type=weeklyrep HTTP/1.1" 200 760 "https://www.churchmr.com/dclm/program.php" "Mozilla/5.0 (Linux; Android 10; K) AppleWebKit/537.36 (KHTML, like Gecko) Chrome/135.0.0.0 Mobile Safari/537.36"
52.167.144.171 - - [26/Apr/2025:09:57:39 -0400] "GET /?d=103040590260&filter=a75ffa&share_to_url=item.php%3Fid%3D3491941%26name%3Dred+strappy+lace+velvet HTTP/1.1" 200 23773 "-" "Mozilla/5.0 AppleWebKit/537.36 (KHTML, like Gecko; compatible; bingbot/2.0; +http://www.bing.com/bingbot.htm) Chrome/116.0.1938.76 Safari/537.36"
52.167.144.149 - - [26/Apr/2025:09:57:52 -0400] "GET /?d=116977372260&filter=6e70df&share_to_url=ideas.php%3Fid%3D3961320%26name%3Dtommy+bahama+restaurant HTTP/1.1" 200 21752 "-" "Mozilla/5.0 AppleWebKit/537.36 (KHTML, like Gecko; compatible; bingbot/2.0; +http://www.bing.com/bingbot.htm) Chrome/116.0.1938.76 Safari/537.36"
52.167.144.149 - - [26/Apr/2025:09:57:54 -0400] "GET /?d=93207244260&filter=144d7d&share_to_url=product.php%3Fid%3D3158062%26name%3Dheelys+classic+x2+negro HTTP/1.1" 200 22151 "-" "Mozilla/5.0 AppleWebKit/537.36 (KHTML, like Gecko; compatible; bingbot/2.0; +http://www.bing.com/bingbot.htm) Chrome/116.0.1938.76 Safari/537.36"
52.167.144.145 - - [26/Apr/2025:09:57:58 -0400] "GET /?d=96422923260&filter=eee8f3&share_to_url=detail.php%3Fid%3D3266901%26name%3Dthe+last+naruto HTTP/1.1" 200 23467 "-" "Mozilla/5.0 AppleWebKit/537.36 (KHTML, like Gecko; compatible; bingbot/2.0; +http://www.bing.com/bingbot.htm) Chrome/116.0.1938.76 Safari/537.36"
89.199.46.151 - - [26/Apr/2025:09:57:59 -0400] "GET /?d=46700330260&filter=59111c&share_to_url=product-page.php%3Fid%3D1585672%26name%3Dlenovo+drivers+download+and HTTP/1.1" 200 132 "https://www.google.com/" "Mozilla/5.0 (Linux; Android 10; K) AppleWebKit/537.36 (KHTML, like Gecko) Chrome/135.0.0.0 Mobile Safari/537.36"
52.167.144.171 - - [26/Apr/2025:09:58:02 -0400] "GET /?d=92571678260&filter=0e419f&share_to_url=detail.php%3Fid%3D3136401%26name%3Damd+i2c+controller HTTP/1.1" 200 24036 "-" "Mozilla/5.0 AppleWebKit/537.36 (KHTML, like Gecko; compatible; bingbot/2.0; +http://www.bing.com/bingbot.htm) Chrome/116.0.1938.76 Safari/537.36"
66.249.66.15 - - [26/Apr/2025:09:58:03 -0400] "GET /?d=71673849260&filter=1c33e9&share_to_url=shopdetail.php%3Fid%3D2428928%26name%3Dour+values HTTP/1.1" 200 22869 "-" "Mozilla/5.0 (Linux; Android 6.0.1; Nexus 5X Build/MMB29P) AppleWebKit/537.36 (KHTML, like Gecko) Chrome/135.0.7049.95 Mobile Safari/537.36 (compatible; GoogleOther)"
52.167.144.171 - - [26/Apr/2025:09:58:29 -0400] "GET /?d=107318593260&filter=c7968e&share_to_url=model.php%3Fid%3D3634155%26name%3Dslim+running+belt+back HTTP/1.1" 200 24401 "-" "Mozilla/5.0 AppleWebKit/537.36 (KHTML, like Gecko; compatible; bingbot/2.0; +http://www.bing.com/bingbot.htm) Chrome/116.0.1938.76 Safari/537.36"
66.249.66.13 - - [26/Apr/2025:09:58:40 -0400] "GET /?d=14212570260&filter=263449&share_to_url=product-page.php%3Fid%3D484600%26name%3Dmarco+polo+vinted HTTP/1.1" 200 22696 "-" "Mozilla/5.0 (Linux; Android 6.0.1; Nexus 5X Build/MMB29P) AppleWebKit/537.36 (KHTML, like Gecko) Chrome/135.0.7049.95 Mobile Safari/537.36 (compatible; GoogleOther)"
52.167.144.145 - - [26/Apr/2025:09:58:58 -0400] "GET /?d=83777500260&filter=674674&share_to_url=shopdetail.php%3Fid%3D2837864%26name%3Drecupero+post+amputazione HTTP/1.1" 200 23039 "-" "Mozilla/5.0 AppleWebKit/537.36 (KHTML, like Gecko; compatible; bingbot/2.0; +http://www.bing.com/bingbot.htm) Chrome/116.0.1938.76 Safari/537.36"
52.167.144.149 - - [26/Apr/2025:09:59:01 -0400] "GET /?d=107244790260&filter=d60d32&share_to_url=item.php%3Fid%3D3631753%26name%3Dxikezan+beard+grooming HTTP/1.1" 200 23231 "-" "Mozilla/5.0 AppleWebKit/537.36 (KHTML, like Gecko; compatible; bingbot/2.0; +http://www.bing.com/bingbot.htm) Chrome/116.0.1938.76 Safari/537.36"
52.167.144.171 - - [26/Apr/2025:09:59:03 -0400] "GET /?d=95265245260&filter=1b6d6c&share_to_url=goods.php%3Fid%3D3227315%26name%3Dfivefingers+performa+jane+fitness HTTP/1.1" 200 22738 "-" "Mozilla/5.0 AppleWebKit/537.36 (KHTML, like Gecko; compatible; bingbot/2.0; +http://www.bing.com/bingbot.htm) Chrome/116.0.1938.76 Safari/537.36"
52.167.144.171 - - [26/Apr/2025:09:59:04 -0400] "GET /?d=109436365260&filter=bbd03f&share_to_url=detail.php%3Fid%3D3704301%26name%3Dsusan+cummings+sterling+silver HTTP/1.1" 200 22951 "-" "Mozilla/5.0 AppleWebKit/537.36 (KHTML, like Gecko; compatible; bingbot/2.0; +http://www.bing.com/bingbot.htm) Chrome/116.0.1938.76 Safari/537.36"
52.167.144.145 - - [26/Apr/2025:09:59:08 -0400] "GET /?d=51624023260&filter=aae97a&share_to_url=pin.php%3Fid%3D1754514%26name%3Dquanto+guadagna+un+giocatore HTTP/1.1" 200 22840 "-" "Mozilla/5.0 AppleWebKit/537.36 (KHTML, like Gecko; compatible; bingbot/2.0; +http://www.bing.com/bingbot.htm) Chrome/116.0.1938.76 Safari/537.36"
102.89.83.244 - - [26/Apr/2025:09:59:10 -0400] "GET /dclm/ajax.php?type=editreport&a1=0&a2=0&a3=0&a4=0&a5=0&a6=0&a7=0&a8=0&a9=0&a10=0&a11=GCK/Easter%20RETREAT%202025%20ongoing%20@%20Camp%20ground%20&sn=221178 HTTP/1.1" 200 172 "https://www.churchmr.com/dclm/program.php" "Mozilla/5.0 (Linux; Android 10; K) AppleWebKit/537.36 (KHTML, like Gecko) Chrome/135.0.0.0 Mobile Safari/537.36"
102.89.83.244 - - [26/Apr/2025:09:59:10 -0400] "GET /dclm/ajax.php?type=weeklyrep HTTP/1.1" 200 803 "https://www.churchmr.com/dclm/program.php" "Mozilla/5.0 (Linux; Android 10; K) AppleWebKit/537.36 (KHTML, like Gecko) Chrome/135.0.0.0 Mobile Safari/537.36"
102.89.83.244 - - [26/Apr/2025:09:59:10 -0400] "GET /dclm/ajax.php?type=recentrep HTTP/1.1" 200 754 "https://www.churchmr.com/dclm/program.php" "Mozilla/5.0 (Linux; Android 10; K) AppleWebKit/537.36 (KHTML, like Gecko) Chrome/135.0.0.0 Mobile Safari/537.36"
52.167.144.149 - - [26/Apr/2025:09:59:12 -0400] "GET /?d=83464900260&filter=f52d8d&share_to_url=model.php%3Fid%3D2827371%26name%3Dp2961+auriculares+inal%C3%A1mbricos+bluetooth HTTP/1.1" 200 23157 "-" "Mozilla/5.0 AppleWebKit/537.36 (KHTML, like Gecko; compatible; bingbot/2.0; +http://www.bing.com/bingbot.htm) Chrome/116.0.1938.76 Safari/537.36"
52.167.144.149 - - [26/Apr/2025:09:59:13 -0400] "GET /?d=89482378260&filter=677cca&share_to_url=item.php%3Fid%3D3033001%26name%3Dkids+039+duffle+bag HTTP/1.1" 200 24338 "-" "Mozilla/5.0 AppleWebKit/537.36 (KHTML, like Gecko; compatible; bingbot/2.0; +http://www.bing.com/bingbot.htm) Chrome/116.0.1938.76 Safari/537.36"
52.167.144.149 - - [26/Apr/2025:09:59:14 -0400] "GET /?d=116316197260&filter=ab67d8&share_to_url=shop.php%3Fid%3D3939091%26name%3Dwomb+2024+chair HTTP/1.1" 200 23458 "-" "Mozilla/5.0 AppleWebKit/537.36 (KHTML, like Gecko; compatible; bingbot/2.0; +http://www.bing.com/bingbot.htm) Chrome/116.0.1938.76 Safari/537.36"
102.89.83.244 - - [26/Apr/2025:09:59:10 -0400] "GET /dclm/ajax.php?type=pendingrep HTTP/1.1" 200 336 "https://www.churchmr.com/dclm/program.php" "Mozilla/5.0 (Linux; Android 10; K) AppleWebKit/537.36 (KHTML, like Gecko) Chrome/135.0.0.0 Mobile Safari/537.36"
52.167.144.149 - - [26/Apr/2025:09:59:32 -0400] "GET /?d=109897411260&filter=b70501&share_to_url=item.php%3Fid%3D3719617%26name%3Dwizard+tee+butter+goods HTTP/1.1" 200 23549 "-" "Mozilla/5.0 AppleWebKit/537.36 (KHTML, like Gecko; compatible; bingbot/2.0; +http://www.bing.com/bingbot.htm) Chrome/116.0.1938.76 Safari/537.36"
102.89.83.244 - - [26/Apr/2025:09:59:57 -0400] "GET /dclm/ajax.php?type=addreport&a1=&a2=&a3=&a4=&a5=&a6=&a7=&a8=&a9=&a10=&a11=GCK/Easter%20RETREAT%202025%20ongoing%20@%20Camp%20ground%20&pid=5082&prog=POWER%20FOR%20LIVING&pdate=20-APR-2025 HTTP/1.1" 200 176 "https://www.churchmr.com/dclm/program.php" "Mozilla/5.0 (Linux; Android 10; K) AppleWebKit/537.36 (KHTML, like Gecko) Chrome/135.0.0.0 Mobile Safari/537.36"
52.167.144.145 - - [26/Apr/2025:09:59:57 -0400] "GET /?d=117134377260&filter=83f648&share_to_url=ideas.php%3Fid%3D3966852%26name%3Dmormaii+milao+mo132 HTTP/1.1" 200 22038 "-" "Mozilla/5.0 AppleWebKit/537.36 (KHTML, like Gecko; compatible; bingbot/2.0; +http://www.bing.com/bingbot.htm) Chrome/116.0.1938.76 Safari/537.36"
102.89.83.244 - - [26/Apr/2025:09:59:57 -0400] "GET /dclm/ajax.php?type=weeklyrep HTTP/1.1" 200 803 "https://www.churchmr.com/dclm/program.php" "Mozilla/5.0 (Linux; Android 10; K) AppleWebKit/537.36 (KHTML, like Gecko) Chrome/135.0.0.0 Mobile Safari/537.36"
102.89.83.244 - - [26/Apr/2025:09:59:57 -0400] "GET /dclm/ajax.php?type=recentrep HTTP/1.1" 200 731 "https://www.churchmr.com/dclm/program.php" "Mozilla/5.0 (Linux; Android 10; K) AppleWebKit/537.36 (KHTML, like Gecko) Chrome/135.0.0.0 Mobile Safari/537.36"
40.77.167.5 - - [26/Apr/2025:10:00:03 -0400] "GET /?d=99308150260&filter=a93973&share_to_url=discover.php%3Fid%3D3365753%26name%3Dvila+parka+f%C3%BCr+damen HTTP/1.1" 200 24263 "-" "Mozilla/5.0 AppleWebKit/537.36 (KHTML, like Gecko; compatible; bingbot/2.0; +http://www.bing.com/bingbot.htm) Chrome/116.0.1938.76 Safari/537.36"
52.167.144.145 - - [26/Apr/2025:10:00:07 -0400] "GET /?d=117227659260&filter=3ecf54&share_to_url=model.php%3Fid%3D3970227%26name%3Djotaro+engraved+wood+case HTTP/1.1" 200 23400 "-" "Mozilla/5.0 AppleWebKit/537.36 (KHTML, like Gecko; compatible; bingbot/2.0; +http://www.bing.com/bingbot.htm) Chrome/116.0.1938.76 Safari/537.36"
102.89.83.244 - - [26/Apr/2025:09:59:57 -0400] "GET /dclm/ajax.php?type=pendingrep HTTP/1.1" 200 333 "https://www.churchmr.com/dclm/program.php" "Mozilla/5.0 (Linux; Android 10; K) AppleWebKit/537.36 (KHTML, like Gecko) Chrome/135.0.0.0 Mobile Safari/537.36"
66.249.66.11 - - [26/Apr/2025:10:00:22 -0400] "GET /?d=103374813260&filter=b873a7&share_to_url=shopdetail.php%3Fid%3D3502976%26name%3Dburco+76700+user+manual+pdf HTTP/1.1" 200 24201 "-" "Mozilla/5.0 (Linux; Android 6.0.1; Nexus 5X Build/MMB29P) AppleWebKit/537.36 (KHTML, like Gecko) Chrome/135.0.7049.95 Mobile Safari/537.36 (compatible; GoogleOther)"
52.167.144.149 - - [26/Apr/2025:10:00:32 -0400] "GET /?d=117223283260&filter=15d3b1&share_to_url=discover.php%3Fid%3D3970073%26name%3Dpok%C3%A9ball+offered+with+pok%C3%A9mon HTTP/1.1" 200 24788 "-" "Mozilla/5.0 AppleWebKit/537.36 (KHTML, like Gecko; compatible; bingbot/2.0; +http://www.bing.com/bingbot.htm) Chrome/116.0.1938.76 Safari/537.36"
52.167.144.149 - - [26/Apr/2025:10:00:33 -0400] "GET /?d=88690675260&filter=bdaf2f&share_to_url=goods.php%3Fid%3D3006095%26name%3Dtavoli+da+esterno+interior HTTP/1.1" 200 23036 "-" "Mozilla/5.0 AppleWebKit/537.36 (KHTML, like Gecko; compatible; bingbot/2.0; +http://www.bing.com/bingbot.htm) Chrome/116.0.1938.76 Safari/537.36"
40.77.167.5 - - [26/Apr/2025:10:00:40 -0400] "GET /?d=110241017260&filter=b44b6e&share_to_url=detail.php%3Fid%3D3731301%26name%3Dtelstar+nightfall+air+tent HTTP/1.1" 200 21857 "-" "Mozilla/5.0 AppleWebKit/537.36 (KHTML, like Gecko; compatible; bingbot/2.0; +http://www.bing.com/bingbot.htm) Chrome/116.0.1938.76 Safari/537.36"
102.89.83.244 - - [26/Apr/2025:10:00:47 -0400] "GET /dclm/ajax.php?type=addreport&a1=&a2=&a3=&a4=&a5=&a6=&a7=&a8=&a9=&a10=&a11=GCK/Easter%20RETREAT%202025%20ongoing%20@%20Camp%20ground%20&pid=5081&prog=ACTIVITY&pdate=20-APR-2025 HTTP/1.1" 200 170 "https://www.churchmr.com/dclm/program.php" "Mozilla/5.0 (Linux; Android 10; K) AppleWebKit/537.36 (KHTML, like Gecko) Chrome/135.0.0.0 Mobile Safari/537.36"
102.89.83.244 - - [26/Apr/2025:10:00:47 -0400] "GET /dclm/ajax.php?type=weeklyrep HTTP/1.1" 200 803 "https://www.churchmr.com/dclm/program.php" "Mozilla/5.0 (Linux; Android 10; K) AppleWebKit/537.36 (KHTML, like Gecko) Chrome/135.0.0.0 Mobile Safari/537.36"
