66.249.64.9 - - [12/Jun/2025:08:36:50 -0400] "GET /?d=114968296260&filter=4125cd&share_to_url=detail.php%3Fid%3D3893157%26name%3Dequate+baby+creamy HTTP/1.1" 200 23497 "-" "Mozilla/5.0 (Linux; Android 6.0.1; Nexus 5X Build/MMB29P) AppleWebKit/537.36 (KHTML, like Gecko) Chrome/136.0.7103.113 Mobile Safari/537.36 (compatible; Googlebot/2.1; +http://www.google.com/bot.html)"
66.249.64.10 - - [12/Jun/2025:08:36:50 -0400] "GET /?d=105603550260&filter=203e31&share_to_url=product-page.php%3Fid%3D3577372%26name%3Dbest+shorts+for+men HTTP/1.1" 200 23766 "-" "Mozilla/5.0 (Linux; Android 6.0.1; Nexus 5X Build/MMB29P) AppleWebKit/537.36 (KHTML, like Gecko) Chrome/136.0.7103.113 Mobile Safari/537.36 (compatible; Googlebot/2.1; +http://www.google.com/bot.html)"
66.249.64.9 - - [12/Jun/2025:08:36:51 -0400] "GET /?d=84351037260&filter=c11d46&share_to_url=goods.php%3Fid%3D2856839%26name%3Dlotr+hobbit+sleeve+done+by+kat HTTP/1.1" 200 23852 "-" "Mozilla/5.0 (Linux; Android 6.0.1; Nexus 5X Build/MMB29P) AppleWebKit/537.36 (KHTML, like Gecko) Chrome/136.0.7103.113 Mobile Safari/537.36 (compatible; Googlebot/2.1; +http://www.google.com/bot.html)"
66.249.64.6 - - [12/Jun/2025:08:36:52 -0400] "GET /?d=94968384260&filter=36b850&share_to_url=shopdetail.php%3Fid%3D3217712%26name%3Dvintage+xl+knoll+butterfly+chair HTTP/1.1" 200 23380 "-" "Mozilla/5.0 (Linux; Android 6.0.1; Nexus 5X Build/MMB29P) AppleWebKit/537.36 (KHTML, like Gecko) Chrome/136.0.7103.113 Mobile Safari/537.36 (compatible; Googlebot/2.1; +http://www.google.com/bot.html)"
66.249.64.9 - - [12/Jun/2025:08:36:52 -0400] "GET /?d=70774927260&filter=be1b9a&share_to_url=ideas.php%3Fid%3D2398344%26name%3Dalexandra+jacket+black HTTP/1.1" 200 23957 "-" "Mozilla/5.0 (Linux; Android 6.0.1; Nexus 5X Build/MMB29P) AppleWebKit/537.36 (KHTML, like Gecko) Chrome/136.0.7103.113 Mobile Safari/537.36 (compatible; Googlebot/2.1; +http://www.google.com/bot.html)"
157.55.39.16 - - [12/Jun/2025:08:36:53 -0400] "GET /?d=40321971260&filter=14708a&share_to_url=shopdetail.php%3Fid%3D1369148%26name%3Dsalt+bmx+shop+pegs HTTP/1.1" 200 23424 "-" "Mozilla/5.0 AppleWebKit/537.36 (KHTML, like Gecko; compatible; bingbot/2.0; +http://www.bing.com/bingbot.htm) Chrome/116.0.1938.76 Safari/537.36"
66.249.64.7 - - [12/Jun/2025:08:36:53 -0400] "GET /?d=100466823260&filter=f4b633&share_to_url=product.php%3Fid%3D3405226%26name%3Dgarden+seat+hotsell+pads HTTP/1.1" 200 23790 "-" "Mozilla/5.0 (Linux; Android 6.0.1; Nexus 5X Build/MMB29P) AppleWebKit/537.36 (KHTML, like Gecko) Chrome/136.0.7103.113 Mobile Safari/537.36 (compatible; Googlebot/2.1; +http://www.google.com/bot.html)"
66.249.64.6 - - [12/Jun/2025:08:36:53 -0400] "GET /?d=87081670260&filter=c29c3b&share_to_url=model.php%3Fid%3D2950875%26name%3Dladysmith+gazette+want+to HTTP/1.1" 200 24351 "-" "Mozilla/5.0 (Linux; Android 6.0.1; Nexus 5X Build/MMB29P) AppleWebKit/537.36 (KHTML, like Gecko) Chrome/136.0.7103.113 Mobile Safari/537.36 (compatible; Googlebot/2.1; +http://www.google.com/bot.html)"
66.249.64.7 - - [12/Jun/2025:08:36:54 -0400] "GET /?d=96698174260&filter=05ec19&share_to_url=shopdetail.php%3Fid%3D3276500%26name%3Dthey+039+re+so+soft+and HTTP/1.1" 200 23603 "-" "Mozilla/5.0 (Linux; Android 6.0.1; Nexus 5X Build/MMB29P) AppleWebKit/537.36 (KHTML, like Gecko) Chrome/136.0.7103.113 Mobile Safari/537.36 (compatible; Googlebot/2.1; +http://www.google.com/bot.html)"
66.249.64.7 - - [12/Jun/2025:08:36:55 -0400] "GET /?d=101307385260&filter=767074&share_to_url=shopdetail.php%3Fid%3D3434372%26name%3Dt+shirt+graphic+bleu+homme HTTP/1.1" 200 24048 "-" "Mozilla/5.0 (Linux; Android 6.0.1; Nexus 5X Build/MMB29P) AppleWebKit/537.36 (KHTML, like Gecko) Chrome/136.0.7103.113 Mobile Safari/537.36 (compatible; Googlebot/2.1; +http://www.google.com/bot.html)"
66.249.64.7 - - [12/Jun/2025:08:36:55 -0400] "GET /?d=110719941260&filter=b0ef1a&share_to_url=discover.php%3Fid%3D3748661%26name%3Dpinmart+military+dog HTTP/1.1" 200 22367 "-" "Mozilla/5.0 (Linux; Android 6.0.1; Nexus 5X Build/MMB29P) AppleWebKit/537.36 (KHTML, like Gecko) Chrome/136.0.7103.113 Mobile Safari/537.36 (compatible; Googlebot/2.1; +http://www.google.com/bot.html)"
40.77.167.25 - - [12/Jun/2025:08:36:55 -0400] "GET /?d=86185881260&filter=400a61&share_to_url=pin.php%3Fid%3D2919954%26name%3D2018+bmc+agonist+02+two HTTP/1.1" 200 23907 "-" "Mozilla/5.0 AppleWebKit/537.36 (KHTML, like Gecko; compatible; bingbot/2.0; +http://www.bing.com/bingbot.htm) Chrome/116.0.1938.76 Safari/537.36"
66.249.64.11 - - [12/Jun/2025:08:36:56 -0400] "GET /?d=111398246260&filter=6f69da&share_to_url=detail.php%3Fid%3D3772665%26name%3Dlondon+rag+women+039+s+cannes HTTP/1.1" 200 24514 "-" "Mozilla/5.0 (Linux; Android 6.0.1; Nexus 5X Build/MMB29P) AppleWebKit/537.36 (KHTML, like Gecko) Chrome/136.0.7103.113 Mobile Safari/537.36 (compatible; Googlebot/2.1; +http://www.google.com/bot.html)"
66.249.64.6 - - [12/Jun/2025:08:36:56 -0400] "GET /?d=10887132260&filter=8de18d&share_to_url=product.php%3Fid%3D373126%26name%3Dquadlock+r+tenere700 HTTP/1.1" 200 24137 "-" "Mozilla/5.0 (Linux; Android 6.0.1; Nexus 5X Build/MMB29P) AppleWebKit/537.36 (KHTML, like Gecko) Chrome/136.0.7103.113 Mobile Safari/537.36 (compatible; Googlebot/2.1; +http://www.google.com/bot.html)"
66.249.64.11 - - [12/Jun/2025:08:36:57 -0400] "GET /?d=96768302260&filter=469540&share_to_url=model.php%3Fid%3D3278859%26name%3Dmagnetic+dumbbell+yanko HTTP/1.1" 200 23478 "-" "Mozilla/5.0 (Linux; Android 6.0.1; Nexus 5X Build/MMB29P) AppleWebKit/537.36 (KHTML, like Gecko) Chrome/136.0.7103.113 Mobile Safari/537.36 (compatible; Googlebot/2.1; +http://www.google.com/bot.html)"
66.249.64.12 - - [12/Jun/2025:08:36:58 -0400] "GET /?d=94243306260&filter=1499ca&share_to_url=pin.php%3Fid%3D3193626%26name%3Desr+leather+case+iphone HTTP/1.1" 200 22304 "-" "Mozilla/5.0 (Linux; Android 6.0.1; Nexus 5X Build/MMB29P) AppleWebKit/537.36 (KHTML, like Gecko) Chrome/136.0.7103.113 Mobile Safari/537.36 (compatible; Googlebot/2.1; +http://www.google.com/bot.html)"
66.249.64.9 - - [12/Jun/2025:08:36:59 -0400] "GET /?d=94015279260&filter=01899d&share_to_url=product-page.php%3Fid%3D3185368%26name%3Ddry+creek+dry HTTP/1.1" 200 22885 "-" "Mozilla/5.0 (Linux; Android 6.0.1; Nexus 5X Build/MMB29P) AppleWebKit/537.36 (KHTML, like Gecko) Chrome/136.0.7103.113 Mobile Safari/537.36 (compatible; Googlebot/2.1; +http://www.google.com/bot.html)"
66.249.64.11 - - [12/Jun/2025:08:36:59 -0400] "GET /?d=99849547260&filter=315f2d&share_to_url=product.php%3Fid%3D3384034%26name%3Dbluetooth+headphones+connected+but+not HTTP/1.1" 200 23871 "-" "Mozilla/5.0 (Linux; Android 6.0.1; Nexus 5X Build/MMB29P) AppleWebKit/537.36 (KHTML, like Gecko) Chrome/136.0.7103.113 Mobile Safari/537.36 (compatible; Googlebot/2.1; +http://www.google.com/bot.html)"
40.77.167.9 - - [12/Jun/2025:08:36:59 -0400] "GET /?d=107062223260&filter=d9247f&share_to_url=goods.php%3Fid%3D3625763%26name%3Dball+pack HTTP/1.1" 200 24018 "-" "Mozilla/5.0 AppleWebKit/537.36 (KHTML, like Gecko; compatible; bingbot/2.0; +http://www.bing.com/bingbot.htm) Chrome/116.0.1938.76 Safari/537.36"
66.249.64.5 - - [12/Jun/2025:08:37:00 -0400] "GET /?d=115996983260&filter=bc96f9&share_to_url=item.php%3Fid%3D3928069%26name%3Dcanon+eos+40d+instructions HTTP/1.1" 200 23906 "-" "Mozilla/5.0 (Linux; Android 6.0.1; Nexus 5X Build/MMB29P) AppleWebKit/537.36 (KHTML, like Gecko) Chrome/136.0.7103.113 Mobile Safari/537.36 (compatible; Googlebot/2.1; +http://www.google.com/bot.html)"
40.77.167.9 - - [12/Jun/2025:08:37:01 -0400] "GET /?d=116097709260&filter=128aa4&share_to_url=model.php%3Fid%3D3931599%26name%3Ddaiwa+5+039+6+rod+1bb+reel+ul HTTP/1.1" 200 23372 "-" "Mozilla/5.0 AppleWebKit/537.36 (KHTML, like Gecko; compatible; bingbot/2.0; +http://www.bing.com/bingbot.htm) Chrome/116.0.1938.76 Safari/537.36"
66.249.64.8 - - [12/Jun/2025:08:37:01 -0400] "GET /?d=117923306260&filter=c9876a&share_to_url=shopdetail.php%3Fid%3D3993608%26name%3Dreiss+emmy+v+neck HTTP/1.1" 200 23616 "-" "Mozilla/5.0 (Linux; Android 6.0.1; Nexus 5X Build/MMB29P) AppleWebKit/537.36 (KHTML, like Gecko) Chrome/136.0.7103.113 Mobile Safari/537.36 (compatible; Googlebot/2.1; +http://www.google.com/bot.html)"
66.249.64.10 - - [12/Jun/2025:08:37:02 -0400] "GET /?d=90258231260&filter=05ec19&share_to_url=item.php%3Fid%3D3058729%26name%3Dbon+ton+toys HTTP/1.1" 200 23684 "-" "Mozilla/5.0 (Linux; Android 6.0.1; Nexus 5X Build/MMB29P) AppleWebKit/537.36 (KHTML, like Gecko) Chrome/136.0.7103.113 Mobile Safari/537.36 (compatible; Googlebot/2.1; +http://www.google.com/bot.html)"
66.249.64.7 - - [12/Jun/2025:08:37:02 -0400] "GET /?d=113566091260&filter=589730&share_to_url=product.php%3Fid%3D3846130%26name%3Dback+in+action+women+039+s HTTP/1.1" 200 22782 "-" "Mozilla/5.0 (Linux; Android 6.0.1; Nexus 5X Build/MMB29P) AppleWebKit/537.36 (KHTML, like Gecko) Chrome/136.0.7103.113 Mobile Safari/537.36 (compatible; Googlebot/2.1; +http://www.google.com/bot.html)"
157.55.39.16 - - [12/Jun/2025:08:37:03 -0400] "GET /?d=115431667260&filter=b873a7&share_to_url=discover.php%3Fid%3D3909029%26name%3Dneomitis+prg7+rf HTTP/1.1" 200 22877 "-" "Mozilla/5.0 AppleWebKit/537.36 (KHTML, like Gecko; compatible; bingbot/2.0; +http://www.bing.com/bingbot.htm) Chrome/116.0.1938.76 Safari/537.36"
66.249.64.10 - - [12/Jun/2025:08:37:03 -0400] "GET /?d=104058253260&filter=fd5064&share_to_url=detail.php%3Fid%3D3525729%26name%3Dms+elite+with+free HTTP/1.1" 200 24096 "-" "Mozilla/5.0 (Linux; Android 6.0.1; Nexus 5X Build/MMB29P) AppleWebKit/537.36 (KHTML, like Gecko) Chrome/136.0.7103.113 Mobile Safari/537.36 (compatible; Googlebot/2.1; +http://www.google.com/bot.html)"
66.249.64.5 - - [12/Jun/2025:08:37:03 -0400] "GET /?d=107054055260&filter=02899f&share_to_url=model.php%3Fid%3D3625467%26name%3Dnoblesse+volume+three+a HTTP/1.1" 200 21915 "-" "Mozilla/5.0 (Linux; Android 6.0.1; Nexus 5X Build/MMB29P) AppleWebKit/537.36 (KHTML, like Gecko) Chrome/136.0.7103.113 Mobile Safari/537.36 (compatible; Googlebot/2.1; +http://www.google.com/bot.html)"
66.249.64.8 - - [12/Jun/2025:08:37:03 -0400] "GET /?d=110875871260&filter=4d89e2&share_to_url=discover.php%3Fid%3D3754445%26name%3Ddisassembled+game+boy HTTP/1.1" 200 22503 "-" "Mozilla/5.0 (Linux; Android 6.0.1; Nexus 5X Build/MMB29P) AppleWebKit/537.36 (KHTML, like Gecko) Chrome/136.0.7103.113 Mobile Safari/537.36 (compatible; Googlebot/2.1; +http://www.google.com/bot.html)"
66.249.64.5 - - [12/Jun/2025:08:37:04 -0400] "GET /?d=97966075260&filter=46c16b&share_to_url=item.php%3Fid%3D3320017%26name%3Dcute+suitcase+sold HTTP/1.1" 200 24755 "-" "Mozilla/5.0 (Linux; Android 6.0.1; Nexus 5X Build/MMB29P) AppleWebKit/537.36 (KHTML, like Gecko) Chrome/136.0.7103.113 Mobile Safari/537.36 (compatible; Googlebot/2.1; +http://www.google.com/bot.html)"
66.249.64.7 - - [12/Jun/2025:08:37:04 -0400] "GET /?d=102408072260&filter=efec0d&share_to_url=shopdetail.php%3Fid%3D3471368%26name%3Dbuy+poster+air+jordan HTTP/1.1" 200 22330 "-" "Mozilla/5.0 (Linux; Android 6.0.1; Nexus 5X Build/MMB29P) AppleWebKit/537.36 (KHTML, like Gecko) Chrome/136.0.7103.113 Mobile Safari/537.36 (compatible; Googlebot/2.1; +http://www.google.com/bot.html)"
66.249.64.7 - - [12/Jun/2025:08:37:05 -0400] "GET /?d=96600105260&filter=596a21&share_to_url=product-page.php%3Fid%3D3273088%26name%3Dpawtners+retractable+baby HTTP/1.1" 200 23114 "-" "Mozilla/5.0 (Linux; Android 6.0.1; Nexus 5X Build/MMB29P) AppleWebKit/537.36 (KHTML, like Gecko) Chrome/136.0.7103.113 Mobile Safari/537.36 (compatible; Googlebot/2.1; +http://www.google.com/bot.html)"
66.249.64.9 - - [12/Jun/2025:08:37:05 -0400] "GET /?d=92888164260&filter=a6403c&share_to_url=goods.php%3Fid%3D3147131%26name%3Dnike+t+shirt+and HTTP/1.1" 200 22784 "-" "Mozilla/5.0 (Linux; Android 6.0.1; Nexus 5X Build/MMB29P) AppleWebKit/537.36 (KHTML, like Gecko) Chrome/136.0.7103.113 Mobile Safari/537.36 (compatible; Googlebot/2.1; +http://www.google.com/bot.html)"
66.249.64.7 - - [12/Jun/2025:08:37:06 -0400] "GET /?d=105860484260&filter=3b21ec&share_to_url=discover.php%3Fid%3D3585701%26name%3D20+haiku+about+2020 HTTP/1.1" 200 24346 "-" "Mozilla/5.0 (Linux; Android 6.0.1; Nexus 5X Build/MMB29P) AppleWebKit/537.36 (KHTML, like Gecko) Chrome/136.0.7103.113 Mobile Safari/537.36 (compatible; Googlebot/2.1; +http://www.google.com/bot.html)"
66.249.64.10 - - [12/Jun/2025:08:37:07 -0400] "GET /?d=94333322260&filter=3b569e&share_to_url=detail.php%3Fid%3D3196917%26name%3Dchunky+knit+blanket+throw HTTP/1.1" 200 24326 "-" "Mozilla/5.0 (Linux; Android 6.0.1; Nexus 5X Build/MMB29P) AppleWebKit/537.36 (KHTML, like Gecko) Chrome/136.0.7103.113 Mobile Safari/537.36 (compatible; Googlebot/2.1; +http://www.google.com/bot.html)"
66.249.64.9 - - [12/Jun/2025:08:37:07 -0400] "GET /?d=93154088260&filter=b3e07f&share_to_url=model.php%3Fid%3D3156135%26name%3Dthe+buttons+in+geforce+now HTTP/1.1" 200 23392 "-" "Mozilla/5.0 (Linux; Android 6.0.1; Nexus 5X Build/MMB29P) AppleWebKit/537.36 (KHTML, like Gecko) Chrome/136.0.7103.113 Mobile Safari/537.36 (compatible; Googlebot/2.1; +http://www.google.com/bot.html)"
66.249.64.6 - - [12/Jun/2025:08:37:08 -0400] "GET /?d=96600635260&filter=1d3899&share_to_url=detail.php%3Fid%3D3273105%26name%3Dpicante+de+cuy HTTP/1.1" 200 22683 "-" "Mozilla/5.0 (Linux; Android 6.0.1; Nexus 5X Build/MMB29P) AppleWebKit/537.36 (KHTML, like Gecko) Chrome/136.0.7103.113 Mobile Safari/537.36 (compatible; Googlebot/2.1; +http://www.google.com/bot.html)"
66.249.64.6 - - [12/Jun/2025:08:37:09 -0400] "GET /?d=111051366260&filter=bfc81f&share_to_url=ideas.php%3Fid%3D3760620%26name%3Dspin+bike+2024+on+finance HTTP/1.1" 200 24093 "-" "Mozilla/5.0 (Linux; Android 6.0.1; Nexus 5X Build/MMB29P) AppleWebKit/537.36 (KHTML, like Gecko) Chrome/136.0.7103.113 Mobile Safari/537.36 (compatible; Googlebot/2.1; +http://www.google.com/bot.html)"
66.249.64.7 - - [12/Jun/2025:08:37:09 -0400] "GET /?d=96895201260&filter=4125cd&share_to_url=product-page.php%3Fid%3D3283000%26name%3Dpampers+hands HTTP/1.1" 200 23195 "-" "Mozilla/5.0 (Linux; Android 6.0.1; Nexus 5X Build/MMB29P) AppleWebKit/537.36 (KHTML, like Gecko) Chrome/136.0.7103.113 Mobile Safari/537.36 (compatible; Googlebot/2.1; +http://www.google.com/bot.html)"
66.249.64.5 - - [12/Jun/2025:08:37:10 -0400] "GET /?d=92987956260&filter=469540&share_to_url=model.php%3Fid%3D3150627%26name%3Dwomen+039+s+schwinn+link+comfort+bike HTTP/1.1" 200 24255 "-" "Mozilla/5.0 (Linux; Android 6.0.1; Nexus 5X Build/MMB29P) AppleWebKit/537.36 (KHTML, like Gecko) Chrome/136.0.7103.113 Mobile Safari/537.36 (compatible; Googlebot/2.1; +http://www.google.com/bot.html)"
66.249.64.9 - - [12/Jun/2025:08:37:11 -0400] "GET /?d=114202575260&filter=133a7e&share_to_url=goods.php%3Fid%3D3867371%26name%3Dchaussure+damart+top HTTP/1.1" 200 23081 "-" "Mozilla/5.0 (Linux; Android 6.0.1; Nexus 5X Build/MMB29P) AppleWebKit/537.36 (KHTML, like Gecko) Chrome/136.0.7103.113 Mobile Safari/537.36 (compatible; Googlebot/2.1; +http://www.google.com/bot.html)"
66.249.64.7 - - [12/Jun/2025:08:37:11 -0400] "GET /?d=108206390260&filter=b3ceb7&share_to_url=item.php%3Fid%3D3663685%26name%3Dvivo+s1+back+cover+pink HTTP/1.1" 200 23877 "-" "Mozilla/5.0 (Linux; Android 6.0.1; Nexus 5X Build/MMB29P) AppleWebKit/537.36 (KHTML, like Gecko) Chrome/136.0.7103.113 Mobile Safari/537.36 (compatible; Googlebot/2.1; +http://www.google.com/bot.html)"
66.249.64.6 - - [12/Jun/2025:08:37:12 -0400] "GET /?d=117907642260&filter=05bcc1&share_to_url=model.php%3Fid%3D3993123%26name%3Dsunny+deol+cheap+ki+funny HTTP/1.1" 200 23364 "-" "Mozilla/5.0 (Linux; Android 6.0.1; Nexus 5X Build/MMB29P) AppleWebKit/537.36 (KHTML, like Gecko) Chrome/136.0.7103.113 Mobile Safari/537.36 (compatible; Googlebot/2.1; +http://www.google.com/bot.html)"
66.249.64.6 - - [12/Jun/2025:08:37:12 -0400] "GET /?d=108339985260&filter=e7ae8e&share_to_url=item.php%3Fid%3D3668149%26name%3Dcrocs+pittarosso+sale HTTP/1.1" 200 23584 "-" "Mozilla/5.0 (Linux; Android 6.0.1; Nexus 5X Build/MMB29P) AppleWebKit/537.36 (KHTML, like Gecko) Chrome/136.0.7103.113 Mobile Safari/537.36 (compatible; Googlebot/2.1; +http://www.google.com/bot.html)"
66.249.64.5 - - [12/Jun/2025:08:37:13 -0400] "GET /?d=101732322260&filter=fa5724&share_to_url=detail.php%3Fid%3D3448893%26name%3Dsaddle+ear+weights HTTP/1.1" 200 24035 "-" "Mozilla/5.0 (Linux; Android 6.0.1; Nexus 5X Build/MMB29P) AppleWebKit/537.36 (KHTML, like Gecko) Chrome/136.0.7103.113 Mobile Safari/537.36 (compatible; Googlebot/2.1; +http://www.google.com/bot.html)"
207.46.13.127 - - [12/Jun/2025:08:37:13 -0400] "GET /?d=90349164260&filter=d50c1d&share_to_url=shopdetail.php%3Fid%3D3061892%26name%3Dnandhu+movies+of+the+soul HTTP/1.1" 200 23314 "-" "Mozilla/5.0 AppleWebKit/537.36 (KHTML, like Gecko; compatible; bingbot/2.0; +http://www.bing.com/bingbot.htm) Chrome/116.0.1938.76 Safari/537.36"
66.249.64.8 - - [12/Jun/2025:08:37:14 -0400] "GET /?d=100976932260&filter=62bca5&share_to_url=product-page.php%3Fid%3D3422896%26name%3Dgolf+club+hook+coat HTTP/1.1" 200 23902 "-" "Mozilla/5.0 (Linux; Android 6.0.1; Nexus 5X Build/MMB29P) AppleWebKit/537.36 (KHTML, like Gecko) Chrome/136.0.7103.113 Mobile Safari/537.36 (compatible; Googlebot/2.1; +http://www.google.com/bot.html)"
66.249.64.8 - - [12/Jun/2025:08:37:14 -0400] "GET /?d=113866717260&filter=b50421&share_to_url=article.php%3Fid%3D3856430%26name%3Damd+radeon+hd+4770+512mb HTTP/1.1" 200 23922 "-" "Mozilla/5.0 (Linux; Android 6.0.1; Nexus 5X Build/MMB29P) AppleWebKit/537.36 (KHTML, like Gecko) Chrome/136.0.7103.113 Mobile Safari/537.36 (compatible; Googlebot/2.1; +http://www.google.com/bot.html)"
66.249.64.5 - - [12/Jun/2025:08:37:14 -0400] "GET /?d=99484656260&filter=20c71b&share_to_url=discover.php%3Fid%3D3371801%26name%3Dtrespass+danson+mens+hooded+waterproof HTTP/1.1" 200 23547 "-" "Mozilla/5.0 (Linux; Android 6.0.1; Nexus 5X Build/MMB29P) AppleWebKit/537.36 (KHTML, like Gecko) Chrome/136.0.7103.113 Mobile Safari/537.36 (compatible; Googlebot/2.1; +http://www.google.com/bot.html)"
207.46.13.127 - - [12/Jun/2025:08:37:15 -0400] "GET /?d=109275469260&filter=892489&share_to_url=pin.php?id=3699318&name=original%20women%20valentino%20zero HTTP/1.1" 200 21699 "-" "Mozilla/5.0 AppleWebKit/537.36 (KHTML, like Gecko; compatible; bingbot/2.0; +http://www.bing.com/bingbot.htm) Chrome/116.0.1938.76 Safari/537.36"
66.249.64.6 - - [12/Jun/2025:08:37:15 -0400] "GET /?d=103771792260&filter=afcfc9&share_to_url=product.php%3Fid%3D3515962%26name%3Dcartera+delicate+calvin HTTP/1.1" 200 24325 "-" "Mozilla/5.0 (Linux; Android 6.0.1; Nexus 5X Build/MMB29P) AppleWebKit/537.36 (KHTML, like Gecko) Chrome/136.0.7103.113 Mobile Safari/537.36 (compatible; Googlebot/2.1; +http://www.google.com/bot.html)"
66.249.64.6 - - [12/Jun/2025:08:37:15 -0400] "GET /?d=105408501260&filter=8f2b55&share_to_url=model.php%3Fid%3D3570819%26name%3Dh+d+evo+x17+sun+shield HTTP/1.1" 200 22841 "-" "Mozilla/5.0 (Linux; Android 6.0.1; Nexus 5X Build/MMB29P) AppleWebKit/537.36 (KHTML, like Gecko) Chrome/136.0.7103.113 Mobile Safari/537.36 (compatible; Googlebot/2.1; +http://www.google.com/bot.html)"
66.249.64.7 - - [12/Jun/2025:08:37:16 -0400] "GET /?d=98546045260&filter=ca372c&share_to_url=product-page.php%3Fid%3D3339844%26name%3Dring+around+auditory+sensory HTTP/1.1" 200 24519 "-" "Mozilla/5.0 (Linux; Android 6.0.1; Nexus 5X Build/MMB29P) AppleWebKit/537.36 (KHTML, like Gecko) Chrome/136.0.7103.113 Mobile Safari/537.36 (compatible; Googlebot/2.1; +http://www.google.com/bot.html)"
66.249.64.5 - - [12/Jun/2025:08:37:17 -0400] "GET /?d=94004114260&filter=01899d&share_to_url=product-page.php%3Fid%3D3185008%26name%3Dsolo+new+york+backpack+with HTTP/1.1" 200 23328 "-" "Mozilla/5.0 (Linux; Android 6.0.1; Nexus 5X Build/MMB29P) AppleWebKit/537.36 (KHTML, like Gecko) Chrome/136.0.7103.113 Mobile Safari/537.36 (compatible; Googlebot/2.1; +http://www.google.com/bot.html)"
66.249.64.7 - - [12/Jun/2025:08:37:17 -0400] "GET /?d=110508259260&filter=63784b&share_to_url=model.php%3Fid%3D3741003%26name%3Ddualit+wasserkocher+2024 HTTP/1.1" 200 23298 "-" "Mozilla/5.0 (Linux; Android 6.0.1; Nexus 5X Build/MMB29P) AppleWebKit/537.36 (KHTML, like Gecko) Chrome/136.0.7103.113 Mobile Safari/537.36 (compatible; Googlebot/2.1; +http://www.google.com/bot.html)"
66.249.64.7 - - [12/Jun/2025:08:37:18 -0400] "GET /?d=114598155260&filter=3907ae&share_to_url=shopdetail.php%3Fid%3D3880592%26name%3Drab+infinity+g HTTP/1.1" 200 22793 "-" "Mozilla/5.0 (Linux; Android 6.0.1; Nexus 5X Build/MMB29P) AppleWebKit/537.36 (KHTML, like Gecko) Chrome/136.0.7103.113 Mobile Safari/537.36 (compatible; Googlebot/2.1; +http://www.google.com/bot.html)"
66.249.64.5 - - [12/Jun/2025:08:37:18 -0400] "GET /?d=101734361260&filter=fa5724&share_to_url=detail.php%3Fid%3D3448953%26name%3Dnordstrom+nordstrom+delicate HTTP/1.1" 200 23967 "-" "Mozilla/5.0 (Linux; Android 6.0.1; Nexus 5X Build/MMB29P) AppleWebKit/537.36 (KHTML, like Gecko) Chrome/136.0.7103.113 Mobile Safari/537.36 (compatible; Googlebot/2.1; +http://www.google.com/bot.html)"
66.249.64.7 - - [12/Jun/2025:08:37:19 -0400] "GET /?d=92251442260&filter=b94814&share_to_url=shopdetail.php%3Fid%3D3125228%26name%3Dflat+light+photography HTTP/1.1" 200 24210 "-" "Mozilla/5.0 (Linux; Android 6.0.1; Nexus 5X Build/MMB29P) AppleWebKit/537.36 (KHTML, like Gecko) Chrome/136.0.7103.113 Mobile Safari/537.36 (compatible; Googlebot/2.1; +http://www.google.com/bot.html)"
66.249.64.5 - - [12/Jun/2025:08:37:20 -0400] "GET /?d=92209800260&filter=64a223&share_to_url=goods.php%3Fid%3D3123575%26name%3Dwomens+underwear+tummy+control HTTP/1.1" 200 24113 "-" "Mozilla/5.0 (Linux; Android 6.0.1; Nexus 5X Build/MMB29P) AppleWebKit/537.36 (KHTML, like Gecko) Chrome/136.0.7103.113 Mobile Safari/537.36 (compatible; Googlebot/2.1; +http://www.google.com/bot.html)"
66.249.64.7 - - [12/Jun/2025:08:37:20 -0400] "GET /?d=95917411260&filter=01758e&share_to_url=product.php%3Fid%3D3249718%26name%3Dlego+store+per%C3%BA+persigue HTTP/1.1" 200 23848 "-" "Mozilla/5.0 (Linux; Android 6.0.1; Nexus 5X Build/MMB29P) AppleWebKit/537.36 (KHTML, like Gecko) Chrome/136.0.7103.113 Mobile Safari/537.36 (compatible; Googlebot/2.1; +http://www.google.com/bot.html)"
66.249.64.5 - - [12/Jun/2025:08:37:21 -0400] "GET /?d=106279995260&filter=3699f1&share_to_url=article.php%3Fid%3D3599594%26name%3Dmla+pets+my HTTP/1.1" 200 23103 "-" "Mozilla/5.0 (Linux; Android 6.0.1; Nexus 5X Build/MMB29P) AppleWebKit/537.36 (KHTML, like Gecko) Chrome/136.0.7103.113 Mobile Safari/537.36 (compatible; Googlebot/2.1; +http://www.google.com/bot.html)"
66.249.64.6 - - [12/Jun/2025:08:37:22 -0400] "GET /?d=93517355260&filter=b00edb&share_to_url=item.php%3Fid%3D3168097%26name%3Dthe+pocket+downsizes+the HTTP/1.1" 200 24248 "-" "Mozilla/5.0 (Linux; Android 6.0.1; Nexus 5X Build/MMB29P) AppleWebKit/537.36 (KHTML, like Gecko) Chrome/136.0.7103.113 Mobile Safari/537.36 (compatible; Googlebot/2.1; +http://www.google.com/bot.html)"
66.249.64.6 - - [12/Jun/2025:08:37:22 -0400] "GET /?d=90224328260&filter=f068d5&share_to_url=model.php%3Fid%3D3057579%26name%3Dtravel+luggage+strap+trolley+box HTTP/1.1" 200 24567 "-" "Mozilla/5.0 (Linux; Android 6.0.1; Nexus 5X Build/MMB29P) AppleWebKit/537.36 (KHTML, like Gecko) Chrome/136.0.7103.113 Mobile Safari/537.36 (compatible; Googlebot/2.1; +http://www.google.com/bot.html)"
66.249.64.7 - - [12/Jun/2025:08:37:22 -0400] "GET /?d=95223710260&filter=877558&share_to_url=ideas.php%3Fid%3D3225816%26name%3Djeep+apparel+for+wrangler HTTP/1.1" 200 24082 "-" "Mozilla/5.0 (Linux; Android 6.0.1; Nexus 5X Build/MMB29P) AppleWebKit/537.36 (KHTML, like Gecko) Chrome/136.0.7103.113 Mobile Safari/537.36 (compatible; Googlebot/2.1; +http://www.google.com/bot.html)"
66.249.64.6 - - [12/Jun/2025:08:37:22 -0400] "GET /?d=109869194260&filter=18729c&share_to_url=item.php%3Fid%3D3718585%26name%3Dthe+tandem+connection+the HTTP/1.1" 200 24154 "-" "Mozilla/5.0 (Linux; Android 6.0.1; Nexus 5X Build/MMB29P) AppleWebKit/537.36 (KHTML, like Gecko) Chrome/136.0.7103.113 Mobile Safari/537.36 (compatible; Googlebot/2.1; +http://www.google.com/bot.html)"
66.249.64.5 - - [12/Jun/2025:08:37:23 -0400] "GET /?d=107917281260&filter=190ccd&share_to_url=discover.php%3Fid%3D3654065%26name%3Dstrapxpro+rubber+watch HTTP/1.1" 200 23784 "-" "Mozilla/5.0 (Linux; Android 6.0.1; Nexus 5X Build/MMB29P) AppleWebKit/537.36 (KHTML, like Gecko) Chrome/136.0.7103.113 Mobile Safari/537.36 (compatible; Googlebot/2.1; +http://www.google.com/bot.html)"
66.249.64.5 - - [12/Jun/2025:08:37:23 -0400] "GET /?d=115262492260&filter=1066c7&share_to_url=article.php%3Fid%3D3903122%26name%3Drisposta+a+elvis HTTP/1.1" 200 23038 "-" "Mozilla/5.0 (Linux; Android 6.0.1; Nexus 5X Build/MMB29P) AppleWebKit/537.36 (KHTML, like Gecko) Chrome/136.0.7103.113 Mobile Safari/537.36 (compatible; Googlebot/2.1; +http://www.google.com/bot.html)"
66.249.64.6 - - [12/Jun/2025:08:37:23 -0400] "GET /?d=109274353260&filter=892489&share_to_url=pin.php%3Fid%3D3699282%26name%3Dshearling+coat+for+woman HTTP/1.1" 200 23000 "-" "Mozilla/5.0 (Linux; Android 6.0.1; Nexus 5X Build/MMB29P) AppleWebKit/537.36 (KHTML, like Gecko) Chrome/136.0.7103.113 Mobile Safari/537.36 (compatible; Googlebot/2.1; +http://www.google.com/bot.html)"
66.249.64.7 - - [12/Jun/2025:08:37:24 -0400] "GET /?d=92580364260&filter=934019&share_to_url=shopdetail.php%3Fid%3D3136736%26name%3Dvintage+western+boots+zodiac HTTP/1.1" 200 23804 "-" "Mozilla/5.0 (Linux; Android 6.0.1; Nexus 5X Build/MMB29P) AppleWebKit/537.36 (KHTML, like Gecko) Chrome/136.0.7103.113 Mobile Safari/537.36 (compatible; Googlebot/2.1; +http://www.google.com/bot.html)"
66.249.64.5 - - [12/Jun/2025:08:37:24 -0400] "GET /?d=104262275260&filter=bcf072&share_to_url=discover.php%3Fid%3D3532601%26name%3Dpatagonia+wavefarer+bucket+hat HTTP/1.1" 200 22886 "-" "Mozilla/5.0 (Linux; Android 6.0.1; Nexus 5X Build/MMB29P) AppleWebKit/537.36 (KHTML, like Gecko) Chrome/136.0.7103.113 Mobile Safari/537.36 (compatible; Googlebot/2.1; +http://www.google.com/bot.html)"
40.77.167.37 - - [12/Jun/2025:08:37:24 -0400] "GET /?d=1543016260&filter=4d7b9c&share_to_url=model.php%3Fid%3D53355%26name%3Dother+stone+pickaxe HTTP/1.1" 200 24434 "-" "Mozilla/5.0 AppleWebKit/537.36 (KHTML, like Gecko; compatible; bingbot/2.0; +http://www.bing.com/bingbot.htm) Chrome/116.0.1938.76 Safari/537.36"
66.249.64.6 - - [12/Jun/2025:08:37:25 -0400] "GET /?d=104582996260&filter=b9dcfc&share_to_url=product.php%3Fid%3D3543706%26name%3Dlacoste+esparre+bl+cma HTTP/1.1" 200 22260 "-" "Mozilla/5.0 (Linux; Android 6.0.1; Nexus 5X Build/MMB29P) AppleWebKit/537.36 (KHTML, like Gecko) Chrome/136.0.7103.113 Mobile Safari/537.36 (compatible; Googlebot/2.1; +http://www.google.com/bot.html)"
66.249.64.6 - - [12/Jun/2025:08:37:25 -0400] "GET /?d=109255212260&filter=a4c9b9&share_to_url=item.php%3Fid%3D3698665%26name%3Dswagbucks+watch+tv+apk+for HTTP/1.1" 200 22961 "-" "Mozilla/5.0 (Linux; Android 6.0.1; Nexus 5X Build/MMB29P) AppleWebKit/537.36 (KHTML, like Gecko) Chrome/136.0.7103.113 Mobile Safari/537.36 (compatible; Googlebot/2.1; +http://www.google.com/bot.html)"
66.249.64.5 - - [12/Jun/2025:08:37:26 -0400] "GET /?d=111825609260&filter=e7ae8e&share_to_url=item.php%3Fid%3D3787585%26name%3Dstringhe+stringhe+added+a HTTP/1.1" 200 22889 "-" "Mozilla/5.0 (Linux; Android 6.0.1; Nexus 5X Build/MMB29P) AppleWebKit/537.36 (KHTML, like Gecko) Chrome/136.0.7103.113 Mobile Safari/537.36 (compatible; Googlebot/2.1; +http://www.google.com/bot.html)"
52.167.144.197 - - [12/Jun/2025:08:37:26 -0400] "GET /?d=87364550260&filter=c60b51&share_to_url=detail.php%3Fid%3D2960553%26name%3Dkyliejenner+million+necklace+dupe HTTP/1.1" 200 22337 "-" "Mozilla/5.0 AppleWebKit/537.36 (KHTML, like Gecko; compatible; bingbot/2.0; +http://www.bing.com/bingbot.htm) Chrome/116.0.1938.76 Safari/537.36"
66.249.64.6 - - [12/Jun/2025:08:37:26 -0400] "GET /?d=96146717260&filter=80d279&share_to_url=product.php%3Fid%3D3257494%26name%3Dcowboy+coffee+rub+grilled+pork HTTP/1.1" 200 23648 "-" "Mozilla/5.0 (Linux; Android 6.0.1; Nexus 5X Build/MMB29P) AppleWebKit/537.36 (KHTML, like Gecko) Chrome/136.0.7103.113 Mobile Safari/537.36 (compatible; Googlebot/2.1; +http://www.google.com/bot.html)"
66.249.64.7 - - [12/Jun/2025:08:37:27 -0400] "GET /?d=99005502260&filter=6373db&share_to_url=item.php%3Fid%3D3355489%26name%3Droller+decathlon+femme+roues HTTP/1.1" 200 23762 "-" "Mozilla/5.0 (Linux; Android 6.0.1; Nexus 5X Build/MMB29P) AppleWebKit/537.36 (KHTML, like Gecko) Chrome/136.0.7103.113 Mobile Safari/537.36 (compatible; Googlebot/2.1; +http://www.google.com/bot.html)"
40.77.167.37 - - [12/Jun/2025:08:37:27 -0400] "GET /?d=40900111260&filter=b873a7&share_to_url=ideas.php%3Fid%3D1388856%26name%3Dfishing+pliers+sheath+for HTTP/1.1" 200 24319 "-" "Mozilla/5.0 AppleWebKit/537.36 (KHTML, like Gecko; compatible; bingbot/2.0; +http://www.bing.com/bingbot.htm) Chrome/116.0.1938.76 Safari/537.36"
66.249.64.8 - - [12/Jun/2025:08:37:28 -0400] "GET /?d=102643914260&filter=3b569e&share_to_url=item.php%3Fid%3D3478933%26name%3Dyoung+thug+astronaut HTTP/1.1" 200 24758 "-" "Mozilla/5.0 (Linux; Android 6.0.1; Nexus 5X Build/MMB29P) AppleWebKit/537.36 (KHTML, like Gecko) Chrome/136.0.7103.113 Mobile Safari/537.36 (compatible; Googlebot/2.1; +http://www.google.com/bot.html)"
40.77.167.37 - - [12/Jun/2025:08:37:28 -0400] "GET /?d=107601290260&filter=bc40a5&share_to_url=detail.php%3Fid%3D3643857%26name%3Dliving+room+furniture+shoe+rack HTTP/1.1" 200 24657 "-" "Mozilla/5.0 AppleWebKit/537.36 (KHTML, like Gecko; compatible; bingbot/2.0; +http://www.bing.com/bingbot.htm) Chrome/116.0.1938.76 Safari/537.36"
66.249.64.6 - - [12/Jun/2025:08:37:28 -0400] "GET /?d=101661757260&filter=063578&share_to_url=detail.php%3Fid%3D3446793%26name%3Dhot+doctor+strange+custom HTTP/1.1" 200 23041 "-" "Mozilla/5.0 (Linux; Android 6.0.1; Nexus 5X Build/MMB29P) AppleWebKit/537.36 (KHTML, like Gecko) Chrome/136.0.7103.113 Mobile Safari/537.36 (compatible; Googlebot/2.1; +http://www.google.com/bot.html)"
40.77.167.37 - - [12/Jun/2025:08:37:29 -0400] "GET /?d=95769814260&filter=aeebcc&share_to_url=goods.php%3Fid%3D3244787%26name%3Dnespresso+ion HTTP/1.1" 200 22278 "-" "Mozilla/5.0 AppleWebKit/537.36 (KHTML, like Gecko; compatible; bingbot/2.0; +http://www.bing.com/bingbot.htm) Chrome/116.0.1938.76 Safari/537.36"
66.249.64.5 - - [12/Jun/2025:08:37:29 -0400] "GET /?d=96279925260&filter=3ce4dd&share_to_url=item.php%3Fid%3D3261901%26name%3Dcollant+a+rete+vita HTTP/1.1" 200 23481 "-" "Mozilla/5.0 (Linux; Android 6.0.1; Nexus 5X Build/MMB29P) AppleWebKit/537.36 (KHTML, like Gecko) Chrome/136.0.7103.113 Mobile Safari/537.36 (compatible; Googlebot/2.1; +http://www.google.com/bot.html)"
66.249.64.7 - - [12/Jun/2025:08:37:30 -0400] "GET /?d=101310291260&filter=0bcf91&share_to_url=product-page.php%3Fid%3D3434464%26name%3Dhappy+holidays+mode HTTP/1.1" 200 24478 "-" "Mozilla/5.0 (Linux; Android 6.0.1; Nexus 5X Build/MMB29P) AppleWebKit/537.36 (KHTML, like Gecko) Chrome/136.0.7103.113 Mobile Safari/537.36 (compatible; Googlebot/2.1; +http://www.google.com/bot.html)"
40.77.167.37 - - [12/Jun/2025:08:37:30 -0400] "GET /?d=110231164260&filter=d07a8e&share_to_url=goods.php%3Fid%3D3730967%26name%3Dsony+nex+f3+sensor HTTP/1.1" 200 22730 "-" "Mozilla/5.0 AppleWebKit/537.36 (KHTML, like Gecko; compatible; bingbot/2.0; +http://www.bing.com/bingbot.htm) Chrome/116.0.1938.76 Safari/537.36"
66.249.64.8 - - [12/Jun/2025:08:37:30 -0400] "GET /?d=109462536260&filter=ce8951&share_to_url=pin.php%3Fid%3D3705114%26name%3Dwomen+purple+solid+accordion HTTP/1.1" 200 24110 "-" "Mozilla/5.0 (Linux; Android 6.0.1; Nexus 5X Build/MMB29P) AppleWebKit/537.36 (KHTML, like Gecko) Chrome/136.0.7103.113 Mobile Safari/537.36 (compatible; Googlebot/2.1; +http://www.google.com/bot.html)"
66.249.64.7 - - [12/Jun/2025:08:37:31 -0400] "GET /?d=102585071260&filter=577ef4&share_to_url=shop.php%3Fid%3D3477079%26name%3Dwomen+bag+fashion+casual HTTP/1.1" 200 24419 "-" "Mozilla/5.0 (Linux; Android 6.0.1; Nexus 5X Build/MMB29P) AppleWebKit/537.36 (KHTML, like Gecko) Chrome/136.0.7103.113 Mobile Safari/537.36 (compatible; Googlebot/2.1; +http://www.google.com/bot.html)"
66.249.64.5 - - [12/Jun/2025:08:37:31 -0400] "GET /?d=100322880260&filter=c70270&share_to_url=goods.php%3Fid%3D3400319%26name%3Dzapatillas+nike+imitacion HTTP/1.1" 200 23143 "-" "Mozilla/5.0 (Linux; Android 6.0.1; Nexus 5X Build/MMB29P) AppleWebKit/537.36 (KHTML, like Gecko) Chrome/136.0.7103.113 Mobile Safari/537.36 (compatible; Googlebot/2.1; +http://www.google.com/bot.html)"
66.249.64.8 - - [12/Jun/2025:08:37:32 -0400] "GET /?d=98278512260&filter=c6d084&share_to_url=shopdetail.php%3Fid%3D3330332%26name%3Ddell+cv6w8+200gb HTTP/1.1" 200 23939 "-" "Mozilla/5.0 (Linux; Android 6.0.1; Nexus 5X Build/MMB29P) AppleWebKit/537.36 (KHTML, like Gecko) Chrome/136.0.7103.113 Mobile Safari/537.36 (compatible; Googlebot/2.1; +http://www.google.com/bot.html)"
66.249.64.8 - - [12/Jun/2025:08:37:32 -0400] "GET /?d=113789321260&filter=a64cf8&share_to_url=discover.php%3Fid%3D3853361%26name%3Doem+odm+gtx1650m+4g+memory HTTP/1.1" 200 24014 "-" "Mozilla/5.0 (Linux; Android 6.0.1; Nexus 5X Build/MMB29P) AppleWebKit/537.36 (KHTML, like Gecko) Chrome/136.0.7103.113 Mobile Safari/537.36 (compatible; Googlebot/2.1; +http://www.google.com/bot.html)"
52.167.144.197 - - [12/Jun/2025:08:37:33 -0400] "GET /?d=87698016260&filter=e287cc&share_to_url=detail.php%3Fid%3D2971749%26name%3Dcruise+to+mexico+from HTTP/1.1" 200 23654 "-" "Mozilla/5.0 AppleWebKit/537.36 (KHTML, like Gecko; compatible; bingbot/2.0; +http://www.bing.com/bingbot.htm) Chrome/116.0.1938.76 Safari/537.36"
66.249.64.8 - - [12/Jun/2025:08:37:33 -0400] "GET /?d=39420613260&filter=74e00d&share_to_url=product-page.php%3Fid%3D1338124%26name%3Dchristian+dior+fahrenheit+unleash HTTP/1.1" 200 23035 "-" "Mozilla/5.0 (Linux; Android 6.0.1; Nexus 5X Build/MMB29P) AppleWebKit/537.36 (KHTML, like Gecko) Chrome/136.0.7103.113 Mobile Safari/537.36 (compatible; Googlebot/2.1; +http://www.google.com/bot.html)"
66.249.64.8 - - [12/Jun/2025:08:37:33 -0400] "GET /?d=99368018260&filter=b3ceb7&share_to_url=model.php%3Fid%3D3367827%26name%3Dvivo+iqoo+z3+impact HTTP/1.1" 200 24474 "-" "Mozilla/5.0 (Linux; Android 6.0.1; Nexus 5X Build/MMB29P) AppleWebKit/537.36 (KHTML, like Gecko) Chrome/136.0.7103.113 Mobile Safari/537.36 (compatible; Googlebot/2.1; +http://www.google.com/bot.html)"
66.249.64.7 - - [12/Jun/2025:08:37:34 -0400] "GET /?d=102412335260&filter=162259&share_to_url=product.php%3Fid%3D3471514%26name%3Dtitan+electronic+digital+tankless HTTP/1.1" 200 23440 "-" "Mozilla/5.0 (Linux; Android 6.0.1; Nexus 5X Build/MMB29P) AppleWebKit/537.36 (KHTML, like Gecko) Chrome/136.0.7103.113 Mobile Safari/537.36 (compatible; Googlebot/2.1; +http://www.google.com/bot.html)"
207.46.13.127 - - [12/Jun/2025:08:37:34 -0400] "GET /?d=111089456260&filter=527c62&share_to_url=product.php%3Fid%3D3761830%26name%3Dsixty+60th+birthday+cake HTTP/1.1" 200 22534 "-" "Mozilla/5.0 AppleWebKit/537.36 (KHTML, like Gecko; compatible; bingbot/2.0; +http://www.bing.com/bingbot.htm) Chrome/116.0.1938.76 Safari/537.36"
52.167.144.197 - - [12/Jun/2025:08:37:34 -0400] "GET /?d=54962713260&filter=0b0473&share_to_url=product-page.php%3Fid%3D1866652%26name%3Dhse HTTP/1.1" 200 24137 "-" "Mozilla/5.0 AppleWebKit/537.36 (KHTML, like Gecko; compatible; bingbot/2.0; +http://www.bing.com/bingbot.htm) Chrome/116.0.1938.76 Safari/537.36"
66.249.64.6 - - [12/Jun/2025:08:37:34 -0400] "GET /?d=99727008260&filter=2b1037&share_to_url=model.php%3Fid%3D3379995%26name%3Ddarbar+tamil+movie+dvd HTTP/1.1" 200 24665 "-" "Mozilla/5.0 (Linux; Android 6.0.1; Nexus 5X Build/MMB29P) AppleWebKit/537.36 (KHTML, like Gecko) Chrome/136.0.7103.113 Mobile Safari/537.36 (compatible; Googlebot/2.1; +http://www.google.com/bot.html)"
207.46.13.127 - - [12/Jun/2025:08:37:34 -0400] "GET /?d=109581821260&filter=d50c1d&share_to_url=model.php%3Fid%3D3709011%26name%3Dwatch+it+here HTTP/1.1" 200 24566 "-" "Mozilla/5.0 AppleWebKit/537.36 (KHTML, like Gecko; compatible; bingbot/2.0; +http://www.bing.com/bingbot.htm) Chrome/116.0.1938.76 Safari/537.36"
66.249.64.8 - - [12/Jun/2025:08:37:35 -0400] "GET /?d=110628162260&filter=b9dcfc&share_to_url=shop.php%3Fid%3D3745291%26name%3Dnike+vapormax+black+dark HTTP/1.1" 200 21864 "-" "Mozilla/5.0 (Linux; Android 6.0.1; Nexus 5X Build/MMB29P) AppleWebKit/537.36 (KHTML, like Gecko) Chrome/136.0.7103.113 Mobile Safari/537.36 (compatible; Googlebot/2.1; +http://www.google.com/bot.html)"
52.167.144.197 - - [12/Jun/2025:08:37:35 -0400] "GET /?d=89911511260&filter=80df0f&share_to_url=product-page.php%3Fid%3D3047440%26name%3Dredgem+925+jewellery HTTP/1.1" 200 23147 "-" "Mozilla/5.0 AppleWebKit/537.36 (KHTML, like Gecko; compatible; bingbot/2.0; +http://www.bing.com/bingbot.htm) Chrome/116.0.1938.76 Safari/537.36"
207.46.13.127 - - [12/Jun/2025:08:37:35 -0400] "GET /?d=97043042260&filter=5c0f5e&share_to_url=article.php%3Fid%3D3287870%26name%3Dstandards+jersey HTTP/1.1" 200 23847 "-" "Mozilla/5.0 AppleWebKit/537.36 (KHTML, like Gecko; compatible; bingbot/2.0; +http://www.bing.com/bingbot.htm) Chrome/116.0.1938.76 Safari/537.36"
66.249.64.9 - - [12/Jun/2025:08:37:35 -0400] "GET /?d=110912620260&filter=7dfe8b&share_to_url=product.php%3Fid%3D3755794%26name%3Dadidas+predator+aceptamos HTTP/1.1" 200 22849 "-" "Mozilla/5.0 (Linux; Android 6.0.1; Nexus 5X Build/MMB29P) AppleWebKit/537.36 (KHTML, like Gecko) Chrome/136.0.7103.113 Mobile Safari/537.36 (compatible; Googlebot/2.1; +http://www.google.com/bot.html)"
52.167.144.197 - - [12/Jun/2025:08:37:36 -0400] "GET /?d=43992128260&filter=0ab89c&share_to_url=discover.php%3Fid%3D1492805%26name%3Dalprausch+rebi+teddy HTTP/1.1" 200 23109 "-" "Mozilla/5.0 AppleWebKit/537.36 (KHTML, like Gecko; compatible; bingbot/2.0; +http://www.bing.com/bingbot.htm) Chrome/116.0.1938.76 Safari/537.36"
66.249.64.6 - - [12/Jun/2025:08:37:36 -0400] "GET /?d=104137626260&filter=5edd4d&share_to_url=model.php%3Fid%3D3528351%26name%3Dmultiple+dog+friendly HTTP/1.1" 200 23974 "-" "Mozilla/5.0 (Linux; Android 6.0.1; Nexus 5X Build/MMB29P) AppleWebKit/537.36 (KHTML, like Gecko) Chrome/136.0.7103.113 Mobile Safari/537.36 (compatible; Googlebot/2.1; +http://www.google.com/bot.html)"
66.249.64.8 - - [12/Jun/2025:08:37:37 -0400] "GET /?d=108388825260&filter=a46738&share_to_url=pin.php%3Fid%3D3669834%26name%3Drare+1970s+suede+pantsuit HTTP/1.1" 200 24554 "-" "Mozilla/5.0 (Linux; Android 6.0.1; Nexus 5X Build/MMB29P) AppleWebKit/537.36 (KHTML, like Gecko) Chrome/136.0.7103.113 Mobile Safari/537.36 (compatible; Googlebot/2.1; +http://www.google.com/bot.html)"
66.249.64.7 - - [12/Jun/2025:08:37:37 -0400] "GET /?d=74796904260&filter=1cbf7a&share_to_url=shop.php%3Fid%3D2535103%26name%3D16+pins+sds+plus+bushing HTTP/1.1" 200 24860 "-" "Mozilla/5.0 (Linux; Android 6.0.1; Nexus 5X Build/MMB29P) AppleWebKit/537.36 (KHTML, like Gecko) Chrome/136.0.7103.113 Mobile Safari/537.36 (compatible; Googlebot/2.1; +http://www.google.com/bot.html)"
66.249.64.7 - - [12/Jun/2025:08:37:37 -0400] "GET /?d=114173822260&filter=f3b098&share_to_url=shop.php%3Fid%3D3866419%26name%3Dhappy+dog+neuseeland+hipoalerg%C3%A9nico HTTP/1.1" 200 23160 "-" "Mozilla/5.0 (Linux; Android 6.0.1; Nexus 5X Build/MMB29P) AppleWebKit/537.36 (KHTML, like Gecko) Chrome/136.0.7103.113 Mobile Safari/537.36 (compatible; Googlebot/2.1; +http://www.google.com/bot.html)"
157.55.39.16 - - [12/Jun/2025:08:37:38 -0400] "GET /?d=99073666260&filter=4a6dc6&share_to_url=shopdetail.php%3Fid%3D3357836%26name%3Dc+skins HTTP/1.1" 200 23961 "-" "Mozilla/5.0 AppleWebKit/537.36 (KHTML, like Gecko; compatible; bingbot/2.0; +http://www.bing.com/bingbot.htm) Chrome/116.0.1938.76 Safari/537.36"
66.249.64.5 - - [12/Jun/2025:08:37:38 -0400] "GET /?d=112287438260&filter=138133&share_to_url=ideas.php%3Fid%3D3803448%26name%3Dvtg+l+original+dutch HTTP/1.1" 200 24729 "-" "Mozilla/5.0 (Linux; Android 6.0.1; Nexus 5X Build/MMB29P) AppleWebKit/537.36 (KHTML, like Gecko) Chrome/136.0.7103.113 Mobile Safari/537.36 (compatible; Googlebot/2.1; +http://www.google.com/bot.html)"
66.249.64.8 - - [12/Jun/2025:08:37:39 -0400] "GET /?d=110610467260&filter=6f69da&share_to_url=item.php%3Fid%3D3744649%26name%3Dstudio+amelia+wishbone+90mm+leather HTTP/1.1" 200 23948 "-" "Mozilla/5.0 (Linux; Android 6.0.1; Nexus 5X Build/MMB29P) AppleWebKit/537.36 (KHTML, like Gecko) Chrome/136.0.7103.113 Mobile Safari/537.36 (compatible; Googlebot/2.1; +http://www.google.com/bot.html)"
66.249.64.5 - - [12/Jun/2025:08:37:39 -0400] "GET /?d=94071611260&filter=77322a&share_to_url=ideas.php%3Fid%3D3187344%26name%3Dskrall+the+bionicle+wiki HTTP/1.1" 200 23028 "-" "Mozilla/5.0 (Linux; Android 6.0.1; Nexus 5X Build/MMB29P) AppleWebKit/537.36 (KHTML, like Gecko) Chrome/136.0.7103.113 Mobile Safari/537.36 (compatible; Googlebot/2.1; +http://www.google.com/bot.html)"
66.249.64.5 - - [12/Jun/2025:08:37:40 -0400] "GET /?d=101597940260&filter=b3ceb7&share_to_url=product.php%3Fid%3D3444574%26name%3Dwholesale+for+huawei+matepad+pro HTTP/1.1" 200 22780 "-" "Mozilla/5.0 (Linux; Android 6.0.1; Nexus 5X Build/MMB29P) AppleWebKit/537.36 (KHTML, like Gecko) Chrome/136.0.7103.113 Mobile Safari/537.36 (compatible; Googlebot/2.1; +http://www.google.com/bot.html)"
66.249.64.6 - - [12/Jun/2025:08:37:40 -0400] "GET /?d=94029040260&filter=01899d&share_to_url=shopdetail.php%3Fid%3D3185816%26name%3Dcoach+x+disney+snow+white HTTP/1.1" 200 23542 "-" "Mozilla/5.0 (Linux; Android 6.0.1; Nexus 5X Build/MMB29P) AppleWebKit/537.36 (KHTML, like Gecko) Chrome/136.0.7103.113 Mobile Safari/537.36 (compatible; Googlebot/2.1; +http://www.google.com/bot.html)"
66.249.64.9 - - [12/Jun/2025:08:37:41 -0400] "GET /?d=97237132260&filter=81a506&share_to_url=discover.php%3Fid%3D3294809%26name%3Dpurple+multi+animal+cheetah+pleated+dress HTTP/1.1" 200 22991 "-" "Mozilla/5.0 (Linux; Android 6.0.1; Nexus 5X Build/MMB29P) AppleWebKit/537.36 (KHTML, like Gecko) Chrome/136.0.7103.113 Mobile Safari/537.36 (compatible; Googlebot/2.1; +http://www.google.com/bot.html)"
66.249.64.6 - - [12/Jun/2025:08:37:42 -0400] "GET /?d=103215399260&filter=77eedc&share_to_url=model.php%3Fid%3D3497715%26name%3Drestock+promo+agv+fluid HTTP/1.1" 200 23017 "-" "Mozilla/5.0 (Linux; Android 6.0.1; Nexus 5X Build/MMB29P) AppleWebKit/537.36 (KHTML, like Gecko) Chrome/136.0.7103.113 Mobile Safari/537.36 (compatible; Googlebot/2.1; +http://www.google.com/bot.html)"
66.249.64.6 - - [12/Jun/2025:08:37:42 -0400] "GET /?d=98933724260&filter=3c0842&share_to_url=pin.php%3Fid%3D3352650%26name%3Danime+totoro+custom+canvas HTTP/1.1" 200 23146 "-" "Mozilla/5.0 (Linux; Android 6.0.1; Nexus 5X Build/MMB29P) AppleWebKit/537.36 (KHTML, like Gecko) Chrome/136.0.7103.113 Mobile Safari/537.36 (compatible; Googlebot/2.1; +http://www.google.com/bot.html)"
66.249.64.5 - - [12/Jun/2025:08:37:43 -0400] "GET /?d=103496603260&filter=917746&share_to_url=detail.php%3Fid%3D3507009%26name%3Dbrocha+para+store+el+lagrimal HTTP/1.1" 200 22917 "-" "Mozilla/5.0 (Linux; Android 6.0.1; Nexus 5X Build/MMB29P) AppleWebKit/537.36 (KHTML, like Gecko) Chrome/136.0.7103.113 Mobile Safari/537.36 (compatible; Googlebot/2.1; +http://www.google.com/bot.html)"
66.249.64.7 - - [12/Jun/2025:08:37:43 -0400] "GET /?d=88523916260&filter=1c3e5e&share_to_url=model.php%3Fid%3D3000243%26name%3Ddynaudio+music+frankfurter HTTP/1.1" 200 23382 "-" "Mozilla/5.0 (Linux; Android 6.0.1; Nexus 5X Build/MMB29P) AppleWebKit/537.36 (KHTML, like Gecko) Chrome/136.0.7103.113 Mobile Safari/537.36 (compatible; Googlebot/2.1; +http://www.google.com/bot.html)"
66.249.64.9 - - [12/Jun/2025:08:37:44 -0400] "GET /?d=95386164260&filter=b3b2d4&share_to_url=goods.php%3Fid%3D3231575%26name%3Dwoody+and+buzz+toy HTTP/1.1" 200 21512 "-" "Mozilla/5.0 (Linux; Android 6.0.1; Nexus 5X Build/MMB29P) AppleWebKit/537.36 (KHTML, like Gecko) Chrome/136.0.7103.113 Mobile Safari/537.36 (compatible; Googlebot/2.1; +http://www.google.com/bot.html)"
66.249.64.9 - - [12/Jun/2025:08:37:44 -0400] "GET /?d=111692228260&filter=a5b6c0&share_to_url=pin.php%3Fid%3D3782886%26name%3Dbrandmark+pure+leather+shoe HTTP/1.1" 200 23587 "-" "Mozilla/5.0 (Linux; Android 6.0.1; Nexus 5X Build/MMB29P) AppleWebKit/537.36 (KHTML, like Gecko) Chrome/136.0.7103.113 Mobile Safari/537.36 (compatible; Googlebot/2.1; +http://www.google.com/bot.html)"
66.249.64.9 - - [12/Jun/2025:08:37:44 -0400] "GET /?d=94229263260&filter=138133&share_to_url=ideas.php%3Fid%3D3193152%26name%3Dlac+kids+sweatshirt HTTP/1.1" 200 24660 "-" "Mozilla/5.0 (Linux; Android 6.0.1; Nexus 5X Build/MMB29P) AppleWebKit/537.36 (KHTML, like Gecko) Chrome/136.0.7103.113 Mobile Safari/537.36 (compatible; Googlebot/2.1; +http://www.google.com/bot.html)"
66.249.64.9 - - [12/Jun/2025:08:37:45 -0400] "GET /?d=104009732260&filter=65e9c5&share_to_url=pin.php%3Fid%3D3524238%26name%3Dberetta+men+watershield+glove HTTP/1.1" 200 22898 "-" "Mozilla/5.0 (Linux; Android 6.0.1; Nexus 5X Build/MMB29P) AppleWebKit/537.36 (KHTML, like Gecko) Chrome/136.0.7103.113 Mobile Safari/537.36 (compatible; Googlebot/2.1; +http://www.google.com/bot.html)"
66.249.64.6 - - [12/Jun/2025:08:37:45 -0400] "GET /?d=106702127260&filter=d0d815&share_to_url=ideas.php%3Fid%3D3613740%26name%3Dsigning+up+for+payperwash HTTP/1.1" 200 22511 "-" "Mozilla/5.0 (Linux; Android 6.0.1; Nexus 5X Build/MMB29P) AppleWebKit/537.36 (KHTML, like Gecko) Chrome/136.0.7103.113 Mobile Safari/537.36 (compatible; Googlebot/2.1; +http://www.google.com/bot.html)"
40.77.167.9 - - [12/Jun/2025:08:37:46 -0400] "GET /?d=87821807260&filter=f4e1c0&share_to_url=shop.php%3Fid%3D2975995%26name%3Dashley+furniture+ludden+fabric HTTP/1.1" 200 23694 "-" "Mozilla/5.0 AppleWebKit/537.36 (KHTML, like Gecko; compatible; bingbot/2.0; +http://www.bing.com/bingbot.htm) Chrome/116.0.1938.76 Safari/537.36"
66.249.64.8 - - [12/Jun/2025:08:37:46 -0400] "GET /?d=102182401260&filter=6f7032&share_to_url=model.php%3Fid%3D3463587%26name%3Dsuja+mighty+dozen+organic+fruit HTTP/1.1" 200 23298 "-" "Mozilla/5.0 (Linux; Android 6.0.1; Nexus 5X Build/MMB29P) AppleWebKit/537.36 (KHTML, like Gecko) Chrome/136.0.7103.113 Mobile Safari/537.36 (compatible; Googlebot/2.1; +http://www.google.com/bot.html)"
66.249.64.7 - - [12/Jun/2025:08:37:46 -0400] "GET /?d=97712855260&filter=8d9f41&share_to_url=article.php%3Fid%3D3311606%26name%3Dmountain+stud+earrings+adorn512 HTTP/1.1" 200 23747 "-" "Mozilla/5.0 (Linux; Android 6.0.1; Nexus 5X Build/MMB29P) AppleWebKit/537.36 (KHTML, like Gecko) Chrome/136.0.7103.113 Mobile Safari/537.36 (compatible; Googlebot/2.1; +http://www.google.com/bot.html)"
66.249.64.6 - - [12/Jun/2025:08:37:47 -0400] "GET /?d=92434158260&filter=424c0d&share_to_url=detail.php%3Fid%3D3131361%26name%3Dkampas+kopling+ganda HTTP/1.1" 200 24128 "-" "Mozilla/5.0 (Linux; Android 6.0.1; Nexus 5X Build/MMB29P) AppleWebKit/537.36 (KHTML, like Gecko) Chrome/136.0.7103.113 Mobile Safari/537.36 (compatible; Googlebot/2.1; +http://www.google.com/bot.html)"
66.249.64.6 - - [12/Jun/2025:08:37:48 -0400] "GET /?d=97545010260&filter=16dc78&share_to_url=product.php%3Fid%3D3305446%26name%3Dsivaji+ganesan+mp3 HTTP/1.1" 200 23783 "-" "Mozilla/5.0 (Linux; Android 6.0.1; Nexus 5X Build/MMB29P) AppleWebKit/537.36 (KHTML, like Gecko) Chrome/136.0.7103.113 Mobile Safari/537.36 (compatible; Googlebot/2.1; +http://www.google.com/bot.html)"
66.249.64.8 - - [12/Jun/2025:08:37:48 -0400] "GET /?d=92219876260&filter=1cbf7a&share_to_url=shop.php%3Fid%3D3123931%26name%3Dlawn+mower+drive HTTP/1.1" 200 23836 "-" "Mozilla/5.0 (Linux; Android 6.0.1; Nexus 5X Build/MMB29P) AppleWebKit/537.36 (KHTML, like Gecko) Chrome/136.0.7103.113 Mobile Safari/537.36 (compatible; Googlebot/2.1; +http://www.google.com/bot.html)"
66.249.64.9 - - [12/Jun/2025:08:37:49 -0400] "GET /?d=112190622260&filter=289203&share_to_url=ideas.php%3Fid%3D3800352%26name%3Drepresentatividade+musical+das+meninas HTTP/1.1" 200 24236 "-" "Mozilla/5.0 (Linux; Android 6.0.1; Nexus 5X Build/MMB29P) AppleWebKit/537.36 (KHTML, like Gecko) Chrome/136.0.7103.113 Mobile Safari/537.36 (compatible; Googlebot/2.1; +http://www.google.com/bot.html)"
66.249.64.10 - - [12/Jun/2025:08:37:50 -0400] "GET /?d=100792967260&filter=400a61&share_to_url=item.php%3Fid%3D3416269%26name%3Dducati+2020+clearance+multistrada HTTP/1.1" 200 22874 "-" "Mozilla/5.0 (Linux; Android 6.0.1; Nexus 5X Build/MMB29P) AppleWebKit/537.36 (KHTML, like Gecko) Chrome/136.0.7103.113 Mobile Safari/537.36 (compatible; Googlebot/2.1; +http://www.google.com/bot.html)"
66.249.64.11 - - [12/Jun/2025:08:37:51 -0400] "GET /?d=93984802260&filter=a151d9&share_to_url=shop.php%3Fid%3D3184363%26name%3Dw2c+supreme+waist+bags HTTP/1.1" 200 22913 "-" "Mozilla/5.0 (Linux; Android 6.0.1; Nexus 5X Build/MMB29P) AppleWebKit/537.36 (KHTML, like Gecko) Chrome/136.0.7103.113 Mobile Safari/537.36 (compatible; Googlebot/2.1; +http://www.google.com/bot.html)"
66.249.64.11 - - [12/Jun/2025:08:37:51 -0400] "GET /?d=100831407260&filter=1a214e&share_to_url=shop.php%3Fid%3D3417643%26name%3Dnishat+linen+winter HTTP/1.1" 200 22652 "-" "Mozilla/5.0 (Linux; Android 6.0.1; Nexus 5X Build/MMB29P) AppleWebKit/537.36 (KHTML, like Gecko) Chrome/136.0.7103.113 Mobile Safari/537.36 (compatible; Googlebot/2.1; +http://www.google.com/bot.html)"
66.249.64.7 - - [12/Jun/2025:08:37:52 -0400] "GET /?d=117794071260&filter=6b8509&share_to_url=product-page.php%3Fid%3D3989284%26name%3Dhamilton+elvis+80 HTTP/1.1" 200 23629 "-" "Mozilla/5.0 (Linux; Android 6.0.1; Nexus 5X Build/MMB29P) AppleWebKit/537.36 (KHTML, like Gecko) Chrome/136.0.7103.113 Mobile Safari/537.36 (compatible; Googlebot/2.1; +http://www.google.com/bot.html)"
66.249.64.9 - - [12/Jun/2025:08:37:53 -0400] "GET /?d=90374981260&filter=138133&share_to_url=product-page.php%3Fid%3D3062800%26name%3Dkurze+und+sportliche+umweltfreundliche HTTP/1.1" 200 23879 "-" "Mozilla/5.0 (Linux; Android 6.0.1; Nexus 5X Build/MMB29P) AppleWebKit/537.36 (KHTML, like Gecko) Chrome/136.0.7103.113 Mobile Safari/537.36 (compatible; Googlebot/2.1; +http://www.google.com/bot.html)"
