66.249.64.5 - - [12/Jun/2025:08:18:20 -0400] "GET /?d=27767396260&filter=117b29&share_to_url=product-page.php%3Fid%3D942364%26name%3Dstay+on+track+using HTTP/1.1" 200 24679 "-" "Mozilla/5.0 (Linux; Android 6.0.1; Nexus 5X Build/MMB29P) AppleWebKit/537.36 (KHTML, like Gecko) Chrome/136.0.7103.113 Mobile Safari/537.36 (compatible; Googlebot/2.1; +http://www.google.com/bot.html)"
66.249.64.6 - - [12/Jun/2025:08:18:21 -0400] "GET /?d=103679709260&filter=abe14d&share_to_url=article.php%3Fid%3D3512930%26name%3Dgold+plated+mm+gray HTTP/1.1" 200 24581 "-" "Mozilla/5.0 (Linux; Android 6.0.1; Nexus 5X Build/MMB29P) AppleWebKit/537.36 (KHTML, like Gecko) Chrome/136.0.7103.113 Mobile Safari/537.36 (compatible; Googlebot/2.1; +http://www.google.com/bot.html)"
207.46.13.150 - - [12/Jun/2025:08:18:22 -0400] "GET /?d=88900341260&filter=e80e68&share_to_url=model.php%3Fid%3D3012975%26name%3Dbiharmasti+new+song HTTP/1.1" 200 23753 "-" "Mozilla/5.0 AppleWebKit/537.36 (KHTML, like Gecko; compatible; bingbot/2.0; +http://www.bing.com/bingbot.htm) Chrome/116.0.1938.76 Safari/537.36"
40.77.167.55 - - [12/Jun/2025:08:18:23 -0400] "GET /?d=92484790260&filter=3c4ce6&share_to_url=shopdetail.php%3Fid%3D3133256%26name%3Dcrushed+movie+nicholas+chavez HTTP/1.1" 200 23997 "-" "Mozilla/5.0 AppleWebKit/537.36 (KHTML, like Gecko; compatible; bingbot/2.0; +http://www.bing.com/bingbot.htm) Chrome/116.0.1938.76 Safari/537.36"
66.249.64.5 - - [12/Jun/2025:08:18:23 -0400] "GET /?d=101447634260&filter=6ee96f&share_to_url=shopdetail.php%3Fid%3D3439148%26name%3Dswag+2024 HTTP/1.1" 200 23172 "-" "Mozilla/5.0 (Linux; Android 6.0.1; Nexus 5X Build/MMB29P) AppleWebKit/537.36 (KHTML, like Gecko) Chrome/136.0.7103.113 Mobile Safari/537.36 (compatible; Googlebot/2.1; +http://www.google.com/bot.html)"
66.249.64.6 - - [12/Jun/2025:08:18:24 -0400] "GET /?d=108819676260&filter=d9247f&share_to_url=discover.php%3Fid%3D3684221%26name%3Dsoccer+game HTTP/1.1" 200 24291 "-" "Mozilla/5.0 (Linux; Android 6.0.1; Nexus 5X Build/MMB29P) AppleWebKit/537.36 (KHTML, like Gecko) Chrome/136.0.7103.113 Mobile Safari/537.36 (compatible; Googlebot/2.1; +http://www.google.com/bot.html)"
40.77.167.55 - - [12/Jun/2025:08:18:24 -0400] "GET /?d=101944205260&filter=6e89d3&share_to_url=item.php?id=3455833&name=sunscreen%20while%20breastfeeding HTTP/1.1" 200 23636 "-" "Mozilla/5.0 AppleWebKit/537.36 (KHTML, like Gecko; compatible; bingbot/2.0; +http://www.bing.com/bingbot.htm) Chrome/116.0.1938.76 Safari/537.36"
66.249.64.6 - - [12/Jun/2025:08:18:25 -0400] "GET /?d=115672838260&filter=1a12b4&share_to_url=article.php%3Fid%3D3917330%26name%3Djack+white+jack HTTP/1.1" 200 21588 "-" "Mozilla/5.0 (Linux; Android 6.0.1; Nexus 5X Build/MMB29P) AppleWebKit/537.36 (KHTML, like Gecko) Chrome/136.0.7103.113 Mobile Safari/537.36 (compatible; Googlebot/2.1; +http://www.google.com/bot.html)"
66.249.64.6 - - [12/Jun/2025:08:18:25 -0400] "GET /?d=100192578260&filter=c287ac&share_to_url=discover.php%3Fid%3D3395657%26name%3Dsleeve+patterned+mesh+t+shirt HTTP/1.1" 200 23689 "-" "Mozilla/5.0 (Linux; Android 6.0.1; Nexus 5X Build/MMB29P) AppleWebKit/537.36 (KHTML, like Gecko) Chrome/136.0.7103.113 Mobile Safari/537.36 (compatible; Googlebot/2.1; +http://www.google.com/bot.html)"
40.77.167.71 - - [12/Jun/2025:08:18:26 -0400] "GET /?d=116077984260&filter=b873a7&share_to_url=product.php%3Fid%3D3930826%26name%3Dhoneywell+cm921+user+manual HTTP/1.1" 200 23783 "-" "Mozilla/5.0 AppleWebKit/537.36 (KHTML, like Gecko; compatible; bingbot/2.0; +http://www.bing.com/bingbot.htm) Chrome/116.0.1938.76 Safari/537.36"
66.249.64.6 - - [12/Jun/2025:08:18:27 -0400] "GET /?d=105264495260&filter=f4b633&share_to_url=product-page.php%3Fid%3D3566236%26name%3Dsafavieh+milos+wicker+dining+chair HTTP/1.1" 200 24013 "-" "Mozilla/5.0 (Linux; Android 6.0.1; Nexus 5X Build/MMB29P) AppleWebKit/537.36 (KHTML, like Gecko) Chrome/136.0.7103.113 Mobile Safari/537.36 (compatible; Googlebot/2.1; +http://www.google.com/bot.html)"
40.77.167.71 - - [12/Jun/2025:08:18:27 -0400] "GET /?d=40735765260&filter=c79531&share_to_url=item.php%3Fid%3D1383421%26name%3Delf+of+the+shelf HTTP/1.1" 200 23337 "-" "Mozilla/5.0 AppleWebKit/537.36 (KHTML, like Gecko; compatible; bingbot/2.0; +http://www.bing.com/bingbot.htm) Chrome/116.0.1938.76 Safari/537.36"
40.77.167.71 - - [12/Jun/2025:08:18:28 -0400] "GET /?d=20633444260&filter=3d3b19&share_to_url=model.php%3Fid%3D701283%26name%3Dternua+chaqueta+helix HTTP/1.1" 200 23952 "-" "Mozilla/5.0 AppleWebKit/537.36 (KHTML, like Gecko; compatible; bingbot/2.0; +http://www.bing.com/bingbot.htm) Chrome/116.0.1938.76 Safari/537.36"
40.77.167.71 - - [12/Jun/2025:08:18:29 -0400] "GET /?d=21418980260&filter=ada5f8&share_to_url=detail.php%3Fid%3D726873%26name%3Dvitra+eames+elephant HTTP/1.1" 200 21574 "-" "Mozilla/5.0 AppleWebKit/537.36 (KHTML, like Gecko; compatible; bingbot/2.0; +http://www.bing.com/bingbot.htm) Chrome/116.0.1938.76 Safari/537.36"
66.249.64.5 - - [12/Jun/2025:08:18:29 -0400] "GET /?d=27762460260&filter=117b29&share_to_url=item.php%3Fid%3D942169%26name%3Dbuy+vintage+camera+1970s+vintage HTTP/1.1" 200 24411 "-" "Mozilla/5.0 (Linux; Android 6.0.1; Nexus 5X Build/MMB29P) AppleWebKit/537.36 (KHTML, like Gecko) Chrome/136.0.7103.113 Mobile Safari/537.36 (compatible; Googlebot/2.1; +http://www.google.com/bot.html)"
40.77.167.71 - - [12/Jun/2025:08:18:29 -0400] "GET /?d=114378432260&filter=7a50b7&share_to_url=product-page.php%3Fid%3D3873136%26name%3Dfendi+white+karlito HTTP/1.1" 200 23018 "-" "Mozilla/5.0 AppleWebKit/537.36 (KHTML, like Gecko; compatible; bingbot/2.0; +http://www.bing.com/bingbot.htm) Chrome/116.0.1938.76 Safari/537.36"
66.249.64.6 - - [12/Jun/2025:08:18:30 -0400] "GET /?d=106171949260&filter=4ef04f&share_to_url=goods.php%3Fid%3D3596075%26name%3Dthe+best+pandora+store+near HTTP/1.1" 200 23956 "-" "Mozilla/5.0 (Linux; Android 6.0.1; Nexus 5X Build/MMB29P) AppleWebKit/537.36 (KHTML, like Gecko) Chrome/136.0.7103.113 Mobile Safari/537.36 (compatible; Googlebot/2.1; +http://www.google.com/bot.html)"
66.249.64.6 - - [12/Jun/2025:08:18:31 -0400] "GET /?d=101204278260&filter=b00edb&share_to_url=item.php%3Fid%3D3430705%26name%3Dediting+made+easy HTTP/1.1" 200 24420 "-" "Mozilla/5.0 (Linux; Android 6.0.1; Nexus 5X Build/MMB29P) AppleWebKit/537.36 (KHTML, like Gecko) Chrome/136.0.7103.113 Mobile Safari/537.36 (compatible; Googlebot/2.1; +http://www.google.com/bot.html)"
66.249.64.5 - - [12/Jun/2025:08:18:33 -0400] "GET /?d=103162143260&filter=05ec19&share_to_url=shop.php%3Fid%3D3495979%26name%3Ddoudou+lapin+mouchoir+kiabi HTTP/1.1" 200 23443 "-" "Mozilla/5.0 (Linux; Android 6.0.1; Nexus 5X Build/MMB29P) AppleWebKit/537.36 (KHTML, like Gecko) Chrome/136.0.7103.113 Mobile Safari/537.36 (compatible; Googlebot/2.1; +http://www.google.com/bot.html)"
66.249.64.5 - - [12/Jun/2025:08:18:34 -0400] "GET /?d=103903212260&filter=fefd24&share_to_url=article.php%3Fid%3D3520514%26name%3Dessential+oil+diffuser+bracelet+natural HTTP/1.1" 200 23515 "-" "Mozilla/5.0 (Linux; Android 6.0.1; Nexus 5X Build/MMB29P) AppleWebKit/537.36 (KHTML, like Gecko) Chrome/136.0.7103.113 Mobile Safari/537.36 (compatible; Googlebot/2.1; +http://www.google.com/bot.html)"
66.249.64.5 - - [12/Jun/2025:08:18:34 -0400] "GET /?d=110928290260&filter=462a8a&share_to_url=pin.php%3Fid%3D3756402%26name%3Dkevin+durant+as+a+kid HTTP/1.1" 200 21865 "-" "Mozilla/5.0 (Linux; Android 6.0.1; Nexus 5X Build/MMB29P) AppleWebKit/537.36 (KHTML, like Gecko) Chrome/136.0.7103.113 Mobile Safari/537.36 (compatible; Googlebot/2.1; +http://www.google.com/bot.html)"
66.249.64.6 - - [12/Jun/2025:08:18:35 -0400] "GET /?d=96028375260&filter=225350&share_to_url=shop.php%3Fid%3D3253567%26name%3Dsgabello+da+studio HTTP/1.1" 200 23712 "-" "Mozilla/5.0 (Linux; Android 6.0.1; Nexus 5X Build/MMB29P) AppleWebKit/537.36 (KHTML, like Gecko) Chrome/136.0.7103.113 Mobile Safari/537.36 (compatible; Googlebot/2.1; +http://www.google.com/bot.html)"
66.249.64.5 - - [12/Jun/2025:08:18:37 -0400] "GET /?d=105268971260&filter=f4b633&share_to_url=item.php%3Fid%3D3566377%26name%3Dscandinavian+bar+and+counter+stools HTTP/1.1" 200 24515 "-" "Mozilla/5.0 (Linux; Android 6.0.1; Nexus 5X Build/MMB29P) AppleWebKit/537.36 (KHTML, like Gecko) Chrome/136.0.7103.113 Mobile Safari/537.36 (compatible; Googlebot/2.1; +http://www.google.com/bot.html)"
66.249.64.6 - - [12/Jun/2025:08:18:37 -0400] "GET /?d=109890346260&filter=2fbbdb&share_to_url=discover.php%3Fid%3D3719357%26name%3Dthe+citystore+merchandising+store+at HTTP/1.1" 200 23912 "-" "Mozilla/5.0 (Linux; Android 6.0.1; Nexus 5X Build/MMB29P) AppleWebKit/537.36 (KHTML, like Gecko) Chrome/136.0.7103.113 Mobile Safari/537.36 (compatible; Googlebot/2.1; +http://www.google.com/bot.html)"
66.249.64.7 - - [12/Jun/2025:08:18:39 -0400] "GET /?d=107596923260&filter=62bca5&share_to_url=pin.php%3Fid%3D3643722%26name%3Ddiy+under+bed+storage+boxes HTTP/1.1" 200 24809 "-" "Mozilla/5.0 (Linux; Android 6.0.1; Nexus 5X Build/MMB29P) AppleWebKit/537.36 (KHTML, like Gecko) Chrome/136.0.7103.113 Mobile Safari/537.36 (compatible; Googlebot/2.1; +http://www.google.com/bot.html)"
66.249.64.7 - - [12/Jun/2025:08:18:40 -0400] "GET /?d=110926321260&filter=462a8a&share_to_url=detail.php%3Fid%3D3756333%26name%3Dkeen+k30+low+arch HTTP/1.1" 200 22190 "-" "Mozilla/5.0 (Linux; Android 6.0.1; Nexus 5X Build/MMB29P) AppleWebKit/537.36 (KHTML, like Gecko) Chrome/136.0.7103.113 Mobile Safari/537.36 (compatible; Googlebot/2.1; +http://www.google.com/bot.html)"
66.249.64.7 - - [12/Jun/2025:08:18:41 -0400] "GET /?d=116325177260&filter=2c3dd5&share_to_url=item.php%3Fid%3D3939373%26name%3Dvans+rare+white+leather+black HTTP/1.1" 200 23318 "-" "Mozilla/5.0 (Linux; Android 6.0.1; Nexus 5X Build/MMB29P) AppleWebKit/537.36 (KHTML, like Gecko) Chrome/136.0.7103.113 Mobile Safari/537.36 (compatible; Googlebot/2.1; +http://www.google.com/bot.html)"
207.46.13.150 - - [12/Jun/2025:08:18:41 -0400] "GET /?d=87729862260&filter=5fc7a9&share_to_url=shop.php%3Fid%3D2972995%26name%3Dmanfrotto+210b HTTP/1.1" 200 22894 "-" "Mozilla/5.0 AppleWebKit/537.36 (KHTML, like Gecko; compatible; bingbot/2.0; +http://www.bing.com/bingbot.htm) Chrome/116.0.1938.76 Safari/537.36"
207.46.13.150 - - [12/Jun/2025:08:18:42 -0400] "GET /?d=89723261260&filter=dd6292&share_to_url=article.php%3Fid%3D3040994%26name%3Dsouth+seas+cheap+community HTTP/1.1" 200 23846 "-" "Mozilla/5.0 AppleWebKit/537.36 (KHTML, like Gecko; compatible; bingbot/2.0; +http://www.bing.com/bingbot.htm) Chrome/116.0.1938.76 Safari/537.36"
66.249.64.6 - - [12/Jun/2025:08:18:42 -0400] "GET /?d=99333383260&filter=2432cb&share_to_url=ideas.php%3Fid%3D3366636%26name%3Decco+midtown+atlanta HTTP/1.1" 200 22900 "-" "Mozilla/5.0 (Linux; Android 6.0.1; Nexus 5X Build/MMB29P) AppleWebKit/537.36 (KHTML, like Gecko) Chrome/136.0.7103.113 Mobile Safari/537.36 (compatible; Googlebot/2.1; +http://www.google.com/bot.html)"
207.46.13.150 - - [12/Jun/2025:08:18:42 -0400] "GET /?d=16485708260&filter=14708a&share_to_url=pin.php%3Fid%3D561930%26name%3Dthe+rapha+and HTTP/1.1" 200 23007 "-" "Mozilla/5.0 AppleWebKit/537.36 (KHTML, like Gecko; compatible; bingbot/2.0; +http://www.bing.com/bingbot.htm) Chrome/116.0.1938.76 Safari/537.36"
66.249.64.5 - - [12/Jun/2025:08:18:43 -0400] "GET /?d=37629579260&filter=117b29&share_to_url=pin.php%3Fid%3D1277406%26name%3Dpentax+xw+30mm HTTP/1.1" 200 23077 "-" "Mozilla/5.0 (Linux; Android 6.0.1; Nexus 5X Build/MMB29P) AppleWebKit/537.36 (KHTML, like Gecko) Chrome/136.0.7103.113 Mobile Safari/537.36 (compatible; Googlebot/2.1; +http://www.google.com/bot.html)"
66.249.64.6 - - [12/Jun/2025:08:18:44 -0400] "GET /?d=89815413260&filter=b00edb&share_to_url=goods.php%3Fid%3D3044219%26name%3Dkodak+gold+200+color+negative HTTP/1.1" 200 22103 "-" "Mozilla/5.0 (Linux; Android 6.0.1; Nexus 5X Build/MMB29P) AppleWebKit/537.36 (KHTML, like Gecko) Chrome/136.0.7103.113 Mobile Safari/537.36 (compatible; Googlebot/2.1; +http://www.google.com/bot.html)"
40.77.167.55 - - [12/Jun/2025:08:18:44 -0400] "GET /?d=111465474260&filter=d9247f&share_to_url=goods.php%3Fid%3D3774971%26name%3Dsylvanian+family+4370 HTTP/1.1" 200 23769 "-" "Mozilla/5.0 AppleWebKit/537.36 (KHTML, like Gecko; compatible; bingbot/2.0; +http://www.bing.com/bingbot.htm) Chrome/116.0.1938.76 Safari/537.36"
207.46.13.150 - - [12/Jun/2025:08:18:44 -0400] "GET /?d=98583051260&filter=4125cd&share_to_url=article.php%3Fid%3D3341114%26name%3Dsangenic+cassette+shop+refill HTTP/1.1" 200 22888 "-" "Mozilla/5.0 AppleWebKit/537.36 (KHTML, like Gecko; compatible; bingbot/2.0; +http://www.bing.com/bingbot.htm) Chrome/116.0.1938.76 Safari/537.36"
66.249.64.7 - - [12/Jun/2025:08:18:44 -0400] "GET /?d=110038986260&filter=bce36f&share_to_url=article.php%3Fid%3D3724286%26name%3Dwireless+magsafe+compatible HTTP/1.1" 200 23286 "-" "Mozilla/5.0 (Linux; Android 6.0.1; Nexus 5X Build/MMB29P) AppleWebKit/537.36 (KHTML, like Gecko) Chrome/136.0.7103.113 Mobile Safari/537.36 (compatible; Googlebot/2.1; +http://www.google.com/bot.html)"
40.77.167.42 - - [12/Jun/2025:08:18:45 -0400] "GET /?d=97836887260&filter=7af24f&share_to_url=shopdetail.php%3Fid%3D3315872%26name%3Digloo+cooler+24+can HTTP/1.1" 200 23476 "-" "Mozilla/5.0 AppleWebKit/537.36 (KHTML, like Gecko; compatible; bingbot/2.0; +http://www.bing.com/bingbot.htm) Chrome/116.0.1938.76 Safari/537.36"
40.77.167.42 - - [12/Jun/2025:08:18:46 -0400] "GET /?d=103831459260&filter=a4f79d&share_to_url=model.php%3Fid%3D3517923%26name%3Dpinched+nerves+can+cause+a HTTP/1.1" 200 22693 "-" "Mozilla/5.0 AppleWebKit/537.36 (KHTML, like Gecko; compatible; bingbot/2.0; +http://www.bing.com/bingbot.htm) Chrome/116.0.1938.76 Safari/537.36"
66.249.64.5 - - [12/Jun/2025:08:18:46 -0400] "GET /?d=99472219260&filter=20c71b&share_to_url=ideas.php%3Fid%3D3371376%26name%3Dnike+blazer+mid+lavender+mauve HTTP/1.1" 200 23518 "-" "Mozilla/5.0 (Linux; Android 6.0.1; Nexus 5X Build/MMB29P) AppleWebKit/537.36 (KHTML, like Gecko) Chrome/136.0.7103.113 Mobile Safari/537.36 (compatible; Googlebot/2.1; +http://www.google.com/bot.html)"
40.77.167.42 - - [12/Jun/2025:08:18:47 -0400] "GET /?d=100517572260&filter=09f6df&share_to_url=discover.php%3Fid%3D3406937%26name%3Dpaparazzi+zoo+zone HTTP/1.1" 200 23864 "-" "Mozilla/5.0 AppleWebKit/537.36 (KHTML, like Gecko; compatible; bingbot/2.0; +http://www.bing.com/bingbot.htm) Chrome/116.0.1938.76 Safari/537.36"
66.249.64.6 - - [12/Jun/2025:08:18:47 -0400] "GET /?d=117139186260&filter=aa1f1e&share_to_url=shop.php%3Fid%3D3967027%26name%3Dshoes+mcdonalds+allamerican HTTP/1.1" 200 22798 "-" "Mozilla/5.0 (Linux; Android 6.0.1; Nexus 5X Build/MMB29P) AppleWebKit/537.36 (KHTML, like Gecko) Chrome/136.0.7103.113 Mobile Safari/537.36 (compatible; Googlebot/2.1; +http://www.google.com/bot.html)"
66.249.64.5 - - [12/Jun/2025:08:18:47 -0400] "GET /?d=95200793260&filter=144b1a&share_to_url=discover.php%3Fid%3D3225101%26name%3Dair+jordan+x+jbalvin HTTP/1.1" 200 23465 "-" "Mozilla/5.0 (Linux; Android 6.0.1; Nexus 5X Build/MMB29P) AppleWebKit/537.36 (KHTML, like Gecko) Chrome/136.0.7103.113 Mobile Safari/537.36 (compatible; Googlebot/2.1; +http://www.google.com/bot.html)"
66.249.64.7 - - [12/Jun/2025:08:18:49 -0400] "GET /?d=101854608260&filter=f3166a&share_to_url=shopdetail.php%3Fid%3D3452936%26name%3Dcreate+a+monster+monster+lab HTTP/1.1" 200 23507 "-" "Mozilla/5.0 (Linux; Android 6.0.1; Nexus 5X Build/MMB29P) AppleWebKit/537.36 (KHTML, like Gecko) Chrome/136.0.7103.113 Mobile Safari/537.36 (compatible; Googlebot/2.1; +http://www.google.com/bot.html)"
66.249.64.6 - - [12/Jun/2025:08:18:50 -0400] "GET /?d=96011442260&filter=f4b633&share_to_url=product-page.php%3Fid%3D3253060%26name%3Dkontorsstol+rh+logic HTTP/1.1" 200 23253 "-" "Mozilla/5.0 (Linux; Android 6.0.1; Nexus 5X Build/MMB29P) AppleWebKit/537.36 (KHTML, like Gecko) Chrome/136.0.7103.113 Mobile Safari/537.36 (compatible; Googlebot/2.1; +http://www.google.com/bot.html)"
66.249.64.5 - - [12/Jun/2025:08:18:52 -0400] "GET /?d=105027375260&filter=894e1d&share_to_url=article.php%3Fid%3D3558410%26name%3Dvans+family+members HTTP/1.1" 200 22324 "-" "Mozilla/5.0 (Linux; Android 6.0.1; Nexus 5X Build/MMB29P) AppleWebKit/537.36 (KHTML, like Gecko) Chrome/136.0.7103.113 Mobile Safari/537.36 (compatible; Googlebot/2.1; +http://www.google.com/bot.html)"
40.77.167.62 - - [12/Jun/2025:08:18:52 -0400] "GET /?d=80848518260&filter=14708a&share_to_url=shopdetail.php%3Fid%3D2738084%26name%3Dmtb+rockrider+full HTTP/1.1" 200 23239 "-" "Mozilla/5.0 AppleWebKit/537.36 (KHTML, like Gecko; compatible; bingbot/2.0; +http://www.bing.com/bingbot.htm) Chrome/116.0.1938.76 Safari/537.36"
66.249.64.6 - - [12/Jun/2025:08:18:53 -0400] "GET /?d=103095759260&filter=504716&share_to_url=item.php%3Fid%3D3493681%26name%3Dswarovski+crystal+baby HTTP/1.1" 200 23128 "-" "Mozilla/5.0 (Linux; Android 6.0.1; Nexus 5X Build/MMB29P) AppleWebKit/537.36 (KHTML, like Gecko) Chrome/136.0.7103.113 Mobile Safari/537.36 (compatible; Googlebot/2.1; +http://www.google.com/bot.html)"
66.249.64.6 - - [12/Jun/2025:08:18:53 -0400] "GET /?d=111624493260&filter=d9247f&share_to_url=article.php%3Fid%3D3780386%26name%3D1999+scorch+beanie+baby HTTP/1.1" 200 23975 "-" "Mozilla/5.0 (Linux; Android 6.0.1; Nexus 5X Build/MMB29P) AppleWebKit/537.36 (KHTML, like Gecko) Chrome/136.0.7103.113 Mobile Safari/537.36 (compatible; Googlebot/2.1; +http://www.google.com/bot.html)"
40.77.167.55 - - [12/Jun/2025:08:18:54 -0400] "GET /?d=87042825260&filter=ce8951&share_to_url=product-page.php%3Fid%3D2949532%26name%3Dshop+sequin+mesh+pencil+skirt HTTP/1.1" 200 24265 "-" "Mozilla/5.0 AppleWebKit/537.36 (KHTML, like Gecko; compatible; bingbot/2.0; +http://www.bing.com/bingbot.htm) Chrome/116.0.1938.76 Safari/537.36"
66.249.64.7 - - [12/Jun/2025:08:18:54 -0400] "GET /?d=95799212260&filter=eb45ff&share_to_url=goods.php%3Fid%3D3245795%26name%3Dadidas+juventus+dna+pantaloni HTTP/1.1" 200 23863 "-" "Mozilla/5.0 (Linux; Android 6.0.1; Nexus 5X Build/MMB29P) AppleWebKit/537.36 (KHTML, like Gecko) Chrome/136.0.7103.113 Mobile Safari/537.36 (compatible; Googlebot/2.1; +http://www.google.com/bot.html)"
66.249.64.6 - - [12/Jun/2025:08:18:56 -0400] "GET /?d=106361620260&filter=cc4f00&share_to_url=discover.php%3Fid%3D3602429%26name%3Dbooster+car+seat+minnie+mouse HTTP/1.1" 200 22616 "-" "Mozilla/5.0 (Linux; Android 6.0.1; Nexus 5X Build/MMB29P) AppleWebKit/537.36 (KHTML, like Gecko) Chrome/136.0.7103.113 Mobile Safari/537.36 (compatible; Googlebot/2.1; +http://www.google.com/bot.html)"
40.77.167.71 - - [12/Jun/2025:08:18:56 -0400] "GET /?d=6544624260&filter=95c78c&share_to_url=ideas.php%3Fid%3D224880%26name%3Dvestido+curto+plus HTTP/1.1" 200 23484 "-" "Mozilla/5.0 AppleWebKit/537.36 (KHTML, like Gecko; compatible; bingbot/2.0; +http://www.bing.com/bingbot.htm) Chrome/116.0.1938.76 Safari/537.36"
40.77.167.71 - - [12/Jun/2025:08:18:57 -0400] "GET /?d=26681940260&filter=b240e2&share_to_url=article.php%3Fid%3D905186%26name%3Dyoteen+ps4+game+storage HTTP/1.1" 200 23408 "-" "Mozilla/5.0 AppleWebKit/537.36 (KHTML, like Gecko; compatible; bingbot/2.0; +http://www.bing.com/bingbot.htm) Chrome/116.0.1938.76 Safari/537.36"
66.249.64.6 - - [12/Jun/2025:08:18:57 -0400] "GET /?d=111173499260&filter=88b0bd&share_to_url=model.php%3Fid%3D3764559%26name%3Dnaturalizer+fairmont+leather+mules HTTP/1.1" 200 22796 "-" "Mozilla/5.0 (Linux; Android 6.0.1; Nexus 5X Build/MMB29P) AppleWebKit/537.36 (KHTML, like Gecko) Chrome/136.0.7103.113 Mobile Safari/537.36 (compatible; Googlebot/2.1; +http://www.google.com/bot.html)"
66.249.64.7 - - [12/Jun/2025:08:18:59 -0400] "GET /?d=109131523260&filter=8d13fd&share_to_url=ideas.php%3Fid%3D3694488%26name%3Dla+camiseta+retro+de+la HTTP/1.1" 200 24239 "-" "Mozilla/5.0 (Linux; Android 6.0.1; Nexus 5X Build/MMB29P) AppleWebKit/537.36 (KHTML, like Gecko) Chrome/136.0.7103.113 Mobile Safari/537.36 (compatible; Googlebot/2.1; +http://www.google.com/bot.html)"
66.249.64.8 - - [12/Jun/2025:08:18:59 -0400] "GET /?d=116088731260&filter=09f4dc&share_to_url=shopdetail.php%3Fid%3D3931244%26name%3Dthe+north+face+yumiori HTTP/1.1" 200 22988 "-" "Mozilla/5.0 (Linux; Android 6.0.1; Nexus 5X Build/MMB29P) AppleWebKit/537.36 (KHTML, like Gecko) Chrome/136.0.7103.113 Mobile Safari/537.36 (compatible; Googlebot/2.1; +http://www.google.com/bot.html)"
66.249.64.5 - - [12/Jun/2025:08:19:01 -0400] "GET /?d=102155671260&filter=a4c9b9&share_to_url=item.php%3Fid%3D3462577%26name%3Dwatch+storage+pouch HTTP/1.1" 200 24578 "-" "Mozilla/5.0 (Linux; Android 6.0.1; Nexus 5X Build/MMB29P) AppleWebKit/537.36 (KHTML, like Gecko) Chrome/136.0.7103.113 Mobile Safari/537.36 (compatible; Googlebot/2.1; +http://www.google.com/bot.html)"
207.46.13.150 - - [12/Jun/2025:08:19:01 -0400] "GET /?d=102734317260&filter=572624&share_to_url=detail.php?id=3482205&name=intimissimi%20gets%20into HTTP/1.1" 200 24001 "-" "Mozilla/5.0 AppleWebKit/537.36 (KHTML, like Gecko; compatible; bingbot/2.0; +http://www.bing.com/bingbot.htm) Chrome/116.0.1938.76 Safari/537.36"
207.46.13.150 - - [12/Jun/2025:08:19:02 -0400] "GET /?d=21167119260&filter=2aa707&share_to_url=pin.php%3Fid%3D718626%26name%3Dgoogle+home+max+woofer HTTP/1.1" 200 22910 "-" "Mozilla/5.0 AppleWebKit/537.36 (KHTML, like Gecko; compatible; bingbot/2.0; +http://www.bing.com/bingbot.htm) Chrome/116.0.1938.76 Safari/537.36"
66.249.64.6 - - [12/Jun/2025:08:19:03 -0400] "GET /?d=116570821260&filter=1876cd&share_to_url=shop.php%3Fid%3D3947563%26name%3Deberjey+heather+pj HTTP/1.1" 200 23268 "-" "Mozilla/5.0 (Linux; Android 6.0.1; Nexus 5X Build/MMB29P) AppleWebKit/537.36 (KHTML, like Gecko) Chrome/136.0.7103.113 Mobile Safari/537.36 (compatible; Googlebot/2.1; +http://www.google.com/bot.html)"
66.249.64.5 - - [12/Jun/2025:08:19:03 -0400] "GET /?d=110020522260&filter=ca372c&share_to_url=item.php%3Fid%3D3723589%26name%3Dpropel+helicopter+remote+control HTTP/1.1" 200 23665 "-" "Mozilla/5.0 (Linux; Android 6.0.1; Nexus 5X Build/MMB29P) AppleWebKit/537.36 (KHTML, like Gecko) Chrome/136.0.7103.113 Mobile Safari/537.36 (compatible; Googlebot/2.1; +http://www.google.com/bot.html)"
66.249.64.6 - - [12/Jun/2025:08:19:05 -0400] "GET /?d=97674758260&filter=0cb77f&share_to_url=shop.php%3Fid%3D3310327%26name%3Dsac+cabas+%C3%A0 HTTP/1.1" 200 23216 "-" "Mozilla/5.0 (Linux; Android 6.0.1; Nexus 5X Build/MMB29P) AppleWebKit/537.36 (KHTML, like Gecko) Chrome/136.0.7103.113 Mobile Safari/537.36 (compatible; Googlebot/2.1; +http://www.google.com/bot.html)"
66.249.64.6 - - [12/Jun/2025:08:19:06 -0400] "GET /?d=20144066260&filter=551c10&share_to_url=shopdetail.php%3Fid%3D684416%26name%3Djuana+red+red HTTP/1.1" 200 24877 "-" "Mozilla/5.0 (Linux; Android 6.0.1; Nexus 5X Build/MMB29P) AppleWebKit/537.36 (KHTML, like Gecko) Chrome/136.0.7103.113 Mobile Safari/537.36 (compatible; Googlebot/2.1; +http://www.google.com/bot.html)"
66.249.64.6 - - [12/Jun/2025:08:19:06 -0400] "GET /?d=106326854260&filter=4ac32e&share_to_url=product.php%3Fid%3D3601246%26name%3D16+sports+bras+for+girls HTTP/1.1" 200 24136 "-" "Mozilla/5.0 (Linux; Android 6.0.1; Nexus 5X Build/MMB29P) AppleWebKit/537.36 (KHTML, like Gecko) Chrome/136.0.7103.113 Mobile Safari/537.36 (compatible; Googlebot/2.1; +http://www.google.com/bot.html)"
40.77.167.62 - - [12/Jun/2025:08:19:07 -0400] "GET /?d=102859089260&filter=7db1b6&share_to_url=item.php%3Fid%3D3486025%26name%3Dnikola+jokic+039+s+agent+reveals HTTP/1.1" 200 23160 "-" "Mozilla/5.0 AppleWebKit/537.36 (KHTML, like Gecko; compatible; bingbot/2.0; +http://www.bing.com/bingbot.htm) Chrome/116.0.1938.76 Safari/537.36"
66.249.64.6 - - [12/Jun/2025:08:19:07 -0400] "GET /?d=101779419260&filter=ebf321&share_to_url=shop.php%3Fid%3D3450367%26name%3Dwhite+bow+victorian+collar+embroidered HTTP/1.1" 200 24531 "-" "Mozilla/5.0 (Linux; Android 6.0.1; Nexus 5X Build/MMB29P) AppleWebKit/537.36 (KHTML, like Gecko) Chrome/136.0.7103.113 Mobile Safari/537.36 (compatible; Googlebot/2.1; +http://www.google.com/bot.html)"
66.249.64.6 - - [12/Jun/2025:08:19:09 -0400] "GET /?d=108424645260&filter=8d4935&share_to_url=article.php%3Fid%3D3671102%26name%3Dlg+watch+sport+et HTTP/1.1" 200 23875 "-" "Mozilla/5.0 (Linux; Android 6.0.1; Nexus 5X Build/MMB29P) AppleWebKit/537.36 (KHTML, like Gecko) Chrome/136.0.7103.113 Mobile Safari/537.36 (compatible; Googlebot/2.1; +http://www.google.com/bot.html)"
66.249.64.5 - - [12/Jun/2025:08:19:11 -0400] "GET /?d=103361834260&filter=1653ca&share_to_url=ideas.php%3Fid%3D3502560%26name%3Dhelp+me+choose+side+stones HTTP/1.1" 200 23865 "-" "Mozilla/5.0 (Linux; Android 6.0.1; Nexus 5X Build/MMB29P) AppleWebKit/537.36 (KHTML, like Gecko) Chrome/136.0.7103.113 Mobile Safari/537.36 (compatible; Googlebot/2.1; +http://www.google.com/bot.html)"
66.249.64.5 - - [12/Jun/2025:08:19:12 -0400] "GET /?d=106150394260&filter=7d768c&share_to_url=detail.php%3Fid%3D3595341%26name%3Dstan+039+s+notubes+ztr+avion HTTP/1.1" 200 23051 "-" "Mozilla/5.0 (Linux; Android 6.0.1; Nexus 5X Build/MMB29P) AppleWebKit/537.36 (KHTML, like Gecko) Chrome/136.0.7103.113 Mobile Safari/537.36 (compatible; Googlebot/2.1; +http://www.google.com/bot.html)"
40.77.167.71 - - [12/Jun/2025:08:19:13 -0400] "GET /?d=33249997260&filter=2aa707&share_to_url=goods.php%3Fid%3D1130579%26name%3Ddiy+the+speaker HTTP/1.1" 200 24334 "-" "Mozilla/5.0 AppleWebKit/537.36 (KHTML, like Gecko; compatible; bingbot/2.0; +http://www.bing.com/bingbot.htm) Chrome/116.0.1938.76 Safari/537.36"
66.249.64.5 - - [12/Jun/2025:08:19:14 -0400] "GET /?d=95031804260&filter=d9247f&share_to_url=article.php%3Fid%3D3219806%26name%3Dfinal+project+for HTTP/1.1" 200 24423 "-" "Mozilla/5.0 (Linux; Android 6.0.1; Nexus 5X Build/MMB29P) AppleWebKit/537.36 (KHTML, like Gecko) Chrome/136.0.7103.113 Mobile Safari/537.36 (compatible; Googlebot/2.1; +http://www.google.com/bot.html)"
40.77.167.42 - - [12/Jun/2025:08:19:14 -0400] "GET /?d=99671479260&filter=d14653&share_to_url=goods.php%3Fid%3D3377891%26name%3Diconic+hybrid+cut HTTP/1.1" 200 23195 "-" "Mozilla/5.0 AppleWebKit/537.36 (KHTML, like Gecko; compatible; bingbot/2.0; +http://www.bing.com/bingbot.htm) Chrome/116.0.1938.76 Safari/537.36"
66.249.64.5 - - [12/Jun/2025:08:19:16 -0400] "GET /?d=105929192260&filter=3f5a6d&share_to_url=detail.php%3Fid%3D3588069%26name%3Ddior+62mm+flat+sale HTTP/1.1" 200 24014 "-" "Mozilla/5.0 (Linux; Android 6.0.1; Nexus 5X Build/MMB29P) AppleWebKit/537.36 (KHTML, like Gecko) Chrome/136.0.7103.113 Mobile Safari/537.36 (compatible; Googlebot/2.1; +http://www.google.com/bot.html)"
66.249.64.5 - - [12/Jun/2025:08:19:19 -0400] "GET /?d=46621912260&filter=1cbf7a&share_to_url=discover.php%3Fid%3D1582673%26name%3Dbosch+rs428 HTTP/1.1" 200 23347 "-" "Mozilla/5.0 (Linux; Android 6.0.1; Nexus 5X Build/MMB29P) AppleWebKit/537.36 (KHTML, like Gecko) Chrome/136.0.7103.113 Mobile Safari/537.36 (compatible; Googlebot/2.1; +http://www.google.com/bot.html)"
157.55.39.55 - - [12/Jun/2025:08:19:22 -0400] "GET /?d=92566991260&filter=3699f1&share_to_url=pin.php%3Fid%3D3136218%26name%3Dcoral+bells HTTP/1.1" 200 22626 "-" "Mozilla/5.0 AppleWebKit/537.36 (KHTML, like Gecko; compatible; bingbot/2.0; +http://www.bing.com/bingbot.htm) Chrome/116.0.1938.76 Safari/537.36"
66.249.64.5 - - [12/Jun/2025:08:19:22 -0400] "GET /?d=38340461260&filter=529dd7&share_to_url=shop.php%3Fid%3D1301467%26name%3Dapple+s+iphone+plus+cases HTTP/1.1" 200 23116 "-" "Mozilla/5.0 (Linux; Android 6.0.1; Nexus 5X Build/MMB29P) AppleWebKit/537.36 (KHTML, like Gecko) Chrome/136.0.7103.113 Mobile Safari/537.36 (compatible; Googlebot/2.1; +http://www.google.com/bot.html)"
47.128.118.49 - - [12/Jun/2025:08:19:22 -0400] "GET /?d=110333001260&filter=a61e7f&share_to_url=item.php%3Fid%3D3734773%26name%3Dnew+bruno+mars HTTP/1.1" 302 6 "-" "Mozilla/5.0 (Linux; Android 5.0) AppleWebKit/537.36 (KHTML, like Gecko) Mobile Safari/537.36 (compatible; Bytespider; spider-feedback@bytedance.com)"
47.128.118.49 - - [12/Jun/2025:08:19:23 -0400] "GET /loginn.php HTTP/1.1" 403 1242 "-" "Mozilla/5.0 (Linux; Android 5.0) AppleWebKit/537.36 (KHTML, like Gecko) Mobile Safari/537.36 (compatible; Bytespider; spider-feedback@bytedance.com)"
157.55.39.55 - - [12/Jun/2025:08:19:23 -0400] "GET /?d=99377203260&filter=439e0d&share_to_url=goods.php?id=3368171&name=adidas%20nmd%20r2%20pk HTTP/1.1" 200 21989 "-" "Mozilla/5.0 AppleWebKit/537.36 (KHTML, like Gecko; compatible; bingbot/2.0; +http://www.bing.com/bingbot.htm) Chrome/116.0.1938.76 Safari/537.36"
66.249.64.5 - - [12/Jun/2025:08:19:25 -0400] "GET /?d=95291083260&filter=c8fca0&share_to_url=product.php%3Fid%3D3228178%26name%3Dkid+connection+beauty+cart HTTP/1.1" 200 23949 "-" "Mozilla/5.0 (Linux; Android 6.0.1; Nexus 5X Build/MMB29P) AppleWebKit/537.36 (KHTML, like Gecko) Chrome/136.0.7103.113 Mobile Safari/537.36 (compatible; Googlebot/2.1; +http://www.google.com/bot.html)"
66.249.64.5 - - [12/Jun/2025:08:19:28 -0400] "GET /?d=102464556260&filter=d6317b&share_to_url=product-page.php%3Fid%3D3473188%26name%3Dgirls+high+waisted+blue+tights HTTP/1.1" 200 24591 "-" "Mozilla/5.0 (Linux; Android 6.0.1; Nexus 5X Build/MMB29P) AppleWebKit/537.36 (KHTML, like Gecko) Chrome/136.0.7103.113 Mobile Safari/537.36 (compatible; Googlebot/2.1; +http://www.google.com/bot.html)"
66.249.64.5 - - [12/Jun/2025:08:19:29 -0400] "GET /?d=99977686260&filter=3ba2dc&share_to_url=pin.php%3Fid%3D3388362%26name%3Dom+spa+thalasso HTTP/1.1" 200 23665 "-" "Mozilla/5.0 (Linux; Android 6.0.1; Nexus 5X Build/MMB29P) AppleWebKit/537.36 (KHTML, like Gecko) Chrome/136.0.7103.113 Mobile Safari/537.36 (compatible; Googlebot/2.1; +http://www.google.com/bot.html)"
66.249.64.131 - - [12/Jun/2025:08:19:32 -0400] "GET /?d=10182784260&filter=ca5f15&share_to_url=shopdetail.php%3Fid%3D349340%26name%3Dreebok+tracksuit+bottoms+store HTTP/1.1" 200 22459 "-" "Mozilla/5.0 (Linux; Android 6.0.1; Nexus 5X Build/MMB29P) AppleWebKit/537.36 (KHTML, like Gecko) Chrome/136.0.7103.113 Mobile Safari/537.36 (compatible; Googlebot/2.1; +http://www.google.com/bot.html)"
66.249.64.6 - - [12/Jun/2025:08:19:33 -0400] "GET /?d=105153455260&filter=7b5555&share_to_url=discover.php%3Fid%3D3562337%26name%3Dtransici%C3%B3n+de+swan HTTP/1.1" 200 23540 "-" "Mozilla/5.0 (Linux; Android 6.0.1; Nexus 5X Build/MMB29P) AppleWebKit/537.36 (KHTML, like Gecko) Chrome/136.0.7103.113 Mobile Safari/537.36 (compatible; Googlebot/2.1; +http://www.google.com/bot.html)"
40.77.167.42 - - [12/Jun/2025:08:19:34 -0400] "GET /?d=109486088260&filter=1c8107&share_to_url=article.php%3Fid%3D3705842%26name%3Dleather+strappy+heels+in HTTP/1.1" 200 23311 "-" "Mozilla/5.0 AppleWebKit/537.36 (KHTML, like Gecko; compatible; bingbot/2.0; +http://www.bing.com/bingbot.htm) Chrome/116.0.1938.76 Safari/537.36"
66.249.64.5 - - [12/Jun/2025:08:19:35 -0400] "GET /?d=115639443260&filter=7ee663&share_to_url=model.php%3Fid%3D3916275%26name%3Dget+the+facts+about+latch HTTP/1.1" 200 23881 "-" "Mozilla/5.0 (Linux; Android 6.0.1; Nexus 5X Build/MMB29P) AppleWebKit/537.36 (KHTML, like Gecko) Chrome/136.0.7103.113 Mobile Safari/537.36 (compatible; Googlebot/2.1; +http://www.google.com/bot.html)"
66.249.64.5 - - [12/Jun/2025:08:19:35 -0400] "GET /?d=117530491260&filter=fd5064&share_to_url=model.php%3Fid%3D3980247%26name%3Dlot+de+valise HTTP/1.1" 200 24427 "-" "Mozilla/5.0 (Linux; Android 6.0.1; Nexus 5X Build/MMB29P) AppleWebKit/537.36 (KHTML, like Gecko) Chrome/136.0.7103.113 Mobile Safari/537.36 (compatible; Googlebot/2.1; +http://www.google.com/bot.html)"
40.77.167.42 - - [12/Jun/2025:08:19:35 -0400] "GET /?d=95080852260&filter=a0f400&share_to_url=item.php%3Fid%3D3221281%26name%3Dvia+roma+36 HTTP/1.1" 200 24350 "-" "Mozilla/5.0 AppleWebKit/537.36 (KHTML, like Gecko; compatible; bingbot/2.0; +http://www.bing.com/bingbot.htm) Chrome/116.0.1938.76 Safari/537.36"
66.249.64.6 - - [12/Jun/2025:08:19:35 -0400] "GET /?d=99484019260&filter=20c71b&share_to_url=detail.php%3Fid%3D3371781%26name%3Dtrespass+argyle+quilted+outlet+jacket HTTP/1.1" 200 23793 "-" "Mozilla/5.0 (Linux; Android 6.0.1; Nexus 5X Build/MMB29P) AppleWebKit/537.36 (KHTML, like Gecko) Chrome/136.0.7103.113 Mobile Safari/537.36 (compatible; Googlebot/2.1; +http://www.google.com/bot.html)"
207.46.13.150 - - [12/Jun/2025:08:19:36 -0400] "GET /?d=103036971260&filter=16bc9b&share_to_url=goods.php?id=3491831&name=contour%20legging%20workout HTTP/1.1" 200 23493 "-" "Mozilla/5.0 AppleWebKit/537.36 (KHTML, like Gecko; compatible; bingbot/2.0; +http://www.bing.com/bingbot.htm) Chrome/116.0.1938.76 Safari/537.36"
66.249.64.6 - - [12/Jun/2025:08:19:36 -0400] "GET /?d=98105779260&filter=aca5a6&share_to_url=product-page.php%3Fid%3D3324616%26name%3Dgenuine+panama+archives HTTP/1.1" 200 23188 "-" "Mozilla/5.0 (Linux; Android 6.0.1; Nexus 5X Build/MMB29P) AppleWebKit/537.36 (KHTML, like Gecko) Chrome/136.0.7103.113 Mobile Safari/537.36 (compatible; Googlebot/2.1; +http://www.google.com/bot.html)"
66.249.64.6 - - [12/Jun/2025:08:19:37 -0400] "GET /?d=102983352260&filter=2c5c3a&share_to_url=item.php%3Fid%3D3490165%26name%3Damovee+wide+flat+iron HTTP/1.1" 200 23570 "-" "Mozilla/5.0 (Linux; Android 6.0.1; Nexus 5X Build/MMB29P) AppleWebKit/537.36 (KHTML, like Gecko) Chrome/136.0.7103.113 Mobile Safari/537.36 (compatible; Googlebot/2.1; +http://www.google.com/bot.html)"
66.249.64.5 - - [12/Jun/2025:08:19:38 -0400] "GET /?d=101008948260&filter=ab257e&share_to_url=article.php%3Fid%3D3423950%26name%3Dfig+leaf+anklet+hammered+brass HTTP/1.1" 200 24295 "-" "Mozilla/5.0 (Linux; Android 6.0.1; Nexus 5X Build/MMB29P) AppleWebKit/537.36 (KHTML, like Gecko) Chrome/136.0.7103.113 Mobile Safari/537.36 (compatible; Googlebot/2.1; +http://www.google.com/bot.html)"
66.249.64.5 - - [12/Jun/2025:08:19:38 -0400] "GET /?d=115438806260&filter=99bfb5&share_to_url=model.php%3Fid%3D3909315%26name%3Dthe+best+temperature+for+sleep HTTP/1.1" 200 24162 "-" "Mozilla/5.0 (Linux; Android 6.0.1; Nexus 5X Build/MMB29P) AppleWebKit/537.36 (KHTML, like Gecko) Chrome/136.0.7103.113 Mobile Safari/537.36 (compatible; Googlebot/2.1; +http://www.google.com/bot.html)"
66.249.64.6 - - [12/Jun/2025:08:19:39 -0400] "GET /?d=89710124260&filter=dd6292&share_to_url=article.php%3Fid%3D3040610%26name%3Dvelavan+store+fancy+jewellery+collections HTTP/1.1" 200 24237 "-" "Mozilla/5.0 (Linux; Android 6.0.1; Nexus 5X Build/MMB29P) AppleWebKit/537.36 (KHTML, like Gecko) Chrome/136.0.7103.113 Mobile Safari/537.36 (compatible; Googlebot/2.1; +http://www.google.com/bot.html)"
66.249.64.6 - - [12/Jun/2025:08:19:39 -0400] "GET /?d=51455147260&filter=b3b154&share_to_url=goods.php%3Fid%3D1748663%26name%3D36x48x11+fork+oil HTTP/1.1" 200 24509 "-" "Mozilla/5.0 (Linux; Android 6.0.1; Nexus 5X Build/MMB29P) AppleWebKit/537.36 (KHTML, like Gecko) Chrome/136.0.7103.113 Mobile Safari/537.36 (compatible; Googlebot/2.1; +http://www.google.com/bot.html)"
66.249.64.5 - - [12/Jun/2025:08:19:40 -0400] "GET /?d=113687221260&filter=f4b633&share_to_url=shop.php%3Fid%3D3849943%26name%3Djual+kursi+makan+bayi+sugar HTTP/1.1" 200 23925 "-" "Mozilla/5.0 (Linux; Android 6.0.1; Nexus 5X Build/MMB29P) AppleWebKit/537.36 (KHTML, like Gecko) Chrome/136.0.7103.113 Mobile Safari/537.36 (compatible; Googlebot/2.1; +http://www.google.com/bot.html)"
66.249.64.5 - - [12/Jun/2025:08:19:41 -0400] "GET /?d=101973728260&filter=75d149&share_to_url=product-page.php%3Fid%3D3456784%26name%3Dcamilla+dress+light+pink+stripe HTTP/1.1" 200 24370 "-" "Mozilla/5.0 (Linux; Android 6.0.1; Nexus 5X Build/MMB29P) AppleWebKit/537.36 (KHTML, like Gecko) Chrome/136.0.7103.113 Mobile Safari/537.36 (compatible; Googlebot/2.1; +http://www.google.com/bot.html)"
207.46.13.150 - - [12/Jun/2025:08:19:41 -0400] "GET /?d=39118551260&filter=116a77&share_to_url=ideas.php%3Fid%3D1327776%26name%3Dus+stove+ashley+1300 HTTP/1.1" 200 22862 "-" "Mozilla/5.0 AppleWebKit/537.36 (KHTML, like Gecko; compatible; bingbot/2.0; +http://www.bing.com/bingbot.htm) Chrome/116.0.1938.76 Safari/537.36"
66.249.64.5 - - [12/Jun/2025:08:19:41 -0400] "GET /?d=101859247260&filter=a4f79d&share_to_url=model.php%3Fid%3D3453111%26name%3Dcalluses+treatment HTTP/1.1" 200 23507 "-" "Mozilla/5.0 (Linux; Android 6.0.1; Nexus 5X Build/MMB29P) AppleWebKit/537.36 (KHTML, like Gecko) Chrome/136.0.7103.113 Mobile Safari/537.36 (compatible; Googlebot/2.1; +http://www.google.com/bot.html)"
66.249.64.6 - - [12/Jun/2025:08:19:42 -0400] "GET /?d=113488429260&filter=400a61&share_to_url=goods.php%3Fid%3D3843419%26name%3Dmercatino+ktm+390+690+790 HTTP/1.1" 200 23125 "-" "Mozilla/5.0 (Linux; Android 6.0.1; Nexus 5X Build/MMB29P) AppleWebKit/537.36 (KHTML, like Gecko) Chrome/136.0.7103.113 Mobile Safari/537.36 (compatible; Googlebot/2.1; +http://www.google.com/bot.html)"
66.249.64.6 - - [12/Jun/2025:08:19:43 -0400] "GET /?d=94259583260&filter=662838&share_to_url=item.php%3Fid%3D3194197%26name%3Dexamples+of+solar+telescopes HTTP/1.1" 200 22904 "-" "Mozilla/5.0 (Linux; Android 6.0.1; Nexus 5X Build/MMB29P) AppleWebKit/537.36 (KHTML, like Gecko) Chrome/136.0.7103.113 Mobile Safari/537.36 (compatible; Googlebot/2.1; +http://www.google.com/bot.html)"
66.249.64.7 - - [12/Jun/2025:08:19:44 -0400] "GET /?d=107985842260&filter=03bf8c&share_to_url=ideas.php%3Fid%3D3656112%26name%3Dvintage+jewelry HTTP/1.1" 200 24077 "-" "Mozilla/5.0 (Linux; Android 6.0.1; Nexus 5X Build/MMB29P) AppleWebKit/537.36 (KHTML, like Gecko) Chrome/136.0.7103.113 Mobile Safari/537.36 (compatible; Googlebot/2.1; +http://www.google.com/bot.html)"
66.249.64.7 - - [12/Jun/2025:08:19:44 -0400] "GET /?d=105741743260&filter=62bca5&share_to_url=ideas.php%3Fid%3D3581964%26name%3Dfranklin+brass+kin46 HTTP/1.1" 200 23200 "-" "Mozilla/5.0 (Linux; Android 6.0.1; Nexus 5X Build/MMB29P) AppleWebKit/537.36 (KHTML, like Gecko) Chrome/136.0.7103.113 Mobile Safari/537.36 (compatible; Googlebot/2.1; +http://www.google.com/bot.html)"
66.249.64.5 - - [12/Jun/2025:08:19:44 -0400] "GET /?d=34935857260&filter=6d6f21&share_to_url=discover.php%3Fid%3D1187945%26name%3Dvestido+farm+c%C3%B3digo+de+vendedora HTTP/1.1" 200 24216 "-" "Mozilla/5.0 (Linux; Android 6.0.1; Nexus 5X Build/MMB29P) AppleWebKit/537.36 (KHTML, like Gecko) Chrome/136.0.7103.113 Mobile Safari/537.36 (compatible; Googlebot/2.1; +http://www.google.com/bot.html)"
66.249.64.5 - - [12/Jun/2025:08:19:45 -0400] "GET /?d=39525960260&filter=4c20f0&share_to_url=pin.php%3Fid%3D1341798%26name%3Dcanon+80d+aperture+setting HTTP/1.1" 200 22963 "-" "Mozilla/5.0 (Linux; Android 6.0.1; Nexus 5X Build/MMB29P) AppleWebKit/537.36 (KHTML, like Gecko) Chrome/136.0.7103.113 Mobile Safari/537.36 (compatible; Googlebot/2.1; +http://www.google.com/bot.html)"
66.249.64.7 - - [12/Jun/2025:08:19:45 -0400] "GET /?d=94682394260&filter=eef298&share_to_url=pin.php%3Fid%3D3208146%26name%3Da+beginner+039+s+guide+to+graphite HTTP/1.1" 200 23578 "-" "Mozilla/5.0 (Linux; Android 6.0.1; Nexus 5X Build/MMB29P) AppleWebKit/537.36 (KHTML, like Gecko) Chrome/136.0.7103.113 Mobile Safari/537.36 (compatible; Googlebot/2.1; +http://www.google.com/bot.html)"
40.77.167.71 - - [12/Jun/2025:08:19:46 -0400] "GET /?d=37170627260&filter=b2e434&share_to_url=ideas.php%3Fid%3D1262196%26name%3Donline+programs+invictus HTTP/1.1" 200 23259 "-" "Mozilla/5.0 AppleWebKit/537.36 (KHTML, like Gecko; compatible; bingbot/2.0; +http://www.bing.com/bingbot.htm) Chrome/116.0.1938.76 Safari/537.36"
66.249.64.5 - - [12/Jun/2025:08:19:46 -0400] "GET /?d=110714402260&filter=bca88b&share_to_url=discover.php%3Fid%3D3748445%26name%3Dsequined+top+black+glittery HTTP/1.1" 200 23169 "-" "Mozilla/5.0 (Linux; Android 6.0.1; Nexus 5X Build/MMB29P) AppleWebKit/537.36 (KHTML, like Gecko) Chrome/136.0.7103.113 Mobile Safari/537.36 (compatible; Googlebot/2.1; +http://www.google.com/bot.html)"
40.77.167.71 - - [12/Jun/2025:08:19:46 -0400] "GET /?d=14704848260&filter=5837f7&share_to_url=article.php%3Fid%3D501386%26name%3Dlace+noir+eau+de HTTP/1.1" 200 22707 "-" "Mozilla/5.0 AppleWebKit/537.36 (KHTML, like Gecko; compatible; bingbot/2.0; +http://www.bing.com/bingbot.htm) Chrome/116.0.1938.76 Safari/537.36"
66.249.64.7 - - [12/Jun/2025:08:19:47 -0400] "GET /?d=94047879260&filter=58ce6a&share_to_url=pin.php%3Fid%3D3186498%26name%3Dvetements+white+039+limited HTTP/1.1" 200 24036 "-" "Mozilla/5.0 (Linux; Android 6.0.1; Nexus 5X Build/MMB29P) AppleWebKit/537.36 (KHTML, like Gecko) Chrome/136.0.7103.113 Mobile Safari/537.36 (compatible; Googlebot/2.1; +http://www.google.com/bot.html)"
66.249.64.5 - - [12/Jun/2025:08:19:47 -0400] "GET /?d=103446203260&filter=527c62&share_to_url=shop.php%3Fid%3D3505279%26name%3Dengraved+father+039+s+day+wood HTTP/1.1" 200 24183 "-" "Mozilla/5.0 (Linux; Android 6.0.1; Nexus 5X Build/MMB29P) AppleWebKit/537.36 (KHTML, like Gecko) Chrome/136.0.7103.113 Mobile Safari/537.36 (compatible; Googlebot/2.1; +http://www.google.com/bot.html)"
66.249.64.7 - - [12/Jun/2025:08:19:48 -0400] "GET /?d=113439866260&filter=128aa4&share_to_url=product-page.php%3Fid%3D3841840%26name%3Doffshore+outrigger+heavy+duty+stainless HTTP/1.1" 200 23702 "-" "Mozilla/5.0 (Linux; Android 6.0.1; Nexus 5X Build/MMB29P) AppleWebKit/537.36 (KHTML, like Gecko) Chrome/136.0.7103.113 Mobile Safari/537.36 (compatible; Googlebot/2.1; +http://www.google.com/bot.html)"
66.249.64.7 - - [12/Jun/2025:08:19:50 -0400] "GET /?d=107170555260&filter=89626b&share_to_url=article.php%3Fid%3D3629282%26name%3Dgdmss+plus+on HTTP/1.1" 200 23852 "-" "Mozilla/5.0 (Linux; Android 6.0.1; Nexus 5X Build/MMB29P) AppleWebKit/537.36 (KHTML, like Gecko) Chrome/136.0.7103.113 Mobile Safari/537.36 (compatible; Googlebot/2.1; +http://www.google.com/bot.html)"
66.249.64.7 - - [12/Jun/2025:08:19:50 -0400] "GET /?d=36242836260&filter=6d6f21&share_to_url=product-page.php%3Fid%3D1231372%26name%3Dlojas+hering+roupas HTTP/1.1" 200 23054 "-" "Mozilla/5.0 (Linux; Android 6.0.1; Nexus 5X Build/MMB29P) AppleWebKit/537.36 (KHTML, like Gecko) Chrome/136.0.7103.113 Mobile Safari/537.36 (compatible; Googlebot/2.1; +http://www.google.com/bot.html)"
66.249.64.6 - - [12/Jun/2025:08:19:50 -0400] "GET /?d=111416959260&filter=704690&share_to_url=shop.php%3Fid%3D3773263%26name%3Dsquare+shaped+diamond+ring HTTP/1.1" 200 24236 "-" "Mozilla/5.0 (Linux; Android 6.0.1; Nexus 5X Build/MMB29P) AppleWebKit/537.36 (KHTML, like Gecko) Chrome/136.0.7103.113 Mobile Safari/537.36 (compatible; Googlebot/2.1; +http://www.google.com/bot.html)"
66.249.64.7 - - [12/Jun/2025:08:19:51 -0400] "GET /?d=74813947260&filter=1cbf7a&share_to_url=item.php%3Fid%3D2535673%26name%3Djcb+impact+driver HTTP/1.1" 200 22617 "-" "Mozilla/5.0 (Linux; Android 6.0.1; Nexus 5X Build/MMB29P) AppleWebKit/537.36 (KHTML, like Gecko) Chrome/136.0.7103.113 Mobile Safari/537.36 (compatible; Googlebot/2.1; +http://www.google.com/bot.html)"
207.46.13.150 - - [12/Jun/2025:08:19:51 -0400] "GET /?d=26592886260&filter=9523dc&share_to_url=pin.php%3Fid%3D901974%26name%3Dnew+leisure+air HTTP/1.1" 200 23885 "-" "Mozilla/5.0 AppleWebKit/537.36 (KHTML, like Gecko; compatible; bingbot/2.0; +http://www.bing.com/bingbot.htm) Chrome/116.0.1938.76 Safari/537.36"
66.249.64.7 - - [12/Jun/2025:08:19:51 -0400] "GET /?d=100259619260&filter=ec9b91&share_to_url=shop.php%3Fid%3D3398119%26name%3Dysl+volupte+shine+79 HTTP/1.1" 200 23454 "-" "Mozilla/5.0 (Linux; Android 6.0.1; Nexus 5X Build/MMB29P) AppleWebKit/537.36 (KHTML, like Gecko) Chrome/136.0.7103.113 Mobile Safari/537.36 (compatible; Googlebot/2.1; +http://www.google.com/bot.html)"
66.249.64.7 - - [12/Jun/2025:08:19:52 -0400] "GET /?d=101512295260&filter=c31721&share_to_url=product.php%3Fid%3D3441298%26name%3Dbuy+day+gweneth+re+s+beauty HTTP/1.1" 200 23070 "-" "Mozilla/5.0 (Linux; Android 6.0.1; Nexus 5X Build/MMB29P) AppleWebKit/537.36 (KHTML, like Gecko) Chrome/136.0.7103.113 Mobile Safari/537.36 (compatible; Googlebot/2.1; +http://www.google.com/bot.html)"
66.249.64.6 - - [12/Jun/2025:08:19:53 -0400] "GET /?d=110762853260&filter=80d279&share_to_url=article.php%3Fid%3D3750062%26name%3Dkings+material+have HTTP/1.1" 200 24699 "-" "Mozilla/5.0 (Linux; Android 6.0.1; Nexus 5X Build/MMB29P) AppleWebKit/537.36 (KHTML, like Gecko) Chrome/136.0.7103.113 Mobile Safari/537.36 (compatible; Googlebot/2.1; +http://www.google.com/bot.html)"
40.77.167.62 - - [12/Jun/2025:08:19:53 -0400] "GET /?d=14367511260&filter=6ca228&share_to_url=model.php%3Fid%3D489831%26name%3Dhush+ryker+sequin HTTP/1.1" 200 23315 "-" "Mozilla/5.0 AppleWebKit/537.36 (KHTML, like Gecko; compatible; bingbot/2.0; +http://www.bing.com/bingbot.htm) Chrome/116.0.1938.76 Safari/537.36"
40.77.167.62 - - [12/Jun/2025:08:19:54 -0400] "GET /?d=9327356260&filter=fd45ef&share_to_url=article.php%3Fid%3D320498%26name%3Dfocus+toys+maisto+pro HTTP/1.1" 200 24637 "-" "Mozilla/5.0 AppleWebKit/537.36 (KHTML, like Gecko; compatible; bingbot/2.0; +http://www.bing.com/bingbot.htm) Chrome/116.0.1938.76 Safari/537.36"
40.77.167.62 - - [12/Jun/2025:08:19:54 -0400] "GET /?d=113691940260&filter=dace4d&share_to_url=product.php%3Fid%3D3850078%26name%3Dcoach+leather+ballet HTTP/1.1" 200 22793 "-" "Mozilla/5.0 AppleWebKit/537.36 (KHTML, like Gecko; compatible; bingbot/2.0; +http://www.bing.com/bingbot.htm) Chrome/116.0.1938.76 Safari/537.36"
66.249.64.5 - - [12/Jun/2025:08:19:55 -0400] "GET /?d=15430356260&filter=3fa24f&share_to_url=product.php%3Fid%3D526042%26name%3Da+featherless+parrot+looking HTTP/1.1" 200 24259 "-" "Mozilla/5.0 (Linux; Android 6.0.1; Nexus 5X Build/MMB29P) AppleWebKit/537.36 (KHTML, like Gecko) Chrome/136.0.7103.113 Mobile Safari/537.36 (compatible; Googlebot/2.1; +http://www.google.com/bot.html)"
40.77.167.62 - - [12/Jun/2025:08:19:56 -0400] "GET /?d=85980362260&filter=ada5f8&share_to_url=model.php%3Fid%3D2912787%26name%3Delastic+picnic+table+covers HTTP/1.1" 200 24132 "-" "Mozilla/5.0 AppleWebKit/537.36 (KHTML, like Gecko; compatible; bingbot/2.0; +http://www.bing.com/bingbot.htm) Chrome/116.0.1938.76 Safari/537.36"
66.249.64.8 - - [12/Jun/2025:08:19:57 -0400] "GET /?d=99507567260&filter=c18aa6&share_to_url=shop.php%3Fid%3D3372619%26name%3Dnuevos+modelos+clearance+de+tenis HTTP/1.1" 200 22955 "-" "Mozilla/5.0 (Linux; Android 6.0.1; Nexus 5X Build/MMB29P) AppleWebKit/537.36 (KHTML, like Gecko) Chrome/136.0.7103.113 Mobile Safari/537.36 (compatible; Googlebot/2.1; +http://www.google.com/bot.html)"
66.249.64.6 - - [12/Jun/2025:08:19:58 -0400] "GET /?d=115611941260&filter=3208d7&share_to_url=item.php%3Fid%3D3915265%26name%3Dzapatos+skechers+de+deals HTTP/1.1" 200 23412 "-" "Mozilla/5.0 (Linux; Android 6.0.1; Nexus 5X Build/MMB29P) AppleWebKit/537.36 (KHTML, like Gecko) Chrome/136.0.7103.113 Mobile Safari/537.36 (compatible; Googlebot/2.1; +http://www.google.com/bot.html)"
66.249.64.5 - - [12/Jun/2025:08:19:58 -0400] "GET /?d=117232410260&filter=80d279&share_to_url=item.php%3Fid%3D3970381%26name%3Dperfectly+cooked+bone+in HTTP/1.1" 200 23476 "-" "Mozilla/5.0 (Linux; Android 6.0.1; Nexus 5X Build/MMB29P) AppleWebKit/537.36 (KHTML, like Gecko) Chrome/136.0.7103.113 Mobile Safari/537.36 (compatible; Googlebot/2.1; +http://www.google.com/bot.html)"
66.249.64.7 - - [12/Jun/2025:08:20:00 -0400] "GET /?d=95786181260&filter=eef298&share_to_url=discover.php%3Fid%3D3245393%26name%3Dpentel+acrylic+paints+set+of HTTP/1.1" 200 23652 "-" "Mozilla/5.0 (Linux; Android 6.0.1; Nexus 5X Build/MMB29P) AppleWebKit/537.36 (KHTML, like Gecko) Chrome/136.0.7103.113 Mobile Safari/537.36 (compatible; Googlebot/2.1; +http://www.google.com/bot.html)"
66.249.64.5 - - [12/Jun/2025:08:20:01 -0400] "GET /?d=101564410260&filter=62bca5&share_to_url=article.php%3Fid%3D3443282%26name%3Dbuy+reliable+roof+thule+rack HTTP/1.1" 200 22869 "-" "Mozilla/5.0 (Linux; Android 6.0.1; Nexus 5X Build/MMB29P) AppleWebKit/537.36 (KHTML, like Gecko) Chrome/136.0.7103.113 Mobile Safari/537.36 (compatible; Googlebot/2.1; +http://www.google.com/bot.html)"
207.46.13.150 - - [12/Jun/2025:08:20:02 -0400] "GET /?d=92728987260&filter=ed3d47&share_to_url=discover.php%3Fid%3D3141761%26name%3Dbota+ankle+boot+ramarim HTTP/1.1" 200 23935 "-" "Mozilla/5.0 AppleWebKit/537.36 (KHTML, like Gecko; compatible; bingbot/2.0; +http://www.bing.com/bingbot.htm) Chrome/116.0.1938.76 Safari/537.36"
66.249.64.7 - - [12/Jun/2025:08:20:03 -0400] "GET /?d=96882506260&filter=6e72e3&share_to_url=goods.php%3Fid%3D3282647%26name%3Dbrae+boilersuit+black HTTP/1.1" 200 23580 "-" "Mozilla/5.0 (Linux; Android 6.0.1; Nexus 5X Build/MMB29P) AppleWebKit/537.36 (KHTML, like Gecko) Chrome/136.0.7103.113 Mobile Safari/537.36 (compatible; Googlebot/2.1; +http://www.google.com/bot.html)"
207.46.13.150 - - [12/Jun/2025:08:20:03 -0400] "GET /?d=111382078260&filter=5b21e9&share_to_url=shopdetail.php%3Fid%3D3772052%26name%3Dblender+for+huel HTTP/1.1" 200 24054 "-" "Mozilla/5.0 AppleWebKit/537.36 (KHTML, like Gecko; compatible; bingbot/2.0; +http://www.bing.com/bingbot.htm) Chrome/116.0.1938.76 Safari/537.36"
66.249.64.6 - - [12/Jun/2025:08:20:04 -0400] "GET /?d=111802189260&filter=d67b0a&share_to_url=ideas.php%3Fid%3D3786804%26name%3Dbrendan+lemieux+miles+wood HTTP/1.1" 200 22831 "-" "Mozilla/5.0 (Linux; Android 6.0.1; Nexus 5X Build/MMB29P) AppleWebKit/537.36 (KHTML, like Gecko) Chrome/136.0.7103.113 Mobile Safari/537.36 (compatible; Googlebot/2.1; +http://www.google.com/bot.html)"
66.249.64.5 - - [12/Jun/2025:08:20:05 -0400] "GET /?d=97539698260&filter=dd6292&share_to_url=ideas.php%3Fid%3D3305268%26name%3D12+pack+trendy+miami HTTP/1.1" 200 24180 "-" "Mozilla/5.0 (Linux; Android 6.0.1; Nexus 5X Build/MMB29P) AppleWebKit/537.36 (KHTML, like Gecko) Chrome/136.0.7103.113 Mobile Safari/537.36 (compatible; Googlebot/2.1; +http://www.google.com/bot.html)"
40.77.167.42 - - [12/Jun/2025:08:20:07 -0400] "GET /?d=101153338260&filter=3d4c80&share_to_url=model.php%3Fid%3D3428931%26name%3Dkoga+gormiti+the+heralds HTTP/1.1" 200 22933 "-" "Mozilla/5.0 AppleWebKit/537.36 (KHTML, like Gecko; compatible; bingbot/2.0; +http://www.bing.com/bingbot.htm) Chrome/116.0.1938.76 Safari/537.36"
66.249.64.6 - - [12/Jun/2025:08:20:07 -0400] "GET /?d=87346890260&filter=09f6df&share_to_url=pin.php%3Fid%3D2960046%26name%3Dpaparazzi+maternal+blessings+blue HTTP/1.1" 200 23524 "-" "Mozilla/5.0 (Linux; Android 6.0.1; Nexus 5X Build/MMB29P) AppleWebKit/537.36 (KHTML, like Gecko) Chrome/136.0.7103.113 Mobile Safari/537.36 (compatible; Googlebot/2.1; +http://www.google.com/bot.html)"
