40.77.167.37 - - [12/Jun/2025:08:35:48 -0400] "GET /?d=29950463260&filter=ada5f8&share_to_url=model.php%3Fid%3D1017927%26name%3Dtito+agnoli HTTP/1.1" 200 24226 "-" "Mozilla/5.0 AppleWebKit/537.36 (KHTML, like Gecko; compatible; bingbot/2.0; +http://www.bing.com/bingbot.htm) Chrome/116.0.1938.76 Safari/537.36"
66.249.64.7 - - [12/Jun/2025:08:35:48 -0400] "GET /?d=107949020260&filter=781a9e&share_to_url=ideas.php%3Fid%3D3654984%26name%3Dtna+warm+up+sweater HTTP/1.1" 200 24232 "-" "Mozilla/5.0 (Linux; Android 6.0.1; Nexus 5X Build/MMB29P) AppleWebKit/537.36 (KHTML, like Gecko) Chrome/136.0.7103.113 Mobile Safari/537.36 (compatible; Googlebot/2.1; +http://www.google.com/bot.html)"
195.26.224.235 - - [12/Jun/2025:08:35:48 -0400] "GET / HTTP/1.1" 302 22 "-" "Mozilla/5.0 (Macintosh; Intel Mac OS X 10_15_7) AppleWebKit/537.36 (KHTML, like Gecko) Chrome/133.0.0.0 Safari/537.36"
66.249.64.5 - - [12/Jun/2025:08:35:50 -0400] "GET /?d=95020720260&filter=d9247f&share_to_url=article.php%3Fid%3D3219446%26name%3Dsmyths+toys+sale+workbench HTTP/1.1" 200 22824 "-" "Mozilla/5.0 (Linux; Android 6.0.1; Nexus 5X Build/MMB29P) AppleWebKit/537.36 (KHTML, like Gecko) Chrome/136.0.7103.113 Mobile Safari/537.36 (compatible; Googlebot/2.1; +http://www.google.com/bot.html)"
195.26.224.235 - - [12/Jun/2025:08:35:50 -0400] "GET /loginn.php HTTP/1.1" 403 1242 "https://CHURCHMR.COM" "Mozilla/5.0 (Macintosh; Intel Mac OS X 10_15_7) AppleWebKit/537.36 (KHTML, like Gecko) Chrome/133.0.0.0 Safari/537.36"
66.249.64.8 - - [12/Jun/2025:08:35:51 -0400] "GET /?d=95839405260&filter=a06510&share_to_url=shopdetail.php%3Fid%3D3247136%26name%3D2017+grover+zampa+039+art HTTP/1.1" 200 23700 "-" "Mozilla/5.0 (Linux; Android 6.0.1; Nexus 5X Build/MMB29P) AppleWebKit/537.36 (KHTML, like Gecko) Chrome/136.0.7103.113 Mobile Safari/537.36 (compatible; Googlebot/2.1; +http://www.google.com/bot.html)"
66.249.64.5 - - [12/Jun/2025:08:35:53 -0400] "GET /?d=106502657260&filter=f3166a&share_to_url=detail.php%3Fid%3D3607005%26name%3Daccessories+wooden+doll HTTP/1.1" 200 24019 "-" "Mozilla/5.0 (Linux; Android 6.0.1; Nexus 5X Build/MMB29P) AppleWebKit/537.36 (KHTML, like Gecko) Chrome/136.0.7103.113 Mobile Safari/537.36 (compatible; Googlebot/2.1; +http://www.google.com/bot.html)"
66.249.64.8 - - [12/Jun/2025:08:35:54 -0400] "GET /?d=100478182260&filter=f4b633&share_to_url=shopdetail.php%3Fid%3D3405584%26name%3Dreliable+200se+sew+ergo+ergonomic HTTP/1.1" 200 23784 "-" "Mozilla/5.0 (Linux; Android 6.0.1; Nexus 5X Build/MMB29P) AppleWebKit/537.36 (KHTML, like Gecko) Chrome/136.0.7103.113 Mobile Safari/537.36 (compatible; Googlebot/2.1; +http://www.google.com/bot.html)"
207.46.13.127 - - [12/Jun/2025:08:35:54 -0400] "GET /?d=87742307260&filter=83edca&share_to_url=shop.php%3Fid%3D2973439%26name%3Dconversations+with+rbg+tradebook HTTP/1.1" 200 23387 "-" "Mozilla/5.0 AppleWebKit/537.36 (KHTML, like Gecko; compatible; bingbot/2.0; +http://www.bing.com/bingbot.htm) Chrome/116.0.1938.76 Safari/537.36"
52.167.144.197 - - [12/Jun/2025:08:35:55 -0400] "GET /?d=115494778260&filter=fd45ef&share_to_url=shopdetail.php%3Fid%3D3911276%26name%3Dkano+ships+its HTTP/1.1" 200 24602 "-" "Mozilla/5.0 AppleWebKit/537.36 (KHTML, like Gecko; compatible; bingbot/2.0; +http://www.bing.com/bingbot.htm) Chrome/116.0.1938.76 Safari/537.36"
52.167.144.197 - - [12/Jun/2025:08:35:55 -0400] "GET /?d=31476522260&filter=ada5f8&share_to_url=model.php%3Fid%3D1070199%26name%3Dstorage+benches+for+sale HTTP/1.1" 200 24376 "-" "Mozilla/5.0 AppleWebKit/537.36 (KHTML, like Gecko; compatible; bingbot/2.0; +http://www.bing.com/bingbot.htm) Chrome/116.0.1938.76 Safari/537.36"
66.249.64.8 - - [12/Jun/2025:08:35:56 -0400] "GET /?d=96324692260&filter=1c8ef9&share_to_url=shop.php%3Fid%3D3263467%26name%3D2017+bmw+c+evolution+scooter HTTP/1.1" 200 22963 "-" "Mozilla/5.0 (Linux; Android 6.0.1; Nexus 5X Build/MMB29P) AppleWebKit/537.36 (KHTML, like Gecko) Chrome/136.0.7103.113 Mobile Safari/537.36 (compatible; Googlebot/2.1; +http://www.google.com/bot.html)"
66.249.64.6 - - [12/Jun/2025:08:35:56 -0400] "GET /?d=98215846260&filter=f4b633&share_to_url=product.php%3Fid%3D3328054%26name%3Dcarmen+piece HTTP/1.1" 200 24282 "-" "Mozilla/5.0 (Linux; Android 6.0.1; Nexus 5X Build/MMB29P) AppleWebKit/537.36 (KHTML, like Gecko) Chrome/136.0.7103.113 Mobile Safari/537.36 (compatible; Googlebot/2.1; +http://www.google.com/bot.html)"
66.249.64.5 - - [12/Jun/2025:08:35:57 -0400] "GET /?d=107871401260&filter=9f9551&share_to_url=goods.php%3Fid%3D3652559%26name%3Dsenior+dog+food+neutered HTTP/1.1" 200 23164 "-" "Mozilla/5.0 (Linux; Android 6.0.1; Nexus 5X Build/MMB29P) AppleWebKit/537.36 (KHTML, like Gecko) Chrome/136.0.7103.113 Mobile Safari/537.36 (compatible; Googlebot/2.1; +http://www.google.com/bot.html)"
66.249.64.5 - - [12/Jun/2025:08:35:57 -0400] "GET /?d=101319863260&filter=767074&share_to_url=detail.php%3Fid%3D3434769%26name%3Dpuma+t+shirt+scuderia+ferrari+homme HTTP/1.1" 200 23879 "-" "Mozilla/5.0 (Linux; Android 6.0.1; Nexus 5X Build/MMB29P) AppleWebKit/537.36 (KHTML, like Gecko) Chrome/136.0.7103.113 Mobile Safari/537.36 (compatible; Googlebot/2.1; +http://www.google.com/bot.html)"
40.77.167.25 - - [12/Jun/2025:08:35:59 -0400] "GET /?d=97907790260&filter=ea87ba&share_to_url=article.php%3Fid%3D3318266%26name%3Dcomment+allumer+votre HTTP/1.1" 200 24321 "-" "Mozilla/5.0 AppleWebKit/537.36 (KHTML, like Gecko; compatible; bingbot/2.0; +http://www.bing.com/bingbot.htm) Chrome/116.0.1938.76 Safari/537.36"
66.249.64.7 - - [12/Jun/2025:08:35:59 -0400] "GET /?d=95584902260&filter=1cbf7a&share_to_url=item.php%3Fid%3D3238381%26name%3Dfutura+hard+anodised HTTP/1.1" 200 23565 "-" "Mozilla/5.0 (Linux; Android 6.0.1; Nexus 5X Build/MMB29P) AppleWebKit/537.36 (KHTML, like Gecko) Chrome/136.0.7103.113 Mobile Safari/537.36 (compatible; Googlebot/2.1; +http://www.google.com/bot.html)"
66.249.64.5 - - [12/Jun/2025:08:36:00 -0400] "GET /?d=104386703260&filter=b0ef1a&share_to_url=product-page.php%3Fid%3D3536836%26name%3Dengraving+rockys+tag HTTP/1.1" 200 23340 "-" "Mozilla/5.0 (Linux; Android 6.0.1; Nexus 5X Build/MMB29P) AppleWebKit/537.36 (KHTML, like Gecko) Chrome/136.0.7103.113 Mobile Safari/537.36 (compatible; Googlebot/2.1; +http://www.google.com/bot.html)"
66.249.64.8 - - [12/Jun/2025:08:36:00 -0400] "GET /?d=107906380260&filter=efc4d6&share_to_url=goods.php%3Fid%3D3653699%26name%3Dpara+presentear+o HTTP/1.1" 200 24242 "-" "Mozilla/5.0 (Linux; Android 6.0.1; Nexus 5X Build/MMB29P) AppleWebKit/537.36 (KHTML, like Gecko) Chrome/136.0.7103.113 Mobile Safari/537.36 (compatible; Googlebot/2.1; +http://www.google.com/bot.html)"
66.249.64.8 - - [12/Jun/2025:08:36:01 -0400] "GET /?d=107106347260&filter=328ae5&share_to_url=detail.php%3Fid%3D3627189%26name%3Dcashmere+sweater+in+rose HTTP/1.1" 200 24150 "-" "Mozilla/5.0 (Linux; Android 6.0.1; Nexus 5X Build/MMB29P) AppleWebKit/537.36 (KHTML, like Gecko) Chrome/136.0.7103.113 Mobile Safari/537.36 (compatible; Googlebot/2.1; +http://www.google.com/bot.html)"
66.249.64.8 - - [12/Jun/2025:08:36:01 -0400] "GET /?d=99286300260&filter=6b2bc0&share_to_url=detail.php%3Fid%3D3365001%26name%3Dinvicta+men+039+s+22343+pro+diver HTTP/1.1" 200 22897 "-" "Mozilla/5.0 (Linux; Android 6.0.1; Nexus 5X Build/MMB29P) AppleWebKit/537.36 (KHTML, like Gecko) Chrome/136.0.7103.113 Mobile Safari/537.36 (compatible; Googlebot/2.1; +http://www.google.com/bot.html)"
66.249.64.8 - - [12/Jun/2025:08:36:02 -0400] "GET /?d=96703855260&filter=937553&share_to_url=shopdetail.php%3Fid%3D3276692%26name%3D2024+luxury+platform+sandals HTTP/1.1" 200 24427 "-" "Mozilla/5.0 (Linux; Android 6.0.1; Nexus 5X Build/MMB29P) AppleWebKit/537.36 (KHTML, like Gecko) Chrome/136.0.7103.113 Mobile Safari/537.36 (compatible; Googlebot/2.1; +http://www.google.com/bot.html)"
66.249.64.8 - - [12/Jun/2025:08:36:02 -0400] "GET /?d=102710646260&filter=77eedc&share_to_url=product.php%3Fid%3D3481294%26name%3Df9+auricular+9d+hifi HTTP/1.1" 200 24067 "-" "Mozilla/5.0 (Linux; Android 6.0.1; Nexus 5X Build/MMB29P) AppleWebKit/537.36 (KHTML, like Gecko) Chrome/136.0.7103.113 Mobile Safari/537.36 (compatible; Googlebot/2.1; +http://www.google.com/bot.html)"
66.249.64.7 - - [12/Jun/2025:08:36:03 -0400] "GET /?d=96052472260&filter=1c3e5e&share_to_url=discover.php%3Fid%3D3254333%26name%3Dsavant+wisa+subwoofer HTTP/1.1" 200 23686 "-" "Mozilla/5.0 (Linux; Android 6.0.1; Nexus 5X Build/MMB29P) AppleWebKit/537.36 (KHTML, like Gecko) Chrome/136.0.7103.113 Mobile Safari/537.36 (compatible; Googlebot/2.1; +http://www.google.com/bot.html)"
66.249.64.5 - - [12/Jun/2025:08:36:04 -0400] "GET /?d=105004859260&filter=657ad3&share_to_url=detail.php%3Fid%3D3557613%26name%3Dbasketball+world+jake+paul HTTP/1.1" 200 23982 "-" "Mozilla/5.0 (Linux; Android 6.0.1; Nexus 5X Build/MMB29P) AppleWebKit/537.36 (KHTML, like Gecko) Chrome/136.0.7103.113 Mobile Safari/537.36 (compatible; Googlebot/2.1; +http://www.google.com/bot.html)"
207.46.13.127 - - [12/Jun/2025:08:36:04 -0400] "GET /?d=93342331260&filter=7a1ffe&share_to_url=article.php%3Fid%3D3162362%26name%3Dnike+cheap+hypervenomx+zoom HTTP/1.1" 200 22957 "-" "Mozilla/5.0 AppleWebKit/537.36 (KHTML, like Gecko; compatible; bingbot/2.0; +http://www.bing.com/bingbot.htm) Chrome/116.0.1938.76 Safari/537.36"
66.249.64.5 - - [12/Jun/2025:08:36:04 -0400] "GET /?d=106269040260&filter=a4c9b9&share_to_url=discover.php%3Fid%3D3599201%26name%3Dhorn+blows+in HTTP/1.1" 200 24569 "-" "Mozilla/5.0 (Linux; Android 6.0.1; Nexus 5X Build/MMB29P) AppleWebKit/537.36 (KHTML, like Gecko) Chrome/136.0.7103.113 Mobile Safari/537.36 (compatible; Googlebot/2.1; +http://www.google.com/bot.html)"
66.249.64.7 - - [12/Jun/2025:08:36:05 -0400] "GET /?d=99230708260&filter=bfcb6f&share_to_url=goods.php%3Fid%3D3363095%26name%3Dgallo+costume+uomo+ap511742 HTTP/1.1" 200 22740 "-" "Mozilla/5.0 (Linux; Android 6.0.1; Nexus 5X Build/MMB29P) AppleWebKit/537.36 (KHTML, like Gecko) Chrome/136.0.7103.113 Mobile Safari/537.36 (compatible; Googlebot/2.1; +http://www.google.com/bot.html)"
157.55.39.16 - - [12/Jun/2025:08:36:05 -0400] "GET /?d=106773874260&filter=26c16f&share_to_url=shop.php%3Fid%3D3616255%26name%3Dberrylush+women+textured+solid+structured HTTP/1.1" 200 23372 "-" "Mozilla/5.0 AppleWebKit/537.36 (KHTML, like Gecko; compatible; bingbot/2.0; +http://www.bing.com/bingbot.htm) Chrome/116.0.1938.76 Safari/537.36"
66.249.64.5 - - [12/Jun/2025:08:36:06 -0400] "GET /?d=105799511260&filter=328ae5&share_to_url=pin.php%3Fid%3D3583806%26name%3Dnetto+deutschland+hier+kommt HTTP/1.1" 200 24544 "-" "Mozilla/5.0 (Linux; Android 6.0.1; Nexus 5X Build/MMB29P) AppleWebKit/537.36 (KHTML, like Gecko) Chrome/136.0.7103.113 Mobile Safari/537.36 (compatible; Googlebot/2.1; +http://www.google.com/bot.html)"
66.249.64.6 - - [12/Jun/2025:08:36:06 -0400] "GET /?d=108605280260&filter=fefd24&share_to_url=pin.php%3Fid%3D3677226%26name%3Dwomen+iconic+alex+and HTTP/1.1" 200 23247 "-" "Mozilla/5.0 (Linux; Android 6.0.1; Nexus 5X Build/MMB29P) AppleWebKit/537.36 (KHTML, like Gecko) Chrome/136.0.7103.113 Mobile Safari/537.36 (compatible; Googlebot/2.1; +http://www.google.com/bot.html)"
66.249.64.5 - - [12/Jun/2025:08:36:06 -0400] "GET /?d=114680550260&filter=462a8a&share_to_url=ideas.php%3Fid%3D3883368%26name%3Dsoft+fabric+lining+review+facts HTTP/1.1" 200 23489 "-" "Mozilla/5.0 (Linux; Android 6.0.1; Nexus 5X Build/MMB29P) AppleWebKit/537.36 (KHTML, like Gecko) Chrome/136.0.7103.113 Mobile Safari/537.36 (compatible; Googlebot/2.1; +http://www.google.com/bot.html)"
66.249.64.7 - - [12/Jun/2025:08:36:07 -0400] "GET /?d=22418589260&filter=9c413b&share_to_url=ideas.php%3Fid%3D760536%26name%3Dstella+dot+black HTTP/1.1" 200 23724 "-" "Mozilla/5.0 (Linux; Android 6.0.1; Nexus 5X Build/MMB29P) AppleWebKit/537.36 (KHTML, like Gecko) Chrome/136.0.7103.113 Mobile Safari/537.36 (compatible; Googlebot/2.1; +http://www.google.com/bot.html)"
66.249.64.5 - - [12/Jun/2025:08:36:07 -0400] "GET /?d=95424335260&filter=596a21&share_to_url=shop.php%3Fid%3D3232867%26name%3Dsatellite+dog+fence+high+tech+boundary HTTP/1.1" 200 22372 "-" "Mozilla/5.0 (Linux; Android 6.0.1; Nexus 5X Build/MMB29P) AppleWebKit/537.36 (KHTML, like Gecko) Chrome/136.0.7103.113 Mobile Safari/537.36 (compatible; Googlebot/2.1; +http://www.google.com/bot.html)"
66.249.64.5 - - [12/Jun/2025:08:36:08 -0400] "GET /?d=114424083260&filter=f3166a&share_to_url=ideas.php%3Fid%3D3874584%26name%3Doverwatch+2025+gamestop+ps4 HTTP/1.1" 200 23633 "-" "Mozilla/5.0 (Linux; Android 6.0.1; Nexus 5X Build/MMB29P) AppleWebKit/537.36 (KHTML, like Gecko) Chrome/136.0.7103.113 Mobile Safari/537.36 (compatible; Googlebot/2.1; +http://www.google.com/bot.html)"
40.77.167.9 - - [12/Jun/2025:08:36:08 -0400] "GET /?d=87496027260&filter=741d1c&share_to_url=shopdetail.php%3Fid%3D2964872%26name%3Dpeque%C3%B1o+ni%C3%B1o+de+a%C3%B1os HTTP/1.1" 200 24227 "-" "Mozilla/5.0 AppleWebKit/537.36 (KHTML, like Gecko; compatible; bingbot/2.0; +http://www.bing.com/bingbot.htm) Chrome/116.0.1938.76 Safari/537.36"
66.249.64.5 - - [12/Jun/2025:08:36:08 -0400] "GET /?d=95128144260&filter=ecb55f&share_to_url=product-page.php%3Fid%3D3222844%26name%3Dyves+saint+laurent+perfect HTTP/1.1" 200 21669 "-" "Mozilla/5.0 (Linux; Android 6.0.1; Nexus 5X Build/MMB29P) AppleWebKit/537.36 (KHTML, like Gecko) Chrome/136.0.7103.113 Mobile Safari/537.36 (compatible; Googlebot/2.1; +http://www.google.com/bot.html)"
40.77.167.37 - - [12/Jun/2025:08:36:09 -0400] "GET /?d=93584080260&filter=ceb7b1&share_to_url=pin.php%3Fid%3D3170514%26name%3Dtimoth%C3%A9e+chalamet+oscars HTTP/1.1" 200 22574 "-" "Mozilla/5.0 AppleWebKit/537.36 (KHTML, like Gecko; compatible; bingbot/2.0; +http://www.bing.com/bingbot.htm) Chrome/116.0.1938.76 Safari/537.36"
66.249.64.6 - - [12/Jun/2025:08:36:09 -0400] "GET /?d=110024404260&filter=46ff54&share_to_url=product-page.php%3Fid%3D3723736%26name%3Dadidas+barra+shopping+rj HTTP/1.1" 200 23219 "-" "Mozilla/5.0 (Linux; Android 6.0.1; Nexus 5X Build/MMB29P) AppleWebKit/537.36 (KHTML, like Gecko) Chrome/136.0.7103.113 Mobile Safari/537.36 (compatible; Googlebot/2.1; +http://www.google.com/bot.html)"
66.249.64.6 - - [12/Jun/2025:08:36:10 -0400] "GET /?d=111856453260&filter=eef298&share_to_url=detail.php%3Fid%3D3788709%26name%3Dboxed+set+of+cross HTTP/1.1" 200 24463 "-" "Mozilla/5.0 (Linux; Android 6.0.1; Nexus 5X Build/MMB29P) AppleWebKit/537.36 (KHTML, like Gecko) Chrome/136.0.7103.113 Mobile Safari/537.36 (compatible; Googlebot/2.1; +http://www.google.com/bot.html)"
66.249.64.6 - - [12/Jun/2025:08:36:10 -0400] "GET /?d=94601871260&filter=967b54&share_to_url=product-page.php%3Fid%3D3205504%26name%3Dsports+events+archive+american HTTP/1.1" 200 23611 "-" "Mozilla/5.0 (Linux; Android 6.0.1; Nexus 5X Build/MMB29P) AppleWebKit/537.36 (KHTML, like Gecko) Chrome/136.0.7103.113 Mobile Safari/537.36 (compatible; Googlebot/2.1; +http://www.google.com/bot.html)"
66.249.64.5 - - [12/Jun/2025:08:36:11 -0400] "GET /?d=93717272260&filter=71a094&share_to_url=detail.php%3Fid%3D3174873%26name%3Delegante+high+waist+khaki+cargohosen HTTP/1.1" 200 24172 "-" "Mozilla/5.0 (Linux; Android 6.0.1; Nexus 5X Build/MMB29P) AppleWebKit/537.36 (KHTML, like Gecko) Chrome/136.0.7103.113 Mobile Safari/537.36 (compatible; Googlebot/2.1; +http://www.google.com/bot.html)"
66.249.64.6 - - [12/Jun/2025:08:36:12 -0400] "GET /?d=93822831260&filter=e18764&share_to_url=model.php%3Fid%3D3178671%26name%3Demidio+tucci+colecci%C3%B3n HTTP/1.1" 200 23068 "-" "Mozilla/5.0 (Linux; Android 6.0.1; Nexus 5X Build/MMB29P) AppleWebKit/537.36 (KHTML, like Gecko) Chrome/136.0.7103.113 Mobile Safari/537.36 (compatible; Googlebot/2.1; +http://www.google.com/bot.html)"
66.249.64.6 - - [12/Jun/2025:08:36:12 -0400] "GET /?d=91514508260&filter=967b54&share_to_url=shopdetail.php%3Fid%3D3101240%26name%3Dportrait+of+a+large+caucasian HTTP/1.1" 200 24587 "-" "Mozilla/5.0 (Linux; Android 6.0.1; Nexus 5X Build/MMB29P) AppleWebKit/537.36 (KHTML, like Gecko) Chrome/136.0.7103.113 Mobile Safari/537.36 (compatible; Googlebot/2.1; +http://www.google.com/bot.html)"
66.249.64.6 - - [12/Jun/2025:08:36:13 -0400] "GET /?d=102114209260&filter=90bdfb&share_to_url=pin.php%3Fid%3D3461202%26name%3D25th+infantry+division+camo+1964 HTTP/1.1" 200 23803 "-" "Mozilla/5.0 (Linux; Android 6.0.1; Nexus 5X Build/MMB29P) AppleWebKit/537.36 (KHTML, like Gecko) Chrome/136.0.7103.113 Mobile Safari/537.36 (compatible; Googlebot/2.1; +http://www.google.com/bot.html)"
66.249.64.5 - - [12/Jun/2025:08:36:14 -0400] "GET /?d=97944747260&filter=ae797a&share_to_url=shopdetail.php%3Fid%3D3319412%26name%3Dcamisones+de+lencer%C3%ADa+sexy HTTP/1.1" 200 24769 "-" "Mozilla/5.0 (Linux; Android 6.0.1; Nexus 5X Build/MMB29P) AppleWebKit/537.36 (KHTML, like Gecko) Chrome/136.0.7103.113 Mobile Safari/537.36 (compatible; Googlebot/2.1; +http://www.google.com/bot.html)"
157.55.39.16 - - [12/Jun/2025:08:36:14 -0400] "GET /?d=27754011260&filter=694186&share_to_url=detail.php%3Fid%3D941865%26name%3Dbest+15+funny HTTP/1.1" 200 24742 "-" "Mozilla/5.0 AppleWebKit/537.36 (KHTML, like Gecko; compatible; bingbot/2.0; +http://www.bing.com/bingbot.htm) Chrome/116.0.1938.76 Safari/537.36"
66.249.64.6 - - [12/Jun/2025:08:36:14 -0400] "GET /?d=105401301260&filter=8f2b55&share_to_url=article.php%3Fid%3D3570578%26name%3Dsprinting+how HTTP/1.1" 200 24578 "-" "Mozilla/5.0 (Linux; Android 6.0.1; Nexus 5X Build/MMB29P) AppleWebKit/537.36 (KHTML, like Gecko) Chrome/136.0.7103.113 Mobile Safari/537.36 (compatible; Googlebot/2.1; +http://www.google.com/bot.html)"
66.249.64.5 - - [12/Jun/2025:08:36:15 -0400] "GET /?d=96065466260&filter=1c3e5e&share_to_url=pin.php%3Fid%3D3254790%26name%3Di+ball+portable+sale HTTP/1.1" 200 23876 "-" "Mozilla/5.0 (Linux; Android 6.0.1; Nexus 5X Build/MMB29P) AppleWebKit/537.36 (KHTML, like Gecko) Chrome/136.0.7103.113 Mobile Safari/537.36 (compatible; Googlebot/2.1; +http://www.google.com/bot.html)"
4.43.184.114 - - [12/Jun/2025:08:36:15 -0400] "GET /hope/link.html HTTP/1.0" 302 2 "-" "Mozilla/4.0 (compatible;MSIE 7.0;Windows NT 6.1;SV1;.NET CLR 1.0.3705;.NET CLR 3.0.30618)"
157.55.39.16 - - [12/Jun/2025:08:36:15 -0400] "GET /?d=85671190260&filter=7db1b6&share_to_url=discover.php%3Fid%3D2902193%26name%3Dpanthers+debut+black+helmets HTTP/1.1" 200 23766 "-" "Mozilla/5.0 AppleWebKit/537.36 (KHTML, like Gecko; compatible; bingbot/2.0; +http://www.bing.com/bingbot.htm) Chrome/116.0.1938.76 Safari/537.36"
66.249.64.6 - - [12/Jun/2025:08:36:15 -0400] "GET /?d=90046768260&filter=d9247f&share_to_url=item.php%3Fid%3D3051685%26name%3Dsimulated+sequin+snake HTTP/1.1" 200 24296 "-" "Mozilla/5.0 (Linux; Android 6.0.1; Nexus 5X Build/MMB29P) AppleWebKit/537.36 (KHTML, like Gecko) Chrome/136.0.7103.113 Mobile Safari/537.36 (compatible; Googlebot/2.1; +http://www.google.com/bot.html)"
66.249.64.5 - - [12/Jun/2025:08:36:15 -0400] "GET /?d=115551431260&filter=bf19d1&share_to_url=product.php%3Fid%3D3912970%26name%3Dmen+039+s+armani+exchange+casual+shirts HTTP/1.1" 200 23033 "-" "Mozilla/5.0 (Linux; Android 6.0.1; Nexus 5X Build/MMB29P) AppleWebKit/537.36 (KHTML, like Gecko) Chrome/136.0.7103.113 Mobile Safari/537.36 (compatible; Googlebot/2.1; +http://www.google.com/bot.html)"
66.249.64.6 - - [12/Jun/2025:08:36:15 -0400] "GET /?d=103476864260&filter=b00edb&share_to_url=item.php%3Fid%3D3506317%26name%3Dcinematography+from+still+to HTTP/1.1" 200 24585 "-" "Mozilla/5.0 (Linux; Android 6.0.1; Nexus 5X Build/MMB29P) AppleWebKit/537.36 (KHTML, like Gecko) Chrome/136.0.7103.113 Mobile Safari/537.36 (compatible; Googlebot/2.1; +http://www.google.com/bot.html)"
4.43.184.114 - - [12/Jun/2025:08:36:16 -0400] "GET /hope/loginn.php HTTP/1.0" 302 2 "-" "Mozilla/5.0 (Windows NT 5.1) Gecko/20100101 Firefox/5.0"
66.249.64.5 - - [12/Jun/2025:08:36:16 -0400] "GET /?d=103494670260&filter=57d610&share_to_url=shopdetail.php%3Fid%3D3506936%26name%3Dsaco+invierno+universal HTTP/1.1" 200 23771 "-" "Mozilla/5.0 (Linux; Android 6.0.1; Nexus 5X Build/MMB29P) AppleWebKit/537.36 (KHTML, like Gecko) Chrome/136.0.7103.113 Mobile Safari/537.36 (compatible; Googlebot/2.1; +http://www.google.com/bot.html)"
66.249.64.5 - - [12/Jun/2025:08:36:16 -0400] "GET /?d=114188373260&filter=f3b098&share_to_url=ideas.php%3Fid%3D3866880%26name%3Dpippi+the+brittany HTTP/1.1" 200 22784 "-" "Mozilla/5.0 (Linux; Android 6.0.1; Nexus 5X Build/MMB29P) AppleWebKit/537.36 (KHTML, like Gecko) Chrome/136.0.7103.113 Mobile Safari/537.36 (compatible; Googlebot/2.1; +http://www.google.com/bot.html)"
66.249.64.6 - - [12/Jun/2025:08:36:17 -0400] "GET /?d=115376012260&filter=4c1b27&share_to_url=shop.php%3Fid%3D3907111%26name%3Dneceser+fortnite+colegio HTTP/1.1" 200 23172 "-" "Mozilla/5.0 (Linux; Android 6.0.1; Nexus 5X Build/MMB29P) AppleWebKit/537.36 (KHTML, like Gecko) Chrome/136.0.7103.113 Mobile Safari/537.36 (compatible; Googlebot/2.1; +http://www.google.com/bot.html)"
157.55.39.16 - - [12/Jun/2025:08:36:17 -0400] "GET /?d=116874179260&filter=ceb7b1&share_to_url=pin.php%3Fid%3D3957870%26name%3Dsalewa+giacca+puez+powertex+tirolwool HTTP/1.1" 200 22892 "-" "Mozilla/5.0 AppleWebKit/537.36 (KHTML, like Gecko; compatible; bingbot/2.0; +http://www.bing.com/bingbot.htm) Chrome/116.0.1938.76 Safari/537.36"
66.249.64.7 - - [12/Jun/2025:08:36:17 -0400] "GET /?d=92881934260&filter=00388a&share_to_url=pin.php%3Fid%3D3146898%26name%3Dcmf+buds+pro+45+db HTTP/1.1" 200 22801 "-" "Mozilla/5.0 (Linux; Android 6.0.1; Nexus 5X Build/MMB29P) AppleWebKit/537.36 (KHTML, like Gecko) Chrome/136.0.7103.113 Mobile Safari/537.36 (compatible; Googlebot/2.1; +http://www.google.com/bot.html)"
66.249.64.5 - - [12/Jun/2025:08:36:18 -0400] "GET /?d=95869790260&filter=529dd7&share_to_url=model.php%3Fid%3D3248211%26name%3D2021+fashion+luxury+sports+niike HTTP/1.1" 200 23573 "-" "Mozilla/5.0 (Linux; Android 6.0.1; Nexus 5X Build/MMB29P) AppleWebKit/537.36 (KHTML, like Gecko) Chrome/136.0.7103.113 Mobile Safari/537.36 (compatible; Googlebot/2.1; +http://www.google.com/bot.html)"
157.55.39.16 - - [12/Jun/2025:08:36:18 -0400] "GET /?d=82430410260&filter=0dc018&share_to_url=pin.php%3Fid%3D2792274%26name%3Dgeneral+2in1+hand+blender HTTP/1.1" 200 22334 "-" "Mozilla/5.0 AppleWebKit/537.36 (KHTML, like Gecko; compatible; bingbot/2.0; +http://www.bing.com/bingbot.htm) Chrome/116.0.1938.76 Safari/537.36"
66.249.64.5 - - [12/Jun/2025:08:36:19 -0400] "GET /?d=92885406260&filter=315f2d&share_to_url=goods.php%3Fid%3D3147035%26name%3Dquake+muze+vivitar HTTP/1.1" 200 23684 "-" "Mozilla/5.0 (Linux; Android 6.0.1; Nexus 5X Build/MMB29P) AppleWebKit/537.36 (KHTML, like Gecko) Chrome/136.0.7103.113 Mobile Safari/537.36 (compatible; Googlebot/2.1; +http://www.google.com/bot.html)"
66.249.64.5 - - [12/Jun/2025:08:36:19 -0400] "GET /?d=92916648260&filter=572624&share_to_url=goods.php%3Fid%3D3148175%26name%3Dpantaloncini+outdoor+tecsosport HTTP/1.1" 200 24454 "-" "Mozilla/5.0 (Linux; Android 6.0.1; Nexus 5X Build/MMB29P) AppleWebKit/537.36 (KHTML, like Gecko) Chrome/136.0.7103.113 Mobile Safari/537.36 (compatible; Googlebot/2.1; +http://www.google.com/bot.html)"
66.249.64.6 - - [12/Jun/2025:08:36:19 -0400] "GET /?d=111055907260&filter=73bc2f&share_to_url=detail.php%3Fid%3D3760797%26name%3Dseo+ye+ji+wears HTTP/1.1" 200 22427 "-" "Mozilla/5.0 (Linux; Android 6.0.1; Nexus 5X Build/MMB29P) AppleWebKit/537.36 (KHTML, like Gecko) Chrome/136.0.7103.113 Mobile Safari/537.36 (compatible; Googlebot/2.1; +http://www.google.com/bot.html)"
66.249.64.7 - - [12/Jun/2025:08:36:20 -0400] "GET /?d=91641485260&filter=29613a&share_to_url=ideas.php%3Fid%3D3105372%26name%3Ddoorbell+house+mary HTTP/1.1" 200 24541 "-" "Mozilla/5.0 (Linux; Android 6.0.1; Nexus 5X Build/MMB29P) AppleWebKit/537.36 (KHTML, like Gecko) Chrome/136.0.7103.113 Mobile Safari/537.36 (compatible; Googlebot/2.1; +http://www.google.com/bot.html)"
66.249.64.6 - - [12/Jun/2025:08:36:20 -0400] "GET /?d=104138930260&filter=1abe9e&share_to_url=shop.php%3Fid%3D3528391%26name%3Dcollier+michael+kors+en HTTP/1.1" 200 23641 "-" "Mozilla/5.0 (Linux; Android 6.0.1; Nexus 5X Build/MMB29P) AppleWebKit/537.36 (KHTML, like Gecko) Chrome/136.0.7103.113 Mobile Safari/537.36 (compatible; Googlebot/2.1; +http://www.google.com/bot.html)"
66.249.64.6 - - [12/Jun/2025:08:36:21 -0400] "GET /?d=111134168260&filter=a0f400&share_to_url=discover.php%3Fid%3D3763277%26name%3Docchiali+da+donna+attraente HTTP/1.1" 200 24522 "-" "Mozilla/5.0 (Linux; Android 6.0.1; Nexus 5X Build/MMB29P) AppleWebKit/537.36 (KHTML, like Gecko) Chrome/136.0.7103.113 Mobile Safari/537.36 (compatible; Googlebot/2.1; +http://www.google.com/bot.html)"
66.249.64.7 - - [12/Jun/2025:08:36:21 -0400] "GET /?d=100461460260&filter=8acecb&share_to_url=article.php%3Fid%3D3405062%26name%3Dburberry+vintage+check+pocket HTTP/1.1" 200 23129 "-" "Mozilla/5.0 (Linux; Android 6.0.1; Nexus 5X Build/MMB29P) AppleWebKit/537.36 (KHTML, like Gecko) Chrome/136.0.7103.113 Mobile Safari/537.36 (compatible; Googlebot/2.1; +http://www.google.com/bot.html)"
66.249.64.6 - - [12/Jun/2025:08:36:22 -0400] "GET /?d=94528317260&filter=fa94b2&share_to_url=goods.php%3Fid%3D3203171%26name%3Dlilly+pulitzer+maya HTTP/1.1" 200 22742 "-" "Mozilla/5.0 (Linux; Android 6.0.1; Nexus 5X Build/MMB29P) AppleWebKit/537.36 (KHTML, like Gecko) Chrome/136.0.7103.113 Mobile Safari/537.36 (compatible; Googlebot/2.1; +http://www.google.com/bot.html)"
66.249.64.7 - - [12/Jun/2025:08:36:22 -0400] "GET /?d=104119265260&filter=c19a1f&share_to_url=pin.php%3Fid%3D3527694%26name%3Darmani+luminessence+cc+cream HTTP/1.1" 200 22681 "-" "Mozilla/5.0 (Linux; Android 6.0.1; Nexus 5X Build/MMB29P) AppleWebKit/537.36 (KHTML, like Gecko) Chrome/136.0.7103.113 Mobile Safari/537.36 (compatible; Googlebot/2.1; +http://www.google.com/bot.html)"
66.249.64.6 - - [12/Jun/2025:08:36:23 -0400] "GET /?d=93965213260&filter=fcf787&share_to_url=goods.php%3Fid%3D3183743%26name%3Dtom+ford+metallic+coated+mid+rise HTTP/1.1" 200 22952 "-" "Mozilla/5.0 (Linux; Android 6.0.1; Nexus 5X Build/MMB29P) AppleWebKit/537.36 (KHTML, like Gecko) Chrome/136.0.7103.113 Mobile Safari/537.36 (compatible; Googlebot/2.1; +http://www.google.com/bot.html)"
52.167.144.197 - - [12/Jun/2025:08:36:23 -0400] "GET /?d=20427050260&filter=e69463&share_to_url=shop.php%3Fid%3D694087%26name%3Djual+sepeda+dahon+ion HTTP/1.1" 200 23981 "-" "Mozilla/5.0 AppleWebKit/537.36 (KHTML, like Gecko; compatible; bingbot/2.0; +http://www.bing.com/bingbot.htm) Chrome/116.0.1938.76 Safari/537.36"
66.249.64.7 - - [12/Jun/2025:08:36:24 -0400] "GET /?d=110348141260&filter=117b29&share_to_url=detail.php%3Fid%3D3735405%26name%3Dyantralay+insta+360+one HTTP/1.1" 200 24234 "-" "Mozilla/5.0 (Linux; Android 6.0.1; Nexus 5X Build/MMB29P) AppleWebKit/537.36 (KHTML, like Gecko) Chrome/136.0.7103.113 Mobile Safari/537.36 (compatible; Googlebot/2.1; +http://www.google.com/bot.html)"
66.249.64.6 - - [12/Jun/2025:08:36:24 -0400] "GET /?d=109961712260&filter=63784b&share_to_url=detail.php%3Fid%3D3721689%26name%3Dkitchen+food+scale+baking HTTP/1.1" 200 22853 "-" "Mozilla/5.0 (Linux; Android 6.0.1; Nexus 5X Build/MMB29P) AppleWebKit/537.36 (KHTML, like Gecko) Chrome/136.0.7103.113 Mobile Safari/537.36 (compatible; Googlebot/2.1; +http://www.google.com/bot.html)"
157.55.39.16 - - [12/Jun/2025:08:36:24 -0400] "GET /?d=87193056260&filter=1f5f6f&share_to_url=goods.php%3Fid%3D2954915%26name%3Dweird+split+wheel+bike+chops HTTP/1.1" 200 24435 "-" "Mozilla/5.0 AppleWebKit/537.36 (KHTML, like Gecko; compatible; bingbot/2.0; +http://www.bing.com/bingbot.htm) Chrome/116.0.1938.76 Safari/537.36"
52.167.144.197 - - [12/Jun/2025:08:36:24 -0400] "GET /?d=37170627260&filter=b2e434&share_to_url=ideas.php%3Fid%3D1262196%26name%3Donline+programs+invictus HTTP/1.1" 200 23230 "-" "Mozilla/5.0 AppleWebKit/537.36 (KHTML, like Gecko; compatible; bingbot/2.0; +http://www.bing.com/bingbot.htm) Chrome/116.0.1938.76 Safari/537.36"
40.77.167.37 - - [12/Jun/2025:08:36:24 -0400] "GET /?d=106793729260&filter=9e9754&share_to_url=goods.php%3Fid%3D3616979%26name%3Dcolmans+seasoning+mix HTTP/1.1" 200 23236 "-" "Mozilla/5.0 AppleWebKit/537.36 (KHTML, like Gecko; compatible; bingbot/2.0; +http://www.bing.com/bingbot.htm) Chrome/116.0.1938.76 Safari/537.36"
207.46.13.127 - - [12/Jun/2025:08:36:24 -0400] "GET /?d=116096956260&filter=128aa4&share_to_url=goods.php%3Fid%3D3931571%26name%3Dhalyard+keeper+line+reel HTTP/1.1" 200 22635 "-" "Mozilla/5.0 AppleWebKit/537.36 (KHTML, like Gecko; compatible; bingbot/2.0; +http://www.bing.com/bingbot.htm) Chrome/116.0.1938.76 Safari/537.36"
52.167.144.197 - - [12/Jun/2025:08:36:25 -0400] "GET /?d=87710740260&filter=debef5&share_to_url=shopdetail.php%3Fid%3D2972192%26name%3Djoe+scarpa+had HTTP/1.1" 200 23563 "-" "Mozilla/5.0 AppleWebKit/537.36 (KHTML, like Gecko; compatible; bingbot/2.0; +http://www.bing.com/bingbot.htm) Chrome/116.0.1938.76 Safari/537.36"
66.249.64.6 - - [12/Jun/2025:08:36:25 -0400] "GET /?d=118127560260&filter=071582&share_to_url=pin.php%3Fid%3D4000482%26name%3Droyals+to+wear+special+throwback HTTP/1.1" 200 23031 "-" "Mozilla/5.0 (Linux; Android 6.0.1; Nexus 5X Build/MMB29P) AppleWebKit/537.36 (KHTML, like Gecko) Chrome/136.0.7103.113 Mobile Safari/537.36 (compatible; Googlebot/2.1; +http://www.google.com/bot.html)"
66.249.64.6 - - [12/Jun/2025:08:36:25 -0400] "GET /?d=94699420260&filter=773a7d&share_to_url=item.php%3Fid%3D3208765%26name%3Dgiacca+corta+di+emporio HTTP/1.1" 200 23084 "-" "Mozilla/5.0 (Linux; Android 6.0.1; Nexus 5X Build/MMB29P) AppleWebKit/537.36 (KHTML, like Gecko) Chrome/136.0.7103.113 Mobile Safari/537.36 (compatible; Googlebot/2.1; +http://www.google.com/bot.html)"
52.167.144.197 - - [12/Jun/2025:08:36:26 -0400] "GET /?d=85056879260&filter=a7a978&share_to_url=pin.php%3Fid%3D2880930%26name%3Drear+shocks+with+coil HTTP/1.1" 200 24131 "-" "Mozilla/5.0 AppleWebKit/537.36 (KHTML, like Gecko; compatible; bingbot/2.0; +http://www.bing.com/bingbot.htm) Chrome/116.0.1938.76 Safari/537.36"
52.167.144.197 - - [12/Jun/2025:08:36:26 -0400] "GET /?d=110645602260&filter=f764f4&share_to_url=discover.php%3Fid%3D3745829%26name%3Dshopping+cart+trolley HTTP/1.1" 200 23351 "-" "Mozilla/5.0 AppleWebKit/537.36 (KHTML, like Gecko; compatible; bingbot/2.0; +http://www.bing.com/bingbot.htm) Chrome/116.0.1938.76 Safari/537.36"
66.249.64.8 - - [12/Jun/2025:08:36:26 -0400] "GET /?d=95113606260&filter=bcf072&share_to_url=pin.php%3Fid%3D3222354%26name%3Dboston+red+sox+mlb+highlights HTTP/1.1" 200 24356 "-" "Mozilla/5.0 (Linux; Android 6.0.1; Nexus 5X Build/MMB29P) AppleWebKit/537.36 (KHTML, like Gecko) Chrome/136.0.7103.113 Mobile Safari/537.36 (compatible; Googlebot/2.1; +http://www.google.com/bot.html)"
52.167.144.197 - - [12/Jun/2025:08:36:26 -0400] "GET /?d=83608914260&filter=0ab89c&share_to_url=product.php%3Fid%3D2832226%26name%3Dshow+guide+aluminium+2018+by HTTP/1.1" 200 24721 "-" "Mozilla/5.0 AppleWebKit/537.36 (KHTML, like Gecko; compatible; bingbot/2.0; +http://www.bing.com/bingbot.htm) Chrome/116.0.1938.76 Safari/537.36"
66.249.64.7 - - [12/Jun/2025:08:36:27 -0400] "GET /?d=96291110260&filter=e75a8a&share_to_url=discover.php%3Fid%3D3262253%26name%3D406+shoes+blue HTTP/1.1" 200 23762 "-" "Mozilla/5.0 (Linux; Android 6.0.1; Nexus 5X Build/MMB29P) AppleWebKit/537.36 (KHTML, like Gecko) Chrome/136.0.7103.113 Mobile Safari/537.36 (compatible; Googlebot/2.1; +http://www.google.com/bot.html)"
66.249.64.6 - - [12/Jun/2025:08:36:27 -0400] "GET /?d=102091458260&filter=bfc81f&share_to_url=pin.php%3Fid%3D3460458%26name%3D2024+voodoo+zobop+e HTTP/1.1" 200 23154 "-" "Mozilla/5.0 (Linux; Android 6.0.1; Nexus 5X Build/MMB29P) AppleWebKit/537.36 (KHTML, like Gecko) Chrome/136.0.7103.113 Mobile Safari/537.36 (compatible; Googlebot/2.1; +http://www.google.com/bot.html)"
66.249.64.8 - - [12/Jun/2025:08:36:28 -0400] "GET /?d=100973298260&filter=febea6&share_to_url=goods.php%3Fid%3D3422759%26name%3Ddrone+technology+centre HTTP/1.1" 200 24726 "-" "Mozilla/5.0 (Linux; Android 6.0.1; Nexus 5X Build/MMB29P) AppleWebKit/537.36 (KHTML, like Gecko) Chrome/136.0.7103.113 Mobile Safari/537.36 (compatible; Googlebot/2.1; +http://www.google.com/bot.html)"
66.249.64.6 - - [12/Jun/2025:08:36:28 -0400] "GET /?d=96435184260&filter=f313c0&share_to_url=product.php%3Fid%3D3267286%26name%3Dgivenchy+small+crossbody+bag HTTP/1.1" 200 23128 "-" "Mozilla/5.0 (Linux; Android 6.0.1; Nexus 5X Build/MMB29P) AppleWebKit/537.36 (KHTML, like Gecko) Chrome/136.0.7103.113 Mobile Safari/537.36 (compatible; Googlebot/2.1; +http://www.google.com/bot.html)"
66.249.64.8 - - [12/Jun/2025:08:36:29 -0400] "GET /?d=100736472260&filter=d9247f&share_to_url=detail.php%3Fid%3D3414225%26name%3Dgot+bored+of+the+blank HTTP/1.1" 200 25050 "-" "Mozilla/5.0 (Linux; Android 6.0.1; Nexus 5X Build/MMB29P) AppleWebKit/537.36 (KHTML, like Gecko) Chrome/136.0.7103.113 Mobile Safari/537.36 (compatible; Googlebot/2.1; +http://www.google.com/bot.html)"
52.167.144.197 - - [12/Jun/2025:08:36:29 -0400] "GET /?d=11546167260&filter=ab7dfe&share_to_url=goods.php%3Fid%3D395315%26name%3D50+count+baby+shower HTTP/1.1" 200 23531 "-" "Mozilla/5.0 AppleWebKit/537.36 (KHTML, like Gecko; compatible; bingbot/2.0; +http://www.bing.com/bingbot.htm) Chrome/116.0.1938.76 Safari/537.36"
66.249.64.6 - - [12/Jun/2025:08:36:29 -0400] "GET /?d=117866316260&filter=a0f400&share_to_url=item.php%3Fid%3D3991849%26name%3Docchiali+per+tiro HTTP/1.1" 200 24199 "-" "Mozilla/5.0 (Linux; Android 6.0.1; Nexus 5X Build/MMB29P) AppleWebKit/537.36 (KHTML, like Gecko) Chrome/136.0.7103.113 Mobile Safari/537.36 (compatible; Googlebot/2.1; +http://www.google.com/bot.html)"
66.249.64.8 - - [12/Jun/2025:08:36:30 -0400] "GET /?d=115707855260&filter=8acecb&share_to_url=item.php%3Fid%3D3918361%26name%3Dskechers+men+s+flourless+brise HTTP/1.1" 200 21844 "-" "Mozilla/5.0 (Linux; Android 6.0.1; Nexus 5X Build/MMB29P) AppleWebKit/537.36 (KHTML, like Gecko) Chrome/136.0.7103.113 Mobile Safari/537.36 (compatible; Googlebot/2.1; +http://www.google.com/bot.html)"
52.167.144.197 - - [12/Jun/2025:08:36:30 -0400] "GET /?d=11046343260&filter=14708a&share_to_url=shopdetail.php%3Fid%3D378524%26name%3Dtrek+trek+5000 HTTP/1.1" 200 23249 "-" "Mozilla/5.0 AppleWebKit/537.36 (KHTML, like Gecko; compatible; bingbot/2.0; +http://www.bing.com/bingbot.htm) Chrome/116.0.1938.76 Safari/537.36"
66.249.64.6 - - [12/Jun/2025:08:36:30 -0400] "GET /?d=88114883260&filter=61b61c&share_to_url=item.php%3Fid%3D2985877%26name%3Dsupporto+orologi HTTP/1.1" 200 24202 "-" "Mozilla/5.0 (Linux; Android 6.0.1; Nexus 5X Build/MMB29P) AppleWebKit/537.36 (KHTML, like Gecko) Chrome/136.0.7103.113 Mobile Safari/537.36 (compatible; Googlebot/2.1; +http://www.google.com/bot.html)"
66.249.64.7 - - [12/Jun/2025:08:36:31 -0400] "GET /?d=99794061260&filter=bce36f&share_to_url=item.php%3Fid%3D3382177%26name%3Dgetuscart+zhiyun+smooth+x+gimbal+stabilizer HTTP/1.1" 200 23773 "-" "Mozilla/5.0 (Linux; Android 6.0.1; Nexus 5X Build/MMB29P) AppleWebKit/537.36 (KHTML, like Gecko) Chrome/136.0.7103.113 Mobile Safari/537.36 (compatible; Googlebot/2.1; +http://www.google.com/bot.html)"
52.167.144.197 - - [12/Jun/2025:08:36:31 -0400] "GET /?d=68190569260&filter=14708a&share_to_url=product.php%3Fid%3D2311486%26name%3Dcycleyard+sg+cervelo HTTP/1.1" 200 21684 "-" "Mozilla/5.0 AppleWebKit/537.36 (KHTML, like Gecko; compatible; bingbot/2.0; +http://www.bing.com/bingbot.htm) Chrome/116.0.1938.76 Safari/537.36"
66.249.64.8 - - [12/Jun/2025:08:36:31 -0400] "GET /?d=106513403260&filter=e36066&share_to_url=article.php%3Fid%3D3607406%26name%3Dsize+wmns+air+jordan HTTP/1.1" 200 23371 "-" "Mozilla/5.0 (Linux; Android 6.0.1; Nexus 5X Build/MMB29P) AppleWebKit/537.36 (KHTML, like Gecko) Chrome/136.0.7103.113 Mobile Safari/537.36 (compatible; Googlebot/2.1; +http://www.google.com/bot.html)"
66.249.64.6 - - [12/Jun/2025:08:36:31 -0400] "GET /?d=117074513260&filter=30d85f&share_to_url=product-page.php%3Fid%3D3964624%26name%3Dmarche+active+%C3%A0+la+maison HTTP/1.1" 200 23318 "-" "Mozilla/5.0 (Linux; Android 6.0.1; Nexus 5X Build/MMB29P) AppleWebKit/537.36 (KHTML, like Gecko) Chrome/136.0.7103.113 Mobile Safari/537.36 (compatible; Googlebot/2.1; +http://www.google.com/bot.html)"
66.249.64.8 - - [12/Jun/2025:08:36:31 -0400] "GET /?d=77146887260&filter=bfc81f&share_to_url=goods.php%3Fid%3D2614355%26name%3Dfoxter+evans HTTP/1.1" 200 24186 "-" "Mozilla/5.0 (Linux; Android 6.0.1; Nexus 5X Build/MMB29P) AppleWebKit/537.36 (KHTML, like Gecko) Chrome/136.0.7103.113 Mobile Safari/537.36 (compatible; Googlebot/2.1; +http://www.google.com/bot.html)"
66.249.64.7 - - [12/Jun/2025:08:36:32 -0400] "GET /?d=91143550260&filter=29613a&share_to_url=model.php%3Fid%3D3088983%26name%3Ddiy+quick+hack+to HTTP/1.1" 200 24989 "-" "Mozilla/5.0 (Linux; Android 6.0.1; Nexus 5X Build/MMB29P) AppleWebKit/537.36 (KHTML, like Gecko) Chrome/136.0.7103.113 Mobile Safari/537.36 (compatible; Googlebot/2.1; +http://www.google.com/bot.html)"
66.249.64.6 - - [12/Jun/2025:08:36:32 -0400] "GET /?d=89608763260&filter=43f41d&share_to_url=item.php%3Fid%3D3037225%26name%3Dsilver+foil+printed+bermuda HTTP/1.1" 200 24572 "-" "Mozilla/5.0 (Linux; Android 6.0.1; Nexus 5X Build/MMB29P) AppleWebKit/537.36 (KHTML, like Gecko) Chrome/136.0.7103.113 Mobile Safari/537.36 (compatible; Googlebot/2.1; +http://www.google.com/bot.html)"
207.46.13.127 - - [12/Jun/2025:08:36:32 -0400] "GET /?d=109228847260&filter=593d11&share_to_url=item.php?id=3697789&name=adidas%20kids%20ace HTTP/1.1" 200 23341 "-" "Mozilla/5.0 AppleWebKit/537.36 (KHTML, like Gecko; compatible; bingbot/2.0; +http://www.bing.com/bingbot.htm) Chrome/116.0.1938.76 Safari/537.36"
40.77.167.37 - - [12/Jun/2025:08:36:33 -0400] "GET /?d=85504618260&filter=21c061&share_to_url=article.php%3Fid%3D2896466%26name%3Dbharat+india+cap+red HTTP/1.1" 200 24057 "-" "Mozilla/5.0 AppleWebKit/537.36 (KHTML, like Gecko; compatible; bingbot/2.0; +http://www.bing.com/bingbot.htm) Chrome/116.0.1938.76 Safari/537.36"
66.249.64.8 - - [12/Jun/2025:08:36:34 -0400] "GET /?d=117414113260&filter=26a884&share_to_url=model.php%3Fid%3D3976347%26name%3Dbuy+dainese+delta HTTP/1.1" 200 22939 "-" "Mozilla/5.0 (Linux; Android 6.0.1; Nexus 5X Build/MMB29P) AppleWebKit/537.36 (KHTML, like Gecko) Chrome/136.0.7103.113 Mobile Safari/537.36 (compatible; Googlebot/2.1; +http://www.google.com/bot.html)"
66.249.64.6 - - [12/Jun/2025:08:36:35 -0400] "GET /?d=92724311260&filter=ed3d47&share_to_url=item.php%3Fid%3D3141625%26name%3Dwomen+s+trotters+doris HTTP/1.1" 200 23082 "-" "Mozilla/5.0 (Linux; Android 6.0.1; Nexus 5X Build/MMB29P) AppleWebKit/537.36 (KHTML, like Gecko) Chrome/136.0.7103.113 Mobile Safari/537.36 (compatible; Googlebot/2.1; +http://www.google.com/bot.html)"
66.249.64.7 - - [12/Jun/2025:08:36:35 -0400] "GET /?d=114925906260&filter=9ab666&share_to_url=ideas.php%3Fid%3D3891588%26name%3Dtenis+mizuno+monarcida+neo+asala HTTP/1.1" 200 23878 "-" "Mozilla/5.0 (Linux; Android 6.0.1; Nexus 5X Build/MMB29P) AppleWebKit/537.36 (KHTML, like Gecko) Chrome/136.0.7103.113 Mobile Safari/537.36 (compatible; Googlebot/2.1; +http://www.google.com/bot.html)"
66.249.64.8 - - [12/Jun/2025:08:36:36 -0400] "GET /?d=116500862260&filter=b94814&share_to_url=model.php%3Fid%3D3945159%26name%3Dmen+039+s+rfid+blocking+wallet HTTP/1.1" 200 23321 "-" "Mozilla/5.0 (Linux; Android 6.0.1; Nexus 5X Build/MMB29P) AppleWebKit/537.36 (KHTML, like Gecko) Chrome/136.0.7103.113 Mobile Safari/537.36 (compatible; Googlebot/2.1; +http://www.google.com/bot.html)"
66.249.64.8 - - [12/Jun/2025:08:36:36 -0400] "GET /?d=103175208260&filter=8104cb&share_to_url=product-page.php%3Fid%3D3496348%26name%3Dfactory+price+sugar+cane HTTP/1.1" 200 23001 "-" "Mozilla/5.0 (Linux; Android 6.0.1; Nexus 5X Build/MMB29P) AppleWebKit/537.36 (KHTML, like Gecko) Chrome/136.0.7103.113 Mobile Safari/537.36 (compatible; Googlebot/2.1; +http://www.google.com/bot.html)"
66.249.64.8 - - [12/Jun/2025:08:36:37 -0400] "GET /?d=88361540260&filter=6afb2d&share_to_url=detail.php%3Fid%3D2994669%26name%3Dz1r+rise+flame+offroad+helmet HTTP/1.1" 200 23151 "-" "Mozilla/5.0 (Linux; Android 6.0.1; Nexus 5X Build/MMB29P) AppleWebKit/537.36 (KHTML, like Gecko) Chrome/136.0.7103.113 Mobile Safari/537.36 (compatible; Googlebot/2.1; +http://www.google.com/bot.html)"
66.249.64.7 - - [12/Jun/2025:08:36:37 -0400] "GET /?d=106590769260&filter=1c3a44&share_to_url=shopdetail.php%3Fid%3D3610184%26name%3Dgorgeous+elegant+red+ball HTTP/1.1" 200 23115 "-" "Mozilla/5.0 (Linux; Android 6.0.1; Nexus 5X Build/MMB29P) AppleWebKit/537.36 (KHTML, like Gecko) Chrome/136.0.7103.113 Mobile Safari/537.36 (compatible; Googlebot/2.1; +http://www.google.com/bot.html)"
40.77.167.9 - - [12/Jun/2025:08:36:37 -0400] "GET /?d=108314741260&filter=a0f21d&share_to_url=item.php%3Fid%3D3667357%26name%3Dtuto+lacets+pour+new HTTP/1.1" 200 23338 "-" "Mozilla/5.0 AppleWebKit/537.36 (KHTML, like Gecko; compatible; bingbot/2.0; +http://www.bing.com/bingbot.htm) Chrome/116.0.1938.76 Safari/537.36"
66.249.64.7 - - [12/Jun/2025:08:36:38 -0400] "GET /?d=106817767260&filter=3699f1&share_to_url=ideas.php%3Fid%3D3617736%26name%3Dthese+common+household+cleaners HTTP/1.1" 200 23830 "-" "Mozilla/5.0 (Linux; Android 6.0.1; Nexus 5X Build/MMB29P) AppleWebKit/537.36 (KHTML, like Gecko) Chrome/136.0.7103.113 Mobile Safari/537.36 (compatible; Googlebot/2.1; +http://www.google.com/bot.html)"
66.249.64.6 - - [12/Jun/2025:08:36:38 -0400] "GET /?d=23219791260&filter=6f7032&share_to_url=shop.php%3Fid%3D787891%26name%3Dtandoori+king+prawn+masala HTTP/1.1" 200 23595 "-" "Mozilla/5.0 (Linux; Android 6.0.1; Nexus 5X Build/MMB29P) AppleWebKit/537.36 (KHTML, like Gecko) Chrome/136.0.7103.113 Mobile Safari/537.36 (compatible; Googlebot/2.1; +http://www.google.com/bot.html)"
66.249.64.6 - - [12/Jun/2025:08:36:39 -0400] "GET /?d=92553862260&filter=fd4510&share_to_url=pin.php%3Fid%3D3135726%26name%3Dstoneglow+sandalwood+and+2024 HTTP/1.1" 200 23971 "-" "Mozilla/5.0 (Linux; Android 6.0.1; Nexus 5X Build/MMB29P) AppleWebKit/537.36 (KHTML, like Gecko) Chrome/136.0.7103.113 Mobile Safari/537.36 (compatible; Googlebot/2.1; +http://www.google.com/bot.html)"
66.249.64.5 - - [12/Jun/2025:08:36:40 -0400] "GET /?d=103778927260&filter=1cbf7a&share_to_url=shop.php%3Fid%3D3516223%26name%3Dfan+dewalt+l%C3%A1+dewalt HTTP/1.1" 200 24208 "-" "Mozilla/5.0 (Linux; Android 6.0.1; Nexus 5X Build/MMB29P) AppleWebKit/537.36 (KHTML, like Gecko) Chrome/136.0.7103.113 Mobile Safari/537.36 (compatible; Googlebot/2.1; +http://www.google.com/bot.html)"
66.249.64.9 - - [12/Jun/2025:08:36:40 -0400] "GET /?d=49256950260&filter=6f7032&share_to_url=product.php%3Fid%3D1674610%26name%3Dhand+crank+pasta+shop+machine HTTP/1.1" 200 23826 "-" "Mozilla/5.0 (Linux; Android 6.0.1; Nexus 5X Build/MMB29P) AppleWebKit/537.36 (KHTML, like Gecko) Chrome/136.0.7103.113 Mobile Safari/537.36 (compatible; Googlebot/2.1; +http://www.google.com/bot.html)"
66.249.64.5 - - [12/Jun/2025:08:36:41 -0400] "GET /?d=90974156260&filter=e7f0a4&share_to_url=product.php%3Fid%3D3083146%26name%3Dsandals+women+platform+shoes+2025 HTTP/1.1" 200 23156 "-" "Mozilla/5.0 (Linux; Android 6.0.1; Nexus 5X Build/MMB29P) AppleWebKit/537.36 (KHTML, like Gecko) Chrome/136.0.7103.113 Mobile Safari/537.36 (compatible; Googlebot/2.1; +http://www.google.com/bot.html)"
66.249.64.10 - - [12/Jun/2025:08:36:42 -0400] "GET /?d=114973596260&filter=605939&share_to_url=detail.php%3Fid%3D3893337%26name%3Dtrussardi+vtr246+02a1 HTTP/1.1" 200 24071 "-" "Mozilla/5.0 (Linux; Android 6.0.1; Nexus 5X Build/MMB29P) AppleWebKit/537.36 (KHTML, like Gecko) Chrome/136.0.7103.113 Mobile Safari/537.36 (compatible; Googlebot/2.1; +http://www.google.com/bot.html)"
66.249.64.9 - - [12/Jun/2025:08:36:42 -0400] "GET /?d=90855709260&filter=afcfc9&share_to_url=pin.php%3Fid%3D3079398%26name%3Dmorral+zoo+unicornio+skip+hop HTTP/1.1" 200 23591 "-" "Mozilla/5.0 (Linux; Android 6.0.1; Nexus 5X Build/MMB29P) AppleWebKit/537.36 (KHTML, like Gecko) Chrome/136.0.7103.113 Mobile Safari/537.36 (compatible; Googlebot/2.1; +http://www.google.com/bot.html)"
157.55.39.16 - - [12/Jun/2025:08:36:43 -0400] "GET /?d=20432321260&filter=e69463&share_to_url=pin.php%3Fid%3D694278%26name%3Dtuff+t2a+20x12+45 HTTP/1.1" 200 24307 "-" "Mozilla/5.0 AppleWebKit/537.36 (KHTML, like Gecko; compatible; bingbot/2.0; +http://www.bing.com/bingbot.htm) Chrome/116.0.1938.76 Safari/537.36"
66.249.64.5 - - [12/Jun/2025:08:36:43 -0400] "GET /?d=108815295260&filter=80d279&share_to_url=detail.php%3Fid%3D3684045%26name%3Dpisillo+review+financial HTTP/1.1" 200 23536 "-" "Mozilla/5.0 (Linux; Android 6.0.1; Nexus 5X Build/MMB29P) AppleWebKit/537.36 (KHTML, like Gecko) Chrome/136.0.7103.113 Mobile Safari/537.36 (compatible; Googlebot/2.1; +http://www.google.com/bot.html)"
66.249.64.5 - - [12/Jun/2025:08:36:44 -0400] "GET /?d=104068694260&filter=40f37c&share_to_url=model.php%3Fid%3D3526059%26name%3Dhang+glider+start+action HTTP/1.1" 200 24241 "-" "Mozilla/5.0 (Linux; Android 6.0.1; Nexus 5X Build/MMB29P) AppleWebKit/537.36 (KHTML, like Gecko) Chrome/136.0.7103.113 Mobile Safari/537.36 (compatible; Googlebot/2.1; +http://www.google.com/bot.html)"
66.249.64.9 - - [12/Jun/2025:08:36:44 -0400] "GET /?d=105204747260&filter=4d89e2&share_to_url=model.php%3Fid%3D3564135%26name%3Dsonos+arc+review+the+smart HTTP/1.1" 200 22941 "-" "Mozilla/5.0 (Linux; Android 6.0.1; Nexus 5X Build/MMB29P) AppleWebKit/537.36 (KHTML, like Gecko) Chrome/136.0.7103.113 Mobile Safari/537.36 (compatible; Googlebot/2.1; +http://www.google.com/bot.html)"
66.249.64.10 - - [12/Jun/2025:08:36:45 -0400] "GET /?d=96891585260&filter=4125cd&share_to_url=shopdetail.php%3Fid%3D3282896%26name%3Dbaby+shop+is+a HTTP/1.1" 200 24568 "-" "Mozilla/5.0 (Linux; Android 6.0.1; Nexus 5X Build/MMB29P) AppleWebKit/537.36 (KHTML, like Gecko) Chrome/136.0.7103.113 Mobile Safari/537.36 (compatible; Googlebot/2.1; +http://www.google.com/bot.html)"
66.249.64.10 - - [12/Jun/2025:08:36:46 -0400] "GET /?d=109588919260&filter=7b7856&share_to_url=product.php%3Fid%3D3709294%26name%3D338+gmarshops HTTP/1.1" 200 23336 "-" "Mozilla/5.0 (Linux; Android 6.0.1; Nexus 5X Build/MMB29P) AppleWebKit/537.36 (KHTML, like Gecko) Chrome/136.0.7103.113 Mobile Safari/537.36 (compatible; Googlebot/2.1; +http://www.google.com/bot.html)"
66.249.64.9 - - [12/Jun/2025:08:36:46 -0400] "GET /?d=105812854260&filter=3b569e&share_to_url=pin.php%3Fid%3D3584214%26name%3Dbuy+gaillardia+039+spintop HTTP/1.1" 200 22145 "-" "Mozilla/5.0 (Linux; Android 6.0.1; Nexus 5X Build/MMB29P) AppleWebKit/537.36 (KHTML, like Gecko) Chrome/136.0.7103.113 Mobile Safari/537.36 (compatible; Googlebot/2.1; +http://www.google.com/bot.html)"
66.249.64.5 - - [12/Jun/2025:08:36:46 -0400] "GET /?d=109546294260&filter=8c05fb&share_to_url=discover.php%3Fid%3D3707957%26name%3Dmens+video+game+heart HTTP/1.1" 200 23396 "-" "Mozilla/5.0 (Linux; Android 6.0.1; Nexus 5X Build/MMB29P) AppleWebKit/537.36 (KHTML, like Gecko) Chrome/136.0.7103.113 Mobile Safari/537.36 (compatible; Googlebot/2.1; +http://www.google.com/bot.html)"
66.249.64.5 - - [12/Jun/2025:08:36:47 -0400] "GET /?d=105809715260&filter=315f2d&share_to_url=ideas.php%3Fid%3D3584112%26name%3Dearpad+replacement+on+sony HTTP/1.1" 200 22926 "-" "Mozilla/5.0 (Linux; Android 6.0.1; Nexus 5X Build/MMB29P) AppleWebKit/537.36 (KHTML, like Gecko) Chrome/136.0.7103.113 Mobile Safari/537.36 (compatible; Googlebot/2.1; +http://www.google.com/bot.html)"
66.249.64.10 - - [12/Jun/2025:08:36:47 -0400] "GET /?d=98156135260&filter=e8168d&share_to_url=product.php%3Fid%3D3326170%26name%3Daustin+del+este+turismo HTTP/1.1" 200 23398 "-" "Mozilla/5.0 (Linux; Android 6.0.1; Nexus 5X Build/MMB29P) AppleWebKit/537.36 (KHTML, like Gecko) Chrome/136.0.7103.113 Mobile Safari/537.36 (compatible; Googlebot/2.1; +http://www.google.com/bot.html)"
66.249.64.6 - - [12/Jun/2025:08:36:48 -0400] "GET /?d=102892985260&filter=3c0842&share_to_url=product-page.php%3Fid%3D3487084%26name%3Dold+canvas+shoes+put HTTP/1.1" 200 23872 "-" "Mozilla/5.0 (Linux; Android 6.0.1; Nexus 5X Build/MMB29P) AppleWebKit/537.36 (KHTML, like Gecko) Chrome/136.0.7103.113 Mobile Safari/537.36 (compatible; Googlebot/2.1; +http://www.google.com/bot.html)"
66.249.64.5 - - [12/Jun/2025:08:36:48 -0400] "GET /?d=109415169260&filter=704690&share_to_url=article.php%3Fid%3D3703658%26name%3Ddainty+june+birthstone+ring+for HTTP/1.1" 200 23786 "-" "Mozilla/5.0 (Linux; Android 6.0.1; Nexus 5X Build/MMB29P) AppleWebKit/537.36 (KHTML, like Gecko) Chrome/136.0.7103.113 Mobile Safari/537.36 (compatible; Googlebot/2.1; +http://www.google.com/bot.html)"
66.249.64.9 - - [12/Jun/2025:08:36:48 -0400] "GET /?d=28628540260&filter=77322a&share_to_url=article.php%3Fid%3D972290%26name%3Dmickey+minnie+birthday HTTP/1.1" 200 22810 "-" "Mozilla/5.0 (Linux; Android 6.0.1; Nexus 5X Build/MMB29P) AppleWebKit/537.36 (KHTML, like Gecko) Chrome/136.0.7103.113 Mobile Safari/537.36 (compatible; Googlebot/2.1; +http://www.google.com/bot.html)"
66.249.64.7 - - [12/Jun/2025:08:36:49 -0400] "GET /?d=112129917260&filter=69d8f0&share_to_url=shop.php%3Fid%3D3798355%26name%3Dexit+calendario+escape+game HTTP/1.1" 200 22410 "-" "Mozilla/5.0 (Linux; Android 6.0.1; Nexus 5X Build/MMB29P) AppleWebKit/537.36 (KHTML, like Gecko) Chrome/136.0.7103.113 Mobile Safari/537.36 (compatible; Googlebot/2.1; +http://www.google.com/bot.html)"
66.249.64.5 - - [12/Jun/2025:08:36:49 -0400] "GET /?d=103108768260&filter=754b31&share_to_url=model.php%3Fid%3D3494151%26name%3Dhaikyuu+to+the+top HTTP/1.1" 200 23528 "-" "Mozilla/5.0 (Linux; Android 6.0.1; Nexus 5X Build/MMB29P) AppleWebKit/537.36 (KHTML, like Gecko) Chrome/136.0.7103.113 Mobile Safari/537.36 (compatible; Googlebot/2.1; +http://www.google.com/bot.html)"
66.249.64.9 - - [12/Jun/2025:08:36:49 -0400] "GET /?d=102444002260&filter=162259&share_to_url=detail.php%3Fid%3D3472569%26name%3Dthe+most+efficient+ways HTTP/1.1" 200 24524 "-" "Mozilla/5.0 (Linux; Android 6.0.1; Nexus 5X Build/MMB29P) AppleWebKit/537.36 (KHTML, like Gecko) Chrome/136.0.7103.113 Mobile Safari/537.36 (compatible; Googlebot/2.1; +http://www.google.com/bot.html)"
