66.249.66.10 - - [26/Apr/2025:13:49:15 -0400] "GET /?d=105000789260&filter=bc19d7&share_to_url=pin.php%3Fid%3D3557454%26name%3D48+first+communion HTTP/1.1" 200 22985 "-" "Mozilla/5.0 (Linux; Android 6.0.1; Nexus 5X Build/MMB29P) AppleWebKit/537.36 (KHTML, like Gecko) Chrome/135.0.7049.114 Mobile Safari/537.36 (compatible; Googlebot/2.1; +http://www.google.com/bot.html)"
52.167.144.222 - - [26/Apr/2025:13:49:18 -0400] "GET /?d=110000645260&filter=5cc95c&share_to_url=detail.php%3Fid%3D3722901%26name%3Dper+uomo+e+donna HTTP/1.1" 200 24064 "-" "Mozilla/5.0 AppleWebKit/537.36 (KHTML, like Gecko; compatible; bingbot/2.0; +http://www.bing.com/bingbot.htm) Chrome/116.0.1938.76 Safari/537.36"
40.77.167.77 - - [26/Apr/2025:13:49:23 -0400] "GET /?d=102570994260&filter=dff52c&share_to_url=ideas.php%3Fid%3D3476628%26name%3D250gb+hard+disk+drive HTTP/1.1" 200 22876 "-" "Mozilla/5.0 AppleWebKit/537.36 (KHTML, like Gecko; compatible; bingbot/2.0; +http://www.bing.com/bingbot.htm) Chrome/116.0.1938.76 Safari/537.36"
66.249.66.9 - - [26/Apr/2025:13:49:24 -0400] "GET /?d=114594427260&filter=9e8603&share_to_url=shopdetail.php%3Fid%3D3880472%26name%3Dmaroon+duster+coat+the HTTP/1.1" 200 23892 "-" "Mozilla/5.0 (Linux; Android 6.0.1; Nexus 5X Build/MMB29P) AppleWebKit/537.36 (KHTML, like Gecko) Chrome/135.0.7049.114 Mobile Safari/537.36 (compatible; Googlebot/2.1; +http://www.google.com/bot.html)"
52.167.144.25 - - [26/Apr/2025:13:49:59 -0400] "GET /?d=96422923260&filter=eee8f3&share_to_url=detail.php%3Fid%3D3266901%26name%3Dthe+last+naruto HTTP/1.1" 200 23263 "-" "Mozilla/5.0 AppleWebKit/537.36 (KHTML, like Gecko; compatible; bingbot/2.0; +http://www.bing.com/bingbot.htm) Chrome/116.0.1938.76 Safari/537.36"
52.167.144.25 - - [26/Apr/2025:13:50:09 -0400] "GET /?d=86484982260&filter=5cc95c&share_to_url=product.php%3Fid%3D2930410%26name%3Dpelotas+black+lace+up HTTP/1.1" 200 21996 "-" "Mozilla/5.0 AppleWebKit/537.36 (KHTML, like Gecko; compatible; bingbot/2.0; +http://www.bing.com/bingbot.htm) Chrome/116.0.1938.76 Safari/537.36"
52.167.144.222 - - [26/Apr/2025:13:50:28 -0400] "GET /?d=61725759260&filter=15d3b1&share_to_url=model.php%3Fid%3D2093367%26name%3Dreview+atelier+ryza HTTP/1.1" 200 22328 "-" "Mozilla/5.0 AppleWebKit/537.36 (KHTML, like Gecko; compatible; bingbot/2.0; +http://www.bing.com/bingbot.htm) Chrome/116.0.1938.76 Safari/537.36"
40.77.167.77 - - [26/Apr/2025:13:50:33 -0400] "GET /?d=105992051260&filter=b190c6&share_to_url=pin.php%3Fid%3D3590286%26name%3Dez+slouch+carpenter+jeans HTTP/1.1" 200 23014 "-" "Mozilla/5.0 AppleWebKit/537.36 (KHTML, like Gecko; compatible; bingbot/2.0; +http://www.bing.com/bingbot.htm) Chrome/116.0.1938.76 Safari/537.36"
40.77.167.77 - - [26/Apr/2025:13:50:33 -0400] "GET /?d=101011935260&filter=0ab89c&share_to_url=detail.php%3Fid%3D3424041%26name%3Dopal+socken+und+pulloverwolle HTTP/1.1" 200 23656 "-" "Mozilla/5.0 AppleWebKit/537.36 (KHTML, like Gecko; compatible; bingbot/2.0; +http://www.bing.com/bingbot.htm) Chrome/116.0.1938.76 Safari/537.36"
40.77.167.77 - - [26/Apr/2025:13:50:34 -0400] "GET /?d=65170096260&filter=9fddd6&share_to_url=goods.php%3Fid%3D2210123%26name%3Dt+shirt+prema+racing HTTP/1.1" 200 23051 "-" "Mozilla/5.0 AppleWebKit/537.36 (KHTML, like Gecko; compatible; bingbot/2.0; +http://www.bing.com/bingbot.htm) Chrome/116.0.1938.76 Safari/537.36"
40.77.167.77 - - [26/Apr/2025:13:50:36 -0400] "GET /?d=98552050260&filter=b2e434&share_to_url=shop.php%3Fid%3D3340051%26name%3Dumax+urethane+olympic HTTP/1.1" 200 23105 "-" "Mozilla/5.0 AppleWebKit/537.36 (KHTML, like Gecko; compatible; bingbot/2.0; +http://www.bing.com/bingbot.htm) Chrome/116.0.1938.76 Safari/537.36"
40.77.167.77 - - [26/Apr/2025:13:50:37 -0400] "GET /?d=107244790260&filter=d60d32&share_to_url=item.php%3Fid%3D3631753%26name%3Dxikezan+beard+grooming HTTP/1.1" 200 23363 "-" "Mozilla/5.0 AppleWebKit/537.36 (KHTML, like Gecko; compatible; bingbot/2.0; +http://www.bing.com/bingbot.htm) Chrome/116.0.1938.76 Safari/537.36"
52.167.144.222 - - [26/Apr/2025:13:50:38 -0400] "GET /?d=95265245260&filter=1b6d6c&share_to_url=goods.php%3Fid%3D3227315%26name%3Dfivefingers+performa+jane+fitness HTTP/1.1" 200 22723 "-" "Mozilla/5.0 AppleWebKit/537.36 (KHTML, like Gecko; compatible; bingbot/2.0; +http://www.bing.com/bingbot.htm) Chrome/116.0.1938.76 Safari/537.36"
52.167.144.222 - - [26/Apr/2025:13:50:39 -0400] "GET /?d=93366023260&filter=c551fd&share_to_url=item.php%3Fid%3D3163189%26name%3Dcoj%C3%ADn+de+impresi%C3%B3n+de HTTP/1.1" 200 24479 "-" "Mozilla/5.0 AppleWebKit/537.36 (KHTML, like Gecko; compatible; bingbot/2.0; +http://www.bing.com/bingbot.htm) Chrome/116.0.1938.76 Safari/537.36"
52.167.144.25 - - [26/Apr/2025:13:50:43 -0400] "GET /?d=104740240260&filter=a8fc1c&share_to_url=shop.php%3Fid%3D3549079%26name%3Dall+sizes+uwabaki+slippers HTTP/1.1" 200 23551 "-" "Mozilla/5.0 AppleWebKit/537.36 (KHTML, like Gecko; compatible; bingbot/2.0; +http://www.bing.com/bingbot.htm) Chrome/116.0.1938.76 Safari/537.36"
52.167.144.25 - - [26/Apr/2025:13:50:45 -0400] "GET /?d=105131728260&filter=ef2428&share_to_url=goods.php%3Fid%3D3561575%26name%3Dpuedes+ense%C3%B1arle+a+owleez HTTP/1.1" 200 23298 "-" "Mozilla/5.0 AppleWebKit/537.36 (KHTML, like Gecko; compatible; bingbot/2.0; +http://www.bing.com/bingbot.htm) Chrome/116.0.1938.76 Safari/537.36"
52.167.144.222 - - [26/Apr/2025:13:50:58 -0400] "GET /?d=53967646260&filter=ec7398&share_to_url=product.php%3Fid%3D1833034%26name%3Dac+still+not+cooling HTTP/1.1" 200 23433 "-" "Mozilla/5.0 AppleWebKit/537.36 (KHTML, like Gecko; compatible; bingbot/2.0; +http://www.bing.com/bingbot.htm) Chrome/116.0.1938.76 Safari/537.36"
52.167.144.171 - - [26/Apr/2025:13:51:38 -0400] "GET /?d=92571678260&filter=0e419f&share_to_url=detail.php%3Fid%3D3136401%26name%3Damd+i2c+controller HTTP/1.1" 200 24085 "-" "Mozilla/5.0 AppleWebKit/537.36 (KHTML, like Gecko; compatible; bingbot/2.0; +http://www.bing.com/bingbot.htm) Chrome/116.0.1938.76 Safari/537.36"
194.35.53.64 - - [26/Apr/2025:13:51:54 -0400] "GET /?d=80752968260&filter=1c3e5e&share_to_url=ideas.php%3Fid%3D2734836&name=ni268u HTTP/1.1" 302 0 "-" "Mozilla/5.0 (X11; Linux x86_64) AppleWebKit/537.36 (KHTML, like Gecko) Chrome/134.0.0.0 Safari/537.36"
194.35.53.64 - - [26/Apr/2025:13:51:56 -0400] "GET /loginn.php HTTP/1.1" 200 970 "-" "Mozilla/5.0 (X11; Linux x86_64) AppleWebKit/537.36 (KHTML, like Gecko) Chrome/134.0.0.0 Safari/537.36"
194.35.53.64 - - [26/Apr/2025:13:51:57 -0400] "GET /user/upload/user.jpg HTTP/1.1" 200 9265 "-" "Mozilla/5.0 (X11; Linux x86_64) AppleWebKit/537.36 (KHTML, like Gecko) Chrome/134.0.0.0 Safari/537.36"
206.232.10.238 - - [26/Apr/2025:13:51:58 -0400] "GET /?d=80752968260&filter=1c3e5e&share_to_url=ideas.php%3Fid%3D2734836&name=ni268u HTTP/1.1" 302 0 "-" "Mozilla/5.0 (Windows NT 10.0; Win64; x64) AppleWebKit/537.36 (KHTML, like Gecko) Chrome/134.0.0.0 Safari/537.36"
206.232.10.238 - - [26/Apr/2025:13:51:59 -0400] "GET /loginn.php HTTP/1.1" 200 832 "-" "Mozilla/5.0 (Windows NT 10.0; Win64; x64) AppleWebKit/537.36 (KHTML, like Gecko) Chrome/134.0.0.0 Safari/537.36"
206.232.10.238 - - [26/Apr/2025:13:51:59 -0400] "GET /bootstrap/js/bootstrap.min.js HTTP/1.1" 200 10885 "https://www.churchmr.com/loginn.php" "Mozilla/5.0 (Windows NT 10.0; Win64; x64) AppleWebKit/537.36 (KHTML, like Gecko) Chrome/134.0.0.0 Safari/537.36"
206.232.10.238 - - [26/Apr/2025:13:51:59 -0400] "GET /dist/css/AdminLTE.min.css HTTP/1.1" 200 13899 "https://www.churchmr.com/loginn.php" "Mozilla/5.0 (Windows NT 10.0; Win64; x64) AppleWebKit/537.36 (KHTML, like Gecko) Chrome/134.0.0.0 Safari/537.36"
206.232.10.238 - - [26/Apr/2025:13:51:59 -0400] "GET /plugins/jQuery/jQuery-2.1.4.min.js HTTP/1.1" 200 30452 "https://www.churchmr.com/loginn.php" "Mozilla/5.0 (Windows NT 10.0; Win64; x64) AppleWebKit/537.36 (KHTML, like Gecko) Chrome/134.0.0.0 Safari/537.36"
206.232.10.238 - - [26/Apr/2025:13:51:59 -0400] "GET /bootstrap/css/bootstrap.min.css HTTP/1.1" 200 18419 "https://www.churchmr.com/loginn.php" "Mozilla/5.0 (Windows NT 10.0; Win64; x64) AppleWebKit/537.36 (KHTML, like Gecko) Chrome/134.0.0.0 Safari/537.36"
52.167.144.25 - - [26/Apr/2025:13:52:00 -0400] "GET /?d=117134377260&filter=83f648&share_to_url=ideas.php%3Fid%3D3966852%26name%3Dmormaii+milao+mo132 HTTP/1.1" 200 22049 "-" "Mozilla/5.0 AppleWebKit/537.36 (KHTML, like Gecko; compatible; bingbot/2.0; +http://www.bing.com/bingbot.htm) Chrome/116.0.1938.76 Safari/537.36"
52.167.144.25 - - [26/Apr/2025:13:52:02 -0400] "GET /?d=107548049260&filter=c37035&share_to_url=ideas.php%3Fid%3D3642252%26name%3Dtu+amigo+por+qu%C3%A9 HTTP/1.1" 200 23637 "-" "Mozilla/5.0 AppleWebKit/537.36 (KHTML, like Gecko; compatible; bingbot/2.0; +http://www.bing.com/bingbot.htm) Chrome/116.0.1938.76 Safari/537.36"
52.167.144.25 - - [26/Apr/2025:13:52:02 -0400] "GET /?d=84357263260&filter=4d4498&share_to_url=shopdetail.php%3Fid%3D2857040%26name%3Dkabuky+butt+lifting+jeans HTTP/1.1" 200 22891 "-" "Mozilla/5.0 AppleWebKit/537.36 (KHTML, like Gecko; compatible; bingbot/2.0; +http://www.bing.com/bingbot.htm) Chrome/116.0.1938.76 Safari/537.36"
40.77.167.77 - - [26/Apr/2025:13:52:04 -0400] "GET /?d=107329373260&filter=96059a&share_to_url=detail.php%3Fid%3D3634473%26name%3Dprincesskate HTTP/1.1" 200 22748 "-" "Mozilla/5.0 AppleWebKit/537.36 (KHTML, like Gecko; compatible; bingbot/2.0; +http://www.bing.com/bingbot.htm) Chrome/116.0.1938.76 Safari/537.36"
40.77.167.77 - - [26/Apr/2025:13:52:05 -0400] "GET /?d=97841393260&filter=25ac48&share_to_url=ideas.php%3Fid%3D3316032%26name%3Dp%C3%A1nsk%C3%A9+vysok%C3%A9+boty+helly HTTP/1.1" 200 23326 "-" "Mozilla/5.0 AppleWebKit/537.36 (KHTML, like Gecko; compatible; bingbot/2.0; +http://www.bing.com/bingbot.htm) Chrome/116.0.1938.76 Safari/537.36"
52.167.144.171 - - [26/Apr/2025:13:52:10 -0400] "GET /?d=99308150260&filter=a93973&share_to_url=discover.php%3Fid%3D3365753%26name%3Dvila+parka+f%C3%BCr+damen HTTP/1.1" 200 24274 "-" "Mozilla/5.0 AppleWebKit/537.36 (KHTML, like Gecko; compatible; bingbot/2.0; +http://www.bing.com/bingbot.htm) Chrome/116.0.1938.76 Safari/537.36"
40.77.167.77 - - [26/Apr/2025:13:52:14 -0400] "GET /?d=79477906260&filter=f7abf7&share_to_url=item.php%3Fid%3D2691925%26name%3Dvelcro+strap+sandals+store HTTP/1.1" 200 24258 "-" "Mozilla/5.0 AppleWebKit/537.36 (KHTML, like Gecko; compatible; bingbot/2.0; +http://www.bing.com/bingbot.htm) Chrome/116.0.1938.76 Safari/537.36"
40.77.167.77 - - [26/Apr/2025:13:52:15 -0400] "GET /?d=63296500260&filter=3eeb34&share_to_url=ideas.php%3Fid%3D2146344%26name%3Decoalf+mujer+hotsell HTTP/1.1" 200 23733 "-" "Mozilla/5.0 AppleWebKit/537.36 (KHTML, like Gecko; compatible; bingbot/2.0; +http://www.bing.com/bingbot.htm) Chrome/116.0.1938.76 Safari/537.36"
52.167.144.25 - - [26/Apr/2025:13:52:19 -0400] "GET /?d=51624023260&filter=aae97a&share_to_url=pin.php%3Fid%3D1754514%26name%3Dquanto+guadagna+un+giocatore HTTP/1.1" 200 22836 "-" "Mozilla/5.0 AppleWebKit/537.36 (KHTML, like Gecko; compatible; bingbot/2.0; +http://www.bing.com/bingbot.htm) Chrome/116.0.1938.76 Safari/537.36"
52.167.144.25 - - [26/Apr/2025:13:52:21 -0400] "GET /?d=76832711260&filter=3ebd99&share_to_url=article.php%3Fid%3D2603522%26name%3Ddana+white+says HTTP/1.1" 200 22881 "-" "Mozilla/5.0 AppleWebKit/537.36 (KHTML, like Gecko; compatible; bingbot/2.0; +http://www.bing.com/bingbot.htm) Chrome/116.0.1938.76 Safari/537.36"
193.186.4.120 - - [26/Apr/2025:13:52:22 -0400] "GET /?d=100493235260&filter=bcf072&share_to_url=item.php%3Fid%3D3406105%26name%3Dblack+label+cap HTTP/1.1" 200 134 "https://www.google.com/" "Mozilla/5.0 (Linux; Android 10; K) AppleWebKit/537.36 (KHTML, like Gecko) Chrome/135.0.0.0 Mobile Safari/537.36"
66.249.93.8 - - [26/Apr/2025:13:52:22 -0400] "GET /.well-known/traffic-advice HTTP/1.1" 302 0 "-" "Chrome Privacy Preserving Prefetch Proxy"
40.77.167.77 - - [26/Apr/2025:13:52:24 -0400] "GET /?d=83464900260&filter=f52d8d&share_to_url=model.php%3Fid%3D2827371%26name%3Dp2961+auriculares+inal%C3%A1mbricos+bluetooth HTTP/1.1" 200 23141 "-" "Mozilla/5.0 AppleWebKit/537.36 (KHTML, like Gecko; compatible; bingbot/2.0; +http://www.bing.com/bingbot.htm) Chrome/116.0.1938.76 Safari/537.36"
52.167.144.171 - - [26/Apr/2025:13:52:29 -0400] "GET /?d=109436365260&filter=bbd03f&share_to_url=detail.php%3Fid%3D3704301%26name%3Dsusan+cummings+sterling+silver HTTP/1.1" 200 22887 "-" "Mozilla/5.0 AppleWebKit/537.36 (KHTML, like Gecko; compatible; bingbot/2.0; +http://www.bing.com/bingbot.htm) Chrome/116.0.1938.76 Safari/537.36"
52.167.144.25 - - [26/Apr/2025:13:52:49 -0400] "GET /?d=91263220260&filter=1d08b3&share_to_url=detail.php%3Fid%3D3092925%26name%3Delement+body+jewelry HTTP/1.1" 200 23302 "-" "Mozilla/5.0 AppleWebKit/537.36 (KHTML, like Gecko; compatible; bingbot/2.0; +http://www.bing.com/bingbot.htm) Chrome/116.0.1938.76 Safari/537.36"
52.167.144.171 - - [26/Apr/2025:13:53:09 -0400] "GET /?d=110241017260&filter=b44b6e&share_to_url=detail.php%3Fid%3D3731301%26name%3Dtelstar+nightfall+air+tent HTTP/1.1" 200 21855 "-" "Mozilla/5.0 AppleWebKit/537.36 (KHTML, like Gecko; compatible; bingbot/2.0; +http://www.bing.com/bingbot.htm) Chrome/116.0.1938.76 Safari/537.36"
66.249.66.10 - - [26/Apr/2025:13:53:18 -0400] "GET /?d=105439483260&filter=c551fd&share_to_url=discover.php%3Fid%3D3571925%26name%3Dmanual+rinnai+eco+pdf HTTP/1.1" 200 24214 "-" "Mozilla/5.0 (Linux; Android 6.0.1; Nexus 5X Build/MMB29P) AppleWebKit/537.36 (KHTML, like Gecko) Chrome/135.0.7049.95 Mobile Safari/537.36 (compatible; GoogleOther)"
52.167.144.25 - - [26/Apr/2025:13:53:39 -0400] "GET /?d=102332757260&filter=1dbe8b&share_to_url=discover.php%3Fid%3D3468881%26name%3Dsac+2024+polochon+timberland HTTP/1.1" 200 23093 "-" "Mozilla/5.0 AppleWebKit/537.36 (KHTML, like Gecko; compatible; bingbot/2.0; +http://www.bing.com/bingbot.htm) Chrome/116.0.1938.76 Safari/537.36"
20.15.133.175 - - [26/Apr/2025:13:53:46 -0400] "GET /?d=99531254260&filter=fcff4a&share_to_url=product.php%3Fid%3D3373414%26name%3D14+t+shirt+design HTTP/1.1" 200 24563 "-" "Mozilla/5.0 AppleWebKit/537.36 (KHTML, like Gecko; compatible; bingbot/2.0; +http://www.bing.com/bingbot.htm) Chrome/116.0.1938.76 Safari/537.36"
52.167.144.171 - - [26/Apr/2025:13:53:59 -0400] "GET /?d=102191774260&filter=9e9754&share_to_url=discover.php%3Fid%3D3463925%26name%3Duser+manuals+sunbeam+gr8450 HTTP/1.1" 200 23399 "-" "Mozilla/5.0 AppleWebKit/537.36 (KHTML, like Gecko; compatible; bingbot/2.0; +http://www.bing.com/bingbot.htm) Chrome/116.0.1938.76 Safari/537.36"
40.77.167.77 - - [26/Apr/2025:13:54:03 -0400] "GET /?d=105220034260&filter=15d3b1&share_to_url=detail.php%3Fid%3D3564765%26name%3Dblack+decker HTTP/1.1" 200 23057 "-" "Mozilla/5.0 AppleWebKit/537.36 (KHTML, like Gecko; compatible; bingbot/2.0; +http://www.bing.com/bingbot.htm) Chrome/116.0.1938.76 Safari/537.36"
52.167.144.25 - - [26/Apr/2025:13:54:03 -0400] "GET /?d=87407215260&filter=df0c98&share_to_url=shopdetail.php%3Fid%3D2961836%26name%3Dbracelete+nowoczesne+marrom HTTP/1.1" 200 23020 "-" "Mozilla/5.0 AppleWebKit/537.36 (KHTML, like Gecko; compatible; bingbot/2.0; +http://www.bing.com/bingbot.htm) Chrome/116.0.1938.76 Safari/537.36"
52.167.144.25 - - [26/Apr/2025:13:54:04 -0400] "GET /?d=89373025260&filter=ec7398&share_to_url=article.php%3Fid%3D3029474%26name%3Ddometic+cfx+28 HTTP/1.1" 200 22734 "-" "Mozilla/5.0 AppleWebKit/537.36 (KHTML, like Gecko; compatible; bingbot/2.0; +http://www.bing.com/bingbot.htm) Chrome/116.0.1938.76 Safari/537.36"
52.167.144.171 - - [26/Apr/2025:13:54:09 -0400] "GET /?d=66188678260&filter=22240b&share_to_url=ideas.php%3Fid%3D2243916%26name%3Dvalentino+garavani+tubino HTTP/1.1" 200 23137 "-" "Mozilla/5.0 AppleWebKit/537.36 (KHTML, like Gecko; compatible; bingbot/2.0; +http://www.bing.com/bingbot.htm) Chrome/116.0.1938.76 Safari/537.36"
40.77.167.77 - - [26/Apr/2025:13:54:13 -0400] "GET /?d=90431096260&filter=7030ec&share_to_url=discover.php%3Fid%3D3064793%26name%3Droncato+light+trolley+cabina HTTP/1.1" 200 23609 "-" "Mozilla/5.0 AppleWebKit/537.36 (KHTML, like Gecko; compatible; bingbot/2.0; +http://www.bing.com/bingbot.htm) Chrome/116.0.1938.76 Safari/537.36"
40.77.167.77 - - [26/Apr/2025:13:54:14 -0400] "GET /?d=115845573260&filter=3acd1e&share_to_url=item.php%3Fid%3D3923005%26name%3Dcleveland+cavaliers+delonte HTTP/1.1" 200 22447 "-" "Mozilla/5.0 AppleWebKit/537.36 (KHTML, like Gecko; compatible; bingbot/2.0; +http://www.bing.com/bingbot.htm) Chrome/116.0.1938.76 Safari/537.36"
52.167.144.25 - - [26/Apr/2025:13:54:20 -0400] "GET /?d=116089762260&filter=cab71d&share_to_url=shop.php%3Fid%3D3931291%26name%3Difisher+bluetooth+smart HTTP/1.1" 200 22011 "-" "Mozilla/5.0 AppleWebKit/537.36 (KHTML, like Gecko; compatible; bingbot/2.0; +http://www.bing.com/bingbot.htm) Chrome/116.0.1938.76 Safari/537.36"
66.249.66.10 - - [26/Apr/2025:13:54:22 -0400] "GET /?d=89811442260&filter=a3b95c&share_to_url=shopdetail.php%3Fid%3D3044072%26name%3Dskechers+bikers+lite+suede+ankle HTTP/1.1" 200 22345 "-" "Mozilla/5.0 (Linux; Android 6.0.1; Nexus 5X Build/MMB29P) AppleWebKit/537.36 (KHTML, like Gecko) Chrome/135.0.7049.114 Mobile Safari/537.36 (compatible; Googlebot/2.1; +http://www.google.com/bot.html)"
52.167.144.171 - - [26/Apr/2025:13:54:48 -0400] "GET /?d=94298085260&filter=edd546&share_to_url=product.php%3Fid%3D3195646%26name%3Dmivi+launches+its+first HTTP/1.1" 200 22748 "-" "Mozilla/5.0 AppleWebKit/537.36 (KHTML, like Gecko; compatible; bingbot/2.0; +http://www.bing.com/bingbot.htm) Chrome/116.0.1938.76 Safari/537.36"
40.77.167.77 - - [26/Apr/2025:13:54:54 -0400] "GET /?d=96410700260&filter=d8181f&share_to_url=detail.php%3Fid%3D3266481%26name%3Drag+and+bone+riser HTTP/1.1" 200 23506 "-" "Mozilla/5.0 AppleWebKit/537.36 (KHTML, like Gecko; compatible; bingbot/2.0; +http://www.bing.com/bingbot.htm) Chrome/116.0.1938.76 Safari/537.36"
40.77.167.77 - - [26/Apr/2025:13:54:56 -0400] "GET /?d=24915614260&filter=f5f4d3&share_to_url=detail.php%3Fid%3D844485%26name%3Dconverse+fille+dor%C3%A9+taille HTTP/1.1" 200 22271 "-" "Mozilla/5.0 AppleWebKit/537.36 (KHTML, like Gecko; compatible; bingbot/2.0; +http://www.bing.com/bingbot.htm) Chrome/116.0.1938.76 Safari/537.36"
52.167.144.171 - - [26/Apr/2025:13:54:58 -0400] "GET /?d=90067531260&filter=b3603f&share_to_url=detail.php%3Fid%3D3052437%26name%3Dhyperx+and+acer HTTP/1.1" 200 22575 "-" "Mozilla/5.0 AppleWebKit/537.36 (KHTML, like Gecko; compatible; bingbot/2.0; +http://www.bing.com/bingbot.htm) Chrome/116.0.1938.76 Safari/537.36"
52.167.144.25 - - [26/Apr/2025:13:55:03 -0400] "GET /?d=115814414260&filter=cd6685&share_to_url=item.php%3Fid%3D3921889%26name%3Dredwood+city+startup HTTP/1.1" 200 23559 "-" "Mozilla/5.0 AppleWebKit/537.36 (KHTML, like Gecko; compatible; bingbot/2.0; +http://www.bing.com/bingbot.htm) Chrome/116.0.1938.76 Safari/537.36"
52.167.144.25 - - [26/Apr/2025:13:55:04 -0400] "GET /?d=99551526260&filter=e86b2c&share_to_url=item.php%3Fid%3D3374017%26name%3Dbuy+wolsey+red+and HTTP/1.1" 200 23453 "-" "Mozilla/5.0 AppleWebKit/537.36 (KHTML, like Gecko; compatible; bingbot/2.0; +http://www.bing.com/bingbot.htm) Chrome/116.0.1938.76 Safari/537.36"
52.167.144.25 - - [26/Apr/2025:13:55:04 -0400] "GET /?d=89362730260&filter=ec7398&share_to_url=item.php%3Fid%3D3029149%26name%3Dmaterial+polypropylene+portable+blue HTTP/1.1" 200 25259 "-" "Mozilla/5.0 AppleWebKit/537.36 (KHTML, like Gecko; compatible; bingbot/2.0; +http://www.bing.com/bingbot.htm) Chrome/116.0.1938.76 Safari/537.36"
52.167.144.25 - - [26/Apr/2025:13:55:05 -0400] "GET /?d=99658346260&filter=57096d&share_to_url=discover.php%3Fid%3D3377405%26name%3Dnike+both+baseball+gloves HTTP/1.1" 200 22862 "-" "Mozilla/5.0 AppleWebKit/537.36 (KHTML, like Gecko; compatible; bingbot/2.0; +http://www.bing.com/bingbot.htm) Chrome/116.0.1938.76 Safari/537.36"
52.167.144.25 - - [26/Apr/2025:13:55:30 -0400] "GET /?d=116234146260&filter=cc3603&share_to_url=detail.php%3Fid%3D3936429%26name%3D240+badminton+ideas+badminton HTTP/1.1" 200 23358 "-" "Mozilla/5.0 AppleWebKit/537.36 (KHTML, like Gecko; compatible; bingbot/2.0; +http://www.bing.com/bingbot.htm) Chrome/116.0.1938.76 Safari/537.36"
52.167.144.25 - - [26/Apr/2025:13:55:31 -0400] "GET /?d=100328690260&filter=6e62fe&share_to_url=ideas.php%3Fid%3D3400512%26name%3Dnbd+holdsworth+corsa+superlight HTTP/1.1" 200 22288 "-" "Mozilla/5.0 AppleWebKit/537.36 (KHTML, like Gecko; compatible; bingbot/2.0; +http://www.bing.com/bingbot.htm) Chrome/116.0.1938.76 Safari/537.36"
52.167.144.171 - - [26/Apr/2025:13:55:58 -0400] "GET /?d=113319176260&filter=55b63a&share_to_url=shopdetail.php%3Fid%3D3838124%26name%3Dclassified+and+trp HTTP/1.1" 200 24385 "-" "Mozilla/5.0 AppleWebKit/537.36 (KHTML, like Gecko; compatible; bingbot/2.0; +http://www.bing.com/bingbot.htm) Chrome/116.0.1938.76 Safari/537.36"
52.167.144.171 - - [26/Apr/2025:13:55:59 -0400] "GET /?d=107555441260&filter=5945b7&share_to_url=pin.php%3Fid%3D3642462%26name%3Dstrappy+stripe+sleeve HTTP/1.1" 200 24055 "-" "Mozilla/5.0 AppleWebKit/537.36 (KHTML, like Gecko; compatible; bingbot/2.0; +http://www.bing.com/bingbot.htm) Chrome/116.0.1938.76 Safari/537.36"
52.167.144.171 - - [26/Apr/2025:13:56:00 -0400] "GET /?d=60612376260&filter=aca228&share_to_url=ideas.php%3Fid%3D2056728%26name%3Dtaifun+t+shirt+tlg HTTP/1.1" 200 24773 "-" "Mozilla/5.0 AppleWebKit/537.36 (KHTML, like Gecko; compatible; bingbot/2.0; +http://www.bing.com/bingbot.htm) Chrome/116.0.1938.76 Safari/537.36"
66.249.66.9 - - [26/Apr/2025:13:56:00 -0400] "GET /?d=110831353260&filter=eb41aa&share_to_url=shopdetail.php%3Fid%3D3752672%26name%3D75+the+on HTTP/1.1" 200 23714 "-" "Mozilla/5.0 (Linux; Android 6.0.1; Nexus 5X Build/MMB29P) AppleWebKit/537.36 (KHTML, like Gecko) Chrome/135.0.7049.114 Mobile Safari/537.36 (compatible; Googlebot/2.1; +http://www.google.com/bot.html)"
52.167.144.25 - - [26/Apr/2025:13:56:03 -0400] "GET /?d=103059278260&filter=d149d5&share_to_url=ideas.php%3Fid%3D3492480%26name%3Dcat+thermos+bottle+480ml HTTP/1.1" 200 23185 "-" "Mozilla/5.0 AppleWebKit/537.36 (KHTML, like Gecko; compatible; bingbot/2.0; +http://www.bing.com/bingbot.htm) Chrome/116.0.1938.76 Safari/537.36"
40.77.167.77 - - [26/Apr/2025:13:56:08 -0400] "GET /?d=108898142260&filter=4cc099&share_to_url=ideas.php%3Fid%3D3686880%26name%3Din+039+toy+story HTTP/1.1" 200 22819 "-" "Mozilla/5.0 AppleWebKit/537.36 (KHTML, like Gecko; compatible; bingbot/2.0; +http://www.bing.com/bingbot.htm) Chrome/116.0.1938.76 Safari/537.36"
52.167.144.25 - - [26/Apr/2025:13:56:13 -0400] "GET /?d=88647782260&filter=1f5f6f&share_to_url=pin.php%3Fid%3D3004410%26name%3Djom+upgrade+wheel+set+pasak HTTP/1.1" 200 24380 "-" "Mozilla/5.0 AppleWebKit/537.36 (KHTML, like Gecko; compatible; bingbot/2.0; +http://www.bing.com/bingbot.htm) Chrome/116.0.1938.76 Safari/537.36"
66.249.66.10 - - [26/Apr/2025:13:56:14 -0400] "GET /?d=103775105260&filter=dc973f&share_to_url=detail.php%3Fid%3D3516081%26name%3Dbosch+wet+dry+vacuum HTTP/1.1" 200 22233 "-" "Mozilla/5.0 (Linux; Android 6.0.1; Nexus 5X Build/MMB29P) AppleWebKit/537.36 (KHTML, like Gecko) Chrome/135.0.7049.114 Mobile Safari/537.36 (compatible; Googlebot/2.1; +http://www.google.com/bot.html)"
52.167.144.25 - - [26/Apr/2025:13:56:14 -0400] "GET /?d=107377431260&filter=4a33b7&share_to_url=detail.php%3Fid%3D3636345%26name%3Dchinon+belami+af+35mm HTTP/1.1" 200 23891 "-" "Mozilla/5.0 AppleWebKit/537.36 (KHTML, like Gecko; compatible; bingbot/2.0; +http://www.bing.com/bingbot.htm) Chrome/116.0.1938.76 Safari/537.36"
40.77.167.77 - - [26/Apr/2025:13:56:24 -0400] "GET /?d=59973026260&filter=7ffa06&share_to_url=pin.php%3Fid%3D2035218%26name%3Dwoody+walkers HTTP/1.1" 200 23818 "-" "Mozilla/5.0 AppleWebKit/537.36 (KHTML, like Gecko; compatible; bingbot/2.0; +http://www.bing.com/bingbot.htm) Chrome/116.0.1938.76 Safari/537.36"
52.167.144.171 - - [26/Apr/2025:13:56:29 -0400] "GET /?d=115087301260&filter=942b8a&share_to_url=item.php%3Fid%3D3897241%26name%3Dreview+another+one+baby HTTP/1.1" 200 22839 "-" "Mozilla/5.0 AppleWebKit/537.36 (KHTML, like Gecko; compatible; bingbot/2.0; +http://www.bing.com/bingbot.htm) Chrome/116.0.1938.76 Safari/537.36"
66.249.66.9 - - [26/Apr/2025:13:56:32 -0400] "GET /?d=114962310260&filter=132c35&share_to_url=item.php%3Fid%3D3892969%26name%3Dfender+and+mattel+partner HTTP/1.1" 200 24163 "-" "Mozilla/5.0 (Linux; Android 6.0.1; Nexus 5X Build/MMB29P) AppleWebKit/537.36 (KHTML, like Gecko) Chrome/135.0.7049.114 Mobile Safari/537.36 (compatible; Googlebot/2.1; +http://www.google.com/bot.html)"
52.167.144.25 - - [26/Apr/2025:13:56:50 -0400] "GET /?d=105441825260&filter=a75ffa&share_to_url=ideas.php%3Fid%3D3572004%26name%3D25+new+years+eve HTTP/1.1" 200 23339 "-" "Mozilla/5.0 AppleWebKit/537.36 (KHTML, like Gecko; compatible; bingbot/2.0; +http://www.bing.com/bingbot.htm) Chrome/116.0.1938.76 Safari/537.36"
52.167.144.25 - - [26/Apr/2025:13:56:51 -0400] "GET /?d=98436281260&filter=cb7031&share_to_url=item.php%3Fid%3D3336061%26name%3Den+s%C3%A9curit%C3%A9+priv%C3%A9e+beaut%C3%A9 HTTP/1.1" 200 24349 "-" "Mozilla/5.0 AppleWebKit/537.36 (KHTML, like Gecko; compatible; bingbot/2.0; +http://www.bing.com/bingbot.htm) Chrome/116.0.1938.76 Safari/537.36"
52.167.144.171 - - [26/Apr/2025:13:57:09 -0400] "GET /?d=97921128260&filter=64a9bc&share_to_url=discover.php%3Fid%3D3318689%26name%3Desf+val+thorens HTTP/1.1" 200 22104 "-" "Mozilla/5.0 AppleWebKit/537.36 (KHTML, like Gecko; compatible; bingbot/2.0; +http://www.bing.com/bingbot.htm) Chrome/116.0.1938.76 Safari/537.36"
52.167.144.171 - - [26/Apr/2025:13:57:29 -0400] "GET /?d=86048289260&filter=d07a8e&share_to_url=discover.php%3Fid%3D2915201%26name%3Dsony+ccd+v50e+video8 HTTP/1.1" 200 23389 "-" "Mozilla/5.0 AppleWebKit/537.36 (KHTML, like Gecko; compatible; bingbot/2.0; +http://www.bing.com/bingbot.htm) Chrome/116.0.1938.76 Safari/537.36"
52.167.144.171 - - [26/Apr/2025:13:57:39 -0400] "GET /?d=75532589260&filter=ab67d8&share_to_url=goods.php%3Fid%3D2559707%26name%3Dpepperfry+dining HTTP/1.1" 200 23731 "-" "Mozilla/5.0 AppleWebKit/537.36 (KHTML, like Gecko; compatible; bingbot/2.0; +http://www.bing.com/bingbot.htm) Chrome/116.0.1938.76 Safari/537.36"
52.167.144.25 - - [26/Apr/2025:13:58:00 -0400] "GET /?d=96422923260&filter=eee8f3&share_to_url=detail.php%3Fid%3D3266901%26name%3Dthe+last+naruto HTTP/1.1" 200 23493 "-" "Mozilla/5.0 AppleWebKit/537.36 (KHTML, like Gecko; compatible; bingbot/2.0; +http://www.bing.com/bingbot.htm) Chrome/116.0.1938.76 Safari/537.36"
40.77.167.77 - - [26/Apr/2025:13:58:24 -0400] "GET /?d=105992051260&filter=b190c6&share_to_url=pin.php%3Fid%3D3590286%26name%3Dez+slouch+carpenter+jeans HTTP/1.1" 200 23034 "-" "Mozilla/5.0 AppleWebKit/537.36 (KHTML, like Gecko; compatible; bingbot/2.0; +http://www.bing.com/bingbot.htm) Chrome/116.0.1938.76 Safari/537.36"
40.77.167.77 - - [26/Apr/2025:13:58:25 -0400] "GET /?d=101011935260&filter=0ab89c&share_to_url=detail.php%3Fid%3D3424041%26name%3Dopal+socken+und+pulloverwolle HTTP/1.1" 200 23487 "-" "Mozilla/5.0 AppleWebKit/537.36 (KHTML, like Gecko; compatible; bingbot/2.0; +http://www.bing.com/bingbot.htm) Chrome/116.0.1938.76 Safari/537.36"
40.77.167.77 - - [26/Apr/2025:13:58:26 -0400] "GET /?d=96688783260&filter=56e2eb&share_to_url=item.php%3Fid%3D3276169%26name%3Dvoiture+solido+clearance HTTP/1.1" 200 22689 "-" "Mozilla/5.0 AppleWebKit/537.36 (KHTML, like Gecko; compatible; bingbot/2.0; +http://www.bing.com/bingbot.htm) Chrome/116.0.1938.76 Safari/537.36"
40.77.167.77 - - [26/Apr/2025:13:58:27 -0400] "GET /?d=107571117260&filter=c37035&share_to_url=item.php%3Fid%3D3642913%26name%3Dcamis%C3%B3n+de+larga+para HTTP/1.1" 200 23550 "-" "Mozilla/5.0 AppleWebKit/537.36 (KHTML, like Gecko; compatible; bingbot/2.0; +http://www.bing.com/bingbot.htm) Chrome/116.0.1938.76 Safari/537.36"
40.77.167.243 - - [26/Apr/2025:13:58:30 -0400] "GET /?d=104740240260&filter=a8fc1c&share_to_url=shop.php%3Fid%3D3549079%26name%3Dall+sizes+uwabaki+slippers HTTP/1.1" 200 23425 "-" "Mozilla/5.0 AppleWebKit/537.36 (KHTML, like Gecko; compatible; bingbot/2.0; +http://www.bing.com/bingbot.htm) Chrome/116.0.1938.76 Safari/537.36"
40.77.167.243 - - [26/Apr/2025:13:58:31 -0400] "GET /?d=105131728260&filter=ef2428&share_to_url=goods.php%3Fid%3D3561575%26name%3Dpuedes+ense%C3%B1arle+a+owleez HTTP/1.1" 200 23113 "-" "Mozilla/5.0 AppleWebKit/537.36 (KHTML, like Gecko; compatible; bingbot/2.0; +http://www.bing.com/bingbot.htm) Chrome/116.0.1938.76 Safari/537.36"
52.255.111.92 - - [26/Apr/2025:13:58:49 -0400] "GET / HTTP/1.1" 302 0 "-" "Mozilla/5.0 AppleWebKit/537.36 (KHTML, like Gecko); compatible; ChatGPT-User/1.0; +https://openai.com/bot"
52.255.111.92 - - [26/Apr/2025:13:58:50 -0400] "GET /loginn.php HTTP/1.1" 200 832 "-" "Mozilla/5.0 AppleWebKit/537.36 (KHTML, like Gecko); compatible; ChatGPT-User/1.0; +https://openai.com/bot"
40.77.167.77 - - [26/Apr/2025:13:58:53 -0400] "GET /?d=107244790260&filter=d60d32&share_to_url=item.php%3Fid%3D3631753%26name%3Dxikezan+beard+grooming HTTP/1.1" 200 23410 "-" "Mozilla/5.0 AppleWebKit/537.36 (KHTML, like Gecko; compatible; bingbot/2.0; +http://www.bing.com/bingbot.htm) Chrome/116.0.1938.76 Safari/537.36"
40.77.167.77 - - [26/Apr/2025:13:58:56 -0400] "GET /?d=99533310260&filter=d31813&share_to_url=detail.php%3Fid%3D3373473%26name%3Dkapuzenpullover+l%C3%A4ssig+sportlich+k%C3%A4nguru HTTP/1.1" 200 23026 "-" "Mozilla/5.0 AppleWebKit/537.36 (KHTML, like Gecko; compatible; bingbot/2.0; +http://www.bing.com/bingbot.htm) Chrome/116.0.1938.76 Safari/537.36"
52.167.144.171 - - [26/Apr/2025:13:58:59 -0400] "GET /?d=95265245260&filter=1b6d6c&share_to_url=goods.php%3Fid%3D3227315%26name%3Dfivefingers+performa+jane+fitness HTTP/1.1" 200 22757 "-" "Mozilla/5.0 AppleWebKit/537.36 (KHTML, like Gecko; compatible; bingbot/2.0; +http://www.bing.com/bingbot.htm) Chrome/116.0.1938.76 Safari/537.36"
52.167.144.171 - - [26/Apr/2025:13:59:00 -0400] "GET /?d=99308150260&filter=a93973&share_to_url=discover.php%3Fid%3D3365753%26name%3Dvila+parka+f%C3%BCr+damen HTTP/1.1" 200 24170 "-" "Mozilla/5.0 AppleWebKit/537.36 (KHTML, like Gecko; compatible; bingbot/2.0; +http://www.bing.com/bingbot.htm) Chrome/116.0.1938.76 Safari/537.36"
40.77.167.243 - - [26/Apr/2025:13:59:04 -0400] "GET /?d=117134377260&filter=83f648&share_to_url=ideas.php%3Fid%3D3966852%26name%3Dmormaii+milao+mo132 HTTP/1.1" 200 22035 "-" "Mozilla/5.0 AppleWebKit/537.36 (KHTML, like Gecko; compatible; bingbot/2.0; +http://www.bing.com/bingbot.htm) Chrome/116.0.1938.76 Safari/537.36"
52.167.144.171 - - [26/Apr/2025:13:59:09 -0400] "GET /?d=117541807260&filter=5e3718&share_to_url=shop.php%3Fid%3D3980611%26name%3Dhabits+b%C3%A9b%C3%A9+68+cm HTTP/1.1" 200 23732 "-" "Mozilla/5.0 AppleWebKit/537.36 (KHTML, like Gecko; compatible; bingbot/2.0; +http://www.bing.com/bingbot.htm) Chrome/116.0.1938.76 Safari/537.36"
52.167.144.171 - - [26/Apr/2025:13:59:29 -0400] "GET /?d=92571678260&filter=0e419f&share_to_url=detail.php%3Fid%3D3136401%26name%3Damd+i2c+controller HTTP/1.1" 200 23976 "-" "Mozilla/5.0 AppleWebKit/537.36 (KHTML, like Gecko; compatible; bingbot/2.0; +http://www.bing.com/bingbot.htm) Chrome/116.0.1938.76 Safari/537.36"
66.249.66.11 - - [26/Apr/2025:13:59:41 -0400] "GET /?d=104310603260&filter=e86b2c&share_to_url=article.php%3Fid%3D3534230%26name%3Dpdf+sideways+sweater+vintage HTTP/1.1" 200 22983 "-" "Mozilla/5.0 (Linux; Android 6.0.1; Nexus 5X Build/MMB29P) AppleWebKit/537.36 (KHTML, like Gecko) Chrome/135.0.7049.95 Mobile Safari/537.36 (compatible; GoogleOther)"
40.77.167.8 - - [26/Apr/2025:13:59:56 -0400] "GET /?d=102154527260&filter=1c04d1&share_to_url=shopdetail.php%3Fid%3D3462536%26name%3Dwatch+handling+seiko+alpinist HTTP/1.1" 200 22967 "-" "Mozilla/5.0 AppleWebKit/537.36 (KHTML, like Gecko; compatible; bingbot/2.0; +http://www.bing.com/bingbot.htm) Chrome/116.0.1938.76 Safari/537.36"
40.77.167.243 - - [26/Apr/2025:14:00:20 -0400] "GET /?d=51624023260&filter=aae97a&share_to_url=pin.php%3Fid%3D1754514%26name%3Dquanto+guadagna+un+giocatore HTTP/1.1" 200 23035 "-" "Mozilla/5.0 AppleWebKit/537.36 (KHTML, like Gecko; compatible; bingbot/2.0; +http://www.bing.com/bingbot.htm) Chrome/116.0.1938.76 Safari/537.36"
40.77.167.243 - - [26/Apr/2025:14:00:21 -0400] "GET /?d=79738916260&filter=2aa707&share_to_url=ideas.php%3Fid%3D2700780%26name%3Dtribit+stormbox+wireless+speaker HTTP/1.1" 200 22668 "-" "Mozilla/5.0 AppleWebKit/537.36 (KHTML, like Gecko; compatible; bingbot/2.0; +http://www.bing.com/bingbot.htm) Chrome/116.0.1938.76 Safari/537.36"
40.77.167.243 - - [26/Apr/2025:14:00:22 -0400] "GET /?d=59594081260&filter=8ac724&share_to_url=shop.php%3Fid%3D2022547%26name%3Dweeping+willow+tree+of HTTP/1.1" 200 21626 "-" "Mozilla/5.0 AppleWebKit/537.36 (KHTML, like Gecko; compatible; bingbot/2.0; +http://www.bing.com/bingbot.htm) Chrome/116.0.1938.76 Safari/537.36"
40.77.167.243 - - [26/Apr/2025:14:00:24 -0400] "GET /?d=97694876260&filter=c4aab1&share_to_url=product-page.php%3Fid%3D3310960%26name%3Ddor%C3%A9+a+bandouli%C3%A8re HTTP/1.1" 200 22843 "-" "Mozilla/5.0 AppleWebKit/537.36 (KHTML, like Gecko; compatible; bingbot/2.0; +http://www.bing.com/bingbot.htm) Chrome/116.0.1938.76 Safari/537.36"
52.167.144.171 - - [26/Apr/2025:14:00:30 -0400] "GET /?d=109436365260&filter=bbd03f&share_to_url=detail.php%3Fid%3D3704301%26name%3Dsusan+cummings+sterling+silver HTTP/1.1" 200 22953 "-" "Mozilla/5.0 AppleWebKit/537.36 (KHTML, like Gecko; compatible; bingbot/2.0; +http://www.bing.com/bingbot.htm) Chrome/116.0.1938.76 Safari/537.36"
40.77.167.8 - - [26/Apr/2025:14:00:34 -0400] "GET /?d=83464900260&filter=f52d8d&share_to_url=model.php%3Fid%3D2827371%26name%3Dp2961+auriculares+inal%C3%A1mbricos+bluetooth HTTP/1.1" 200 23161 "-" "Mozilla/5.0 AppleWebKit/537.36 (KHTML, like Gecko; compatible; bingbot/2.0; +http://www.bing.com/bingbot.htm) Chrome/116.0.1938.76 Safari/537.36"
40.77.167.8 - - [26/Apr/2025:14:00:54 -0400] "GET /?d=83962195260&filter=f7947d&share_to_url=ideas.php%3Fid%3D2843832%26name%3Danthropologie+official+schuler HTTP/1.1" 200 23170 "-" "Mozilla/5.0 AppleWebKit/537.36 (KHTML, like Gecko; compatible; bingbot/2.0; +http://www.bing.com/bingbot.htm) Chrome/116.0.1938.76 Safari/537.36"
52.167.144.171 - - [26/Apr/2025:14:00:59 -0400] "GET /?d=110241017260&filter=b44b6e&share_to_url=detail.php%3Fid%3D3731301%26name%3Dtelstar+nightfall+air+tent HTTP/1.1" 200 21792 "-" "Mozilla/5.0 AppleWebKit/537.36 (KHTML, like Gecko; compatible; bingbot/2.0; +http://www.bing.com/bingbot.htm) Chrome/116.0.1938.76 Safari/537.36"
66.249.66.9 - - [26/Apr/2025:14:01:02 -0400] "GET /?d=108811143260&filter=fd45ef&share_to_url=shop.php%3Fid%3D3683899%26name%3Dlittle+tikes+ibm HTTP/1.1" 200 23353 "-" "Mozilla/5.0 (Linux; Android 6.0.1; Nexus 5X Build/MMB29P) AppleWebKit/537.36 (KHTML, like Gecko) Chrome/135.0.7049.114 Mobile Safari/537.36 (compatible; Googlebot/2.1; +http://www.google.com/bot.html)"
40.77.167.8 - - [26/Apr/2025:14:01:15 -0400] "GET /?d=105220034260&filter=15d3b1&share_to_url=detail.php%3Fid%3D3564765%26name%3Dblack+decker HTTP/1.1" 200 23067 "-" "Mozilla/5.0 AppleWebKit/537.36 (KHTML, like Gecko; compatible; bingbot/2.0; +http://www.bing.com/bingbot.htm) Chrome/116.0.1938.76 Safari/537.36"
52.167.144.171 - - [26/Apr/2025:14:01:19 -0400] "GET /?d=102191774260&filter=9e9754&share_to_url=discover.php%3Fid%3D3463925%26name%3Duser+manuals+sunbeam+gr8450 HTTP/1.1" 200 23564 "-" "Mozilla/5.0 AppleWebKit/537.36 (KHTML, like Gecko; compatible; bingbot/2.0; +http://www.bing.com/bingbot.htm) Chrome/116.0.1938.76 Safari/537.36"
40.77.167.243 - - [26/Apr/2025:14:01:23 -0400] "GET /?d=87407215260&filter=df0c98&share_to_url=shopdetail.php%3Fid%3D2961836%26name%3Dbracelete+nowoczesne+marrom HTTP/1.1" 200 23015 "-" "Mozilla/5.0 AppleWebKit/537.36 (KHTML, like Gecko; compatible; bingbot/2.0; +http://www.bing.com/bingbot.htm) Chrome/116.0.1938.76 Safari/537.36"
40.77.167.243 - - [26/Apr/2025:14:01:24 -0400] "GET /?d=89373025260&filter=ec7398&share_to_url=article.php%3Fid%3D3029474%26name%3Ddometic+cfx+28 HTTP/1.1" 200 22686 "-" "Mozilla/5.0 AppleWebKit/537.36 (KHTML, like Gecko; compatible; bingbot/2.0; +http://www.bing.com/bingbot.htm) Chrome/116.0.1938.76 Safari/537.36"
40.77.167.243 - - [26/Apr/2025:14:01:25 -0400] "GET /?d=60244107260&filter=01bb35&share_to_url=goods.php%3Fid%3D2044427%26name%3Dnew+balance+620+red HTTP/1.1" 200 22486 "-" "Mozilla/5.0 AppleWebKit/537.36 (KHTML, like Gecko; compatible; bingbot/2.0; +http://www.bing.com/bingbot.htm) Chrome/116.0.1938.76 Safari/537.36"
40.77.167.8 - - [26/Apr/2025:14:01:54 -0400] "GET /?d=78734942260&filter=14a695&share_to_url=product-page.php%3Fid%3D2666944%26name%3Dname+birthday+card HTTP/1.1" 200 23283 "-" "Mozilla/5.0 AppleWebKit/537.36 (KHTML, like Gecko; compatible; bingbot/2.0; +http://www.bing.com/bingbot.htm) Chrome/116.0.1938.76 Safari/537.36"
40.77.167.41 - - [26/Apr/2025:14:01:59 -0400] "GET /?d=22171593260&filter=0c7b35&share_to_url=shop.php%3Fid%3D751807%26name%3Dmatte+layering+kiko HTTP/1.1" 200 23004 "-" "Mozilla/5.0 AppleWebKit/537.36 (KHTML, like Gecko; compatible; bingbot/2.0; +http://www.bing.com/bingbot.htm) Chrome/116.0.1938.76 Safari/537.36"
66.249.66.15 - - [26/Apr/2025:14:02:06 -0400] "GET /?d=107988644260&filter=5e40a7&share_to_url=article.php%3Fid%3D3656210%26name%3Dabdl+playgym+adult+baby+activity HTTP/1.1" 200 23310 "-" "Mozilla/5.0 (Linux; Android 6.0.1; Nexus 5X Build/MMB29P) AppleWebKit/537.36 (KHTML, like Gecko) Chrome/135.0.7049.95 Mobile Safari/537.36 (compatible; Googlebot/2.1; +http://www.google.com/bot.html)"
40.77.167.8 - - [26/Apr/2025:14:02:15 -0400] "GET /?d=24915614260&filter=f5f4d3&share_to_url=detail.php%3Fid%3D844485%26name%3Dconverse+fille+dor%C3%A9+taille HTTP/1.1" 200 22440 "-" "Mozilla/5.0 AppleWebKit/537.36 (KHTML, like Gecko; compatible; bingbot/2.0; +http://www.bing.com/bingbot.htm) Chrome/116.0.1938.76 Safari/537.36"
40.77.167.41 - - [26/Apr/2025:14:02:19 -0400] "GET /?d=90067531260&filter=b3603f&share_to_url=detail.php%3Fid%3D3052437%26name%3Dhyperx+and+acer HTTP/1.1" 200 22478 "-" "Mozilla/5.0 AppleWebKit/537.36 (KHTML, like Gecko; compatible; bingbot/2.0; +http://www.bing.com/bingbot.htm) Chrome/116.0.1938.76 Safari/537.36"
40.77.167.243 - - [26/Apr/2025:14:02:24 -0400] "GET /?d=115814414260&filter=cd6685&share_to_url=item.php%3Fid%3D3921889%26name%3Dredwood+city+startup HTTP/1.1" 200 23752 "-" "Mozilla/5.0 AppleWebKit/537.36 (KHTML, like Gecko; compatible; bingbot/2.0; +http://www.bing.com/bingbot.htm) Chrome/116.0.1938.76 Safari/537.36"
66.249.66.11 - - [26/Apr/2025:14:02:24 -0400] "GET /?d=107944654260&filter=dd4e5e&share_to_url=shop.php%3Fid%3D3654859%26name%3Dlison+knit+sweater+by+just HTTP/1.1" 200 24291 "-" "Mozilla/5.0 (Linux; Android 6.0.1; Nexus 5X Build/MMB29P) AppleWebKit/537.36 (KHTML, like Gecko) Chrome/135.0.7049.114 Mobile Safari/537.36 (compatible; Googlebot/2.1; +http://www.google.com/bot.html)"
40.77.167.243 - - [26/Apr/2025:14:02:25 -0400] "GET /?d=99551526260&filter=e86b2c&share_to_url=item.php%3Fid%3D3374017%26name%3Dbuy+wolsey+red+and HTTP/1.1" 200 23291 "-" "Mozilla/5.0 AppleWebKit/537.36 (KHTML, like Gecko; compatible; bingbot/2.0; +http://www.bing.com/bingbot.htm) Chrome/116.0.1938.76 Safari/537.36"
40.77.167.243 - - [26/Apr/2025:14:02:25 -0400] "GET /?d=98436281260&filter=cb7031&share_to_url=item.php%3Fid%3D3336061%26name%3Den+s%C3%A9curit%C3%A9+priv%C3%A9e+beaut%C3%A9 HTTP/1.1" 200 24236 "-" "Mozilla/5.0 AppleWebKit/537.36 (KHTML, like Gecko; compatible; bingbot/2.0; +http://www.bing.com/bingbot.htm) Chrome/116.0.1938.76 Safari/537.36"
40.77.167.41 - - [26/Apr/2025:14:02:40 -0400] "GET /?d=113319176260&filter=55b63a&share_to_url=shopdetail.php%3Fid%3D3838124%26name%3Dclassified+and+trp HTTP/1.1" 200 24387 "-" "Mozilla/5.0 AppleWebKit/537.36 (KHTML, like Gecko; compatible; bingbot/2.0; +http://www.bing.com/bingbot.htm) Chrome/116.0.1938.76 Safari/537.36"
40.77.167.41 - - [26/Apr/2025:14:02:40 -0400] "GET /?d=107555441260&filter=5945b7&share_to_url=pin.php%3Fid%3D3642462%26name%3Dstrappy+stripe+sleeve HTTP/1.1" 200 24107 "-" "Mozilla/5.0 AppleWebKit/537.36 (KHTML, like Gecko; compatible; bingbot/2.0; +http://www.bing.com/bingbot.htm) Chrome/116.0.1938.76 Safari/537.36"
40.77.167.41 - - [26/Apr/2025:14:02:41 -0400] "GET /?d=60612376260&filter=aca228&share_to_url=ideas.php%3Fid%3D2056728%26name%3Dtaifun+t+shirt+tlg HTTP/1.1" 200 24704 "-" "Mozilla/5.0 AppleWebKit/537.36 (KHTML, like Gecko; compatible; bingbot/2.0; +http://www.bing.com/bingbot.htm) Chrome/116.0.1938.76 Safari/537.36"
40.77.167.8 - - [26/Apr/2025:14:02:44 -0400] "GET /?d=108898142260&filter=4cc099&share_to_url=ideas.php%3Fid%3D3686880%26name%3Din+039+toy+story HTTP/1.1" 200 22868 "-" "Mozilla/5.0 AppleWebKit/537.36 (KHTML, like Gecko; compatible; bingbot/2.0; +http://www.bing.com/bingbot.htm) Chrome/116.0.1938.76 Safari/537.36"
40.77.167.8 - - [26/Apr/2025:14:03:04 -0400] "GET /?d=5061540260&filter=6565c7&share_to_url=shopdetail.php%3Fid%3D174680%26name%3Dvajilla+de+bavarian+porcelain+erika HTTP/1.1" 200 23467 "-" "Mozilla/5.0 AppleWebKit/537.36 (KHTML, like Gecko; compatible; bingbot/2.0; +http://www.bing.com/bingbot.htm) Chrome/116.0.1938.76 Safari/537.36"
40.77.167.243 - - [26/Apr/2025:14:03:10 -0400] "GET /?d=103059278260&filter=d149d5&share_to_url=ideas.php%3Fid%3D3492480%26name%3Dcat+thermos+bottle+480ml HTTP/1.1" 200 23201 "-" "Mozilla/5.0 AppleWebKit/537.36 (KHTML, like Gecko; compatible; bingbot/2.0; +http://www.bing.com/bingbot.htm) Chrome/116.0.1938.76 Safari/537.36"
40.77.167.243 - - [26/Apr/2025:14:03:11 -0400] "GET /?d=107377431260&filter=4a33b7&share_to_url=detail.php%3Fid%3D3636345%26name%3Dchinon+belami+af+35mm HTTP/1.1" 200 23852 "-" "Mozilla/5.0 AppleWebKit/537.36 (KHTML, like Gecko; compatible; bingbot/2.0; +http://www.bing.com/bingbot.htm) Chrome/116.0.1938.76 Safari/537.36"
40.77.167.243 - - [26/Apr/2025:14:03:12 -0400] "GET /?d=71025814260&filter=c08dc8&share_to_url=ideas.php%3Fid%3D2406780%26name%3Daml+sport+usa HTTP/1.1" 200 23531 "-" "Mozilla/5.0 AppleWebKit/537.36 (KHTML, like Gecko; compatible; bingbot/2.0; +http://www.bing.com/bingbot.htm) Chrome/116.0.1938.76 Safari/537.36"
40.77.167.243 - - [26/Apr/2025:14:03:13 -0400] "GET /?d=19936540260&filter=2aa707&share_to_url=article.php%3Fid%3D677090%26name%3Dwharfedale+valdus+500se+200 HTTP/1.1" 200 23658 "-" "Mozilla/5.0 AppleWebKit/537.36 (KHTML, like Gecko; compatible; bingbot/2.0; +http://www.bing.com/bingbot.htm) Chrome/116.0.1938.76 Safari/537.36"
40.77.167.8 - - [26/Apr/2025:14:03:14 -0400] "GET /?d=59973026260&filter=7ffa06&share_to_url=pin.php%3Fid%3D2035218%26name%3Dwoody+walkers HTTP/1.1" 200 23923 "-" "Mozilla/5.0 AppleWebKit/537.36 (KHTML, like Gecko; compatible; bingbot/2.0; +http://www.bing.com/bingbot.htm) Chrome/116.0.1938.76 Safari/537.36"
66.249.66.11 - - [26/Apr/2025:14:03:14 -0400] "GET /?d=116762238260&filter=958b9e&share_to_url=detail.php%3Fid%3D3954117%26name%3Dnike+free+run+banner+ad HTTP/1.1" 200 22855 "-" "Mozilla/5.0 (Linux; Android 6.0.1; Nexus 5X Build/MMB29P) AppleWebKit/537.36 (KHTML, like Gecko) Chrome/135.0.7049.114 Mobile Safari/537.36 (compatible; Googlebot/2.1; +http://www.google.com/bot.html)"
40.77.167.8 - - [26/Apr/2025:14:03:15 -0400] "GET /?d=101027520260&filter=0ab89c&share_to_url=item.php%3Fid%3D3424537%26name%3Dmut+zur+ver%C3%A4nderung+unsere HTTP/1.1" 200 23402 "-" "Mozilla/5.0 AppleWebKit/537.36 (KHTML, like Gecko; compatible; bingbot/2.0; +http://www.bing.com/bingbot.htm) Chrome/116.0.1938.76 Safari/537.36"
40.77.167.41 - - [26/Apr/2025:14:03:19 -0400] "GET /?d=115087301260&filter=942b8a&share_to_url=item.php%3Fid%3D3897241%26name%3Dreview+another+one+baby HTTP/1.1" 200 22797 "-" "Mozilla/5.0 AppleWebKit/537.36 (KHTML, like Gecko; compatible; bingbot/2.0; +http://www.bing.com/bingbot.htm) Chrome/116.0.1938.76 Safari/537.36"
40.77.167.41 - - [26/Apr/2025:14:03:20 -0400] "GET /?d=79731178260&filter=f7c4dc&share_to_url=ideas.php%3Fid%3D2700492%26name%3Dburton+limelight+step+on HTTP/1.1" 200 22134 "-" "Mozilla/5.0 AppleWebKit/537.36 (KHTML, like Gecko; compatible; bingbot/2.0; +http://www.bing.com/bingbot.htm) Chrome/116.0.1938.76 Safari/537.36"
40.77.167.8 - - [26/Apr/2025:14:03:24 -0400] "GET /?d=115575314260&filter=eb8c1b&share_to_url=shop.php%3Fid%3D3913951%26name%3Dhousings+for+sony+cameras HTTP/1.1" 200 22458 "-" "Mozilla/5.0 AppleWebKit/537.36 (KHTML, like Gecko; compatible; bingbot/2.0; +http://www.bing.com/bingbot.htm) Chrome/116.0.1938.76 Safari/537.36"
40.77.167.243 - - [26/Apr/2025:14:03:41 -0400] "GET /?d=105441825260&filter=a75ffa&share_to_url=ideas.php%3Fid%3D3572004%26name%3D25+new+years+eve HTTP/1.1" 200 23380 "-" "Mozilla/5.0 AppleWebKit/537.36 (KHTML, like Gecko; compatible; bingbot/2.0; +http://www.bing.com/bingbot.htm) Chrome/116.0.1938.76 Safari/537.36"
40.77.167.243 - - [26/Apr/2025:14:04:01 -0400] "GET /?d=91210305260&filter=dc973f&share_to_url=detail.php%3Fid%3D3091113%26name%3Dthis+is+fake+makita HTTP/1.1" 200 23315 "-" "Mozilla/5.0 AppleWebKit/537.36 (KHTML, like Gecko; compatible; bingbot/2.0; +http://www.bing.com/bingbot.htm) Chrome/116.0.1938.76 Safari/537.36"
40.77.167.41 - - [26/Apr/2025:14:04:19 -0400] "GET /?d=94298085260&filter=edd546&share_to_url=product.php%3Fid%3D3195646%26name%3Dmivi+launches+its+first HTTP/1.1" 200 22827 "-" "Mozilla/5.0 AppleWebKit/537.36 (KHTML, like Gecko; compatible; bingbot/2.0; +http://www.bing.com/bingbot.htm) Chrome/116.0.1938.76 Safari/537.36"
66.249.66.10 - - [26/Apr/2025:14:04:23 -0400] "GET /?d=112445119260&filter=d149d5&share_to_url=ideas.php%3Fid%3D3808740%26name%3Dtiger+thermos+flask+on+sale HTTP/1.1" 200 23221 "-" "Mozilla/5.0 (Linux; Android 6.0.1; Nexus 5X Build/MMB29P) AppleWebKit/537.36 (KHTML, like Gecko) Chrome/135.0.7049.114 Mobile Safari/537.36 (compatible; Googlebot/2.1; +http://www.google.com/bot.html)"
40.77.167.8 - - [26/Apr/2025:14:04:25 -0400] "GET /?d=96410700260&filter=d8181f&share_to_url=detail.php%3Fid%3D3266481%26name%3Drag+and+bone+riser HTTP/1.1" 200 23508 "-" "Mozilla/5.0 AppleWebKit/537.36 (KHTML, like Gecko; compatible; bingbot/2.0; +http://www.bing.com/bingbot.htm) Chrome/116.0.1938.76 Safari/537.36"
40.77.167.41 - - [26/Apr/2025:14:04:29 -0400] "GET /?d=101883444260&filter=a8fc1c&share_to_url=detail.php%3Fid%3D3453957%26name%3Dbuy+vans+old HTTP/1.1" 200 23678 "-" "Mozilla/5.0 AppleWebKit/537.36 (KHTML, like Gecko; compatible; bingbot/2.0; +http://www.bing.com/bingbot.htm) Chrome/116.0.1938.76 Safari/537.36"
40.77.167.8 - - [26/Apr/2025:14:05:04 -0400] "GET /?d=89268409260&filter=e287cc&share_to_url=article.php%3Fid%3D3025874%26name%3Deddy+herrera+en HTTP/1.1" 200 22596 "-" "Mozilla/5.0 AppleWebKit/537.36 (KHTML, like Gecko; compatible; bingbot/2.0; +http://www.bing.com/bingbot.htm) Chrome/116.0.1938.76 Safari/537.36"
40.77.167.243 - - [26/Apr/2025:14:05:11 -0400] "GET /?d=96422923260&filter=eee8f3&share_to_url=detail.php%3Fid%3D3266901%26name%3Dthe+last+naruto HTTP/1.1" 200 23427 "-" "Mozilla/5.0 AppleWebKit/537.36 (KHTML, like Gecko; compatible; bingbot/2.0; +http://www.bing.com/bingbot.htm) Chrome/116.0.1938.76 Safari/537.36"
40.77.167.41 - - [26/Apr/2025:14:05:39 -0400] "GET /?d=86048289260&filter=d07a8e&share_to_url=discover.php%3Fid%3D2915201%26name%3Dsony+ccd+v50e+video8 HTTP/1.1" 200 23386 "-" "Mozilla/5.0 AppleWebKit/537.36 (KHTML, like Gecko; compatible; bingbot/2.0; +http://www.bing.com/bingbot.htm) Chrome/116.0.1938.76 Safari/537.36"
40.77.167.243 - - [26/Apr/2025:14:05:45 -0400] "GET /?d=108957267260&filter=aca5ca&share_to_url=ideas.php%3Fid%3D3688824%26name%3Dbunker+hill+channel+surveilance HTTP/1.1" 200 23539 "-" "Mozilla/5.0 AppleWebKit/537.36 (KHTML, like Gecko; compatible; bingbot/2.0; +http://www.bing.com/bingbot.htm) Chrome/116.0.1938.76 Safari/537.36"
40.77.167.8 - - [26/Apr/2025:14:06:05 -0400] "GET /?d=107244790260&filter=d60d32&share_to_url=item.php%3Fid%3D3631753%26name%3Dxikezan+beard+grooming HTTP/1.1" 200 23402 "-" "Mozilla/5.0 AppleWebKit/537.36 (KHTML, like Gecko; compatible; bingbot/2.0; +http://www.bing.com/bingbot.htm) Chrome/116.0.1938.76 Safari/537.36"
40.77.167.41 - - [26/Apr/2025:14:06:10 -0400] "GET /?d=95265245260&filter=1b6d6c&share_to_url=goods.php%3Fid%3D3227315%26name%3Dfivefingers+performa+jane+fitness HTTP/1.1" 200 22852 "-" "Mozilla/5.0 AppleWebKit/537.36 (KHTML, like Gecko; compatible; bingbot/2.0; +http://www.bing.com/bingbot.htm) Chrome/116.0.1938.76 Safari/537.36"
40.77.167.8 - - [26/Apr/2025:14:06:14 -0400] "GET /?d=105992051260&filter=b190c6&share_to_url=pin.php%3Fid%3D3590286%26name%3Dez+slouch+carpenter+jeans HTTP/1.1" 200 22916 "-" "Mozilla/5.0 AppleWebKit/537.36 (KHTML, like Gecko; compatible; bingbot/2.0; +http://www.bing.com/bingbot.htm) Chrome/116.0.1938.76 Safari/537.36"
40.77.167.8 - - [26/Apr/2025:14:06:15 -0400] "GET /?d=101011935260&filter=0ab89c&share_to_url=detail.php%3Fid%3D3424041%26name%3Dopal+socken+und+pulloverwolle HTTP/1.1" 200 23558 "-" "Mozilla/5.0 AppleWebKit/537.36 (KHTML, like Gecko; compatible; bingbot/2.0; +http://www.bing.com/bingbot.htm) Chrome/116.0.1938.76 Safari/537.36"
40.77.167.243 - - [26/Apr/2025:14:06:21 -0400] "GET /?d=104740240260&filter=a8fc1c&share_to_url=shop.php%3Fid%3D3549079%26name%3Dall+sizes+uwabaki+slippers HTTP/1.1" 200 23502 "-" "Mozilla/5.0 AppleWebKit/537.36 (KHTML, like Gecko; compatible; bingbot/2.0; +http://www.bing.com/bingbot.htm) Chrome/116.0.1938.76 Safari/537.36"
40.77.167.243 - - [26/Apr/2025:14:06:22 -0400] "GET /?d=105131728260&filter=ef2428&share_to_url=goods.php%3Fid%3D3561575%26name%3Dpuedes+ense%C3%B1arle+a+owleez HTTP/1.1" 200 23149 "-" "Mozilla/5.0 AppleWebKit/537.36 (KHTML, like Gecko; compatible; bingbot/2.0; +http://www.bing.com/bingbot.htm) Chrome/116.0.1938.76 Safari/537.36"
40.77.167.243 - - [26/Apr/2025:14:06:22 -0400] "GET /?d=110059312260&filter=cb3ca5&share_to_url=article.php%3Fid%3D3724970%26name%3Dindustries+more HTTP/1.1" 200 24001 "-" "Mozilla/5.0 AppleWebKit/537.36 (KHTML, like Gecko; compatible; bingbot/2.0; +http://www.bing.com/bingbot.htm) Chrome/116.0.1938.76 Safari/537.36"
