52.167.144.20 - - [26/Apr/2025:11:50:58 -0400] "GET /?d=60612376260&filter=aca228&share_to_url=ideas.php%3Fid%3D2056728%26name%3Dtaifun+t+shirt+tlg HTTP/1.1" 200 24544 "-" "Mozilla/5.0 AppleWebKit/537.36 (KHTML, like Gecko; compatible; bingbot/2.0; +http://www.bing.com/bingbot.htm) Chrome/116.0.1938.76 Safari/537.36"
40.77.167.77 - - [26/Apr/2025:11:51:02 -0400] "GET /?d=103059278260&filter=d149d5&share_to_url=ideas.php%3Fid%3D3492480%26name%3Dcat+thermos+bottle+480ml HTTP/1.1" 200 23297 "-" "Mozilla/5.0 AppleWebKit/537.36 (KHTML, like Gecko; compatible; bingbot/2.0; +http://www.bing.com/bingbot.htm) Chrome/116.0.1938.76 Safari/537.36"
40.77.167.77 - - [26/Apr/2025:11:51:18 -0400] "GET /?d=105441825260&filter=a75ffa&share_to_url=ideas.php%3Fid%3D3572004%26name%3D25+new+years+eve HTTP/1.1" 200 23394 "-" "Mozilla/5.0 AppleWebKit/537.36 (KHTML, like Gecko; compatible; bingbot/2.0; +http://www.bing.com/bingbot.htm) Chrome/116.0.1938.76 Safari/537.36"
66.249.66.11 - - [26/Apr/2025:11:51:25 -0400] "GET /?d=95466163260&filter=3ebd99&share_to_url=article.php%3Fid%3D3234470%26name%3Dgreyhound+pictures+rotten+tomatoes HTTP/1.1" 200 24029 "-" "Mozilla/5.0 (Linux; Android 6.0.1; Nexus 5X Build/MMB29P) AppleWebKit/537.36 (KHTML, like Gecko) Chrome/135.0.7049.114 Mobile Safari/537.36 (compatible; Googlebot/2.1; +http://www.google.com/bot.html)"
20.15.133.175 - - [26/Apr/2025:11:51:40 -0400] "GET /?d=88136379260&filter=d28f10&share_to_url=product-page.php%3Fid%3D2986648%26name%3D2021+the+many+faces HTTP/1.1" 200 22590 "-" "Mozilla/5.0 AppleWebKit/537.36 (KHTML, like Gecko; compatible; bingbot/2.0; +http://www.bing.com/bingbot.htm) Chrome/116.0.1938.76 Safari/537.36"
52.167.144.20 - - [26/Apr/2025:11:51:44 -0400] "GET /?d=112938734260&filter=583eef&share_to_url=detail.php%3Fid%3D3824889%26name%3Deng+v+sl+2024 HTTP/1.1" 200 23495 "-" "Mozilla/5.0 AppleWebKit/537.36 (KHTML, like Gecko; compatible; bingbot/2.0; +http://www.bing.com/bingbot.htm) Chrome/116.0.1938.76 Safari/537.36"
52.167.144.166 - - [26/Apr/2025:11:51:52 -0400] "GET /?d=117533074260&filter=6bbbea&share_to_url=item.php%3Fid%3D3980329%26name%3Dhugo+sacs+pour+hommes HTTP/1.1" 200 23795 "-" "Mozilla/5.0 AppleWebKit/537.36 (KHTML, like Gecko; compatible; bingbot/2.0; +http://www.bing.com/bingbot.htm) Chrome/116.0.1938.76 Safari/537.36"
52.167.144.166 - - [26/Apr/2025:11:51:54 -0400] "GET /?d=97055751260&filter=587160&share_to_url=article.php%3Fid%3D3288326%26name%3Dnavy+blue+sweatshirt+with HTTP/1.1" 200 24033 "-" "Mozilla/5.0 AppleWebKit/537.36 (KHTML, like Gecko; compatible; bingbot/2.0; +http://www.bing.com/bingbot.htm) Chrome/116.0.1938.76 Safari/537.36"
52.167.144.166 - - [26/Apr/2025:11:52:02 -0400] "GET /?d=96410700260&filter=d8181f&share_to_url=detail.php%3Fid%3D3266481%26name%3Drag+and+bone+riser HTTP/1.1" 200 23454 "-" "Mozilla/5.0 AppleWebKit/537.36 (KHTML, like Gecko; compatible; bingbot/2.0; +http://www.bing.com/bingbot.htm) Chrome/116.0.1938.76 Safari/537.36"
40.77.167.77 - - [26/Apr/2025:11:52:08 -0400] "GET /?d=85616832260&filter=132c35&share_to_url=shopdetail.php%3Fid%3D2900336%26name%3Dlilo+stitch+stitch+dorbz HTTP/1.1" 200 22595 "-" "Mozilla/5.0 AppleWebKit/537.36 (KHTML, like Gecko; compatible; bingbot/2.0; +http://www.bing.com/bingbot.htm) Chrome/116.0.1938.76 Safari/537.36"
52.167.144.20 - - [26/Apr/2025:11:52:14 -0400] "GET /?d=94298085260&filter=edd546&share_to_url=product.php%3Fid%3D3195646%26name%3Dmivi+launches+its+first HTTP/1.1" 200 22721 "-" "Mozilla/5.0 AppleWebKit/537.36 (KHTML, like Gecko; compatible; bingbot/2.0; +http://www.bing.com/bingbot.htm) Chrome/116.0.1938.76 Safari/537.36"
66.249.66.11 - - [26/Apr/2025:11:52:24 -0400] "GET /?d=101488273260&filter=c29bf6&share_to_url=product-page.php%3Fid%3D3440512%26name%3Dbogs+digger+mid+gentleman+b+lifestyle HTTP/1.1" 200 23244 "-" "Mozilla/5.0 (Linux; Android 6.0.1; Nexus 5X Build/MMB29P) AppleWebKit/537.36 (KHTML, like Gecko) Chrome/135.0.7049.114 Mobile Safari/537.36 (compatible; Googlebot/2.1; +http://www.google.com/bot.html)"
52.167.144.20 - - [26/Apr/2025:11:52:43 -0400] "GET /?d=114016680260&filter=0f9aff&share_to_url=item.php%3Fid%3D3861349%26name%3Dkanken+estuche+para+l%C3%A1pices HTTP/1.1" 200 23754 "-" "Mozilla/5.0 AppleWebKit/537.36 (KHTML, like Gecko; compatible; bingbot/2.0; +http://www.bing.com/bingbot.htm) Chrome/116.0.1938.76 Safari/537.36"
52.167.144.20 - - [26/Apr/2025:11:52:43 -0400] "GET /?d=115087301260&filter=942b8a&share_to_url=item.php%3Fid%3D3897241%26name%3Dreview+another+one+baby HTTP/1.1" 200 22823 "-" "Mozilla/5.0 AppleWebKit/537.36 (KHTML, like Gecko; compatible; bingbot/2.0; +http://www.bing.com/bingbot.htm) Chrome/116.0.1938.76 Safari/537.36"
52.167.144.20 - - [26/Apr/2025:11:52:44 -0400] "GET /?d=100912781260&filter=8c36c9&share_to_url=discover.php%3Fid%3D3420449%26name%3Dlebron+james+catches HTTP/1.1" 200 22857 "-" "Mozilla/5.0 AppleWebKit/537.36 (KHTML, like Gecko; compatible; bingbot/2.0; +http://www.bing.com/bingbot.htm) Chrome/116.0.1938.76 Safari/537.36"
40.77.167.77 - - [26/Apr/2025:11:52:49 -0400] "GET /?d=107377431260&filter=4a33b7&share_to_url=detail.php%3Fid%3D3636345%26name%3Dchinon+belami+af+35mm HTTP/1.1" 200 23857 "-" "Mozilla/5.0 AppleWebKit/537.36 (KHTML, like Gecko; compatible; bingbot/2.0; +http://www.bing.com/bingbot.htm) Chrome/116.0.1938.76 Safari/537.36"
20.15.133.175 - - [26/Apr/2025:11:52:51 -0400] "GET /?d=100475621260&filter=ab67d8&share_to_url=product.php%3Fid%3D3405502%26name%3Dnext+home+shop+cheap+lounge HTTP/1.1" 200 24531 "-" "Mozilla/5.0 AppleWebKit/537.36 (KHTML, like Gecko; compatible; bingbot/2.0; +http://www.bing.com/bingbot.htm) Chrome/116.0.1938.76 Safari/537.36"
52.167.144.166 - - [26/Apr/2025:11:52:54 -0400] "GET /?d=59973026260&filter=7ffa06&share_to_url=pin.php%3Fid%3D2035218%26name%3Dwoody+walkers HTTP/1.1" 200 23952 "-" "Mozilla/5.0 AppleWebKit/537.36 (KHTML, like Gecko; compatible; bingbot/2.0; +http://www.bing.com/bingbot.htm) Chrome/116.0.1938.76 Safari/537.36"
52.167.144.166 - - [26/Apr/2025:11:53:23 -0400] "GET /?d=83108737260&filter=cdc800&share_to_url=detail.php%3Fid%3D2815293%26name%3Dmy+little+pony+jacket HTTP/1.1" 200 24059 "-" "Mozilla/5.0 AppleWebKit/537.36 (KHTML, like Gecko; compatible; bingbot/2.0; +http://www.bing.com/bingbot.htm) Chrome/116.0.1938.76 Safari/537.36"
52.167.144.20 - - [26/Apr/2025:11:53:27 -0400] "GET /?d=86048289260&filter=d07a8e&share_to_url=discover.php%3Fid%3D2915201%26name%3Dsony+ccd+v50e+video8 HTTP/1.1" 200 23319 "-" "Mozilla/5.0 AppleWebKit/537.36 (KHTML, like Gecko; compatible; bingbot/2.0; +http://www.bing.com/bingbot.htm) Chrome/116.0.1938.76 Safari/537.36"
52.167.144.20 - - [26/Apr/2025:11:53:28 -0400] "GET /?d=92571678260&filter=0e419f&share_to_url=detail.php%3Fid%3D3136401%26name%3Damd+i2c+controller HTTP/1.1" 200 24054 "-" "Mozilla/5.0 AppleWebKit/537.36 (KHTML, like Gecko; compatible; bingbot/2.0; +http://www.bing.com/bingbot.htm) Chrome/116.0.1938.76 Safari/537.36"
52.167.144.20 - - [26/Apr/2025:11:53:29 -0400] "GET /?d=34469196260&filter=0cb8e1&share_to_url=item.php%3Fid%3D1172305%26name%3Dwomen+to+2025+men HTTP/1.1" 200 24608 "-" "Mozilla/5.0 AppleWebKit/537.36 (KHTML, like Gecko; compatible; bingbot/2.0; +http://www.bing.com/bingbot.htm) Chrome/116.0.1938.76 Safari/537.36"
52.167.144.20 - - [26/Apr/2025:11:53:33 -0400] "GET /?d=100958523260&filter=997939&share_to_url=shopdetail.php%3Fid%3D3422168%26name%3Dvgjunk+splatterhouse+wanpaku HTTP/1.1" 200 22672 "-" "Mozilla/5.0 AppleWebKit/537.36 (KHTML, like Gecko; compatible; bingbot/2.0; +http://www.bing.com/bingbot.htm) Chrome/116.0.1938.76 Safari/537.36"
40.77.167.77 - - [26/Apr/2025:11:53:38 -0400] "GET /?d=96422923260&filter=eee8f3&share_to_url=detail.php%3Fid%3D3266901%26name%3Dthe+last+naruto HTTP/1.1" 200 23329 "-" "Mozilla/5.0 AppleWebKit/537.36 (KHTML, like Gecko; compatible; bingbot/2.0; +http://www.bing.com/bingbot.htm) Chrome/116.0.1938.76 Safari/537.36"
40.77.167.77 - - [26/Apr/2025:11:53:52 -0400] "GET /?d=58883592260&filter=1d54fc&share_to_url=discover.php%3Fid%3D1998509%26name%3Dnew+balance+numeric+255 HTTP/1.1" 200 21783 "-" "Mozilla/5.0 AppleWebKit/537.36 (KHTML, like Gecko; compatible; bingbot/2.0; +http://www.bing.com/bingbot.htm) Chrome/116.0.1938.76 Safari/537.36"
40.77.167.17 - - [26/Apr/2025:11:49:43 -0400] "GET /?d=98416757260&filter=cab71d&share_to_url=discover.php%3Fid%3D3335501%26name%3Doracle+exp HTTP/1.1" 200 23133 "-" "Mozilla/5.0 AppleWebKit/537.36 (KHTML, like Gecko; compatible; bingbot/2.0; +http://www.bing.com/bingbot.htm) Chrome/116.0.1938.76 Safari/537.36"
208.68.173.244 - - [26/Apr/2025:11:49:43 -0400] "GET /bootstrap/css/bootstrap.min.css HTTP/1.1" 200 18419 "https://churchmr.com/loginn.php" "Mozilla/5.0 (iPhone; CPU iPhone OS 18_3_2 like Mac OS X) AppleWebKit/605.1.15 (KHTML, like Gecko) GSA/365.1.750410080 Mobile/15E148 Safari/604.1"
208.68.173.244 - - [26/Apr/2025:11:49:43 -0400] "GET /plugins/jQuery/jQuery-2.1.4.min.js HTTP/1.1" 200 30452 "https://churchmr.com/loginn.php" "Mozilla/5.0 (iPhone; CPU iPhone OS 18_3_2 like Mac OS X) AppleWebKit/605.1.15 (KHTML, like Gecko) GSA/365.1.750410080 Mobile/15E148 Safari/604.1"
208.68.173.244 - - [26/Apr/2025:11:49:43 -0400] "GET /dist/css/AdminLTE.min.css HTTP/1.1" 200 13899 "https://churchmr.com/loginn.php" "Mozilla/5.0 (iPhone; CPU iPhone OS 18_3_2 like Mac OS X) AppleWebKit/605.1.15 (KHTML, like Gecko) GSA/365.1.750410080 Mobile/15E148 Safari/604.1"
208.68.173.244 - - [26/Apr/2025:11:49:43 -0400] "GET /bootstrap/js/bootstrap.min.js HTTP/1.1" 200 10885 "https://churchmr.com/loginn.php" "Mozilla/5.0 (iPhone; CPU iPhone OS 18_3_2 like Mac OS X) AppleWebKit/605.1.15 (KHTML, like Gecko) GSA/365.1.750410080 Mobile/15E148 Safari/604.1"
208.68.173.244 - - [26/Apr/2025:11:49:44 -0400] "GET /user/upload/user.jpg HTTP/1.1" 200 9265 "https://churchmr.com/loginn.php" "Mozilla/5.0 (iPhone; CPU iPhone OS 18_3_2 like Mac OS X) AppleWebKit/605.1.15 (KHTML, like Gecko) GSA/365.1.750410080 Mobile/15E148 Safari/604.1"
208.68.173.244 - - [26/Apr/2025:11:49:44 -0400] "GET /bootstrap/fonts/glyphicons-halflings-regular.woff2 HTTP/1.1" 200 18028 "https://churchmr.com/loginn.php" "Mozilla/5.0 (iPhone; CPU iPhone OS 18_3_2 like Mac OS X) AppleWebKit/605.1.15 (KHTML, like Gecko) GSA/365.1.750410080 Mobile/15E148 Safari/604.1"
208.68.173.244 - - [26/Apr/2025:11:49:45 -0400] "GET /adminn HTTP/1.1" 302 0 "-" "Mozilla/5.0 (iPhone; CPU iPhone OS 18_3_2 like Mac OS X) AppleWebKit/605.1.15 (KHTML, like Gecko) GSA/365.1.750410080 Mobile/15E148 Safari/604.1"
208.68.173.244 - - [26/Apr/2025:11:49:45 -0400] "GET /loginn.php HTTP/1.1" 200 832 "-" "Mozilla/5.0 (iPhone; CPU iPhone OS 18_3_2 like Mac OS X) AppleWebKit/605.1.15 (KHTML, like Gecko) GSA/365.1.750410080 Mobile/15E148 Safari/604.1"
20.15.133.175 - - [26/Apr/2025:11:49:45 -0400] "GET /?d=97597957260&filter=dc973f&share_to_url=product-page.php%3Fid%3D3307540%26name%3Dbattery+dewalt+store HTTP/1.1" 200 22955 "-" "Mozilla/5.0 AppleWebKit/537.36 (KHTML, like Gecko; compatible; bingbot/2.0; +http://www.bing.com/bingbot.htm) Chrome/116.0.1938.76 Safari/537.36"
40.77.167.77 - - [26/Apr/2025:11:54:18 -0400] "GET /?d=104740240260&filter=a8fc1c&share_to_url=shop.php%3Fid%3D3549079%26name%3Dall+sizes+uwabaki+slippers HTTP/1.1" 200 23400 "-" "Mozilla/5.0 AppleWebKit/537.36 (KHTML, like Gecko; compatible; bingbot/2.0; +http://www.bing.com/bingbot.htm) Chrome/116.0.1938.76 Safari/537.36"
40.77.167.77 - - [26/Apr/2025:11:54:19 -0400] "GET /?d=105131728260&filter=ef2428&share_to_url=goods.php%3Fid%3D3561575%26name%3Dpuedes+ense%C3%B1arle+a+owleez HTTP/1.1" 200 23158 "-" "Mozilla/5.0 AppleWebKit/537.36 (KHTML, like Gecko; compatible; bingbot/2.0; +http://www.bing.com/bingbot.htm) Chrome/116.0.1938.76 Safari/537.36"
40.77.167.77 - - [26/Apr/2025:11:54:19 -0400] "GET /?d=116017120260&filter=bc40a5&share_to_url=goods.php%3Fid%3D3928751%26name%3Dshelf+for+above HTTP/1.1" 200 24335 "-" "Mozilla/5.0 AppleWebKit/537.36 (KHTML, like Gecko; compatible; bingbot/2.0; +http://www.bing.com/bingbot.htm) Chrome/116.0.1938.76 Safari/537.36"
66.249.66.10 - - [26/Apr/2025:11:54:24 -0400] "GET /?d=91798081260&filter=b2e434&share_to_url=shopdetail.php%3Fid%3D3110648%26name%3Dvalor+fitness+ca+27 HTTP/1.1" 200 23310 "-" "Mozilla/5.0 (Linux; Android 6.0.1; Nexus 5X Build/MMB29P) AppleWebKit/537.36 (KHTML, like Gecko) Chrome/135.0.7049.114 Mobile Safari/537.36 (compatible; Googlebot/2.1; +http://www.google.com/bot.html)"
66.249.66.11 - - [26/Apr/2025:11:54:25 -0400] "GET /?d=100331255260&filter=6e62fe&share_to_url=product-page.php%3Fid%3D3400600%26name%3Dyorkshire+discount+bike+sales HTTP/1.1" 200 22973 "-" "Mozilla/5.0 (Linux; Android 6.0.1; Nexus 5X Build/MMB29P) AppleWebKit/537.36 (KHTML, like Gecko) Chrome/135.0.7049.114 Mobile Safari/537.36 (compatible; Googlebot/2.1; +http://www.google.com/bot.html)"
52.167.144.166 - - [26/Apr/2025:11:54:33 -0400] "GET /?d=105992051260&filter=b190c6&share_to_url=pin.php%3Fid%3D3590286%26name%3Dez+slouch+carpenter+jeans HTTP/1.1" 200 22917 "-" "Mozilla/5.0 AppleWebKit/537.36 (KHTML, like Gecko; compatible; bingbot/2.0; +http://www.bing.com/bingbot.htm) Chrome/116.0.1938.76 Safari/537.36"
52.167.144.166 - - [26/Apr/2025:11:54:34 -0400] "GET /?d=101011935260&filter=0ab89c&share_to_url=detail.php%3Fid%3D3424041%26name%3Dopal+socken+und+pulloverwolle HTTP/1.1" 200 23596 "-" "Mozilla/5.0 AppleWebKit/537.36 (KHTML, like Gecko; compatible; bingbot/2.0; +http://www.bing.com/bingbot.htm) Chrome/116.0.1938.76 Safari/537.36"
52.167.144.20 - - [26/Apr/2025:11:54:54 -0400] "GET /?d=95265245260&filter=1b6d6c&share_to_url=goods.php%3Fid%3D3227315%26name%3Dfivefingers+performa+jane+fitness HTTP/1.1" 200 22812 "-" "Mozilla/5.0 AppleWebKit/537.36 (KHTML, like Gecko; compatible; bingbot/2.0; +http://www.bing.com/bingbot.htm) Chrome/116.0.1938.76 Safari/537.36"
66.249.66.9 - - [26/Apr/2025:11:55:24 -0400] "GET /?d=90016050260&filter=dde61e&share_to_url=goods.php%3Fid%3D3050663%26name%3Dsolved+sense+stuck+on HTTP/1.1" 200 23855 "-" "Mozilla/5.0 (Linux; Android 6.0.1; Nexus 5X Build/MMB29P) AppleWebKit/537.36 (KHTML, like Gecko) Chrome/135.0.7049.114 Mobile Safari/537.36 (compatible; Googlebot/2.1; +http://www.google.com/bot.html)"
52.167.144.166 - - [26/Apr/2025:11:55:52 -0400] "GET /?d=107244790260&filter=d60d32&share_to_url=item.php%3Fid%3D3631753%26name%3Dxikezan+beard+grooming HTTP/1.1" 200 23257 "-" "Mozilla/5.0 AppleWebKit/537.36 (KHTML, like Gecko; compatible; bingbot/2.0; +http://www.bing.com/bingbot.htm) Chrome/116.0.1938.76 Safari/537.36"
52.167.144.166 - - [26/Apr/2025:11:55:55 -0400] "GET /?d=83464900260&filter=f52d8d&share_to_url=model.php%3Fid%3D2827371%26name%3Dp2961+auriculares+inal%C3%A1mbricos+bluetooth HTTP/1.1" 200 23183 "-" "Mozilla/5.0 AppleWebKit/537.36 (KHTML, like Gecko; compatible; bingbot/2.0; +http://www.bing.com/bingbot.htm) Chrome/116.0.1938.76 Safari/537.36"
52.167.144.20 - - [26/Apr/2025:11:55:56 -0400] "GET /?d=99308150260&filter=a93973&share_to_url=discover.php%3Fid%3D3365753%26name%3Dvila+parka+f%C3%BCr+damen HTTP/1.1" 200 24320 "-" "Mozilla/5.0 AppleWebKit/537.36 (KHTML, like Gecko; compatible; bingbot/2.0; +http://www.bing.com/bingbot.htm) Chrome/116.0.1938.76 Safari/537.36"
52.167.144.20 - - [26/Apr/2025:11:55:57 -0400] "GET /?d=109436365260&filter=bbd03f&share_to_url=detail.php%3Fid%3D3704301%26name%3Dsusan+cummings+sterling+silver HTTP/1.1" 200 23010 "-" "Mozilla/5.0 AppleWebKit/537.36 (KHTML, like Gecko; compatible; bingbot/2.0; +http://www.bing.com/bingbot.htm) Chrome/116.0.1938.76 Safari/537.36"
216.244.66.238 - - [26/Apr/2025:11:56:00 -0400] "GET /robots.txt HTTP/1.1" 200 70 "-" "Mozilla/5.0 (compatible; DotBot/1.2; +https://opensiteexplorer.org/dotbot; help@moz.com)"
40.77.167.77 - - [26/Apr/2025:11:56:02 -0400] "GET /?d=117134377260&filter=83f648&share_to_url=ideas.php%3Fid%3D3966852%26name%3Dmormaii+milao+mo132 HTTP/1.1" 200 22039 "-" "Mozilla/5.0 AppleWebKit/537.36 (KHTML, like Gecko; compatible; bingbot/2.0; +http://www.bing.com/bingbot.htm) Chrome/116.0.1938.76 Safari/537.36"
40.77.167.77 - - [26/Apr/2025:11:56:02 -0400] "GET /?d=51624023260&filter=aae97a&share_to_url=pin.php%3Fid%3D1754514%26name%3Dquanto+guadagna+un+giocatore HTTP/1.1" 200 22964 "-" "Mozilla/5.0 AppleWebKit/537.36 (KHTML, like Gecko; compatible; bingbot/2.0; +http://www.bing.com/bingbot.htm) Chrome/116.0.1938.76 Safari/537.36"
66.249.66.13 - - [26/Apr/2025:11:56:12 -0400] "GET /?d=97859712260&filter=790b4d&share_to_url=detail.php%3Fid%3D3316701%26name%3Dblack+womens+leather+biker HTTP/1.1" 200 22605 "-" "Mozilla/5.0 (Linux; Android 6.0.1; Nexus 5X Build/MMB29P) AppleWebKit/537.36 (KHTML, like Gecko) Chrome/135.0.7049.95 Mobile Safari/537.36 (compatible; GoogleOther)"
52.167.144.20 - - [26/Apr/2025:11:56:13 -0400] "GET /?d=116912925260&filter=2acddb&share_to_url=detail.php%3Fid%3D3959169%26name%3Dunoaerre+collana+catena+lunga HTTP/1.1" 200 23608 "-" "Mozilla/5.0 AppleWebKit/537.36 (KHTML, like Gecko; compatible; bingbot/2.0; +http://www.bing.com/bingbot.htm) Chrome/116.0.1938.76 Safari/537.36"
20.15.133.175 - - [26/Apr/2025:11:56:31 -0400] "GET /?d=86237470260&filter=898bed&share_to_url=model.php%3Fid%3D2921763%26name%3D11+check+in+meeting+agenda HTTP/1.1" 200 23153 "-" "Mozilla/5.0 AppleWebKit/537.36 (KHTML, like Gecko; compatible; bingbot/2.0; +http://www.bing.com/bingbot.htm) Chrome/116.0.1938.76 Safari/537.36"
52.167.144.20 - - [26/Apr/2025:11:56:43 -0400] "GET /?d=110241017260&filter=b44b6e&share_to_url=detail.php%3Fid%3D3731301%26name%3Dtelstar+nightfall+air+tent HTTP/1.1" 200 21885 "-" "Mozilla/5.0 AppleWebKit/537.36 (KHTML, like Gecko; compatible; bingbot/2.0; +http://www.bing.com/bingbot.htm) Chrome/116.0.1938.76 Safari/537.36"
66.249.66.11 - - [26/Apr/2025:11:57:10 -0400] "GET /?d=98926278260&filter=7da8ca&share_to_url=goods.php%3Fid%3D3352391%26name%3Dcloudfoam+plus+zen HTTP/1.1" 200 22154 "-" "Mozilla/5.0 (Linux; Android 6.0.1; Nexus 5X Build/MMB29P) AppleWebKit/537.36 (KHTML, like Gecko) Chrome/135.0.7049.114 Mobile Safari/537.36 (compatible; Googlebot/2.1; +http://www.google.com/bot.html)"
52.167.144.166 - - [26/Apr/2025:11:57:12 -0400] "GET /?d=99326252260&filter=5b8aed&share_to_url=goods.php%3Fid%3D3366383%26name%3Done+game+wild+card HTTP/1.1" 200 24681 "-" "Mozilla/5.0 AppleWebKit/537.36 (KHTML, like Gecko; compatible; bingbot/2.0; +http://www.bing.com/bingbot.htm) Chrome/116.0.1938.76 Safari/537.36"
52.167.144.166 - - [26/Apr/2025:11:57:32 -0400] "GET /?d=105220034260&filter=15d3b1&share_to_url=detail.php%3Fid%3D3564765%26name%3Dblack+decker HTTP/1.1" 200 23077 "-" "Mozilla/5.0 AppleWebKit/537.36 (KHTML, like Gecko; compatible; bingbot/2.0; +http://www.bing.com/bingbot.htm) Chrome/116.0.1938.76 Safari/537.36"
52.167.144.166 - - [26/Apr/2025:11:57:33 -0400] "GET /?d=114747324260&filter=1b6d6c&share_to_url=detail.php%3Fid%3D3885621%26name%3Dilsa676sof+yellow+round HTTP/1.1" 200 22081 "-" "Mozilla/5.0 AppleWebKit/537.36 (KHTML, like Gecko; compatible; bingbot/2.0; +http://www.bing.com/bingbot.htm) Chrome/116.0.1938.76 Safari/537.36"
52.167.144.166 - - [26/Apr/2025:11:57:34 -0400] "GET /?d=100533045260&filter=aca228&share_to_url=product.php%3Fid%3D3407434%26name%3Dstoffhummel+stoffe+mit+herz HTTP/1.1" 200 23190 "-" "Mozilla/5.0 AppleWebKit/537.36 (KHTML, like Gecko; compatible; bingbot/2.0; +http://www.bing.com/bingbot.htm) Chrome/116.0.1938.76 Safari/537.36"
52.167.144.20 - - [26/Apr/2025:11:57:37 -0400] "GET /?d=102191774260&filter=9e9754&share_to_url=discover.php%3Fid%3D3463925%26name%3Duser+manuals+sunbeam+gr8450 HTTP/1.1" 200 23409 "-" "Mozilla/5.0 AppleWebKit/537.36 (KHTML, like Gecko; compatible; bingbot/2.0; +http://www.bing.com/bingbot.htm) Chrome/116.0.1938.76 Safari/537.36"
40.77.167.48 - - [26/Apr/2025:11:57:43 -0400] "GET /?d=87407215260&filter=df0c98&share_to_url=shopdetail.php%3Fid%3D2961836%26name%3Dbracelete+nowoczesne+marrom HTTP/1.1" 200 23088 "-" "Mozilla/5.0 AppleWebKit/537.36 (KHTML, like Gecko; compatible; bingbot/2.0; +http://www.bing.com/bingbot.htm) Chrome/116.0.1938.76 Safari/537.36"
40.77.167.48 - - [26/Apr/2025:11:57:44 -0400] "GET /?d=89373025260&filter=ec7398&share_to_url=article.php%3Fid%3D3029474%26name%3Ddometic+cfx+28 HTTP/1.1" 200 22827 "-" "Mozilla/5.0 AppleWebKit/537.36 (KHTML, like Gecko; compatible; bingbot/2.0; +http://www.bing.com/bingbot.htm) Chrome/116.0.1938.76 Safari/537.36"
52.167.144.20 - - [26/Apr/2025:11:57:53 -0400] "GET /?d=90067531260&filter=b3603f&share_to_url=detail.php%3Fid%3D3052437%26name%3Dhyperx+and+acer HTTP/1.1" 200 22552 "-" "Mozilla/5.0 AppleWebKit/537.36 (KHTML, like Gecko; compatible; bingbot/2.0; +http://www.bing.com/bingbot.htm) Chrome/116.0.1938.76 Safari/537.36"
40.77.167.48 - - [26/Apr/2025:11:57:58 -0400] "GET /?d=115814414260&filter=cd6685&share_to_url=item.php%3Fid%3D3921889%26name%3Dredwood+city+startup HTTP/1.1" 200 23637 "-" "Mozilla/5.0 AppleWebKit/537.36 (KHTML, like Gecko; compatible; bingbot/2.0; +http://www.bing.com/bingbot.htm) Chrome/116.0.1938.76 Safari/537.36"
40.77.167.48 - - [26/Apr/2025:11:57:59 -0400] "GET /?d=99551526260&filter=e86b2c&share_to_url=item.php%3Fid%3D3374017%26name%3Dbuy+wolsey+red+and HTTP/1.1" 200 23284 "-" "Mozilla/5.0 AppleWebKit/537.36 (KHTML, like Gecko; compatible; bingbot/2.0; +http://www.bing.com/bingbot.htm) Chrome/116.0.1938.76 Safari/537.36"
52.167.144.166 - - [26/Apr/2025:11:58:03 -0400] "GET /?d=24915614260&filter=f5f4d3&share_to_url=detail.php%3Fid%3D844485%26name%3Dconverse+fille+dor%C3%A9+taille HTTP/1.1" 200 22506 "-" "Mozilla/5.0 AppleWebKit/537.36 (KHTML, like Gecko; compatible; bingbot/2.0; +http://www.bing.com/bingbot.htm) Chrome/116.0.1938.76 Safari/537.36"
52.167.144.166 - - [26/Apr/2025:11:58:04 -0400] "GET /?d=95585138260&filter=dc973f&share_to_url=ideas.php%3Fid%3D3238392%26name%3Dfor+aluminium+pressure+cooker HTTP/1.1" 200 23900 "-" "Mozilla/5.0 AppleWebKit/537.36 (KHTML, like Gecko; compatible; bingbot/2.0; +http://www.bing.com/bingbot.htm) Chrome/116.0.1938.76 Safari/537.36"
52.167.144.166 - - [26/Apr/2025:11:58:05 -0400] "GET /?d=89362770260&filter=9569f9&share_to_url=article.php%3Fid%3D3029150%26name%3Dllegan+a+amazon+los HTTP/1.1" 200 21388 "-" "Mozilla/5.0 AppleWebKit/537.36 (KHTML, like Gecko; compatible; bingbot/2.0; +http://www.bing.com/bingbot.htm) Chrome/116.0.1938.76 Safari/537.36"
52.167.144.20 - - [26/Apr/2025:11:58:43 -0400] "GET /?d=32635737260&filter=8ac724&share_to_url=item.php%3Fid%3D1109509%26name%3Dbracelets+australian+opal HTTP/1.1" 200 23153 "-" "Mozilla/5.0 AppleWebKit/537.36 (KHTML, like Gecko; compatible; bingbot/2.0; +http://www.bing.com/bingbot.htm) Chrome/116.0.1938.76 Safari/537.36"
40.77.167.33 - - [26/Apr/2025:11:59:03 -0400] "GET /?d=108898142260&filter=4cc099&share_to_url=ideas.php%3Fid%3D3686880%26name%3Din+039+toy+story HTTP/1.1" 200 22877 "-" "Mozilla/5.0 AppleWebKit/537.36 (KHTML, like Gecko; compatible; bingbot/2.0; +http://www.bing.com/bingbot.htm) Chrome/116.0.1938.76 Safari/537.36"
40.77.167.33 - - [26/Apr/2025:11:59:04 -0400] "GET /?d=85429025260&filter=03bb2d&share_to_url=article.php%3Fid%3D2893838%26name%3Dscott+insuloft+3m HTTP/1.1" 200 22509 "-" "Mozilla/5.0 AppleWebKit/537.36 (KHTML, like Gecko; compatible; bingbot/2.0; +http://www.bing.com/bingbot.htm) Chrome/116.0.1938.76 Safari/537.36"
40.77.167.48 - - [26/Apr/2025:11:59:09 -0400] "GET /?d=30690000260&filter=9fddd6&share_to_url=discover.php%3Fid%3D1043249%26name%3Dsucesos+investigado HTTP/1.1" 200 24235 "-" "Mozilla/5.0 AppleWebKit/537.36 (KHTML, like Gecko; compatible; bingbot/2.0; +http://www.bing.com/bingbot.htm) Chrome/116.0.1938.76 Safari/537.36"
40.77.167.48 - - [26/Apr/2025:11:59:46 -0400] "GET /?d=112926621260&filter=583eef&share_to_url=pin.php%3Fid%3D3824478%26name%3Dmi+band+archives HTTP/1.1" 200 23096 "-" "Mozilla/5.0 AppleWebKit/537.36 (KHTML, like Gecko; compatible; bingbot/2.0; +http://www.bing.com/bingbot.htm) Chrome/116.0.1938.76 Safari/537.36"
40.77.167.48 - - [26/Apr/2025:11:59:47 -0400] "GET /?d=84210724260&filter=f935ba&share_to_url=ideas.php%3Fid%3D2852220%26name%3Dbuy+infinity+clips+necklace+shortener HTTP/1.1" 200 23026 "-" "Mozilla/5.0 AppleWebKit/537.36 (KHTML, like Gecko; compatible; bingbot/2.0; +http://www.bing.com/bingbot.htm) Chrome/116.0.1938.76 Safari/537.36"
40.77.167.33 - - [26/Apr/2025:11:59:54 -0400] "GET /?d=96410700260&filter=d8181f&share_to_url=detail.php%3Fid%3D3266481%26name%3Drag+and+bone+riser HTTP/1.1" 200 23540 "-" "Mozilla/5.0 AppleWebKit/537.36 (KHTML, like Gecko; compatible; bingbot/2.0; +http://www.bing.com/bingbot.htm) Chrome/116.0.1938.76 Safari/537.36"
52.167.144.20 - - [26/Apr/2025:11:59:57 -0400] "GET /?d=94298085260&filter=edd546&share_to_url=product.php%3Fid%3D3195646%26name%3Dmivi+launches+its+first HTTP/1.1" 200 22644 "-" "Mozilla/5.0 AppleWebKit/537.36 (KHTML, like Gecko; compatible; bingbot/2.0; +http://www.bing.com/bingbot.htm) Chrome/116.0.1938.76 Safari/537.36"
52.167.144.20 - - [26/Apr/2025:11:59:58 -0400] "GET /?d=93367289260&filter=c551fd&share_to_url=shop.php%3Fid%3D3163231%26name%3Dbayticol+ficha+tecnica+bayer HTTP/1.1" 200 23291 "-" "Mozilla/5.0 AppleWebKit/537.36 (KHTML, like Gecko; compatible; bingbot/2.0; +http://www.bing.com/bingbot.htm) Chrome/116.0.1938.76 Safari/537.36"
40.77.167.48 - - [26/Apr/2025:12:00:02 -0400] "GET /?d=105441825260&filter=a75ffa&share_to_url=ideas.php%3Fid%3D3572004%26name%3D25+new+years+eve HTTP/1.1" 200 23531 "-" "Mozilla/5.0 AppleWebKit/537.36 (KHTML, like Gecko; compatible; bingbot/2.0; +http://www.bing.com/bingbot.htm) Chrome/116.0.1938.76 Safari/537.36"
40.77.167.48 - - [26/Apr/2025:12:00:08 -0400] "GET /?d=27613243260&filter=00f09d&share_to_url=ideas.php%3Fid%3D936864%26name%3Datv+from+polaris HTTP/1.1" 200 24307 "-" "Mozilla/5.0 AppleWebKit/537.36 (KHTML, like Gecko; compatible; bingbot/2.0; +http://www.bing.com/bingbot.htm) Chrome/116.0.1938.76 Safari/537.36"
40.77.167.33 - - [26/Apr/2025:12:00:13 -0400] "GET /?d=105053403260&filter=b0f8bb&share_to_url=model.php%3Fid%3D3559191%26name%3Dnhs+store+medical+bracelets HTTP/1.1" 200 22974 "-" "Mozilla/5.0 AppleWebKit/537.36 (KHTML, like Gecko; compatible; bingbot/2.0; +http://www.bing.com/bingbot.htm) Chrome/116.0.1938.76 Safari/537.36"
52.167.144.20 - - [26/Apr/2025:12:00:18 -0400] "GET /?d=41029860260&filter=14708a&share_to_url=discover.php%3Fid%3D1393157%26name%3Dtvs+all+old HTTP/1.1" 200 23888 "-" "Mozilla/5.0 AppleWebKit/537.36 (KHTML, like Gecko; compatible; bingbot/2.0; +http://www.bing.com/bingbot.htm) Chrome/116.0.1938.76 Safari/537.36"
20.15.133.174 - - [26/Apr/2025:12:00:23 -0400] "GET /?d=110539988260&filter=f7053f&share_to_url=pin.php%3Fid%3D3742242%26name%3Droots+backpack+very+gently HTTP/1.1" 200 23641 "-" "Mozilla/5.0 AppleWebKit/537.36 (KHTML, like Gecko; compatible; bingbot/2.0; +http://www.bing.com/bingbot.htm) Chrome/116.0.1938.76 Safari/537.36"
40.77.167.33 - - [26/Apr/2025:12:00:23 -0400] "GET /?d=101664974260&filter=ae4ca1&share_to_url=shopdetail.php%3Fid%3D3446900%26name%3Dcamufladas+crocs+originales HTTP/1.1" 200 24417 "-" "Mozilla/5.0 AppleWebKit/537.36 (KHTML, like Gecko; compatible; bingbot/2.0; +http://www.bing.com/bingbot.htm) Chrome/116.0.1938.76 Safari/537.36"
40.77.167.48 - - [26/Apr/2025:12:00:29 -0400] "GET /?d=91593718260&filter=61e719&share_to_url=item.php%3Fid%3D3103861%26name%3Dauthentic+hand+embroidered HTTP/1.1" 200 23447 "-" "Mozilla/5.0 AppleWebKit/537.36 (KHTML, like Gecko; compatible; bingbot/2.0; +http://www.bing.com/bingbot.htm) Chrome/116.0.1938.76 Safari/537.36"
20.15.133.174 - - [26/Apr/2025:12:00:37 -0400] "GET /?d=94072273260&filter=4d7b9c&share_to_url=shop.php%3Fid%3D3187375%26name%3D8758+tower+of HTTP/1.1" 200 22940 "-" "Mozilla/5.0 AppleWebKit/537.36 (KHTML, like Gecko; compatible; bingbot/2.0; +http://www.bing.com/bingbot.htm) Chrome/116.0.1938.76 Safari/537.36"
40.77.167.48 - - [26/Apr/2025:12:00:39 -0400] "GET /?d=107377431260&filter=4a33b7&share_to_url=detail.php%3Fid%3D3636345%26name%3Dchinon+belami+af+35mm HTTP/1.1" 200 23820 "-" "Mozilla/5.0 AppleWebKit/537.36 (KHTML, like Gecko; compatible; bingbot/2.0; +http://www.bing.com/bingbot.htm) Chrome/116.0.1938.76 Safari/537.36"
40.77.167.33 - - [26/Apr/2025:12:00:44 -0400] "GET /?d=59973026260&filter=7ffa06&share_to_url=pin.php%3Fid%3D2035218%26name%3Dwoody+walkers HTTP/1.1" 200 23983 "-" "Mozilla/5.0 AppleWebKit/537.36 (KHTML, like Gecko; compatible; bingbot/2.0; +http://www.bing.com/bingbot.htm) Chrome/116.0.1938.76 Safari/537.36"
52.167.144.20 - - [26/Apr/2025:12:00:48 -0400] "GET /?d=115087301260&filter=942b8a&share_to_url=item.php%3Fid%3D3897241%26name%3Dreview+another+one+baby HTTP/1.1" 200 22825 "-" "Mozilla/5.0 AppleWebKit/537.36 (KHTML, like Gecko; compatible; bingbot/2.0; +http://www.bing.com/bingbot.htm) Chrome/116.0.1938.76 Safari/537.36"
86.171.228.208 - - [26/Apr/2025:12:00:53 -0400] "GET /?d=100953429260&filter=ca372c&share_to_url=item.php%3Fid%3D3421969%26name%3Dbachmann+royal+scot HTTP/1.1" 200 134 "https://www.google.com/" "Mozilla/5.0 (Windows NT 10.0; Win64; x64) AppleWebKit/537.36 (KHTML, like Gecko) Chrome/135.0.0.0 Safari/537.36"
52.167.144.161 - - [26/Apr/2025:12:01:05 -0400] "GET /?d=86048289260&filter=d07a8e&share_to_url=discover.php%3Fid%3D2915201%26name%3Dsony+ccd+v50e+video8 HTTP/1.1" 200 23340 "-" "Mozilla/5.0 AppleWebKit/537.36 (KHTML, like Gecko; compatible; bingbot/2.0; +http://www.bing.com/bingbot.htm) Chrome/116.0.1938.76 Safari/537.36"
52.167.144.161 - - [26/Apr/2025:12:01:05 -0400] "GET /?d=82856588260&filter=271d11&share_to_url=goods.php%3Fid%3D2806535%26name%3Dik+leerde+schoenen+customizen HTTP/1.1" 200 23980 "-" "Mozilla/5.0 AppleWebKit/537.36 (KHTML, like Gecko; compatible; bingbot/2.0; +http://www.bing.com/bingbot.htm) Chrome/116.0.1938.76 Safari/537.36"
40.77.167.48 - - [26/Apr/2025:12:01:10 -0400] "GET /?d=96422923260&filter=eee8f3&share_to_url=detail.php%3Fid%3D3266901%26name%3Dthe+last+naruto HTTP/1.1" 200 23383 "-" "Mozilla/5.0 AppleWebKit/537.36 (KHTML, like Gecko; compatible; bingbot/2.0; +http://www.bing.com/bingbot.htm) Chrome/116.0.1938.76 Safari/537.36"
40.77.167.48 - - [26/Apr/2025:12:01:10 -0400] "GET /?d=87152634260&filter=0dc018&share_to_url=item.php%3Fid%3D2953573%26name%3Dkale+soup+hungry+healthy HTTP/1.1" 200 23840 "-" "Mozilla/5.0 AppleWebKit/537.36 (KHTML, like Gecko; compatible; bingbot/2.0; +http://www.bing.com/bingbot.htm) Chrome/116.0.1938.76 Safari/537.36"
40.77.167.48 - - [26/Apr/2025:12:01:11 -0400] "GET /?d=89117328260&filter=7bb540&share_to_url=shopdetail.php%3Fid%3D3020540%26name%3Dsemi+rigid+electric+mtb HTTP/1.1" 200 23582 "-" "Mozilla/5.0 AppleWebKit/537.36 (KHTML, like Gecko; compatible; bingbot/2.0; +http://www.bing.com/bingbot.htm) Chrome/116.0.1938.76 Safari/537.36"
52.167.144.161 - - [26/Apr/2025:12:01:13 -0400] "GET /?d=90890611260&filter=7f236e&share_to_url=ideas.php%3Fid%3D3080520%26name%3Dce+met+gala+2024 HTTP/1.1" 200 22590 "-" "Mozilla/5.0 AppleWebKit/537.36 (KHTML, like Gecko; compatible; bingbot/2.0; +http://www.bing.com/bingbot.htm) Chrome/116.0.1938.76 Safari/537.36"
40.77.167.33 - - [26/Apr/2025:12:01:54 -0400] "GET /?d=107244790260&filter=d60d32&share_to_url=item.php%3Fid%3D3631753%26name%3Dxikezan+beard+grooming HTTP/1.1" 200 23305 "-" "Mozilla/5.0 AppleWebKit/537.36 (KHTML, like Gecko; compatible; bingbot/2.0; +http://www.bing.com/bingbot.htm) Chrome/116.0.1938.76 Safari/537.36"
40.77.167.33 - - [26/Apr/2025:12:01:54 -0400] "GET /?d=115624622260&filter=fd45ef&share_to_url=ideas.php%3Fid%3D3915720%26name%3Dbuy+combo+handmade HTTP/1.1" 200 24682 "-" "Mozilla/5.0 AppleWebKit/537.36 (KHTML, like Gecko; compatible; bingbot/2.0; +http://www.bing.com/bingbot.htm) Chrome/116.0.1938.76 Safari/537.36"
40.77.167.33 - - [26/Apr/2025:12:01:55 -0400] "GET /?d=86255724260&filter=2aa707&share_to_url=model.php%3Fid%3D2922399%26name%3Dtechgh HTTP/1.1" 200 24694 "-" "Mozilla/5.0 AppleWebKit/537.36 (KHTML, like Gecko; compatible; bingbot/2.0; +http://www.bing.com/bingbot.htm) Chrome/116.0.1938.76 Safari/537.36"
52.167.144.161 - - [26/Apr/2025:12:01:58 -0400] "GET /?d=95265245260&filter=1b6d6c&share_to_url=goods.php%3Fid%3D3227315%26name%3Dfivefingers+performa+jane+fitness HTTP/1.1" 200 22746 "-" "Mozilla/5.0 AppleWebKit/537.36 (KHTML, like Gecko; compatible; bingbot/2.0; +http://www.bing.com/bingbot.htm) Chrome/116.0.1938.76 Safari/537.36"
52.167.144.161 - - [26/Apr/2025:12:01:59 -0400] "GET /?d=90887053260&filter=7f236e&share_to_url=ideas.php%3Fid%3D3080412%26name%3Drobe+fleurie+zipp%C3%A9e HTTP/1.1" 200 23239 "-" "Mozilla/5.0 AppleWebKit/537.36 (KHTML, like Gecko; compatible; bingbot/2.0; +http://www.bing.com/bingbot.htm) Chrome/116.0.1938.76 Safari/537.36"
52.167.144.161 - - [26/Apr/2025:12:01:59 -0400] "GET /?d=89074786260&filter=016c7a&share_to_url=pin.php%3Fid%3D3019146%26name%3Darmaz%C3%B3n+de+piezas+estilo HTTP/1.1" 200 23128 "-" "Mozilla/5.0 AppleWebKit/537.36 (KHTML, like Gecko; compatible; bingbot/2.0; +http://www.bing.com/bingbot.htm) Chrome/116.0.1938.76 Safari/537.36"
52.167.144.161 - - [26/Apr/2025:12:02:00 -0400] "GET /?d=37702370260&filter=6acbf4&share_to_url=discover.php%3Fid%3D1280033%26name%3D26+gray+and+white HTTP/1.1" 200 25288 "-" "Mozilla/5.0 AppleWebKit/537.36 (KHTML, like Gecko; compatible; bingbot/2.0; +http://www.bing.com/bingbot.htm) Chrome/116.0.1938.76 Safari/537.36"
40.77.167.48 - - [26/Apr/2025:12:02:03 -0400] "GET /?d=113883249260&filter=b5a8a9&share_to_url=ideas.php%3Fid%3D3857004%26name%3Dwhirlwind+folding+clearance+electric HTTP/1.1" 200 22772 "-" "Mozilla/5.0 AppleWebKit/537.36 (KHTML, like Gecko; compatible; bingbot/2.0; +http://www.bing.com/bingbot.htm) Chrome/116.0.1938.76 Safari/537.36"
40.77.167.48 - - [26/Apr/2025:12:02:04 -0400] "GET /?d=93724451260&filter=56e2eb&share_to_url=model.php%3Fid%3D3175131%26name%3Dcr%C3%A9ation+de+la+poup%C3%A9e HTTP/1.1" 200 24371 "-" "Mozilla/5.0 AppleWebKit/537.36 (KHTML, like Gecko; compatible; bingbot/2.0; +http://www.bing.com/bingbot.htm) Chrome/116.0.1938.76 Safari/537.36"
52.167.144.161 - - [26/Apr/2025:12:02:15 -0400] "GET /?d=103369588260&filter=b873a7&share_to_url=pin.php%3Fid%3D3502806%26name%3Djisulife+handheld+mini+fan HTTP/1.1" 200 23365 "-" "Mozilla/5.0 AppleWebKit/537.36 (KHTML, like Gecko; compatible; bingbot/2.0; +http://www.bing.com/bingbot.htm) Chrome/116.0.1938.76 Safari/537.36"
40.77.167.48 - - [26/Apr/2025:12:02:19 -0400] "GET /?d=104740240260&filter=a8fc1c&share_to_url=shop.php%3Fid%3D3549079%26name%3Dall+sizes+uwabaki+slippers HTTP/1.1" 200 23540 "-" "Mozilla/5.0 AppleWebKit/537.36 (KHTML, like Gecko; compatible; bingbot/2.0; +http://www.bing.com/bingbot.htm) Chrome/116.0.1938.76 Safari/537.36"
40.77.167.48 - - [26/Apr/2025:12:02:20 -0400] "GET /?d=105131728260&filter=ef2428&share_to_url=goods.php%3Fid%3D3561575%26name%3Dpuedes+ense%C3%B1arle+a+owleez HTTP/1.1" 200 23060 "-" "Mozilla/5.0 AppleWebKit/537.36 (KHTML, like Gecko; compatible; bingbot/2.0; +http://www.bing.com/bingbot.htm) Chrome/116.0.1938.76 Safari/537.36"
52.167.144.20 - - [26/Apr/2025:11:58:44 -0400] "GET /?d=32835116260&filter=9b06fe&share_to_url=ideas.php%3Fid%3D1116708%26name%3Dspirit8+men+s+olx HTTP/1.1" 200 22758 "-" "Mozilla/5.0 AppleWebKit/537.36 (KHTML, like Gecko; compatible; bingbot/2.0; +http://www.bing.com/bingbot.htm) Chrome/116.0.1938.76 Safari/537.36"
52.167.144.20 - - [26/Apr/2025:11:58:44 -0400] "GET /?d=88554724260&filter=50365e&share_to_url=detail.php%3Fid%3D3001293%26name%3Dfortalecer+antebrazos+los HTTP/1.1" 200 23224 "-" "Mozilla/5.0 AppleWebKit/537.36 (KHTML, like Gecko; compatible; bingbot/2.0; +http://www.bing.com/bingbot.htm) Chrome/116.0.1938.76 Safari/537.36"
52.167.144.20 - - [26/Apr/2025:11:58:45 -0400] "GET /?d=30133394260&filter=aa04d1&share_to_url=article.php%3Fid%3D1024598%26name%3Dbuy+himalaya+baby HTTP/1.1" 200 23212 "-" "Mozilla/5.0 AppleWebKit/537.36 (KHTML, like Gecko; compatible; bingbot/2.0; +http://www.bing.com/bingbot.htm) Chrome/116.0.1938.76 Safari/537.36"
52.167.144.20 - - [26/Apr/2025:11:58:46 -0400] "GET /?d=90263788260&filter=ee28c8&share_to_url=shop.php%3Fid%3D3058915%26name%3Dkewlioo+mens+sauna HTTP/1.1" 200 22055 "-" "Mozilla/5.0 AppleWebKit/537.36 (KHTML, like Gecko; compatible; bingbot/2.0; +http://www.bing.com/bingbot.htm) Chrome/116.0.1938.76 Safari/537.36"
52.167.144.20 - - [26/Apr/2025:11:58:49 -0400] "GET /?d=113319176260&filter=55b63a&share_to_url=shopdetail.php%3Fid%3D3838124%26name%3Dclassified+and+trp HTTP/1.1" 200 24526 "-" "Mozilla/5.0 AppleWebKit/537.36 (KHTML, like Gecko; compatible; bingbot/2.0; +http://www.bing.com/bingbot.htm) Chrome/116.0.1938.76 Safari/537.36"
52.167.144.20 - - [26/Apr/2025:11:58:50 -0400] "GET /?d=107555441260&filter=5945b7&share_to_url=pin.php%3Fid%3D3642462%26name%3Dstrappy+stripe+sleeve HTTP/1.1" 200 23921 "-" "Mozilla/5.0 AppleWebKit/537.36 (KHTML, like Gecko; compatible; bingbot/2.0; +http://www.bing.com/bingbot.htm) Chrome/116.0.1938.76 Safari/537.36"
52.167.144.20 - - [26/Apr/2025:11:58:51 -0400] "GET /?d=60612376260&filter=aca228&share_to_url=ideas.php%3Fid%3D2056728%26name%3Dtaifun+t+shirt+tlg HTTP/1.1" 200 24719 "-" "Mozilla/5.0 AppleWebKit/537.36 (KHTML, like Gecko; compatible; bingbot/2.0; +http://www.bing.com/bingbot.htm) Chrome/116.0.1938.76 Safari/537.36"
40.77.167.48 - - [26/Apr/2025:11:58:53 -0400] "GET /?d=103059278260&filter=d149d5&share_to_url=ideas.php%3Fid%3D3492480%26name%3Dcat+thermos+bottle+480ml HTTP/1.1" 200 23338 "-" "Mozilla/5.0 AppleWebKit/537.36 (KHTML, like Gecko; compatible; bingbot/2.0; +http://www.bing.com/bingbot.htm) Chrome/116.0.1938.76 Safari/537.36"
40.77.167.48 - - [26/Apr/2025:11:58:54 -0400] "GET /?d=8919101260&filter=c08dc8&share_to_url=detail.php%3Fid%3D306309%26name%3Dpeluche+dumbo+store HTTP/1.1" 200 23478 "-" "Mozilla/5.0 AppleWebKit/537.36 (KHTML, like Gecko; compatible; bingbot/2.0; +http://www.bing.com/bingbot.htm) Chrome/116.0.1938.76 Safari/537.36"
40.77.167.48 - - [26/Apr/2025:11:58:55 -0400] "GET /?d=100204634260&filter=84a37a&share_to_url=model.php%3Fid%3D3396099%26name%3Dultraboost+x+el HTTP/1.1" 200 21597 "-" "Mozilla/5.0 AppleWebKit/537.36 (KHTML, like Gecko; compatible; bingbot/2.0; +http://www.bing.com/bingbot.htm) Chrome/116.0.1938.76 Safari/537.36"
216.244.66.238 - - [26/Apr/2025:12:02:25 -0400] "GET /?d=70767215260&filter=469540&share_to_url=model.php%3Fid%3D2398095%26name%3Dthighs+booty+bootcamp HTTP/1.1" 302 0 "-" "Mozilla/5.0 (compatible; DotBot/1.2; +https://opensiteexplorer.org/dotbot; help@moz.com)"
52.167.144.161 - - [26/Apr/2025:12:02:29 -0400] "GET /?d=108224684260&filter=eeeb82&share_to_url=shopdetail.php%3Fid%3D3664292%26name%3Dpantalon+cargo+shop+ripstop HTTP/1.1" 200 22946 "-" "Mozilla/5.0 AppleWebKit/537.36 (KHTML, like Gecko; compatible; bingbot/2.0; +http://www.bing.com/bingbot.htm) Chrome/116.0.1938.76 Safari/537.36"
40.77.167.33 - - [26/Apr/2025:12:02:33 -0400] "GET /?d=105992051260&filter=b190c6&share_to_url=pin.php%3Fid%3D3590286%26name%3Dez+slouch+carpenter+jeans HTTP/1.1" 200 23050 "-" "Mozilla/5.0 AppleWebKit/537.36 (KHTML, like Gecko; compatible; bingbot/2.0; +http://www.bing.com/bingbot.htm) Chrome/116.0.1938.76 Safari/537.36"
40.77.167.48 - - [26/Apr/2025:12:02:33 -0400] "GET /?d=94681284260&filter=f7c4dc&share_to_url=shop.php%3Fid%3D3208111%26name%3Dcome+on+in+to HTTP/1.1" 200 22787 "-" "Mozilla/5.0 AppleWebKit/537.36 (KHTML, like Gecko; compatible; bingbot/2.0; +http://www.bing.com/bingbot.htm) Chrome/116.0.1938.76 Safari/537.36"
216.244.66.238 - - [26/Apr/2025:12:02:36 -0400] "GET /?d=108220678260&filter=49e5cd&share_to_url=goods.php%3Fid%3D3664163%26name%3Dsilverdale+antiques+beautiful HTTP/1.1" 302 0 "-" "Mozilla/5.0 (compatible; DotBot/1.2; +https://opensiteexplorer.org/dotbot; help@moz.com)"
52.167.144.161 - - [26/Apr/2025:12:02:54 -0400] "GET /?d=92571678260&filter=0e419f&share_to_url=detail.php%3Fid%3D3136401%26name%3Damd+i2c+controller HTTP/1.1" 200 24008 "-" "Mozilla/5.0 AppleWebKit/537.36 (KHTML, like Gecko; compatible; bingbot/2.0; +http://www.bing.com/bingbot.htm) Chrome/116.0.1938.76 Safari/537.36"
52.167.144.161 - - [26/Apr/2025:12:03:15 -0400] "GET /?d=88747549260&filter=6826bd&share_to_url=discover.php%3Fid%3D3007889%26name%3Dbuy+vintage+fila+track HTTP/1.1" 200 23357 "-" "Mozilla/5.0 AppleWebKit/537.36 (KHTML, like Gecko; compatible; bingbot/2.0; +http://www.bing.com/bingbot.htm) Chrome/116.0.1938.76 Safari/537.36"
52.167.144.161 - - [26/Apr/2025:12:03:25 -0400] "GET /?d=99308150260&filter=a93973&share_to_url=discover.php%3Fid%3D3365753%26name%3Dvila+parka+f%C3%BCr+damen HTTP/1.1" 200 24224 "-" "Mozilla/5.0 AppleWebKit/537.36 (KHTML, like Gecko; compatible; bingbot/2.0; +http://www.bing.com/bingbot.htm) Chrome/116.0.1938.76 Safari/537.36"
40.77.167.33 - - [26/Apr/2025:12:03:33 -0400] "GET /?d=101011935260&filter=0ab89c&share_to_url=detail.php%3Fid%3D3424041%26name%3Dopal+socken+und+pulloverwolle HTTP/1.1" 200 23553 "-" "Mozilla/5.0 AppleWebKit/537.36 (KHTML, like Gecko; compatible; bingbot/2.0; +http://www.bing.com/bingbot.htm) Chrome/116.0.1938.76 Safari/537.36"
40.77.167.33 - - [26/Apr/2025:12:03:36 -0400] "GET /?d=83464900260&filter=f52d8d&share_to_url=model.php%3Fid%3D2827371%26name%3Dp2961+auriculares+inal%C3%A1mbricos+bluetooth HTTP/1.1" 200 23143 "-" "Mozilla/5.0 AppleWebKit/537.36 (KHTML, like Gecko; compatible; bingbot/2.0; +http://www.bing.com/bingbot.htm) Chrome/116.0.1938.76 Safari/537.36"
40.77.167.33 - - [26/Apr/2025:12:03:36 -0400] "GET /?d=86171804260&filter=6c3290&share_to_url=product.php%3Fid%3D2919442%26name%3Dtop+sportivo+sexy+scozzese HTTP/1.1" 200 24737 "-" "Mozilla/5.0 AppleWebKit/537.36 (KHTML, like Gecko; compatible; bingbot/2.0; +http://www.bing.com/bingbot.htm) Chrome/116.0.1938.76 Safari/537.36"
40.77.167.48 - - [26/Apr/2025:12:03:40 -0400] "GET /?d=117134377260&filter=83f648&share_to_url=ideas.php%3Fid%3D3966852%26name%3Dmormaii+milao+mo132 HTTP/1.1" 200 22067 "-" "Mozilla/5.0 AppleWebKit/537.36 (KHTML, like Gecko; compatible; bingbot/2.0; +http://www.bing.com/bingbot.htm) Chrome/116.0.1938.76 Safari/537.36"
40.77.167.48 - - [26/Apr/2025:12:03:41 -0400] "GET /?d=51624023260&filter=aae97a&share_to_url=pin.php%3Fid%3D1754514%26name%3Dquanto+guadagna+un+giocatore HTTP/1.1" 200 22892 "-" "Mozilla/5.0 AppleWebKit/537.36 (KHTML, like Gecko; compatible; bingbot/2.0; +http://www.bing.com/bingbot.htm) Chrome/116.0.1938.76 Safari/537.36"
40.77.167.48 - - [26/Apr/2025:12:03:49 -0400] "GET /?d=88617303260&filter=ae4ca1&share_to_url=shopdetail.php%3Fid%3D3003308%26name%3Dford+transit+van+jumbo HTTP/1.1" 200 23207 "-" "Mozilla/5.0 AppleWebKit/537.36 (KHTML, like Gecko; compatible; bingbot/2.0; +http://www.bing.com/bingbot.htm) Chrome/116.0.1938.76 Safari/537.36"
40.77.167.48 - - [26/Apr/2025:12:03:49 -0400] "GET /?d=87499874260&filter=264880&share_to_url=ideas.php%3Fid%3D2965008%26name%3Ddisalvo+sports+new HTTP/1.1" 200 22641 "-" "Mozilla/5.0 AppleWebKit/537.36 (KHTML, like Gecko; compatible; bingbot/2.0; +http://www.bing.com/bingbot.htm) Chrome/116.0.1938.76 Safari/537.36"
66.249.66.10 - - [26/Apr/2025:12:03:55 -0400] "GET /?d=97490153260&filter=d5ec51&share_to_url=item.php%3Fid%3D3303673%26name%3Dcatalogos+highest+andrea+pdf HTTP/1.1" 200 22651 "-" "Mozilla/5.0 (Linux; Android 6.0.1; Nexus 5X Build/MMB29P) AppleWebKit/537.36 (KHTML, like Gecko) Chrome/135.0.7049.95 Mobile Safari/537.36 (compatible; GoogleOther)"
52.167.144.161 - - [26/Apr/2025:12:04:05 -0400] "GET /?d=109436365260&filter=bbd03f&share_to_url=detail.php%3Fid%3D3704301%26name%3Dsusan+cummings+sterling+silver HTTP/1.1" 200 22882 "-" "Mozilla/5.0 AppleWebKit/537.36 (KHTML, like Gecko; compatible; bingbot/2.0; +http://www.bing.com/bingbot.htm) Chrome/116.0.1938.76 Safari/537.36"
52.167.144.161 - - [26/Apr/2025:12:04:06 -0400] "GET /?d=87159262260&filter=758412&share_to_url=goods.php%3Fid%3D2953811%26name%3Dlow+glycemic+cleanse HTTP/1.1" 200 23741 "-" "Mozilla/5.0 AppleWebKit/537.36 (KHTML, like Gecko; compatible; bingbot/2.0; +http://www.bing.com/bingbot.htm) Chrome/116.0.1938.76 Safari/537.36"
40.77.167.33 - - [26/Apr/2025:12:04:33 -0400] "GET /?d=100311509260&filter=2aa707&share_to_url=pin.php%3Fid%3D3399954%26name%3Dlg+swh1+tellywoofy HTTP/1.1" 200 23365 "-" "Mozilla/5.0 AppleWebKit/537.36 (KHTML, like Gecko; compatible; bingbot/2.0; +http://www.bing.com/bingbot.htm) Chrome/116.0.1938.76 Safari/537.36"
40.77.167.33 - - [26/Apr/2025:12:04:35 -0400] "GET /?d=107614944260&filter=1b6d6c&share_to_url=item.php%3Fid%3D3644281%26name%3Dair+max+90+97 HTTP/1.1" 200 21876 "-" "Mozilla/5.0 AppleWebKit/537.36 (KHTML, like Gecko; compatible; bingbot/2.0; +http://www.bing.com/bingbot.htm) Chrome/116.0.1938.76 Safari/537.36"
40.77.167.33 - - [26/Apr/2025:12:04:36 -0400] "GET /?d=90196538260&filter=fd5cf7&share_to_url=item.php%3Fid%3D3056581%26name%3Dundercover+x+fragment+design+x HTTP/1.1" 200 22684 "-" "Mozilla/5.0 AppleWebKit/537.36 (KHTML, like Gecko; compatible; bingbot/2.0; +http://www.bing.com/bingbot.htm) Chrome/116.0.1938.76 Safari/537.36"
52.167.144.161 - - [26/Apr/2025:12:04:37 -0400] "GET /?d=110241017260&filter=b44b6e&share_to_url=detail.php%3Fid%3D3731301%26name%3Dtelstar+nightfall+air+tent HTTP/1.1" 200 21817 "-" "Mozilla/5.0 AppleWebKit/537.36 (KHTML, like Gecko; compatible; bingbot/2.0; +http://www.bing.com/bingbot.htm) Chrome/116.0.1938.76 Safari/537.36"
52.167.144.161 - - [26/Apr/2025:12:04:45 -0400] "GET /?d=41853534260&filter=2aa707&share_to_url=shop.php%3Fid%3D1420759%26name%3Dcelestion+marshall+heritage+g12 HTTP/1.1" 200 24019 "-" "Mozilla/5.0 AppleWebKit/537.36 (KHTML, like Gecko; compatible; bingbot/2.0; +http://www.bing.com/bingbot.htm) Chrome/116.0.1938.76 Safari/537.36"
40.77.167.48 - - [26/Apr/2025:12:04:59 -0400] "GET /?d=91039819260&filter=b4da41&share_to_url=shop.php%3Fid%3D3085375%26name%3Dcollant+gu%C3%AApi%C3%A8re+setificato HTTP/1.1" 200 23923 "-" "Mozilla/5.0 AppleWebKit/537.36 (KHTML, like Gecko; compatible; bingbot/2.0; +http://www.bing.com/bingbot.htm) Chrome/116.0.1938.76 Safari/537.36"
40.77.167.48 - - [26/Apr/2025:12:05:00 -0400] "GET /?d=84345490260&filter=6563e1&share_to_url=detail.php%3Fid%3D2856657%26name%3Dclonmel+power+clearance HTTP/1.1" 200 24045 "-" "Mozilla/5.0 AppleWebKit/537.36 (KHTML, like Gecko; compatible; bingbot/2.0; +http://www.bing.com/bingbot.htm) Chrome/116.0.1938.76 Safari/537.36"
40.77.167.33 - - [26/Apr/2025:12:05:04 -0400] "GET /?d=88957881260&filter=14708a&share_to_url=detail.php%3Fid%3D3015033%26name%3Drsl+aero+bottles+on HTTP/1.1" 200 23308 "-" "Mozilla/5.0 AppleWebKit/537.36 (KHTML, like Gecko; compatible; bingbot/2.0; +http://www.bing.com/bingbot.htm) Chrome/116.0.1938.76 Safari/537.36"
40.77.167.33 - - [26/Apr/2025:12:05:06 -0400] "GET /?d=93437538260&filter=83f648&share_to_url=model.php%3Fid%3D3165567%26name%3Dhey+prueben+estas HTTP/1.1" 200 22703 "-" "Mozilla/5.0 AppleWebKit/537.36 (KHTML, like Gecko; compatible; bingbot/2.0; +http://www.bing.com/bingbot.htm) Chrome/116.0.1938.76 Safari/537.36"
175.100.113.232 - - [26/Apr/2025:12:05:06 -0400] "GET /login HTTP/1.1" 302 0 "-" "Mozilla/5.0 (Windows NT 10.0; Win64; x64) AppleWebKit/537.36 (KHTML, like Gecko) Chrome/106.0.5249.91 Safari/537.36"
175.100.113.232 - - [26/Apr/2025:12:05:07 -0400] "GET /loginn.php HTTP/1.1" 200 970 "-" "Mozilla/5.0 (Windows NT 10.0; Win64; x64) AppleWebKit/537.36 (KHTML, like Gecko) Chrome/106.0.5249.91 Safari/537.36"
66.249.66.10 - - [26/Apr/2025:12:05:14 -0400] "GET /?d=35877206260&filter=3d3b19&share_to_url=article.php%3Fid%3D1218818%26name%3Djersey+punto+gris HTTP/1.1" 200 23926 "-" "Mozilla/5.0 (Linux; Android 6.0.1; Nexus 5X Build/MMB29P) AppleWebKit/537.36 (KHTML, like Gecko) Chrome/135.0.7049.95 Mobile Safari/537.36 (compatible; GoogleOther)"
52.167.144.161 - - [26/Apr/2025:12:05:25 -0400] "GET /?d=102191774260&filter=9e9754&share_to_url=discover.php%3Fid%3D3463925%26name%3Duser+manuals+sunbeam+gr8450 HTTP/1.1" 200 23387 "-" "Mozilla/5.0 AppleWebKit/537.36 (KHTML, like Gecko; compatible; bingbot/2.0; +http://www.bing.com/bingbot.htm) Chrome/116.0.1938.76 Safari/537.36"
52.167.144.161 - - [26/Apr/2025:12:05:26 -0400] "GET /?d=115696173260&filter=740faf&share_to_url=item.php%3Fid%3D3917989%26name%3Dlong+gym+store HTTP/1.1" 200 24532 "-" "Mozilla/5.0 AppleWebKit/537.36 (KHTML, like Gecko; compatible; bingbot/2.0; +http://www.bing.com/bingbot.htm) Chrome/116.0.1938.76 Safari/537.36"
52.167.144.161 - - [26/Apr/2025:12:05:27 -0400] "GET /?d=85643890260&filter=860ef6&share_to_url=product-page.php%3Fid%3D2901256%26name%3Dpreferred+fragrance HTTP/1.1" 200 23332 "-" "Mozilla/5.0 AppleWebKit/537.36 (KHTML, like Gecko; compatible; bingbot/2.0; +http://www.bing.com/bingbot.htm) Chrome/116.0.1938.76 Safari/537.36"
40.77.167.33 - - [26/Apr/2025:12:05:33 -0400] "GET /?d=105220034260&filter=15d3b1&share_to_url=detail.php%3Fid%3D3564765%26name%3Dblack+decker HTTP/1.1" 200 23031 "-" "Mozilla/5.0 AppleWebKit/537.36 (KHTML, like Gecko; compatible; bingbot/2.0; +http://www.bing.com/bingbot.htm) Chrome/116.0.1938.76 Safari/537.36"
40.77.167.48 - - [26/Apr/2025:12:05:40 -0400] "GET /?d=87407215260&filter=df0c98&share_to_url=shopdetail.php%3Fid%3D2961836%26name%3Dbracelete+nowoczesne+marrom HTTP/1.1" 200 22980 "-" "Mozilla/5.0 AppleWebKit/537.36 (KHTML, like Gecko; compatible; bingbot/2.0; +http://www.bing.com/bingbot.htm) Chrome/116.0.1938.76 Safari/537.36"
40.77.167.48 - - [26/Apr/2025:12:05:40 -0400] "GET /?d=89373025260&filter=ec7398&share_to_url=article.php%3Fid%3D3029474%26name%3Ddometic+cfx+28 HTTP/1.1" 200 22685 "-" "Mozilla/5.0 AppleWebKit/537.36 (KHTML, like Gecko; compatible; bingbot/2.0; +http://www.bing.com/bingbot.htm) Chrome/116.0.1938.76 Safari/537.36"
40.77.167.48 - - [26/Apr/2025:12:05:41 -0400] "GET /?d=115814414260&filter=cd6685&share_to_url=item.php%3Fid%3D3921889%26name%3Dredwood+city+startup HTTP/1.1" 200 23736 "-" "Mozilla/5.0 AppleWebKit/537.36 (KHTML, like Gecko; compatible; bingbot/2.0; +http://www.bing.com/bingbot.htm) Chrome/116.0.1938.76 Safari/537.36"
