208.110.64.178 - - [12/Jun/2025:09:11:21 -0400] "GET /wp-includes/loginn.php HTTP/1.1" 302 6 "https://churchmr.com/wp-includes/edit.php" "Mozilla/5.0 (Windows NT 10.0; Win64; x64) AppleWebKit/537.36 (KHTML, like Gecko) Chrome/58.0.3029.110 Safari/537.3"
66.249.64.11 - - [12/Jun/2025:09:11:21 -0400] "GET /?d=111305755260&filter=8c05fb&share_to_url=goods.php%3Fid%3D3769547%26name%3Dgear+one+van+halen+5150 HTTP/1.1" 200 24267 "-" "Mozilla/5.0 (Linux; Android 6.0.1; Nexus 5X Build/MMB29P) AppleWebKit/537.36 (KHTML, like Gecko) Chrome/136.0.7103.113 Mobile Safari/537.36 (compatible; Googlebot/2.1; +http://www.google.com/bot.html)"
208.110.64.178 - - [12/Jun/2025:09:11:22 -0400] "GET /wp-includes/loginn.php HTTP/1.1" 302 6 "https://churchmr.com/wp-includes/edit.php" "Mozilla/5.0 (Windows NT 10.0; Win64; x64) AppleWebKit/537.36 (KHTML, like Gecko) Chrome/58.0.3029.110 Safari/537.3"
66.249.64.12 - - [12/Jun/2025:09:11:23 -0400] "GET /?d=85866221260&filter=d97045&share_to_url=pin.php%3Fid%3D2908962%26name%3Dguess+my+outfit+price HTTP/1.1" 200 23472 "-" "Mozilla/5.0 (Linux; Android 6.0.1; Nexus 5X Build/MMB29P) AppleWebKit/537.36 (KHTML, like Gecko) Chrome/136.0.7103.113 Mobile Safari/537.36 (compatible; Googlebot/2.1; +http://www.google.com/bot.html)"
208.110.64.178 - - [12/Jun/2025:09:11:23 -0400] "GET /wp-includes/loginn.php HTTP/1.1" 302 6 "https://churchmr.com/wp-includes/edit.php" "Mozilla/5.0 (Windows NT 10.0; Win64; x64) AppleWebKit/537.36 (KHTML, like Gecko) Chrome/58.0.3029.110 Safari/537.3"
208.110.64.178 - - [12/Jun/2025:09:11:24 -0400] "GET /wp-includes/loginn.php HTTP/1.1" 302 6 "https://churchmr.com/wp-includes/edit.php" "Mozilla/5.0 (Windows NT 10.0; Win64; x64) AppleWebKit/537.36 (KHTML, like Gecko) Chrome/58.0.3029.110 Safari/537.3"
66.249.64.12 - - [12/Jun/2025:09:11:24 -0400] "GET /?d=114449442260&filter=b199a4&share_to_url=item.php%3Fid%3D3875461%26name%3Dbuy+jack+039+s+nightmare+cartoon+inspired HTTP/1.1" 200 23335 "-" "Mozilla/5.0 (Linux; Android 6.0.1; Nexus 5X Build/MMB29P) AppleWebKit/537.36 (KHTML, like Gecko) Chrome/136.0.7103.113 Mobile Safari/537.36 (compatible; Googlebot/2.1; +http://www.google.com/bot.html)"
208.110.64.178 - - [12/Jun/2025:09:11:25 -0400] "GET /wp-includes/loginn.php HTTP/1.1" 302 6 "https://churchmr.com/wp-includes/edit.php" "Mozilla/5.0 (Windows NT 10.0; Win64; x64) AppleWebKit/537.36 (KHTML, like Gecko) Chrome/58.0.3029.110 Safari/537.3"
66.249.64.11 - - [12/Jun/2025:09:11:25 -0400] "GET /?d=116628121260&filter=d9247f&share_to_url=product.php%3Fid%3D3949522%26name%3Dpeppa+pig+race+track HTTP/1.1" 200 23735 "-" "Mozilla/5.0 (Linux; Android 6.0.1; Nexus 5X Build/MMB29P) AppleWebKit/537.36 (KHTML, like Gecko) Chrome/136.0.7103.113 Mobile Safari/537.36 (compatible; Googlebot/2.1; +http://www.google.com/bot.html)"
66.249.64.12 - - [12/Jun/2025:09:11:25 -0400] "GET /?d=93115550260&filter=bce36f&share_to_url=article.php%3Fid%3D3154862%26name%3Dfor+samsung+galaxy+a31+skin HTTP/1.1" 200 23194 "-" "Mozilla/5.0 (Linux; Android 6.0.1; Nexus 5X Build/MMB29P) AppleWebKit/537.36 (KHTML, like Gecko) Chrome/136.0.7103.113 Mobile Safari/537.36 (compatible; Googlebot/2.1; +http://www.google.com/bot.html)"
157.55.39.192 - - [12/Jun/2025:09:11:27 -0400] "GET /?d=39118551260&filter=116a77&share_to_url=ideas.php%3Fid%3D1327776%26name%3Dus+stove+ashley+1300 HTTP/1.1" 200 22797 "-" "Mozilla/5.0 AppleWebKit/537.36 (KHTML, like Gecko; compatible; bingbot/2.0; +http://www.bing.com/bingbot.htm) Chrome/116.0.1938.76 Safari/537.36"
40.77.167.65 - - [12/Jun/2025:09:11:28 -0400] "GET /?d=97662676260&filter=3217d2&share_to_url=goods.php%3Fid%3D3309923%26name%3Dskechers+infants+g HTTP/1.1" 200 23699 "-" "Mozilla/5.0 AppleWebKit/537.36 (KHTML, like Gecko; compatible; bingbot/2.0; +http://www.bing.com/bingbot.htm) Chrome/116.0.1938.76 Safari/537.36"
40.77.167.149 - - [12/Jun/2025:09:11:28 -0400] "GET /?d=72066307260&filter=fc397e&share_to_url=product.php%3Fid%3D2442238%26name%3Dmy+first+barbie+african HTTP/1.1" 200 22306 "-" "Mozilla/5.0 AppleWebKit/537.36 (KHTML, like Gecko; compatible; bingbot/2.0; +http://www.bing.com/bingbot.htm) Chrome/116.0.1938.76 Safari/537.36"
40.77.167.65 - - [12/Jun/2025:09:11:28 -0400] "GET /?d=92160562260&filter=f5b74d&share_to_url=item.php%3Fid%3D3121981%26name%3Dcamisa+sao+paulo+casal HTTP/1.1" 200 24597 "-" "Mozilla/5.0 AppleWebKit/537.36 (KHTML, like Gecko; compatible; bingbot/2.0; +http://www.bing.com/bingbot.htm) Chrome/116.0.1938.76 Safari/537.36"
66.249.64.11 - - [12/Jun/2025:09:11:28 -0400] "GET /?d=90149723260&filter=eba88d&share_to_url=discover.php%3Fid%3D3055037%26name%3Deleganti+gonne+a HTTP/1.1" 200 23982 "-" "Mozilla/5.0 (Linux; Android 6.0.1; Nexus 5X Build/MMB29P) AppleWebKit/537.36 (KHTML, like Gecko) Chrome/136.0.7103.113 Mobile Safari/537.36 (compatible; Googlebot/2.1; +http://www.google.com/bot.html)"
66.249.64.11 - - [12/Jun/2025:09:11:29 -0400] "GET /?d=93046542260&filter=8de18d&share_to_url=item.php%3Fid%3D3152629%26name%3Dslapped+a+krator+fairing HTTP/1.1" 200 24283 "-" "Mozilla/5.0 (Linux; Android 6.0.1; Nexus 5X Build/MMB29P) AppleWebKit/537.36 (KHTML, like Gecko) Chrome/136.0.7103.113 Mobile Safari/537.36 (compatible; Googlebot/2.1; +http://www.google.com/bot.html)"
66.249.64.12 - - [12/Jun/2025:09:11:31 -0400] "GET /?d=114285685260&filter=be6367&share_to_url=shop.php%3Fid%3D3869971%26name%3Dsanctuary+womens+cut+out+back+long HTTP/1.1" 200 23710 "-" "Mozilla/5.0 (Linux; Android 6.0.1; Nexus 5X Build/MMB29P) AppleWebKit/537.36 (KHTML, like Gecko) Chrome/136.0.7103.113 Mobile Safari/537.36 (compatible; Googlebot/2.1; +http://www.google.com/bot.html)"
52.167.144.145 - - [12/Jun/2025:09:11:31 -0400] "GET /?d=1543016260&filter=4d7b9c&share_to_url=model.php%3Fid%3D53355%26name%3Dother+stone+pickaxe HTTP/1.1" 200 24470 "-" "Mozilla/5.0 AppleWebKit/537.36 (KHTML, like Gecko; compatible; bingbot/2.0; +http://www.bing.com/bingbot.htm) Chrome/116.0.1938.76 Safari/537.36"
66.249.64.11 - - [12/Jun/2025:09:11:31 -0400] "GET /?d=92442256260&filter=475947&share_to_url=product.php%3Fid%3D3131698%26name%3Dnidux+reloj+polar+ignite HTTP/1.1" 200 22871 "-" "Mozilla/5.0 (Linux; Android 6.0.1; Nexus 5X Build/MMB29P) AppleWebKit/537.36 (KHTML, like Gecko) Chrome/136.0.7103.113 Mobile Safari/537.36 (compatible; Googlebot/2.1; +http://www.google.com/bot.html)"
66.249.64.11 - - [12/Jun/2025:09:11:32 -0400] "GET /?d=114593827260&filter=3907ae&share_to_url=product.php%3Fid%3D3880450%26name%3Dschott+039+s+classic+melton HTTP/1.1" 200 23389 "-" "Mozilla/5.0 (Linux; Android 6.0.1; Nexus 5X Build/MMB29P) AppleWebKit/537.36 (KHTML, like Gecko) Chrome/136.0.7103.113 Mobile Safari/537.36 (compatible; Googlebot/2.1; +http://www.google.com/bot.html)"
52.167.144.213 - - [12/Jun/2025:09:11:32 -0400] "GET /?d=89397488260&filter=6f69da&share_to_url=goods.php%3Fid%3D3030203%26name%3Dsorel+joanie+ii+strappy+wedge HTTP/1.1" 200 22947 "-" "Mozilla/5.0 AppleWebKit/537.36 (KHTML, like Gecko; compatible; bingbot/2.0; +http://www.bing.com/bingbot.htm) Chrome/116.0.1938.76 Safari/537.36"
52.167.144.145 - - [12/Jun/2025:09:11:33 -0400] "GET /?d=100726368260&filter=798b8d&share_to_url=model.php%3Fid%3D3413859%26name%3Dwomen+s+stuart+power HTTP/1.1" 200 22754 "-" "Mozilla/5.0 AppleWebKit/537.36 (KHTML, like Gecko; compatible; bingbot/2.0; +http://www.bing.com/bingbot.htm) Chrome/116.0.1938.76 Safari/537.36"
66.249.64.12 - - [12/Jun/2025:09:11:33 -0400] "GET /?d=109980013260&filter=c11d46&share_to_url=pin.php%3Fid%3D3722262%26name%3Dred+cord+knot+bracelet HTTP/1.1" 200 24223 "-" "Mozilla/5.0 (Linux; Android 6.0.1; Nexus 5X Build/MMB29P) AppleWebKit/537.36 (KHTML, like Gecko) Chrome/136.0.7103.113 Mobile Safari/537.36 (compatible; Googlebot/2.1; +http://www.google.com/bot.html)"
66.249.64.13 - - [12/Jun/2025:09:11:34 -0400] "GET /?d=101027734260&filter=e0510c&share_to_url=detail.php%3Fid%3D3424545%26name%3Dhelene+fischer+best HTTP/1.1" 200 22859 "-" "Mozilla/5.0 (Linux; Android 6.0.1; Nexus 5X Build/MMB29P) AppleWebKit/537.36 (KHTML, like Gecko) Chrome/136.0.7103.113 Mobile Safari/537.36 (compatible; Googlebot/2.1; +http://www.google.com/bot.html)"
66.249.64.12 - - [12/Jun/2025:09:11:36 -0400] "GET /?d=98888682260&filter=a19797&share_to_url=model.php%3Fid%3D3351219%26name%3Dlarge+vintage+style+peach HTTP/1.1" 200 23837 "-" "Mozilla/5.0 (Linux; Android 6.0.1; Nexus 5X Build/MMB29P) AppleWebKit/537.36 (KHTML, like Gecko) Chrome/136.0.7103.113 Mobile Safari/537.36 (compatible; Googlebot/2.1; +http://www.google.com/bot.html)"
66.249.64.13 - - [12/Jun/2025:09:11:36 -0400] "GET /?d=105354517260&filter=eef298&share_to_url=item.php%3Fid%3D3568957%26name%3Dsoftline+whiteboard+blisskiss HTTP/1.1" 200 22981 "-" "Mozilla/5.0 (Linux; Android 6.0.1; Nexus 5X Build/MMB29P) AppleWebKit/537.36 (KHTML, like Gecko) Chrome/136.0.7103.113 Mobile Safari/537.36 (compatible; Googlebot/2.1; +http://www.google.com/bot.html)"
66.249.64.12 - - [12/Jun/2025:09:11:37 -0400] "GET /?d=91546245260&filter=80d279&share_to_url=article.php%3Fid%3D3102314%26name%3Dno+time+to+waste+hot HTTP/1.1" 200 25382 "-" "Mozilla/5.0 (Linux; Android 6.0.1; Nexus 5X Build/MMB29P) AppleWebKit/537.36 (KHTML, like Gecko) Chrome/136.0.7103.113 Mobile Safari/537.36 (compatible; Googlebot/2.1; +http://www.google.com/bot.html)"
66.249.64.12 - - [12/Jun/2025:09:11:38 -0400] "GET /?d=91859829260&filter=877558&share_to_url=model.php%3Fid%3D3112515%26name%3Dvintage+levis+26068+jeans HTTP/1.1" 200 24118 "-" "Mozilla/5.0 (Linux; Android 6.0.1; Nexus 5X Build/MMB29P) AppleWebKit/537.36 (KHTML, like Gecko) Chrome/136.0.7103.113 Mobile Safari/537.36 (compatible; Googlebot/2.1; +http://www.google.com/bot.html)"
66.249.64.12 - - [12/Jun/2025:09:11:41 -0400] "GET /?d=102187497260&filter=6f7032&share_to_url=shopdetail.php%3Fid%3D3463772%26name%3Dbbqgrills+warming+drawers HTTP/1.1" 200 23011 "-" "Mozilla/5.0 (Linux; Android 6.0.1; Nexus 5X Build/MMB29P) AppleWebKit/537.36 (KHTML, like Gecko) Chrome/136.0.7103.113 Mobile Safari/537.36 (compatible; Googlebot/2.1; +http://www.google.com/bot.html)"
66.249.64.12 - - [12/Jun/2025:09:11:42 -0400] "GET /?d=101017552260&filter=e0510c&share_to_url=product.php%3Fid%3D3424222%26name%3Dokonkwo+outdoor+canvas+holzf%C3%A4llerhose+arbeitskleidung HTTP/1.1" 200 23801 "-" "Mozilla/5.0 (Linux; Android 6.0.1; Nexus 5X Build/MMB29P) AppleWebKit/537.36 (KHTML, like Gecko) Chrome/136.0.7103.113 Mobile Safari/537.36 (compatible; Googlebot/2.1; +http://www.google.com/bot.html)"
66.249.64.12 - - [12/Jun/2025:09:11:43 -0400] "GET /?d=93795504260&filter=705f8c&share_to_url=goods.php%3Fid%3D3177851%26name%3Dreview+2020+triumph+tiger+900 HTTP/1.1" 200 22949 "-" "Mozilla/5.0 (Linux; Android 6.0.1; Nexus 5X Build/MMB29P) AppleWebKit/537.36 (KHTML, like Gecko) Chrome/136.0.7103.113 Mobile Safari/537.36 (compatible; Googlebot/2.1; +http://www.google.com/bot.html)"
66.249.64.11 - - [12/Jun/2025:09:11:44 -0400] "GET /?d=96098252260&filter=4125cd&share_to_url=detail.php%3Fid%3D3255849%26name%3Dmonths+newborn+romber HTTP/1.1" 200 24527 "-" "Mozilla/5.0 (Linux; Android 6.0.1; Nexus 5X Build/MMB29P) AppleWebKit/537.36 (KHTML, like Gecko) Chrome/136.0.7103.113 Mobile Safari/537.36 (compatible; Googlebot/2.1; +http://www.google.com/bot.html)"
66.249.64.11 - - [12/Jun/2025:09:11:44 -0400] "GET /?d=95754141260&filter=b3b154&share_to_url=ideas.php%3Fid%3D3244176%26name%3Doutlet+biber%C3%B3n+ktm HTTP/1.1" 200 23919 "-" "Mozilla/5.0 (Linux; Android 6.0.1; Nexus 5X Build/MMB29P) AppleWebKit/537.36 (KHTML, like Gecko) Chrome/136.0.7103.113 Mobile Safari/537.36 (compatible; Googlebot/2.1; +http://www.google.com/bot.html)"
66.249.64.12 - - [12/Jun/2025:09:11:45 -0400] "GET /?d=91954753260&filter=363c48&share_to_url=pin.php%3Fid%3D3115266%26name%3Dhayrer+shop+sling+bag HTTP/1.1" 200 23995 "-" "Mozilla/5.0 (Linux; Android 6.0.1; Nexus 5X Build/MMB29P) AppleWebKit/537.36 (KHTML, like Gecko) Chrome/136.0.7103.113 Mobile Safari/537.36 (compatible; Googlebot/2.1; +http://www.google.com/bot.html)"
66.249.64.11 - - [12/Jun/2025:09:11:46 -0400] "GET /?d=98281743260&filter=54c241&share_to_url=product.php%3Fid%3D3330454%26name%3Dboxer+paulina+cardona HTTP/1.1" 200 22777 "-" "Mozilla/5.0 (Linux; Android 6.0.1; Nexus 5X Build/MMB29P) AppleWebKit/537.36 (KHTML, like Gecko) Chrome/136.0.7103.113 Mobile Safari/537.36 (compatible; Googlebot/2.1; +http://www.google.com/bot.html)"
66.249.64.11 - - [12/Jun/2025:09:11:47 -0400] "GET /?d=105416551260&filter=74aed1&share_to_url=product-page.php%3Fid%3D3571084%26name%3Dtermostato HTTP/1.1" 200 23524 "-" "Mozilla/5.0 (Linux; Android 6.0.1; Nexus 5X Build/MMB29P) AppleWebKit/537.36 (KHTML, like Gecko) Chrome/136.0.7103.113 Mobile Safari/537.36 (compatible; Googlebot/2.1; +http://www.google.com/bot.html)"
66.249.64.12 - - [12/Jun/2025:09:11:49 -0400] "GET /?d=102406895260&filter=efec0d&share_to_url=item.php%3Fid%3D3471325%26name%3Dmens+kris+van+assche+high HTTP/1.1" 200 22868 "-" "Mozilla/5.0 (Linux; Android 6.0.1; Nexus 5X Build/MMB29P) AppleWebKit/537.36 (KHTML, like Gecko) Chrome/136.0.7103.113 Mobile Safari/537.36 (compatible; Googlebot/2.1; +http://www.google.com/bot.html)"
52.167.144.145 - - [12/Jun/2025:09:11:49 -0400] "GET /?d=95172044260&filter=98d47d&share_to_url=article.php%3Fid%3D3224186%26name%3Dmotiv+beach+cruisers HTTP/1.1" 200 24311 "-" "Mozilla/5.0 AppleWebKit/537.36 (KHTML, like Gecko; compatible; bingbot/2.0; +http://www.bing.com/bingbot.htm) Chrome/116.0.1938.76 Safari/537.36"
66.249.64.14 - - [12/Jun/2025:09:11:50 -0400] "GET /?d=116780290260&filter=edb904&share_to_url=article.php%3Fid%3D3954734%26name%3Dchihuahua+christmas+t HTTP/1.1" 200 23089 "-" "Mozilla/5.0 (Linux; Android 6.0.1; Nexus 5X Build/MMB29P) AppleWebKit/537.36 (KHTML, like Gecko) Chrome/136.0.7103.113 Mobile Safari/537.36 (compatible; Googlebot/2.1; +http://www.google.com/bot.html)"
66.249.64.11 - - [12/Jun/2025:09:11:52 -0400] "GET /?d=113012515260&filter=f17e09&share_to_url=shop.php%3Fid%3D3827311%26name%3Dblack+leaf+cushion+cover HTTP/1.1" 200 23488 "-" "Mozilla/5.0 (Linux; Android 6.0.1; Nexus 5X Build/MMB29P) AppleWebKit/537.36 (KHTML, like Gecko) Chrome/136.0.7103.113 Mobile Safari/537.36 (compatible; Googlebot/2.1; +http://www.google.com/bot.html)"
66.249.64.12 - - [12/Jun/2025:09:11:53 -0400] "GET /?d=87541996260&filter=5919d3&share_to_url=model.php%3Fid%3D2966451%26name%3Dcummins+hoodie HTTP/1.1" 200 23791 "-" "Mozilla/5.0 (Linux; Android 6.0.1; Nexus 5X Build/MMB29P) AppleWebKit/537.36 (KHTML, like Gecko) Chrome/136.0.7103.113 Mobile Safari/537.36 (compatible; Googlebot/2.1; +http://www.google.com/bot.html)"
66.249.64.12 - - [12/Jun/2025:09:11:53 -0400] "GET /?d=107081493260&filter=ba570e&share_to_url=shopdetail.php%3Fid%3D3626396%26name%3Dblack+edwardian+vintage+style+blazer HTTP/1.1" 200 24648 "-" "Mozilla/5.0 (Linux; Android 6.0.1; Nexus 5X Build/MMB29P) AppleWebKit/537.36 (KHTML, like Gecko) Chrome/136.0.7103.113 Mobile Safari/537.36 (compatible; Googlebot/2.1; +http://www.google.com/bot.html)"
66.249.64.13 - - [12/Jun/2025:09:11:55 -0400] "GET /?d=86455297260&filter=073822&share_to_url=item.php%3Fid%3D2929357%26name%3Dbreville+bke595xl+electric+kettle+57 HTTP/1.1" 200 22059 "-" "Mozilla/5.0 (Linux; Android 6.0.1; Nexus 5X Build/MMB29P) AppleWebKit/537.36 (KHTML, like Gecko) Chrome/136.0.7103.113 Mobile Safari/537.36 (compatible; Googlebot/2.1; +http://www.google.com/bot.html)"
66.249.64.11 - - [12/Jun/2025:09:11:55 -0400] "GET /?d=105281076260&filter=f4b633&share_to_url=detail.php%3Fid%3D3566721%26name%3Dnamco+pac+man+barstools+game HTTP/1.1" 200 22744 "-" "Mozilla/5.0 (Linux; Android 6.0.1; Nexus 5X Build/MMB29P) AppleWebKit/537.36 (KHTML, like Gecko) Chrome/136.0.7103.113 Mobile Safari/537.36 (compatible; Googlebot/2.1; +http://www.google.com/bot.html)"
66.249.64.12 - - [12/Jun/2025:09:11:57 -0400] "GET /?d=103869715260&filter=754b31&share_to_url=pin.php%3Fid%3D3519378%26name%3Dcitizen+eco+drive+battery HTTP/1.1" 200 23448 "-" "Mozilla/5.0 (Linux; Android 6.0.1; Nexus 5X Build/MMB29P) AppleWebKit/537.36 (KHTML, like Gecko) Chrome/136.0.7103.113 Mobile Safari/537.36 (compatible; Googlebot/2.1; +http://www.google.com/bot.html)"
40.77.167.149 - - [12/Jun/2025:09:11:57 -0400] "GET /?d=13434667260&filter=95c78c&share_to_url=discover.php%3Fid%3D458249%26name%3Dcal%C3%87a+pantalona+180 HTTP/1.1" 200 22868 "-" "Mozilla/5.0 AppleWebKit/537.36 (KHTML, like Gecko; compatible; bingbot/2.0; +http://www.bing.com/bingbot.htm) Chrome/116.0.1938.76 Safari/537.36"
157.55.39.200 - - [12/Jun/2025:09:11:57 -0400] "GET /?d=94879428260&filter=ea87ba&share_to_url=article.php%3Fid%3D3214850%26name%3Dprogrammable+ac+power HTTP/1.1" 200 24109 "-" "Mozilla/5.0 AppleWebKit/537.36 (KHTML, like Gecko; compatible; bingbot/2.0; +http://www.bing.com/bingbot.htm) Chrome/116.0.1938.76 Safari/537.36"
66.249.64.13 - - [12/Jun/2025:09:11:57 -0400] "GET /?d=113961257260&filter=65e9c5&share_to_url=shop.php%3Fid%3D3859483%26name%3Dpro+boxing+200 HTTP/1.1" 200 24083 "-" "Mozilla/5.0 (Linux; Android 6.0.1; Nexus 5X Build/MMB29P) AppleWebKit/537.36 (KHTML, like Gecko) Chrome/136.0.7103.113 Mobile Safari/537.36 (compatible; Googlebot/2.1; +http://www.google.com/bot.html)"
40.77.167.149 - - [12/Jun/2025:09:11:58 -0400] "GET /?d=82426487260&filter=0dc018&share_to_url=detail.php%3Fid%3D2792133%26name%3Dbartesian+uptown+rocks HTTP/1.1" 200 21843 "-" "Mozilla/5.0 AppleWebKit/537.36 (KHTML, like Gecko; compatible; bingbot/2.0; +http://www.bing.com/bingbot.htm) Chrome/116.0.1938.76 Safari/537.36"
66.249.64.13 - - [12/Jun/2025:09:11:58 -0400] "GET /?d=116565622260&filter=1876cd&share_to_url=goods.php%3Fid%3D3947411%26name%3Dfunny+men+pajamas+sold HTTP/1.1" 200 24260 "-" "Mozilla/5.0 (Linux; Android 6.0.1; Nexus 5X Build/MMB29P) AppleWebKit/537.36 (KHTML, like Gecko) Chrome/136.0.7103.113 Mobile Safari/537.36 (compatible; Googlebot/2.1; +http://www.google.com/bot.html)"
157.55.39.192 - - [12/Jun/2025:09:11:58 -0400] "GET /?d=96849243260&filter=4cc5d2&share_to_url=item.php%3Fid%3D3281593%26name%3Dsamsung+g9+actual+dimensions HTTP/1.1" 200 23182 "-" "Mozilla/5.0 AppleWebKit/537.36 (KHTML, like Gecko; compatible; bingbot/2.0; +http://www.bing.com/bingbot.htm) Chrome/116.0.1938.76 Safari/537.36"
66.249.64.14 - - [12/Jun/2025:09:11:58 -0400] "GET /?d=89966448260&filter=81d41c&share_to_url=ideas.php%3Fid%3D3049068%26name%3Dthe+pro+039+s+gear HTTP/1.1" 200 23928 "-" "Mozilla/5.0 (Linux; Android 6.0.1; Nexus 5X Build/MMB29P) AppleWebKit/537.36 (KHTML, like Gecko) Chrome/136.0.7103.113 Mobile Safari/537.36 (compatible; Googlebot/2.1; +http://www.google.com/bot.html)"
40.77.167.149 - - [12/Jun/2025:09:11:59 -0400] "GET /?d=107212197260&filter=fc397e&share_to_url=article.php%3Fid%3D3630662%26name%3Dbarbie+styling+head+and+accessories HTTP/1.1" 200 23238 "-" "Mozilla/5.0 AppleWebKit/537.36 (KHTML, like Gecko; compatible; bingbot/2.0; +http://www.bing.com/bingbot.htm) Chrome/116.0.1938.76 Safari/537.36"
66.249.64.11 - - [12/Jun/2025:09:11:58 -0400] "GET /?d=114109472260&filter=bfc81f&share_to_url=item.php%3Fid%3D3864241%26name%3Dnearly+naked+bike+ride HTTP/1.1" 200 23672 "-" "Mozilla/5.0 (Linux; Android 6.0.1; Nexus 5X Build/MMB29P) AppleWebKit/537.36 (KHTML, like Gecko) Chrome/136.0.7103.113 Mobile Safari/537.36 (compatible; Googlebot/2.1; +http://www.google.com/bot.html)"
66.249.64.13 - - [12/Jun/2025:09:11:59 -0400] "GET /?d=99363286260&filter=80d279&share_to_url=shopdetail.php%3Fid%3D3367652%26name%3Dthe+autumn+cafe HTTP/1.1" 200 24380 "-" "Mozilla/5.0 (Linux; Android 6.0.1; Nexus 5X Build/MMB29P) AppleWebKit/537.36 (KHTML, like Gecko) Chrome/136.0.7103.113 Mobile Safari/537.36 (compatible; Googlebot/2.1; +http://www.google.com/bot.html)"
40.77.167.149 - - [12/Jun/2025:09:11:59 -0400] "GET /?d=82706115260&filter=6acbf4&share_to_url=shopdetail.php%3Fid%3D2801252%26name%3Ddrakes+hotsell+head HTTP/1.1" 200 23669 "-" "Mozilla/5.0 AppleWebKit/537.36 (KHTML, like Gecko; compatible; bingbot/2.0; +http://www.bing.com/bingbot.htm) Chrome/116.0.1938.76 Safari/537.36"
40.77.167.149 - - [12/Jun/2025:09:12:00 -0400] "GET /?d=10595914260&filter=e50ed8&share_to_url=ideas.php%3Fid%3D362904%26name%3Decco+knoxville+best+sale HTTP/1.1" 200 22627 "-" "Mozilla/5.0 AppleWebKit/537.36 (KHTML, like Gecko; compatible; bingbot/2.0; +http://www.bing.com/bingbot.htm) Chrome/116.0.1938.76 Safari/537.36"
66.249.64.12 - - [12/Jun/2025:09:12:00 -0400] "GET /?d=107951797260&filter=3d4903&share_to_url=ideas.php%3Fid%3D3655068%26name%3Dmujer+ba%C3%B1%C3%A1ndose+alegremente+en HTTP/1.1" 200 23905 "-" "Mozilla/5.0 (Linux; Android 6.0.1; Nexus 5X Build/MMB29P) AppleWebKit/537.36 (KHTML, like Gecko) Chrome/136.0.7103.113 Mobile Safari/537.36 (compatible; Googlebot/2.1; +http://www.google.com/bot.html)"
40.77.167.149 - - [12/Jun/2025:09:12:00 -0400] "GET /?d=18724164260&filter=b190c6&share_to_url=ideas.php%3Fid%3D636312%26name%3Dstr+jeans+zalando+stradivarius HTTP/1.1" 200 23664 "-" "Mozilla/5.0 AppleWebKit/537.36 (KHTML, like Gecko; compatible; bingbot/2.0; +http://www.bing.com/bingbot.htm) Chrome/116.0.1938.76 Safari/537.36"
66.249.64.11 - - [12/Jun/2025:09:12:00 -0400] "GET /?d=93394365260&filter=ce8951&share_to_url=goods.php%3Fid%3D3164087%26name%3Dwomens+2025+printed+skirts HTTP/1.1" 200 24463 "-" "Mozilla/5.0 (Linux; Android 6.0.1; Nexus 5X Build/MMB29P) AppleWebKit/537.36 (KHTML, like Gecko) Chrome/136.0.7103.113 Mobile Safari/537.36 (compatible; Googlebot/2.1; +http://www.google.com/bot.html)"
52.167.144.145 - - [12/Jun/2025:09:12:01 -0400] "GET /?d=27982119260&filter=14708a&share_to_url=article.php%3Fid%3D949766%26name%3Dset+excellent+of+26 HTTP/1.1" 200 24653 "-" "Mozilla/5.0 AppleWebKit/537.36 (KHTML, like Gecko; compatible; bingbot/2.0; +http://www.bing.com/bingbot.htm) Chrome/116.0.1938.76 Safari/537.36"
66.249.64.11 - - [12/Jun/2025:09:12:01 -0400] "GET /?d=117675895260&filter=00388a&share_to_url=model.php%3Fid%3D3985287%26name%3Dhomemo+lightning+cable HTTP/1.1" 200 24069 "-" "Mozilla/5.0 (Linux; Android 6.0.1; Nexus 5X Build/MMB29P) AppleWebKit/537.36 (KHTML, like Gecko) Chrome/136.0.7103.113 Mobile Safari/537.36 (compatible; Googlebot/2.1; +http://www.google.com/bot.html)"
66.249.64.11 - - [12/Jun/2025:09:12:02 -0400] "GET /?d=104818092260&filter=ca9c53&share_to_url=pin.php%3Fid%3D3551550%26name%3Dtimberland+collab+clearance+with+champion HTTP/1.1" 200 23473 "-" "Mozilla/5.0 (Linux; Android 6.0.1; Nexus 5X Build/MMB29P) AppleWebKit/537.36 (KHTML, like Gecko) Chrome/136.0.7103.113 Mobile Safari/537.36 (compatible; Googlebot/2.1; +http://www.google.com/bot.html)"
66.249.64.12 - - [12/Jun/2025:09:12:04 -0400] "GET /?d=95293201260&filter=74e00d&share_to_url=product-page.php%3Fid%3D3228256%26name%3Dhorizon+edt+spray+125ml HTTP/1.1" 200 23316 "-" "Mozilla/5.0 (Linux; Android 6.0.1; Nexus 5X Build/MMB29P) AppleWebKit/537.36 (KHTML, like Gecko) Chrome/136.0.7103.113 Mobile Safari/537.36 (compatible; Googlebot/2.1; +http://www.google.com/bot.html)"
66.249.64.13 - - [12/Jun/2025:09:12:05 -0400] "GET /?d=90221848260&filter=934019&share_to_url=goods.php%3Fid%3D3057491%26name%3Dscarpa+reputable+chaussures HTTP/1.1" 200 23882 "-" "Mozilla/5.0 (Linux; Android 6.0.1; Nexus 5X Build/MMB29P) AppleWebKit/537.36 (KHTML, like Gecko) Chrome/136.0.7103.113 Mobile Safari/537.36 (compatible; Googlebot/2.1; +http://www.google.com/bot.html)"
157.55.39.192 - - [12/Jun/2025:09:12:06 -0400] "GET /?d=40846964260&filter=199e58&share_to_url=shopdetail.php%3Fid%3D1387028%26name%3Dsarah+weddington+lawyer+who HTTP/1.1" 200 23605 "-" "Mozilla/5.0 AppleWebKit/537.36 (KHTML, like Gecko; compatible; bingbot/2.0; +http://www.bing.com/bingbot.htm) Chrome/116.0.1938.76 Safari/537.36"
66.249.64.11 - - [12/Jun/2025:09:12:06 -0400] "GET /?d=106998560260&filter=06712c&share_to_url=product-page.php%3Fid%3D3623740%26name%3Dlisten+to+drank+in+my HTTP/1.1" 200 24074 "-" "Mozilla/5.0 (Linux; Android 6.0.1; Nexus 5X Build/MMB29P) AppleWebKit/537.36 (KHTML, like Gecko) Chrome/136.0.7103.113 Mobile Safari/537.36 (compatible; Googlebot/2.1; +http://www.google.com/bot.html)"
157.55.39.200 - - [12/Jun/2025:09:12:07 -0400] "GET /?d=93006986260&filter=97eb76&share_to_url=detail.php%3Fid%3D3151305%26name%3Dgiubbotto+denim+wampum+fridalangolovintage HTTP/1.1" 200 23924 "-" "Mozilla/5.0 AppleWebKit/537.36 (KHTML, like Gecko; compatible; bingbot/2.0; +http://www.bing.com/bingbot.htm) Chrome/116.0.1938.76 Safari/537.36"
157.55.39.200 - - [12/Jun/2025:09:12:08 -0400] "GET /?d=87333151260&filter=44d254&share_to_url=detail.php%3Fid%3D2959581%26name%3D4k+hdmi+8x1+quad+screen HTTP/1.1" 200 23639 "-" "Mozilla/5.0 AppleWebKit/537.36 (KHTML, like Gecko; compatible; bingbot/2.0; +http://www.bing.com/bingbot.htm) Chrome/116.0.1938.76 Safari/537.36"
66.249.64.11 - - [12/Jun/2025:09:12:08 -0400] "GET /?d=111927017260&filter=7af24f&share_to_url=shopdetail.php%3Fid%3D3790988%26name%3D30+quart+unit HTTP/1.1" 200 23431 "-" "Mozilla/5.0 (Linux; Android 6.0.1; Nexus 5X Build/MMB29P) AppleWebKit/537.36 (KHTML, like Gecko) Chrome/136.0.7103.113 Mobile Safari/537.36 (compatible; Googlebot/2.1; +http://www.google.com/bot.html)"
40.77.167.65 - - [12/Jun/2025:09:12:09 -0400] "GET /?d=95736941260&filter=eef298&share_to_url=article.php%3Fid%3D3243662%26name%3Dcheap+gel+pens HTTP/1.1" 200 23560 "-" "Mozilla/5.0 AppleWebKit/537.36 (KHTML, like Gecko; compatible; bingbot/2.0; +http://www.bing.com/bingbot.htm) Chrome/116.0.1938.76 Safari/537.36"
157.55.39.200 - - [12/Jun/2025:09:12:09 -0400] "GET /?d=106589583260&filter=c805fc&share_to_url=shopdetail.php%3Fid%3D3610148%26name%3Dcomparing+tetra+test+strips+and HTTP/1.1" 200 21764 "-" "Mozilla/5.0 AppleWebKit/537.36 (KHTML, like Gecko; compatible; bingbot/2.0; +http://www.bing.com/bingbot.htm) Chrome/116.0.1938.76 Safari/537.36"
66.249.64.12 - - [12/Jun/2025:09:12:09 -0400] "GET /?d=92217623260&filter=01923f&share_to_url=detail.php%3Fid%3D3123849%26name%3Djim+white+meet HTTP/1.1" 200 22748 "-" "Mozilla/5.0 (Linux; Android 6.0.1; Nexus 5X Build/MMB29P) AppleWebKit/537.36 (KHTML, like Gecko) Chrome/136.0.7103.113 Mobile Safari/537.36 (compatible; Googlebot/2.1; +http://www.google.com/bot.html)"
157.55.39.200 - - [12/Jun/2025:09:12:10 -0400] "GET /?d=110654724260&filter=c19a1f&share_to_url=article.php%3Fid%3D3746126%26name%3Dwts+a+quality HTTP/1.1" 200 24456 "-" "Mozilla/5.0 AppleWebKit/537.36 (KHTML, like Gecko; compatible; bingbot/2.0; +http://www.bing.com/bingbot.htm) Chrome/116.0.1938.76 Safari/537.36"
66.249.64.11 - - [12/Jun/2025:09:12:11 -0400] "GET /?d=106232044260&filter=3fa24f&share_to_url=pin.php%3Fid%3D3597942%26name%3Drails+virgo+cashmere+blend HTTP/1.1" 200 22979 "-" "Mozilla/5.0 (Linux; Android 6.0.1; Nexus 5X Build/MMB29P) AppleWebKit/537.36 (KHTML, like Gecko) Chrome/136.0.7103.113 Mobile Safari/537.36 (compatible; Googlebot/2.1; +http://www.google.com/bot.html)"
40.77.167.149 - - [12/Jun/2025:09:12:11 -0400] "GET /?d=19731741260&filter=343282&share_to_url=discover.php%3Fid%3D670457%26name%3Di+m+swapping+my HTTP/1.1" 200 23608 "-" "Mozilla/5.0 AppleWebKit/537.36 (KHTML, like Gecko; compatible; bingbot/2.0; +http://www.bing.com/bingbot.htm) Chrome/116.0.1938.76 Safari/537.36"
66.249.64.11 - - [12/Jun/2025:09:12:12 -0400] "GET /?d=99617088260&filter=5b5f88&share_to_url=shop.php%3Fid%3D3376015%26name%3Dbranded+vintage+denim+jackets HTTP/1.1" 200 24387 "-" "Mozilla/5.0 (Linux; Android 6.0.1; Nexus 5X Build/MMB29P) AppleWebKit/537.36 (KHTML, like Gecko) Chrome/136.0.7103.113 Mobile Safari/537.36 (compatible; Googlebot/2.1; +http://www.google.com/bot.html)"
66.249.64.11 - - [12/Jun/2025:09:12:13 -0400] "GET /?d=90705820260&filter=7a1ffe&share_to_url=ideas.php%3Fid%3D3074268%26name%3Dalice+ballet+michael HTTP/1.1" 200 23302 "-" "Mozilla/5.0 (Linux; Android 6.0.1; Nexus 5X Build/MMB29P) AppleWebKit/537.36 (KHTML, like Gecko) Chrome/136.0.7103.113 Mobile Safari/537.36 (compatible; Googlebot/2.1; +http://www.google.com/bot.html)"
66.249.64.11 - - [12/Jun/2025:09:12:14 -0400] "GET /?d=91735881260&filter=6f69da&share_to_url=shop.php%3Fid%3D3108559%26name%3Dbadgley+mischka+josette+flat+metallic HTTP/1.1" 200 23049 "-" "Mozilla/5.0 (Linux; Android 6.0.1; Nexus 5X Build/MMB29P) AppleWebKit/537.36 (KHTML, like Gecko) Chrome/136.0.7103.113 Mobile Safari/537.36 (compatible; Googlebot/2.1; +http://www.google.com/bot.html)"
66.249.64.11 - - [12/Jun/2025:09:12:15 -0400] "GET /?d=98189984260&filter=39f5f0&share_to_url=goods.php%3Fid%3D3327203%26name%3Drecensione+l+039+irresistibile+leggerezza+di+jordan HTTP/1.1" 200 22895 "-" "Mozilla/5.0 (Linux; Android 6.0.1; Nexus 5X Build/MMB29P) AppleWebKit/537.36 (KHTML, like Gecko) Chrome/136.0.7103.113 Mobile Safari/537.36 (compatible; Googlebot/2.1; +http://www.google.com/bot.html)"
66.249.64.11 - - [12/Jun/2025:09:12:16 -0400] "GET /?d=82261260260&filter=06712c&share_to_url=detail.php%3Fid%3D2786445%26name%3Dmet+jeans+donna HTTP/1.1" 200 24106 "-" "Mozilla/5.0 (Linux; Android 6.0.1; Nexus 5X Build/MMB29P) AppleWebKit/537.36 (KHTML, like Gecko) Chrome/136.0.7103.113 Mobile Safari/537.36 (compatible; Googlebot/2.1; +http://www.google.com/bot.html)"
66.249.64.11 - - [12/Jun/2025:09:12:17 -0400] "GET /?d=88290037260&filter=3b569e&share_to_url=discover.php%3Fid%3D2992253%26name%3Dlucky+brand+reversible+solid+rabbit HTTP/1.1" 200 24277 "-" "Mozilla/5.0 (Linux; Android 6.0.1; Nexus 5X Build/MMB29P) AppleWebKit/537.36 (KHTML, like Gecko) Chrome/136.0.7103.113 Mobile Safari/537.36 (compatible; Googlebot/2.1; +http://www.google.com/bot.html)"
40.77.167.149 - - [12/Jun/2025:09:12:18 -0400] "GET /?d=91371007260&filter=08fd38&share_to_url=detail.php%3Fid%3D3096537%26name%3Ddisney+this HTTP/1.1" 200 22098 "-" "Mozilla/5.0 AppleWebKit/537.36 (KHTML, like Gecko; compatible; bingbot/2.0; +http://www.bing.com/bingbot.htm) Chrome/116.0.1938.76 Safari/537.36"
66.249.64.11 - - [12/Jun/2025:09:12:18 -0400] "GET /?d=113032767260&filter=5edd4d&share_to_url=discover.php%3Fid%3D3828017%26name%3Dthe+laundry+mutt+added HTTP/1.1" 200 23599 "-" "Mozilla/5.0 (Linux; Android 6.0.1; Nexus 5X Build/MMB29P) AppleWebKit/537.36 (KHTML, like Gecko) Chrome/136.0.7103.113 Mobile Safari/537.36 (compatible; Googlebot/2.1; +http://www.google.com/bot.html)"
66.249.64.12 - - [12/Jun/2025:09:12:20 -0400] "GET /?d=116476814260&filter=c76b15&share_to_url=article.php%3Fid%3D3944306%26name%3Ddecathlon+2025+guantes+esqui HTTP/1.1" 200 24400 "-" "Mozilla/5.0 (Linux; Android 6.0.1; Nexus 5X Build/MMB29P) AppleWebKit/537.36 (KHTML, like Gecko) Chrome/136.0.7103.113 Mobile Safari/537.36 (compatible; Googlebot/2.1; +http://www.google.com/bot.html)"
66.249.64.11 - - [12/Jun/2025:09:12:21 -0400] "GET /?d=112649488260&filter=20c71b&share_to_url=detail.php%3Fid%3D3815613%26name%3Dnwt+41+hawthorn HTTP/1.1" 200 24232 "-" "Mozilla/5.0 (Linux; Android 6.0.1; Nexus 5X Build/MMB29P) AppleWebKit/537.36 (KHTML, like Gecko) Chrome/136.0.7103.113 Mobile Safari/537.36 (compatible; Googlebot/2.1; +http://www.google.com/bot.html)"
66.249.64.11 - - [12/Jun/2025:09:12:21 -0400] "GET /?d=114012647260&filter=1c3e5e&share_to_url=goods.php%3Fid%3D3861227%26name%3D4x+jbl+club HTTP/1.1" 200 23319 "-" "Mozilla/5.0 (Linux; Android 6.0.1; Nexus 5X Build/MMB29P) AppleWebKit/537.36 (KHTML, like Gecko) Chrome/136.0.7103.113 Mobile Safari/537.36 (compatible; Googlebot/2.1; +http://www.google.com/bot.html)"
52.167.144.145 - - [12/Jun/2025:09:12:22 -0400] "GET /?d=21503236260&filter=95c78c&share_to_url=pin.php%3Fid%3D729630%26name%3Dtout+blanc HTTP/1.1" 200 24566 "-" "Mozilla/5.0 AppleWebKit/537.36 (KHTML, like Gecko; compatible; bingbot/2.0; +http://www.bing.com/bingbot.htm) Chrome/116.0.1938.76 Safari/537.36"
66.249.64.12 - - [12/Jun/2025:09:12:23 -0400] "GET /?d=114069707260&filter=9baa02&share_to_url=product-page.php%3Fid%3D3863008%26name%3Dnative+margot+velvet+child+jiffy HTTP/1.1" 200 23659 "-" "Mozilla/5.0 (Linux; Android 6.0.1; Nexus 5X Build/MMB29P) AppleWebKit/537.36 (KHTML, like Gecko) Chrome/136.0.7103.113 Mobile Safari/537.36 (compatible; Googlebot/2.1; +http://www.google.com/bot.html)"
52.167.144.145 - - [12/Jun/2025:09:12:23 -0400] "GET /?d=21185052260&filter=edd546&share_to_url=shop.php%3Fid%3D719407%26name%3Daudifono+logitech+pro HTTP/1.1" 200 22731 "-" "Mozilla/5.0 AppleWebKit/537.36 (KHTML, like Gecko; compatible; bingbot/2.0; +http://www.bing.com/bingbot.htm) Chrome/116.0.1938.76 Safari/537.36"
66.249.64.11 - - [12/Jun/2025:09:12:24 -0400] "GET /?d=106242136260&filter=ca372c&share_to_url=ideas.php%3Fid%3D3598308%26name%3Druko+u11+pro HTTP/1.1" 200 22705 "-" "Mozilla/5.0 (Linux; Android 6.0.1; Nexus 5X Build/MMB29P) AppleWebKit/537.36 (KHTML, like Gecko) Chrome/136.0.7103.113 Mobile Safari/537.36 (compatible; Googlebot/2.1; +http://www.google.com/bot.html)"
52.167.144.145 - - [12/Jun/2025:09:12:24 -0400] "GET /?d=79373376260&filter=edd546&share_to_url=item.php%3Fid%3D2688517%26name%3Dtws+a9+2025 HTTP/1.1" 200 24231 "-" "Mozilla/5.0 AppleWebKit/537.36 (KHTML, like Gecko; compatible; bingbot/2.0; +http://www.bing.com/bingbot.htm) Chrome/116.0.1938.76 Safari/537.36"
66.249.64.12 - - [12/Jun/2025:09:12:24 -0400] "GET /?d=117589839260&filter=edc3db&share_to_url=model.php%3Fid%3D3982227%26name%3Dair+fryer+chinese+spice+pork HTTP/1.1" 200 22744 "-" "Mozilla/5.0 (Linux; Android 6.0.1; Nexus 5X Build/MMB29P) AppleWebKit/537.36 (KHTML, like Gecko) Chrome/136.0.7103.113 Mobile Safari/537.36 (compatible; Googlebot/2.1; +http://www.google.com/bot.html)"
66.249.64.12 - - [12/Jun/2025:09:12:25 -0400] "GET /?d=92326685260&filter=e0510c&share_to_url=shop.php%3Fid%3D3127783%26name%3Dskurrile+elemente+hintergrund+und+fotos HTTP/1.1" 200 24727 "-" "Mozilla/5.0 (Linux; Android 6.0.1; Nexus 5X Build/MMB29P) AppleWebKit/537.36 (KHTML, like Gecko) Chrome/136.0.7103.113 Mobile Safari/537.36 (compatible; Googlebot/2.1; +http://www.google.com/bot.html)"
66.249.64.12 - - [12/Jun/2025:09:12:25 -0400] "GET /?d=88180526260&filter=01758e&share_to_url=shop.php%3Fid%3D2988319%26name%3Dlego+friends+edif%C3%ADcio+de+rua HTTP/1.1" 200 21786 "-" "Mozilla/5.0 (Linux; Android 6.0.1; Nexus 5X Build/MMB29P) AppleWebKit/537.36 (KHTML, like Gecko) Chrome/136.0.7103.113 Mobile Safari/537.36 (compatible; Googlebot/2.1; +http://www.google.com/bot.html)"
66.249.64.12 - - [12/Jun/2025:09:12:26 -0400] "GET /?d=98732458260&filter=b3ceb7&share_to_url=discover.php%3Fid%3D3346109%26name%3Dipad+pro+usb+c HTTP/1.1" 200 22072 "-" "Mozilla/5.0 (Linux; Android 6.0.1; Nexus 5X Build/MMB29P) AppleWebKit/537.36 (KHTML, like Gecko) Chrome/136.0.7103.113 Mobile Safari/537.36 (compatible; Googlebot/2.1; +http://www.google.com/bot.html)"
157.55.39.200 - - [12/Jun/2025:09:12:27 -0400] "GET /?d=87183504260&filter=705f8c&share_to_url=pin.php%3Fid%3D2954610%26name%3Dcultsport+monstro+26t+21+speed HTTP/1.1" 200 24118 "-" "Mozilla/5.0 AppleWebKit/537.36 (KHTML, like Gecko; compatible; bingbot/2.0; +http://www.bing.com/bingbot.htm) Chrome/116.0.1938.76 Safari/537.36"
66.249.64.12 - - [12/Jun/2025:09:12:27 -0400] "GET /?d=110049186260&filter=49e5cd&share_to_url=model.php%3Fid%3D3724647%26name%3Dmiele+cm5300+on+sale HTTP/1.1" 200 22810 "-" "Mozilla/5.0 (Linux; Android 6.0.1; Nexus 5X Build/MMB29P) AppleWebKit/537.36 (KHTML, like Gecko) Chrome/136.0.7103.113 Mobile Safari/537.36 (compatible; Googlebot/2.1; +http://www.google.com/bot.html)"
157.55.39.200 - - [12/Jun/2025:09:12:27 -0400] "GET /?d=109068168260&filter=128aa4&share_to_url=model.php%3Fid%3D3692427%26name%3Dguru+super+mwg+bait+band HTTP/1.1" 200 23072 "-" "Mozilla/5.0 AppleWebKit/537.36 (KHTML, like Gecko; compatible; bingbot/2.0; +http://www.bing.com/bingbot.htm) Chrome/116.0.1938.76 Safari/537.36"
66.249.64.12 - - [12/Jun/2025:09:12:29 -0400] "GET /?d=90037248260&filter=7a1ffe&share_to_url=ideas.php%3Fid%3D3051360%26name%3Dsteve+madden+flat+sandals+for HTTP/1.1" 200 22552 "-" "Mozilla/5.0 (Linux; Android 6.0.1; Nexus 5X Build/MMB29P) AppleWebKit/537.36 (KHTML, like Gecko) Chrome/136.0.7103.113 Mobile Safari/537.36 (compatible; Googlebot/2.1; +http://www.google.com/bot.html)"
40.77.167.65 - - [12/Jun/2025:09:12:29 -0400] "GET /?d=85368335260&filter=9193be&share_to_url=detail.php%3Fid%3D2891793%26name%3Dnike+michael+thomas+superbad+gloves HTTP/1.1" 200 23453 "-" "Mozilla/5.0 AppleWebKit/537.36 (KHTML, like Gecko; compatible; bingbot/2.0; +http://www.bing.com/bingbot.htm) Chrome/116.0.1938.76 Safari/537.36"
66.249.64.12 - - [12/Jun/2025:09:12:30 -0400] "GET /?d=107496385260&filter=bfc81f&share_to_url=model.php%3Fid%3D3640419%26name%3Dride+overview HTTP/1.1" 200 22144 "-" "Mozilla/5.0 (Linux; Android 6.0.1; Nexus 5X Build/MMB29P) AppleWebKit/537.36 (KHTML, like Gecko) Chrome/136.0.7103.113 Mobile Safari/537.36 (compatible; Googlebot/2.1; +http://www.google.com/bot.html)"
66.249.64.11 - - [12/Jun/2025:09:12:31 -0400] "GET /?d=96838874260&filter=53e9bb&share_to_url=article.php%3Fid%3D3281282%26name%3Dgiubbotto+in+multicolor+for+women HTTP/1.1" 200 24617 "-" "Mozilla/5.0 (Linux; Android 6.0.1; Nexus 5X Build/MMB29P) AppleWebKit/537.36 (KHTML, like Gecko) Chrome/136.0.7103.113 Mobile Safari/537.36 (compatible; Googlebot/2.1; +http://www.google.com/bot.html)"
66.249.64.12 - - [12/Jun/2025:09:12:31 -0400] "GET /?d=102218414260&filter=ec40a3&share_to_url=detail.php%3Fid%3D3464817%26name%3Dkleding+meisje+shop+maat HTTP/1.1" 200 23774 "-" "Mozilla/5.0 (Linux; Android 6.0.1; Nexus 5X Build/MMB29P) AppleWebKit/537.36 (KHTML, like Gecko) Chrome/136.0.7103.113 Mobile Safari/537.36 (compatible; Googlebot/2.1; +http://www.google.com/bot.html)"
157.55.39.200 - - [12/Jun/2025:09:12:31 -0400] "GET /?d=94571525260&filter=b73ac7&share_to_url=goods.php%3Fid%3D3204539%26name%3Dneoprene+sauna+waist+trainer+corset HTTP/1.1" 200 23534 "-" "Mozilla/5.0 AppleWebKit/537.36 (KHTML, like Gecko; compatible; bingbot/2.0; +http://www.bing.com/bingbot.htm) Chrome/116.0.1938.76 Safari/537.36"
66.249.64.12 - - [12/Jun/2025:09:12:32 -0400] "GET /?d=106813639260&filter=3699f1&share_to_url=product.php%3Fid%3D3617602%26name%3D210+small+bird+ideas HTTP/1.1" 200 24621 "-" "Mozilla/5.0 (Linux; Android 6.0.1; Nexus 5X Build/MMB29P) AppleWebKit/537.36 (KHTML, like Gecko) Chrome/136.0.7103.113 Mobile Safari/537.36 (compatible; Googlebot/2.1; +http://www.google.com/bot.html)"
66.249.64.13 - - [12/Jun/2025:09:12:34 -0400] "GET /?d=102114637260&filter=90bdfb&share_to_url=shopdetail.php%3Fid%3D3461216%26name%3Dhat+worn+by+james HTTP/1.1" 200 24052 "-" "Mozilla/5.0 (Linux; Android 6.0.1; Nexus 5X Build/MMB29P) AppleWebKit/537.36 (KHTML, like Gecko) Chrome/136.0.7103.113 Mobile Safari/537.36 (compatible; Googlebot/2.1; +http://www.google.com/bot.html)"
66.249.64.12 - - [12/Jun/2025:09:12:35 -0400] "GET /?d=106948400260&filter=a4f79d&share_to_url=product.php%3Fid%3D3622102%26name%3Djump2it+bouncy+spring+shoes HTTP/1.1" 200 23082 "-" "Mozilla/5.0 (Linux; Android 6.0.1; Nexus 5X Build/MMB29P) AppleWebKit/537.36 (KHTML, like Gecko) Chrome/136.0.7103.113 Mobile Safari/537.36 (compatible; Googlebot/2.1; +http://www.google.com/bot.html)"
66.249.64.11 - - [12/Jun/2025:09:12:37 -0400] "GET /?d=103832811260&filter=be1b9a&share_to_url=ideas.php%3Fid%3D3517968%26name%3Dadidas+purebounce+clearance+running+shoes HTTP/1.1" 200 23676 "-" "Mozilla/5.0 (Linux; Android 6.0.1; Nexus 5X Build/MMB29P) AppleWebKit/537.36 (KHTML, like Gecko) Chrome/136.0.7103.113 Mobile Safari/537.36 (compatible; Googlebot/2.1; +http://www.google.com/bot.html)"
66.249.64.12 - - [12/Jun/2025:09:12:38 -0400] "GET /?d=91420506260&filter=1876cd&share_to_url=product.php%3Fid%3D3098170%26name%3Dnighties+collection+nighty+fairy HTTP/1.1" 200 24080 "-" "Mozilla/5.0 (Linux; Android 6.0.1; Nexus 5X Build/MMB29P) AppleWebKit/537.36 (KHTML, like Gecko) Chrome/136.0.7103.113 Mobile Safari/537.36 (compatible; Googlebot/2.1; +http://www.google.com/bot.html)"
40.77.167.65 - - [12/Jun/2025:09:12:39 -0400] "GET /?d=101074619260&filter=62bca5&share_to_url=shopdetail.php%3Fid%3D3426068%26name%3Dcross+bar+roof+rack HTTP/1.1" 200 23984 "-" "Mozilla/5.0 AppleWebKit/537.36 (KHTML, like Gecko; compatible; bingbot/2.0; +http://www.bing.com/bingbot.htm) Chrome/116.0.1938.76 Safari/537.36"
66.249.64.13 - - [12/Jun/2025:09:12:39 -0400] "GET /?d=93345650260&filter=7a1ffe&share_to_url=pin.php%3Fid%3D3162498%26name%3Dnikelab+air+solarsoft+zigzag HTTP/1.1" 200 23390 "-" "Mozilla/5.0 (Linux; Android 6.0.1; Nexus 5X Build/MMB29P) AppleWebKit/537.36 (KHTML, like Gecko) Chrome/136.0.7103.113 Mobile Safari/537.36 (compatible; Googlebot/2.1; +http://www.google.com/bot.html)"
66.249.64.12 - - [12/Jun/2025:09:12:39 -0400] "GET /?d=96835637260&filter=53e9bb&share_to_url=model.php%3Fid%3D3281163%26name%3Dspace+mountain+space+is HTTP/1.1" 200 23112 "-" "Mozilla/5.0 (Linux; Android 6.0.1; Nexus 5X Build/MMB29P) AppleWebKit/537.36 (KHTML, like Gecko) Chrome/136.0.7103.113 Mobile Safari/537.36 (compatible; Googlebot/2.1; +http://www.google.com/bot.html)"
66.249.64.12 - - [12/Jun/2025:09:12:40 -0400] "GET /?d=108601754260&filter=f3b098&share_to_url=ideas.php%3Fid%3D3677124%26name%3Dalopecia+in+dogs+petcoach HTTP/1.1" 200 23809 "-" "Mozilla/5.0 (Linux; Android 6.0.1; Nexus 5X Build/MMB29P) AppleWebKit/537.36 (KHTML, like Gecko) Chrome/136.0.7103.113 Mobile Safari/537.36 (compatible; Googlebot/2.1; +http://www.google.com/bot.html)"
66.249.64.11 - - [12/Jun/2025:09:12:41 -0400] "GET /?d=97916302260&filter=946e9e&share_to_url=pin.php%3Fid%3D3318534%26name%3Dblazer+massimo+dutti HTTP/1.1" 200 23797 "-" "Mozilla/5.0 (Linux; Android 6.0.1; Nexus 5X Build/MMB29P) AppleWebKit/537.36 (KHTML, like Gecko) Chrome/136.0.7103.113 Mobile Safari/537.36 (compatible; Googlebot/2.1; +http://www.google.com/bot.html)"
66.249.64.13 - - [12/Jun/2025:09:12:42 -0400] "GET /?d=92319421260&filter=e0510c&share_to_url=discover.php%3Fid%3D3127541%26name%3Doversized+fluffy+hoodie+pariah HTTP/1.1" 200 24405 "-" "Mozilla/5.0 (Linux; Android 6.0.1; Nexus 5X Build/MMB29P) AppleWebKit/537.36 (KHTML, like Gecko) Chrome/136.0.7103.113 Mobile Safari/537.36 (compatible; Googlebot/2.1; +http://www.google.com/bot.html)"
66.249.64.13 - - [12/Jun/2025:09:12:42 -0400] "GET /?d=93911306260&filter=bf7d46&share_to_url=pin.php%3Fid%3D3182118%26name%3Dis+the+colorful+snes+classic HTTP/1.1" 200 23822 "-" "Mozilla/5.0 (Linux; Android 6.0.1; Nexus 5X Build/MMB29P) AppleWebKit/537.36 (KHTML, like Gecko) Chrome/136.0.7103.113 Mobile Safari/537.36 (compatible; Googlebot/2.1; +http://www.google.com/bot.html)"
66.249.64.12 - - [12/Jun/2025:09:12:43 -0400] "GET /?d=112298799260&filter=138133&share_to_url=article.php%3Fid%3D3803858%26name%3D25+most+jacked+football HTTP/1.1" 200 23352 "-" "Mozilla/5.0 (Linux; Android 6.0.1; Nexus 5X Build/MMB29P) AppleWebKit/537.36 (KHTML, like Gecko) Chrome/136.0.7103.113 Mobile Safari/537.36 (compatible; Googlebot/2.1; +http://www.google.com/bot.html)"
66.249.64.13 - - [12/Jun/2025:09:12:43 -0400] "GET /?d=101499740260&filter=8c1a8c&share_to_url=product-page.php%3Fid%3D3440872%26name%3Drunning+d+wooden HTTP/1.1" 200 25108 "-" "Mozilla/5.0 (Linux; Android 6.0.1; Nexus 5X Build/MMB29P) AppleWebKit/537.36 (KHTML, like Gecko) Chrome/136.0.7103.113 Mobile Safari/537.36 (compatible; Googlebot/2.1; +http://www.google.com/bot.html)"
66.249.64.13 - - [12/Jun/2025:09:12:44 -0400] "GET /?d=115353496260&filter=bf19d1&share_to_url=item.php%3Fid%3D3906277%26name%3Darmani+exchange+triangle+tee HTTP/1.1" 200 22729 "-" "Mozilla/5.0 (Linux; Android 6.0.1; Nexus 5X Build/MMB29P) AppleWebKit/537.36 (KHTML, like Gecko) Chrome/136.0.7103.113 Mobile Safari/537.36 (compatible; Googlebot/2.1; +http://www.google.com/bot.html)"
66.249.64.12 - - [12/Jun/2025:09:12:44 -0400] "GET /?d=92700615260&filter=3cd9b2&share_to_url=ideas.php%3Fid%3D3140844%26name%3Dpokemon+torchic+pok%C3%A9 HTTP/1.1" 200 22884 "-" "Mozilla/5.0 (Linux; Android 6.0.1; Nexus 5X Build/MMB29P) AppleWebKit/537.36 (KHTML, like Gecko) Chrome/136.0.7103.113 Mobile Safari/537.36 (compatible; Googlebot/2.1; +http://www.google.com/bot.html)"
66.249.64.12 - - [12/Jun/2025:09:12:45 -0400] "GET /?d=116747536260&filter=e833de&share_to_url=ideas.php%3Fid%3D3953568%26name%3Dlaboratorio+logico+matematico HTTP/1.1" 200 24475 "-" "Mozilla/5.0 (Linux; Android 6.0.1; Nexus 5X Build/MMB29P) AppleWebKit/537.36 (KHTML, like Gecko) Chrome/136.0.7103.113 Mobile Safari/537.36 (compatible; Googlebot/2.1; +http://www.google.com/bot.html)"
66.249.64.11 - - [12/Jun/2025:09:12:47 -0400] "GET /?d=48271553260&filter=c8e773&share_to_url=item.php%3Fid%3D1641085%26name%3Dnoreast+camp+chair+photos+download HTTP/1.1" 200 24324 "-" "Mozilla/5.0 (Linux; Android 6.0.1; Nexus 5X Build/MMB29P) AppleWebKit/537.36 (KHTML, like Gecko) Chrome/136.0.7103.113 Mobile Safari/537.36 (compatible; Googlebot/2.1; +http://www.google.com/bot.html)"
157.55.39.192 - - [12/Jun/2025:09:12:47 -0400] "GET /?d=50557144260&filter=c08dc8&share_to_url=shop.php%3Fid%3D1718395%26name%3Dcamisetas+futbol+thai+quality HTTP/1.1" 200 24258 "-" "Mozilla/5.0 AppleWebKit/537.36 (KHTML, like Gecko; compatible; bingbot/2.0; +http://www.bing.com/bingbot.htm) Chrome/116.0.1938.76 Safari/537.36"
52.167.144.213 - - [12/Jun/2025:09:12:48 -0400] "GET /?d=116735479260&filter=e833de&share_to_url=model.php%3Fid%3D3953139%26name%3Dtrack+lego+disney+castle HTTP/1.1" 200 24431 "-" "Mozilla/5.0 AppleWebKit/537.36 (KHTML, like Gecko; compatible; bingbot/2.0; +http://www.bing.com/bingbot.htm) Chrome/116.0.1938.76 Safari/537.36"
66.249.64.11 - - [12/Jun/2025:09:12:48 -0400] "GET /?d=98835340260&filter=22c4ad&share_to_url=product.php%3Fid%3D3349438%26name%3Dt+race+official+timekeeper HTTP/1.1" 200 23054 "-" "Mozilla/5.0 (Linux; Android 6.0.1; Nexus 5X Build/MMB29P) AppleWebKit/537.36 (KHTML, like Gecko) Chrome/136.0.7103.113 Mobile Safari/537.36 (compatible; Googlebot/2.1; +http://www.google.com/bot.html)"
157.55.39.192 - - [12/Jun/2025:09:12:48 -0400] "GET /?d=86254318260&filter=2aa707&share_to_url=ideas.php%3Fid%3D2922348%26name%3Dloa+bluetooth+asimom HTTP/1.1" 200 24308 "-" "Mozilla/5.0 AppleWebKit/537.36 (KHTML, like Gecko; compatible; bingbot/2.0; +http://www.bing.com/bingbot.htm) Chrome/116.0.1938.76 Safari/537.36"
52.167.144.213 - - [12/Jun/2025:09:12:49 -0400] "GET /?d=100777496260&filter=4d89e2&share_to_url=product.php%3Fid%3D3415642%26name%3Dgocdkeys+buy+blasphemous+key HTTP/1.1" 200 23034 "-" "Mozilla/5.0 AppleWebKit/537.36 (KHTML, like Gecko; compatible; bingbot/2.0; +http://www.bing.com/bingbot.htm) Chrome/116.0.1938.76 Safari/537.36"
66.249.64.12 - - [12/Jun/2025:09:12:50 -0400] "GET /?d=99166944260&filter=882db7&share_to_url=shopdetail.php%3Fid%3D3360812%26name%3Dloro+piana+xl+tasman HTTP/1.1" 200 23732 "-" "Mozilla/5.0 (Linux; Android 6.0.1; Nexus 5X Build/MMB29P) AppleWebKit/537.36 (KHTML, like Gecko) Chrome/136.0.7103.113 Mobile Safari/537.36 (compatible; Googlebot/2.1; +http://www.google.com/bot.html)"
52.167.144.213 - - [12/Jun/2025:09:12:50 -0400] "GET /?d=89143070260&filter=531ea9&share_to_url=model.php%3Fid%3D3021567%26name%3Dcoldharbour+an+important HTTP/1.1" 200 23998 "-" "Mozilla/5.0 AppleWebKit/537.36 (KHTML, like Gecko; compatible; bingbot/2.0; +http://www.bing.com/bingbot.htm) Chrome/116.0.1938.76 Safari/537.36"
157.55.39.192 - - [12/Jun/2025:09:12:50 -0400] "GET /?d=15332981260&filter=2ed595&share_to_url=article.php%3Fid%3D522758%26name%3Dtshirt+flyers HTTP/1.1" 200 23603 "-" "Mozilla/5.0 AppleWebKit/537.36 (KHTML, like Gecko; compatible; bingbot/2.0; +http://www.bing.com/bingbot.htm) Chrome/116.0.1938.76 Safari/537.36"
52.167.144.213 - - [12/Jun/2025:09:12:50 -0400] "GET /?d=93895810260&filter=87dae1&share_to_url=goods.php%3Fid%3D3181487%26name%3Ddouglas+my+hot+sale HTTP/1.1" 200 23427 "-" "Mozilla/5.0 AppleWebKit/537.36 (KHTML, like Gecko; compatible; bingbot/2.0; +http://www.bing.com/bingbot.htm) Chrome/116.0.1938.76 Safari/537.36"
66.249.64.13 - - [12/Jun/2025:09:12:51 -0400] "GET /?d=57635706260&filter=cd075d&share_to_url=goods.php%3Fid%3D1957019%26name%3Dfendi+embroidered+logo+denim+jacket HTTP/1.1" 200 23245 "-" "Mozilla/5.0 (Linux; Android 6.0.1; Nexus 5X Build/MMB29P) AppleWebKit/537.36 (KHTML, like Gecko) Chrome/136.0.7103.113 Mobile Safari/537.36 (compatible; Googlebot/2.1; +http://www.google.com/bot.html)"
66.249.64.12 - - [12/Jun/2025:09:12:52 -0400] "GET /?d=103699753260&filter=3699f1&share_to_url=product-page.php%3Fid%3D3513688%26name%3Dparson+russell+terrier+weight+growth+chart HTTP/1.1" 200 23443 "-" "Mozilla/5.0 (Linux; Android 6.0.1; Nexus 5X Build/MMB29P) AppleWebKit/537.36 (KHTML, like Gecko) Chrome/136.0.7103.113 Mobile Safari/537.36 (compatible; Googlebot/2.1; +http://www.google.com/bot.html)"
66.249.64.13 - - [12/Jun/2025:09:12:54 -0400] "GET /?d=89564384260&filter=e833de&share_to_url=shopdetail.php%3Fid%3D3035744%26name%3Ddesign+an+elegant HTTP/1.1" 200 24159 "-" "Mozilla/5.0 (Linux; Android 6.0.1; Nexus 5X Build/MMB29P) AppleWebKit/537.36 (KHTML, like Gecko) Chrome/136.0.7103.113 Mobile Safari/537.36 (compatible; Googlebot/2.1; +http://www.google.com/bot.html)"
66.249.64.12 - - [12/Jun/2025:09:12:54 -0400] "GET /?d=96897030260&filter=a43ca2&share_to_url=goods.php%3Fid%3D3283067%26name%3Dmagic+stick+x HTTP/1.1" 200 24234 "-" "Mozilla/5.0 (Linux; Android 6.0.1; Nexus 5X Build/MMB29P) AppleWebKit/537.36 (KHTML, like Gecko) Chrome/136.0.7103.113 Mobile Safari/537.36 (compatible; Googlebot/2.1; +http://www.google.com/bot.html)"
66.249.64.12 - - [12/Jun/2025:09:12:55 -0400] "GET /?d=42631187260&filter=c8e773&share_to_url=product-page.php%3Fid%3D1446592%26name%3Dcztz+04+white+gold+marble+modern HTTP/1.1" 200 24243 "-" "Mozilla/5.0 (Linux; Android 6.0.1; Nexus 5X Build/MMB29P) AppleWebKit/537.36 (KHTML, like Gecko) Chrome/136.0.7103.113 Mobile Safari/537.36 (compatible; Googlebot/2.1; +http://www.google.com/bot.html)"
66.249.64.14 - - [12/Jun/2025:09:12:56 -0400] "GET /?d=91395874260&filter=d206d7&share_to_url=pin.php%3Fid%3D3097410%26name%3Dvestidos+adolfo+clearance+dominguez+2020 HTTP/1.1" 200 23818 "-" "Mozilla/5.0 (Linux; Android 6.0.1; Nexus 5X Build/MMB29P) AppleWebKit/537.36 (KHTML, like Gecko) Chrome/136.0.7103.113 Mobile Safari/537.36 (compatible; Googlebot/2.1; +http://www.google.com/bot.html)"
