40.77.167.5 - - [26/Apr/2025:10:00:49 -0400] "GET /?d=107965517260&filter=ea09de&share_to_url=discover.php%3Fid%3D3655481%26name%3Dgalletas+crujientes+de+pl%C3%A1tano HTTP/1.1" 200 23509 "-" "Mozilla/5.0 AppleWebKit/537.36 (KHTML, like Gecko; compatible; bingbot/2.0; +http://www.bing.com/bingbot.htm) Chrome/116.0.1938.76 Safari/537.36"
40.77.167.5 - - [26/Apr/2025:10:00:50 -0400] "GET /?d=107069513260&filter=b71637&share_to_url=article.php%3Fid%3D3626018%26name%3Dkademan+k9055g+9055g HTTP/1.1" 200 23084 "-" "Mozilla/5.0 AppleWebKit/537.36 (KHTML, like Gecko; compatible; bingbot/2.0; +http://www.bing.com/bingbot.htm) Chrome/116.0.1938.76 Safari/537.36"
40.77.167.5 - - [26/Apr/2025:10:00:50 -0400] "GET /?d=34020375260&filter=9d0e4a&share_to_url=goods.php%3Fid%3D1157195%26name%3Dsacs+%C3%A0+d%C3%A9chets HTTP/1.1" 200 22737 "-" "Mozilla/5.0 AppleWebKit/537.36 (KHTML, like Gecko; compatible; bingbot/2.0; +http://www.bing.com/bingbot.htm) Chrome/116.0.1938.76 Safari/537.36"
40.77.167.5 - - [26/Apr/2025:10:00:59 -0400] "GET /?d=98624982260&filter=7f236e&share_to_url=ideas.php%3Fid%3D3342480%26name%3Drobe+longue+momoka+%C3%A0 HTTP/1.1" 200 23124 "-" "Mozilla/5.0 AppleWebKit/537.36 (KHTML, like Gecko; compatible; bingbot/2.0; +http://www.bing.com/bingbot.htm) Chrome/116.0.1938.76 Safari/537.36"
102.89.83.244 - - [26/Apr/2025:10:00:47 -0400] "GET /dclm/ajax.php?type=pendingrep HTTP/1.1" 200 324 "https://www.churchmr.com/dclm/program.php" "Mozilla/5.0 (Linux; Android 10; K) AppleWebKit/537.36 (KHTML, like Gecko) Chrome/135.0.0.0 Mobile Safari/537.36"
102.89.83.244 - - [26/Apr/2025:10:00:47 -0400] "GET /dclm/ajax.php?type=recentrep HTTP/1.1" 200 655 "https://www.churchmr.com/dclm/program.php" "Mozilla/5.0 (Linux; Android 10; K) AppleWebKit/537.36 (KHTML, like Gecko) Chrome/135.0.0.0 Mobile Safari/537.36"
40.77.167.5 - - [26/Apr/2025:10:01:00 -0400] "GET /?d=111788443260&filter=8aa5a3&share_to_url=discover.php%3Fid%3D3786341%26name%3Disl+chennaiyin+vs HTTP/1.1" 200 23443 "-" "Mozilla/5.0 AppleWebKit/537.36 (KHTML, like Gecko; compatible; bingbot/2.0; +http://www.bing.com/bingbot.htm) Chrome/116.0.1938.76 Safari/537.36"
52.167.144.145 - - [26/Apr/2025:10:01:08 -0400] "GET /?d=87407215260&filter=df0c98&share_to_url=shopdetail.php%3Fid%3D2961836%26name%3Dbracelete+nowoczesne+marrom HTTP/1.1" 200 22935 "-" "Mozilla/5.0 AppleWebKit/537.36 (KHTML, like Gecko; compatible; bingbot/2.0; +http://www.bing.com/bingbot.htm) Chrome/116.0.1938.76 Safari/537.36"
52.167.144.145 - - [26/Apr/2025:10:01:08 -0400] "GET /?d=89373025260&filter=ec7398&share_to_url=article.php%3Fid%3D3029474%26name%3Ddometic+cfx+28 HTTP/1.1" 200 22695 "-" "Mozilla/5.0 AppleWebKit/537.36 (KHTML, like Gecko; compatible; bingbot/2.0; +http://www.bing.com/bingbot.htm) Chrome/116.0.1938.76 Safari/537.36"
52.167.144.145 - - [26/Apr/2025:10:01:09 -0400] "GET /?d=117306307260&filter=384224&share_to_url=goods.php%3Fid%3D3972947%26name%3Dzapatillas+hombre+replay+zapatillas HTTP/1.1" 200 22707 "-" "Mozilla/5.0 AppleWebKit/537.36 (KHTML, like Gecko; compatible; bingbot/2.0; +http://www.bing.com/bingbot.htm) Chrome/116.0.1938.76 Safari/537.36"
102.89.83.244 - - [26/Apr/2025:10:01:12 -0400] "GET /dclm/ajax.php?type=addreport&a1=&a2=&a3=&a4=&a5=&a6=&a7=&a8=&a9=&a10=&a11=GCK/Easter%20RETREAT%202025%20ongoing%20@%20Camp%20ground%20&pid=5081&prog=ACTIVITY&pdate=20-APR-2025 HTTP/1.1" 200 170 "https://www.churchmr.com/dclm/program.php" "Mozilla/5.0 (Linux; Android 10; K) AppleWebKit/537.36 (KHTML, like Gecko) Chrome/135.0.0.0 Mobile Safari/537.36"
102.89.83.244 - - [26/Apr/2025:10:01:13 -0400] "GET /dclm/ajax.php?type=weeklyrep HTTP/1.1" 200 803 "https://www.churchmr.com/dclm/program.php" "Mozilla/5.0 (Linux; Android 10; K) AppleWebKit/537.36 (KHTML, like Gecko) Chrome/135.0.0.0 Mobile Safari/537.36"
102.89.83.244 - - [26/Apr/2025:10:01:13 -0400] "GET /dclm/ajax.php?type=recentrep HTTP/1.1" 200 655 "https://www.churchmr.com/dclm/program.php" "Mozilla/5.0 (Linux; Android 10; K) AppleWebKit/537.36 (KHTML, like Gecko) Chrome/135.0.0.0 Mobile Safari/537.36"
52.167.144.149 - - [26/Apr/2025:10:01:21 -0400] "GET /?d=105220034260&filter=15d3b1&share_to_url=detail.php%3Fid%3D3564765%26name%3Dblack+decker HTTP/1.1" 200 23074 "-" "Mozilla/5.0 AppleWebKit/537.36 (KHTML, like Gecko; compatible; bingbot/2.0; +http://www.bing.com/bingbot.htm) Chrome/116.0.1938.76 Safari/537.36"
102.89.83.244 - - [26/Apr/2025:10:01:13 -0400] "GET /dclm/ajax.php?type=pendingrep HTTP/1.1" 200 324 "https://www.churchmr.com/dclm/program.php" "Mozilla/5.0 (Linux; Android 10; K) AppleWebKit/537.36 (KHTML, like Gecko) Chrome/135.0.0.0 Mobile Safari/537.36"
52.167.144.145 - - [26/Apr/2025:10:01:28 -0400] "GET /?d=115814414260&filter=cd6685&share_to_url=item.php%3Fid%3D3921889%26name%3Dredwood+city+startup HTTP/1.1" 200 23790 "-" "Mozilla/5.0 AppleWebKit/537.36 (KHTML, like Gecko; compatible; bingbot/2.0; +http://www.bing.com/bingbot.htm) Chrome/116.0.1938.76 Safari/537.36"
52.167.144.145 - - [26/Apr/2025:10:01:28 -0400] "GET /?d=99551526260&filter=e86b2c&share_to_url=item.php%3Fid%3D3374017%26name%3Dbuy+wolsey+red+and HTTP/1.1" 200 23277 "-" "Mozilla/5.0 AppleWebKit/537.36 (KHTML, like Gecko; compatible; bingbot/2.0; +http://www.bing.com/bingbot.htm) Chrome/116.0.1938.76 Safari/537.36"
52.167.144.149 - - [26/Apr/2025:10:01:31 -0400] "GET /?d=24915614260&filter=f5f4d3&share_to_url=detail.php%3Fid%3D844485%26name%3Dconverse+fille+dor%C3%A9+taille HTTP/1.1" 200 22434 "-" "Mozilla/5.0 AppleWebKit/537.36 (KHTML, like Gecko; compatible; bingbot/2.0; +http://www.bing.com/bingbot.htm) Chrome/116.0.1938.76 Safari/537.36"
40.77.167.5 - - [26/Apr/2025:10:01:32 -0400] "GET /?d=102191774260&filter=9e9754&share_to_url=discover.php%3Fid%3D3463925%26name%3Duser+manuals+sunbeam+gr8450 HTTP/1.1" 200 23625 "-" "Mozilla/5.0 AppleWebKit/537.36 (KHTML, like Gecko; compatible; bingbot/2.0; +http://www.bing.com/bingbot.htm) Chrome/116.0.1938.76 Safari/537.36"
102.89.83.244 - - [26/Apr/2025:10:01:32 -0400] "GET /dclm/ajax.php?type=addreport&a1=&a2=&a3=&a4=&a5=&a6=&a7=&a8=&a9=&a10=&a11=GCK/Easter%20RETREAT%202025%20ongoing%20@%20Camp%20ground%20&pid=5080&prog=BIBLE%20STUDY&pdate=20-APR-2025 HTTP/1.1" 200 165 "https://www.churchmr.com/dclm/program.php" "Mozilla/5.0 (Linux; Android 10; K) AppleWebKit/537.36 (KHTML, like Gecko) Chrome/135.0.0.0 Mobile Safari/537.36"
40.77.167.5 - - [26/Apr/2025:10:01:33 -0400] "GET /?d=90067531260&filter=b3603f&share_to_url=detail.php%3Fid%3D3052437%26name%3Dhyperx+and+acer HTTP/1.1" 200 22539 "-" "Mozilla/5.0 AppleWebKit/537.36 (KHTML, like Gecko; compatible; bingbot/2.0; +http://www.bing.com/bingbot.htm) Chrome/116.0.1938.76 Safari/537.36"
40.77.167.5 - - [26/Apr/2025:10:01:34 -0400] "GET /?d=69701424260&filter=c551fd&share_to_url=ideas.php%3Fid%3D2362032%26name%3Dconjunto+de+beb%C3%A9+de HTTP/1.1" 200 24410 "-" "Mozilla/5.0 AppleWebKit/537.36 (KHTML, like Gecko; compatible; bingbot/2.0; +http://www.bing.com/bingbot.htm) Chrome/116.0.1938.76 Safari/537.36"
77.238.230.6 - - [26/Apr/2025:10:01:43 -0400] "GET / HTTP/1.1" 302 0 "-" "Mozilla/5.0 (Macintosh; Intel Mac OS X 10_15_7) AppleWebKit/537.36 (KHTML, like Gecko) Chrome/133.0.0.0 Safari/537.36"
77.238.230.6 - - [26/Apr/2025:10:01:44 -0400] "GET /loginn.php HTTP/1.1" 200 970 "https://CHURCHMR.COM" "Mozilla/5.0 (Macintosh; Intel Mac OS X 10_15_7) AppleWebKit/537.36 (KHTML, like Gecko) Chrome/133.0.0.0 Safari/537.36"
102.89.83.244 - - [26/Apr/2025:10:01:33 -0400] "GET /dclm/ajax.php?type=pendingrep HTTP/1.1" 200 313 "https://www.churchmr.com/dclm/program.php" "Mozilla/5.0 (Linux; Android 10; K) AppleWebKit/537.36 (KHTML, like Gecko) Chrome/135.0.0.0 Mobile Safari/537.36"
102.89.83.244 - - [26/Apr/2025:10:01:33 -0400] "GET /dclm/ajax.php?type=weeklyrep HTTP/1.1" 200 803 "https://www.churchmr.com/dclm/program.php" "Mozilla/5.0 (Linux; Android 10; K) AppleWebKit/537.36 (KHTML, like Gecko) Chrome/135.0.0.0 Mobile Safari/537.36"
102.89.83.244 - - [26/Apr/2025:10:01:33 -0400] "GET /dclm/ajax.php?type=recentrep HTTP/1.1" 200 643 "https://www.churchmr.com/dclm/program.php" "Mozilla/5.0 (Linux; Android 10; K) AppleWebKit/537.36 (KHTML, like Gecko) Chrome/135.0.0.0 Mobile Safari/537.36"
52.167.144.149 - - [26/Apr/2025:10:01:52 -0400] "GET /?d=111477724260&filter=8dea3f&share_to_url=ideas.php%3Fid%3D3775428%26name%3Dtienda+de+relojes HTTP/1.1" 200 23808 "-" "Mozilla/5.0 AppleWebKit/537.36 (KHTML, like Gecko; compatible; bingbot/2.0; +http://www.bing.com/bingbot.htm) Chrome/116.0.1938.76 Safari/537.36"
52.167.144.149 - - [26/Apr/2025:10:01:52 -0400] "GET /?d=117534290260&filter=6bbbea&share_to_url=discover.php%3Fid%3D3980369%26name%3Dsacs+%C3%A0+eau HTTP/1.1" 200 24178 "-" "Mozilla/5.0 AppleWebKit/537.36 (KHTML, like Gecko; compatible; bingbot/2.0; +http://www.bing.com/bingbot.htm) Chrome/116.0.1938.76 Safari/537.36"
52.167.144.149 - - [26/Apr/2025:10:01:54 -0400] "GET /?d=12990235260&filter=1b6d6c&share_to_url=discover.php%3Fid%3D443393%26name%3Dscholl+s+how+to HTTP/1.1" 200 22468 "-" "Mozilla/5.0 AppleWebKit/537.36 (KHTML, like Gecko; compatible; bingbot/2.0; +http://www.bing.com/bingbot.htm) Chrome/116.0.1938.76 Safari/537.36"
52.167.144.149 - - [26/Apr/2025:10:01:55 -0400] "GET /?d=89107231260&filter=7bb540&share_to_url=pin.php%3Fid%3D3020190%26name%3Dbicimania+lissone+added HTTP/1.1" 200 23491 "-" "Mozilla/5.0 AppleWebKit/537.36 (KHTML, like Gecko; compatible; bingbot/2.0; +http://www.bing.com/bingbot.htm) Chrome/116.0.1938.76 Safari/537.36"
52.167.144.145 - - [26/Apr/2025:10:01:58 -0400] "GET /?d=117638438260&filter=dde61e&share_to_url=model.php%3Fid%3D3983919%26name%3Dfitbit+luxe+firmware+update HTTP/1.1" 200 23197 "-" "Mozilla/5.0 AppleWebKit/537.36 (KHTML, like Gecko; compatible; bingbot/2.0; +http://www.bing.com/bingbot.htm) Chrome/116.0.1938.76 Safari/537.36"
102.89.83.244 - - [26/Apr/2025:10:02:10 -0400] "GET /dclm/ajax.php?type=addreport&a1=&a2=&a3=&a4=&a5=&a6=&a7=&a8=&a9=&a10=&a11=GCK/Easter%20RETREAT%202025%20ongoing%20@%20Camp%20ground%20&pid=5079&prog=POWER%20FOR%20LIVING&pdate=19-APR-2025 HTTP/1.1" 200 176 "https://www.churchmr.com/dclm/program.php" "Mozilla/5.0 (Linux; Android 10; K) AppleWebKit/537.36 (KHTML, like Gecko) Chrome/135.0.0.0 Mobile Safari/537.36"
102.89.83.244 - - [26/Apr/2025:10:02:10 -0400] "GET /dclm/ajax.php?type=weeklyrep HTTP/1.1" 200 803 "https://www.churchmr.com/dclm/program.php" "Mozilla/5.0 (Linux; Android 10; K) AppleWebKit/537.36 (KHTML, like Gecko) Chrome/135.0.0.0 Mobile Safari/537.36"
102.89.83.244 - - [26/Apr/2025:10:02:10 -0400] "GET /dclm/ajax.php?type=recentrep HTTP/1.1" 200 655 "https://www.churchmr.com/dclm/program.php" "Mozilla/5.0 (Linux; Android 10; K) AppleWebKit/537.36 (KHTML, like Gecko) Chrome/135.0.0.0 Mobile Safari/537.36"
52.167.144.145 - - [26/Apr/2025:10:02:18 -0400] "GET /?d=86067164260&filter=7da991&share_to_url=detail.php%3Fid%3D2915985%26name%3Dpeppos+hoy HTTP/1.1" 200 23058 "-" "Mozilla/5.0 AppleWebKit/537.36 (KHTML, like Gecko; compatible; bingbot/2.0; +http://www.bing.com/bingbot.htm) Chrome/116.0.1938.76 Safari/537.36"
40.77.167.5 - - [26/Apr/2025:10:02:22 -0400] "GET /?d=94298085260&filter=edd546&share_to_url=product.php%3Fid%3D3195646%26name%3Dmivi+launches+its+first HTTP/1.1" 200 22813 "-" "Mozilla/5.0 AppleWebKit/537.36 (KHTML, like Gecko; compatible; bingbot/2.0; +http://www.bing.com/bingbot.htm) Chrome/116.0.1938.76 Safari/537.36"
40.77.167.5 - - [26/Apr/2025:10:02:23 -0400] "GET /?d=116159088260&filter=5ba468&share_to_url=ideas.php%3Fid%3D3933852%26name%3Declat+homme+eclat+homme HTTP/1.1" 200 21801 "-" "Mozilla/5.0 AppleWebKit/537.36 (KHTML, like Gecko; compatible; bingbot/2.0; +http://www.bing.com/bingbot.htm) Chrome/116.0.1938.76 Safari/537.36"
102.89.83.244 - - [26/Apr/2025:10:02:10 -0400] "GET /dclm/ajax.php?type=pendingrep HTTP/1.1" 200 307 "https://www.churchmr.com/dclm/program.php" "Mozilla/5.0 (Linux; Android 10; K) AppleWebKit/537.36 (KHTML, like Gecko) Chrome/135.0.0.0 Mobile Safari/537.36"
102.89.83.244 - - [26/Apr/2025:10:02:23 -0400] "GET /dclm/ajax.php?type=addreport&a1=&a2=&a3=&a4=&a5=&a6=&a7=&a8=&a9=&a10=&a11=GCK/Easter%20RETREAT%202025%20ongoing%20@%20Camp%20ground%20&pid=5078&prog=ACTIVITY&pdate=19-APR-2025 HTTP/1.1" 200 170 "https://www.churchmr.com/dclm/program.php" "Mozilla/5.0 (Linux; Android 10; K) AppleWebKit/537.36 (KHTML, like Gecko) Chrome/135.0.0.0 Mobile Safari/537.36"
102.89.83.244 - - [26/Apr/2025:10:02:25 -0400] "GET /dclm/ajax.php?type=weeklyrep HTTP/1.1" 200 803 "https://www.churchmr.com/dclm/program.php" "Mozilla/5.0 (Linux; Android 10; K) AppleWebKit/537.36 (KHTML, like Gecko) Chrome/135.0.0.0 Mobile Safari/537.36"
102.89.83.244 - - [26/Apr/2025:10:02:25 -0400] "GET /dclm/ajax.php?type=recentrep HTTP/1.1" 200 656 "https://www.churchmr.com/dclm/program.php" "Mozilla/5.0 (Linux; Android 10; K) AppleWebKit/537.36 (KHTML, like Gecko) Chrome/135.0.0.0 Mobile Safari/537.36"
52.167.144.145 - - [26/Apr/2025:10:02:28 -0400] "GET /?d=105441825260&filter=a75ffa&share_to_url=ideas.php%3Fid%3D3572004%26name%3D25+new+years+eve HTTP/1.1" 200 23422 "-" "Mozilla/5.0 AppleWebKit/537.36 (KHTML, like Gecko; compatible; bingbot/2.0; +http://www.bing.com/bingbot.htm) Chrome/116.0.1938.76 Safari/537.36"
52.167.144.149 - - [26/Apr/2025:10:02:32 -0400] "GET /?d=96410700260&filter=d8181f&share_to_url=detail.php%3Fid%3D3266481%26name%3Drag+and+bone+riser HTTP/1.1" 200 23543 "-" "Mozilla/5.0 AppleWebKit/537.36 (KHTML, like Gecko; compatible; bingbot/2.0; +http://www.bing.com/bingbot.htm) Chrome/116.0.1938.76 Safari/537.36"
102.89.83.244 - - [26/Apr/2025:10:02:25 -0400] "GET /dclm/ajax.php?type=pendingrep HTTP/1.1" 200 312 "https://www.churchmr.com/dclm/program.php" "Mozilla/5.0 (Linux; Android 10; K) AppleWebKit/537.36 (KHTML, like Gecko) Chrome/135.0.0.0 Mobile Safari/537.36"
102.89.83.244 - - [26/Apr/2025:10:02:37 -0400] "GET /dclm/ajax.php?type=addreport&a1=&a2=&a3=&a4=&a5=&a6=&a7=&a8=&a9=&a10=&a11=GCK/Easter%20RETREAT%202025%20ongoing%20@%20Camp%20ground%20&pid=5076&prog=BIBLE%20TEACHING&pdate=19-APR-2025 HTTP/1.1" 200 173 "https://www.churchmr.com/dclm/program.php" "Mozilla/5.0 (Linux; Android 10; K) AppleWebKit/537.36 (KHTML, like Gecko) Chrome/135.0.0.0 Mobile Safari/537.36"
102.89.83.244 - - [26/Apr/2025:10:02:39 -0400] "GET /dclm/ajax.php?type=recentrep HTTP/1.1" 200 647 "https://www.churchmr.com/dclm/program.php" "Mozilla/5.0 (Linux; Android 10; K) AppleWebKit/537.36 (KHTML, like Gecko) Chrome/135.0.0.0 Mobile Safari/537.36"
40.77.167.5 - - [26/Apr/2025:10:02:40 -0400] "GET /?d=113319176260&filter=55b63a&share_to_url=shopdetail.php%3Fid%3D3838124%26name%3Dclassified+and+trp HTTP/1.1" 200 24548 "-" "Mozilla/5.0 AppleWebKit/537.36 (KHTML, like Gecko; compatible; bingbot/2.0; +http://www.bing.com/bingbot.htm) Chrome/116.0.1938.76 Safari/537.36"
40.77.167.5 - - [26/Apr/2025:10:02:41 -0400] "GET /?d=107555441260&filter=5945b7&share_to_url=pin.php%3Fid%3D3642462%26name%3Dstrappy+stripe+sleeve HTTP/1.1" 200 23988 "-" "Mozilla/5.0 AppleWebKit/537.36 (KHTML, like Gecko; compatible; bingbot/2.0; +http://www.bing.com/bingbot.htm) Chrome/116.0.1938.76 Safari/537.36"
102.89.83.244 - - [26/Apr/2025:10:02:39 -0400] "GET /dclm/ajax.php?type=weeklyrep HTTP/1.1" 200 803 "https://www.churchmr.com/dclm/program.php" "Mozilla/5.0 (Linux; Android 10; K) AppleWebKit/537.36 (KHTML, like Gecko) Chrome/135.0.0.0 Mobile Safari/537.36"
40.77.167.5 - - [26/Apr/2025:10:02:42 -0400] "GET /?d=60612376260&filter=aca228&share_to_url=ideas.php%3Fid%3D2056728%26name%3Dtaifun+t+shirt+tlg HTTP/1.1" 200 24466 "-" "Mozilla/5.0 AppleWebKit/537.36 (KHTML, like Gecko; compatible; bingbot/2.0; +http://www.bing.com/bingbot.htm) Chrome/116.0.1938.76 Safari/537.36"
40.77.167.5 - - [26/Apr/2025:10:02:43 -0400] "GET /?d=113234877260&filter=a8fffa&share_to_url=pin.php%3Fid%3D3834942%26name%3Dceinture+de+taille+tress%C3%A9e HTTP/1.1" 200 22867 "-" "Mozilla/5.0 AppleWebKit/537.36 (KHTML, like Gecko; compatible; bingbot/2.0; +http://www.bing.com/bingbot.htm) Chrome/116.0.1938.76 Safari/537.36"
52.167.144.149 - - [26/Apr/2025:10:02:44 -0400] "GET /?d=108898142260&filter=4cc099&share_to_url=ideas.php%3Fid%3D3686880%26name%3Din+039+toy+story HTTP/1.1" 200 22857 "-" "Mozilla/5.0 AppleWebKit/537.36 (KHTML, like Gecko; compatible; bingbot/2.0; +http://www.bing.com/bingbot.htm) Chrome/116.0.1938.76 Safari/537.36"
52.167.144.149 - - [26/Apr/2025:10:02:45 -0400] "GET /?d=68800275260&filter=95c78c&share_to_url=ideas.php%3Fid%3D2331480%26name%3Datacado+fortaleza+max HTTP/1.1" 200 24335 "-" "Mozilla/5.0 AppleWebKit/537.36 (KHTML, like Gecko; compatible; bingbot/2.0; +http://www.bing.com/bingbot.htm) Chrome/116.0.1938.76 Safari/537.36"
102.89.83.244 - - [26/Apr/2025:10:02:39 -0400] "GET /dclm/ajax.php?type=pendingrep HTTP/1.1" 200 306 "https://www.churchmr.com/dclm/program.php" "Mozilla/5.0 (Linux; Android 10; K) AppleWebKit/537.36 (KHTML, like Gecko) Chrome/135.0.0.0 Mobile Safari/537.36"
102.89.83.244 - - [26/Apr/2025:10:02:52 -0400] "GET /dclm/ajax.php?type=addreport&a1=&a2=&a3=&a4=&a5=&a6=&a7=&a8=&a9=&a10=&a11=GCK/Easter%20RETREAT%202025%20ongoing%20@%20Camp%20ground%20&pid=5075&prog=MORNING%20MESSAGE&pdate=19-APR-2025 HTTP/1.1" 200 173 "https://www.churchmr.com/dclm/program.php" "Mozilla/5.0 (Linux; Android 10; K) AppleWebKit/537.36 (KHTML, like Gecko) Chrome/135.0.0.0 Mobile Safari/537.36"
102.89.83.244 - - [26/Apr/2025:10:02:54 -0400] "GET /dclm/ajax.php?type=weeklyrep HTTP/1.1" 200 803 "https://www.churchmr.com/dclm/program.php" "Mozilla/5.0 (Linux; Android 10; K) AppleWebKit/537.36 (KHTML, like Gecko) Chrome/135.0.0.0 Mobile Safari/537.36"
102.89.83.244 - - [26/Apr/2025:10:02:54 -0400] "GET /dclm/ajax.php?type=recentrep HTTP/1.1" 200 644 "https://www.churchmr.com/dclm/program.php" "Mozilla/5.0 (Linux; Android 10; K) AppleWebKit/537.36 (KHTML, like Gecko) Chrome/135.0.0.0 Mobile Safari/537.36"
102.89.83.244 - - [26/Apr/2025:10:02:54 -0400] "GET /dclm/ajax.php?type=pendingrep HTTP/1.1" 200 305 "https://www.churchmr.com/dclm/program.php" "Mozilla/5.0 (Linux; Android 10; K) AppleWebKit/537.36 (KHTML, like Gecko) Chrome/135.0.0.0 Mobile Safari/537.36"
102.89.83.244 - - [26/Apr/2025:10:03:09 -0400] "GET /dclm/ajax.php?type=addreport&a1=&a2=&a3=&a4=&a5=&a6=&a7=&a8=&a9=&a10=&a11=GCK/Easter%20RETREAT%202025%20ongoing%20@%20Camp%20ground%20&pid=5073&prog=POWER%20FOR%20LIVING&pdate=18-APR-2025 HTTP/1.1" 200 176 "https://www.churchmr.com/dclm/program.php" "Mozilla/5.0 (Linux; Android 10; K) AppleWebKit/537.36 (KHTML, like Gecko) Chrome/135.0.0.0 Mobile Safari/537.36"
102.89.83.244 - - [26/Apr/2025:10:03:09 -0400] "GET /dclm/ajax.php?type=pendingrep HTTP/1.1" 200 289 "https://www.churchmr.com/dclm/program.php" "Mozilla/5.0 (Linux; Android 10; K) AppleWebKit/537.36 (KHTML, like Gecko) Chrome/135.0.0.0 Mobile Safari/537.36"
102.89.83.244 - - [26/Apr/2025:10:03:09 -0400] "GET /dclm/ajax.php?type=recentrep HTTP/1.1" 200 659 "https://www.churchmr.com/dclm/program.php" "Mozilla/5.0 (Linux; Android 10; K) AppleWebKit/537.36 (KHTML, like Gecko) Chrome/135.0.0.0 Mobile Safari/537.36"
102.89.83.244 - - [26/Apr/2025:10:03:09 -0400] "GET /dclm/ajax.php?type=weeklyrep HTTP/1.1" 200 803 "https://www.churchmr.com/dclm/program.php" "Mozilla/5.0 (Linux; Android 10; K) AppleWebKit/537.36 (KHTML, like Gecko) Chrome/135.0.0.0 Mobile Safari/537.36"
52.167.144.149 - - [26/Apr/2025:10:03:52 -0400] "GET /?d=84501927260&filter=0c7b35&share_to_url=product.php%3Fid%3D2861830%26name%3Dborg+zip+fleece HTTP/1.1" 200 23588 "-" "Mozilla/5.0 AppleWebKit/537.36 (KHTML, like Gecko; compatible; bingbot/2.0; +http://www.bing.com/bingbot.htm) Chrome/116.0.1938.76 Safari/537.36"
102.89.83.244 - - [26/Apr/2025:10:04:02 -0400] "GET /dclm/ajax.php?type=addreport&a1=&a2=&a3=&a4=&a5=&a6=&a7=&a8=&a9=&a10=&a11=GCK/Easter%20RETREAT%202025%20ongoing%20@%20Camp%20ground%20&pid=5077&prog=BIBLE%20STUDY&pdate=19-APR-2025 HTTP/1.1" 200 168 "https://www.churchmr.com/dclm/program.php" "Mozilla/5.0 (Linux; Android 10; K) AppleWebKit/537.36 (KHTML, like Gecko) Chrome/135.0.0.0 Mobile Safari/537.36"
102.89.83.244 - - [26/Apr/2025:10:04:03 -0400] "GET /dclm/ajax.php?type=weeklyrep HTTP/1.1" 200 803 "https://www.churchmr.com/dclm/program.php" "Mozilla/5.0 (Linux; Android 10; K) AppleWebKit/537.36 (KHTML, like Gecko) Chrome/135.0.0.0 Mobile Safari/537.36"
102.89.83.244 - - [26/Apr/2025:10:04:03 -0400] "GET /dclm/ajax.php?type=recentrep HTTP/1.1" 200 661 "https://www.churchmr.com/dclm/program.php" "Mozilla/5.0 (Linux; Android 10; K) AppleWebKit/537.36 (KHTML, like Gecko) Chrome/135.0.0.0 Mobile Safari/537.36"
52.167.144.145 - - [26/Apr/2025:10:04:08 -0400] "GET /?d=103059278260&filter=d149d5&share_to_url=ideas.php%3Fid%3D3492480%26name%3Dcat+thermos+bottle+480ml HTTP/1.1" 200 23235 "-" "Mozilla/5.0 AppleWebKit/537.36 (KHTML, like Gecko; compatible; bingbot/2.0; +http://www.bing.com/bingbot.htm) Chrome/116.0.1938.76 Safari/537.36"
52.167.144.145 - - [26/Apr/2025:10:04:11 -0400] "GET /?d=107377431260&filter=4a33b7&share_to_url=detail.php%3Fid%3D3636345%26name%3Dchinon+belami+af+35mm HTTP/1.1" 200 23642 "-" "Mozilla/5.0 AppleWebKit/537.36 (KHTML, like Gecko; compatible; bingbot/2.0; +http://www.bing.com/bingbot.htm) Chrome/116.0.1938.76 Safari/537.36"
52.167.144.149 - - [26/Apr/2025:10:04:13 -0400] "GET /?d=59973026260&filter=7ffa06&share_to_url=pin.php%3Fid%3D2035218%26name%3Dwoody+walkers HTTP/1.1" 200 23976 "-" "Mozilla/5.0 AppleWebKit/537.36 (KHTML, like Gecko; compatible; bingbot/2.0; +http://www.bing.com/bingbot.htm) Chrome/116.0.1938.76 Safari/537.36"
102.89.83.244 - - [26/Apr/2025:10:04:03 -0400] "GET /dclm/ajax.php?type=pendingrep HTTP/1.1" 200 277 "https://www.churchmr.com/dclm/program.php" "Mozilla/5.0 (Linux; Android 10; K) AppleWebKit/537.36 (KHTML, like Gecko) Chrome/135.0.0.0 Mobile Safari/537.36"
102.89.83.244 - - [26/Apr/2025:10:04:12 -0400] "GET /dclm/ajax.php?type=addreport&a1=&a2=&a3=&a4=&a5=&a6=&a7=&a8=&a9=&a10=&a11=GCK/Easter%20RETREAT%202025%20ongoing%20@%20Camp%20ground%20&pid=5074&prog=FAITH%20CLINIC&pdate=19-APR-2025 HTTP/1.1" 200 172 "https://www.churchmr.com/dclm/program.php" "Mozilla/5.0 (Linux; Android 10; K) AppleWebKit/537.36 (KHTML, like Gecko) Chrome/135.0.0.0 Mobile Safari/537.36"
102.89.83.244 - - [26/Apr/2025:10:04:17 -0400] "GET /dclm/ajax.php?type=recentrep HTTP/1.1" 200 655 "https://www.churchmr.com/dclm/program.php" "Mozilla/5.0 (Linux; Android 10; K) AppleWebKit/537.36 (KHTML, like Gecko) Chrome/135.0.0.0 Mobile Safari/537.36"
40.77.167.5 - - [26/Apr/2025:10:04:21 -0400] "GET /?d=115087301260&filter=942b8a&share_to_url=item.php%3Fid%3D3897241%26name%3Dreview+another+one+baby HTTP/1.1" 200 22883 "-" "Mozilla/5.0 AppleWebKit/537.36 (KHTML, like Gecko; compatible; bingbot/2.0; +http://www.bing.com/bingbot.htm) Chrome/116.0.1938.76 Safari/537.36"
102.89.83.244 - - [26/Apr/2025:10:04:17 -0400] "GET /dclm/ajax.php?type=pendingrep HTTP/1.1" 200 267 "https://www.churchmr.com/dclm/program.php" "Mozilla/5.0 (Linux; Android 10; K) AppleWebKit/537.36 (KHTML, like Gecko) Chrome/135.0.0.0 Mobile Safari/537.36"
102.89.83.244 - - [26/Apr/2025:10:04:25 -0400] "GET /dclm/ajax.php?type=addreport&a1=&a2=&a3=&a4=&a5=&a6=&a7=&a8=&a9=&a10=&a11=GCK/Easter%20RETREAT%202025%20ongoing%20@%20Camp%20ground%20&pid=5071&prog=BIBLE%20STUDY&pdate=18-APR-2025 HTTP/1.1" 200 168 "https://www.churchmr.com/dclm/program.php" "Mozilla/5.0 (Linux; Android 10; K) AppleWebKit/537.36 (KHTML, like Gecko) Chrome/135.0.0.0 Mobile Safari/537.36"
102.89.83.244 - - [26/Apr/2025:10:04:17 -0400] "GET /dclm/ajax.php?type=weeklyrep HTTP/1.1" 200 803 "https://www.churchmr.com/dclm/program.php" "Mozilla/5.0 (Linux; Android 10; K) AppleWebKit/537.36 (KHTML, like Gecko) Chrome/135.0.0.0 Mobile Safari/537.36"
102.89.83.244 - - [26/Apr/2025:10:04:30 -0400] "GET /dclm/ajax.php?type=recentrep HTTP/1.1" 200 634 "https://www.churchmr.com/dclm/program.php" "Mozilla/5.0 (Linux; Android 10; K) AppleWebKit/537.36 (KHTML, like Gecko) Chrome/135.0.0.0 Mobile Safari/537.36"
102.89.83.244 - - [26/Apr/2025:10:04:31 -0400] "GET /dclm/ajax.php?type=weeklyrep HTTP/1.1" 200 803 "https://www.churchmr.com/dclm/program.php" "Mozilla/5.0 (Linux; Android 10; K) AppleWebKit/537.36 (KHTML, like Gecko) Chrome/135.0.0.0 Mobile Safari/537.36"
40.77.167.5 - - [26/Apr/2025:10:04:40 -0400] "GET /?d=86048289260&filter=d07a8e&share_to_url=discover.php%3Fid%3D2915201%26name%3Dsony+ccd+v50e+video8 HTTP/1.1" 200 23358 "-" "Mozilla/5.0 AppleWebKit/537.36 (KHTML, like Gecko; compatible; bingbot/2.0; +http://www.bing.com/bingbot.htm) Chrome/116.0.1938.76 Safari/537.36"
102.89.83.244 - - [26/Apr/2025:10:04:30 -0400] "GET /dclm/ajax.php?type=pendingrep HTTP/1.1" 200 257 "https://www.churchmr.com/dclm/program.php" "Mozilla/5.0 (Linux; Android 10; K) AppleWebKit/537.36 (KHTML, like Gecko) Chrome/135.0.0.0 Mobile Safari/537.36"
102.89.83.244 - - [26/Apr/2025:10:04:42 -0400] "GET /dclm/ajax.php?type=addreport&a1=&a2=&a3=&a4=&a5=&a6=&a7=&a8=&a9=&a10=&a11=GCK/Easter%20RETREAT%202025%20ongoing%20@%20Camp%20ground%20&pid=5071&prog=BIBLE%20STUDY&pdate=18-APR-2025 HTTP/1.1" 200 168 "https://www.churchmr.com/dclm/program.php" "Mozilla/5.0 (Linux; Android 10; K) AppleWebKit/537.36 (KHTML, like Gecko) Chrome/135.0.0.0 Mobile Safari/537.36"
52.167.144.149 - - [26/Apr/2025:10:04:45 -0400] "GET /?d=115845954260&filter=3acd1e&share_to_url=model.php%3Fid%3D3923019%26name%3Dvn+design+washington+wizards HTTP/1.1" 200 22701 "-" "Mozilla/5.0 AppleWebKit/537.36 (KHTML, like Gecko; compatible; bingbot/2.0; +http://www.bing.com/bingbot.htm) Chrome/116.0.1938.76 Safari/537.36"
52.167.144.149 - - [26/Apr/2025:10:04:45 -0400] "GET /?d=87007396260&filter=4a33b7&share_to_url=product-page.php%3Fid%3D2948224%26name%3Dminolta+dynax+3000i HTTP/1.1" 200 21944 "-" "Mozilla/5.0 AppleWebKit/537.36 (KHTML, like Gecko; compatible; bingbot/2.0; +http://www.bing.com/bingbot.htm) Chrome/116.0.1938.76 Safari/537.36"
102.89.83.244 - - [26/Apr/2025:10:04:45 -0400] "GET /dclm/ajax.php?type=weeklyrep HTTP/1.1" 200 803 "https://www.churchmr.com/dclm/program.php" "Mozilla/5.0 (Linux; Android 10; K) AppleWebKit/537.36 (KHTML, like Gecko) Chrome/135.0.0.0 Mobile Safari/537.36"
102.89.83.244 - - [26/Apr/2025:10:04:45 -0400] "GET /dclm/ajax.php?type=recentrep HTTP/1.1" 200 634 "https://www.churchmr.com/dclm/program.php" "Mozilla/5.0 (Linux; Android 10; K) AppleWebKit/537.36 (KHTML, like Gecko) Chrome/135.0.0.0 Mobile Safari/537.36"
52.167.144.149 - - [26/Apr/2025:10:04:47 -0400] "GET /?d=93533354260&filter=8dea3f&share_to_url=shopdetail.php%3Fid%3D3168728%26name%3Drolex+espa%C3%B1a+pida HTTP/1.1" 200 22061 "-" "Mozilla/5.0 AppleWebKit/537.36 (KHTML, like Gecko; compatible; bingbot/2.0; +http://www.bing.com/bingbot.htm) Chrome/116.0.1938.76 Safari/537.36"
52.167.144.149 - - [26/Apr/2025:10:04:48 -0400] "GET /?d=116772651260&filter=b90049&share_to_url=item.php%3Fid%3D3954481%26name%3Dhonest+paws+review HTTP/1.1" 200 21867 "-" "Mozilla/5.0 AppleWebKit/537.36 (KHTML, like Gecko; compatible; bingbot/2.0; +http://www.bing.com/bingbot.htm) Chrome/116.0.1938.76 Safari/537.36"
40.77.167.5 - - [26/Apr/2025:10:04:50 -0400] "GET /?d=29226824260&filter=b2e434&share_to_url=item.php%3Fid%3D992689%26name%3Dtds+premier+vertical+plate HTTP/1.1" 200 24483 "-" "Mozilla/5.0 AppleWebKit/537.36 (KHTML, like Gecko; compatible; bingbot/2.0; +http://www.bing.com/bingbot.htm) Chrome/116.0.1938.76 Safari/537.36"
52.167.144.145 - - [26/Apr/2025:10:04:58 -0400] "GET /?d=104355522260&filter=dc973f&share_to_url=discover.php%3Fid%3D3535781%26name%3Dtoro+multi+force HTTP/1.1" 200 23738 "-" "Mozilla/5.0 AppleWebKit/537.36 (KHTML, like Gecko; compatible; bingbot/2.0; +http://www.bing.com/bingbot.htm) Chrome/116.0.1938.76 Safari/537.36"
102.89.83.244 - - [26/Apr/2025:10:04:45 -0400] "GET /dclm/ajax.php?type=pendingrep HTTP/1.1" 200 257 "https://www.churchmr.com/dclm/program.php" "Mozilla/5.0 (Linux; Android 10; K) AppleWebKit/537.36 (KHTML, like Gecko) Chrome/135.0.0.0 Mobile Safari/537.36"
52.167.144.145 - - [26/Apr/2025:10:04:59 -0400] "GET /?d=107042481260&filter=649884&share_to_url=discover.php%3Fid%3D3625061%26name%3Djam+tangan+unisex HTTP/1.1" 200 23481 "-" "Mozilla/5.0 AppleWebKit/537.36 (KHTML, like Gecko; compatible; bingbot/2.0; +http://www.bing.com/bingbot.htm) Chrome/116.0.1938.76 Safari/537.36"
102.89.83.244 - - [26/Apr/2025:10:04:56 -0400] "GET /dclm/ajax.php?type=addreport&a1=&a2=&a3=&a4=&a5=&a6=&a7=&a8=&a9=&a10=&a11=GCK/Easter%20RETREAT%202025%20ongoing%20@%20Camp%20ground%20&pid=5072&prog=ACTIVITY&pdate=18-APR-2025 HTTP/1.1" 200 170 "https://www.churchmr.com/dclm/program.php" "Mozilla/5.0 (Linux; Android 10; K) AppleWebKit/537.36 (KHTML, like Gecko) Chrome/135.0.0.0 Mobile Safari/537.36"
102.89.83.244 - - [26/Apr/2025:10:04:59 -0400] "GET /dclm/ajax.php?type=weeklyrep HTTP/1.1" 200 803 "https://www.churchmr.com/dclm/program.php" "Mozilla/5.0 (Linux; Android 10; K) AppleWebKit/537.36 (KHTML, like Gecko) Chrome/135.0.0.0 Mobile Safari/537.36"
52.167.144.145 - - [26/Apr/2025:10:05:08 -0400] "GET /?d=104740240260&filter=a8fc1c&share_to_url=shop.php%3Fid%3D3549079%26name%3Dall+sizes+uwabaki+slippers HTTP/1.1" 200 23462 "-" "Mozilla/5.0 AppleWebKit/537.36 (KHTML, like Gecko; compatible; bingbot/2.0; +http://www.bing.com/bingbot.htm) Chrome/116.0.1938.76 Safari/537.36"
52.167.144.145 - - [26/Apr/2025:10:05:09 -0400] "GET /?d=105131728260&filter=ef2428&share_to_url=goods.php%3Fid%3D3561575%26name%3Dpuedes+ense%C3%B1arle+a+owleez HTTP/1.1" 200 23222 "-" "Mozilla/5.0 AppleWebKit/537.36 (KHTML, like Gecko; compatible; bingbot/2.0; +http://www.bing.com/bingbot.htm) Chrome/116.0.1938.76 Safari/537.36"
102.89.83.244 - - [26/Apr/2025:10:04:59 -0400] "GET /dclm/ajax.php?type=pendingrep HTTP/1.1" 200 243 "https://www.churchmr.com/dclm/program.php" "Mozilla/5.0 (Linux; Android 10; K) AppleWebKit/537.36 (KHTML, like Gecko) Chrome/135.0.0.0 Mobile Safari/537.36"
52.167.144.149 - - [26/Apr/2025:10:05:13 -0400] "GET /?d=105992051260&filter=b190c6&share_to_url=pin.php%3Fid%3D3590286%26name%3Dez+slouch+carpenter+jeans HTTP/1.1" 200 23053 "-" "Mozilla/5.0 AppleWebKit/537.36 (KHTML, like Gecko; compatible; bingbot/2.0; +http://www.bing.com/bingbot.htm) Chrome/116.0.1938.76 Safari/537.36"
102.89.83.244 - - [26/Apr/2025:10:04:59 -0400] "GET /dclm/ajax.php?type=recentrep HTTP/1.1" 200 641 "https://www.churchmr.com/dclm/program.php" "Mozilla/5.0 (Linux; Android 10; K) AppleWebKit/537.36 (KHTML, like Gecko) Chrome/135.0.0.0 Mobile Safari/537.36"
102.89.83.244 - - [26/Apr/2025:10:05:06 -0400] "GET /dclm/ajax.php?type=addreport&a1=&a2=&a3=&a4=&a5=&a6=&a7=&a8=&a9=&a10=&a11=GCK/Easter%20RETREAT%202025%20ongoing%20@%20Camp%20ground%20&pid=5070&prog=BIBLE%20TEACHING&pdate=18-APR-2025 HTTP/1.1" 200 170 "https://www.churchmr.com/dclm/program.php" "Mozilla/5.0 (Linux; Android 10; K) AppleWebKit/537.36 (KHTML, like Gecko) Chrome/135.0.0.0 Mobile Safari/537.36"
52.167.144.149 - - [26/Apr/2025:10:05:14 -0400] "GET /?d=101011935260&filter=0ab89c&share_to_url=detail.php%3Fid%3D3424041%26name%3Dopal+socken+und+pulloverwolle HTTP/1.1" 200 23535 "-" "Mozilla/5.0 AppleWebKit/537.36 (KHTML, like Gecko; compatible; bingbot/2.0; +http://www.bing.com/bingbot.htm) Chrome/116.0.1938.76 Safari/537.36"
102.89.83.244 - - [26/Apr/2025:10:05:14 -0400] "GET /dclm/ajax.php?type=weeklyrep HTTP/1.1" 200 803 "https://www.churchmr.com/dclm/program.php" "Mozilla/5.0 (Linux; Android 10; K) AppleWebKit/537.36 (KHTML, like Gecko) Chrome/135.0.0.0 Mobile Safari/537.36"
102.89.83.244 - - [26/Apr/2025:10:05:14 -0400] "GET /dclm/ajax.php?type=recentrep HTTP/1.1" 200 633 "https://www.churchmr.com/dclm/program.php" "Mozilla/5.0 (Linux; Android 10; K) AppleWebKit/537.36 (KHTML, like Gecko) Chrome/135.0.0.0 Mobile Safari/537.36"
102.89.83.244 - - [26/Apr/2025:10:05:16 -0400] "GET /dclm/ajax.php?type=addreport&a1=&a2=&a3=&a4=&a5=&a6=&a7=&a8=&a9=&a10=&a11=GCK/Easter%20RETREAT%202025%20ongoing%20@%20Camp%20ground%20&pid=5069&prog=MORNING%20MESSAGE&pdate=18-APR-2025 HTTP/1.1" 200 174 "https://www.churchmr.com/dclm/program.php" "Mozilla/5.0 (Linux; Android 10; K) AppleWebKit/537.36 (KHTML, like Gecko) Chrome/135.0.0.0 Mobile Safari/537.36"
102.89.83.244 - - [26/Apr/2025:10:05:14 -0400] "GET /dclm/ajax.php?type=pendingrep HTTP/1.1" 200 210 "https://www.churchmr.com/dclm/program.php" "Mozilla/5.0 (Linux; Android 10; K) AppleWebKit/537.36 (KHTML, like Gecko) Chrome/135.0.0.0 Mobile Safari/537.36"
102.89.83.244 - - [26/Apr/2025:10:05:18 -0400] "GET /dclm/ajax.php?type=weeklyrep HTTP/1.1" 200 803 "https://www.churchmr.com/dclm/program.php" "Mozilla/5.0 (Linux; Android 10; K) AppleWebKit/537.36 (KHTML, like Gecko) Chrome/135.0.0.0 Mobile Safari/537.36"
52.167.144.149 - - [26/Apr/2025:10:05:32 -0400] "GET /?d=32651104260&filter=c08dc8&share_to_url=model.php%3Fid%3D1110039%26name%3Dplaymobil+3328+prisoner HTTP/1.1" 200 22618 "-" "Mozilla/5.0 AppleWebKit/537.36 (KHTML, like Gecko; compatible; bingbot/2.0; +http://www.bing.com/bingbot.htm) Chrome/116.0.1938.76 Safari/537.36"
40.77.167.5 - - [26/Apr/2025:10:05:40 -0400] "GET /?d=92571678260&filter=0e419f&share_to_url=detail.php%3Fid%3D3136401%26name%3Damd+i2c+controller HTTP/1.1" 200 23943 "-" "Mozilla/5.0 AppleWebKit/537.36 (KHTML, like Gecko; compatible; bingbot/2.0; +http://www.bing.com/bingbot.htm) Chrome/116.0.1938.76 Safari/537.36"
102.89.83.244 - - [26/Apr/2025:10:05:29 -0400] "GET /dclm/ajax.php?type=pendingrep HTTP/1.1" 200 210 "https://www.churchmr.com/dclm/program.php" "Mozilla/5.0 (Linux; Android 10; K) AppleWebKit/537.36 (KHTML, like Gecko) Chrome/135.0.0.0 Mobile Safari/537.36"
102.89.83.244 - - [26/Apr/2025:10:05:29 -0400] "GET /dclm/ajax.php?type=addreport&a1=&a2=&a3=&a4=&a5=&a6=&a7=&a8=&a9=&a10=&a11=GCK/Easter%20RETREAT%202025%20ongoing%20@%20Camp%20ground%20&pid=5068&prog=FAITH%20CLINIC&pdate=18-APR-2025 HTTP/1.1" 200 172 "https://www.churchmr.com/dclm/program.php" "Mozilla/5.0 (Linux; Android 10; K) AppleWebKit/537.36 (KHTML, like Gecko) Chrome/135.0.0.0 Mobile Safari/537.36"
102.89.83.244 - - [26/Apr/2025:10:05:18 -0400] "GET /dclm/ajax.php?type=recentrep HTTP/1.1" 200 656 "https://www.churchmr.com/dclm/program.php" "Mozilla/5.0 (Linux; Android 10; K) AppleWebKit/537.36 (KHTML, like Gecko) Chrome/135.0.0.0 Mobile Safari/537.36"
102.89.83.244 - - [26/Apr/2025:10:05:42 -0400] "GET /dclm/ajax.php?type=addreport&a1=&a2=&a3=&a4=&a5=&a6=&a7=&a8=&a9=&a10=&a11=GCK/Easter%20RETREAT%202025%20ongoing%20@%20Camp%20ground%20&pid=5068&prog=FAITH%20CLINIC&pdate=18-APR-2025 HTTP/1.1" 200 172 "https://www.churchmr.com/dclm/program.php" "Mozilla/5.0 (Linux; Android 10; K) AppleWebKit/537.36 (KHTML, like Gecko) Chrome/135.0.0.0 Mobile Safari/537.36"
52.167.144.145 - - [26/Apr/2025:10:05:48 -0400] "GET /?d=96422923260&filter=eee8f3&share_to_url=detail.php%3Fid%3D3266901%26name%3Dthe+last+naruto HTTP/1.1" 200 23382 "-" "Mozilla/5.0 AppleWebKit/537.36 (KHTML, like Gecko; compatible; bingbot/2.0; +http://www.bing.com/bingbot.htm) Chrome/116.0.1938.76 Safari/537.36"
102.89.83.244 - - [26/Apr/2025:10:05:42 -0400] "GET /dclm/ajax.php?type=pendingrep HTTP/1.1" 200 198 "https://www.churchmr.com/dclm/program.php" "Mozilla/5.0 (Linux; Android 10; K) AppleWebKit/537.36 (KHTML, like Gecko) Chrome/135.0.0.0 Mobile Safari/537.36"
102.89.83.244 - - [26/Apr/2025:10:05:42 -0400] "GET /dclm/ajax.php?type=weeklyrep HTTP/1.1" 200 803 "https://www.churchmr.com/dclm/program.php" "Mozilla/5.0 (Linux; Android 10; K) AppleWebKit/537.36 (KHTML, like Gecko) Chrome/135.0.0.0 Mobile Safari/537.36"
102.89.83.244 - - [26/Apr/2025:10:05:55 -0400] "GET /dclm/ajax.php?type=pendingrep HTTP/1.1" 200 198 "https://www.churchmr.com/dclm/program.php" "Mozilla/5.0 (Linux; Android 10; K) AppleWebKit/537.36 (KHTML, like Gecko) Chrome/135.0.0.0 Mobile Safari/537.36"
102.89.83.244 - - [26/Apr/2025:10:06:06 -0400] "GET /dclm/ajax.php?type=addreport&a1=&a2=&a3=&a4=&a5=&a6=&a7=&a8=&a9=&a10=&a11=GCK/Easter%20RETREAT%202025%20ongoing%20@%20Camp%20ground%20&pid=4341&prog=GCK%20WORSHIP%20SERVICE&pdate=20-APR-2025 HTTP/1.1" 200 173 "https://www.churchmr.com/dclm/program.php" "Mozilla/5.0 (Linux; Android 10; K) AppleWebKit/537.36 (KHTML, like Gecko) Chrome/135.0.0.0 Mobile Safari/537.36"
52.167.144.145 - - [26/Apr/2025:10:06:08 -0400] "GET /?d=31122955260&filter=ab67d8&share_to_url=shopdetail.php%3Fid%3D1058180%26name%3Dreply+to+mochiiimarie+things HTTP/1.1" 200 23417 "-" "Mozilla/5.0 AppleWebKit/537.36 (KHTML, like Gecko; compatible; bingbot/2.0; +http://www.bing.com/bingbot.htm) Chrome/116.0.1938.76 Safari/537.36"
102.89.83.244 - - [26/Apr/2025:10:05:56 -0400] "GET /dclm/ajax.php?type=weeklyrep HTTP/1.1" 200 803 "https://www.churchmr.com/dclm/program.php" "Mozilla/5.0 (Linux; Android 10; K) AppleWebKit/537.36 (KHTML, like Gecko) Chrome/135.0.0.0 Mobile Safari/537.36"
102.89.83.244 - - [26/Apr/2025:10:06:03 -0400] "GET /dclm/ajax.php?type=recentrep HTTP/1.1" 200 668 "https://www.churchmr.com/dclm/program.php" "Mozilla/5.0 (Linux; Android 10; K) AppleWebKit/537.36 (KHTML, like Gecko) Chrome/135.0.0.0 Mobile Safari/537.36"
102.89.83.244 - - [26/Apr/2025:10:05:42 -0400] "GET /dclm/ajax.php?type=recentrep HTTP/1.1" 200 668 "https://www.churchmr.com/dclm/program.php" "Mozilla/5.0 (Linux; Android 10; K) AppleWebKit/537.36 (KHTML, like Gecko) Chrome/135.0.0.0 Mobile Safari/537.36"
102.89.83.244 - - [26/Apr/2025:10:06:09 -0400] "GET /dclm/ajax.php?type=weeklyrep HTTP/1.1" 200 803 "https://www.churchmr.com/dclm/program.php" "Mozilla/5.0 (Linux; Android 10; K) AppleWebKit/537.36 (KHTML, like Gecko) Chrome/135.0.0.0 Mobile Safari/537.36"
102.89.83.244 - - [26/Apr/2025:10:06:10 -0400] "GET /dclm/ajax.php?type=recentrep HTTP/1.1" 200 668 "https://www.churchmr.com/dclm/program.php" "Mozilla/5.0 (Linux; Android 10; K) AppleWebKit/537.36 (KHTML, like Gecko) Chrome/135.0.0.0 Mobile Safari/537.36"
72.14.201.228 - - [26/Apr/2025:10:06:12 -0400] "GET /?d=88771918260&filter=c11d46&share_to_url=shopdetail.php%3Fid%3D3008600%26name%3Dalternating+chevron+friendship+bracelet+2024 HTTP/1.1" 200 132 "https://www.google.com/" "Mozilla/5.0 (Macintosh; Intel Mac OS X 10_15_7) AppleWebKit/537.36 (KHTML, like Gecko) Chrome/135.0.0.0 Safari/537.36"
102.89.83.244 - - [26/Apr/2025:10:06:07 -0400] "GET /dclm/ajax.php?type=pendingrep HTTP/1.1" 200 177 "https://www.churchmr.com/dclm/program.php" "Mozilla/5.0 (Linux; Android 10; K) AppleWebKit/537.36 (KHTML, like Gecko) Chrome/135.0.0.0 Mobile Safari/537.36"
102.89.83.244 - - [26/Apr/2025:10:06:24 -0400] "GET /dclm/ajax.php?type=addreport&a1=&a2=&a3=&a4=&a5=&a6=&a7=&a8=&a9=&a10=&a11=GCK/Easter%20RETREAT%202025%20ongoing%20@%20Camp%20ground%20&pid=4340&prog=GCK%20DAY%204&pdate=20-APR-2025 HTTP/1.1" 200 162 "https://www.churchmr.com/dclm/program.php" "Mozilla/5.0 (Linux; Android 10; K) AppleWebKit/537.36 (KHTML, like Gecko) Chrome/135.0.0.0 Mobile Safari/537.36"
102.89.83.244 - - [26/Apr/2025:10:06:25 -0400] "GET /dclm/ajax.php?type=recentrep HTTP/1.1" 200 660 "https://www.churchmr.com/dclm/program.php" "Mozilla/5.0 (Linux; Android 10; K) AppleWebKit/537.36 (KHTML, like Gecko) Chrome/135.0.0.0 Mobile Safari/537.36"
102.89.83.244 - - [26/Apr/2025:10:06:25 -0400] "GET /dclm/ajax.php?type=pendingrep HTTP/1.1" 200 172 "https://www.churchmr.com/dclm/program.php" "Mozilla/5.0 (Linux; Android 10; K) AppleWebKit/537.36 (KHTML, like Gecko) Chrome/135.0.0.0 Mobile Safari/537.36"
102.89.83.244 - - [26/Apr/2025:10:06:25 -0400] "GET /dclm/ajax.php?type=weeklyrep HTTP/1.1" 200 803 "https://www.churchmr.com/dclm/program.php" "Mozilla/5.0 (Linux; Android 10; K) AppleWebKit/537.36 (KHTML, like Gecko) Chrome/135.0.0.0 Mobile Safari/537.36"
52.167.144.145 - - [26/Apr/2025:10:06:39 -0400] "GET /?d=51624023260&filter=aae97a&share_to_url=pin.php%3Fid%3D1754514%26name%3Dquanto+guadagna+un+giocatore HTTP/1.1" 200 22940 "-" "Mozilla/5.0 AppleWebKit/537.36 (KHTML, like Gecko; compatible; bingbot/2.0; +http://www.bing.com/bingbot.htm) Chrome/116.0.1938.76 Safari/537.36"
102.89.83.244 - - [26/Apr/2025:10:06:39 -0400] "GET /dclm/ajax.php?type=addreport&a1=&a2=&a3=&a4=&a5=&a6=&a7=&a8=&a9=&a10=&a11=GCK/Easter%20RETREAT%202025%20ongoing%20@%20Camp%20ground%20&pid=4337&prog=GCK%20DAY%201&pdate=17-APR-2025 HTTP/1.1" 200 164 "https://www.churchmr.com/dclm/program.php" "Mozilla/5.0 (Linux; Android 10; K) AppleWebKit/537.36 (KHTML, like Gecko) Chrome/135.0.0.0 Mobile Safari/537.36"
102.89.83.244 - - [26/Apr/2025:10:06:39 -0400] "GET /dclm/ajax.php?type=weeklyrep HTTP/1.1" 200 803 "https://www.churchmr.com/dclm/program.php" "Mozilla/5.0 (Linux; Android 10; K) AppleWebKit/537.36 (KHTML, like Gecko) Chrome/135.0.0.0 Mobile Safari/537.36"
102.89.83.244 - - [26/Apr/2025:10:06:39 -0400] "GET /dclm/ajax.php?type=recentrep HTTP/1.1" 200 636 "https://www.churchmr.com/dclm/program.php" "Mozilla/5.0 (Linux; Android 10; K) AppleWebKit/537.36 (KHTML, like Gecko) Chrome/135.0.0.0 Mobile Safari/537.36"
52.167.144.149 - - [26/Apr/2025:10:06:42 -0400] "GET /?d=83464900260&filter=f52d8d&share_to_url=model.php%3Fid%3D2827371%26name%3Dp2961+auriculares+inal%C3%A1mbricos+bluetooth HTTP/1.1" 200 23173 "-" "Mozilla/5.0 AppleWebKit/537.36 (KHTML, like Gecko; compatible; bingbot/2.0; +http://www.bing.com/bingbot.htm) Chrome/116.0.1938.76 Safari/537.36"
40.77.167.5 - - [26/Apr/2025:10:06:43 -0400] "GET /?d=109436365260&filter=bbd03f&share_to_url=detail.php%3Fid%3D3704301%26name%3Dsusan+cummings+sterling+silver HTTP/1.1" 200 22963 "-" "Mozilla/5.0 AppleWebKit/537.36 (KHTML, like Gecko; compatible; bingbot/2.0; +http://www.bing.com/bingbot.htm) Chrome/116.0.1938.76 Safari/537.36"
102.89.83.244 - - [26/Apr/2025:10:06:39 -0400] "GET /dclm/ajax.php?type=pendingrep HTTP/1.1" 200 166 "https://www.churchmr.com/dclm/program.php" "Mozilla/5.0 (Linux; Android 10; K) AppleWebKit/537.36 (KHTML, like Gecko) Chrome/135.0.0.0 Mobile Safari/537.36"
52.167.144.149 - - [26/Apr/2025:10:06:52 -0400] "GET /?d=94178756260&filter=5b8aed&share_to_url=goods.php%3Fid%3D3191303%26name%3Dollywood+movie HTTP/1.1" 200 22467 "-" "Mozilla/5.0 AppleWebKit/537.36 (KHTML, like Gecko; compatible; bingbot/2.0; +http://www.bing.com/bingbot.htm) Chrome/116.0.1938.76 Safari/537.36"
52.167.144.145 - - [26/Apr/2025:10:07:08 -0400] "GET /?d=23934807260&filter=8ac724&share_to_url=pin.php%3Fid%3D811962%26name%3Drajasthani+lac+chuda HTTP/1.1" 200 24361 "-" "Mozilla/5.0 AppleWebKit/537.36 (KHTML, like Gecko; compatible; bingbot/2.0; +http://www.bing.com/bingbot.htm) Chrome/116.0.1938.76 Safari/537.36"
52.167.144.145 - - [26/Apr/2025:10:07:09 -0400] "GET /?d=32297219260&filter=14708a&share_to_url=detail.php%3Fid%3D1097673%26name%3Dgreen+bicycle+rider HTTP/1.1" 200 22868 "-" "Mozilla/5.0 AppleWebKit/537.36 (KHTML, like Gecko; compatible; bingbot/2.0; +http://www.bing.com/bingbot.htm) Chrome/116.0.1938.76 Safari/537.36"
52.167.144.149 - - [26/Apr/2025:10:07:12 -0400] "GET /?d=107244790260&filter=d60d32&share_to_url=item.php%3Fid%3D3631753%26name%3Dxikezan+beard+grooming HTTP/1.1" 200 23483 "-" "Mozilla/5.0 AppleWebKit/537.36 (KHTML, like Gecko; compatible; bingbot/2.0; +http://www.bing.com/bingbot.htm) Chrome/116.0.1938.76 Safari/537.36"
40.77.167.5 - - [26/Apr/2025:10:07:12 -0400] "GET /?d=95265245260&filter=1b6d6c&share_to_url=goods.php%3Fid%3D3227315%26name%3Dfivefingers+performa+jane+fitness HTTP/1.1" 200 22628 "-" "Mozilla/5.0 AppleWebKit/537.36 (KHTML, like Gecko; compatible; bingbot/2.0; +http://www.bing.com/bingbot.htm) Chrome/116.0.1938.76 Safari/537.36"
52.167.144.149 - - [26/Apr/2025:10:07:32 -0400] "GET /?d=108117137260&filter=1f5f6f&share_to_url=shop.php%3Fid%3D3660511%26name%3Drenew+bike+insurance+online HTTP/1.1" 200 23745 "-" "Mozilla/5.0 AppleWebKit/537.36 (KHTML, like Gecko; compatible; bingbot/2.0; +http://www.bing.com/bingbot.htm) Chrome/116.0.1938.76 Safari/537.36"
40.77.167.5 - - [26/Apr/2025:10:07:41 -0400] "GET /?d=103411075260&filter=e86b2c&share_to_url=item.php%3Fid%3D3504289%26name%3Dthe+best+cashmere HTTP/1.1" 200 23890 "-" "Mozilla/5.0 AppleWebKit/537.36 (KHTML, like Gecko; compatible; bingbot/2.0; +http://www.bing.com/bingbot.htm) Chrome/116.0.1938.76 Safari/537.36"
40.77.167.5 - - [26/Apr/2025:10:07:51 -0400] "GET /?d=111543909260&filter=0f9aff&share_to_url=shopdetail.php%3Fid%3D3777740%26name%3Dagromotors+agromotors+added+a HTTP/1.1" 200 23272 "-" "Mozilla/5.0 AppleWebKit/537.36 (KHTML, like Gecko; compatible; bingbot/2.0; +http://www.bing.com/bingbot.htm) Chrome/116.0.1938.76 Safari/537.36"
66.249.66.13 - - [26/Apr/2025:10:07:54 -0400] "GET /?d=115262092260&filter=1066c7&share_to_url=detail.php%3Fid%3D3903105%26name%3Dbell+ross+announces HTTP/1.1" 200 22702 "-" "Mozilla/5.0 (Linux; Android 6.0.1; Nexus 5X Build/MMB29P) AppleWebKit/537.36 (KHTML, like Gecko) Chrome/135.0.7049.95 Mobile Safari/537.36 (compatible; GoogleOther)"
40.77.167.5 - - [26/Apr/2025:10:08:01 -0400] "GET /?d=99308150260&filter=a93973&share_to_url=discover.php%3Fid%3D3365753%26name%3Dvila+parka+f%C3%BCr+damen HTTP/1.1" 200 24235 "-" "Mozilla/5.0 AppleWebKit/537.36 (KHTML, like Gecko; compatible; bingbot/2.0; +http://www.bing.com/bingbot.htm) Chrome/116.0.1938.76 Safari/537.36"
52.167.144.145 - - [26/Apr/2025:10:08:08 -0400] "GET /?d=117134377260&filter=83f648&share_to_url=ideas.php%3Fid%3D3966852%26name%3Dmormaii+milao+mo132 HTTP/1.1" 200 22080 "-" "Mozilla/5.0 AppleWebKit/537.36 (KHTML, like Gecko; compatible; bingbot/2.0; +http://www.bing.com/bingbot.htm) Chrome/116.0.1938.76 Safari/537.36"
40.77.167.5 - - [26/Apr/2025:10:08:13 -0400] "GET /?d=110241017260&filter=b44b6e&share_to_url=detail.php%3Fid%3D3731301%26name%3Dtelstar+nightfall+air+tent HTTP/1.1" 200 21821 "-" "Mozilla/5.0 AppleWebKit/537.36 (KHTML, like Gecko; compatible; bingbot/2.0; +http://www.bing.com/bingbot.htm) Chrome/116.0.1938.76 Safari/537.36"
40.77.167.5 - - [26/Apr/2025:10:08:30 -0400] "GET /?d=110043938260&filter=61fa9d&share_to_url=discover.php%3Fid%3D3724469%26name%3Dthe+beneficial+place+to HTTP/1.1" 200 24474 "-" "Mozilla/5.0 AppleWebKit/537.36 (KHTML, like Gecko; compatible; bingbot/2.0; +http://www.bing.com/bingbot.htm) Chrome/116.0.1938.76 Safari/537.36"
40.77.167.5 - - [26/Apr/2025:10:08:40 -0400] "GET /?d=102191774260&filter=9e9754&share_to_url=discover.php%3Fid%3D3463925%26name%3Duser+manuals+sunbeam+gr8450 HTTP/1.1" 200 23450 "-" "Mozilla/5.0 AppleWebKit/537.36 (KHTML, like Gecko; compatible; bingbot/2.0; +http://www.bing.com/bingbot.htm) Chrome/116.0.1938.76 Safari/537.36"
40.77.167.56 - - [26/Apr/2025:10:08:49 -0400] "GET /?d=87407215260&filter=df0c98&share_to_url=shopdetail.php%3Fid%3D2961836%26name%3Dbracelete+nowoczesne+marrom HTTP/1.1" 200 22954 "-" "Mozilla/5.0 AppleWebKit/537.36 (KHTML, like Gecko; compatible; bingbot/2.0; +http://www.bing.com/bingbot.htm) Chrome/116.0.1938.76 Safari/537.36"
40.77.167.56 - - [26/Apr/2025:10:08:49 -0400] "GET /?d=89373025260&filter=ec7398&share_to_url=article.php%3Fid%3D3029474%26name%3Ddometic+cfx+28 HTTP/1.1" 200 22808 "-" "Mozilla/5.0 AppleWebKit/537.36 (KHTML, like Gecko; compatible; bingbot/2.0; +http://www.bing.com/bingbot.htm) Chrome/116.0.1938.76 Safari/537.36"
40.77.167.56 - - [26/Apr/2025:10:08:50 -0400] "GET /?d=98536261260&filter=f52d8d&share_to_url=item.php%3Fid%3D3339517%26name%3Dchaqueta+moto+dxr+de HTTP/1.1" 200 23748 "-" "Mozilla/5.0 AppleWebKit/537.36 (KHTML, like Gecko; compatible; bingbot/2.0; +http://www.bing.com/bingbot.htm) Chrome/116.0.1938.76 Safari/537.36"
40.77.167.126 - - [26/Apr/2025:10:08:53 -0400] "GET /?d=105220034260&filter=15d3b1&share_to_url=detail.php%3Fid%3D3564765%26name%3Dblack+decker HTTP/1.1" 200 23160 "-" "Mozilla/5.0 AppleWebKit/537.36 (KHTML, like Gecko; compatible; bingbot/2.0; +http://www.bing.com/bingbot.htm) Chrome/116.0.1938.76 Safari/537.36"
149.88.91.33 - - [26/Apr/2025:10:09:26 -0400] "GET /adminn.php HTTP/1.1" 200 1309 "-" "Mozilla/5.0 (Windows NT 10.0; Win64; x64) AppleWebKit/537.36 (KHTML, like Gecko) Chrome/116.0.0.0 Safari/537.36 Edg/116.0.0.0 Agency/96.8.2547.48"
40.77.167.5 - - [26/Apr/2025:10:09:30 -0400] "GET /?d=107067344260&filter=14708a&share_to_url=ideas.php%3Fid%3D3625944%26name%3Dredline+freestyle+bmx HTTP/1.1" 200 23607 "-" "Mozilla/5.0 AppleWebKit/537.36 (KHTML, like Gecko; compatible; bingbot/2.0; +http://www.bing.com/bingbot.htm) Chrome/116.0.1938.76 Safari/537.36"
51.8.102.16 - - [26/Apr/2025:10:09:32 -0400] "GET /?d=99943152260&filter=6a394f&share_to_url=shopdetail.php%3Fid%3D3387116%26name%3Djiu+jitsu+camiseta HTTP/1.1" 302 0 "-" "Mozilla/5.0 (Macintosh; Intel Mac OS X 10_15_7) AppleWebKit/537.36 (KHTML, like Gecko) Chrome/131.0.0.0 Safari/537.36; compatible; OAI-SearchBot/1.0; +https://openai.com/searchbot"
40.77.167.5 - - [26/Apr/2025:10:10:01 -0400] "GET /?d=90067531260&filter=b3603f&share_to_url=detail.php%3Fid%3D3052437%26name%3Dhyperx+and+acer HTTP/1.1" 200 22559 "-" "Mozilla/5.0 AppleWebKit/537.36 (KHTML, like Gecko; compatible; bingbot/2.0; +http://www.bing.com/bingbot.htm) Chrome/116.0.1938.76 Safari/537.36"
40.77.167.126 - - [26/Apr/2025:10:10:05 -0400] "GET /?d=24915614260&filter=f5f4d3&share_to_url=detail.php%3Fid%3D844485%26name%3Dconverse+fille+dor%C3%A9+taille HTTP/1.1" 200 22272 "-" "Mozilla/5.0 AppleWebKit/537.36 (KHTML, like Gecko; compatible; bingbot/2.0; +http://www.bing.com/bingbot.htm) Chrome/116.0.1938.76 Safari/537.36"
40.77.167.56 - - [26/Apr/2025:10:10:10 -0400] "GET /?d=115814414260&filter=cd6685&share_to_url=item.php%3Fid%3D3921889%26name%3Dredwood+city+startup HTTP/1.1" 200 23681 "-" "Mozilla/5.0 AppleWebKit/537.36 (KHTML, like Gecko; compatible; bingbot/2.0; +http://www.bing.com/bingbot.htm) Chrome/116.0.1938.76 Safari/537.36"
40.77.167.56 - - [26/Apr/2025:10:10:11 -0400] "GET /?d=99551526260&filter=e86b2c&share_to_url=item.php%3Fid%3D3374017%26name%3Dbuy+wolsey+red+and HTTP/1.1" 200 23302 "-" "Mozilla/5.0 AppleWebKit/537.36 (KHTML, like Gecko; compatible; bingbot/2.0; +http://www.bing.com/bingbot.htm) Chrome/116.0.1938.76 Safari/537.36"
