66.249.64.13 - - [12/Jun/2025:09:09:46 -0400] "GET /?d=104704341260&filter=fa4e01&share_to_url=article.php%3Fid%3D3547778%26name%3Dalps+mountaineering+taurus+person+tent HTTP/1.1" 200 22520 "-" "Mozilla/5.0 (Linux; Android 6.0.1; Nexus 5X Build/MMB29P) AppleWebKit/537.36 (KHTML, like Gecko) Chrome/136.0.7103.113 Mobile Safari/537.36 (compatible; Googlebot/2.1; +http://www.google.com/bot.html)"
66.249.64.11 - - [12/Jun/2025:09:09:47 -0400] "GET /?d=12204357260&filter=977925&share_to_url=goods.php%3Fid%3D417503%26name%3Dair+max+90+nrg+polka HTTP/1.1" 200 24020 "-" "Mozilla/5.0 (Linux; Android 6.0.1; Nexus 5X Build/MMB29P) AppleWebKit/537.36 (KHTML, like Gecko) Chrome/136.0.7103.113 Mobile Safari/537.36 (compatible; Googlebot/2.1; +http://www.google.com/bot.html)"
157.55.39.200 - - [12/Jun/2025:09:09:47 -0400] "GET /?d=98759743260&filter=8fc68b&share_to_url=shopdetail.php%3Fid%3D3346988%26name%3Dpack+scolaire+deadpool+%C3%A0 HTTP/1.1" 200 23314 "-" "Mozilla/5.0 AppleWebKit/537.36 (KHTML, like Gecko; compatible; bingbot/2.0; +http://www.bing.com/bingbot.htm) Chrome/116.0.1938.76 Safari/537.36"
66.249.64.13 - - [12/Jun/2025:09:09:47 -0400] "GET /?d=106226261260&filter=3fa24f&share_to_url=article.php%3Fid%3D3597770%26name%3Dcompletely+casual+beige HTTP/1.1" 200 23539 "-" "Mozilla/5.0 (Linux; Android 6.0.1; Nexus 5X Build/MMB29P) AppleWebKit/537.36 (KHTML, like Gecko) Chrome/136.0.7103.113 Mobile Safari/537.36 (compatible; Googlebot/2.1; +http://www.google.com/bot.html)"
66.249.64.11 - - [12/Jun/2025:09:09:49 -0400] "GET /?d=110634187260&filter=b9dcfc&share_to_url=product.php%3Fid%3D3745486%26name%3Dprofessional+table+tennis+shoes+men HTTP/1.1" 200 23194 "-" "Mozilla/5.0 (Linux; Android 6.0.1; Nexus 5X Build/MMB29P) AppleWebKit/537.36 (KHTML, like Gecko) Chrome/136.0.7103.113 Mobile Safari/537.36 (compatible; Googlebot/2.1; +http://www.google.com/bot.html)"
66.249.64.11 - - [12/Jun/2025:09:09:50 -0400] "GET /?d=109008933260&filter=5919d3&share_to_url=product-page.php%3Fid%3D3690592%26name%3Dwerewolf+records+satanic+warmaster HTTP/1.1" 200 22822 "-" "Mozilla/5.0 (Linux; Android 6.0.1; Nexus 5X Build/MMB29P) AppleWebKit/537.36 (KHTML, like Gecko) Chrome/136.0.7103.113 Mobile Safari/537.36 (compatible; Googlebot/2.1; +http://www.google.com/bot.html)"
66.249.64.13 - - [12/Jun/2025:09:09:52 -0400] "GET /?d=96793411260&filter=f4b633&share_to_url=product.php%3Fid%3D3279634%26name%3Dtoulouse+performance+velvet HTTP/1.1" 200 23732 "-" "Mozilla/5.0 (Linux; Android 6.0.1; Nexus 5X Build/MMB29P) AppleWebKit/537.36 (KHTML, like Gecko) Chrome/136.0.7103.113 Mobile Safari/537.36 (compatible; Googlebot/2.1; +http://www.google.com/bot.html)"
66.249.64.12 - - [12/Jun/2025:09:09:53 -0400] "GET /?d=110298436260&filter=a35f77&share_to_url=shopdetail.php%3Fid%3D3733460%26name%3Dziffernblatt+punkte+hohl+stab+rund HTTP/1.1" 200 23335 "-" "Mozilla/5.0 (Linux; Android 6.0.1; Nexus 5X Build/MMB29P) AppleWebKit/537.36 (KHTML, like Gecko) Chrome/136.0.7103.113 Mobile Safari/537.36 (compatible; Googlebot/2.1; +http://www.google.com/bot.html)"
66.249.64.11 - - [12/Jun/2025:09:09:54 -0400] "GET /?d=91543047260&filter=80d279&share_to_url=detail.php%3Fid%3D3102189%26name%3Dmouthwatering+barbacoa+tacos HTTP/1.1" 200 24566 "-" "Mozilla/5.0 (Linux; Android 6.0.1; Nexus 5X Build/MMB29P) AppleWebKit/537.36 (KHTML, like Gecko) Chrome/136.0.7103.113 Mobile Safari/537.36 (compatible; Googlebot/2.1; +http://www.google.com/bot.html)"
66.249.64.11 - - [12/Jun/2025:09:09:56 -0400] "GET /?d=101630700260&filter=1c8ef9&share_to_url=article.php%3Fid%3D3445778%26name%3Dhow+to+replace+the+termoscud HTTP/1.1" 200 23012 "-" "Mozilla/5.0 (Linux; Android 6.0.1; Nexus 5X Build/MMB29P) AppleWebKit/537.36 (KHTML, like Gecko) Chrome/136.0.7103.113 Mobile Safari/537.36 (compatible; Googlebot/2.1; +http://www.google.com/bot.html)"
66.249.64.13 - - [12/Jun/2025:09:09:57 -0400] "GET /?d=98474942260&filter=707a0e&share_to_url=pin.php%3Fid%3D3337326%26name%3Dnb+miuk+920+r+newbalance HTTP/1.1" 200 23123 "-" "Mozilla/5.0 (Linux; Android 6.0.1; Nexus 5X Build/MMB29P) AppleWebKit/537.36 (KHTML, like Gecko) Chrome/136.0.7103.113 Mobile Safari/537.36 (compatible; Googlebot/2.1; +http://www.google.com/bot.html)"
66.249.64.12 - - [12/Jun/2025:09:09:59 -0400] "GET /?d=46403818260&filter=c8e773&share_to_url=pin.php%3Fid%3D1574898%26name%3Dbenjara+bm101180+animal+print HTTP/1.1" 200 23614 "-" "Mozilla/5.0 (Linux; Android 6.0.1; Nexus 5X Build/MMB29P) AppleWebKit/537.36 (KHTML, like Gecko) Chrome/136.0.7103.113 Mobile Safari/537.36 (compatible; Googlebot/2.1; +http://www.google.com/bot.html)"
66.249.64.13 - - [12/Jun/2025:09:10:00 -0400] "GET /?d=114229676260&filter=f3b098&share_to_url=discover.php%3Fid%3D3868277%26name%3Dgrooming+advise+for HTTP/1.1" 200 23901 "-" "Mozilla/5.0 (Linux; Android 6.0.1; Nexus 5X Build/MMB29P) AppleWebKit/537.36 (KHTML, like Gecko) Chrome/136.0.7103.113 Mobile Safari/537.36 (compatible; Googlebot/2.1; +http://www.google.com/bot.html)"
52.167.144.145 - - [12/Jun/2025:09:10:01 -0400] "GET /?d=98456762260&filter=daf99f&share_to_url=article.php%3Fid%3D3336686%26name%3Dhalloween+pumpkin+skull+bats HTTP/1.1" 200 24758 "-" "Mozilla/5.0 AppleWebKit/537.36 (KHTML, like Gecko; compatible; bingbot/2.0; +http://www.bing.com/bingbot.htm) Chrome/116.0.1938.76 Safari/537.36"
66.249.64.11 - - [12/Jun/2025:09:10:02 -0400] "GET /?d=89170791260&filter=fe4de8&share_to_url=article.php%3Fid%3D3022670%26name%3Dcan+police+in HTTP/1.1" 200 24949 "-" "Mozilla/5.0 (Linux; Android 6.0.1; Nexus 5X Build/MMB29P) AppleWebKit/537.36 (KHTML, like Gecko) Chrome/136.0.7103.113 Mobile Safari/537.36 (compatible; Googlebot/2.1; +http://www.google.com/bot.html)"
66.249.64.12 - - [12/Jun/2025:09:10:02 -0400] "GET /?d=111199900260&filter=6f7032&share_to_url=product.php%3Fid%3D3765562%26name%3Dovernight+ham+and HTTP/1.1" 200 23625 "-" "Mozilla/5.0 (Linux; Android 6.0.1; Nexus 5X Build/MMB29P) AppleWebKit/537.36 (KHTML, like Gecko) Chrome/136.0.7103.113 Mobile Safari/537.36 (compatible; Googlebot/2.1; +http://www.google.com/bot.html)"
66.249.64.11 - - [12/Jun/2025:09:10:03 -0400] "GET /?d=98027322260&filter=a6965c&share_to_url=article.php%3Fid%3D3321938%26name%3Dmotel+bandeau+slinky+belted HTTP/1.1" 200 23758 "-" "Mozilla/5.0 (Linux; Android 6.0.1; Nexus 5X Build/MMB29P) AppleWebKit/537.36 (KHTML, like Gecko) Chrome/136.0.7103.113 Mobile Safari/537.36 (compatible; Googlebot/2.1; +http://www.google.com/bot.html)"
66.249.64.11 - - [12/Jun/2025:09:10:04 -0400] "GET /?d=46110854260&filter=c8e773&share_to_url=pin.php%3Fid%3D1564734%26name%3Dcrosshatch+wooden+and+fabric+armchair HTTP/1.1" 200 23676 "-" "Mozilla/5.0 (Linux; Android 6.0.1; Nexus 5X Build/MMB29P) AppleWebKit/537.36 (KHTML, like Gecko) Chrome/136.0.7103.113 Mobile Safari/537.36 (compatible; Googlebot/2.1; +http://www.google.com/bot.html)"
66.249.64.11 - - [12/Jun/2025:09:10:05 -0400] "GET /?d=113200611260&filter=073822&share_to_url=ideas.php%3Fid%3D3833892%26name%3Dhector+professional+paddle HTTP/1.1" 200 23778 "-" "Mozilla/5.0 (Linux; Android 6.0.1; Nexus 5X Build/MMB29P) AppleWebKit/537.36 (KHTML, like Gecko) Chrome/136.0.7103.113 Mobile Safari/537.36 (compatible; Googlebot/2.1; +http://www.google.com/bot.html)"
66.249.64.11 - - [12/Jun/2025:09:10:06 -0400] "GET /?d=91500877260&filter=d627b2&share_to_url=goods.php%3Fid%3D3100763%26name%3Delectric+fires+robert HTTP/1.1" 200 23946 "-" "Mozilla/5.0 (Linux; Android 6.0.1; Nexus 5X Build/MMB29P) AppleWebKit/537.36 (KHTML, like Gecko) Chrome/136.0.7103.113 Mobile Safari/537.36 (compatible; Googlebot/2.1; +http://www.google.com/bot.html)"
66.249.64.12 - - [12/Jun/2025:09:10:06 -0400] "GET /?d=118066529260&filter=5edd4d&share_to_url=product.php%3Fid%3D3998278%26name%3Drocky+mountain+dobermans HTTP/1.1" 200 23915 "-" "Mozilla/5.0 (Linux; Android 6.0.1; Nexus 5X Build/MMB29P) AppleWebKit/537.36 (KHTML, like Gecko) Chrome/136.0.7103.113 Mobile Safari/537.36 (compatible; Googlebot/2.1; +http://www.google.com/bot.html)"
66.249.64.11 - - [12/Jun/2025:09:10:07 -0400] "GET /?d=33339060260&filter=c8e773&share_to_url=article.php%3Fid%3D1133294%26name%3D1pc+christmas+chair+back HTTP/1.1" 200 24107 "-" "Mozilla/5.0 (Linux; Android 6.0.1; Nexus 5X Build/MMB29P) AppleWebKit/537.36 (KHTML, like Gecko) Chrome/136.0.7103.113 Mobile Safari/537.36 (compatible; Googlebot/2.1; +http://www.google.com/bot.html)"
66.249.64.11 - - [12/Jun/2025:09:10:07 -0400] "GET /?d=42623575260&filter=c8e773&share_to_url=shop.php%3Fid%3D1446355%26name%3Dmargaritaville+bar+height+outdoor HTTP/1.1" 200 23778 "-" "Mozilla/5.0 (Linux; Android 6.0.1; Nexus 5X Build/MMB29P) AppleWebKit/537.36 (KHTML, like Gecko) Chrome/136.0.7103.113 Mobile Safari/537.36 (compatible; Googlebot/2.1; +http://www.google.com/bot.html)"
52.167.144.145 - - [12/Jun/2025:09:10:07 -0400] "GET /?d=116088508260&filter=cab71d&share_to_url=goods.php%3Fid%3D3931235%26name%3Dboone+green+poly+chum HTTP/1.1" 200 22536 "-" "Mozilla/5.0 AppleWebKit/537.36 (KHTML, like Gecko; compatible; bingbot/2.0; +http://www.bing.com/bingbot.htm) Chrome/116.0.1938.76 Safari/537.36"
66.249.64.12 - - [12/Jun/2025:09:10:09 -0400] "GET /?d=105697788260&filter=eb8c21&share_to_url=item.php%3Fid%3D3580429%26name%3Drestoring+an+old+bike+remove HTTP/1.1" 200 22481 "-" "Mozilla/5.0 (Linux; Android 6.0.1; Nexus 5X Build/MMB29P) AppleWebKit/537.36 (KHTML, like Gecko) Chrome/136.0.7103.113 Mobile Safari/537.36 (compatible; Googlebot/2.1; +http://www.google.com/bot.html)"
52.167.144.145 - - [12/Jun/2025:09:10:09 -0400] "GET /?d=14754670260&filter=6ca228&share_to_url=product-page.php%3Fid%3D503248%26name%3Dasos+design+cloud HTTP/1.1" 200 23817 "-" "Mozilla/5.0 AppleWebKit/537.36 (KHTML, like Gecko; compatible; bingbot/2.0; +http://www.bing.com/bingbot.htm) Chrome/116.0.1938.76 Safari/537.36"
52.167.144.213 - - [12/Jun/2025:09:10:09 -0400] "GET /?d=117833263260&filter=4f3ea3&share_to_url=pin.php%3Fid%3D3990678%26name%3Dgeox+ortensia+sling HTTP/1.1" 200 23206 "-" "Mozilla/5.0 AppleWebKit/537.36 (KHTML, like Gecko; compatible; bingbot/2.0; +http://www.bing.com/bingbot.htm) Chrome/116.0.1938.76 Safari/537.36"
66.249.64.11 - - [12/Jun/2025:09:10:10 -0400] "GET /?d=111503775260&filter=bfc81f&share_to_url=shopdetail.php%3Fid%3D3776348%26name%3Djawa+fashionable+classic+shop+black HTTP/1.1" 200 24313 "-" "Mozilla/5.0 (Linux; Android 6.0.1; Nexus 5X Build/MMB29P) AppleWebKit/537.36 (KHTML, like Gecko) Chrome/136.0.7103.113 Mobile Safari/537.36 (compatible; Googlebot/2.1; +http://www.google.com/bot.html)"
66.249.64.11 - - [12/Jun/2025:09:10:12 -0400] "GET /?d=111636209260&filter=6b8509&share_to_url=shopdetail.php%3Fid%3D3780812%26name%3Dcambiar+al+concepto+de+horario HTTP/1.1" 200 24617 "-" "Mozilla/5.0 (Linux; Android 6.0.1; Nexus 5X Build/MMB29P) AppleWebKit/537.36 (KHTML, like Gecko) Chrome/136.0.7103.113 Mobile Safari/537.36 (compatible; Googlebot/2.1; +http://www.google.com/bot.html)"
66.249.64.11 - - [12/Jun/2025:09:10:13 -0400] "GET /?d=117682969260&filter=f3b098&share_to_url=detail.php%3Fid%3D3985545%26name%3Dnational+puppy+day+march HTTP/1.1" 200 23492 "-" "Mozilla/5.0 (Linux; Android 6.0.1; Nexus 5X Build/MMB29P) AppleWebKit/537.36 (KHTML, like Gecko) Chrome/136.0.7103.113 Mobile Safari/537.36 (compatible; Googlebot/2.1; +http://www.google.com/bot.html)"
66.249.64.11 - - [12/Jun/2025:09:10:15 -0400] "GET /?d=97801428260&filter=cc1802&share_to_url=model.php%3Fid%3D3314727%26name%3Dhulk+year+old+pit HTTP/1.1" 200 23412 "-" "Mozilla/5.0 (Linux; Android 6.0.1; Nexus 5X Build/MMB29P) AppleWebKit/537.36 (KHTML, like Gecko) Chrome/136.0.7103.113 Mobile Safari/537.36 (compatible; Googlebot/2.1; +http://www.google.com/bot.html)"
66.249.64.12 - - [12/Jun/2025:09:10:16 -0400] "GET /?d=110749212260&filter=988825&share_to_url=model.php%3Fid%3D3749619%26name%3Djuguetes+duravit+caucho+hotsell+antiguos HTTP/1.1" 200 23657 "-" "Mozilla/5.0 (Linux; Android 6.0.1; Nexus 5X Build/MMB29P) AppleWebKit/537.36 (KHTML, like Gecko) Chrome/136.0.7103.113 Mobile Safari/537.36 (compatible; Googlebot/2.1; +http://www.google.com/bot.html)"
157.55.39.200 - - [12/Jun/2025:09:10:17 -0400] "GET /?d=100278602260&filter=b3e07f&share_to_url=shopdetail.php%3Fid%3D3398864%26name%3Dconsistent+ssd+hard HTTP/1.1" 200 23626 "-" "Mozilla/5.0 AppleWebKit/537.36 (KHTML, like Gecko; compatible; bingbot/2.0; +http://www.bing.com/bingbot.htm) Chrome/116.0.1938.76 Safari/537.36"
66.249.64.12 - - [12/Jun/2025:09:10:18 -0400] "GET /?d=110499129260&filter=b18bc9&share_to_url=pin.php%3Fid%3D3740694%26name%3Dortop%C3%A9dico+ni%C3%B1os+discapacitados HTTP/1.1" 200 24561 "-" "Mozilla/5.0 (Linux; Android 6.0.1; Nexus 5X Build/MMB29P) AppleWebKit/537.36 (KHTML, like Gecko) Chrome/136.0.7103.113 Mobile Safari/537.36 (compatible; Googlebot/2.1; +http://www.google.com/bot.html)"
157.55.39.192 - - [12/Jun/2025:09:10:18 -0400] "GET /?d=59069323260&filter=514077&share_to_url=shopdetail.php%3Fid%3D2004572%26name%3Dmonos+deportes+extremos HTTP/1.1" 200 23843 "-" "Mozilla/5.0 AppleWebKit/537.36 (KHTML, like Gecko; compatible; bingbot/2.0; +http://www.bing.com/bingbot.htm) Chrome/116.0.1938.76 Safari/537.36"
52.167.144.213 - - [12/Jun/2025:09:10:19 -0400] "GET /?d=103952765260&filter=e0510c&share_to_url=detail.php%3Fid%3D3522237%26name%3Dunstructured+coat HTTP/1.1" 200 24243 "-" "Mozilla/5.0 AppleWebKit/537.36 (KHTML, like Gecko; compatible; bingbot/2.0; +http://www.bing.com/bingbot.htm) Chrome/116.0.1938.76 Safari/537.36"
157.55.39.192 - - [12/Jun/2025:09:10:19 -0400] "GET /?d=115777750260&filter=02c089&share_to_url=model.php%3Fid%3D3920643%26name%3Don+cheap+running+sweatpants HTTP/1.1" 200 23478 "-" "Mozilla/5.0 AppleWebKit/537.36 (KHTML, like Gecko; compatible; bingbot/2.0; +http://www.bing.com/bingbot.htm) Chrome/116.0.1938.76 Safari/537.36"
66.249.64.11 - - [12/Jun/2025:09:10:19 -0400] "GET /?d=109935077260&filter=9f1c50&share_to_url=item.php%3Fid%3D3720793%26name%3Dnapapijri+magliette+store+uomo HTTP/1.1" 200 23730 "-" "Mozilla/5.0 (Linux; Android 6.0.1; Nexus 5X Build/MMB29P) AppleWebKit/537.36 (KHTML, like Gecko) Chrome/136.0.7103.113 Mobile Safari/537.36 (compatible; Googlebot/2.1; +http://www.google.com/bot.html)"
66.249.64.12 - - [12/Jun/2025:09:10:19 -0400] "GET /?d=100368707260&filter=dea2ef&share_to_url=ideas.php%3Fid%3D3401928%26name%3Damerican+leather+sleeper+sofa+folding HTTP/1.1" 200 24243 "-" "Mozilla/5.0 (Linux; Android 6.0.1; Nexus 5X Build/MMB29P) AppleWebKit/537.36 (KHTML, like Gecko) Chrome/136.0.7103.113 Mobile Safari/537.36 (compatible; Googlebot/2.1; +http://www.google.com/bot.html)"
157.55.39.192 - - [12/Jun/2025:09:10:20 -0400] "GET /?d=63861055260&filter=99857c&share_to_url=ideas.php%3Fid%3D2165568%26name%3Djoggingbroek+shop+heren+wehkamp HTTP/1.1" 200 23727 "-" "Mozilla/5.0 AppleWebKit/537.36 (KHTML, like Gecko; compatible; bingbot/2.0; +http://www.bing.com/bingbot.htm) Chrome/116.0.1938.76 Safari/537.36"
52.167.144.145 - - [12/Jun/2025:09:10:20 -0400] "GET /?d=54846473260&filter=2b61a2&share_to_url=ideas.php%3Fid%3D1863084%26name%3Danapurna+altitude+performance HTTP/1.1" 200 24107 "-" "Mozilla/5.0 AppleWebKit/537.36 (KHTML, like Gecko; compatible; bingbot/2.0; +http://www.bing.com/bingbot.htm) Chrome/116.0.1938.76 Safari/537.36"
40.77.167.65 - - [12/Jun/2025:09:10:21 -0400] "GET /?d=100645429260&filter=96dd3e&share_to_url=detail.php%3Fid%3D3411393%26name%3Din+spanish+what HTTP/1.1" 200 23184 "-" "Mozilla/5.0 AppleWebKit/537.36 (KHTML, like Gecko; compatible; bingbot/2.0; +http://www.bing.com/bingbot.htm) Chrome/116.0.1938.76 Safari/537.36"
66.249.64.11 - - [12/Jun/2025:09:10:21 -0400] "GET /?d=114067892260&filter=9ca3b3&share_to_url=item.php%3Fid%3D3862957%26name%3Dphase+eight+green+hot+sale HTTP/1.1" 200 23918 "-" "Mozilla/5.0 (Linux; Android 6.0.1; Nexus 5X Build/MMB29P) AppleWebKit/537.36 (KHTML, like Gecko) Chrome/136.0.7103.113 Mobile Safari/537.36 (compatible; Googlebot/2.1; +http://www.google.com/bot.html)"
157.55.39.192 - - [12/Jun/2025:09:10:21 -0400] "GET /?d=46751609260&filter=95c78c&share_to_url=pin.php%3Fid%3D1587486%26name%3Dteelmundial+blusa+feminina HTTP/1.1" 200 22541 "-" "Mozilla/5.0 AppleWebKit/537.36 (KHTML, like Gecko; compatible; bingbot/2.0; +http://www.bing.com/bingbot.htm) Chrome/116.0.1938.76 Safari/537.36"
66.249.64.11 - - [12/Jun/2025:09:10:21 -0400] "GET /?d=112625212260&filter=e0510c&share_to_url=model.php%3Fid%3D3814887%26name%3Dmaul+sport+herren HTTP/1.1" 200 23850 "-" "Mozilla/5.0 (Linux; Android 6.0.1; Nexus 5X Build/MMB29P) AppleWebKit/537.36 (KHTML, like Gecko) Chrome/136.0.7103.113 Mobile Safari/537.36 (compatible; Googlebot/2.1; +http://www.google.com/bot.html)"
66.249.64.11 - - [12/Jun/2025:09:10:22 -0400] "GET /?d=89818337260&filter=b00edb&share_to_url=discover.php%3Fid%3D3044333%26name%3Dshara+medium+format HTTP/1.1" 200 23836 "-" "Mozilla/5.0 (Linux; Android 6.0.1; Nexus 5X Build/MMB29P) AppleWebKit/537.36 (KHTML, like Gecko) Chrome/136.0.7103.113 Mobile Safari/537.36 (compatible; Googlebot/2.1; +http://www.google.com/bot.html)"
66.249.64.11 - - [12/Jun/2025:09:10:22 -0400] "GET /?d=99618920260&filter=5b5f88&share_to_url=shopdetail.php%3Fid%3D3376076%26name%3Dheliot+emil+connective+down HTTP/1.1" 200 23312 "-" "Mozilla/5.0 (Linux; Android 6.0.1; Nexus 5X Build/MMB29P) AppleWebKit/537.36 (KHTML, like Gecko) Chrome/136.0.7103.113 Mobile Safari/537.36 (compatible; Googlebot/2.1; +http://www.google.com/bot.html)"
66.249.64.12 - - [12/Jun/2025:09:10:23 -0400] "GET /?d=104821460260&filter=ca9c53&share_to_url=item.php%3Fid%3D3551653%26name%3Delegante+piattaforma+di+cuoio+da HTTP/1.1" 200 24479 "-" "Mozilla/5.0 (Linux; Android 6.0.1; Nexus 5X Build/MMB29P) AppleWebKit/537.36 (KHTML, like Gecko) Chrome/136.0.7103.113 Mobile Safari/537.36 (compatible; Googlebot/2.1; +http://www.google.com/bot.html)"
66.249.64.12 - - [12/Jun/2025:09:10:24 -0400] "GET /?d=108782899260&filter=400a61&share_to_url=goods.php%3Fid%3D3683039%26name%3Dari+corone+pignoni HTTP/1.1" 200 24897 "-" "Mozilla/5.0 (Linux; Android 6.0.1; Nexus 5X Build/MMB29P) AppleWebKit/537.36 (KHTML, like Gecko) Chrome/136.0.7103.113 Mobile Safari/537.36 (compatible; Googlebot/2.1; +http://www.google.com/bot.html)"
66.249.64.12 - - [12/Jun/2025:09:10:24 -0400] "GET /?d=115137389260&filter=162259&share_to_url=shopdetail.php%3Fid%3D3898928%26name%3Dblackwater+custom+paint HTTP/1.1" 200 24135 "-" "Mozilla/5.0 (Linux; Android 6.0.1; Nexus 5X Build/MMB29P) AppleWebKit/537.36 (KHTML, like Gecko) Chrome/136.0.7103.113 Mobile Safari/537.36 (compatible; Googlebot/2.1; +http://www.google.com/bot.html)"
66.249.64.11 - - [12/Jun/2025:09:10:24 -0400] "GET /?d=108587569260&filter=ca372c&share_to_url=model.php%3Fid%3D3676683%26name%3Ddisney+castle+playhouse HTTP/1.1" 200 23526 "-" "Mozilla/5.0 (Linux; Android 6.0.1; Nexus 5X Build/MMB29P) AppleWebKit/537.36 (KHTML, like Gecko) Chrome/136.0.7103.113 Mobile Safari/537.36 (compatible; Googlebot/2.1; +http://www.google.com/bot.html)"
66.249.64.12 - - [12/Jun/2025:09:10:25 -0400] "GET /?d=86056217260&filter=62bca5&share_to_url=article.php%3Fid%3D2915546%26name%3Dshingleback+bike+racks HTTP/1.1" 200 23704 "-" "Mozilla/5.0 (Linux; Android 6.0.1; Nexus 5X Build/MMB29P) AppleWebKit/537.36 (KHTML, like Gecko) Chrome/136.0.7103.113 Mobile Safari/537.36 (compatible; Googlebot/2.1; +http://www.google.com/bot.html)"
66.249.64.12 - - [12/Jun/2025:09:10:26 -0400] "GET /?d=40901877260&filter=8c1a8c&share_to_url=product.php%3Fid%3D1388914%26name%3Dgiving+slytherin+melbourne+fashion HTTP/1.1" 200 21684 "-" "Mozilla/5.0 (Linux; Android 6.0.1; Nexus 5X Build/MMB29P) AppleWebKit/537.36 (KHTML, like Gecko) Chrome/136.0.7103.113 Mobile Safari/537.36 (compatible; Googlebot/2.1; +http://www.google.com/bot.html)"
40.77.167.149 - - [12/Jun/2025:09:10:26 -0400] "GET /?d=37170627260&filter=b2e434&share_to_url=ideas.php%3Fid%3D1262196%26name%3Donline+programs+invictus HTTP/1.1" 200 23303 "-" "Mozilla/5.0 AppleWebKit/537.36 (KHTML, like Gecko; compatible; bingbot/2.0; +http://www.bing.com/bingbot.htm) Chrome/116.0.1938.76 Safari/537.36"
66.249.64.11 - - [12/Jun/2025:09:10:27 -0400] "GET /?d=116139725260&filter=cf39b4&share_to_url=model.php%3Fid%3D3933099%26name%3Dbobux+shoes HTTP/1.1" 200 24214 "-" "Mozilla/5.0 (Linux; Android 6.0.1; Nexus 5X Build/MMB29P) AppleWebKit/537.36 (KHTML, like Gecko) Chrome/136.0.7103.113 Mobile Safari/537.36 (compatible; Googlebot/2.1; +http://www.google.com/bot.html)"
66.249.64.12 - - [12/Jun/2025:09:10:29 -0400] "GET /?d=75674618260&filter=1876cd&share_to_url=discover.php%3Fid%3D2564405%26name%3Dclassic+pima+knit+long HTTP/1.1" 200 24302 "-" "Mozilla/5.0 (Linux; Android 6.0.1; Nexus 5X Build/MMB29P) AppleWebKit/537.36 (KHTML, like Gecko) Chrome/136.0.7103.113 Mobile Safari/537.36 (compatible; Googlebot/2.1; +http://www.google.com/bot.html)"
66.249.64.11 - - [12/Jun/2025:09:10:30 -0400] "GET /?d=110719319260&filter=637771&share_to_url=product-page.php%3Fid%3D3748636%26name%3Dfnac+montre+connect%C3%A9e+xiaomi HTTP/1.1" 200 23305 "-" "Mozilla/5.0 (Linux; Android 6.0.1; Nexus 5X Build/MMB29P) AppleWebKit/537.36 (KHTML, like Gecko) Chrome/136.0.7103.113 Mobile Safari/537.36 (compatible; Googlebot/2.1; +http://www.google.com/bot.html)"
66.249.64.13 - - [12/Jun/2025:09:10:31 -0400] "GET /?d=108115733260&filter=89626b&share_to_url=shop.php%3Fid%3D3660463%26name%3Dwireless+security+cameras+installation HTTP/1.1" 200 23720 "-" "Mozilla/5.0 (Linux; Android 6.0.1; Nexus 5X Build/MMB29P) AppleWebKit/537.36 (KHTML, like Gecko) Chrome/136.0.7103.113 Mobile Safari/537.36 (compatible; Googlebot/2.1; +http://www.google.com/bot.html)"
66.249.64.13 - - [12/Jun/2025:09:10:32 -0400] "GET /?d=99013039260&filter=315f2d&share_to_url=discover.php%3Fid%3D3355769%26name%3Dsennheiser+earphones+cx HTTP/1.1" 200 22652 "-" "Mozilla/5.0 (Linux; Android 6.0.1; Nexus 5X Build/MMB29P) AppleWebKit/537.36 (KHTML, like Gecko) Chrome/136.0.7103.113 Mobile Safari/537.36 (compatible; Googlebot/2.1; +http://www.google.com/bot.html)"
66.249.64.12 - - [12/Jun/2025:09:10:34 -0400] "GET /?d=105379848260&filter=b0370e&share_to_url=ideas.php%3Fid%3D3569808%26name%3Dsalsa+spearfish+review HTTP/1.1" 200 22897 "-" "Mozilla/5.0 (Linux; Android 6.0.1; Nexus 5X Build/MMB29P) AppleWebKit/537.36 (KHTML, like Gecko) Chrome/136.0.7103.113 Mobile Safari/537.36 (compatible; Googlebot/2.1; +http://www.google.com/bot.html)"
66.249.64.11 - - [12/Jun/2025:09:10:36 -0400] "GET /?d=114053140260&filter=9ca3b3&share_to_url=shop.php%3Fid%3D3862555%26name%3Dbuy+fitted+linen+jumpsuit+overalls HTTP/1.1" 200 24230 "-" "Mozilla/5.0 (Linux; Android 6.0.1; Nexus 5X Build/MMB29P) AppleWebKit/537.36 (KHTML, like Gecko) Chrome/136.0.7103.113 Mobile Safari/537.36 (compatible; Googlebot/2.1; +http://www.google.com/bot.html)"
66.249.64.13 - - [12/Jun/2025:09:10:37 -0400] "GET /?d=94678385260&filter=8fab27&share_to_url=item.php%3Fid%3D3208021%26name%3Dariat+men+039+s+heritage+buckaroo HTTP/1.1" 200 22911 "-" "Mozilla/5.0 (Linux; Android 6.0.1; Nexus 5X Build/MMB29P) AppleWebKit/537.36 (KHTML, like Gecko) Chrome/136.0.7103.113 Mobile Safari/537.36 (compatible; Googlebot/2.1; +http://www.google.com/bot.html)"
157.55.39.200 - - [12/Jun/2025:09:10:37 -0400] "GET /?d=89550963260&filter=b3b2d4&share_to_url=detail.php%3Fid%3D3035289%26name%3Dmaxi+combo+keratinas+epa HTTP/1.1" 200 23050 "-" "Mozilla/5.0 AppleWebKit/537.36 (KHTML, like Gecko; compatible; bingbot/2.0; +http://www.bing.com/bingbot.htm) Chrome/116.0.1938.76 Safari/537.36"
40.77.167.149 - - [12/Jun/2025:09:10:38 -0400] "GET /?d=97805595260&filter=3d9d13&share_to_url=model.php%3Fid%3D3314883%26name%3Dconverse+ambush+chuck HTTP/1.1" 200 22194 "-" "Mozilla/5.0 AppleWebKit/537.36 (KHTML, like Gecko; compatible; bingbot/2.0; +http://www.bing.com/bingbot.htm) Chrome/116.0.1938.76 Safari/537.36"
40.77.167.149 - - [12/Jun/2025:09:10:38 -0400] "GET /?d=24970218260&filter=aca5ca&share_to_url=detail.php%3Fid%3D846297%26name%3Darlo+hd+security+camera HTTP/1.1" 200 23455 "-" "Mozilla/5.0 AppleWebKit/537.36 (KHTML, like Gecko; compatible; bingbot/2.0; +http://www.bing.com/bingbot.htm) Chrome/116.0.1938.76 Safari/537.36"
66.249.64.12 - - [12/Jun/2025:09:10:38 -0400] "GET /?d=97542321260&filter=16dc78&share_to_url=pin.php%3Fid%3D3305358%26name%3Dnew+nazar+shayari+in+hindi HTTP/1.1" 200 23699 "-" "Mozilla/5.0 (Linux; Android 6.0.1; Nexus 5X Build/MMB29P) AppleWebKit/537.36 (KHTML, like Gecko) Chrome/136.0.7103.113 Mobile Safari/537.36 (compatible; Googlebot/2.1; +http://www.google.com/bot.html)"
66.249.64.12 - - [12/Jun/2025:09:10:39 -0400] "GET /?d=108458183260&filter=8de18d&share_to_url=shop.php%3Fid%3D3672211%26name%3Doverweight+cyclist+riding+up HTTP/1.1" 200 24173 "-" "Mozilla/5.0 (Linux; Android 6.0.1; Nexus 5X Build/MMB29P) AppleWebKit/537.36 (KHTML, like Gecko) Chrome/136.0.7103.113 Mobile Safari/537.36 (compatible; Googlebot/2.1; +http://www.google.com/bot.html)"
66.249.64.13 - - [12/Jun/2025:09:10:40 -0400] "GET /?d=100773557260&filter=319255&share_to_url=article.php%3Fid%3D3415502%26name%3Dmoroccan+barbie+clearance HTTP/1.1" 200 22728 "-" "Mozilla/5.0 (Linux; Android 6.0.1; Nexus 5X Build/MMB29P) AppleWebKit/537.36 (KHTML, like Gecko) Chrome/136.0.7103.113 Mobile Safari/537.36 (compatible; Googlebot/2.1; +http://www.google.com/bot.html)"
52.167.144.213 - - [12/Jun/2025:09:10:40 -0400] "GET /?d=102211535260&filter=2c46f6&share_to_url=item.php%3Fid%3D3464605%26name%3Dparis+chic+como+dir%C3%ADa HTTP/1.1" 200 23813 "-" "Mozilla/5.0 AppleWebKit/537.36 (KHTML, like Gecko; compatible; bingbot/2.0; +http://www.bing.com/bingbot.htm) Chrome/116.0.1938.76 Safari/537.36"
66.249.64.12 - - [12/Jun/2025:09:10:41 -0400] "GET /?d=96921115260&filter=f4b633&share_to_url=discover.php%3Fid%3D3283865%26name%3Dkingcamp+adult+loveseat HTTP/1.1" 200 23884 "-" "Mozilla/5.0 (Linux; Android 6.0.1; Nexus 5X Build/MMB29P) AppleWebKit/537.36 (KHTML, like Gecko) Chrome/136.0.7103.113 Mobile Safari/537.36 (compatible; Googlebot/2.1; +http://www.google.com/bot.html)"
52.167.144.213 - - [12/Jun/2025:09:10:41 -0400] "GET /?d=101452387260&filter=6ee96f&share_to_url=discover.php%3Fid%3D3439313%26name%3Dhey+pillagada+back HTTP/1.1" 200 23722 "-" "Mozilla/5.0 AppleWebKit/537.36 (KHTML, like Gecko; compatible; bingbot/2.0; +http://www.bing.com/bingbot.htm) Chrome/116.0.1938.76 Safari/537.36"
66.249.64.12 - - [12/Jun/2025:09:10:42 -0400] "GET /?d=90998475260&filter=f2cae1&share_to_url=pin.php%3Fid%3D3083922%26name%3Dsupreme+x+hot+sale+hanes HTTP/1.1" 200 22655 "-" "Mozilla/5.0 (Linux; Android 6.0.1; Nexus 5X Build/MMB29P) AppleWebKit/537.36 (KHTML, like Gecko) Chrome/136.0.7103.113 Mobile Safari/537.36 (compatible; Googlebot/2.1; +http://www.google.com/bot.html)"
66.249.64.13 - - [12/Jun/2025:09:10:42 -0400] "GET /?d=114983187260&filter=605939&share_to_url=discover.php%3Fid%3D3893657%26name%3Duser+guide+ic HTTP/1.1" 200 24069 "-" "Mozilla/5.0 (Linux; Android 6.0.1; Nexus 5X Build/MMB29P) AppleWebKit/537.36 (KHTML, like Gecko) Chrome/136.0.7103.113 Mobile Safari/537.36 (compatible; Googlebot/2.1; +http://www.google.com/bot.html)"
66.249.64.12 - - [12/Jun/2025:09:10:44 -0400] "GET /?d=101260482260&filter=bfc81f&share_to_url=shop.php%3Fid%3D3432631%26name%3Dmy+brother+finally HTTP/1.1" 200 24254 "-" "Mozilla/5.0 (Linux; Android 6.0.1; Nexus 5X Build/MMB29P) AppleWebKit/537.36 (KHTML, like Gecko) Chrome/136.0.7103.113 Mobile Safari/537.36 (compatible; Googlebot/2.1; +http://www.google.com/bot.html)"
66.249.64.13 - - [12/Jun/2025:09:10:45 -0400] "GET /?d=100226146260&filter=37632c&share_to_url=article.php%3Fid%3D3396902%26name%3Dkenzo+tenma+love HTTP/1.1" 200 21584 "-" "Mozilla/5.0 (Linux; Android 6.0.1; Nexus 5X Build/MMB29P) AppleWebKit/537.36 (KHTML, like Gecko) Chrome/136.0.7103.113 Mobile Safari/537.36 (compatible; Googlebot/2.1; +http://www.google.com/bot.html)"
66.249.64.13 - - [12/Jun/2025:09:10:47 -0400] "GET /?d=100031935260&filter=d6ff6e&share_to_url=article.php%3Fid%3D3390362%26name%3Dhow+to+relocate+in HTTP/1.1" 200 23326 "-" "Mozilla/5.0 (Linux; Android 6.0.1; Nexus 5X Build/MMB29P) AppleWebKit/537.36 (KHTML, like Gecko) Chrome/136.0.7103.113 Mobile Safari/537.36 (compatible; Googlebot/2.1; +http://www.google.com/bot.html)"
52.167.144.145 - - [12/Jun/2025:09:10:47 -0400] "GET /?d=81833451260&filter=3d3b19&share_to_url=ideas.php%3Fid%3D2772000%26name%3Dkuma+waa+qofka HTTP/1.1" 200 24074 "-" "Mozilla/5.0 AppleWebKit/537.36 (KHTML, like Gecko; compatible; bingbot/2.0; +http://www.bing.com/bingbot.htm) Chrome/116.0.1938.76 Safari/537.36"
66.249.64.14 - - [12/Jun/2025:09:10:48 -0400] "GET /?d=116588918260&filter=6d6f21&share_to_url=product.php%3Fid%3D3948154%26name%3Dcamisa+de+basquete+preta+vista HTTP/1.1" 200 24566 "-" "Mozilla/5.0 (Linux; Android 6.0.1; Nexus 5X Build/MMB29P) AppleWebKit/537.36 (KHTML, like Gecko) Chrome/136.0.7103.113 Mobile Safari/537.36 (compatible; Googlebot/2.1; +http://www.google.com/bot.html)"
52.167.144.145 - - [12/Jun/2025:09:10:48 -0400] "GET /?d=44623563260&filter=ada5f8&share_to_url=product.php%3Fid%3D1513798%26name%3Dtable+size+for HTTP/1.1" 200 24301 "-" "Mozilla/5.0 AppleWebKit/537.36 (KHTML, like Gecko; compatible; bingbot/2.0; +http://www.bing.com/bingbot.htm) Chrome/116.0.1938.76 Safari/537.36"
66.249.64.14 - - [12/Jun/2025:09:10:48 -0400] "GET /?d=93266759260&filter=c8fca0&share_to_url=product.php%3Fid%3D3159898%26name%3Deuropa+baby+sale+palisades+crib HTTP/1.1" 200 23900 "-" "Mozilla/5.0 (Linux; Android 6.0.1; Nexus 5X Build/MMB29P) AppleWebKit/537.36 (KHTML, like Gecko) Chrome/136.0.7103.113 Mobile Safari/537.36 (compatible; Googlebot/2.1; +http://www.google.com/bot.html)"
66.249.64.11 - - [12/Jun/2025:09:10:50 -0400] "GET /?d=114889515260&filter=f4b633&share_to_url=shop.php%3Fid%3D3890215%26name%3Dhighchair+baby+chair HTTP/1.1" 200 24002 "-" "Mozilla/5.0 (Linux; Android 6.0.1; Nexus 5X Build/MMB29P) AppleWebKit/537.36 (KHTML, like Gecko) Chrome/136.0.7103.113 Mobile Safari/537.36 (compatible; Googlebot/2.1; +http://www.google.com/bot.html)"
66.249.64.11 - - [12/Jun/2025:09:10:50 -0400] "GET /?d=111465336260&filter=f4b633&share_to_url=discover.php%3Fid%3D3774965%26name%3Dglobal+g8949+navy HTTP/1.1" 200 22829 "-" "Mozilla/5.0 (Linux; Android 6.0.1; Nexus 5X Build/MMB29P) AppleWebKit/537.36 (KHTML, like Gecko) Chrome/136.0.7103.113 Mobile Safari/537.36 (compatible; Googlebot/2.1; +http://www.google.com/bot.html)"
66.249.64.14 - - [12/Jun/2025:09:10:51 -0400] "GET /?d=90735849260&filter=e8168d&share_to_url=item.php%3Fid%3D3075301%26name%3Dnike+downshifter+11+walking+running HTTP/1.1" 200 21943 "-" "Mozilla/5.0 (Linux; Android 6.0.1; Nexus 5X Build/MMB29P) AppleWebKit/537.36 (KHTML, like Gecko) Chrome/136.0.7103.113 Mobile Safari/537.36 (compatible; Googlebot/2.1; +http://www.google.com/bot.html)"
66.249.64.12 - - [12/Jun/2025:09:10:52 -0400] "GET /?d=95715076260&filter=fe4de8&share_to_url=pin.php%3Fid%3D3242922%26name%3Dcontax+ax+cameragx+a+new HTTP/1.1" 200 23219 "-" "Mozilla/5.0 (Linux; Android 6.0.1; Nexus 5X Build/MMB29P) AppleWebKit/537.36 (KHTML, like Gecko) Chrome/136.0.7103.113 Mobile Safari/537.36 (compatible; Googlebot/2.1; +http://www.google.com/bot.html)"
66.249.64.13 - - [12/Jun/2025:09:10:54 -0400] "GET /?d=103815909260&filter=469540&share_to_url=detail.php%3Fid%3D3517401%26name%3Dacceleration+treadmill HTTP/1.1" 200 24142 "-" "Mozilla/5.0 (Linux; Android 6.0.1; Nexus 5X Build/MMB29P) AppleWebKit/537.36 (KHTML, like Gecko) Chrome/136.0.7103.113 Mobile Safari/537.36 (compatible; Googlebot/2.1; +http://www.google.com/bot.html)"
208.110.64.178 - - [12/Jun/2025:09:10:54 -0400] "GET /wp-includes/edit.php HTTP/1.1" 302 6 "https://churchmr.com/wp-includes/edit.php" "Mozilla/5.0 (Windows NT 10.0; Win64; x64) AppleWebKit/537.36 (KHTML, like Gecko) Chrome/58.0.3029.110 Safari/537.3"
208.110.64.178 - - [12/Jun/2025:09:10:55 -0400] "GET /wp-includes/loginn.php HTTP/1.1" 302 6 "https://churchmr.com/wp-includes/edit.php" "Mozilla/5.0 (Windows NT 10.0; Win64; x64) AppleWebKit/537.36 (KHTML, like Gecko) Chrome/58.0.3029.110 Safari/537.3"
66.249.64.12 - - [12/Jun/2025:09:10:55 -0400] "GET /?d=37758156260&filter=6c17ee&share_to_url=goods.php%3Fid%3D1281887%26name%3Dgucci+baby+top+stroller+and HTTP/1.1" 200 23686 "-" "Mozilla/5.0 (Linux; Android 6.0.1; Nexus 5X Build/MMB29P) AppleWebKit/537.36 (KHTML, like Gecko) Chrome/136.0.7103.113 Mobile Safari/537.36 (compatible; Googlebot/2.1; +http://www.google.com/bot.html)"
208.110.64.178 - - [12/Jun/2025:09:10:56 -0400] "GET /wp-includes/loginn.php HTTP/1.1" 302 6 "https://churchmr.com/wp-includes/edit.php" "Mozilla/5.0 (Windows NT 10.0; Win64; x64) AppleWebKit/537.36 (KHTML, like Gecko) Chrome/58.0.3029.110 Safari/537.3"
157.55.39.200 - - [12/Jun/2025:09:10:56 -0400] "GET /?d=102152359260&filter=a4c9b9&share_to_url=model.php?id=3462447&name=nos%20rolex%20brevet HTTP/1.1" 200 23863 "-" "Mozilla/5.0 AppleWebKit/537.36 (KHTML, like Gecko; compatible; bingbot/2.0; +http://www.bing.com/bingbot.htm) Chrome/116.0.1938.76 Safari/537.36"
157.55.39.200 - - [12/Jun/2025:09:10:57 -0400] "GET /?d=100068660260&filter=90bdfb&share_to_url=model.php%3Fid%3D3391563%26name%3Dtiktok+shop+gorras HTTP/1.1" 200 23552 "-" "Mozilla/5.0 AppleWebKit/537.36 (KHTML, like Gecko; compatible; bingbot/2.0; +http://www.bing.com/bingbot.htm) Chrome/116.0.1938.76 Safari/537.36"
66.249.64.13 - - [12/Jun/2025:09:10:57 -0400] "GET /?d=113915425260&filter=b00edb&share_to_url=shopdetail.php%3Fid%3D3858044%26name%3Dcine+mini+red+v+raptor HTTP/1.1" 200 22966 "-" "Mozilla/5.0 (Linux; Android 6.0.1; Nexus 5X Build/MMB29P) AppleWebKit/537.36 (KHTML, like Gecko) Chrome/136.0.7103.113 Mobile Safari/537.36 (compatible; Googlebot/2.1; +http://www.google.com/bot.html)"
208.110.64.178 - - [12/Jun/2025:09:10:57 -0400] "GET /wp-includes/loginn.php HTTP/1.1" 302 6 "https://churchmr.com/wp-includes/edit.php" "Mozilla/5.0 (Windows NT 10.0; Win64; x64) AppleWebKit/537.36 (KHTML, like Gecko) Chrome/58.0.3029.110 Safari/537.3"
208.110.64.178 - - [12/Jun/2025:09:10:58 -0400] "GET /wp-includes/loginn.php HTTP/1.1" 302 6 "https://churchmr.com/wp-includes/edit.php" "Mozilla/5.0 (Windows NT 10.0; Win64; x64) AppleWebKit/537.36 (KHTML, like Gecko) Chrome/58.0.3029.110 Safari/537.3"
66.249.64.12 - - [12/Jun/2025:09:10:58 -0400] "GET /?d=112540162260&filter=af4b8a&share_to_url=pin.php%3Fid%3D3812142%26name%3Dtrek+road+bike+sunrise HTTP/1.1" 200 23221 "-" "Mozilla/5.0 (Linux; Android 6.0.1; Nexus 5X Build/MMB29P) AppleWebKit/537.36 (KHTML, like Gecko) Chrome/136.0.7103.113 Mobile Safari/537.36 (compatible; Googlebot/2.1; +http://www.google.com/bot.html)"
208.110.64.178 - - [12/Jun/2025:09:10:59 -0400] "GET /wp-includes/loginn.php HTTP/1.1" 302 6 "https://churchmr.com/wp-includes/edit.php" "Mozilla/5.0 (Windows NT 10.0; Win64; x64) AppleWebKit/537.36 (KHTML, like Gecko) Chrome/58.0.3029.110 Safari/537.3"
52.167.144.145 - - [12/Jun/2025:09:10:59 -0400] "GET /?d=85448887260&filter=058227&share_to_url=detail.php%3Fid%3D2894565%26name%3Dlidl+malta+how HTTP/1.1" 200 23048 "-" "Mozilla/5.0 AppleWebKit/537.36 (KHTML, like Gecko; compatible; bingbot/2.0; +http://www.bing.com/bingbot.htm) Chrome/116.0.1938.76 Safari/537.36"
66.249.64.12 - - [12/Jun/2025:09:11:00 -0400] "GET /?d=92849517260&filter=356565&share_to_url=pin.php%3Fid%3D3145698%26name%3Dwooden+watch+store+and HTTP/1.1" 200 23784 "-" "Mozilla/5.0 (Linux; Android 6.0.1; Nexus 5X Build/MMB29P) AppleWebKit/537.36 (KHTML, like Gecko) Chrome/136.0.7103.113 Mobile Safari/537.36 (compatible; Googlebot/2.1; +http://www.google.com/bot.html)"
208.110.64.178 - - [12/Jun/2025:09:11:00 -0400] "GET /wp-includes/loginn.php HTTP/1.1" 302 6 "https://churchmr.com/wp-includes/edit.php" "Mozilla/5.0 (Windows NT 10.0; Win64; x64) AppleWebKit/537.36 (KHTML, like Gecko) Chrome/58.0.3029.110 Safari/537.3"
66.249.64.13 - - [12/Jun/2025:09:11:01 -0400] "GET /?d=110493547260&filter=b18bc9&share_to_url=model.php%3Fid%3D3740511%26name%3Dvendo+caloi+29+2016+acera HTTP/1.1" 200 23616 "-" "Mozilla/5.0 (Linux; Android 6.0.1; Nexus 5X Build/MMB29P) AppleWebKit/537.36 (KHTML, like Gecko) Chrome/136.0.7103.113 Mobile Safari/537.36 (compatible; Googlebot/2.1; +http://www.google.com/bot.html)"
208.110.64.178 - - [12/Jun/2025:09:11:01 -0400] "GET /wp-includes/loginn.php HTTP/1.1" 302 6 "https://churchmr.com/wp-includes/edit.php" "Mozilla/5.0 (Windows NT 10.0; Win64; x64) AppleWebKit/537.36 (KHTML, like Gecko) Chrome/58.0.3029.110 Safari/537.3"
208.110.64.178 - - [12/Jun/2025:09:11:02 -0400] "GET /wp-includes/loginn.php HTTP/1.1" 302 6 "https://churchmr.com/wp-includes/edit.php" "Mozilla/5.0 (Windows NT 10.0; Win64; x64) AppleWebKit/537.36 (KHTML, like Gecko) Chrome/58.0.3029.110 Safari/537.3"
66.249.64.12 - - [12/Jun/2025:09:11:03 -0400] "GET /?d=89882244260&filter=d50c1d&share_to_url=product.php%3Fid%3D3046390%26name%3Dnbc+sports+%B9+%84+%89+x HTTP/1.1" 200 24120 "-" "Mozilla/5.0 (Linux; Android 6.0.1; Nexus 5X Build/MMB29P) AppleWebKit/537.36 (KHTML, like Gecko) Chrome/136.0.7103.113 Mobile Safari/537.36 (compatible; Googlebot/2.1; +http://www.google.com/bot.html)"
66.249.64.12 - - [12/Jun/2025:09:11:04 -0400] "GET /?d=113880327260&filter=de1f77&share_to_url=ideas.php%3Fid%3D3856908%26name%3Dnew+callaway+golf+stand HTTP/1.1" 200 23003 "-" "Mozilla/5.0 (Linux; Android 6.0.1; Nexus 5X Build/MMB29P) AppleWebKit/537.36 (KHTML, like Gecko) Chrome/136.0.7103.113 Mobile Safari/537.36 (compatible; Googlebot/2.1; +http://www.google.com/bot.html)"
40.77.167.149 - - [12/Jun/2025:09:11:04 -0400] "GET /?d=104011598260&filter=9e846e&share_to_url=pin.php%3Fid%3D3524298%26name%3Ddishlicker+coats HTTP/1.1" 200 22740 "-" "Mozilla/5.0 AppleWebKit/537.36 (KHTML, like Gecko; compatible; bingbot/2.0; +http://www.bing.com/bingbot.htm) Chrome/116.0.1938.76 Safari/537.36"
66.249.64.11 - - [12/Jun/2025:09:11:04 -0400] "GET /?d=109093391260&filter=6d6f21&share_to_url=item.php%3Fid%3D3693181%26name%3Dcal%C3%A7a+cargo+masculina+de+cor HTTP/1.1" 200 23981 "-" "Mozilla/5.0 (Linux; Android 6.0.1; Nexus 5X Build/MMB29P) AppleWebKit/537.36 (KHTML, like Gecko) Chrome/136.0.7103.113 Mobile Safari/537.36 (compatible; Googlebot/2.1; +http://www.google.com/bot.html)"
208.110.64.178 - - [12/Jun/2025:09:11:04 -0400] "GET /wp-includes/loginn.php HTTP/1.1" 302 6 "https://churchmr.com/wp-includes/edit.php" "Mozilla/5.0 (Windows NT 10.0; Win64; x64) AppleWebKit/537.36 (KHTML, like Gecko) Chrome/58.0.3029.110 Safari/537.3"
66.249.64.12 - - [12/Jun/2025:09:11:05 -0400] "GET /?d=32652374260&filter=977925&share_to_url=ideas.php%3Fid%3D1110096%26name%3Dscarpe+adidas+bambina+run+falcon HTTP/1.1" 200 23780 "-" "Mozilla/5.0 (Linux; Android 6.0.1; Nexus 5X Build/MMB29P) AppleWebKit/537.36 (KHTML, like Gecko) Chrome/136.0.7103.113 Mobile Safari/537.36 (compatible; Googlebot/2.1; +http://www.google.com/bot.html)"
208.110.64.178 - - [12/Jun/2025:09:11:05 -0400] "GET /wp-includes/loginn.php HTTP/1.1" 302 6 "https://churchmr.com/wp-includes/edit.php" "Mozilla/5.0 (Windows NT 10.0; Win64; x64) AppleWebKit/537.36 (KHTML, like Gecko) Chrome/58.0.3029.110 Safari/537.3"
157.55.39.200 - - [12/Jun/2025:09:11:06 -0400] "GET /?d=88886909260&filter=34489c&share_to_url=pin.php%3Fid%3D3012498%26name%3Dmocassins+tendance+chez HTTP/1.1" 200 24508 "-" "Mozilla/5.0 AppleWebKit/537.36 (KHTML, like Gecko; compatible; bingbot/2.0; +http://www.bing.com/bingbot.htm) Chrome/116.0.1938.76 Safari/537.36"
208.110.64.178 - - [12/Jun/2025:09:11:06 -0400] "GET /wp-includes/loginn.php HTTP/1.1" 302 6 "https://churchmr.com/wp-includes/edit.php" "Mozilla/5.0 (Windows NT 10.0; Win64; x64) AppleWebKit/537.36 (KHTML, like Gecko) Chrome/58.0.3029.110 Safari/537.3"
66.249.64.12 - - [12/Jun/2025:09:11:06 -0400] "GET /?d=95488762260&filter=1499ca&share_to_url=model.php%3Fid%3D3235203%26name%3Dgame+f+fortnites+wallpaper+soft+phone+cover HTTP/1.1" 200 24066 "-" "Mozilla/5.0 (Linux; Android 6.0.1; Nexus 5X Build/MMB29P) AppleWebKit/537.36 (KHTML, like Gecko) Chrome/136.0.7103.113 Mobile Safari/537.36 (compatible; Googlebot/2.1; +http://www.google.com/bot.html)"
208.110.64.178 - - [12/Jun/2025:09:11:07 -0400] "GET /wp-includes/loginn.php HTTP/1.1" 302 6 "https://churchmr.com/wp-includes/edit.php" "Mozilla/5.0 (Windows NT 10.0; Win64; x64) AppleWebKit/537.36 (KHTML, like Gecko) Chrome/58.0.3029.110 Safari/537.3"
66.249.64.11 - - [12/Jun/2025:09:11:08 -0400] "GET /?d=111300464260&filter=8c05fb&share_to_url=model.php%3Fid%3D3769335%26name%3Dmen+039+s+white+3xlt+graphic+t+shirts HTTP/1.1" 200 24445 "-" "Mozilla/5.0 (Linux; Android 6.0.1; Nexus 5X Build/MMB29P) AppleWebKit/537.36 (KHTML, like Gecko) Chrome/136.0.7103.113 Mobile Safari/537.36 (compatible; Googlebot/2.1; +http://www.google.com/bot.html)"
66.249.64.11 - - [12/Jun/2025:09:11:09 -0400] "GET /?d=89124614260&filter=1c8ef9&share_to_url=shopdetail.php%3Fid%3D3020804%26name%3Dpedali+mtb+crank+brothers HTTP/1.1" 200 23024 "-" "Mozilla/5.0 (Linux; Android 6.0.1; Nexus 5X Build/MMB29P) AppleWebKit/537.36 (KHTML, like Gecko) Chrome/136.0.7103.113 Mobile Safari/537.36 (compatible; Googlebot/2.1; +http://www.google.com/bot.html)"
208.110.64.178 - - [12/Jun/2025:09:11:09 -0400] "GET /wp-includes/loginn.php HTTP/1.1" 302 6 "https://churchmr.com/wp-includes/edit.php" "Mozilla/5.0 (Windows NT 10.0; Win64; x64) AppleWebKit/537.36 (KHTML, like Gecko) Chrome/58.0.3029.110 Safari/537.3"
66.249.64.11 - - [12/Jun/2025:09:11:09 -0400] "GET /?d=92235763260&filter=6ee96f&share_to_url=shop.php%3Fid%3D3124555%26name%3Dlisten+to+uffie+hot+chick HTTP/1.1" 200 22840 "-" "Mozilla/5.0 (Linux; Android 6.0.1; Nexus 5X Build/MMB29P) AppleWebKit/537.36 (KHTML, like Gecko) Chrome/136.0.7103.113 Mobile Safari/537.36 (compatible; Googlebot/2.1; +http://www.google.com/bot.html)"
66.249.64.11 - - [12/Jun/2025:09:11:10 -0400] "GET /?d=94251881260&filter=e8168d&share_to_url=ideas.php%3Fid%3D3193920%26name%3Dempresa+nike+en+el HTTP/1.1" 200 23893 "-" "Mozilla/5.0 (Linux; Android 6.0.1; Nexus 5X Build/MMB29P) AppleWebKit/537.36 (KHTML, like Gecko) Chrome/136.0.7103.113 Mobile Safari/537.36 (compatible; Googlebot/2.1; +http://www.google.com/bot.html)"
208.110.64.178 - - [12/Jun/2025:09:11:10 -0400] "GET /wp-includes/loginn.php HTTP/1.1" 302 6 "https://churchmr.com/wp-includes/edit.php" "Mozilla/5.0 (Windows NT 10.0; Win64; x64) AppleWebKit/537.36 (KHTML, like Gecko) Chrome/58.0.3029.110 Safari/537.3"
66.249.64.11 - - [12/Jun/2025:09:11:10 -0400] "GET /?d=86528571260&filter=298b97&share_to_url=product.php%3Fid%3D2931838%26name%3Dstyle+x+txt+on HTTP/1.1" 200 24141 "-" "Mozilla/5.0 (Linux; Android 6.0.1; Nexus 5X Build/MMB29P) AppleWebKit/537.36 (KHTML, like Gecko) Chrome/136.0.7103.113 Mobile Safari/537.36 (compatible; Googlebot/2.1; +http://www.google.com/bot.html)"
52.167.144.213 - - [12/Jun/2025:09:11:10 -0400] "GET /?d=87296040260&filter=e270d8&share_to_url=goods.php%3Fid%3D2958371%26name%3Dchevron+pillow+covers+pdf HTTP/1.1" 200 23734 "-" "Mozilla/5.0 AppleWebKit/537.36 (KHTML, like Gecko; compatible; bingbot/2.0; +http://www.bing.com/bingbot.htm) Chrome/116.0.1938.76 Safari/537.36"
208.110.64.178 - - [12/Jun/2025:09:11:11 -0400] "GET /wp-includes/loginn.php HTTP/1.1" 302 6 "https://churchmr.com/wp-includes/edit.php" "Mozilla/5.0 (Windows NT 10.0; Win64; x64) AppleWebKit/537.36 (KHTML, like Gecko) Chrome/58.0.3029.110 Safari/537.3"
66.249.64.11 - - [12/Jun/2025:09:11:11 -0400] "GET /?d=111716673260&filter=1066c7&share_to_url=detail.php%3Fid%3D3783801%26name%3Dsector+no+limits+550 HTTP/1.1" 200 23330 "-" "Mozilla/5.0 (Linux; Android 6.0.1; Nexus 5X Build/MMB29P) AppleWebKit/537.36 (KHTML, like Gecko) Chrome/136.0.7103.113 Mobile Safari/537.36 (compatible; Googlebot/2.1; +http://www.google.com/bot.html)"
208.110.64.178 - - [12/Jun/2025:09:11:11 -0400] "GET /wp-includes/loginn.php HTTP/1.1" 302 6 "https://churchmr.com/wp-includes/edit.php" "Mozilla/5.0 (Windows NT 10.0; Win64; x64) AppleWebKit/537.36 (KHTML, like Gecko) Chrome/58.0.3029.110 Safari/537.3"
208.110.64.178 - - [12/Jun/2025:09:11:12 -0400] "GET /wp-includes/loginn.php HTTP/1.1" 302 6 "https://churchmr.com/wp-includes/edit.php" "Mozilla/5.0 (Windows NT 10.0; Win64; x64) AppleWebKit/537.36 (KHTML, like Gecko) Chrome/58.0.3029.110 Safari/537.3"
66.249.64.11 - - [12/Jun/2025:09:11:12 -0400] "GET /?d=106161819260&filter=7d768c&share_to_url=detail.php%3Fid%3D3595725%26name%3Dmobike+rides+the HTTP/1.1" 200 24226 "-" "Mozilla/5.0 (Linux; Android 6.0.1; Nexus 5X Build/MMB29P) AppleWebKit/537.36 (KHTML, like Gecko) Chrome/136.0.7103.113 Mobile Safari/537.36 (compatible; Googlebot/2.1; +http://www.google.com/bot.html)"
66.249.64.11 - - [12/Jun/2025:09:11:13 -0400] "GET /?d=105274903260&filter=f4b633&share_to_url=product.php%3Fid%3D3566542%26name%3Dbest+baby+bouncers+and HTTP/1.1" 200 23534 "-" "Mozilla/5.0 (Linux; Android 6.0.1; Nexus 5X Build/MMB29P) AppleWebKit/537.36 (KHTML, like Gecko) Chrome/136.0.7103.113 Mobile Safari/537.36 (compatible; Googlebot/2.1; +http://www.google.com/bot.html)"
208.110.64.178 - - [12/Jun/2025:09:11:13 -0400] "GET /wp-includes/loginn.php HTTP/1.1" 302 6 "https://churchmr.com/wp-includes/edit.php" "Mozilla/5.0 (Windows NT 10.0; Win64; x64) AppleWebKit/537.36 (KHTML, like Gecko) Chrome/58.0.3029.110 Safari/537.3"
66.249.64.11 - - [12/Jun/2025:09:11:14 -0400] "GET /?d=105051448260&filter=3b569e&share_to_url=product-page.php%3Fid%3D3559132%26name%3Dversace+brown+medusa+clearance HTTP/1.1" 200 23744 "-" "Mozilla/5.0 (Linux; Android 6.0.1; Nexus 5X Build/MMB29P) AppleWebKit/537.36 (KHTML, like Gecko) Chrome/136.0.7103.113 Mobile Safari/537.36 (compatible; Googlebot/2.1; +http://www.google.com/bot.html)"
208.110.64.178 - - [12/Jun/2025:09:11:14 -0400] "GET /wp-includes/loginn.php HTTP/1.1" 302 6 "https://churchmr.com/wp-includes/edit.php" "Mozilla/5.0 (Windows NT 10.0; Win64; x64) AppleWebKit/537.36 (KHTML, like Gecko) Chrome/58.0.3029.110 Safari/537.3"
208.110.64.178 - - [12/Jun/2025:09:11:15 -0400] "GET /wp-includes/loginn.php HTTP/1.1" 302 6 "https://churchmr.com/wp-includes/edit.php" "Mozilla/5.0 (Windows NT 10.0; Win64; x64) AppleWebKit/537.36 (KHTML, like Gecko) Chrome/58.0.3029.110 Safari/537.3"
208.110.64.178 - - [12/Jun/2025:09:11:16 -0400] "GET /wp-includes/loginn.php HTTP/1.1" 302 6 "https://churchmr.com/wp-includes/edit.php" "Mozilla/5.0 (Windows NT 10.0; Win64; x64) AppleWebKit/537.36 (KHTML, like Gecko) Chrome/58.0.3029.110 Safari/537.3"
66.249.64.12 - - [12/Jun/2025:09:11:16 -0400] "GET /?d=110910838260&filter=7dfe8b&share_to_url=goods.php%3Fid%3D3755711%26name%3Djunior+predator+elite HTTP/1.1" 200 22859 "-" "Mozilla/5.0 (Linux; Android 6.0.1; Nexus 5X Build/MMB29P) AppleWebKit/537.36 (KHTML, like Gecko) Chrome/136.0.7103.113 Mobile Safari/537.36 (compatible; Googlebot/2.1; +http://www.google.com/bot.html)"
208.110.64.178 - - [12/Jun/2025:09:11:17 -0400] "GET /wp-includes/loginn.php HTTP/1.1" 302 6 "https://churchmr.com/wp-includes/edit.php" "Mozilla/5.0 (Windows NT 10.0; Win64; x64) AppleWebKit/537.36 (KHTML, like Gecko) Chrome/58.0.3029.110 Safari/537.3"
66.249.64.12 - - [12/Jun/2025:09:11:17 -0400] "GET /?d=110588247260&filter=c805fc&share_to_url=goods.php%3Fid%3D3743939%26name%3D30+50+gallon+aquariums HTTP/1.1" 200 22778 "-" "Mozilla/5.0 (Linux; Android 6.0.1; Nexus 5X Build/MMB29P) AppleWebKit/537.36 (KHTML, like Gecko) Chrome/136.0.7103.113 Mobile Safari/537.36 (compatible; Googlebot/2.1; +http://www.google.com/bot.html)"
208.110.64.178 - - [12/Jun/2025:09:11:18 -0400] "GET /wp-includes/loginn.php HTTP/1.1" 302 6 "https://churchmr.com/wp-includes/edit.php" "Mozilla/5.0 (Windows NT 10.0; Win64; x64) AppleWebKit/537.36 (KHTML, like Gecko) Chrome/58.0.3029.110 Safari/537.3"
66.249.64.12 - - [12/Jun/2025:09:11:18 -0400] "GET /?d=93777499260&filter=1c33e9&share_to_url=model.php%3Fid%3D3177159%26name%3Dworking+cocker+spaniels HTTP/1.1" 200 24099 "-" "Mozilla/5.0 (Linux; Android 6.0.1; Nexus 5X Build/MMB29P) AppleWebKit/537.36 (KHTML, like Gecko) Chrome/136.0.7103.113 Mobile Safari/537.36 (compatible; Googlebot/2.1; +http://www.google.com/bot.html)"
208.110.64.178 - - [12/Jun/2025:09:11:18 -0400] "GET /wp-includes/loginn.php HTTP/1.1" 302 6 "https://churchmr.com/wp-includes/edit.php" "Mozilla/5.0 (Windows NT 10.0; Win64; x64) AppleWebKit/537.36 (KHTML, like Gecko) Chrome/58.0.3029.110 Safari/537.3"
66.249.64.12 - - [12/Jun/2025:09:11:19 -0400] "GET /?d=90600750260&filter=a0f400&share_to_url=article.php%3Fid%3D3070622%26name%3Deuroma2+quali+negozi+ci HTTP/1.1" 200 23407 "-" "Mozilla/5.0 (Linux; Android 6.0.1; Nexus 5X Build/MMB29P) AppleWebKit/537.36 (KHTML, like Gecko) Chrome/136.0.7103.113 Mobile Safari/537.36 (compatible; Googlebot/2.1; +http://www.google.com/bot.html)"
208.110.64.178 - - [12/Jun/2025:09:11:19 -0400] "GET /wp-includes/loginn.php HTTP/1.1" 302 6 "https://churchmr.com/wp-includes/edit.php" "Mozilla/5.0 (Windows NT 10.0; Win64; x64) AppleWebKit/537.36 (KHTML, like Gecko) Chrome/58.0.3029.110 Safari/537.3"
66.249.64.11 - - [12/Jun/2025:09:11:20 -0400] "GET /?d=98903881260&filter=a19797&share_to_url=item.php%3Fid%3D3351661%26name%3Dpink+sapphire HTTP/1.1" 200 23541 "-" "Mozilla/5.0 (Linux; Android 6.0.1; Nexus 5X Build/MMB29P) AppleWebKit/537.36 (KHTML, like Gecko) Chrome/136.0.7103.113 Mobile Safari/537.36 (compatible; Googlebot/2.1; +http://www.google.com/bot.html)"
66.249.64.11 - - [12/Jun/2025:09:11:20 -0400] "GET /?d=92149416260&filter=363c48&share_to_url=article.php%3Fid%3D3121634%26name%3Dlarge+chic+dance+bag+div HTTP/1.1" 200 23992 "-" "Mozilla/5.0 (Linux; Android 6.0.1; Nexus 5X Build/MMB29P) AppleWebKit/537.36 (KHTML, like Gecko) Chrome/136.0.7103.113 Mobile Safari/537.36 (compatible; Googlebot/2.1; +http://www.google.com/bot.html)"
66.249.64.12 - - [12/Jun/2025:09:11:20 -0400] "GET /?d=101991828260&filter=bfc81f&share_to_url=ideas.php%3Fid%3D3457356%26name%3Dmega+moto+212+mini+bike HTTP/1.1" 200 23460 "-" "Mozilla/5.0 (Linux; Android 6.0.1; Nexus 5X Build/MMB29P) AppleWebKit/537.36 (KHTML, like Gecko) Chrome/136.0.7103.113 Mobile Safari/537.36 (compatible; Googlebot/2.1; +http://www.google.com/bot.html)"
