52.167.144.200 - - [26/Apr/2025:09:48:15 -0400] "GET /?d=86788755260&filter=30b959&share_to_url=product-page.php%3Fid%3D2940472%26name%3Dopticron+8x25+aspheric HTTP/1.1" 200 23077 "-" "Mozilla/5.0 AppleWebKit/537.36 (KHTML, like Gecko; compatible; bingbot/2.0; +http://www.bing.com/bingbot.htm) Chrome/116.0.1938.76 Safari/537.36"
52.167.144.197 - - [26/Apr/2025:09:48:18 -0400] "GET /?d=87846144260&filter=032fe0&share_to_url=pin.php%3Fid%3D2976750%26name%3Dazuremble+collection+white HTTP/1.1" 200 24070 "-" "Mozilla/5.0 AppleWebKit/537.36 (KHTML, like Gecko; compatible; bingbot/2.0; +http://www.bing.com/bingbot.htm) Chrome/116.0.1938.76 Safari/537.36"
52.167.144.203 - - [26/Apr/2025:09:48:18 -0400] "GET /?d=107377431260&filter=4a33b7&share_to_url=detail.php%3Fid%3D3636345%26name%3Dchinon+belami+af+35mm HTTP/1.1" 200 23725 "-" "Mozilla/5.0 AppleWebKit/537.36 (KHTML, like Gecko; compatible; bingbot/2.0; +http://www.bing.com/bingbot.htm) Chrome/116.0.1938.76 Safari/537.36"
52.167.144.203 - - [26/Apr/2025:09:48:18 -0400] "GET /?d=96422923260&filter=eee8f3&share_to_url=detail.php%3Fid%3D3266901%26name%3Dthe+last+naruto HTTP/1.1" 200 23327 "-" "Mozilla/5.0 AppleWebKit/537.36 (KHTML, like Gecko; compatible; bingbot/2.0; +http://www.bing.com/bingbot.htm) Chrome/116.0.1938.76 Safari/537.36"
52.167.144.203 - - [26/Apr/2025:09:48:19 -0400] "GET /?d=96989532260&filter=cb7031&share_to_url=shopdetail.php%3Fid%3D3286052%26name%3Dfoulard+galeries+lafayette HTTP/1.1" 200 23405 "-" "Mozilla/5.0 AppleWebKit/537.36 (KHTML, like Gecko; compatible; bingbot/2.0; +http://www.bing.com/bingbot.htm) Chrome/116.0.1938.76 Safari/537.36"
52.167.144.203 - - [26/Apr/2025:09:48:20 -0400] "GET /?d=115266376260&filter=56d765&share_to_url=ideas.php%3Fid%3D3903264%26name%3Domega HTTP/1.1" 200 22127 "-" "Mozilla/5.0 AppleWebKit/537.36 (KHTML, like Gecko; compatible; bingbot/2.0; +http://www.bing.com/bingbot.htm) Chrome/116.0.1938.76 Safari/537.36"
52.167.144.203 - - [26/Apr/2025:09:48:46 -0400] "GET /?d=105441825260&filter=a75ffa&share_to_url=ideas.php%3Fid%3D3572004%26name%3D25+new+years+eve HTTP/1.1" 200 23547 "-" "Mozilla/5.0 AppleWebKit/537.36 (KHTML, like Gecko; compatible; bingbot/2.0; +http://www.bing.com/bingbot.htm) Chrome/116.0.1938.76 Safari/537.36"
52.167.144.197 - - [26/Apr/2025:09:48:51 -0400] "GET /?d=90184627260&filter=c7968e&share_to_url=ideas.php%3Fid%3D3056124%26name%3Dsaint+laurent+vicky+hot HTTP/1.1" 200 22726 "-" "Mozilla/5.0 AppleWebKit/537.36 (KHTML, like Gecko; compatible; bingbot/2.0; +http://www.bing.com/bingbot.htm) Chrome/116.0.1938.76 Safari/537.36"
52.167.144.171 - - [26/Apr/2025:09:48:58 -0400] "GET /?d=104604622260&filter=cab71d&share_to_url=discover.php%3Fid%3D3544481%26name%3Daventik+semi+automatic+fly HTTP/1.1" 200 24055 "-" "Mozilla/5.0 AppleWebKit/537.36 (KHTML, like Gecko; compatible; bingbot/2.0; +http://www.bing.com/bingbot.htm) Chrome/116.0.1938.76 Safari/537.36"
66.249.66.10 - - [26/Apr/2025:09:49:08 -0400] "GET /?d=104494593260&filter=e80e68&share_to_url=product.php%3Fid%3D3540694%26name%3Datrangi+yaari+lyrics+pdf HTTP/1.1" 200 23648 "-" "Mozilla/5.0 (Linux; Android 6.0.1; Nexus 5X Build/MMB29P) AppleWebKit/537.36 (KHTML, like Gecko) Chrome/135.0.7049.95 Mobile Safari/537.36 (compatible; GoogleOther)"
52.167.144.171 - - [26/Apr/2025:09:49:08 -0400] "GET /?d=86048289260&filter=d07a8e&share_to_url=discover.php%3Fid%3D2915201%26name%3Dsony+ccd+v50e+video8 HTTP/1.1" 200 23329 "-" "Mozilla/5.0 AppleWebKit/537.36 (KHTML, like Gecko; compatible; bingbot/2.0; +http://www.bing.com/bingbot.htm) Chrome/116.0.1938.76 Safari/537.36"
52.167.144.203 - - [26/Apr/2025:09:49:56 -0400] "GET /?d=93324707260&filter=ce52f2&share_to_url=article.php%3Fid%3D3161726%26name%3Dtoteme+bergerac+sales+coat HTTP/1.1" 200 23654 "-" "Mozilla/5.0 AppleWebKit/537.36 (KHTML, like Gecko; compatible; bingbot/2.0; +http://www.bing.com/bingbot.htm) Chrome/116.0.1938.76 Safari/537.36"
52.167.144.203 - - [26/Apr/2025:09:49:58 -0400] "GET /?d=90256309260&filter=56e2eb&share_to_url=shopdetail.php%3Fid%3D3058664%26name%3Dplush+unicorn+max HTTP/1.1" 200 23406 "-" "Mozilla/5.0 AppleWebKit/537.36 (KHTML, like Gecko; compatible; bingbot/2.0; +http://www.bing.com/bingbot.htm) Chrome/116.0.1938.76 Safari/537.36"
52.167.144.203 - - [26/Apr/2025:09:50:06 -0400] "GET /?d=104740240260&filter=a8fc1c&share_to_url=shop.php%3Fid%3D3549079%26name%3Dall+sizes+uwabaki+slippers HTTP/1.1" 200 23552 "-" "Mozilla/5.0 AppleWebKit/537.36 (KHTML, like Gecko; compatible; bingbot/2.0; +http://www.bing.com/bingbot.htm) Chrome/116.0.1938.76 Safari/537.36"
52.167.144.203 - - [26/Apr/2025:09:50:07 -0400] "GET /?d=105131728260&filter=ef2428&share_to_url=goods.php%3Fid%3D3561575%26name%3Dpuedes+ense%C3%B1arle+a+owleez HTTP/1.1" 200 23234 "-" "Mozilla/5.0 AppleWebKit/537.36 (KHTML, like Gecko; compatible; bingbot/2.0; +http://www.bing.com/bingbot.htm) Chrome/116.0.1938.76 Safari/537.36"
52.167.144.200 - - [26/Apr/2025:09:50:11 -0400] "GET /?d=105992051260&filter=b190c6&share_to_url=pin.php%3Fid%3D3590286%26name%3Dez+slouch+carpenter+jeans HTTP/1.1" 200 22941 "-" "Mozilla/5.0 AppleWebKit/537.36 (KHTML, like Gecko; compatible; bingbot/2.0; +http://www.bing.com/bingbot.htm) Chrome/116.0.1938.76 Safari/537.36"
52.167.144.200 - - [26/Apr/2025:09:50:12 -0400] "GET /?d=101011935260&filter=0ab89c&share_to_url=detail.php%3Fid%3D3424041%26name%3Dopal+socken+und+pulloverwolle HTTP/1.1" 200 23590 "-" "Mozilla/5.0 AppleWebKit/537.36 (KHTML, like Gecko; compatible; bingbot/2.0; +http://www.bing.com/bingbot.htm) Chrome/116.0.1938.76 Safari/537.36"
52.167.144.200 - - [26/Apr/2025:09:50:20 -0400] "GET /?d=88879954260&filter=e80e68&share_to_url=goods.php%3Fid%3D3012251%26name%3Dkanule+kanele+song+lyrics HTTP/1.1" 200 23211 "-" "Mozilla/5.0 AppleWebKit/537.36 (KHTML, like Gecko; compatible; bingbot/2.0; +http://www.bing.com/bingbot.htm) Chrome/116.0.1938.76 Safari/537.36"
52.167.144.203 - - [26/Apr/2025:09:50:37 -0400] "GET /?d=117134377260&filter=83f648&share_to_url=ideas.php%3Fid%3D3966852%26name%3Dmormaii+milao+mo132 HTTP/1.1" 200 22189 "-" "Mozilla/5.0 AppleWebKit/537.36 (KHTML, like Gecko; compatible; bingbot/2.0; +http://www.bing.com/bingbot.htm) Chrome/116.0.1938.76 Safari/537.36"
52.167.144.171 - - [26/Apr/2025:09:50:42 -0400] "GET /?d=99308150260&filter=a93973&share_to_url=discover.php%3Fid%3D3365753%26name%3Dvila+parka+f%C3%BCr+damen HTTP/1.1" 200 24264 "-" "Mozilla/5.0 AppleWebKit/537.36 (KHTML, like Gecko; compatible; bingbot/2.0; +http://www.bing.com/bingbot.htm) Chrome/116.0.1938.76 Safari/537.36"
52.167.144.171 - - [26/Apr/2025:09:50:48 -0400] "GET /?d=95265245260&filter=1b6d6c&share_to_url=goods.php%3Fid%3D3227315%26name%3Dfivefingers+performa+jane+fitness HTTP/1.1" 200 22707 "-" "Mozilla/5.0 AppleWebKit/537.36 (KHTML, like Gecko; compatible; bingbot/2.0; +http://www.bing.com/bingbot.htm) Chrome/116.0.1938.76 Safari/537.36"
52.167.144.200 - - [26/Apr/2025:09:50:53 -0400] "GET /?d=107244790260&filter=d60d32&share_to_url=item.php%3Fid%3D3631753%26name%3Dxikezan+beard+grooming HTTP/1.1" 200 23323 "-" "Mozilla/5.0 AppleWebKit/537.36 (KHTML, like Gecko; compatible; bingbot/2.0; +http://www.bing.com/bingbot.htm) Chrome/116.0.1938.76 Safari/537.36"
52.167.144.203 - - [26/Apr/2025:09:50:57 -0400] "GET /?d=107753888260&filter=4e3d0a&share_to_url=detail.php%3Fid%3D3648801%26name%3Dwhite+dresses+for+women HTTP/1.1" 200 22982 "-" "Mozilla/5.0 AppleWebKit/537.36 (KHTML, like Gecko; compatible; bingbot/2.0; +http://www.bing.com/bingbot.htm) Chrome/116.0.1938.76 Safari/537.36"
52.167.144.200 - - [26/Apr/2025:09:51:02 -0400] "GET /?d=89699668260&filter=b11a05&share_to_url=article.php%3Fid%3D3040274%26name%3Dbitter+orange+wikipedia HTTP/1.1" 200 22441 "-" "Mozilla/5.0 AppleWebKit/537.36 (KHTML, like Gecko; compatible; bingbot/2.0; +http://www.bing.com/bingbot.htm) Chrome/116.0.1938.76 Safari/537.36"
52.167.144.200 - - [26/Apr/2025:09:51:11 -0400] "GET /?d=109120979260&filter=0f9aff&share_to_url=shopdetail.php%3Fid%3D3694184%26name%3Dpaso+a+paso+cartera HTTP/1.1" 200 23381 "-" "Mozilla/5.0 AppleWebKit/537.36 (KHTML, like Gecko; compatible; bingbot/2.0; +http://www.bing.com/bingbot.htm) Chrome/116.0.1938.76 Safari/537.36"
52.167.144.171 - - [26/Apr/2025:09:51:49 -0400] "GET /?d=92571678260&filter=0e419f&share_to_url=detail.php%3Fid%3D3136401%26name%3Damd+i2c+controller HTTP/1.1" 200 24032 "-" "Mozilla/5.0 AppleWebKit/537.36 (KHTML, like Gecko; compatible; bingbot/2.0; +http://www.bing.com/bingbot.htm) Chrome/116.0.1938.76 Safari/537.36"
52.167.144.171 - - [26/Apr/2025:09:51:51 -0400] "GET /?d=107013209260&filter=92edf0&share_to_url=discover.php%3Fid%3D3624209%26name%3Dsheer+tights+leggings HTTP/1.1" 200 23402 "-" "Mozilla/5.0 AppleWebKit/537.36 (KHTML, like Gecko; compatible; bingbot/2.0; +http://www.bing.com/bingbot.htm) Chrome/116.0.1938.76 Safari/537.36"
52.167.144.203 - - [26/Apr/2025:09:52:07 -0400] "GET /?d=51624023260&filter=aae97a&share_to_url=pin.php%3Fid%3D1754514%26name%3Dquanto+guadagna+un+giocatore HTTP/1.1" 200 22890 "-" "Mozilla/5.0 AppleWebKit/537.36 (KHTML, like Gecko; compatible; bingbot/2.0; +http://www.bing.com/bingbot.htm) Chrome/116.0.1938.76 Safari/537.36"
52.167.144.203 - - [26/Apr/2025:09:52:08 -0400] "GET /?d=90886350260&filter=7f236e&share_to_url=model.php%3Fid%3D3080391%26name%3Dbuy+robe+longue+nou%C3%A9e HTTP/1.1" 200 23090 "-" "Mozilla/5.0 AppleWebKit/537.36 (KHTML, like Gecko; compatible; bingbot/2.0; +http://www.bing.com/bingbot.htm) Chrome/116.0.1938.76 Safari/537.36"
52.167.144.200 - - [26/Apr/2025:09:52:11 -0400] "GET /?d=83464900260&filter=f52d8d&share_to_url=model.php%3Fid%3D2827371%26name%3Dp2961+auriculares+inal%C3%A1mbricos+bluetooth HTTP/1.1" 200 23208 "-" "Mozilla/5.0 AppleWebKit/537.36 (KHTML, like Gecko; compatible; bingbot/2.0; +http://www.bing.com/bingbot.htm) Chrome/116.0.1938.76 Safari/537.36"
52.167.144.171 - - [26/Apr/2025:09:52:11 -0400] "GET /?d=109436365260&filter=bbd03f&share_to_url=detail.php%3Fid%3D3704301%26name%3Dsusan+cummings+sterling+silver HTTP/1.1" 200 22717 "-" "Mozilla/5.0 AppleWebKit/537.36 (KHTML, like Gecko; compatible; bingbot/2.0; +http://www.bing.com/bingbot.htm) Chrome/116.0.1938.76 Safari/537.36"
52.167.144.171 - - [26/Apr/2025:09:52:12 -0400] "GET /?d=116661973260&filter=db82cf&share_to_url=product.php%3Fid%3D3950710%26name%3Davamo+ladies+sneaker+wedge HTTP/1.1" 200 23175 "-" "Mozilla/5.0 AppleWebKit/537.36 (KHTML, like Gecko; compatible; bingbot/2.0; +http://www.bing.com/bingbot.htm) Chrome/116.0.1938.76 Safari/537.36"
102.89.83.244 - - [26/Apr/2025:09:52:58 -0400] "GET /loginn HTTP/1.1" 302 0 "-" "Mozilla/5.0 (Linux; Android 10; K) AppleWebKit/537.36 (KHTML, like Gecko) Chrome/135.0.0.0 Mobile Safari/537.36"
102.89.83.244 - - [26/Apr/2025:09:52:59 -0400] "GET /loginn.php HTTP/1.1" 200 832 "-" "Mozilla/5.0 (Linux; Android 10; K) AppleWebKit/537.36 (KHTML, like Gecko) Chrome/135.0.0.0 Mobile Safari/537.36"
102.89.83.244 - - [26/Apr/2025:09:52:59 -0400] "GET /user/upload/user.jpg HTTP/1.1" 304 0 "https://www.churchmr.com/loginn.php" "Mozilla/5.0 (Linux; Android 10; K) AppleWebKit/537.36 (KHTML, like Gecko) Chrome/135.0.0.0 Mobile Safari/537.36"
102.89.83.244 - - [26/Apr/2025:09:52:59 -0400] "GET /dist/css/AdminLTE.min.css HTTP/1.1" 304 0 "https://www.churchmr.com/loginn.php" "Mozilla/5.0 (Linux; Android 10; K) AppleWebKit/537.36 (KHTML, like Gecko) Chrome/135.0.0.0 Mobile Safari/537.36"
102.89.83.244 - - [26/Apr/2025:09:52:59 -0400] "GET /bootstrap/css/bootstrap.min.css HTTP/1.1" 304 0 "https://www.churchmr.com/loginn.php" "Mozilla/5.0 (Linux; Android 10; K) AppleWebKit/537.36 (KHTML, like Gecko) Chrome/135.0.0.0 Mobile Safari/537.36"
102.89.83.244 - - [26/Apr/2025:09:53:00 -0400] "GET /bootstrap/fonts/glyphicons-halflings-regular.woff2 HTTP/1.1" 304 0 "https://www.churchmr.com/bootstrap/css/bootstrap.min.css" "Mozilla/5.0 (Linux; Android 10; K) AppleWebKit/537.36 (KHTML, like Gecko) Chrome/135.0.0.0 Mobile Safari/537.36"
102.89.83.244 - - [26/Apr/2025:09:53:00 -0400] "GET /favicon.ico HTTP/1.1" 404 1251 "https://www.churchmr.com/loginn.php" "Mozilla/5.0 (Linux; Android 10; K) AppleWebKit/537.36 (KHTML, like Gecko) Chrome/135.0.0.0 Mobile Safari/537.36"
102.89.83.244 - - [26/Apr/2025:09:53:18 -0400] "POST /loginn.php HTTP/1.1" 302 5 "https://www.churchmr.com/loginn.php" "Mozilla/5.0 (Linux; Android 10; K) AppleWebKit/537.36 (KHTML, like Gecko) Chrome/135.0.0.0 Mobile Safari/537.36"
102.89.83.244 - - [26/Apr/2025:09:53:19 -0400] "GET /dclm/program.php HTTP/1.1" 200 6187 "https://www.churchmr.com/loginn.php" "Mozilla/5.0 (Linux; Android 10; K) AppleWebKit/537.36 (KHTML, like Gecko) Chrome/135.0.0.0 Mobile Safari/537.36"
102.89.83.244 - - [26/Apr/2025:09:53:19 -0400] "GET /plugins/select2/select2.min.css HTTP/1.1" 304 0 "https://www.churchmr.com/dclm/program.php" "Mozilla/5.0 (Linux; Android 10; K) AppleWebKit/537.36 (KHTML, like Gecko) Chrome/135.0.0.0 Mobile Safari/537.36"
102.89.83.244 - - [26/Apr/2025:09:53:19 -0400] "GET /plugins/daterangepicker/daterangepicker-bs3.css HTTP/1.1" 304 0 "https://www.churchmr.com/dclm/program.php" "Mozilla/5.0 (Linux; Android 10; K) AppleWebKit/537.36 (KHTML, like Gecko) Chrome/135.0.0.0 Mobile Safari/537.36"
102.89.83.244 - - [26/Apr/2025:09:53:19 -0400] "GET /plugins/iCheck/all.css HTTP/1.1" 304 0 "https://www.churchmr.com/dclm/program.php" "Mozilla/5.0 (Linux; Android 10; K) AppleWebKit/537.36 (KHTML, like Gecko) Chrome/135.0.0.0 Mobile Safari/537.36"
102.89.83.244 - - [26/Apr/2025:09:53:19 -0400] "GET /plugins/timepicker/bootstrap-timepicker.min.css HTTP/1.1" 304 0 "https://www.churchmr.com/dclm/program.php" "Mozilla/5.0 (Linux; Android 10; K) AppleWebKit/537.36 (KHTML, like Gecko) Chrome/135.0.0.0 Mobile Safari/537.36"
102.89.83.244 - - [26/Apr/2025:09:53:19 -0400] "GET /plugins/colorpicker/bootstrap-colorpicker.min.css HTTP/1.1" 304 0 "https://www.churchmr.com/dclm/program.php" "Mozilla/5.0 (Linux; Android 10; K) AppleWebKit/537.36 (KHTML, like Gecko) Chrome/135.0.0.0 Mobile Safari/537.36"
102.89.83.244 - - [26/Apr/2025:09:53:19 -0400] "GET /plugins/select2/select2.full.min.js HTTP/1.1" 304 0 "https://www.churchmr.com/dclm/program.php" "Mozilla/5.0 (Linux; Android 10; K) AppleWebKit/537.36 (KHTML, like Gecko) Chrome/135.0.0.0 Mobile Safari/537.36"
102.89.83.244 - - [26/Apr/2025:09:53:19 -0400] "GET /dclm/upload/user.jpg HTTP/1.1" 304 0 "https://www.churchmr.com/dclm/program.php" "Mozilla/5.0 (Linux; Android 10; K) AppleWebKit/537.36 (KHTML, like Gecko) Chrome/135.0.0.0 Mobile Safari/537.36"
102.89.83.244 - - [26/Apr/2025:09:53:19 -0400] "GET /dist/css/skins/_all-skins.min.css HTTP/1.1" 304 0 "https://www.churchmr.com/dclm/program.php" "Mozilla/5.0 (Linux; Android 10; K) AppleWebKit/537.36 (KHTML, like Gecko) Chrome/135.0.0.0 Mobile Safari/537.36"
102.89.83.244 - - [26/Apr/2025:09:53:19 -0400] "GET /plugins/iCheck/minimal/_all.css HTTP/1.1" 304 0 "https://www.churchmr.com/plugins/iCheck/all.css" "Mozilla/5.0 (Linux; Android 10; K) AppleWebKit/537.36 (KHTML, like Gecko) Chrome/135.0.0.0 Mobile Safari/537.36"
102.89.83.244 - - [26/Apr/2025:09:53:19 -0400] "GET /plugins/iCheck/line/_all.css HTTP/1.1" 304 0 "https://www.churchmr.com/plugins/iCheck/all.css" "Mozilla/5.0 (Linux; Android 10; K) AppleWebKit/537.36 (KHTML, like Gecko) Chrome/135.0.0.0 Mobile Safari/537.36"
102.89.83.244 - - [26/Apr/2025:09:53:19 -0400] "GET /plugins/iCheck/flat/_all.css HTTP/1.1" 304 0 "https://www.churchmr.com/plugins/iCheck/all.css" "Mozilla/5.0 (Linux; Android 10; K) AppleWebKit/537.36 (KHTML, like Gecko) Chrome/135.0.0.0 Mobile Safari/537.36"
102.89.83.244 - - [26/Apr/2025:09:53:19 -0400] "GET /plugins/iCheck/square/_all.css HTTP/1.1" 304 0 "https://www.churchmr.com/plugins/iCheck/all.css" "Mozilla/5.0 (Linux; Android 10; K) AppleWebKit/537.36 (KHTML, like Gecko) Chrome/135.0.0.0 Mobile Safari/537.36"
102.89.83.244 - - [26/Apr/2025:09:53:19 -0400] "GET /plugins/iCheck/futurico/futurico.css HTTP/1.1" 304 0 "https://www.churchmr.com/plugins/iCheck/all.css" "Mozilla/5.0 (Linux; Android 10; K) AppleWebKit/537.36 (KHTML, like Gecko) Chrome/135.0.0.0 Mobile Safari/537.36"
102.89.83.244 - - [26/Apr/2025:09:53:19 -0400] "GET /plugins/iCheck/polaris/polaris.css HTTP/1.1" 304 0 "https://www.churchmr.com/plugins/iCheck/all.css" "Mozilla/5.0 (Linux; Android 10; K) AppleWebKit/537.36 (KHTML, like Gecko) Chrome/135.0.0.0 Mobile Safari/537.36"
102.89.83.244 - - [26/Apr/2025:09:53:20 -0400] "GET /dclm/ajax.php?type=districtdata HTTP/1.1" 200 84 "https://www.churchmr.com/dclm/program.php" "Mozilla/5.0 (Linux; Android 10; K) AppleWebKit/537.36 (KHTML, like Gecko) Chrome/135.0.0.0 Mobile Safari/537.36"
52.167.144.200 - - [26/Apr/2025:09:53:21 -0400] "GET /?d=87626350260&filter=5837f7&share_to_url=model.php%3Fid%3D2969247%26name%3Dbenetton+sport+eau+de HTTP/1.1" 200 22744 "-" "Mozilla/5.0 AppleWebKit/537.36 (KHTML, like Gecko; compatible; bingbot/2.0; +http://www.bing.com/bingbot.htm) Chrome/116.0.1938.76 Safari/537.36"
52.167.144.171 - - [26/Apr/2025:09:53:28 -0400] "GET /?d=110241017260&filter=b44b6e&share_to_url=detail.php%3Fid%3D3731301%26name%3Dtelstar+nightfall+air+tent HTTP/1.1" 200 21871 "-" "Mozilla/5.0 AppleWebKit/537.36 (KHTML, like Gecko; compatible; bingbot/2.0; +http://www.bing.com/bingbot.htm) Chrome/116.0.1938.76 Safari/537.36"
52.167.144.171 - - [26/Apr/2025:09:53:29 -0400] "GET /?d=102191774260&filter=9e9754&share_to_url=discover.php%3Fid%3D3463925%26name%3Duser+manuals+sunbeam+gr8450 HTTP/1.1" 200 23291 "-" "Mozilla/5.0 AppleWebKit/537.36 (KHTML, like Gecko; compatible; bingbot/2.0; +http://www.bing.com/bingbot.htm) Chrome/116.0.1938.76 Safari/537.36"
102.89.83.244 - - [26/Apr/2025:09:53:20 -0400] "GET /dclm/ajax.php?type=pendingrep HTTP/1.1" 200 367 "https://www.churchmr.com/dclm/program.php" "Mozilla/5.0 (Linux; Android 10; K) AppleWebKit/537.36 (KHTML, like Gecko) Chrome/135.0.0.0 Mobile Safari/537.36"
102.89.83.244 - - [26/Apr/2025:09:53:20 -0400] "GET /dclm/ajax.php?type=weeklyrep HTTP/1.1" 200 414 "https://www.churchmr.com/dclm/program.php" "Mozilla/5.0 (Linux; Android 10; K) AppleWebKit/537.36 (KHTML, like Gecko) Chrome/135.0.0.0 Mobile Safari/537.36"
102.89.83.244 - - [26/Apr/2025:09:53:20 -0400] "GET /dclm/ajax.php?type=recentrep HTTP/1.1" 200 781 "https://www.churchmr.com/dclm/program.php" "Mozilla/5.0 (Linux; Android 10; K) AppleWebKit/537.36 (KHTML, like Gecko) Chrome/135.0.0.0 Mobile Safari/537.36"
52.167.144.200 - - [26/Apr/2025:09:53:33 -0400] "GET /?d=105220034260&filter=15d3b1&share_to_url=detail.php%3Fid%3D3564765%26name%3Dblack+decker HTTP/1.1" 200 23049 "-" "Mozilla/5.0 AppleWebKit/537.36 (KHTML, like Gecko; compatible; bingbot/2.0; +http://www.bing.com/bingbot.htm) Chrome/116.0.1938.76 Safari/537.36"
52.167.144.200 - - [26/Apr/2025:09:53:34 -0400] "GET /?d=103224021260&filter=ab7dfe&share_to_url=item.php%3Fid%3D3498025%26name%3Dhuggies+tub+clearance HTTP/1.1" 200 22507 "-" "Mozilla/5.0 AppleWebKit/537.36 (KHTML, like Gecko; compatible; bingbot/2.0; +http://www.bing.com/bingbot.htm) Chrome/116.0.1938.76 Safari/537.36"
66.249.66.15 - - [26/Apr/2025:09:53:35 -0400] "GET /?d=46539216260&filter=1f38c6&share_to_url=product.php%3Fid%3D1579678%26name%3Djacquemus+les+ballerines HTTP/1.1" 200 23620 "-" "Mozilla/5.0 (Linux; Android 6.0.1; Nexus 5X Build/MMB29P) AppleWebKit/537.36 (KHTML, like Gecko) Chrome/135.0.7049.95 Mobile Safari/537.36 (compatible; GoogleOther)"
52.167.144.203 - - [26/Apr/2025:09:53:38 -0400] "GET /?d=87407215260&filter=df0c98&share_to_url=shopdetail.php%3Fid%3D2961836%26name%3Dbracelete+nowoczesne+marrom HTTP/1.1" 200 23060 "-" "Mozilla/5.0 AppleWebKit/537.36 (KHTML, like Gecko; compatible; bingbot/2.0; +http://www.bing.com/bingbot.htm) Chrome/116.0.1938.76 Safari/537.36"
52.167.144.203 - - [26/Apr/2025:09:53:39 -0400] "GET /?d=89373025260&filter=ec7398&share_to_url=article.php%3Fid%3D3029474%26name%3Ddometic+cfx+28 HTTP/1.1" 200 22752 "-" "Mozilla/5.0 AppleWebKit/537.36 (KHTML, like Gecko; compatible; bingbot/2.0; +http://www.bing.com/bingbot.htm) Chrome/116.0.1938.76 Safari/537.36"
52.167.144.203 - - [26/Apr/2025:09:53:39 -0400] "GET /?d=94921078260&filter=3bb652&share_to_url=item.php%3Fid%3D3216217%26name%3Dcoraline+jones+deals+mu%C3%B1eca HTTP/1.1" 200 22311 "-" "Mozilla/5.0 AppleWebKit/537.36 (KHTML, like Gecko; compatible; bingbot/2.0; +http://www.bing.com/bingbot.htm) Chrome/116.0.1938.76 Safari/537.36"
52.167.144.203 - - [26/Apr/2025:09:53:57 -0400] "GET /?d=115814414260&filter=cd6685&share_to_url=item.php%3Fid%3D3921889%26name%3Dredwood+city+startup HTTP/1.1" 200 23681 "-" "Mozilla/5.0 AppleWebKit/537.36 (KHTML, like Gecko; compatible; bingbot/2.0; +http://www.bing.com/bingbot.htm) Chrome/116.0.1938.76 Safari/537.36"
52.167.144.203 - - [26/Apr/2025:09:53:58 -0400] "GET /?d=99551526260&filter=e86b2c&share_to_url=item.php%3Fid%3D3374017%26name%3Dbuy+wolsey+red+and HTTP/1.1" 200 23409 "-" "Mozilla/5.0 AppleWebKit/537.36 (KHTML, like Gecko; compatible; bingbot/2.0; +http://www.bing.com/bingbot.htm) Chrome/116.0.1938.76 Safari/537.36"
52.167.144.203 - - [26/Apr/2025:09:53:59 -0400] "GET /?d=117544838260&filter=6bbbea&share_to_url=discover.php%3Fid%3D3980717%26name%3Dsac+repliable+imperm%C3%A9able HTTP/1.1" 200 23676 "-" "Mozilla/5.0 AppleWebKit/537.36 (KHTML, like Gecko; compatible; bingbot/2.0; +http://www.bing.com/bingbot.htm) Chrome/116.0.1938.76 Safari/537.36"
52.167.144.200 - - [26/Apr/2025:09:54:01 -0400] "GET /?d=24915614260&filter=f5f4d3&share_to_url=detail.php%3Fid%3D844485%26name%3Dconverse+fille+dor%C3%A9+taille HTTP/1.1" 200 22410 "-" "Mozilla/5.0 AppleWebKit/537.36 (KHTML, like Gecko; compatible; bingbot/2.0; +http://www.bing.com/bingbot.htm) Chrome/116.0.1938.76 Safari/537.36"
52.167.144.171 - - [26/Apr/2025:09:54:01 -0400] "GET /?d=90067531260&filter=b3603f&share_to_url=detail.php%3Fid%3D3052437%26name%3Dhyperx+and+acer HTTP/1.1" 200 22446 "-" "Mozilla/5.0 AppleWebKit/537.36 (KHTML, like Gecko; compatible; bingbot/2.0; +http://www.bing.com/bingbot.htm) Chrome/116.0.1938.76 Safari/537.36"
52.167.144.203 - - [26/Apr/2025:09:54:17 -0400] "GET /?d=103059278260&filter=d149d5&share_to_url=ideas.php%3Fid%3D3492480%26name%3Dcat+thermos+bottle+480ml HTTP/1.1" 200 23431 "-" "Mozilla/5.0 AppleWebKit/537.36 (KHTML, like Gecko; compatible; bingbot/2.0; +http://www.bing.com/bingbot.htm) Chrome/116.0.1938.76 Safari/537.36"
52.167.144.203 - - [26/Apr/2025:09:54:18 -0400] "GET /?d=97675750260&filter=c4aab1&share_to_url=discover.php%3Fid%3D3310361%26name%3Dlongchamp+sac+cours+cinosural HTTP/1.1" 200 22705 "-" "Mozilla/5.0 AppleWebKit/537.36 (KHTML, like Gecko; compatible; bingbot/2.0; +http://www.bing.com/bingbot.htm) Chrome/116.0.1938.76 Safari/537.36"
52.167.144.203 - - [26/Apr/2025:09:54:19 -0400] "GET /?d=88632775260&filter=4cc5d2&share_to_url=shop.php%3Fid%3D3003919%26name%3Dconnekt+gear+vga+to HTTP/1.1" 200 23123 "-" "Mozilla/5.0 AppleWebKit/537.36 (KHTML, like Gecko; compatible; bingbot/2.0; +http://www.bing.com/bingbot.htm) Chrome/116.0.1938.76 Safari/537.36"
52.167.144.203 - - [26/Apr/2025:09:54:20 -0400] "GET /?d=82630848260&filter=ea8803&share_to_url=goods.php%3Fid%3D2798771%26name%3Dherm%C3%A8s+leathers+10 HTTP/1.1" 200 23195 "-" "Mozilla/5.0 AppleWebKit/537.36 (KHTML, like Gecko; compatible; bingbot/2.0; +http://www.bing.com/bingbot.htm) Chrome/116.0.1938.76 Safari/537.36"
52.167.144.200 - - [26/Apr/2025:09:54:21 -0400] "GET /?d=108898142260&filter=4cc099&share_to_url=ideas.php%3Fid%3D3686880%26name%3Din+039+toy+story HTTP/1.1" 200 22811 "-" "Mozilla/5.0 AppleWebKit/537.36 (KHTML, like Gecko; compatible; bingbot/2.0; +http://www.bing.com/bingbot.htm) Chrome/116.0.1938.76 Safari/537.36"
52.167.144.171 - - [26/Apr/2025:09:54:22 -0400] "GET /?d=113319176260&filter=55b63a&share_to_url=shopdetail.php%3Fid%3D3838124%26name%3Dclassified+and+trp HTTP/1.1" 200 24500 "-" "Mozilla/5.0 AppleWebKit/537.36 (KHTML, like Gecko; compatible; bingbot/2.0; +http://www.bing.com/bingbot.htm) Chrome/116.0.1938.76 Safari/537.36"
52.167.144.171 - - [26/Apr/2025:09:54:23 -0400] "GET /?d=107555441260&filter=5945b7&share_to_url=pin.php%3Fid%3D3642462%26name%3Dstrappy+stripe+sleeve HTTP/1.1" 200 23910 "-" "Mozilla/5.0 AppleWebKit/537.36 (KHTML, like Gecko; compatible; bingbot/2.0; +http://www.bing.com/bingbot.htm) Chrome/116.0.1938.76 Safari/537.36"
52.167.144.171 - - [26/Apr/2025:09:54:24 -0400] "GET /?d=60612376260&filter=aca228&share_to_url=ideas.php%3Fid%3D2056728%26name%3Dtaifun+t+shirt+tlg HTTP/1.1" 200 24637 "-" "Mozilla/5.0 AppleWebKit/537.36 (KHTML, like Gecko; compatible; bingbot/2.0; +http://www.bing.com/bingbot.htm) Chrome/116.0.1938.76 Safari/537.36"
52.167.144.171 - - [26/Apr/2025:09:54:39 -0400] "GET /?d=94210918260&filter=dc973f&share_to_url=item.php%3Fid%3D3192445%26name%3Dlr+32+hole+drilling HTTP/1.1" 200 23071 "-" "Mozilla/5.0 AppleWebKit/537.36 (KHTML, like Gecko; compatible; bingbot/2.0; +http://www.bing.com/bingbot.htm) Chrome/116.0.1938.76 Safari/537.36"
66.249.66.14 - - [26/Apr/2025:09:54:53 -0400] "GET /?d=112350690260&filter=eb8c21&share_to_url=shopdetail.php%3Fid%3D3805532%26name%3Dbicicleta+para+ni+c3+b1o+12+rodada HTTP/1.1" 200 23335 "-" "Mozilla/5.0 (Linux; Android 6.0.1; Nexus 5X Build/MMB29P) AppleWebKit/537.36 (KHTML, like Gecko) Chrome/135.0.7049.95 Mobile Safari/537.36 (compatible; GoogleOther)"
102.89.83.244 - - [26/Apr/2025:09:55:09 -0400] "GET /dclm/ajax.php?type=addreport&a1=13&a2=13&a3=4&a4=2&a5=8&a6=5&a7=&a8=&a9=25250&a10=&a11=&pid=4345&prog=THURSDAY%20REVIVAL%20SERVICE&pdate=24-APR-2025 HTTP/1.1" 200 159 "https://www.churchmr.com/dclm/program.php" "Mozilla/5.0 (Linux; Android 10; K) AppleWebKit/537.36 (KHTML, like Gecko) Chrome/135.0.0.0 Mobile Safari/537.36"
102.89.83.244 - - [26/Apr/2025:09:55:09 -0400] "GET /dclm/ajax.php?type=weeklyrep HTTP/1.1" 200 737 "https://www.churchmr.com/dclm/program.php" "Mozilla/5.0 (Linux; Android 10; K) AppleWebKit/537.36 (KHTML, like Gecko) Chrome/135.0.0.0 Mobile Safari/537.36"
66.249.66.14 - - [26/Apr/2025:09:55:14 -0400] "GET /?d=100017622260&filter=4e2715&share_to_url=product.php%3Fid%3D3389830%26name%3Dkitchenaid+kudc10fxss3+dishrack+wheel+roller HTTP/1.1" 200 23302 "-" "Mozilla/5.0 (Linux; Android 6.0.1; Nexus 5X Build/MMB29P) AppleWebKit/537.36 (KHTML, like Gecko) Chrome/135.0.7049.95 Mobile Safari/537.36 (compatible; GoogleOther)"
52.167.144.203 - - [26/Apr/2025:09:55:17 -0400] "GET /?d=105441825260&filter=a75ffa&share_to_url=ideas.php%3Fid%3D3572004%26name%3D25+new+years+eve HTTP/1.1" 200 23408 "-" "Mozilla/5.0 AppleWebKit/537.36 (KHTML, like Gecko; compatible; bingbot/2.0; +http://www.bing.com/bingbot.htm) Chrome/116.0.1938.76 Safari/537.36"
102.89.83.244 - - [26/Apr/2025:09:55:09 -0400] "GET /dclm/ajax.php?type=pendingrep HTTP/1.1" 200 348 "https://www.churchmr.com/dclm/program.php" "Mozilla/5.0 (Linux; Android 10; K) AppleWebKit/537.36 (KHTML, like Gecko) Chrome/135.0.0.0 Mobile Safari/537.36"
102.89.83.244 - - [26/Apr/2025:09:55:09 -0400] "GET /dclm/ajax.php?type=recentrep HTTP/1.1" 200 728 "https://www.churchmr.com/dclm/program.php" "Mozilla/5.0 (Linux; Android 10; K) AppleWebKit/537.36 (KHTML, like Gecko) Chrome/135.0.0.0 Mobile Safari/537.36"
66.249.66.14 - - [26/Apr/2025:09:55:27 -0400] "GET /?d=83855301260&filter=c500f6&share_to_url=product-page.php%3Fid%3D2840476%26name%3Donu+ftth+new+onu HTTP/1.1" 200 23395 "-" "Mozilla/5.0 (Linux; Android 6.0.1; Nexus 5X Build/MMB29P) AppleWebKit/537.36 (KHTML, like Gecko) Chrome/135.0.7049.95 Mobile Safari/537.36 (compatible; GoogleOther)"
66.249.66.9 - - [26/Apr/2025:09:55:40 -0400] "GET / HTTP/1.1" 200 24060 "-" "Mozilla/5.0 (compatible; Googlebot/2.1; +http://www.google.com/bot.html)"
52.167.144.200 - - [26/Apr/2025:09:55:41 -0400] "GET /?d=96410700260&filter=d8181f&share_to_url=detail.php%3Fid%3D3266481%26name%3Drag+and+bone+riser HTTP/1.1" 200 23557 "-" "Mozilla/5.0 AppleWebKit/537.36 (KHTML, like Gecko; compatible; bingbot/2.0; +http://www.bing.com/bingbot.htm) Chrome/116.0.1938.76 Safari/537.36"
52.167.144.200 - - [26/Apr/2025:09:55:42 -0400] "GET /?d=115717842260&filter=a2d7c8&share_to_url=model.php%3Fid%3D3918675%26name%3Dpuma+malaysia+hot HTTP/1.1" 200 23107 "-" "Mozilla/5.0 AppleWebKit/537.36 (KHTML, like Gecko; compatible; bingbot/2.0; +http://www.bing.com/bingbot.htm) Chrome/116.0.1938.76 Safari/537.36"
66.249.66.9 - - [26/Apr/2025:09:55:46 -0400] "GET /?d=109555164260&filter=0e841e&share_to_url=goods.php%3Fid%3D3708227%26name%3Dbabbo+fisico+regali HTTP/1.1" 200 23698 "-" "Mozilla/5.0 (Linux; Android 6.0.1; Nexus 5X Build/MMB29P) AppleWebKit/537.36 (KHTML, like Gecko) Chrome/135.0.7049.95 Mobile Safari/537.36 (compatible; Googlebot/2.1; +http://www.google.com/bot.html)"
66.249.66.9 - - [26/Apr/2025:09:55:46 -0400] "GET /?d=90222353260&filter=24fb08&share_to_url=product-page.php%3Fid%3D3057508%26name%3Dparkland+southland+15 HTTP/1.1" 200 24122 "-" "Mozilla/5.0 (Linux; Android 6.0.1; Nexus 5X Build/MMB29P) AppleWebKit/537.36 (KHTML, like Gecko) Chrome/135.0.7049.95 Mobile Safari/537.36 (compatible; Googlebot/2.1; +http://www.google.com/bot.html)"
66.249.66.9 - - [26/Apr/2025:09:55:46 -0400] "GET /?d=111520336260&filter=370403&share_to_url=goods.php%3Fid%3D3776891%26name%3Deva+minge+popular HTTP/1.1" 200 22837 "-" "Mozilla/5.0 (Linux; Android 6.0.1; Nexus 5X Build/MMB29P) AppleWebKit/537.36 (KHTML, like Gecko) Chrome/135.0.7049.95 Mobile Safari/537.36 (compatible; Googlebot/2.1; +http://www.google.com/bot.html)"
66.249.66.9 - - [26/Apr/2025:09:55:46 -0400] "GET /?d=96088642260&filter=d2f8ff&share_to_url=detail.php%3Fid%3D3255537%26name%3Ddonna+vinci+suits+11962+women HTTP/1.1" 200 22162 "-" "Mozilla/5.0 (Linux; Android 6.0.1; Nexus 5X Build/MMB29P) AppleWebKit/537.36 (KHTML, like Gecko) Chrome/135.0.7049.95 Mobile Safari/537.36 (compatible; Googlebot/2.1; +http://www.google.com/bot.html)"
66.249.66.9 - - [26/Apr/2025:09:55:47 -0400] "GET /?d=112787866260&filter=137223&share_to_url=product-page.php%3Fid%3D3820072%26name%3Dzapatos+de+noche+con+plataforma HTTP/1.1" 200 23447 "-" "Mozilla/5.0 (Linux; Android 6.0.1; Nexus 5X Build/MMB29P) AppleWebKit/537.36 (KHTML, like Gecko) Chrome/135.0.7049.95 Mobile Safari/537.36 (compatible; Googlebot/2.1; +http://www.google.com/bot.html)"
66.249.66.9 - - [26/Apr/2025:09:55:47 -0400] "GET /?d=92433781260&filter=860ef6&share_to_url=shop.php%3Fid%3D3131347%26name%3Dbuy+former+edition HTTP/1.1" 200 23886 "-" "Mozilla/5.0 (Linux; Android 6.0.1; Nexus 5X Build/MMB29P) AppleWebKit/537.36 (KHTML, like Gecko) Chrome/135.0.7049.95 Mobile Safari/537.36 (compatible; Googlebot/2.1; +http://www.google.com/bot.html)"
66.249.66.9 - - [26/Apr/2025:09:55:47 -0400] "GET /?d=113091201260&filter=4d7b9c&share_to_url=shop.php%3Fid%3D3830191%26name%3Dlego+dots+bracelet+2024 HTTP/1.1" 200 22782 "-" "Mozilla/5.0 (Linux; Android 6.0.1; Nexus 5X Build/MMB29P) AppleWebKit/537.36 (KHTML, like Gecko) Chrome/135.0.7049.95 Mobile Safari/537.36 (compatible; Googlebot/2.1; +http://www.google.com/bot.html)"
66.249.66.10 - - [26/Apr/2025:09:55:47 -0400] "GET /?d=112219463260&filter=bc86f2&share_to_url=model.php%3Fid%3D3801243%26name%3Dsamoa+history HTTP/1.1" 200 23090 "-" "Mozilla/5.0 (Linux; Android 6.0.1; Nexus 5X Build/MMB29P) AppleWebKit/537.36 (KHTML, like Gecko) Chrome/135.0.7049.95 Mobile Safari/537.36 (compatible; Googlebot/2.1; +http://www.google.com/bot.html)"
66.249.66.10 - - [26/Apr/2025:09:55:47 -0400] "GET /?d=86958944260&filter=92f607&share_to_url=pin.php%3Fid%3D2946510%26name%3Dvitamix+s30+blender+review HTTP/1.1" 200 23058 "-" "Mozilla/5.0 (Linux; Android 6.0.1; Nexus 5X Build/MMB29P) AppleWebKit/537.36 (KHTML, like Gecko) Chrome/135.0.7049.95 Mobile Safari/537.36 (compatible; Googlebot/2.1; +http://www.google.com/bot.html)"
66.249.66.10 - - [26/Apr/2025:09:55:47 -0400] "GET /?d=103134923260&filter=319ac6&share_to_url=product-page.php%3Fid%3D3495136%26name%3Dmexican+silverware HTTP/1.1" 200 23629 "-" "Mozilla/5.0 (Linux; Android 6.0.1; Nexus 5X Build/MMB29P) AppleWebKit/537.36 (KHTML, like Gecko) Chrome/135.0.7049.95 Mobile Safari/537.36 (compatible; Googlebot/2.1; +http://www.google.com/bot.html)"
66.249.66.9 - - [26/Apr/2025:09:55:48 -0400] "GET /?d=92461665260&filter=8a0e81&share_to_url=model.php%3Fid%3D3132375%26name%3Dscary+creepy+we+all HTTP/1.1" 200 23292 "-" "Mozilla/5.0 (Linux; Android 6.0.1; Nexus 5X Build/MMB29P) AppleWebKit/537.36 (KHTML, like Gecko) Chrome/135.0.7049.95 Mobile Safari/537.36 (compatible; Googlebot/2.1; +http://www.google.com/bot.html)"
66.249.66.9 - - [26/Apr/2025:09:55:48 -0400] "GET /?d=114388393260&filter=758412&share_to_url=product.php%3Fid%3D3873430%26name%3Dgrams+to+tbsp HTTP/1.1" 200 23746 "-" "Mozilla/5.0 (Linux; Android 6.0.1; Nexus 5X Build/MMB29P) AppleWebKit/537.36 (KHTML, like Gecko) Chrome/135.0.7049.95 Mobile Safari/537.36 (compatible; Googlebot/2.1; +http://www.google.com/bot.html)"
66.249.66.9 - - [26/Apr/2025:09:55:48 -0400] "GET /?d=108247018260&filter=bbe5f8&share_to_url=discover.php%3Fid%3D3664949%26name%3Dsueter+para+caballero+gris HTTP/1.1" 200 22618 "-" "Mozilla/5.0 (Linux; Android 6.0.1; Nexus 5X Build/MMB29P) AppleWebKit/537.36 (KHTML, like Gecko) Chrome/135.0.7049.95 Mobile Safari/537.36 (compatible; Googlebot/2.1; +http://www.google.com/bot.html)"
66.249.66.9 - - [26/Apr/2025:09:55:48 -0400] "GET /?d=111433919260&filter=032fe0&share_to_url=shop.php%3Fid%3D3773791%26name%3Dlegacy+skully+skully+cap HTTP/1.1" 200 23814 "-" "Mozilla/5.0 (Linux; Android 6.0.1; Nexus 5X Build/MMB29P) AppleWebKit/537.36 (KHTML, like Gecko) Chrome/135.0.7049.95 Mobile Safari/537.36 (compatible; Googlebot/2.1; +http://www.google.com/bot.html)"
66.249.66.10 - - [26/Apr/2025:09:55:48 -0400] "GET /?d=94317488260&filter=49ebbc&share_to_url=detail.php%3Fid%3D3196377%26name%3Dadidas+sambae+039+denim+039+w HTTP/1.1" 200 21898 "-" "Mozilla/5.0 (Linux; Android 6.0.1; Nexus 5X Build/MMB29P) AppleWebKit/537.36 (KHTML, like Gecko) Chrome/135.0.7049.95 Mobile Safari/537.36 (compatible; Googlebot/2.1; +http://www.google.com/bot.html)"
66.249.66.9 - - [26/Apr/2025:09:55:48 -0400] "GET /?d=91461101260&filter=25d1d0&share_to_url=discover.php%3Fid%3D3099473%26name%3Dcolumbia+sportswear+company+updates HTTP/1.1" 200 22382 "-" "Mozilla/5.0 (Linux; Android 6.0.1; Nexus 5X Build/MMB29P) AppleWebKit/537.36 (KHTML, like Gecko) Chrome/135.0.7049.95 Mobile Safari/537.36 (compatible; Googlebot/2.1; +http://www.google.com/bot.html)"
66.249.66.9 - - [26/Apr/2025:09:55:49 -0400] "GET /?d=87797643260&filter=f7abf7&share_to_url=discover.php%3Fid%3D2975225%26name%3Dchunky+wedge+sandals HTTP/1.1" 200 24077 "-" "Mozilla/5.0 (Linux; Android 6.0.1; Nexus 5X Build/MMB29P) AppleWebKit/537.36 (KHTML, like Gecko) Chrome/135.0.7049.95 Mobile Safari/537.36 (compatible; Googlebot/2.1; +http://www.google.com/bot.html)"
66.249.66.10 - - [26/Apr/2025:09:55:49 -0400] "GET /?d=104013964260&filter=9e846e&share_to_url=shopdetail.php%3Fid%3D3524372%26name%3Dhiguard+dog+raincoat+lightweight+waterproof HTTP/1.1" 200 23354 "-" "Mozilla/5.0 (Linux; Android 6.0.1; Nexus 5X Build/MMB29P) AppleWebKit/537.36 (KHTML, like Gecko) Chrome/135.0.7049.95 Mobile Safari/537.36 (compatible; Googlebot/2.1; +http://www.google.com/bot.html)"
66.249.66.9 - - [26/Apr/2025:09:55:49 -0400] "GET /?d=117690651260&filter=e17faf&share_to_url=product-page.php%3Fid%3D3985816%26name%3Dwhat+is+spd+surge HTTP/1.1" 200 24638 "-" "Mozilla/5.0 (Linux; Android 6.0.1; Nexus 5X Build/MMB29P) AppleWebKit/537.36 (KHTML, like Gecko) Chrome/135.0.7049.95 Mobile Safari/537.36 (compatible; Googlebot/2.1; +http://www.google.com/bot.html)"
52.167.144.171 - - [26/Apr/2025:09:55:49 -0400] "GET /?d=94298085260&filter=edd546&share_to_url=product.php%3Fid%3D3195646%26name%3Dmivi+launches+its+first HTTP/1.1" 200 22772 "-" "Mozilla/5.0 AppleWebKit/537.36 (KHTML, like Gecko; compatible; bingbot/2.0; +http://www.bing.com/bingbot.htm) Chrome/116.0.1938.76 Safari/537.36"
66.249.66.10 - - [26/Apr/2025:09:55:49 -0400] "GET /?d=106845464260&filter=f5f4d3&share_to_url=model.php%3Fid%3D3618675%26name%3Dbottes+de+randonn%C3%A9e+camouflage HTTP/1.1" 200 23251 "-" "Mozilla/5.0 (Linux; Android 6.0.1; Nexus 5X Build/MMB29P) AppleWebKit/537.36 (KHTML, like Gecko) Chrome/135.0.7049.95 Mobile Safari/537.36 (compatible; Googlebot/2.1; +http://www.google.com/bot.html)"
66.249.66.10 - - [26/Apr/2025:09:55:49 -0400] "GET /?d=102377538260&filter=daf99f&share_to_url=shopdetail.php%3Fid%3D3470216%26name%3Drumpl+nanoloft+puffy+person+blanket HTTP/1.1" 200 22864 "-" "Mozilla/5.0 (Linux; Android 6.0.1; Nexus 5X Build/MMB29P) AppleWebKit/537.36 (KHTML, like Gecko) Chrome/135.0.7049.95 Mobile Safari/537.36 (compatible; Googlebot/2.1; +http://www.google.com/bot.html)"
66.249.66.10 - - [26/Apr/2025:09:55:49 -0400] "GET /?d=108606099260&filter=b0f8bb&share_to_url=shopdetail.php%3Fid%3D3677252%26name%3D10k+medical+alert HTTP/1.1" 200 22756 "-" "Mozilla/5.0 (Linux; Android 6.0.1; Nexus 5X Build/MMB29P) AppleWebKit/537.36 (KHTML, like Gecko) Chrome/135.0.7049.95 Mobile Safari/537.36 (compatible; Googlebot/2.1; +http://www.google.com/bot.html)"
66.249.66.9 - - [26/Apr/2025:09:55:50 -0400] "GET /?d=103285349260&filter=95bbf7&share_to_url=pin.php%3Fid%3D3500190%26name%3Dsize+zoom HTTP/1.1" 200 22365 "-" "Mozilla/5.0 (Linux; Android 6.0.1; Nexus 5X Build/MMB29P) AppleWebKit/537.36 (KHTML, like Gecko) Chrome/135.0.7049.95 Mobile Safari/537.36 (compatible; Googlebot/2.1; +http://www.google.com/bot.html)"
52.167.144.171 - - [26/Apr/2025:09:55:50 -0400] "GET /?d=107734353260&filter=b70501&share_to_url=pin.php%3Fid%3D3648210%26name%3Djordan+rodman+and HTTP/1.1" 200 23519 "-" "Mozilla/5.0 AppleWebKit/537.36 (KHTML, like Gecko; compatible; bingbot/2.0; +http://www.bing.com/bingbot.htm) Chrome/116.0.1938.76 Safari/537.36"
66.249.66.10 - - [26/Apr/2025:09:55:50 -0400] "GET /?d=101394861260&filter=aa9826&share_to_url=product.php%3Fid%3D3437266%26name%3Dorient+star+re+at0201g00b HTTP/1.1" 200 23650 "-" "Mozilla/5.0 (Linux; Android 6.0.1; Nexus 5X Build/MMB29P) AppleWebKit/537.36 (KHTML, like Gecko) Chrome/135.0.7049.95 Mobile Safari/537.36 (compatible; Googlebot/2.1; +http://www.google.com/bot.html)"
66.249.66.9 - - [26/Apr/2025:09:55:50 -0400] "GET /?d=87284865260&filter=3e65b5&share_to_url=product.php%3Fid%3D2958046%26name%3Dmedline+medsoft+pillow HTTP/1.1" 200 23329 "-" "Mozilla/5.0 (Linux; Android 6.0.1; Nexus 5X Build/MMB29P) AppleWebKit/537.36 (KHTML, like Gecko) Chrome/135.0.7049.95 Mobile Safari/537.36 (compatible; Googlebot/2.1; +http://www.google.com/bot.html)"
66.249.66.9 - - [26/Apr/2025:09:55:50 -0400] "GET /?d=109738180260&filter=300ae4&share_to_url=product-page.php%3Fid%3D3714340%26name%3Divory+gold+rani+haar+necklace HTTP/1.1" 200 23315 "-" "Mozilla/5.0 (Linux; Android 6.0.1; Nexus 5X Build/MMB29P) AppleWebKit/537.36 (KHTML, like Gecko) Chrome/135.0.7049.95 Mobile Safari/537.36 (compatible; Googlebot/2.1; +http://www.google.com/bot.html)"
66.249.66.10 - - [26/Apr/2025:09:55:50 -0400] "GET /?d=109609311260&filter=8ac724&share_to_url=item.php%3Fid%3D3709981%26name%3Dlovely+frank+yellowhorse+pendant HTTP/1.1" 200 23376 "-" "Mozilla/5.0 (Linux; Android 6.0.1; Nexus 5X Build/MMB29P) AppleWebKit/537.36 (KHTML, like Gecko) Chrome/135.0.7049.95 Mobile Safari/537.36 (compatible; Googlebot/2.1; +http://www.google.com/bot.html)"
66.249.66.10 - - [26/Apr/2025:09:55:50 -0400] "GET /?d=96388329260&filter=132c35&share_to_url=discover.php%3Fid%3D3265697%26name%3Dmedicom+be+rbrick+jean+michel HTTP/1.1" 200 23004 "-" "Mozilla/5.0 (Linux; Android 6.0.1; Nexus 5X Build/MMB29P) AppleWebKit/537.36 (KHTML, like Gecko) Chrome/135.0.7049.95 Mobile Safari/537.36 (compatible; Googlebot/2.1; +http://www.google.com/bot.html)"
66.249.66.9 - - [26/Apr/2025:09:55:50 -0400] "GET /?d=114890126260&filter=ab67d8&share_to_url=discover.php%3Fid%3D3890237%26name%3Dchristopher+knight+home+malone+club HTTP/1.1" 200 23608 "-" "Mozilla/5.0 (Linux; Android 6.0.1; Nexus 5X Build/MMB29P) AppleWebKit/537.36 (KHTML, like Gecko) Chrome/135.0.7049.95 Mobile Safari/537.36 (compatible; Googlebot/2.1; +http://www.google.com/bot.html)"
66.249.66.10 - - [26/Apr/2025:09:55:50 -0400] "GET /?d=93421305260&filter=1093f8&share_to_url=pin.php%3Fid%3D3164958%26name%3Driachuelo+alerta HTTP/1.1" 200 24772 "-" "Mozilla/5.0 (Linux; Android 6.0.1; Nexus 5X Build/MMB29P) AppleWebKit/537.36 (KHTML, like Gecko) Chrome/135.0.7049.95 Mobile Safari/537.36 (compatible; Googlebot/2.1; +http://www.google.com/bot.html)"
66.249.66.9 - - [26/Apr/2025:09:55:51 -0400] "GET /?d=97949890260&filter=152323&share_to_url=shopdetail.php%3Fid%3D3319556%26name%3Dpelele+infantil+luna HTTP/1.1" 200 24243 "-" "Mozilla/5.0 (Linux; Android 6.0.1; Nexus 5X Build/MMB29P) AppleWebKit/537.36 (KHTML, like Gecko) Chrome/135.0.7049.95 Mobile Safari/537.36 (compatible; Googlebot/2.1; +http://www.google.com/bot.html)"
66.249.66.10 - - [26/Apr/2025:09:55:51 -0400] "GET /?d=89824091260&filter=750d75&share_to_url=item.php%3Fid%3D3044533%26name%3Dniu+039+pantaloni+palazzo+ampi HTTP/1.1" 200 23920 "-" "Mozilla/5.0 (Linux; Android 6.0.1; Nexus 5X Build/MMB29P) AppleWebKit/537.36 (KHTML, like Gecko) Chrome/135.0.7049.95 Mobile Safari/537.36 (compatible; Googlebot/2.1; +http://www.google.com/bot.html)"
66.249.66.9 - - [26/Apr/2025:09:55:51 -0400] "GET /?d=98020934260&filter=c7968e&share_to_url=model.php%3Fid%3D3321735%26name%3Drajasthani+handmade+women+039+s HTTP/1.1" 200 24271 "-" "Mozilla/5.0 (Linux; Android 6.0.1; Nexus 5X Build/MMB29P) AppleWebKit/537.36 (KHTML, like Gecko) Chrome/135.0.7049.95 Mobile Safari/537.36 (compatible; Googlebot/2.1; +http://www.google.com/bot.html)"
66.249.66.10 - - [26/Apr/2025:09:55:51 -0400] "GET /?d=102161643260&filter=14708a&share_to_url=discover.php%3Fid%3D3462797%26name%3Dducati+monster+821+super HTTP/1.1" 200 23424 "-" "Mozilla/5.0 (Linux; Android 6.0.1; Nexus 5X Build/MMB29P) AppleWebKit/537.36 (KHTML, like Gecko) Chrome/135.0.7049.95 Mobile Safari/537.36 (compatible; Googlebot/2.1; +http://www.google.com/bot.html)"
66.249.66.9 - - [26/Apr/2025:09:55:51 -0400] "GET /?d=90726180260&filter=85a479&share_to_url=shopdetail.php%3Fid%3D3074948%26name%3Dbearpaw+children+039+s+emma HTTP/1.1" 200 23004 "-" "Mozilla/5.0 (Linux; Android 6.0.1; Nexus 5X Build/MMB29P) AppleWebKit/537.36 (KHTML, like Gecko) Chrome/135.0.7049.95 Mobile Safari/537.36 (compatible; Googlebot/2.1; +http://www.google.com/bot.html)"
66.249.66.10 - - [26/Apr/2025:09:55:51 -0400] "GET /?d=106039852260&filter=14708a&share_to_url=product-page.php%3Fid%3D3591856%26name%3Dozone+500+island HTTP/1.1" 200 23365 "-" "Mozilla/5.0 (Linux; Android 6.0.1; Nexus 5X Build/MMB29P) AppleWebKit/537.36 (KHTML, like Gecko) Chrome/135.0.7049.95 Mobile Safari/537.36 (compatible; Googlebot/2.1; +http://www.google.com/bot.html)"
66.249.66.10 - - [26/Apr/2025:09:55:52 -0400] "GET /?d=105705385260&filter=4f5ca5&share_to_url=product.php%3Fid%3D3580690%26name%3Dproveedores+de+porcelana+al+por HTTP/1.1" 200 23960 "-" "Mozilla/5.0 (Linux; Android 6.0.1; Nexus 5X Build/MMB29P) AppleWebKit/537.36 (KHTML, like Gecko) Chrome/135.0.7049.95 Mobile Safari/537.36 (compatible; Googlebot/2.1; +http://www.google.com/bot.html)"
66.249.66.10 - - [26/Apr/2025:09:55:52 -0400] "GET /?d=110618445260&filter=f7abf7&share_to_url=product.php%3Fid%3D3744922%26name%3Dwomen+grey+kitten+heel HTTP/1.1" 200 24345 "-" "Mozilla/5.0 (Linux; Android 6.0.1; Nexus 5X Build/MMB29P) AppleWebKit/537.36 (KHTML, like Gecko) Chrome/135.0.7049.95 Mobile Safari/537.36 (compatible; Googlebot/2.1; +http://www.google.com/bot.html)"
66.249.66.9 - - [26/Apr/2025:09:55:52 -0400] "GET /?d=112897566260&filter=7602bb&share_to_url=goods.php%3Fid%3D3823559%26name%3Dpink+2024+gucci+luggage HTTP/1.1" 200 24205 "-" "Mozilla/5.0 (Linux; Android 6.0.1; Nexus 5X Build/MMB29P) AppleWebKit/537.36 (KHTML, like Gecko) Chrome/135.0.7049.95 Mobile Safari/537.36 (compatible; Googlebot/2.1; +http://www.google.com/bot.html)"
66.249.66.9 - - [26/Apr/2025:09:55:52 -0400] "GET /?d=110057504260&filter=cb3ca5&share_to_url=product.php%3Fid%3D3724906%26name%3Dlily+lotus+dinner HTTP/1.1" 200 23976 "-" "Mozilla/5.0 (Linux; Android 6.0.1; Nexus 5X Build/MMB29P) AppleWebKit/537.36 (KHTML, like Gecko) Chrome/135.0.7049.95 Mobile Safari/537.36 (compatible; Googlebot/2.1; +http://www.google.com/bot.html)"
66.249.66.10 - - [26/Apr/2025:09:55:52 -0400] "GET /?d=94503937260&filter=cdc800&share_to_url=shop.php%3Fid%3D3202399%26name%3Dmalta+off+shoulder HTTP/1.1" 200 24233 "-" "Mozilla/5.0 (Linux; Android 6.0.1; Nexus 5X Build/MMB29P) AppleWebKit/537.36 (KHTML, like Gecko) Chrome/135.0.7049.95 Mobile Safari/537.36 (compatible; Googlebot/2.1; +http://www.google.com/bot.html)"
66.249.66.9 - - [26/Apr/2025:09:55:52 -0400] "GET /?d=111488487260&filter=b00345&share_to_url=detail.php%3Fid%3D3775833%26name%3Dwrist+heart+rate+outside+of HTTP/1.1" 200 23941 "-" "Mozilla/5.0 (Linux; Android 6.0.1; Nexus 5X Build/MMB29P) AppleWebKit/537.36 (KHTML, like Gecko) Chrome/135.0.7049.95 Mobile Safari/537.36 (compatible; Googlebot/2.1; +http://www.google.com/bot.html)"
66.249.66.10 - - [26/Apr/2025:09:55:53 -0400] "GET /?d=91726302260&filter=bc40a5&share_to_url=article.php%3Fid%3D3108206%26name%3Dmultipower+bs17+rack+squats+et HTTP/1.1" 200 23749 "-" "Mozilla/5.0 (Linux; Android 6.0.1; Nexus 5X Build/MMB29P) AppleWebKit/537.36 (KHTML, like Gecko) Chrome/135.0.7049.95 Mobile Safari/537.36 (compatible; Googlebot/2.1; +http://www.google.com/bot.html)"
66.249.66.9 - - [26/Apr/2025:09:55:53 -0400] "GET /?d=113236533260&filter=0e447f&share_to_url=ideas.php%3Fid%3D3834996%26name%3D110+best+night+party HTTP/1.1" 200 23286 "-" "Mozilla/5.0 (Linux; Android 6.0.1; Nexus 5X Build/MMB29P) AppleWebKit/537.36 (KHTML, like Gecko) Chrome/135.0.7049.95 Mobile Safari/537.36 (compatible; Googlebot/2.1; +http://www.google.com/bot.html)"
66.249.66.10 - - [26/Apr/2025:09:55:53 -0400] "GET /?d=117408646260&filter=a8a013&share_to_url=article.php%3Fid%3D3976154%26name%3Ddescubre+las+new HTTP/1.1" 200 22846 "-" "Mozilla/5.0 (Linux; Android 6.0.1; Nexus 5X Build/MMB29P) AppleWebKit/537.36 (KHTML, like Gecko) Chrome/135.0.7049.95 Mobile Safari/537.36 (compatible; Googlebot/2.1; +http://www.google.com/bot.html)"
66.249.66.9 - - [26/Apr/2025:09:55:53 -0400] "GET /?d=117833577260&filter=953c46&share_to_url=shop.php%3Fid%3D3990691%26name%3Dlatest+advancements+in+premium+ssd HTTP/1.1" 200 23666 "-" "Mozilla/5.0 (Linux; Android 6.0.1; Nexus 5X Build/MMB29P) AppleWebKit/537.36 (KHTML, like Gecko) Chrome/135.0.7049.95 Mobile Safari/537.36 (compatible; Googlebot/2.1; +http://www.google.com/bot.html)"
66.249.66.9 - - [26/Apr/2025:09:55:53 -0400] "GET /?d=116423784260&filter=c79531&share_to_url=goods.php%3Fid%3D3942527%26name%3Dfisher+price+jumping HTTP/1.1" 200 22548 "-" "Mozilla/5.0 (Linux; Android 6.0.1; Nexus 5X Build/MMB29P) AppleWebKit/537.36 (KHTML, like Gecko) Chrome/135.0.7049.95 Mobile Safari/537.36 (compatible; Googlebot/2.1; +http://www.google.com/bot.html)"
66.249.66.9 - - [26/Apr/2025:09:55:53 -0400] "GET /?d=91253696260&filter=750450&share_to_url=shop.php%3Fid%3D3092647%26name%3Dwomens+black+black+earrings HTTP/1.1" 200 22877 "-" "Mozilla/5.0 (Linux; Android 6.0.1; Nexus 5X Build/MMB29P) AppleWebKit/537.36 (KHTML, like Gecko) Chrome/135.0.7049.95 Mobile Safari/537.36 (compatible; Googlebot/2.1; +http://www.google.com/bot.html)"
66.249.66.10 - - [26/Apr/2025:09:55:53 -0400] "GET /?d=106003631260&filter=b190c6&share_to_url=product.php%3Fid%3D3590698%26name%3D4sr+cargo+jeans HTTP/1.1" 200 23341 "-" "Mozilla/5.0 (Linux; Android 6.0.1; Nexus 5X Build/MMB29P) AppleWebKit/537.36 (KHTML, like Gecko) Chrome/135.0.7049.95 Mobile Safari/537.36 (compatible; Googlebot/2.1; +http://www.google.com/bot.html)"
66.249.66.9 - - [26/Apr/2025:09:55:54 -0400] "GET /?d=104357756260&filter=1f7643&share_to_url=goods.php%3Fid%3D3535859%26name%3Dzenith+metal+bobbins+and HTTP/1.1" 200 24269 "-" "Mozilla/5.0 (Linux; Android 6.0.1; Nexus 5X Build/MMB29P) AppleWebKit/537.36 (KHTML, like Gecko) Chrome/135.0.7049.95 Mobile Safari/537.36 (compatible; Googlebot/2.1; +http://www.google.com/bot.html)"
66.249.66.9 - - [26/Apr/2025:09:55:54 -0400] "GET /?d=94056192260&filter=db202b&share_to_url=shop.php%3Fid%3D3186787%26name%3Dlige+men+call+reminder+fitness HTTP/1.1" 200 22875 "-" "Mozilla/5.0 (Linux; Android 6.0.1; Nexus 5X Build/MMB29P) AppleWebKit/537.36 (KHTML, like Gecko) Chrome/135.0.7049.95 Mobile Safari/537.36 (compatible; Googlebot/2.1; +http://www.google.com/bot.html)"
66.249.66.10 - - [26/Apr/2025:09:55:54 -0400] "GET /?d=112070546260&filter=b00345&share_to_url=ideas.php%3Fid%3D3796140%26name%3Djapanese+culture+on HTTP/1.1" 200 22569 "-" "Mozilla/5.0 (Linux; Android 6.0.1; Nexus 5X Build/MMB29P) AppleWebKit/537.36 (KHTML, like Gecko) Chrome/135.0.7049.95 Mobile Safari/537.36 (compatible; Googlebot/2.1; +http://www.google.com/bot.html)"
66.249.66.12 - - [26/Apr/2025:09:55:54 -0400] "GET /?d=94226739260&filter=c7225c&share_to_url=article.php%3Fid%3D3193070%26name%3Dnike+cortez+talla+38+muy HTTP/1.1" 200 21837 "-" "Mozilla/5.0 (Linux; Android 6.0.1; Nexus 5X Build/MMB29P) AppleWebKit/537.36 (KHTML, like Gecko) Chrome/135.0.7049.95 Mobile Safari/537.36 (compatible; Googlebot/2.1; +http://www.google.com/bot.html)"
66.249.66.11 - - [26/Apr/2025:09:55:54 -0400] "GET /?d=91389642260&filter=590527&share_to_url=detail.php%3Fid%3D3097233%26name%3Dparka+de+ni%C3%B1o+mango+de HTTP/1.1" 200 22676 "-" "Mozilla/5.0 (Linux; Android 6.0.1; Nexus 5X Build/MMB29P) AppleWebKit/537.36 (KHTML, like Gecko) Chrome/135.0.7049.95 Mobile Safari/537.36 (compatible; Googlebot/2.1; +http://www.google.com/bot.html)"
66.249.66.10 - - [26/Apr/2025:09:55:54 -0400] "GET /?d=101246372260&filter=514077&share_to_url=product-page.php%3Fid%3D3432112%26name%3Doficial+nike+da HTTP/1.1" 200 23559 "-" "Mozilla/5.0 (Linux; Android 6.0.1; Nexus 5X Build/MMB29P) AppleWebKit/537.36 (KHTML, like Gecko) Chrome/135.0.7049.95 Mobile Safari/537.36 (compatible; Googlebot/2.1; +http://www.google.com/bot.html)"
