66.249.64.6 - - [12/Jun/2025:08:32:21 -0400] "GET /?d=105516651260&filter=fd5064&share_to_url=product.php%3Fid%3D3574570%26name%3Dused+2023+audi+q3+45 HTTP/1.1" 200 23010 "-" "Mozilla/5.0 (Linux; Android 6.0.1; Nexus 5X Build/MMB29P) AppleWebKit/537.36 (KHTML, like Gecko) Chrome/136.0.7103.113 Mobile Safari/537.36 (compatible; Googlebot/2.1; +http://www.google.com/bot.html)"
66.249.64.6 - - [12/Jun/2025:08:32:21 -0400] "GET /?d=104511048260&filter=a0f400&share_to_url=model.php%3Fid%3D3541215%26name%3Ddavid+best+sale+marc HTTP/1.1" 200 23043 "-" "Mozilla/5.0 (Linux; Android 6.0.1; Nexus 5X Build/MMB29P) AppleWebKit/537.36 (KHTML, like Gecko) Chrome/136.0.7103.113 Mobile Safari/537.36 (compatible; Googlebot/2.1; +http://www.google.com/bot.html)"
66.249.64.5 - - [12/Jun/2025:08:32:22 -0400] "GET /?d=105402556260&filter=8f2b55&share_to_url=shopdetail.php%3Fid%3D3570620%26name%3Dshimano+xt+fc+m8100+2x+crankset HTTP/1.1" 200 23241 "-" "Mozilla/5.0 (Linux; Android 6.0.1; Nexus 5X Build/MMB29P) AppleWebKit/537.36 (KHTML, like Gecko) Chrome/136.0.7103.113 Mobile Safari/537.36 (compatible; Googlebot/2.1; +http://www.google.com/bot.html)"
66.249.64.5 - - [12/Jun/2025:08:32:23 -0400] "GET /?d=103877687260&filter=6ba498&share_to_url=model.php%3Fid%3D3519663%26name%3Dplus+oversized+roll+up+t+shirt HTTP/1.1" 200 23783 "-" "Mozilla/5.0 (Linux; Android 6.0.1; Nexus 5X Build/MMB29P) AppleWebKit/537.36 (KHTML, like Gecko) Chrome/136.0.7103.113 Mobile Safari/537.36 (compatible; Googlebot/2.1; +http://www.google.com/bot.html)"
66.249.64.5 - - [12/Jun/2025:08:32:23 -0400] "GET /?d=110535530260&filter=0f1ecd&share_to_url=shop.php%3Fid%3D3742087%26name%3Dparati+fyp+stitchdisney+liloandstitch+stitch HTTP/1.1" 200 22672 "-" "Mozilla/5.0 (Linux; Android 6.0.1; Nexus 5X Build/MMB29P) AppleWebKit/537.36 (KHTML, like Gecko) Chrome/136.0.7103.113 Mobile Safari/537.36 (compatible; Googlebot/2.1; +http://www.google.com/bot.html)"
66.249.64.6 - - [12/Jun/2025:08:32:23 -0400] "GET /?d=111539403260&filter=400a61&share_to_url=model.php%3Fid%3D3777579%26name%3Doutback+motortek+outback+motortek+instagram+photos HTTP/1.1" 200 22870 "-" "Mozilla/5.0 (Linux; Android 6.0.1; Nexus 5X Build/MMB29P) AppleWebKit/537.36 (KHTML, like Gecko) Chrome/136.0.7103.113 Mobile Safari/537.36 (compatible; Googlebot/2.1; +http://www.google.com/bot.html)"
52.167.144.222 - - [12/Jun/2025:08:32:24 -0400] "GET /?d=70000134260&filter=cb7031&share_to_url=discover.php%3Fid%3D2372153%26name%3Dauchan+munster HTTP/1.1" 200 23664 "-" "Mozilla/5.0 AppleWebKit/537.36 (KHTML, like Gecko; compatible; bingbot/2.0; +http://www.bing.com/bingbot.htm) Chrome/116.0.1938.76 Safari/537.36"
207.46.13.64 - - [12/Jun/2025:08:32:24 -0400] "GET /?d=112629292260&filter=20c71b&share_to_url=ideas.php%3Fid%3D3815028%26name%3Dbrasher+men+039+s+windermere HTTP/1.1" 200 23367 "-" "Mozilla/5.0 AppleWebKit/537.36 (KHTML, like Gecko; compatible; bingbot/2.0; +http://www.bing.com/bingbot.htm) Chrome/116.0.1938.76 Safari/537.36"
52.167.144.222 - - [12/Jun/2025:08:32:24 -0400] "GET /?d=32791703260&filter=14708a&share_to_url=article.php%3Fid%3D1115030%26name%3Dbontrager+pro+interchange HTTP/1.1" 200 22884 "-" "Mozilla/5.0 AppleWebKit/537.36 (KHTML, like Gecko; compatible; bingbot/2.0; +http://www.bing.com/bingbot.htm) Chrome/116.0.1938.76 Safari/537.36"
66.249.64.6 - - [12/Jun/2025:08:32:25 -0400] "GET /?d=103834357260&filter=54c241&share_to_url=ideas.php%3Fid%3D3518028%26name%3Draincoat+trail+running+woman HTTP/1.1" 200 24026 "-" "Mozilla/5.0 (Linux; Android 6.0.1; Nexus 5X Build/MMB29P) AppleWebKit/537.36 (KHTML, like Gecko) Chrome/136.0.7103.113 Mobile Safari/537.36 (compatible; Googlebot/2.1; +http://www.google.com/bot.html)"
207.46.13.64 - - [12/Jun/2025:08:32:25 -0400] "GET /?d=87155690260&filter=34489c&share_to_url=pin.php%3Fid%3D2953686%26name%3Dchaperon+jean+jean HTTP/1.1" 200 24174 "-" "Mozilla/5.0 AppleWebKit/537.36 (KHTML, like Gecko; compatible; bingbot/2.0; +http://www.bing.com/bingbot.htm) Chrome/116.0.1938.76 Safari/537.36"
66.249.64.5 - - [12/Jun/2025:08:32:26 -0400] "GET /?d=101777098260&filter=d9247f&share_to_url=discover.php%3Fid%3D3450281%26name%3Dlego+customs+winter HTTP/1.1" 200 24048 "-" "Mozilla/5.0 (Linux; Android 6.0.1; Nexus 5X Build/MMB29P) AppleWebKit/537.36 (KHTML, like Gecko) Chrome/136.0.7103.113 Mobile Safari/537.36 (compatible; Googlebot/2.1; +http://www.google.com/bot.html)"
207.46.13.64 - - [12/Jun/2025:08:32:27 -0400] "GET /?d=66176610260&filter=fcff4a&share_to_url=goods.php%3Fid%3D2243567%26name%3Dabiti+lunghi+cotone HTTP/1.1" 200 23843 "-" "Mozilla/5.0 AppleWebKit/537.36 (KHTML, like Gecko; compatible; bingbot/2.0; +http://www.bing.com/bingbot.htm) Chrome/116.0.1938.76 Safari/537.36"
40.77.167.9 - - [12/Jun/2025:08:32:27 -0400] "GET /?d=108195725260&filter=b3ceb7&share_to_url=detail.php%3Fid%3D3663309%26name%3Dour+harry+potter HTTP/1.1" 200 24024 "-" "Mozilla/5.0 AppleWebKit/537.36 (KHTML, like Gecko; compatible; bingbot/2.0; +http://www.bing.com/bingbot.htm) Chrome/116.0.1938.76 Safari/537.36"
66.249.64.6 - - [12/Jun/2025:08:32:28 -0400] "GET /?d=112353227260&filter=ba570e&share_to_url=item.php%3Fid%3D3805609%26name%3Dsprayway+waterproof+sales HTTP/1.1" 200 23884 "-" "Mozilla/5.0 (Linux; Android 6.0.1; Nexus 5X Build/MMB29P) AppleWebKit/537.36 (KHTML, like Gecko) Chrome/136.0.7103.113 Mobile Safari/537.36 (compatible; Googlebot/2.1; +http://www.google.com/bot.html)"
66.249.64.6 - - [12/Jun/2025:08:32:28 -0400] "GET /?d=90370670260&filter=138133&share_to_url=ideas.php%3Fid%3D3062664%26name%3Dwolle+farbverlaufsgarne HTTP/1.1" 200 24153 "-" "Mozilla/5.0 (Linux; Android 6.0.1; Nexus 5X Build/MMB29P) AppleWebKit/537.36 (KHTML, like Gecko) Chrome/136.0.7103.113 Mobile Safari/537.36 (compatible; Googlebot/2.1; +http://www.google.com/bot.html)"
207.46.13.64 - - [12/Jun/2025:08:32:29 -0400] "GET /?d=92910479260&filter=a8b3d0&share_to_url=discover.php%3Fid%3D3147989%26name%3Dsandales+noires+chic HTTP/1.1" 200 23492 "-" "Mozilla/5.0 AppleWebKit/537.36 (KHTML, like Gecko; compatible; bingbot/2.0; +http://www.bing.com/bingbot.htm) Chrome/116.0.1938.76 Safari/537.36"
66.249.64.7 - - [12/Jun/2025:08:32:29 -0400] "GET /?d=100426470260&filter=3926f9&share_to_url=discover.php%3Fid%3D3403793%26name%3Dsecret+message+envelope+heart+locket HTTP/1.1" 200 22296 "-" "Mozilla/5.0 (Linux; Android 6.0.1; Nexus 5X Build/MMB29P) AppleWebKit/537.36 (KHTML, like Gecko) Chrome/136.0.7103.113 Mobile Safari/537.36 (compatible; Googlebot/2.1; +http://www.google.com/bot.html)"
207.46.13.64 - - [12/Jun/2025:08:32:30 -0400] "GET /?d=4296449260&filter=05fb13&share_to_url=pin.php%3Fid%3D148050%26name%3Dfitness+trackers+for+the HTTP/1.1" 200 23248 "-" "Mozilla/5.0 AppleWebKit/537.36 (KHTML, like Gecko; compatible; bingbot/2.0; +http://www.bing.com/bingbot.htm) Chrome/116.0.1938.76 Safari/537.36"
66.249.64.6 - - [12/Jun/2025:08:32:30 -0400] "GET /?d=113904570260&filter=7e48cd&share_to_url=detail.php%3Fid%3D3857697%26name%3D60mm+pacer+carpet HTTP/1.1" 200 23823 "-" "Mozilla/5.0 (Linux; Android 6.0.1; Nexus 5X Build/MMB29P) AppleWebKit/537.36 (KHTML, like Gecko) Chrome/136.0.7103.113 Mobile Safari/537.36 (compatible; Googlebot/2.1; +http://www.google.com/bot.html)"
66.249.64.5 - - [12/Jun/2025:08:32:32 -0400] "GET /?d=92877227260&filter=1c3e5e&share_to_url=detail.php%3Fid%3D3146721%26name%3Dsony+str+de595 HTTP/1.1" 200 23104 "-" "Mozilla/5.0 (Linux; Android 6.0.1; Nexus 5X Build/MMB29P) AppleWebKit/537.36 (KHTML, like Gecko) Chrome/136.0.7103.113 Mobile Safari/537.36 (compatible; Googlebot/2.1; +http://www.google.com/bot.html)"
207.46.13.154 - - [12/Jun/2025:08:32:33 -0400] "GET /?d=20988556260&filter=3ebd99&share_to_url=ideas.php%3Fid%3D713028%26name%3Drunning+man+2025+on HTTP/1.1" 200 24362 "-" "Mozilla/5.0 AppleWebKit/537.36 (KHTML, like Gecko; compatible; bingbot/2.0; +http://www.bing.com/bingbot.htm) Chrome/116.0.1938.76 Safari/537.36"
66.249.64.5 - - [12/Jun/2025:08:32:33 -0400] "GET /?d=94372731260&filter=f4b633&share_to_url=shop.php%3Fid%3D3198103%26name%3Dvilla+house+jardin+mahogany HTTP/1.1" 200 24180 "-" "Mozilla/5.0 (Linux; Android 6.0.1; Nexus 5X Build/MMB29P) AppleWebKit/537.36 (KHTML, like Gecko) Chrome/136.0.7103.113 Mobile Safari/537.36 (compatible; Googlebot/2.1; +http://www.google.com/bot.html)"
66.249.64.6 - - [12/Jun/2025:08:32:35 -0400] "GET /?d=111921693260&filter=967b54&share_to_url=goods.php%3Fid%3D3790811%26name%3Di+vowed+never+to HTTP/1.1" 200 24414 "-" "Mozilla/5.0 (Linux; Android 6.0.1; Nexus 5X Build/MMB29P) AppleWebKit/537.36 (KHTML, like Gecko) Chrome/136.0.7103.113 Mobile Safari/537.36 (compatible; Googlebot/2.1; +http://www.google.com/bot.html)"
40.77.167.9 - - [12/Jun/2025:08:32:36 -0400] "GET /?d=89442695260&filter=128aa4&share_to_url=article.php%3Fid%3D3031586%26name%3Dhigh+efficiency+gas+furnace+hi+res HTTP/1.1" 200 24331 "-" "Mozilla/5.0 AppleWebKit/537.36 (KHTML, like Gecko; compatible; bingbot/2.0; +http://www.bing.com/bingbot.htm) Chrome/116.0.1938.76 Safari/537.36"
66.249.64.5 - - [12/Jun/2025:08:32:36 -0400] "GET /?d=98105532260&filter=aca5a6&share_to_url=shopdetail.php%3Fid%3D3324608%26name%3Dronald+reagan+george HTTP/1.1" 200 22016 "-" "Mozilla/5.0 (Linux; Android 6.0.1; Nexus 5X Build/MMB29P) AppleWebKit/537.36 (KHTML, like Gecko) Chrome/136.0.7103.113 Mobile Safari/537.36 (compatible; Googlebot/2.1; +http://www.google.com/bot.html)"
66.249.64.7 - - [12/Jun/2025:08:32:38 -0400] "GET /?d=99843785260&filter=f4b633&share_to_url=discover.php%3Fid%3D3383849%26name%3Dglobal+sheppard+039+s+business HTTP/1.1" 200 24033 "-" "Mozilla/5.0 (Linux; Android 6.0.1; Nexus 5X Build/MMB29P) AppleWebKit/537.36 (KHTML, like Gecko) Chrome/136.0.7103.113 Mobile Safari/537.36 (compatible; Googlebot/2.1; +http://www.google.com/bot.html)"
66.249.64.7 - - [12/Jun/2025:08:32:39 -0400] "GET /?d=106424716260&filter=fd70c5&share_to_url=goods.php%3Fid%3D3604427%26name%3Driver+island+boucle+blazer+size HTTP/1.1" 200 23448 "-" "Mozilla/5.0 (Linux; Android 6.0.1; Nexus 5X Build/MMB29P) AppleWebKit/537.36 (KHTML, like Gecko) Chrome/136.0.7103.113 Mobile Safari/537.36 (compatible; Googlebot/2.1; +http://www.google.com/bot.html)"
66.249.64.6 - - [12/Jun/2025:08:32:41 -0400] "GET /?d=110572983260&filter=c805fc&share_to_url=detail.php%3Fid%3D3743421%26name%3Devolution+aqua+evouv HTTP/1.1" 200 22596 "-" "Mozilla/5.0 (Linux; Android 6.0.1; Nexus 5X Build/MMB29P) AppleWebKit/537.36 (KHTML, like Gecko) Chrome/136.0.7103.113 Mobile Safari/537.36 (compatible; Googlebot/2.1; +http://www.google.com/bot.html)"
66.249.64.6 - - [12/Jun/2025:08:32:42 -0400] "GET /?d=101870004260&filter=be1b9a&share_to_url=shop.php%3Fid%3D3453511%26name%3Daayomet+teen+dresses+kids HTTP/1.1" 200 23790 "-" "Mozilla/5.0 (Linux; Android 6.0.1; Nexus 5X Build/MMB29P) AppleWebKit/537.36 (KHTML, like Gecko) Chrome/136.0.7103.113 Mobile Safari/537.36 (compatible; Googlebot/2.1; +http://www.google.com/bot.html)"
52.167.144.222 - - [12/Jun/2025:08:32:43 -0400] "GET /?d=22094950260&filter=dd2742&share_to_url=discover.php%3Fid%3D749429%26name%3Ddallas+cowboys+cheerleader+looks HTTP/1.1" 200 23204 "-" "Mozilla/5.0 AppleWebKit/537.36 (KHTML, like Gecko; compatible; bingbot/2.0; +http://www.bing.com/bingbot.htm) Chrome/116.0.1938.76 Safari/537.36"
66.249.64.6 - - [12/Jun/2025:08:32:43 -0400] "GET /?d=111767073260&filter=f4b633&share_to_url=pin.php%3Fid%3D3785586%26name%3Dpatio+furniture+set+build HTTP/1.1" 200 24208 "-" "Mozilla/5.0 (Linux; Android 6.0.1; Nexus 5X Build/MMB29P) AppleWebKit/537.36 (KHTML, like Gecko) Chrome/136.0.7103.113 Mobile Safari/537.36 (compatible; Googlebot/2.1; +http://www.google.com/bot.html)"
52.167.144.222 - - [12/Jun/2025:08:32:44 -0400] "GET /?d=115739037260&filter=e86b2c&share_to_url=article.php%3Fid%3D3919382%26name%3Dbeige+woman+basic+crop+sweatshirt HTTP/1.1" 200 24065 "-" "Mozilla/5.0 AppleWebKit/537.36 (KHTML, like Gecko; compatible; bingbot/2.0; +http://www.bing.com/bingbot.htm) Chrome/116.0.1938.76 Safari/537.36"
66.249.64.5 - - [12/Jun/2025:08:32:45 -0400] "GET /?d=108052735260&filter=3699f1&share_to_url=discover.php%3Fid%3D3658421%26name%3Dprecision+pet+products+extreme HTTP/1.1" 200 23633 "-" "Mozilla/5.0 (Linux; Android 6.0.1; Nexus 5X Build/MMB29P) AppleWebKit/537.36 (KHTML, like Gecko) Chrome/136.0.7103.113 Mobile Safari/537.36 (compatible; Googlebot/2.1; +http://www.google.com/bot.html)"
52.167.144.238 - - [12/Jun/2025:08:32:46 -0400] "GET /?d=31455171260&filter=24fb08&share_to_url=model.php%3Fid%3D1069563%26name%3Dwenger+luggage+strap HTTP/1.1" 200 23880 "-" "Mozilla/5.0 AppleWebKit/537.36 (KHTML, like Gecko; compatible; bingbot/2.0; +http://www.bing.com/bingbot.htm) Chrome/116.0.1938.76 Safari/537.36"
66.249.64.5 - - [12/Jun/2025:08:32:46 -0400] "GET /?d=104851439260&filter=0c97d8&share_to_url=article.php%3Fid%3D3552614%26name%3Dnovias+rosa+clara HTTP/1.1" 200 23112 "-" "Mozilla/5.0 (Linux; Android 6.0.1; Nexus 5X Build/MMB29P) AppleWebKit/537.36 (KHTML, like Gecko) Chrome/136.0.7103.113 Mobile Safari/537.36 (compatible; Googlebot/2.1; +http://www.google.com/bot.html)"
66.249.64.6 - - [12/Jun/2025:08:32:47 -0400] "GET /?d=103462774260&filter=e4b9aa&share_to_url=ideas.php%3Fid%3D3505812%26name%3Dbershka+long+plaid HTTP/1.1" 200 24095 "-" "Mozilla/5.0 (Linux; Android 6.0.1; Nexus 5X Build/MMB29P) AppleWebKit/537.36 (KHTML, like Gecko) Chrome/136.0.7103.113 Mobile Safari/537.36 (compatible; Googlebot/2.1; +http://www.google.com/bot.html)"
66.249.64.7 - - [12/Jun/2025:08:32:47 -0400] "GET /?d=114281296260&filter=be6367&share_to_url=shopdetail.php%3Fid%3D3869828%26name%3Dwomen+039+s+red+mini+dresses HTTP/1.1" 200 23431 "-" "Mozilla/5.0 (Linux; Android 6.0.1; Nexus 5X Build/MMB29P) AppleWebKit/537.36 (KHTML, like Gecko) Chrome/136.0.7103.113 Mobile Safari/537.36 (compatible; Googlebot/2.1; +http://www.google.com/bot.html)"
52.167.144.222 - - [12/Jun/2025:08:32:47 -0400] "GET /?d=86896322260&filter=a98900&share_to_url=ideas.php%3Fid%3D2944284%26name%3Dorologio+per+cheap HTTP/1.1" 200 23401 "-" "Mozilla/5.0 AppleWebKit/537.36 (KHTML, like Gecko; compatible; bingbot/2.0; +http://www.bing.com/bingbot.htm) Chrome/116.0.1938.76 Safari/537.36"
66.249.64.8 - - [12/Jun/2025:08:32:47 -0400] "GET /?d=93335123260&filter=7a1ffe&share_to_url=ideas.php%3Fid%3D3162072%26name%3Dconverse+restructured+cheap+chuck HTTP/1.1" 200 23151 "-" "Mozilla/5.0 (Linux; Android 6.0.1; Nexus 5X Build/MMB29P) AppleWebKit/537.36 (KHTML, like Gecko) Chrome/136.0.7103.113 Mobile Safari/537.36 (compatible; Googlebot/2.1; +http://www.google.com/bot.html)"
66.249.64.5 - - [12/Jun/2025:08:32:48 -0400] "GET /?d=91556472260&filter=80d279&share_to_url=item.php%3Fid%3D3102709%26name%3Dsmoked+pork+shanks+recipe HTTP/1.1" 200 23314 "-" "Mozilla/5.0 (Linux; Android 6.0.1; Nexus 5X Build/MMB29P) AppleWebKit/537.36 (KHTML, like Gecko) Chrome/136.0.7103.113 Mobile Safari/537.36 (compatible; Googlebot/2.1; +http://www.google.com/bot.html)"
66.249.64.5 - - [12/Jun/2025:08:32:49 -0400] "GET /?d=102676373260&filter=3c5ad4&share_to_url=shop.php%3Fid%3D3480211%26name%3Dbuscando+ropa+para+mi+beb%C3%A9 HTTP/1.1" 200 23951 "-" "Mozilla/5.0 (Linux; Android 6.0.1; Nexus 5X Build/MMB29P) AppleWebKit/537.36 (KHTML, like Gecko) Chrome/136.0.7103.113 Mobile Safari/537.36 (compatible; Googlebot/2.1; +http://www.google.com/bot.html)"
66.249.64.7 - - [12/Jun/2025:08:32:51 -0400] "GET /?d=95240827260&filter=1cbf7a&share_to_url=article.php%3Fid%3D3226550%26name%3Dpower+tool+bosch HTTP/1.1" 200 24118 "-" "Mozilla/5.0 (Linux; Android 6.0.1; Nexus 5X Build/MMB29P) AppleWebKit/537.36 (KHTML, like Gecko) Chrome/136.0.7103.113 Mobile Safari/537.36 (compatible; Googlebot/2.1; +http://www.google.com/bot.html)"
66.249.64.6 - - [12/Jun/2025:08:32:52 -0400] "GET /?d=108808859260&filter=ca372c&share_to_url=goods.php%3Fid%3D3683819%26name%3Dhow+to+make+atlas+van HTTP/1.1" 200 23160 "-" "Mozilla/5.0 (Linux; Android 6.0.1; Nexus 5X Build/MMB29P) AppleWebKit/537.36 (KHTML, like Gecko) Chrome/136.0.7103.113 Mobile Safari/537.36 (compatible; Googlebot/2.1; +http://www.google.com/bot.html)"
40.77.167.9 - - [12/Jun/2025:08:32:54 -0400] "GET /?d=89392640260&filter=62bca5&share_to_url=model.php%3Fid%3D3030039%26name%3Dshoe+rack+wood+door HTTP/1.1" 200 24539 "-" "Mozilla/5.0 AppleWebKit/537.36 (KHTML, like Gecko; compatible; bingbot/2.0; +http://www.bing.com/bingbot.htm) Chrome/116.0.1938.76 Safari/537.36"
66.249.64.8 - - [12/Jun/2025:08:32:54 -0400] "GET /?d=102035564260&filter=8f0945&share_to_url=discover.php%3Fid%3D3458729%26name%3Dkappa+green+track+pants HTTP/1.1" 200 24027 "-" "Mozilla/5.0 (Linux; Android 6.0.1; Nexus 5X Build/MMB29P) AppleWebKit/537.36 (KHTML, like Gecko) Chrome/136.0.7103.113 Mobile Safari/537.36 (compatible; Googlebot/2.1; +http://www.google.com/bot.html)"
40.77.167.9 - - [12/Jun/2025:08:32:54 -0400] "GET /?d=114800865260&filter=f5b74d&share_to_url=article.php%3Fid%3D3887414%26name%3Dgajang+para+o+dias HTTP/1.1" 200 23453 "-" "Mozilla/5.0 AppleWebKit/537.36 (KHTML, like Gecko; compatible; bingbot/2.0; +http://www.bing.com/bingbot.htm) Chrome/116.0.1938.76 Safari/537.36"
52.167.144.238 - - [12/Jun/2025:08:32:54 -0400] "GET /?d=108680649260&filter=93ffb4&share_to_url=article.php%3Fid%3D3679766%26name%3Dbuy+classmate+b HTTP/1.1" 200 23328 "-" "Mozilla/5.0 AppleWebKit/537.36 (KHTML, like Gecko; compatible; bingbot/2.0; +http://www.bing.com/bingbot.htm) Chrome/116.0.1938.76 Safari/537.36"
66.249.64.8 - - [12/Jun/2025:08:32:55 -0400] "GET /?d=117442587260&filter=b11d37&share_to_url=shopdetail.php%3Fid%3D3977312%26name%3D2017+atomic+backland+bent HTTP/1.1" 200 21876 "-" "Mozilla/5.0 (Linux; Android 6.0.1; Nexus 5X Build/MMB29P) AppleWebKit/537.36 (KHTML, like Gecko) Chrome/136.0.7103.113 Mobile Safari/537.36 (compatible; Googlebot/2.1; +http://www.google.com/bot.html)"
66.249.64.7 - - [12/Jun/2025:08:32:55 -0400] "GET /?d=104460868260&filter=7af24f&share_to_url=pin.php%3Fid%3D3539526%26name%3Dnostalgia+icmp4wh+quart+electric+ice HTTP/1.1" 200 23592 "-" "Mozilla/5.0 (Linux; Android 6.0.1; Nexus 5X Build/MMB29P) AppleWebKit/537.36 (KHTML, like Gecko) Chrome/136.0.7103.113 Mobile Safari/537.36 (compatible; Googlebot/2.1; +http://www.google.com/bot.html)"
66.249.64.5 - - [12/Jun/2025:08:32:57 -0400] "GET /?d=95047300260&filter=be5512&share_to_url=ideas.php%3Fid%3D3220260%26name%3Dmanish+malhotra+autumn HTTP/1.1" 200 22979 "-" "Mozilla/5.0 (Linux; Android 6.0.1; Nexus 5X Build/MMB29P) AppleWebKit/537.36 (KHTML, like Gecko) Chrome/136.0.7103.113 Mobile Safari/537.36 (compatible; Googlebot/2.1; +http://www.google.com/bot.html)"
40.77.167.37 - - [12/Jun/2025:08:32:58 -0400] "GET /?d=103838265260&filter=cdfac6&share_to_url=detail.php%3Fid%3D3518169%26name%3Dreloj+casio+mtp+v001l+7b+en+costa HTTP/1.1" 200 23267 "-" "Mozilla/5.0 AppleWebKit/537.36 (KHTML, like Gecko; compatible; bingbot/2.0; +http://www.bing.com/bingbot.htm) Chrome/116.0.1938.76 Safari/537.36"
66.249.64.6 - - [12/Jun/2025:08:32:58 -0400] "GET /?d=95331743260&filter=ca372c&share_to_url=shopdetail.php%3Fid%3D3229664%26name%3Dyo+discount+boy HTTP/1.1" 200 24558 "-" "Mozilla/5.0 (Linux; Android 6.0.1; Nexus 5X Build/MMB29P) AppleWebKit/537.36 (KHTML, like Gecko) Chrome/136.0.7103.113 Mobile Safari/537.36 (compatible; Googlebot/2.1; +http://www.google.com/bot.html)"
66.249.64.6 - - [12/Jun/2025:08:33:00 -0400] "GET /?d=100089086260&filter=5b5f88&share_to_url=article.php%3Fid%3D3392186%26name%3Dbuy+mans+king HTTP/1.1" 200 24303 "-" "Mozilla/5.0 (Linux; Android 6.0.1; Nexus 5X Build/MMB29P) AppleWebKit/537.36 (KHTML, like Gecko) Chrome/136.0.7103.113 Mobile Safari/537.36 (compatible; Googlebot/2.1; +http://www.google.com/bot.html)"
66.249.64.5 - - [12/Jun/2025:08:33:01 -0400] "GET /?d=102487815260&filter=89626b&share_to_url=shop.php%3Fid%3D3473875%26name%3Dhow+to+modify+the+vma HTTP/1.1" 200 24861 "-" "Mozilla/5.0 (Linux; Android 6.0.1; Nexus 5X Build/MMB29P) AppleWebKit/537.36 (KHTML, like Gecko) Chrome/136.0.7103.113 Mobile Safari/537.36 (compatible; Googlebot/2.1; +http://www.google.com/bot.html)"
66.249.64.5 - - [12/Jun/2025:08:33:02 -0400] "GET /?d=104883782260&filter=298b97&share_to_url=article.php%3Fid%3D3553562%26name%3Dblaire+black+striped HTTP/1.1" 200 23987 "-" "Mozilla/5.0 (Linux; Android 6.0.1; Nexus 5X Build/MMB29P) AppleWebKit/537.36 (KHTML, like Gecko) Chrome/136.0.7103.113 Mobile Safari/537.36 (compatible; Googlebot/2.1; +http://www.google.com/bot.html)"
207.46.13.154 - - [12/Jun/2025:08:33:03 -0400] "GET /?d=87080865260&filter=c5b319&share_to_url=model.php%3Fid%3D2950839%26name%3Dwho+is+scherie+murray HTTP/1.1" 200 22502 "-" "Mozilla/5.0 AppleWebKit/537.36 (KHTML, like Gecko; compatible; bingbot/2.0; +http://www.bing.com/bingbot.htm) Chrome/116.0.1938.76 Safari/537.36"
207.46.13.64 - - [12/Jun/2025:08:33:03 -0400] "GET /?d=91411694260&filter=140534&share_to_url=shopdetail.php%3Fid%3D3097892%26name%3D1930s+skirts+archives+vintage+retro HTTP/1.1" 200 23949 "-" "Mozilla/5.0 AppleWebKit/537.36 (KHTML, like Gecko; compatible; bingbot/2.0; +http://www.bing.com/bingbot.htm) Chrome/116.0.1938.76 Safari/537.36"
66.249.64.5 - - [12/Jun/2025:08:33:04 -0400] "GET /?d=114509524260&filter=923d03&share_to_url=discover.php%3Fid%3D3877625%26name%3Dmidtown+mall HTTP/1.1" 200 23189 "-" "Mozilla/5.0 (Linux; Android 6.0.1; Nexus 5X Build/MMB29P) AppleWebKit/537.36 (KHTML, like Gecko) Chrome/136.0.7103.113 Mobile Safari/537.36 (compatible; Googlebot/2.1; +http://www.google.com/bot.html)"
207.46.13.154 - - [12/Jun/2025:08:33:05 -0400] "GET /?d=88646069260&filter=c4573d&share_to_url=ideas.php%3Fid%3D3004356%26name%3Ddreamzstylish HTTP/1.1" 200 23021 "-" "Mozilla/5.0 AppleWebKit/537.36 (KHTML, like Gecko; compatible; bingbot/2.0; +http://www.bing.com/bingbot.htm) Chrome/116.0.1938.76 Safari/537.36"
66.249.79.33 - - [12/Jun/2025:08:33:05 -0400] "GET /?d=100272107260&filter=b3e07f&share_to_url=article.php%3Fid%3D3398582%26name%3Dfikwot+fs810+1tb+ssd HTTP/1.1" 200 23609 "-" "Mozilla/5.0 (Linux; Android 6.0.1; Nexus 5X Build/MMB29P) AppleWebKit/537.36 (KHTML, like Gecko) Chrome/136.0.7103.113 Mobile Safari/537.36 (compatible; Googlebot/2.1; +http://www.google.com/bot.html)"
66.249.64.6 - - [12/Jun/2025:08:33:08 -0400] "GET /?d=102198442260&filter=bfc81f&share_to_url=model.php%3Fid%3D3464151%26name%3Dtrek+vs+giant HTTP/1.1" 200 22763 "-" "Mozilla/5.0 (Linux; Android 6.0.1; Nexus 5X Build/MMB29P) AppleWebKit/537.36 (KHTML, like Gecko) Chrome/136.0.7103.113 Mobile Safari/537.36 (compatible; Googlebot/2.1; +http://www.google.com/bot.html)"
66.249.64.6 - - [12/Jun/2025:08:33:08 -0400] "GET /?d=109370884260&filter=527c62&share_to_url=product.php%3Fid%3D3702406%26name%3Dlong+distance+girlfriend+gives+boyfriend+creative HTTP/1.1" 200 24019 "-" "Mozilla/5.0 (Linux; Android 6.0.1; Nexus 5X Build/MMB29P) AppleWebKit/537.36 (KHTML, like Gecko) Chrome/136.0.7103.113 Mobile Safari/537.36 (compatible; Googlebot/2.1; +http://www.google.com/bot.html)"
66.249.64.5 - - [12/Jun/2025:08:33:10 -0400] "GET /?d=105992051260&filter=06712c&share_to_url=pin.php%3Fid%3D3590286%26name%3Dez+slouch+carpenter+jeans HTTP/1.1" 200 23748 "-" "Mozilla/5.0 (Linux; Android 6.0.1; Nexus 5X Build/MMB29P) AppleWebKit/537.36 (KHTML, like Gecko) Chrome/136.0.7103.113 Mobile Safari/537.36 (compatible; Googlebot/2.1; +http://www.google.com/bot.html)"
66.249.64.5 - - [12/Jun/2025:08:33:11 -0400] "GET /?d=65567410260&filter=00a8d6&share_to_url=item.php%3Fid%3D2223145%26name%3Dskb+cases+1skb+300 HTTP/1.1" 200 22663 "-" "Mozilla/5.0 (Linux; Android 6.0.1; Nexus 5X Build/MMB29P) AppleWebKit/537.36 (KHTML, like Gecko) Chrome/136.0.7103.113 Mobile Safari/537.36 (compatible; Googlebot/2.1; +http://www.google.com/bot.html)"
207.46.13.154 - - [12/Jun/2025:08:33:12 -0400] "GET /?d=88347317260&filter=d007b0&share_to_url=model.php%3Fid%3D2994171%26name%3Dschuberth+s2+helmet+long HTTP/1.1" 200 21845 "-" "Mozilla/5.0 AppleWebKit/537.36 (KHTML, like Gecko; compatible; bingbot/2.0; +http://www.bing.com/bingbot.htm) Chrome/116.0.1938.76 Safari/537.36"
66.249.64.5 - - [12/Jun/2025:08:33:12 -0400] "GET /?d=93525090260&filter=475947&share_to_url=detail.php%3Fid%3D3168405%26name%3Dreloj+smartwatch+colmi+land+2s HTTP/1.1" 200 23339 "-" "Mozilla/5.0 (Linux; Android 6.0.1; Nexus 5X Build/MMB29P) AppleWebKit/537.36 (KHTML, like Gecko) Chrome/136.0.7103.113 Mobile Safari/537.36 (compatible; Googlebot/2.1; +http://www.google.com/bot.html)"
207.46.13.64 - - [12/Jun/2025:08:33:13 -0400] "GET /?d=86518845260&filter=298b97&share_to_url=shopdetail.php%3Fid%3D2931548%26name%3D17+sophisticated+sweaters+you+can HTTP/1.1" 200 24685 "-" "Mozilla/5.0 AppleWebKit/537.36 (KHTML, like Gecko; compatible; bingbot/2.0; +http://www.bing.com/bingbot.htm) Chrome/116.0.1938.76 Safari/537.36"
66.249.64.5 - - [12/Jun/2025:08:33:13 -0400] "GET /?d=103621408260&filter=07ee75&share_to_url=ideas.php%3Fid%3D3511068%26name%3Ddeep+blue+camo+hoodie HTTP/1.1" 200 24370 "-" "Mozilla/5.0 (Linux; Android 6.0.1; Nexus 5X Build/MMB29P) AppleWebKit/537.36 (KHTML, like Gecko) Chrome/136.0.7103.113 Mobile Safari/537.36 (compatible; Googlebot/2.1; +http://www.google.com/bot.html)"
66.249.64.5 - - [12/Jun/2025:08:33:15 -0400] "GET /?d=59952488260&filter=920ea1&share_to_url=detail.php%3Fid%3D2034585%26name%3Dblusa+cuello+mu%C3%B1eca+botones HTTP/1.1" 200 24480 "-" "Mozilla/5.0 (Linux; Android 6.0.1; Nexus 5X Build/MMB29P) AppleWebKit/537.36 (KHTML, like Gecko) Chrome/136.0.7103.113 Mobile Safari/537.36 (compatible; Googlebot/2.1; +http://www.google.com/bot.html)"
40.77.167.37 - - [12/Jun/2025:08:33:15 -0400] "GET /?d=112055469260&filter=f7447b&share_to_url=article.php%3Fid%3D3795602%26name%3Dmakeup+revolution+revolution+x+brush HTTP/1.1" 200 23460 "-" "Mozilla/5.0 AppleWebKit/537.36 (KHTML, like Gecko; compatible; bingbot/2.0; +http://www.bing.com/bingbot.htm) Chrome/116.0.1938.76 Safari/537.36"
66.249.64.5 - - [12/Jun/2025:08:33:15 -0400] "GET /?d=110952528260&filter=2d4b43&share_to_url=item.php%3Fid%3D3757237%26name%3Dororo+heated+apparel HTTP/1.1" 200 23830 "-" "Mozilla/5.0 (Linux; Android 6.0.1; Nexus 5X Build/MMB29P) AppleWebKit/537.36 (KHTML, like Gecko) Chrome/136.0.7103.113 Mobile Safari/537.36 (compatible; Googlebot/2.1; +http://www.google.com/bot.html)"
40.77.167.9 - - [12/Jun/2025:08:33:16 -0400] "GET /?d=100877878260&filter=920ea1&share_to_url=item.php%3Fid%3D3419365%26name%3Ddistribuidora+octo+sudadera HTTP/1.1" 200 22707 "-" "Mozilla/5.0 AppleWebKit/537.36 (KHTML, like Gecko; compatible; bingbot/2.0; +http://www.bing.com/bingbot.htm) Chrome/116.0.1938.76 Safari/537.36"
66.249.64.5 - - [12/Jun/2025:08:33:16 -0400] "GET /?d=90681949260&filter=977925&share_to_url=article.php%3Fid%3D3073394%26name%3Dfila+bianche+nel+tuo HTTP/1.1" 200 22324 "-" "Mozilla/5.0 (Linux; Android 6.0.1; Nexus 5X Build/MMB29P) AppleWebKit/537.36 (KHTML, like Gecko) Chrome/136.0.7103.113 Mobile Safari/537.36 (compatible; Googlebot/2.1; +http://www.google.com/bot.html)"
52.167.144.238 - - [12/Jun/2025:08:33:16 -0400] "GET /?d=92158810260&filter=677cca&share_to_url=pin.php%3Fid%3D3121926%26name%3Dbuy+waxed+canvas+tote+canvas HTTP/1.1" 200 23955 "-" "Mozilla/5.0 AppleWebKit/537.36 (KHTML, like Gecko; compatible; bingbot/2.0; +http://www.bing.com/bingbot.htm) Chrome/116.0.1938.76 Safari/537.36"
52.167.144.238 - - [12/Jun/2025:08:33:16 -0400] "GET /?d=93262531260&filter=3346bd&share_to_url=shop.php%3Fid%3D3159763%26name%3Dcar+air+bed+with HTTP/1.1" 200 24029 "-" "Mozilla/5.0 AppleWebKit/537.36 (KHTML, like Gecko; compatible; bingbot/2.0; +http://www.bing.com/bingbot.htm) Chrome/116.0.1938.76 Safari/537.36"
52.167.144.222 - - [12/Jun/2025:08:33:16 -0400] "GET /?d=102386690260&filter=7db1b6&share_to_url=detail.php%3Fid%3D3470541%26name%3Dblue+adidas+leeds HTTP/1.1" 200 24172 "-" "Mozilla/5.0 AppleWebKit/537.36 (KHTML, like Gecko; compatible; bingbot/2.0; +http://www.bing.com/bingbot.htm) Chrome/116.0.1938.76 Safari/537.36"
66.249.64.5 - - [12/Jun/2025:08:33:17 -0400] "GET /?d=104186944260&filter=4766bb&share_to_url=discover.php%3Fid%3D3529973%26name%3Dcaja+fuertes+para+su+negocio HTTP/1.1" 200 24158 "-" "Mozilla/5.0 (Linux; Android 6.0.1; Nexus 5X Build/MMB29P) AppleWebKit/537.36 (KHTML, like Gecko) Chrome/136.0.7103.113 Mobile Safari/537.36 (compatible; Googlebot/2.1; +http://www.google.com/bot.html)"
40.77.167.9 - - [12/Jun/2025:08:33:17 -0400] "GET /?d=113871540260&filter=e8f8dd&share_to_url=model.php%3Fid%3D3856611%26name%3Dbeautiful+tour HTTP/1.1" 200 21986 "-" "Mozilla/5.0 AppleWebKit/537.36 (KHTML, like Gecko; compatible; bingbot/2.0; +http://www.bing.com/bingbot.htm) Chrome/116.0.1938.76 Safari/537.36"
66.249.64.5 - - [12/Jun/2025:08:33:18 -0400] "GET /?d=98542725260&filter=1c33e9&share_to_url=ideas.php%3Fid%3D3339732%26name%3Dsoletrader+peek+a HTTP/1.1" 200 24391 "-" "Mozilla/5.0 (Linux; Android 6.0.1; Nexus 5X Build/MMB29P) AppleWebKit/537.36 (KHTML, like Gecko) Chrome/136.0.7103.113 Mobile Safari/537.36 (compatible; Googlebot/2.1; +http://www.google.com/bot.html)"
40.77.167.9 - - [12/Jun/2025:08:33:19 -0400] "GET /?d=115016271260&filter=4d89e2&share_to_url=article.php%3Fid%3D3894818%26name%3Dbe+afraid+of+the+dark HTTP/1.1" 200 22805 "-" "Mozilla/5.0 AppleWebKit/537.36 (KHTML, like Gecko; compatible; bingbot/2.0; +http://www.bing.com/bingbot.htm) Chrome/116.0.1938.76 Safari/537.36"
66.249.64.5 - - [12/Jun/2025:08:33:20 -0400] "GET /?d=112540423260&filter=15bc17&share_to_url=article.php%3Fid%3D3812150%26name%3Dbolsos+de+mano+vintage HTTP/1.1" 200 23509 "-" "Mozilla/5.0 (Linux; Android 6.0.1; Nexus 5X Build/MMB29P) AppleWebKit/537.36 (KHTML, like Gecko) Chrome/136.0.7103.113 Mobile Safari/537.36 (compatible; Googlebot/2.1; +http://www.google.com/bot.html)"
66.249.64.5 - - [12/Jun/2025:08:33:20 -0400] "GET /?d=102911348260&filter=f4b633&share_to_url=article.php%3Fid%3D3487718%26name%3Dreplacement+canopy+for+grandview HTTP/1.1" 200 23300 "-" "Mozilla/5.0 (Linux; Android 6.0.1; Nexus 5X Build/MMB29P) AppleWebKit/537.36 (KHTML, like Gecko) Chrome/136.0.7103.113 Mobile Safari/537.36 (compatible; Googlebot/2.1; +http://www.google.com/bot.html)"
66.249.64.6 - - [12/Jun/2025:08:33:21 -0400] "GET /?d=98033230260&filter=a06510&share_to_url=product.php%3Fid%3D3322150%26name%3D2007+sassicaia+tenuta+san HTTP/1.1" 200 24018 "-" "Mozilla/5.0 (Linux; Android 6.0.1; Nexus 5X Build/MMB29P) AppleWebKit/537.36 (KHTML, like Gecko) Chrome/136.0.7103.113 Mobile Safari/537.36 (compatible; Googlebot/2.1; +http://www.google.com/bot.html)"
66.249.64.6 - - [12/Jun/2025:08:33:21 -0400] "GET /?d=90149239260&filter=eba88d&share_to_url=item.php%3Fid%3D3055021%26name%3Dmsgm+gonna+pelle+di+msgm HTTP/1.1" 200 24123 "-" "Mozilla/5.0 (Linux; Android 6.0.1; Nexus 5X Build/MMB29P) AppleWebKit/537.36 (KHTML, like Gecko) Chrome/136.0.7103.113 Mobile Safari/537.36 (compatible; Googlebot/2.1; +http://www.google.com/bot.html)"
66.249.64.5 - - [12/Jun/2025:08:33:22 -0400] "GET /?d=84512909260&filter=74b097&share_to_url=product-page.php%3Fid%3D2862208%26name%3Dremonte+d1e02+14 HTTP/1.1" 200 22664 "-" "Mozilla/5.0 (Linux; Android 6.0.1; Nexus 5X Build/MMB29P) AppleWebKit/537.36 (KHTML, like Gecko) Chrome/136.0.7103.113 Mobile Safari/537.36 (compatible; Googlebot/2.1; +http://www.google.com/bot.html)"
66.249.64.6 - - [12/Jun/2025:08:33:22 -0400] "GET /?d=97587877260&filter=1cbf7a&share_to_url=detail.php%3Fid%3D3307005%26name%3Dkobalt+khb+400b+06 HTTP/1.1" 200 22728 "-" "Mozilla/5.0 (Linux; Android 6.0.1; Nexus 5X Build/MMB29P) AppleWebKit/537.36 (KHTML, like Gecko) Chrome/136.0.7103.113 Mobile Safari/537.36 (compatible; Googlebot/2.1; +http://www.google.com/bot.html)"
66.249.64.5 - - [12/Jun/2025:08:33:23 -0400] "GET /?d=108582437260&filter=3d4903&share_to_url=goods.php%3Fid%3D3676523%26name%3Djeans+colombiano+levanta+cola HTTP/1.1" 200 23390 "-" "Mozilla/5.0 (Linux; Android 6.0.1; Nexus 5X Build/MMB29P) AppleWebKit/537.36 (KHTML, like Gecko) Chrome/136.0.7103.113 Mobile Safari/537.36 (compatible; Googlebot/2.1; +http://www.google.com/bot.html)"
40.77.167.37 - - [12/Jun/2025:08:33:23 -0400] "GET /?d=103999366260&filter=99bfb5&share_to_url=goods.php%3Fid%3D3523871%26name%3Dauto+air+vent+most HTTP/1.1" 200 24292 "-" "Mozilla/5.0 AppleWebKit/537.36 (KHTML, like Gecko; compatible; bingbot/2.0; +http://www.bing.com/bingbot.htm) Chrome/116.0.1938.76 Safari/537.36"
66.249.64.6 - - [12/Jun/2025:08:33:24 -0400] "GET /?d=104242746260&filter=9ab666&share_to_url=goods.php%3Fid%3D3531983%26name%3Dskechers+84999+sale HTTP/1.1" 200 23581 "-" "Mozilla/5.0 (Linux; Android 6.0.1; Nexus 5X Build/MMB29P) AppleWebKit/537.36 (KHTML, like Gecko) Chrome/136.0.7103.113 Mobile Safari/537.36 (compatible; Googlebot/2.1; +http://www.google.com/bot.html)"
66.249.64.6 - - [12/Jun/2025:08:33:25 -0400] "GET /?d=115014181260&filter=4d89e2&share_to_url=product-page.php%3Fid%3D3894712%26name%3Ddual+heroes+1997+mobygames HTTP/1.1" 200 23194 "-" "Mozilla/5.0 (Linux; Android 6.0.1; Nexus 5X Build/MMB29P) AppleWebKit/537.36 (KHTML, like Gecko) Chrome/136.0.7103.113 Mobile Safari/537.36 (compatible; Googlebot/2.1; +http://www.google.com/bot.html)"
66.249.64.6 - - [12/Jun/2025:08:33:27 -0400] "GET /?d=103589010260&filter=ec2a80&share_to_url=article.php%3Fid%3D3510002%26name%3Dgarmin+deluxe+bark+collar HTTP/1.1" 200 21892 "-" "Mozilla/5.0 (Linux; Android 6.0.1; Nexus 5X Build/MMB29P) AppleWebKit/537.36 (KHTML, like Gecko) Chrome/136.0.7103.113 Mobile Safari/537.36 (compatible; Googlebot/2.1; +http://www.google.com/bot.html)"
66.249.64.5 - - [12/Jun/2025:08:33:27 -0400] "GET /?d=94899835260&filter=470d28&share_to_url=model.php%3Fid%3D3215511%26name%3Dmy+hero+academia+039+new HTTP/1.1" 200 22599 "-" "Mozilla/5.0 (Linux; Android 6.0.1; Nexus 5X Build/MMB29P) AppleWebKit/537.36 (KHTML, like Gecko) Chrome/136.0.7103.113 Mobile Safari/537.36 (compatible; Googlebot/2.1; +http://www.google.com/bot.html)"
66.249.64.5 - - [12/Jun/2025:08:33:28 -0400] "GET /?d=110494840260&filter=b18bc9&share_to_url=ideas.php%3Fid%3D3740556%26name%3Dbicicleta+goliat+cabo+aro+20 HTTP/1.1" 200 23801 "-" "Mozilla/5.0 (Linux; Android 6.0.1; Nexus 5X Build/MMB29P) AppleWebKit/537.36 (KHTML, like Gecko) Chrome/136.0.7103.113 Mobile Safari/537.36 (compatible; Googlebot/2.1; +http://www.google.com/bot.html)"
66.249.64.5 - - [12/Jun/2025:08:33:29 -0400] "GET /?d=105028678260&filter=34e834&share_to_url=shop.php%3Fid%3D3558451%26name%3Dthe+north+face+clearance+infant HTTP/1.1" 200 22997 "-" "Mozilla/5.0 (Linux; Android 6.0.1; Nexus 5X Build/MMB29P) AppleWebKit/537.36 (KHTML, like Gecko) Chrome/136.0.7103.113 Mobile Safari/537.36 (compatible; Googlebot/2.1; +http://www.google.com/bot.html)"
20.15.133.174 - - [12/Jun/2025:08:33:30 -0400] "GET /?d=114469000260&filter=22c2a3&share_to_url=article.php%3Fid%3D3876146%26name%3Dorciani+borsa+a+tracolla+in HTTP/1.1" 200 22835 "-" "Mozilla/5.0 AppleWebKit/537.36 (KHTML, like Gecko; compatible; bingbot/2.0; +http://www.bing.com/bingbot.htm) Chrome/116.0.1938.76 Safari/537.36"
66.249.64.5 - - [12/Jun/2025:08:33:31 -0400] "GET /?d=109947334260&filter=63784b&share_to_url=item.php%3Fid%3D3721189%26name%3D440+lb+digital+meat HTTP/1.1" 200 23047 "-" "Mozilla/5.0 (Linux; Android 6.0.1; Nexus 5X Build/MMB29P) AppleWebKit/537.36 (KHTML, like Gecko) Chrome/136.0.7103.113 Mobile Safari/537.36 (compatible; Googlebot/2.1; +http://www.google.com/bot.html)"
66.249.64.6 - - [12/Jun/2025:08:33:32 -0400] "GET /?d=58711893260&filter=06712c&share_to_url=item.php%3Fid%3D1992493%26name%3Dpepe+jeans+grey+official HTTP/1.1" 200 23188 "-" "Mozilla/5.0 (Linux; Android 6.0.1; Nexus 5X Build/MMB29P) AppleWebKit/537.36 (KHTML, like Gecko) Chrome/136.0.7103.113 Mobile Safari/537.36 (compatible; Googlebot/2.1; +http://www.google.com/bot.html)"
66.249.64.6 - - [12/Jun/2025:08:33:34 -0400] "GET /?d=106589332260&filter=c805fc&share_to_url=product.php%3Fid%3D3610138%26name%3Dlarge+fish+tank HTTP/1.1" 200 23704 "-" "Mozilla/5.0 (Linux; Android 6.0.1; Nexus 5X Build/MMB29P) AppleWebKit/537.36 (KHTML, like Gecko) Chrome/136.0.7103.113 Mobile Safari/537.36 (compatible; Googlebot/2.1; +http://www.google.com/bot.html)"
207.46.13.64 - - [12/Jun/2025:08:33:34 -0400] "GET /?d=106707841260&filter=d0d815&share_to_url=discover.php%3Fid%3D3613949%26name%3Dspicehorse+we HTTP/1.1" 200 23409 "-" "Mozilla/5.0 AppleWebKit/537.36 (KHTML, like Gecko; compatible; bingbot/2.0; +http://www.bing.com/bingbot.htm) Chrome/116.0.1938.76 Safari/537.36"
207.46.13.64 - - [12/Jun/2025:08:33:35 -0400] "GET /?d=113343597260&filter=be1eff&share_to_url=product.php%3Fid%3D3838918%26name%3Dtory+burch+wallet HTTP/1.1" 200 23639 "-" "Mozilla/5.0 AppleWebKit/537.36 (KHTML, like Gecko; compatible; bingbot/2.0; +http://www.bing.com/bingbot.htm) Chrome/116.0.1938.76 Safari/537.36"
66.249.64.7 - - [12/Jun/2025:08:33:35 -0400] "GET /?d=112732574260&filter=34e834&share_to_url=goods.php%3Fid%3D3818375%26name%3Dblack+panther+hoodie HTTP/1.1" 200 24062 "-" "Mozilla/5.0 (Linux; Android 6.0.1; Nexus 5X Build/MMB29P) AppleWebKit/537.36 (KHTML, like Gecko) Chrome/136.0.7103.113 Mobile Safari/537.36 (compatible; Googlebot/2.1; +http://www.google.com/bot.html)"
66.249.64.5 - - [12/Jun/2025:08:33:37 -0400] "GET /?d=98575303260&filter=d6ff6e&share_to_url=pin.php%3Fid%3D3340854%26name%3D90+039+s+starter+phoenix+coyotes HTTP/1.1" 200 23906 "-" "Mozilla/5.0 (Linux; Android 6.0.1; Nexus 5X Build/MMB29P) AppleWebKit/537.36 (KHTML, like Gecko) Chrome/136.0.7103.113 Mobile Safari/537.36 (compatible; Googlebot/2.1; +http://www.google.com/bot.html)"
66.249.64.7 - - [12/Jun/2025:08:33:38 -0400] "GET /?d=19221355260&filter=8249c9&share_to_url=pin.php%3Fid%3D653130%26name%3Dc3+87ivisiz+k+c4+b1rm+c4+b1z+c4+b1 HTTP/1.1" 200 22976 "-" "Mozilla/5.0 (Linux; Android 6.0.1; Nexus 5X Build/MMB29P) AppleWebKit/537.36 (KHTML, like Gecko) Chrome/136.0.7103.113 Mobile Safari/537.36 (compatible; Googlebot/2.1; +http://www.google.com/bot.html)"
66.249.64.5 - - [12/Jun/2025:08:33:38 -0400] "GET /?d=96074679260&filter=999486&share_to_url=product.php%3Fid%3D3255106%26name%3Dwomen+039+s+keeper+ring+2024 HTTP/1.1" 200 22997 "-" "Mozilla/5.0 (Linux; Android 6.0.1; Nexus 5X Build/MMB29P) AppleWebKit/537.36 (KHTML, like Gecko) Chrome/136.0.7103.113 Mobile Safari/537.36 (compatible; Googlebot/2.1; +http://www.google.com/bot.html)"
66.249.64.7 - - [12/Jun/2025:08:33:40 -0400] "GET /?d=109608482260&filter=704690&share_to_url=ideas.php%3Fid%3D3709956%26name%3D20+ide+harga+snack+cris HTTP/1.1" 200 24075 "-" "Mozilla/5.0 (Linux; Android 6.0.1; Nexus 5X Build/MMB29P) AppleWebKit/537.36 (KHTML, like Gecko) Chrome/136.0.7103.113 Mobile Safari/537.36 (compatible; Googlebot/2.1; +http://www.google.com/bot.html)"
66.249.64.6 - - [12/Jun/2025:08:33:40 -0400] "GET /?d=93198334260&filter=23178a&share_to_url=ideas.php%3Fid%3D3157728%26name%3Dmobile+phone+mount+for HTTP/1.1" 200 23353 "-" "Mozilla/5.0 (Linux; Android 6.0.1; Nexus 5X Build/MMB29P) AppleWebKit/537.36 (KHTML, like Gecko) Chrome/136.0.7103.113 Mobile Safari/537.36 (compatible; Googlebot/2.1; +http://www.google.com/bot.html)"
66.249.64.5 - - [12/Jun/2025:08:33:41 -0400] "GET /?d=112201700260&filter=589472&share_to_url=pin.php%3Fid%3D3800694%26name%3Dharley+quinn+choker+suicide+squad HTTP/1.1" 200 22433 "-" "Mozilla/5.0 (Linux; Android 6.0.1; Nexus 5X Build/MMB29P) AppleWebKit/537.36 (KHTML, like Gecko) Chrome/136.0.7103.113 Mobile Safari/537.36 (compatible; Googlebot/2.1; +http://www.google.com/bot.html)"
66.249.64.6 - - [12/Jun/2025:08:33:42 -0400] "GET /?d=99719337260&filter=d9247f&share_to_url=ideas.php%3Fid%3D3379704%26name%3Dtake+make+kit HTTP/1.1" 200 24372 "-" "Mozilla/5.0 (Linux; Android 6.0.1; Nexus 5X Build/MMB29P) AppleWebKit/537.36 (KHTML, like Gecko) Chrome/136.0.7103.113 Mobile Safari/537.36 (compatible; Googlebot/2.1; +http://www.google.com/bot.html)"
52.167.144.222 - - [12/Jun/2025:08:33:43 -0400] "GET /?d=87787719260&filter=cdc800&share_to_url=shopdetail.php%3Fid%3D2974892%26name%3Dshop+cargo+track+pants HTTP/1.1" 200 23336 "-" "Mozilla/5.0 AppleWebKit/537.36 (KHTML, like Gecko; compatible; bingbot/2.0; +http://www.bing.com/bingbot.htm) Chrome/116.0.1938.76 Safari/537.36"
52.167.144.238 - - [12/Jun/2025:08:33:43 -0400] "GET /?d=17287711260&filter=bd924d&share_to_url=product-page.php%3Fid%3D588808%26name%3Dsong+get+down HTTP/1.1" 200 22257 "-" "Mozilla/5.0 AppleWebKit/537.36 (KHTML, like Gecko; compatible; bingbot/2.0; +http://www.bing.com/bingbot.htm) Chrome/116.0.1938.76 Safari/537.36"
66.249.64.7 - - [12/Jun/2025:08:33:43 -0400] "GET /?d=92991022260&filter=e341e1&share_to_url=product-page.php%3Fid%3D3150736%26name%3Dbuy+dior+addict+lip+maximizer HTTP/1.1" 200 22974 "-" "Mozilla/5.0 (Linux; Android 6.0.1; Nexus 5X Build/MMB29P) AppleWebKit/537.36 (KHTML, like Gecko) Chrome/136.0.7103.113 Mobile Safari/537.36 (compatible; Googlebot/2.1; +http://www.google.com/bot.html)"
66.249.64.7 - - [12/Jun/2025:08:33:45 -0400] "GET /?d=100174811260&filter=f4b633&share_to_url=discover.php%3Fid%3D3395105%26name%3Dbiloxi+rustic+farmhouse HTTP/1.1" 200 24445 "-" "Mozilla/5.0 (Linux; Android 6.0.1; Nexus 5X Build/MMB29P) AppleWebKit/537.36 (KHTML, like Gecko) Chrome/136.0.7103.113 Mobile Safari/537.36 (compatible; Googlebot/2.1; +http://www.google.com/bot.html)"
66.249.64.7 - - [12/Jun/2025:08:33:45 -0400] "GET /?d=103431662260&filter=3fa24f&share_to_url=detail.php%3Fid%3D3504873%26name%3Dgreen+skeleton+bones+detail+knit HTTP/1.1" 200 24727 "-" "Mozilla/5.0 (Linux; Android 6.0.1; Nexus 5X Build/MMB29P) AppleWebKit/537.36 (KHTML, like Gecko) Chrome/136.0.7103.113 Mobile Safari/537.36 (compatible; Googlebot/2.1; +http://www.google.com/bot.html)"
66.249.64.6 - - [12/Jun/2025:08:33:46 -0400] "GET /?d=93171875260&filter=f3166a&share_to_url=detail.php%3Fid%3D3156777%26name%3Dplay+all+around+dollhouse+at+lakeshore+learning HTTP/1.1" 200 22607 "-" "Mozilla/5.0 (Linux; Android 6.0.1; Nexus 5X Build/MMB29P) AppleWebKit/537.36 (KHTML, like Gecko) Chrome/136.0.7103.113 Mobile Safari/537.36 (compatible; Googlebot/2.1; +http://www.google.com/bot.html)"
207.46.13.154 - - [12/Jun/2025:08:33:47 -0400] "GET /?d=38065811260&filter=d60d32&share_to_url=shop.php%3Fid%3D1292035%26name%3Dk+approve+cup HTTP/1.1" 200 24073 "-" "Mozilla/5.0 AppleWebKit/537.36 (KHTML, like Gecko; compatible; bingbot/2.0; +http://www.bing.com/bingbot.htm) Chrome/116.0.1938.76 Safari/537.36"
66.249.64.5 - - [12/Jun/2025:08:33:48 -0400] "GET /?d=111040638260&filter=99bfb5&share_to_url=shopdetail.php%3Fid%3D3760160%26name%3Dsanctuary+compact+crib HTTP/1.1" 200 23495 "-" "Mozilla/5.0 (Linux; Android 6.0.1; Nexus 5X Build/MMB29P) AppleWebKit/537.36 (KHTML, like Gecko) Chrome/136.0.7103.113 Mobile Safari/537.36 (compatible; Googlebot/2.1; +http://www.google.com/bot.html)"
207.46.13.154 - - [12/Jun/2025:08:33:48 -0400] "GET /?d=62940519260&filter=93ffb4&share_to_url=item.php%3Fid%3D2134009%26name%3Dturquoise+pen+r+fountainpens HTTP/1.1" 200 23359 "-" "Mozilla/5.0 AppleWebKit/537.36 (KHTML, like Gecko; compatible; bingbot/2.0; +http://www.bing.com/bingbot.htm) Chrome/116.0.1938.76 Safari/537.36"
66.249.64.8 - - [12/Jun/2025:08:33:49 -0400] "GET /?d=99333639260&filter=e73708&share_to_url=shopdetail.php%3Fid%3D3366644%26name%3Doff+white+silver+tone+necklace HTTP/1.1" 200 24285 "-" "Mozilla/5.0 (Linux; Android 6.0.1; Nexus 5X Build/MMB29P) AppleWebKit/537.36 (KHTML, like Gecko) Chrome/136.0.7103.113 Mobile Safari/537.36 (compatible; Googlebot/2.1; +http://www.google.com/bot.html)"
66.249.64.8 - - [12/Jun/2025:08:33:51 -0400] "GET /?d=114442842260&filter=b199a4&share_to_url=shop.php%3Fid%3D3875227%26name%3Dpaul+green+3794+002+pumps+in HTTP/1.1" 200 21856 "-" "Mozilla/5.0 (Linux; Android 6.0.1; Nexus 5X Build/MMB29P) AppleWebKit/537.36 (KHTML, like Gecko) Chrome/136.0.7103.113 Mobile Safari/537.36 (compatible; Googlebot/2.1; +http://www.google.com/bot.html)"
66.249.64.8 - - [12/Jun/2025:08:33:52 -0400] "GET /?d=116072031260&filter=2ca54d&share_to_url=item.php%3Fid%3D3930613%26name%3Dwomens+canvas HTTP/1.1" 200 23521 "-" "Mozilla/5.0 (Linux; Android 6.0.1; Nexus 5X Build/MMB29P) AppleWebKit/537.36 (KHTML, like Gecko) Chrome/136.0.7103.113 Mobile Safari/537.36 (compatible; Googlebot/2.1; +http://www.google.com/bot.html)"
66.249.64.8 - - [12/Jun/2025:08:33:53 -0400] "GET /?d=116760945260&filter=7d0d7b&share_to_url=pin.php%3Fid%3D3954066%26name%3Dkempa+handball+chaussures+pour HTTP/1.1" 200 22686 "-" "Mozilla/5.0 (Linux; Android 6.0.1; Nexus 5X Build/MMB29P) AppleWebKit/537.36 (KHTML, like Gecko) Chrome/136.0.7103.113 Mobile Safari/537.36 (compatible; Googlebot/2.1; +http://www.google.com/bot.html)"
207.46.13.64 - - [12/Jun/2025:08:33:53 -0400] "GET /?d=110033350260&filter=bce36f&share_to_url=article.php%3Fid%3D3724082%26name%3Dbest+wireless+car HTTP/1.1" 200 23617 "-" "Mozilla/5.0 AppleWebKit/537.36 (KHTML, like Gecko; compatible; bingbot/2.0; +http://www.bing.com/bingbot.htm) Chrome/116.0.1938.76 Safari/537.36"
66.249.64.5 - - [12/Jun/2025:08:33:53 -0400] "GET /?d=106763901260&filter=8104cb&share_to_url=ideas.php%3Fid%3D3615900%26name%3Dbieler+039+s+blended+vegetable HTTP/1.1" 200 22584 "-" "Mozilla/5.0 (Linux; Android 6.0.1; Nexus 5X Build/MMB29P) AppleWebKit/537.36 (KHTML, like Gecko) Chrome/136.0.7103.113 Mobile Safari/537.36 (compatible; Googlebot/2.1; +http://www.google.com/bot.html)"
52.167.144.238 - - [12/Jun/2025:08:33:54 -0400] "GET /?d=117843709260&filter=c3a1a0&share_to_url=detail.php%3Fid%3D3991053%26name%3Dnike+top+ninja+bebe HTTP/1.1" 200 23464 "-" "Mozilla/5.0 AppleWebKit/537.36 (KHTML, like Gecko; compatible; bingbot/2.0; +http://www.bing.com/bingbot.htm) Chrome/116.0.1938.76 Safari/537.36"
52.167.144.238 - - [12/Jun/2025:08:33:54 -0400] "GET /?d=12864448260&filter=ada5f8&share_to_url=ideas.php%3Fid%3D439164%26name%3Dplastic+sale+patio HTTP/1.1" 200 23987 "-" "Mozilla/5.0 AppleWebKit/537.36 (KHTML, like Gecko; compatible; bingbot/2.0; +http://www.bing.com/bingbot.htm) Chrome/116.0.1938.76 Safari/537.36"
52.167.144.238 - - [12/Jun/2025:08:33:55 -0400] "GET /?d=107007559260&filter=92edf0&share_to_url=model.php%3Fid%3D3624039%26name%3Dka+ribbed+basic+footless HTTP/1.1" 200 23366 "-" "Mozilla/5.0 AppleWebKit/537.36 (KHTML, like Gecko; compatible; bingbot/2.0; +http://www.bing.com/bingbot.htm) Chrome/116.0.1938.76 Safari/537.36"
66.249.64.5 - - [12/Jun/2025:08:33:55 -0400] "GET /?d=109248370260&filter=a4c9b9&share_to_url=ideas.php%3Fid%3D3698448%26name%3Dgetting+down+to+business+oris HTTP/1.1" 200 23161 "-" "Mozilla/5.0 (Linux; Android 6.0.1; Nexus 5X Build/MMB29P) AppleWebKit/537.36 (KHTML, like Gecko) Chrome/136.0.7103.113 Mobile Safari/537.36 (compatible; Googlebot/2.1; +http://www.google.com/bot.html)"
207.46.13.154 - - [12/Jun/2025:08:33:55 -0400] "GET /?d=107314125260&filter=d80630&share_to_url=shopdetail.php%3Fid%3D3634004%26name%3Dkeds+champion+triple HTTP/1.1" 200 22949 "-" "Mozilla/5.0 AppleWebKit/537.36 (KHTML, like Gecko; compatible; bingbot/2.0; +http://www.bing.com/bingbot.htm) Chrome/116.0.1938.76 Safari/537.36"
66.249.64.7 - - [12/Jun/2025:08:33:56 -0400] "GET /?d=102955658260&filter=34e834&share_to_url=model.php%3Fid%3D3489147%26name%3Dbulma+primitive+store HTTP/1.1" 200 23208 "-" "Mozilla/5.0 (Linux; Android 6.0.1; Nexus 5X Build/MMB29P) AppleWebKit/537.36 (KHTML, like Gecko) Chrome/136.0.7103.113 Mobile Safari/537.36 (compatible; Googlebot/2.1; +http://www.google.com/bot.html)"
66.249.64.5 - - [12/Jun/2025:08:33:57 -0400] "GET /?d=110653615260&filter=c19a1f&share_to_url=shopdetail.php%3Fid%3D3746084%26name%3Drolex+1987+datejust+36 HTTP/1.1" 200 22712 "-" "Mozilla/5.0 (Linux; Android 6.0.1; Nexus 5X Build/MMB29P) AppleWebKit/537.36 (KHTML, like Gecko) Chrome/136.0.7103.113 Mobile Safari/537.36 (compatible; Googlebot/2.1; +http://www.google.com/bot.html)"
52.167.144.238 - - [12/Jun/2025:08:33:58 -0400] "GET /?d=17695810260&filter=14708a&share_to_url=product-page.php%3Fid%3D602032%26name%3Dchina+ax100+motorcycle HTTP/1.1" 200 24172 "-" "Mozilla/5.0 AppleWebKit/537.36 (KHTML, like Gecko; compatible; bingbot/2.0; +http://www.bing.com/bingbot.htm) Chrome/116.0.1938.76 Safari/537.36"
66.249.64.6 - - [12/Jun/2025:08:33:59 -0400] "GET /?d=77865699260&filter=3fa24f&share_to_url=article.php%3Fid%3D2637914%26name%3D2024+gul+3mm+peaked HTTP/1.1" 200 23184 "-" "Mozilla/5.0 (Linux; Android 6.0.1; Nexus 5X Build/MMB29P) AppleWebKit/537.36 (KHTML, like Gecko) Chrome/136.0.7103.113 Mobile Safari/537.36 (compatible; Googlebot/2.1; +http://www.google.com/bot.html)"
66.249.64.6 - - [12/Jun/2025:08:34:00 -0400] "GET /?d=112584296260&filter=202d30&share_to_url=goods.php%3Fid%3D3813539%26name%3Dgipsy+mermaid+tights+in HTTP/1.1" 200 23913 "-" "Mozilla/5.0 (Linux; Android 6.0.1; Nexus 5X Build/MMB29P) AppleWebKit/537.36 (KHTML, like Gecko) Chrome/136.0.7103.113 Mobile Safari/537.36 (compatible; Googlebot/2.1; +http://www.google.com/bot.html)"
20.15.133.174 - - [12/Jun/2025:08:34:00 -0400] "GET /?d=91377021260&filter=190ccd&share_to_url=discover.php%3Fid%3D3096797%26name%3Dalligator+hair+clips+wholesale HTTP/1.1" 200 23249 "-" "Mozilla/5.0 AppleWebKit/537.36 (KHTML, like Gecko; compatible; bingbot/2.0; +http://www.bing.com/bingbot.htm) Chrome/116.0.1938.76 Safari/537.36"
66.249.64.5 - - [12/Jun/2025:08:34:01 -0400] "GET /?d=106487748260&filter=b18bc9&share_to_url=model.php%3Fid%3D3606495%26name%3Dcuentakilometros+aliexpress HTTP/1.1" 200 24251 "-" "Mozilla/5.0 (Linux; Android 6.0.1; Nexus 5X Build/MMB29P) AppleWebKit/537.36 (KHTML, like Gecko) Chrome/136.0.7103.113 Mobile Safari/537.36 (compatible; Googlebot/2.1; +http://www.google.com/bot.html)"
66.249.64.7 - - [12/Jun/2025:08:34:02 -0400] "GET /?d=112024991260&filter=96a32b&share_to_url=goods.php%3Fid%3D3794567%26name%3Dlaarzen+2024+groen+dames HTTP/1.1" 200 24556 "-" "Mozilla/5.0 (Linux; Android 6.0.1; Nexus 5X Build/MMB29P) AppleWebKit/537.36 (KHTML, like Gecko) Chrome/136.0.7103.113 Mobile Safari/537.36 (compatible; Googlebot/2.1; +http://www.google.com/bot.html)"
207.46.13.64 - - [12/Jun/2025:08:34:02 -0400] "GET /?d=34684712260&filter=e7ae8e&share_to_url=pin.php%3Fid%3D1179918%26name%3D HTTP/1.1" 200 24412 "-" "Mozilla/5.0 AppleWebKit/537.36 (KHTML, like Gecko; compatible; bingbot/2.0; +http://www.bing.com/bingbot.htm) Chrome/116.0.1938.76 Safari/537.36"
