208.110.64.178 - - [12/Jun/2025:08:51:12 -0400] "GET /wp-includes/loginn.php HTTP/1.1" 302 6 "https://churchmr.com/wp-includes/edit.php" "Mozilla/5.0 (Windows NT 10.0; Win64; x64) AppleWebKit/537.36 (KHTML, like Gecko) Chrome/58.0.3029.110 Safari/537.3"
52.167.144.22 - - [12/Jun/2025:08:51:12 -0400] "GET /?d=43268940260&filter=c79531&share_to_url=discover.php%3Fid%3D1468889%26name%3Ddream+collection+new+born HTTP/1.1" 200 24163 "-" "Mozilla/5.0 AppleWebKit/537.36 (KHTML, like Gecko; compatible; bingbot/2.0; +http://www.bing.com/bingbot.htm) Chrome/116.0.1938.76 Safari/537.36"
208.110.64.178 - - [12/Jun/2025:08:51:12 -0400] "GET /wp-includes/loginn.php HTTP/1.1" 302 6 "https://churchmr.com/wp-includes/edit.php" "Mozilla/5.0 (Windows NT 10.0; Win64; x64) AppleWebKit/537.36 (KHTML, like Gecko) Chrome/58.0.3029.110 Safari/537.3"
66.249.64.11 - - [12/Jun/2025:08:51:12 -0400] "GET /?d=99639440260&filter=5b5f88&share_to_url=article.php%3Fid%3D3376754%26name%3Dwomen+039+s+animal+free+puffer HTTP/1.1" 200 24078 "-" "Mozilla/5.0 (Linux; Android 6.0.1; Nexus 5X Build/MMB29P) AppleWebKit/537.36 (KHTML, like Gecko) Chrome/136.0.7103.113 Mobile Safari/537.36 (compatible; Googlebot/2.1; +http://www.google.com/bot.html)"
52.167.144.22 - - [12/Jun/2025:08:51:13 -0400] "GET /?d=99141425260&filter=a5069b&share_to_url=model.php%3Fid%3D3359859%26name%3Dleather+jackets+with+hoodie HTTP/1.1" 200 23011 "-" "Mozilla/5.0 AppleWebKit/537.36 (KHTML, like Gecko; compatible; bingbot/2.0; +http://www.bing.com/bingbot.htm) Chrome/116.0.1938.76 Safari/537.36"
208.110.64.178 - - [12/Jun/2025:08:51:13 -0400] "GET /wp-includes/loginn.php HTTP/1.1" 302 6 "https://churchmr.com/wp-includes/edit.php" "Mozilla/5.0 (Windows NT 10.0; Win64; x64) AppleWebKit/537.36 (KHTML, like Gecko) Chrome/58.0.3029.110 Safari/537.3"
208.110.64.178 - - [12/Jun/2025:08:51:13 -0400] "GET /wp-includes/loginn.php HTTP/1.1" 302 6 "https://churchmr.com/wp-includes/edit.php" "Mozilla/5.0 (Windows NT 10.0; Win64; x64) AppleWebKit/537.36 (KHTML, like Gecko) Chrome/58.0.3029.110 Safari/537.3"
66.249.64.11 - - [12/Jun/2025:08:51:14 -0400] "GET /?d=113846788260&filter=7a6bde&share_to_url=product-page.php%3Fid%3D3855604%26name%3Dfossil+good+latest+premium HTTP/1.1" 200 23484 "-" "Mozilla/5.0 (Linux; Android 6.0.1; Nexus 5X Build/MMB29P) AppleWebKit/537.36 (KHTML, like Gecko) Chrome/136.0.7103.113 Mobile Safari/537.36 (compatible; Googlebot/2.1; +http://www.google.com/bot.html)"
208.110.64.178 - - [12/Jun/2025:08:51:14 -0400] "GET /wp-includes/loginn.php HTTP/1.1" 302 6 "https://churchmr.com/wp-includes/edit.php" "Mozilla/5.0 (Windows NT 10.0; Win64; x64) AppleWebKit/537.36 (KHTML, like Gecko) Chrome/58.0.3029.110 Safari/537.3"
157.55.39.202 - - [12/Jun/2025:08:51:14 -0400] "GET /?d=87962264260&filter=3c96b6&share_to_url=model.php%3Fid%3D2980479%26name%3Dsociet%C3%A0+cooperativa HTTP/1.1" 200 23384 "-" "Mozilla/5.0 AppleWebKit/537.36 (KHTML, like Gecko; compatible; bingbot/2.0; +http://www.bing.com/bingbot.htm) Chrome/116.0.1938.76 Safari/537.36"
208.110.64.178 - - [12/Jun/2025:08:51:14 -0400] "GET /wp-includes/loginn.php HTTP/1.1" 302 6 "https://churchmr.com/wp-includes/edit.php" "Mozilla/5.0 (Windows NT 10.0; Win64; x64) AppleWebKit/537.36 (KHTML, like Gecko) Chrome/58.0.3029.110 Safari/537.3"
66.249.64.11 - - [12/Jun/2025:08:51:15 -0400] "GET /?d=107486423260&filter=f5b74d&share_to_url=goods.php%3Fid%3D3640067%26name%3Dagasalho+de+viagem+s%C3%A3o+paulo HTTP/1.1" 200 24019 "-" "Mozilla/5.0 (Linux; Android 6.0.1; Nexus 5X Build/MMB29P) AppleWebKit/537.36 (KHTML, like Gecko) Chrome/136.0.7103.113 Mobile Safari/537.36 (compatible; Googlebot/2.1; +http://www.google.com/bot.html)"
208.110.64.178 - - [12/Jun/2025:08:51:15 -0400] "GET /wp-includes/loginn.php HTTP/1.1" 302 6 "https://churchmr.com/wp-includes/edit.php" "Mozilla/5.0 (Windows NT 10.0; Win64; x64) AppleWebKit/537.36 (KHTML, like Gecko) Chrome/58.0.3029.110 Safari/537.3"
208.110.64.178 - - [12/Jun/2025:08:51:16 -0400] "GET /wp-includes/loginn.php HTTP/1.1" 302 6 "https://churchmr.com/wp-includes/edit.php" "Mozilla/5.0 (Windows NT 10.0; Win64; x64) AppleWebKit/537.36 (KHTML, like Gecko) Chrome/58.0.3029.110 Safari/537.3"
66.249.64.11 - - [12/Jun/2025:08:51:16 -0400] "GET /?d=112815891260&filter=657405&share_to_url=product.php%3Fid%3D3820930%26name%3Dbuy+continental+vulc+n+a HTTP/1.1" 200 22393 "-" "Mozilla/5.0 (Linux; Android 6.0.1; Nexus 5X Build/MMB29P) AppleWebKit/537.36 (KHTML, like Gecko) Chrome/136.0.7103.113 Mobile Safari/537.36 (compatible; Googlebot/2.1; +http://www.google.com/bot.html)"
66.249.64.11 - - [12/Jun/2025:08:51:18 -0400] "GET /?d=98862654260&filter=b0370e&share_to_url=pin.php%3Fid%3D3350430%26name%3Dspider+man HTTP/1.1" 200 23848 "-" "Mozilla/5.0 (Linux; Android 6.0.1; Nexus 5X Build/MMB29P) AppleWebKit/537.36 (KHTML, like Gecko) Chrome/136.0.7103.113 Mobile Safari/537.36 (compatible; Googlebot/2.1; +http://www.google.com/bot.html)"
66.249.64.12 - - [12/Jun/2025:08:51:19 -0400] "GET /?d=102984794260&filter=2c5c3a&share_to_url=detail.php%3Fid%3D3490221%26name%3Dkiss+bristle+straightener HTTP/1.1" 200 23220 "-" "Mozilla/5.0 (Linux; Android 6.0.1; Nexus 5X Build/MMB29P) AppleWebKit/537.36 (KHTML, like Gecko) Chrome/136.0.7103.113 Mobile Safari/537.36 (compatible; Googlebot/2.1; +http://www.google.com/bot.html)"
66.249.64.11 - - [12/Jun/2025:08:51:20 -0400] "GET /?d=101954920260&filter=6b3690&share_to_url=shopdetail.php%3Fid%3D3456200%26name%3Dburberry+check+patch+cotton HTTP/1.1" 200 23494 "-" "Mozilla/5.0 (Linux; Android 6.0.1; Nexus 5X Build/MMB29P) AppleWebKit/537.36 (KHTML, like Gecko) Chrome/136.0.7103.113 Mobile Safari/537.36 (compatible; Googlebot/2.1; +http://www.google.com/bot.html)"
66.249.64.12 - - [12/Jun/2025:08:51:21 -0400] "GET /?d=90421573260&filter=3d4903&share_to_url=product.php%3Fid%3D3064498%26name%3Dtodavia HTTP/1.1" 200 23711 "-" "Mozilla/5.0 (Linux; Android 6.0.1; Nexus 5X Build/MMB29P) AppleWebKit/537.36 (KHTML, like Gecko) Chrome/136.0.7103.113 Mobile Safari/537.36 (compatible; Googlebot/2.1; +http://www.google.com/bot.html)"
66.249.64.12 - - [12/Jun/2025:08:51:21 -0400] "GET /?d=96321328260&filter=1c3e5e&share_to_url=pin.php%3Fid%3D3263334%26name%3Dslc110+small+sound+box+parlante HTTP/1.1" 200 24323 "-" "Mozilla/5.0 (Linux; Android 6.0.1; Nexus 5X Build/MMB29P) AppleWebKit/537.36 (KHTML, like Gecko) Chrome/136.0.7103.113 Mobile Safari/537.36 (compatible; Googlebot/2.1; +http://www.google.com/bot.html)"
66.249.64.12 - - [12/Jun/2025:08:51:22 -0400] "GET /?d=111253348260&filter=657405&share_to_url=shop.php%3Fid%3D3767539%26name%3Dwl574pc2 HTTP/1.1" 200 22055 "-" "Mozilla/5.0 (Linux; Android 6.0.1; Nexus 5X Build/MMB29P) AppleWebKit/537.36 (KHTML, like Gecko) Chrome/136.0.7103.113 Mobile Safari/537.36 (compatible; Googlebot/2.1; +http://www.google.com/bot.html)"
66.249.64.12 - - [12/Jun/2025:08:51:23 -0400] "GET /?d=104120706260&filter=c19a1f&share_to_url=goods.php%3Fid%3D3527747%26name%3Dsmart+watch+active HTTP/1.1" 200 22595 "-" "Mozilla/5.0 (Linux; Android 6.0.1; Nexus 5X Build/MMB29P) AppleWebKit/537.36 (KHTML, like Gecko) Chrome/136.0.7103.113 Mobile Safari/537.36 (compatible; Googlebot/2.1; +http://www.google.com/bot.html)"
66.249.64.12 - - [12/Jun/2025:08:51:24 -0400] "GET /?d=113687031260&filter=f4b633&share_to_url=item.php%3Fid%3D3849937%26name%3Dbuy+aulki+c+16 HTTP/1.1" 200 23848 "-" "Mozilla/5.0 (Linux; Android 6.0.1; Nexus 5X Build/MMB29P) AppleWebKit/537.36 (KHTML, like Gecko) Chrome/136.0.7103.113 Mobile Safari/537.36 (compatible; Googlebot/2.1; +http://www.google.com/bot.html)"
66.249.64.12 - - [12/Jun/2025:08:51:25 -0400] "GET /?d=98601466260&filter=b0370e&share_to_url=shopdetail.php%3Fid%3D3341708%26name%3D31+curve+throttle HTTP/1.1" 200 24240 "-" "Mozilla/5.0 (Linux; Android 6.0.1; Nexus 5X Build/MMB29P) AppleWebKit/537.36 (KHTML, like Gecko) Chrome/136.0.7103.113 Mobile Safari/537.36 (compatible; Googlebot/2.1; +http://www.google.com/bot.html)"
157.55.39.202 - - [12/Jun/2025:08:51:25 -0400] "GET /?d=38078100260&filter=492e03&share_to_url=product-page.php%3Fid%3D1292428%26name%3Drathdrum+animal+clinic HTTP/1.1" 200 22127 "-" "Mozilla/5.0 AppleWebKit/537.36 (KHTML, like Gecko; compatible; bingbot/2.0; +http://www.bing.com/bingbot.htm) Chrome/116.0.1938.76 Safari/537.36"
157.55.39.202 - - [12/Jun/2025:08:51:26 -0400] "GET /?d=88061669260&filter=dc973f&share_to_url=article.php%3Fid%3D2983958%26name%3Dmoosoo+cordless+vacuum+stick HTTP/1.1" 200 23873 "-" "Mozilla/5.0 AppleWebKit/537.36 (KHTML, like Gecko; compatible; bingbot/2.0; +http://www.bing.com/bingbot.htm) Chrome/116.0.1938.76 Safari/537.36"
66.249.64.11 - - [12/Jun/2025:08:51:26 -0400] "GET /?d=99249342260&filter=bfcb6f&share_to_url=detail.php%3Fid%3D3363657%26name%3Dcostume+sale+mare+ragazzo HTTP/1.1" 200 23935 "-" "Mozilla/5.0 (Linux; Android 6.0.1; Nexus 5X Build/MMB29P) AppleWebKit/537.36 (KHTML, like Gecko) Chrome/136.0.7103.113 Mobile Safari/537.36 (compatible; Googlebot/2.1; +http://www.google.com/bot.html)"
157.55.39.202 - - [12/Jun/2025:08:51:27 -0400] "GET /?d=89956831260&filter=132c35&share_to_url=detail.php%3Fid%3D3048765%26name%3Dname+stools HTTP/1.1" 200 23418 "-" "Mozilla/5.0 AppleWebKit/537.36 (KHTML, like Gecko; compatible; bingbot/2.0; +http://www.bing.com/bingbot.htm) Chrome/116.0.1938.76 Safari/537.36"
52.167.144.22 - - [12/Jun/2025:08:51:27 -0400] "GET /?d=87950727260&filter=080c26&share_to_url=item.php%3Fid%3D2980129%26name%3Dzoccolo+ugg+zoccolo+goldenstar HTTP/1.1" 200 23445 "-" "Mozilla/5.0 AppleWebKit/537.36 (KHTML, like Gecko; compatible; bingbot/2.0; +http://www.bing.com/bingbot.htm) Chrome/116.0.1938.76 Safari/537.36"
66.249.64.12 - - [12/Jun/2025:08:51:28 -0400] "GET /?d=93999947260&filter=a151d9&share_to_url=product-page.php%3Fid%3D3184864%26name%3Dlove+moschino+outlet+handbag+woman HTTP/1.1" 200 23335 "-" "Mozilla/5.0 (Linux; Android 6.0.1; Nexus 5X Build/MMB29P) AppleWebKit/537.36 (KHTML, like Gecko) Chrome/136.0.7103.113 Mobile Safari/537.36 (compatible; Googlebot/2.1; +http://www.google.com/bot.html)"
157.55.39.202 - - [12/Jun/2025:08:51:28 -0400] "GET /?d=34270143260&filter=8ac724&share_to_url=discover.php%3Fid%3D1165613%26name%3Dlocket+shokit HTTP/1.1" 200 23156 "-" "Mozilla/5.0 AppleWebKit/537.36 (KHTML, like Gecko; compatible; bingbot/2.0; +http://www.bing.com/bingbot.htm) Chrome/116.0.1938.76 Safari/537.36"
52.167.144.22 - - [12/Jun/2025:08:51:28 -0400] "GET /?d=109929321260&filter=0e841e&share_to_url=goods.php%3Fid%3D3720623%26name%3Dnew+indastria+t+shirt+sembrava HTTP/1.1" 200 23348 "-" "Mozilla/5.0 AppleWebKit/537.36 (KHTML, like Gecko; compatible; bingbot/2.0; +http://www.bing.com/bingbot.htm) Chrome/116.0.1938.76 Safari/537.36"
52.167.144.22 - - [12/Jun/2025:08:51:29 -0400] "GET /?d=63571470260&filter=6ca228&share_to_url=product.php%3Fid%3D2155942%26name%3Dbeen+trill+exclusive HTTP/1.1" 200 24105 "-" "Mozilla/5.0 AppleWebKit/537.36 (KHTML, like Gecko; compatible; bingbot/2.0; +http://www.bing.com/bingbot.htm) Chrome/116.0.1938.76 Safari/537.36"
157.55.39.202 - - [12/Jun/2025:08:51:29 -0400] "GET /?d=116529213260&filter=bc40a5&share_to_url=discover.php%3Fid%3D3946217%26name%3Dtoyota+land+cruiser+78 HTTP/1.1" 200 22991 "-" "Mozilla/5.0 AppleWebKit/537.36 (KHTML, like Gecko; compatible; bingbot/2.0; +http://www.bing.com/bingbot.htm) Chrome/116.0.1938.76 Safari/537.36"
52.167.144.22 - - [12/Jun/2025:08:51:30 -0400] "GET /?d=102201592260&filter=e17faf&share_to_url=ideas.php%3Fid%3D3464268%26name%3Dhow+big+is+the HTTP/1.1" 200 24002 "-" "Mozilla/5.0 AppleWebKit/537.36 (KHTML, like Gecko; compatible; bingbot/2.0; +http://www.bing.com/bingbot.htm) Chrome/116.0.1938.76 Safari/537.36"
66.249.64.12 - - [12/Jun/2025:08:51:33 -0400] "GET /?d=92477169260&filter=b3ae16&share_to_url=article.php%3Fid%3D3132938%26name%3Dpuma+top+cali+bewertung HTTP/1.1" 200 23053 "-" "Mozilla/5.0 (Linux; Android 6.0.1; Nexus 5X Build/MMB29P) AppleWebKit/537.36 (KHTML, like Gecko) Chrome/136.0.7103.113 Mobile Safari/537.36 (compatible; Googlebot/2.1; +http://www.google.com/bot.html)"
66.249.64.12 - - [12/Jun/2025:08:51:35 -0400] "GET /?d=101190723260&filter=b00edb&share_to_url=goods.php%3Fid%3D3430163%26name%3Dthe+nikon+s4 HTTP/1.1" 200 23098 "-" "Mozilla/5.0 (Linux; Android 6.0.1; Nexus 5X Build/MMB29P) AppleWebKit/537.36 (KHTML, like Gecko) Chrome/136.0.7103.113 Mobile Safari/537.36 (compatible; Googlebot/2.1; +http://www.google.com/bot.html)"
52.167.144.22 - - [12/Jun/2025:08:51:35 -0400] "GET /?d=57149519260&filter=fd45ef&share_to_url=ideas.php%3Fid%3D1940148%26name%3Drts+8a53+curved HTTP/1.1" 200 23171 "-" "Mozilla/5.0 AppleWebKit/537.36 (KHTML, like Gecko; compatible; bingbot/2.0; +http://www.bing.com/bingbot.htm) Chrome/116.0.1938.76 Safari/537.36"
66.249.64.12 - - [12/Jun/2025:08:51:35 -0400] "GET /?d=105318267260&filter=1a053c&share_to_url=product.php%3Fid%3D3567814%26name%3Da+loose+elegant HTTP/1.1" 200 23157 "-" "Mozilla/5.0 (Linux; Android 6.0.1; Nexus 5X Build/MMB29P) AppleWebKit/537.36 (KHTML, like Gecko) Chrome/136.0.7103.113 Mobile Safari/537.36 (compatible; Googlebot/2.1; +http://www.google.com/bot.html)"
207.46.13.92 - - [12/Jun/2025:08:51:36 -0400] "GET /?d=107664137260&filter=8f6469&share_to_url=pin.php%3Fid%3D3645678%26name%3Dbuy+broad+waist+calf+mesh HTTP/1.1" 200 22985 "-" "Mozilla/5.0 AppleWebKit/537.36 (KHTML, like Gecko; compatible; bingbot/2.0; +http://www.bing.com/bingbot.htm) Chrome/116.0.1938.76 Safari/537.36"
66.249.64.11 - - [12/Jun/2025:08:51:36 -0400] "GET /?d=86701705260&filter=6d6f21&share_to_url=article.php%3Fid%3D2937542%26name%3Da+loja+mais+fofa+de HTTP/1.1" 200 24493 "-" "Mozilla/5.0 (Linux; Android 6.0.1; Nexus 5X Build/MMB29P) AppleWebKit/537.36 (KHTML, like Gecko) Chrome/136.0.7103.113 Mobile Safari/537.36 (compatible; Googlebot/2.1; +http://www.google.com/bot.html)"
207.46.13.92 - - [12/Jun/2025:08:51:37 -0400] "GET /?d=95530595260&filter=203e31&share_to_url=pin.php%3Fid%3D3236682%26name%3Dalexander+mcqueen+cut+sew HTTP/1.1" 200 23955 "-" "Mozilla/5.0 AppleWebKit/537.36 (KHTML, like Gecko; compatible; bingbot/2.0; +http://www.bing.com/bingbot.htm) Chrome/116.0.1938.76 Safari/537.36"
66.249.64.13 - - [12/Jun/2025:08:51:38 -0400] "GET /?d=93327489260&filter=ea2dc1&share_to_url=shopdetail.php%3Fid%3D3161816%26name%3Ddresscode+world+billionaire+kanye HTTP/1.1" 200 23806 "-" "Mozilla/5.0 (Linux; Android 6.0.1; Nexus 5X Build/MMB29P) AppleWebKit/537.36 (KHTML, like Gecko) Chrome/136.0.7103.113 Mobile Safari/537.36 (compatible; Googlebot/2.1; +http://www.google.com/bot.html)"
52.167.144.21 - - [12/Jun/2025:08:51:38 -0400] "GET /?d=102425914260&filter=d6ff6e&share_to_url=item.php%3Fid%3D3471973%26name%3Dmen+039+s+jordan+brand+lamelo HTTP/1.1" 200 23834 "-" "Mozilla/5.0 AppleWebKit/537.36 (KHTML, like Gecko; compatible; bingbot/2.0; +http://www.bing.com/bingbot.htm) Chrome/116.0.1938.76 Safari/537.36"
66.249.64.13 - - [12/Jun/2025:08:51:39 -0400] "GET /?d=86610334260&filter=128aa4&share_to_url=detail.php%3Fid%3D2934537%26name%3Dtankless+booster+pump HTTP/1.1" 200 24437 "-" "Mozilla/5.0 (Linux; Android 6.0.1; Nexus 5X Build/MMB29P) AppleWebKit/537.36 (KHTML, like Gecko) Chrome/136.0.7103.113 Mobile Safari/537.36 (compatible; Googlebot/2.1; +http://www.google.com/bot.html)"
40.77.167.62 - - [12/Jun/2025:08:51:40 -0400] "GET /?d=29947613260&filter=ada5f8&share_to_url=detail.php%3Fid%3D1017837%26name%3Dvictorian+cast+outlet HTTP/1.1" 200 24112 "-" "Mozilla/5.0 AppleWebKit/537.36 (KHTML, like Gecko; compatible; bingbot/2.0; +http://www.bing.com/bingbot.htm) Chrome/116.0.1938.76 Safari/537.36"
40.77.167.123 - - [12/Jun/2025:08:51:40 -0400] "GET /?d=94571669260&filter=1e390e&share_to_url=model.php%3Fid%3D3204543%26name%3Di+stili HTTP/1.1" 200 24541 "-" "Mozilla/5.0 AppleWebKit/537.36 (KHTML, like Gecko; compatible; bingbot/2.0; +http://www.bing.com/bingbot.htm) Chrome/116.0.1938.76 Safari/537.36"
66.249.64.11 - - [12/Jun/2025:08:51:40 -0400] "GET /?d=88942485260&filter=81d41c&share_to_url=goods.php%3Fid%3D3014555%26name%3Dprotest+boardwear+geotech+5000+ski HTTP/1.1" 200 24542 "-" "Mozilla/5.0 (Linux; Android 6.0.1; Nexus 5X Build/MMB29P) AppleWebKit/537.36 (KHTML, like Gecko) Chrome/136.0.7103.113 Mobile Safari/537.36 (compatible; Googlebot/2.1; +http://www.google.com/bot.html)"
66.249.64.13 - - [12/Jun/2025:08:51:42 -0400] "GET /?d=58169365260&filter=ee0841&share_to_url=product-page.php%3Fid%3D1974916%26name%3Dalex+morgan+tottenham+during HTTP/1.1" 200 22955 "-" "Mozilla/5.0 (Linux; Android 6.0.1; Nexus 5X Build/MMB29P) AppleWebKit/537.36 (KHTML, like Gecko) Chrome/136.0.7103.113 Mobile Safari/537.36 (compatible; Googlebot/2.1; +http://www.google.com/bot.html)"
66.249.64.13 - - [12/Jun/2025:08:51:42 -0400] "GET /?d=97404185260&filter=637771&share_to_url=discover.php%3Fid%3D3300893%26name%3Dmontres+suisse+haut+de+2024 HTTP/1.1" 200 23944 "-" "Mozilla/5.0 (Linux; Android 6.0.1; Nexus 5X Build/MMB29P) AppleWebKit/537.36 (KHTML, like Gecko) Chrome/136.0.7103.113 Mobile Safari/537.36 (compatible; Googlebot/2.1; +http://www.google.com/bot.html)"
66.249.64.13 - - [12/Jun/2025:08:51:43 -0400] "GET /?d=63480604260&filter=d1449c&share_to_url=product-page.php%3Fid%3D2152756%26name%3Dday+camo+biker HTTP/1.1" 200 24491 "-" "Mozilla/5.0 (Linux; Android 6.0.1; Nexus 5X Build/MMB29P) AppleWebKit/537.36 (KHTML, like Gecko) Chrome/136.0.7103.113 Mobile Safari/537.36 (compatible; Googlebot/2.1; +http://www.google.com/bot.html)"
66.249.64.12 - - [12/Jun/2025:08:51:43 -0400] "GET /?d=13676071260&filter=1eb991&share_to_url=shop.php%3Fid%3D466603%26name%3Db+court+sneakers+in HTTP/1.1" 200 22743 "-" "Mozilla/5.0 (Linux; Android 6.0.1; Nexus 5X Build/MMB29P) AppleWebKit/537.36 (KHTML, like Gecko) Chrome/136.0.7103.113 Mobile Safari/537.36 (compatible; Googlebot/2.1; +http://www.google.com/bot.html)"
66.249.64.12 - - [12/Jun/2025:08:51:44 -0400] "GET /?d=17129551260&filter=5accb1&share_to_url=product.php%3Fid%3D583966%26name%3Dwater+breathing+anime+dog HTTP/1.1" 200 23654 "-" "Mozilla/5.0 (Linux; Android 6.0.1; Nexus 5X Build/MMB29P) AppleWebKit/537.36 (KHTML, like Gecko) Chrome/136.0.7103.113 Mobile Safari/537.36 (compatible; Googlebot/2.1; +http://www.google.com/bot.html)"
66.249.64.11 - - [12/Jun/2025:08:51:46 -0400] "GET /?d=51505122260&filter=3b569e&share_to_url=shopdetail.php%3Fid%3D1750364%26name%3Dsmiling+snowman+pillow+briarwood HTTP/1.1" 200 23819 "-" "Mozilla/5.0 (Linux; Android 6.0.1; Nexus 5X Build/MMB29P) AppleWebKit/537.36 (KHTML, like Gecko) Chrome/136.0.7103.113 Mobile Safari/537.36 (compatible; Googlebot/2.1; +http://www.google.com/bot.html)"
66.249.64.128 - - [12/Jun/2025:08:51:48 -0400] "GET /?d=96629288260&filter=9fddd6&share_to_url=model.php%3Fid%3D3273999%26name%3D15+ideas+de+ternos HTTP/1.1" 200 23736 "-" "Mozilla/5.0 (Linux; Android 6.0.1; Nexus 5X Build/MMB29P) AppleWebKit/537.36 (KHTML, like Gecko) Chrome/136.0.7103.113 Mobile Safari/537.36 (compatible; Googlebot/2.1; +http://www.google.com/bot.html)"
66.249.64.13 - - [12/Jun/2025:08:51:48 -0400] "GET /?d=108186304260&filter=4d89e2&share_to_url=ideas.php%3Fid%3D3662988%26name%3Dluigi+pikachu+promo+r+pokemontcg HTTP/1.1" 200 24127 "-" "Mozilla/5.0 (Linux; Android 6.0.1; Nexus 5X Build/MMB29P) AppleWebKit/537.36 (KHTML, like Gecko) Chrome/136.0.7103.113 Mobile Safari/537.36 (compatible; Googlebot/2.1; +http://www.google.com/bot.html)"
66.249.64.128 - - [12/Jun/2025:08:51:49 -0400] "GET /?d=98933357260&filter=7da8ca&share_to_url=discover.php%3Fid%3D3352637%26name%3Dcarolina+men+039+s+waterproof HTTP/1.1" 200 22024 "-" "Mozilla/5.0 (Linux; Android 6.0.1; Nexus 5X Build/MMB29P) AppleWebKit/537.36 (KHTML, like Gecko) Chrome/136.0.7103.113 Mobile Safari/537.36 (compatible; Googlebot/2.1; +http://www.google.com/bot.html)"
66.249.64.11 - - [12/Jun/2025:08:51:51 -0400] "GET /?d=76043047260&filter=1cbf7a&share_to_url=discover.php%3Fid%3D2577089%26name%3Dmetabo+great+18 HTTP/1.1" 200 24556 "-" "Mozilla/5.0 (Linux; Android 6.0.1; Nexus 5X Build/MMB29P) AppleWebKit/537.36 (KHTML, like Gecko) Chrome/136.0.7103.113 Mobile Safari/537.36 (compatible; Googlebot/2.1; +http://www.google.com/bot.html)"
66.249.64.132 - - [12/Jun/2025:08:51:51 -0400] "GET /?d=94244366260&filter=e287cc&share_to_url=shop.php%3Fid%3D3193663%26name%3Dzapatillas+casa+store+hot+potatoes HTTP/1.1" 200 23948 "-" "Mozilla/5.0 (Linux; Android 6.0.1; Nexus 5X Build/MMB29P) AppleWebKit/537.36 (KHTML, like Gecko) Chrome/136.0.7103.113 Mobile Safari/537.36 (compatible; Googlebot/2.1; +http://www.google.com/bot.html)"
66.249.64.128 - - [12/Jun/2025:08:51:52 -0400] "GET /?d=98495879260&filter=a2fb29&share_to_url=product-page.php%3Fid%3D3338176%26name%3Dadidas+staff+golf+bag HTTP/1.1" 200 22415 "-" "Mozilla/5.0 (Linux; Android 6.0.1; Nexus 5X Build/MMB29P) AppleWebKit/537.36 (KHTML, like Gecko) Chrome/136.0.7103.113 Mobile Safari/537.36 (compatible; Googlebot/2.1; +http://www.google.com/bot.html)"
66.249.64.128 - - [12/Jun/2025:08:51:54 -0400] "GET /?d=112663104260&filter=2aa707&share_to_url=goods.php%3Fid%3D3816035%26name%3Dsamson+resolv+a6 HTTP/1.1" 200 22795 "-" "Mozilla/5.0 (Linux; Android 6.0.1; Nexus 5X Build/MMB29P) AppleWebKit/537.36 (KHTML, like Gecko) Chrome/136.0.7103.113 Mobile Safari/537.36 (compatible; Googlebot/2.1; +http://www.google.com/bot.html)"
66.249.64.132 - - [12/Jun/2025:08:51:55 -0400] "GET /?d=108846535260&filter=bdaf2f&share_to_url=model.php%3Fid%3D3685179%26name%3Dboomerang+chair+by+carlo HTTP/1.1" 200 22722 "-" "Mozilla/5.0 (Linux; Android 6.0.1; Nexus 5X Build/MMB29P) AppleWebKit/537.36 (KHTML, like Gecko) Chrome/136.0.7103.113 Mobile Safari/537.36 (compatible; Googlebot/2.1; +http://www.google.com/bot.html)"
52.167.144.22 - - [12/Jun/2025:08:51:56 -0400] "GET /?d=62623983260&filter=14708a&share_to_url=pin.php%3Fid%3D2123310%26name%3Dsignal+smith+optics HTTP/1.1" 200 22752 "-" "Mozilla/5.0 AppleWebKit/537.36 (KHTML, like Gecko; compatible; bingbot/2.0; +http://www.bing.com/bingbot.htm) Chrome/116.0.1938.76 Safari/537.36"
66.249.64.132 - - [12/Jun/2025:08:51:56 -0400] "GET /?d=115240455260&filter=271d11&share_to_url=item.php%3Fid%3D3902365%26name%3Dfila+strada+sepia HTTP/1.1" 200 23823 "-" "Mozilla/5.0 (Linux; Android 6.0.1; Nexus 5X Build/MMB29P) AppleWebKit/537.36 (KHTML, like Gecko) Chrome/136.0.7103.113 Mobile Safari/537.36 (compatible; Googlebot/2.1; +http://www.google.com/bot.html)"
66.249.64.132 - - [12/Jun/2025:08:51:57 -0400] "GET /?d=103113517260&filter=14708a&share_to_url=shop.php%3Fid%3D3494359%26name%3Dmet+helmets+hooray+mips+child HTTP/1.1" 200 23609 "-" "Mozilla/5.0 (Linux; Android 6.0.1; Nexus 5X Build/MMB29P) AppleWebKit/537.36 (KHTML, like Gecko) Chrome/136.0.7103.113 Mobile Safari/537.36 (compatible; Googlebot/2.1; +http://www.google.com/bot.html)"
66.249.64.132 - - [12/Jun/2025:08:51:58 -0400] "GET /?d=114746997260&filter=c5d26b&share_to_url=shopdetail.php%3Fid%3D3885608%26name%3Dnuove+vans+estive HTTP/1.1" 200 22040 "-" "Mozilla/5.0 (Linux; Android 6.0.1; Nexus 5X Build/MMB29P) AppleWebKit/537.36 (KHTML, like Gecko) Chrome/136.0.7103.113 Mobile Safari/537.36 (compatible; Googlebot/2.1; +http://www.google.com/bot.html)"
66.249.64.132 - - [12/Jun/2025:08:52:00 -0400] "GET /?d=98185067260&filter=80df0f&share_to_url=discover.php%3Fid%3D3327065%26name%3Dstyling+temple+jewellery+for HTTP/1.1" 200 22851 "-" "Mozilla/5.0 (Linux; Android 6.0.1; Nexus 5X Build/MMB29P) AppleWebKit/537.36 (KHTML, like Gecko) Chrome/136.0.7103.113 Mobile Safari/537.36 (compatible; Googlebot/2.1; +http://www.google.com/bot.html)"
66.249.64.132 - - [12/Jun/2025:08:52:00 -0400] "GET /?d=96172574260&filter=56d765&share_to_url=goods.php%3Fid%3D3258359%26name%3Dorologio+subacqueo+economico HTTP/1.1" 200 23758 "-" "Mozilla/5.0 (Linux; Android 6.0.1; Nexus 5X Build/MMB29P) AppleWebKit/537.36 (KHTML, like Gecko) Chrome/136.0.7103.113 Mobile Safari/537.36 (compatible; Googlebot/2.1; +http://www.google.com/bot.html)"
66.249.64.132 - - [12/Jun/2025:08:52:02 -0400] "GET /?d=94770075260&filter=997939&share_to_url=item.php%3Fid%3D3211177%26name%3Dwii+party+series HTTP/1.1" 200 22503 "-" "Mozilla/5.0 (Linux; Android 6.0.1; Nexus 5X Build/MMB29P) AppleWebKit/537.36 (KHTML, like Gecko) Chrome/136.0.7103.113 Mobile Safari/537.36 (compatible; Googlebot/2.1; +http://www.google.com/bot.html)"
66.249.64.132 - - [12/Jun/2025:08:52:03 -0400] "GET /?d=99576246260&filter=e86b2c&share_to_url=discover.php%3Fid%3D3374765%26name%3Dangel+collection HTTP/1.1" 200 23321 "-" "Mozilla/5.0 (Linux; Android 6.0.1; Nexus 5X Build/MMB29P) AppleWebKit/537.36 (KHTML, like Gecko) Chrome/136.0.7103.113 Mobile Safari/537.36 (compatible; Googlebot/2.1; +http://www.google.com/bot.html)"
66.249.64.132 - - [12/Jun/2025:08:52:04 -0400] "GET /?d=100734175260&filter=ac2a81&share_to_url=product-page.php%3Fid%3D3414136%26name%3D2021+norco+search+xr+a HTTP/1.1" 200 22273 "-" "Mozilla/5.0 (Linux; Android 6.0.1; Nexus 5X Build/MMB29P) AppleWebKit/537.36 (KHTML, like Gecko) Chrome/136.0.7103.113 Mobile Safari/537.36 (compatible; Googlebot/2.1; +http://www.google.com/bot.html)"
66.249.64.132 - - [12/Jun/2025:08:52:05 -0400] "GET /?d=108748266260&filter=03c587&share_to_url=ideas.php%3Fid%3D3681984%26name%3Dwomen+backpack+300g+01+biz HTTP/1.1" 200 22915 "-" "Mozilla/5.0 (Linux; Android 6.0.1; Nexus 5X Build/MMB29P) AppleWebKit/537.36 (KHTML, like Gecko) Chrome/136.0.7103.113 Mobile Safari/537.36 (compatible; Googlebot/2.1; +http://www.google.com/bot.html)"
207.46.13.92 - - [12/Jun/2025:08:52:06 -0400] "GET /?d=108153325260&filter=1c3e5e&share_to_url=detail.php%3Fid%3D3661857%26name%3Dexplore+the+edifier+r1280t+the HTTP/1.1" 200 23178 "-" "Mozilla/5.0 AppleWebKit/537.36 (KHTML, like Gecko; compatible; bingbot/2.0; +http://www.bing.com/bingbot.htm) Chrome/116.0.1938.76 Safari/537.36"
66.249.64.132 - - [12/Jun/2025:08:52:07 -0400] "GET /?d=99686504260&filter=d8c2fe&share_to_url=product-page.php%3Fid%3D3378424%26name%3Del+tour+privado+de+un HTTP/1.1" 200 21524 "-" "Mozilla/5.0 (Linux; Android 6.0.1; Nexus 5X Build/MMB29P) AppleWebKit/537.36 (KHTML, like Gecko) Chrome/136.0.7103.113 Mobile Safari/537.36 (compatible; Googlebot/2.1; +http://www.google.com/bot.html)"
66.249.64.11 - - [12/Jun/2025:08:52:07 -0400] "GET /?d=95393159260&filter=62bca5&share_to_url=product.php%3Fid%3D3231886%26name%3Duniversal+scooter HTTP/1.1" 200 24261 "-" "Mozilla/5.0 (Linux; Android 6.0.1; Nexus 5X Build/MMB29P) AppleWebKit/537.36 (KHTML, like Gecko) Chrome/136.0.7103.113 Mobile Safari/537.36 (compatible; Googlebot/2.1; +http://www.google.com/bot.html)"
207.46.13.92 - - [12/Jun/2025:08:52:07 -0400] "GET /?d=96857492260&filter=1066c7&share_to_url=detail.php%3Fid%3D3281889%26name%3Djob+finder+swatch+group HTTP/1.1" 200 23546 "-" "Mozilla/5.0 AppleWebKit/537.36 (KHTML, like Gecko; compatible; bingbot/2.0; +http://www.bing.com/bingbot.htm) Chrome/116.0.1938.76 Safari/537.36"
66.249.64.12 - - [12/Jun/2025:08:52:07 -0400] "GET /?d=102289031260&filter=967b54&share_to_url=goods.php%3Fid%3D3467399%26name%3Dlps+lists+lpslists+x HTTP/1.1" 200 22699 "-" "Mozilla/5.0 (Linux; Android 6.0.1; Nexus 5X Build/MMB29P) AppleWebKit/537.36 (KHTML, like Gecko) Chrome/136.0.7103.113 Mobile Safari/537.36 (compatible; Googlebot/2.1; +http://www.google.com/bot.html)"
66.249.64.132 - - [12/Jun/2025:08:52:08 -0400] "GET /?d=108384632260&filter=03bb2d&share_to_url=pin.php%3Fid%3D3669702%26name%3Dwacko+maria+wackomaria HTTP/1.1" 200 23714 "-" "Mozilla/5.0 (Linux; Android 6.0.1; Nexus 5X Build/MMB29P) AppleWebKit/537.36 (KHTML, like Gecko) Chrome/136.0.7103.113 Mobile Safari/537.36 (compatible; Googlebot/2.1; +http://www.google.com/bot.html)"
66.249.64.132 - - [12/Jun/2025:08:52:09 -0400] "GET /?d=92382052260&filter=8bdb58&share_to_url=article.php%3Fid%3D3129638%26name%3Ddsquared2+icon+sweatshirt+small+freshmans HTTP/1.1" 200 22288 "-" "Mozilla/5.0 (Linux; Android 6.0.1; Nexus 5X Build/MMB29P) AppleWebKit/537.36 (KHTML, like Gecko) Chrome/136.0.7103.113 Mobile Safari/537.36 (compatible; Googlebot/2.1; +http://www.google.com/bot.html)"
40.77.167.62 - - [12/Jun/2025:08:52:10 -0400] "GET /?d=100708618260&filter=2a2d38&share_to_url=article.php%3Fid%3D3413342%26name%3Dwaikiki+beach+kaftan HTTP/1.1" 200 23094 "-" "Mozilla/5.0 AppleWebKit/537.36 (KHTML, like Gecko; compatible; bingbot/2.0; +http://www.bing.com/bingbot.htm) Chrome/116.0.1938.76 Safari/537.36"
40.77.167.62 - - [12/Jun/2025:08:52:11 -0400] "GET /?d=112575577260&filter=4fcc39&share_to_url=detail.php%3Fid%3D3813249%26name%3Dtitle+platinum+body+protector HTTP/1.1" 200 23226 "-" "Mozilla/5.0 AppleWebKit/537.36 (KHTML, like Gecko; compatible; bingbot/2.0; +http://www.bing.com/bingbot.htm) Chrome/116.0.1938.76 Safari/537.36"
66.249.64.132 - - [12/Jun/2025:08:52:11 -0400] "GET /?d=111904594260&filter=ec7398&share_to_url=pin.php%3Fid%3D3790266%26name%3Dvego+55+l+tower HTTP/1.1" 200 23479 "-" "Mozilla/5.0 (Linux; Android 6.0.1; Nexus 5X Build/MMB29P) AppleWebKit/537.36 (KHTML, like Gecko) Chrome/136.0.7103.113 Mobile Safari/537.36 (compatible; Googlebot/2.1; +http://www.google.com/bot.html)"
66.249.64.132 - - [12/Jun/2025:08:52:13 -0400] "GET /?d=115542745260&filter=6ca228&share_to_url=item.php%3Fid%3D3912709%26name%3Dnike+basketball+camps+club+fleece HTTP/1.1" 200 24244 "-" "Mozilla/5.0 (Linux; Android 6.0.1; Nexus 5X Build/MMB29P) AppleWebKit/537.36 (KHTML, like Gecko) Chrome/136.0.7103.113 Mobile Safari/537.36 (compatible; Googlebot/2.1; +http://www.google.com/bot.html)"
207.46.13.92 - - [12/Jun/2025:08:52:14 -0400] "GET /?d=99526880260&filter=1a214e&share_to_url=product-page.php?id=3373288&name=warm%20sweat%20clearance HTTP/1.1" 200 22945 "-" "Mozilla/5.0 AppleWebKit/537.36 (KHTML, like Gecko; compatible; bingbot/2.0; +http://www.bing.com/bingbot.htm) Chrome/116.0.1938.76 Safari/537.36"
66.249.64.132 - - [12/Jun/2025:08:52:15 -0400] "GET /?d=100904465260&filter=8c36c9&share_to_url=detail.php%3Fid%3D3420153%26name%3Dblake+lively+is+the+most HTTP/1.1" 200 22953 "-" "Mozilla/5.0 (Linux; Android 6.0.1; Nexus 5X Build/MMB29P) AppleWebKit/537.36 (KHTML, like Gecko) Chrome/136.0.7103.113 Mobile Safari/537.36 (compatible; Googlebot/2.1; +http://www.google.com/bot.html)"
66.249.64.12 - - [12/Jun/2025:08:52:15 -0400] "GET /?d=111142196260&filter=a0f400&share_to_url=ideas.php%3Fid%3D3763548%26name%3Dvolo+in+elicottero HTTP/1.1" 200 23456 "-" "Mozilla/5.0 (Linux; Android 6.0.1; Nexus 5X Build/MMB29P) AppleWebKit/537.36 (KHTML, like Gecko) Chrome/136.0.7103.113 Mobile Safari/537.36 (compatible; Googlebot/2.1; +http://www.google.com/bot.html)"
40.77.167.123 - - [12/Jun/2025:08:52:16 -0400] "GET /?d=112266884260&filter=58ce6a&share_to_url=goods.php%3Fid%3D3802775%26name%3Djacquemus+le+tshirt HTTP/1.1" 200 23392 "-" "Mozilla/5.0 AppleWebKit/537.36 (KHTML, like Gecko; compatible; bingbot/2.0; +http://www.bing.com/bingbot.htm) Chrome/116.0.1938.76 Safari/537.36"
66.249.64.132 - - [12/Jun/2025:08:52:16 -0400] "GET /?d=106183141260&filter=cec82a&share_to_url=ideas.php%3Fid%3D3596436%26name%3Delo+baby+training+pants+diapers HTTP/1.1" 200 23613 "-" "Mozilla/5.0 (Linux; Android 6.0.1; Nexus 5X Build/MMB29P) AppleWebKit/537.36 (KHTML, like Gecko) Chrome/136.0.7103.113 Mobile Safari/537.36 (compatible; Googlebot/2.1; +http://www.google.com/bot.html)"
157.55.39.202 - - [12/Jun/2025:08:52:16 -0400] "GET /?d=86182628260&filter=00f09d&share_to_url=detail.php%3Fid%3D2919813%26name%3Dmanuals+search+manuals HTTP/1.1" 200 24616 "-" "Mozilla/5.0 AppleWebKit/537.36 (KHTML, like Gecko; compatible; bingbot/2.0; +http://www.bing.com/bingbot.htm) Chrome/116.0.1938.76 Safari/537.36"
52.167.144.22 - - [12/Jun/2025:08:52:17 -0400] "GET /?d=59093677260&filter=1226ef&share_to_url=model.php%3Fid%3D2005479%26name%3D2020+barone+ricasoli+castello HTTP/1.1" 200 23312 "-" "Mozilla/5.0 AppleWebKit/537.36 (KHTML, like Gecko; compatible; bingbot/2.0; +http://www.bing.com/bingbot.htm) Chrome/116.0.1938.76 Safari/537.36"
66.249.64.132 - - [12/Jun/2025:08:52:17 -0400] "GET /?d=115454697260&filter=63444b&share_to_url=goods.php%3Fid%3D3909839%26name%3Dall+living+things+cage HTTP/1.1" 200 22794 "-" "Mozilla/5.0 (Linux; Android 6.0.1; Nexus 5X Build/MMB29P) AppleWebKit/537.36 (KHTML, like Gecko) Chrome/136.0.7103.113 Mobile Safari/537.36 (compatible; Googlebot/2.1; +http://www.google.com/bot.html)"
157.55.39.202 - - [12/Jun/2025:08:52:17 -0400] "GET /?d=90536073260&filter=ab67d8&share_to_url=product-page.php%3Fid%3D3068524%26name%3Dhaysi+outlet+dining HTTP/1.1" 200 24599 "-" "Mozilla/5.0 AppleWebKit/537.36 (KHTML, like Gecko; compatible; bingbot/2.0; +http://www.bing.com/bingbot.htm) Chrome/116.0.1938.76 Safari/537.36"
66.249.64.132 - - [12/Jun/2025:08:52:19 -0400] "GET /?d=109554683260&filter=0e841e&share_to_url=shop.php%3Fid%3D3708211%26name%3Dphilipp+plein+philip+plein+sport HTTP/1.1" 200 22576 "-" "Mozilla/5.0 (Linux; Android 6.0.1; Nexus 5X Build/MMB29P) AppleWebKit/537.36 (KHTML, like Gecko) Chrome/136.0.7103.113 Mobile Safari/537.36 (compatible; Googlebot/2.1; +http://www.google.com/bot.html)"
66.249.64.132 - - [12/Jun/2025:08:52:21 -0400] "GET /?d=93184647260&filter=11d336&share_to_url=product-page.php%3Fid%3D3157240%26name%3Dbuy+c+shaped+pregnancy+nursing HTTP/1.1" 200 22395 "-" "Mozilla/5.0 (Linux; Android 6.0.1; Nexus 5X Build/MMB29P) AppleWebKit/537.36 (KHTML, like Gecko) Chrome/136.0.7103.113 Mobile Safari/537.36 (compatible; Googlebot/2.1; +http://www.google.com/bot.html)"
52.167.144.21 - - [12/Jun/2025:08:52:22 -0400] "GET /?d=104799663260&filter=1653ca&share_to_url=detail.php%3Fid%3D3550941%26name%3Dyellow+sapphire+oval+solitaire+ring2 HTTP/1.1" 200 24016 "-" "Mozilla/5.0 AppleWebKit/537.36 (KHTML, like Gecko; compatible; bingbot/2.0; +http://www.bing.com/bingbot.htm) Chrome/116.0.1938.76 Safari/537.36"
66.249.64.11 - - [12/Jun/2025:08:52:23 -0400] "GET /?d=94561114260&filter=be5512&share_to_url=product-page.php%3Fid%3D3204220%26name%3Dwhite+petite+jeans HTTP/1.1" 200 23133 "-" "Mozilla/5.0 (Linux; Android 6.0.1; Nexus 5X Build/MMB29P) AppleWebKit/537.36 (KHTML, like Gecko) Chrome/136.0.7103.113 Mobile Safari/537.36 (compatible; Googlebot/2.1; +http://www.google.com/bot.html)"
66.249.64.11 - - [12/Jun/2025:08:52:23 -0400] "GET /?d=91204066260&filter=f068d5&share_to_url=goods.php%3Fid%3D3090887%26name%3Dtechonaut+aeronaut+30+packing+cubes HTTP/1.1" 200 23197 "-" "Mozilla/5.0 (Linux; Android 6.0.1; Nexus 5X Build/MMB29P) AppleWebKit/537.36 (KHTML, like Gecko) Chrome/136.0.7103.113 Mobile Safari/537.36 (compatible; Googlebot/2.1; +http://www.google.com/bot.html)"
52.167.144.21 - - [12/Jun/2025:08:52:23 -0400] "GET /?d=104253037260&filter=bcf072&share_to_url=shop.php?id=3532315&name=gucci%20pink%20gg%20baseball%20hat HTTP/1.1" 200 24066 "-" "Mozilla/5.0 AppleWebKit/537.36 (KHTML, like Gecko; compatible; bingbot/2.0; +http://www.bing.com/bingbot.htm) Chrome/116.0.1938.76 Safari/537.36"
66.249.64.11 - - [12/Jun/2025:08:52:24 -0400] "GET /?d=115123050260&filter=bfc81f&share_to_url=model.php%3Fid%3D3898467%26name%3Drockshox+32mm+2025 HTTP/1.1" 200 23718 "-" "Mozilla/5.0 (Linux; Android 6.0.1; Nexus 5X Build/MMB29P) AppleWebKit/537.36 (KHTML, like Gecko) Chrome/136.0.7103.113 Mobile Safari/537.36 (compatible; Googlebot/2.1; +http://www.google.com/bot.html)"
157.55.39.202 - - [12/Jun/2025:08:52:24 -0400] "GET /?d=95340510260&filter=fd45ef&share_to_url=shop.php%3Fid%3D3229975%26name%3Dspider+man+atv+blue HTTP/1.1" 200 23767 "-" "Mozilla/5.0 AppleWebKit/537.36 (KHTML, like Gecko; compatible; bingbot/2.0; +http://www.bing.com/bingbot.htm) Chrome/116.0.1938.76 Safari/537.36"
66.249.64.11 - - [12/Jun/2025:08:52:24 -0400] "GET /?d=93651246260&filter=7d768c&share_to_url=product.php%3Fid%3D3172654%26name%3Dshoei+honda+2024 HTTP/1.1" 200 23029 "-" "Mozilla/5.0 (Linux; Android 6.0.1; Nexus 5X Build/MMB29P) AppleWebKit/537.36 (KHTML, like Gecko) Chrome/136.0.7103.113 Mobile Safari/537.36 (compatible; Googlebot/2.1; +http://www.google.com/bot.html)"
66.249.64.11 - - [12/Jun/2025:08:52:24 -0400] "GET /?d=99094116260&filter=1876cd&share_to_url=item.php%3Fid%3D3358417%26name%3Dunique+panda+christmas HTTP/1.1" 200 24586 "-" "Mozilla/5.0 (Linux; Android 6.0.1; Nexus 5X Build/MMB29P) AppleWebKit/537.36 (KHTML, like Gecko) Chrome/136.0.7103.113 Mobile Safari/537.36 (compatible; Googlebot/2.1; +http://www.google.com/bot.html)"
66.249.64.11 - - [12/Jun/2025:08:52:25 -0400] "GET /?d=111120614260&filter=1d5055&share_to_url=product-page.php%3Fid%3D3762820%26name%3Dacrylic+nameplate+custom+name+necklace+colorful+name HTTP/1.1" 200 23884 "-" "Mozilla/5.0 (Linux; Android 6.0.1; Nexus 5X Build/MMB29P) AppleWebKit/537.36 (KHTML, like Gecko) Chrome/136.0.7103.113 Mobile Safari/537.36 (compatible; Googlebot/2.1; +http://www.google.com/bot.html)"
66.249.64.11 - - [12/Jun/2025:08:52:25 -0400] "GET /?d=110048025260&filter=bce36f&share_to_url=article.php%3Fid%3D3724610%26name%3Dwallet+case+for+huawei HTTP/1.1" 200 24113 "-" "Mozilla/5.0 (Linux; Android 6.0.1; Nexus 5X Build/MMB29P) AppleWebKit/537.36 (KHTML, like Gecko) Chrome/136.0.7103.113 Mobile Safari/537.36 (compatible; Googlebot/2.1; +http://www.google.com/bot.html)"
66.249.64.11 - - [12/Jun/2025:08:52:27 -0400] "GET /?d=94892077260&filter=790b4d&share_to_url=goods.php%3Fid%3D3215255%26name%3Dsoftshell+work+jacket HTTP/1.1" 200 22113 "-" "Mozilla/5.0 (Linux; Android 6.0.1; Nexus 5X Build/MMB29P) AppleWebKit/537.36 (KHTML, like Gecko) Chrome/136.0.7103.113 Mobile Safari/537.36 (compatible; Googlebot/2.1; +http://www.google.com/bot.html)"
66.249.64.11 - - [12/Jun/2025:08:52:27 -0400] "GET /?d=115249670260&filter=cb9d48&share_to_url=model.php%3Fid%3D3902667%26name%3D138+tim+masthay+photos HTTP/1.1" 200 21631 "-" "Mozilla/5.0 (Linux; Android 6.0.1; Nexus 5X Build/MMB29P) AppleWebKit/537.36 (KHTML, like Gecko) Chrome/136.0.7103.113 Mobile Safari/537.36 (compatible; Googlebot/2.1; +http://www.google.com/bot.html)"
66.249.64.11 - - [12/Jun/2025:08:52:28 -0400] "GET /?d=106572565260&filter=190ccd&share_to_url=shop.php%3Fid%3D3609547%26name%3Ddeep+sea+fish+facts HTTP/1.1" 200 23478 "-" "Mozilla/5.0 (Linux; Android 6.0.1; Nexus 5X Build/MMB29P) AppleWebKit/537.36 (KHTML, like Gecko) Chrome/136.0.7103.113 Mobile Safari/537.36 (compatible; Googlebot/2.1; +http://www.google.com/bot.html)"
66.249.64.11 - - [12/Jun/2025:08:52:29 -0400] "GET /?d=101487160260&filter=8c1a8c&share_to_url=pin.php%3Fid%3D3440478%26name%3Dgia+moretti HTTP/1.1" 200 24365 "-" "Mozilla/5.0 (Linux; Android 6.0.1; Nexus 5X Build/MMB29P) AppleWebKit/537.36 (KHTML, like Gecko) Chrome/136.0.7103.113 Mobile Safari/537.36 (compatible; Googlebot/2.1; +http://www.google.com/bot.html)"
66.249.64.11 - - [12/Jun/2025:08:52:31 -0400] "GET /?d=99382897260&filter=3fa24f&share_to_url=product.php%3Fid%3D3368410%26name%3Dopus+jumper+parto HTTP/1.1" 200 24011 "-" "Mozilla/5.0 (Linux; Android 6.0.1; Nexus 5X Build/MMB29P) AppleWebKit/537.36 (KHTML, like Gecko) Chrome/136.0.7103.113 Mobile Safari/537.36 (compatible; Googlebot/2.1; +http://www.google.com/bot.html)"
66.249.64.11 - - [12/Jun/2025:08:52:32 -0400] "GET /?d=98996865260&filter=6373db&share_to_url=ideas.php%3Fid%3D3355140%26name%3Dair+force+discount+shadow+enfant HTTP/1.1" 200 23005 "-" "Mozilla/5.0 (Linux; Android 6.0.1; Nexus 5X Build/MMB29P) AppleWebKit/537.36 (KHTML, like Gecko) Chrome/136.0.7103.113 Mobile Safari/537.36 (compatible; Googlebot/2.1; +http://www.google.com/bot.html)"
66.249.64.11 - - [12/Jun/2025:08:52:33 -0400] "GET /?d=116751794260&filter=9ece33&share_to_url=detail.php%3Fid%3D3953721%26name%3Dfly+light+sofa+collection HTTP/1.1" 200 23878 "-" "Mozilla/5.0 (Linux; Android 6.0.1; Nexus 5X Build/MMB29P) AppleWebKit/537.36 (KHTML, like Gecko) Chrome/136.0.7103.113 Mobile Safari/537.36 (compatible; Googlebot/2.1; +http://www.google.com/bot.html)"
66.249.64.11 - - [12/Jun/2025:08:52:35 -0400] "GET /?d=115502052260&filter=ca372c&share_to_url=detail.php%3Fid%3D3911505%26name%3Dkids+toys+just+keep+getting HTTP/1.1" 200 24941 "-" "Mozilla/5.0 (Linux; Android 6.0.1; Nexus 5X Build/MMB29P) AppleWebKit/537.36 (KHTML, like Gecko) Chrome/136.0.7103.113 Mobile Safari/537.36 (compatible; Googlebot/2.1; +http://www.google.com/bot.html)"
207.46.13.92 - - [12/Jun/2025:08:52:35 -0400] "GET /?d=100012956260&filter=4e2715&share_to_url=item.php%3Fid%3D3389665%26name%3Dhotpoint+aquarius+sdw60+half HTTP/1.1" 200 23811 "-" "Mozilla/5.0 AppleWebKit/537.36 (KHTML, like Gecko; compatible; bingbot/2.0; +http://www.bing.com/bingbot.htm) Chrome/116.0.1938.76 Safari/537.36"
66.249.64.11 - - [12/Jun/2025:08:52:36 -0400] "GET /?d=96688740260&filter=05ec19&share_to_url=goods.php%3Fid%3D3276167%26name%3Djouet+de+transformation+tokyo+ara HTTP/1.1" 200 22842 "-" "Mozilla/5.0 (Linux; Android 6.0.1; Nexus 5X Build/MMB29P) AppleWebKit/537.36 (KHTML, like Gecko) Chrome/136.0.7103.113 Mobile Safari/537.36 (compatible; Googlebot/2.1; +http://www.google.com/bot.html)"
66.249.64.12 - - [12/Jun/2025:08:52:36 -0400] "GET /?d=99398039260&filter=3fa24f&share_to_url=pin.php%3Fid%3D3368898%26name%3Dbig+sis+knit+sweater+hampton HTTP/1.1" 200 24197 "-" "Mozilla/5.0 (Linux; Android 6.0.1; Nexus 5X Build/MMB29P) AppleWebKit/537.36 (KHTML, like Gecko) Chrome/136.0.7103.113 Mobile Safari/537.36 (compatible; Googlebot/2.1; +http://www.google.com/bot.html)"
66.249.64.11 - - [12/Jun/2025:08:52:37 -0400] "GET /?d=86439039260&filter=16bc9b&share_to_url=discover.php%3Fid%3D2928869%26name%3Dsmoke+rise+039+5+pocket HTTP/1.1" 200 23437 "-" "Mozilla/5.0 (Linux; Android 6.0.1; Nexus 5X Build/MMB29P) AppleWebKit/537.36 (KHTML, like Gecko) Chrome/136.0.7103.113 Mobile Safari/537.36 (compatible; Googlebot/2.1; +http://www.google.com/bot.html)"
66.249.64.11 - - [12/Jun/2025:08:52:38 -0400] "GET /?d=106508943260&filter=64e947&share_to_url=model.php%3Fid%3D3607227%26name%3Donitsuka+tiger+mexico+66+039+grey HTTP/1.1" 200 22840 "-" "Mozilla/5.0 (Linux; Android 6.0.1; Nexus 5X Build/MMB29P) AppleWebKit/537.36 (KHTML, like Gecko) Chrome/136.0.7103.113 Mobile Safari/537.36 (compatible; Googlebot/2.1; +http://www.google.com/bot.html)"
66.249.64.11 - - [12/Jun/2025:08:52:39 -0400] "GET /?d=115672268260&filter=ae8811&share_to_url=product.php%3Fid%3D3917314%26name%3Dbest+chino+shorts HTTP/1.1" 200 22963 "-" "Mozilla/5.0 (Linux; Android 6.0.1; Nexus 5X Build/MMB29P) AppleWebKit/537.36 (KHTML, like Gecko) Chrome/136.0.7103.113 Mobile Safari/537.36 (compatible; Googlebot/2.1; +http://www.google.com/bot.html)"
66.249.64.12 - - [12/Jun/2025:08:52:41 -0400] "GET /?d=101207717260&filter=2d2f42&share_to_url=product.php%3Fid%3D3430834%26name%3Dpangean+lounger+byer HTTP/1.1" 200 21895 "-" "Mozilla/5.0 (Linux; Android 6.0.1; Nexus 5X Build/MMB29P) AppleWebKit/537.36 (KHTML, like Gecko) Chrome/136.0.7103.113 Mobile Safari/537.36 (compatible; Googlebot/2.1; +http://www.google.com/bot.html)"
52.167.144.22 - - [12/Jun/2025:08:52:41 -0400] "GET /?d=92042397260&filter=a57511&share_to_url=goods.php%3Fid%3D3118199%26name%3Dversace+white+leather+barocco HTTP/1.1" 200 22837 "-" "Mozilla/5.0 AppleWebKit/537.36 (KHTML, like Gecko; compatible; bingbot/2.0; +http://www.bing.com/bingbot.htm) Chrome/116.0.1938.76 Safari/537.36"
40.77.167.62 - - [12/Jun/2025:08:52:41 -0400] "GET /?d=109824781260&filter=032fe0&share_to_url=article.php%3Fid%3D3717110%26name%3Dthe+latest+shortage+bass HTTP/1.1" 200 24303 "-" "Mozilla/5.0 AppleWebKit/537.36 (KHTML, like Gecko; compatible; bingbot/2.0; +http://www.bing.com/bingbot.htm) Chrome/116.0.1938.76 Safari/537.36"
66.249.64.11 - - [12/Jun/2025:08:52:42 -0400] "GET /?d=99687986260&filter=b04d15&share_to_url=product-page.php%3Fid%3D3378484%26name%3Dupgrading+cpu+optiplex+760+sff HTTP/1.1" 200 22805 "-" "Mozilla/5.0 (Linux; Android 6.0.1; Nexus 5X Build/MMB29P) AppleWebKit/537.36 (KHTML, like Gecko) Chrome/136.0.7103.113 Mobile Safari/537.36 (compatible; Googlebot/2.1; +http://www.google.com/bot.html)"
66.249.64.12 - - [12/Jun/2025:08:52:43 -0400] "GET /?d=93781471260&filter=6e89d3&share_to_url=shop.php%3Fid%3D3177307%26name%3Dwalgreens+baby+spf+50 HTTP/1.1" 200 23176 "-" "Mozilla/5.0 (Linux; Android 6.0.1; Nexus 5X Build/MMB29P) AppleWebKit/537.36 (KHTML, like Gecko) Chrome/136.0.7103.113 Mobile Safari/537.36 (compatible; Googlebot/2.1; +http://www.google.com/bot.html)"
66.249.64.11 - - [12/Jun/2025:08:52:44 -0400] "GET /?d=100296826260&filter=22c4ad&share_to_url=detail.php%3Fid%3D3399501%26name%3Dreview+hamilton+at+dpac+opening HTTP/1.1" 200 22960 "-" "Mozilla/5.0 (Linux; Android 6.0.1; Nexus 5X Build/MMB29P) AppleWebKit/537.36 (KHTML, like Gecko) Chrome/136.0.7103.113 Mobile Safari/537.36 (compatible; Googlebot/2.1; +http://www.google.com/bot.html)"
66.249.64.12 - - [12/Jun/2025:08:52:45 -0400] "GET /?d=96062164260&filter=1c3e5e&share_to_url=article.php%3Fid%3D3254678%26name%3Dlifejacket+xl+bluetooth+speaker HTTP/1.1" 200 22608 "-" "Mozilla/5.0 (Linux; Android 6.0.1; Nexus 5X Build/MMB29P) AppleWebKit/537.36 (KHTML, like Gecko) Chrome/136.0.7103.113 Mobile Safari/537.36 (compatible; Googlebot/2.1; +http://www.google.com/bot.html)"
66.249.64.12 - - [12/Jun/2025:08:52:46 -0400] "GET /?d=117467912260&filter=f4b633&share_to_url=discover.php%3Fid%3D3978197%26name%3Dcotton+duck+boxwood+green+extra+thick HTTP/1.1" 200 24686 "-" "Mozilla/5.0 (Linux; Android 6.0.1; Nexus 5X Build/MMB29P) AppleWebKit/537.36 (KHTML, like Gecko) Chrome/136.0.7103.113 Mobile Safari/537.36 (compatible; Googlebot/2.1; +http://www.google.com/bot.html)"
66.249.64.11 - - [12/Jun/2025:08:52:47 -0400] "GET /?d=106715383260&filter=bfc81f&share_to_url=ideas.php%3Fid%3D3614220%26name%3D26+inch+store+inner+tube HTTP/1.1" 200 23787 "-" "Mozilla/5.0 (Linux; Android 6.0.1; Nexus 5X Build/MMB29P) AppleWebKit/537.36 (KHTML, like Gecko) Chrome/136.0.7103.113 Mobile Safari/537.36 (compatible; Googlebot/2.1; +http://www.google.com/bot.html)"
66.249.64.11 - - [12/Jun/2025:08:52:49 -0400] "GET /?d=109621518260&filter=35b0c5&share_to_url=article.php%3Fid%3D3710378%26name%3Dstones+x+tommy+hilfiger+crop HTTP/1.1" 200 23341 "-" "Mozilla/5.0 (Linux; Android 6.0.1; Nexus 5X Build/MMB29P) AppleWebKit/537.36 (KHTML, like Gecko) Chrome/136.0.7103.113 Mobile Safari/537.36 (compatible; Googlebot/2.1; +http://www.google.com/bot.html)"
66.249.64.13 - - [12/Jun/2025:08:52:50 -0400] "GET /?d=70170539260&filter=06712c&share_to_url=shop.php%3Fid%3D2377855%26name%3Djinsi+jeans+fabricante+jeans+levantacola+mujer+jeans+colombianos+colombia+37+jinsi HTTP/1.1" 200 22632 "-" "Mozilla/5.0 (Linux; Android 6.0.1; Nexus 5X Build/MMB29P) AppleWebKit/537.36 (KHTML, like Gecko) Chrome/136.0.7103.113 Mobile Safari/537.36 (compatible; Googlebot/2.1; +http://www.google.com/bot.html)"
66.249.64.13 - - [12/Jun/2025:08:52:52 -0400] "GET /?d=96956520260&filter=cdfba6&share_to_url=goods.php%3Fid%3D3284939%26name%3Detro+paisley+button+down+shirt+nude HTTP/1.1" 200 24133 "-" "Mozilla/5.0 (Linux; Android 6.0.1; Nexus 5X Build/MMB29P) AppleWebKit/537.36 (KHTML, like Gecko) Chrome/136.0.7103.113 Mobile Safari/537.36 (compatible; Googlebot/2.1; +http://www.google.com/bot.html)"
66.249.64.12 - - [12/Jun/2025:08:52:53 -0400] "GET /?d=64923877260&filter=8d13fd&share_to_url=item.php%3Fid%3D2201737%26name%3Dfoque+jersey+beb+c3+a9+rojo HTTP/1.1" 200 23786 "-" "Mozilla/5.0 (Linux; Android 6.0.1; Nexus 5X Build/MMB29P) AppleWebKit/537.36 (KHTML, like Gecko) Chrome/136.0.7103.113 Mobile Safari/537.36 (compatible; Googlebot/2.1; +http://www.google.com/bot.html)"
66.249.64.12 - - [12/Jun/2025:08:52:53 -0400] "GET /?d=100974101260&filter=febea6&share_to_url=product-page.php%3Fid%3D3422788%26name%3Dworld+039+s+top+drone+seller HTTP/1.1" 200 24002 "-" "Mozilla/5.0 (Linux; Android 6.0.1; Nexus 5X Build/MMB29P) AppleWebKit/537.36 (KHTML, like Gecko) Chrome/136.0.7103.113 Mobile Safari/537.36 (compatible; Googlebot/2.1; +http://www.google.com/bot.html)"
157.55.39.202 - - [12/Jun/2025:08:52:55 -0400] "GET /?d=110946941260&filter=4fcc39&share_to_url=discover.php%3Fid%3D3757061%26name%3Dcranberry+3305+evolve+nitrile+exam HTTP/1.1" 200 23495 "-" "Mozilla/5.0 AppleWebKit/537.36 (KHTML, like Gecko; compatible; bingbot/2.0; +http://www.bing.com/bingbot.htm) Chrome/116.0.1938.76 Safari/537.36"
66.249.64.13 - - [12/Jun/2025:08:52:55 -0400] "GET /?d=106775324260&filter=6f7032&share_to_url=ideas.php%3Fid%3D3616308%26name%3Ddyson+which HTTP/1.1" 200 22928 "-" "Mozilla/5.0 (Linux; Android 6.0.1; Nexus 5X Build/MMB29P) AppleWebKit/537.36 (KHTML, like Gecko) Chrome/136.0.7103.113 Mobile Safari/537.36 (compatible; Googlebot/2.1; +http://www.google.com/bot.html)"
40.77.167.123 - - [12/Jun/2025:08:52:56 -0400] "GET /?d=87825132260&filter=f4e1c0&share_to_url=shop.php%3Fid%3D2976103%26name%3Dhauck+beta+high+2024+chair HTTP/1.1" 200 23900 "-" "Mozilla/5.0 AppleWebKit/537.36 (KHTML, like Gecko; compatible; bingbot/2.0; +http://www.bing.com/bingbot.htm) Chrome/116.0.1938.76 Safari/537.36"
66.249.64.11 - - [12/Jun/2025:08:52:56 -0400] "GET /?d=90452248260&filter=7df3d7&share_to_url=product.php%3Fid%3D3065518%26name%3Dasics+gel+cumulus+15+vs HTTP/1.1" 200 21767 "-" "Mozilla/5.0 (Linux; Android 6.0.1; Nexus 5X Build/MMB29P) AppleWebKit/537.36 (KHTML, like Gecko) Chrome/136.0.7103.113 Mobile Safari/537.36 (compatible; Googlebot/2.1; +http://www.google.com/bot.html)"
157.55.39.202 - - [12/Jun/2025:08:52:56 -0400] "GET /?d=106344159260&filter=a40b9d&share_to_url=discover.php%3Fid%3D3601817%26name%3Duniqlo+t+shirts+airism HTTP/1.1" 200 23066 "-" "Mozilla/5.0 AppleWebKit/537.36 (KHTML, like Gecko; compatible; bingbot/2.0; +http://www.bing.com/bingbot.htm) Chrome/116.0.1938.76 Safari/537.36"
66.249.64.11 - - [12/Jun/2025:08:52:57 -0400] "GET /?d=103711922260&filter=3b569e&share_to_url=detail.php%3Fid%3D3514113%26name%3Dcozy+christmas+master+bedroom HTTP/1.1" 200 24358 "-" "Mozilla/5.0 (Linux; Android 6.0.1; Nexus 5X Build/MMB29P) AppleWebKit/537.36 (KHTML, like Gecko) Chrome/136.0.7103.113 Mobile Safari/537.36 (compatible; Googlebot/2.1; +http://www.google.com/bot.html)"
