66.249.64.6 - - [12/Jun/2025:08:21:56 -0400] "GET /?d=117077115260&filter=30d85f&share_to_url=shop.php%3Fid%3D3964711%26name%3Dinter+cars+nabija HTTP/1.1" 200 23497 "-" "Mozilla/5.0 (Linux; Android 6.0.1; Nexus 5X Build/MMB29P) AppleWebKit/537.36 (KHTML, like Gecko) Chrome/136.0.7103.113 Mobile Safari/537.36 (compatible; Googlebot/2.1; +http://www.google.com/bot.html)"
40.77.167.62 - - [12/Jun/2025:08:21:57 -0400] "GET /?d=106888808260&filter=b2e434&share_to_url=detail.php%3Fid%3D3620145%26name%3Dbowflex+all+best+exercices HTTP/1.1" 200 23481 "-" "Mozilla/5.0 AppleWebKit/537.36 (KHTML, like Gecko; compatible; bingbot/2.0; +http://www.bing.com/bingbot.htm) Chrome/116.0.1938.76 Safari/537.36"
66.249.64.11 - - [12/Jun/2025:08:21:57 -0400] "GET /?d=93604617260&filter=e11ce7&share_to_url=product.php%3Fid%3D3171106%26name%3Desqualo+white+crochet+lace+blouse HTTP/1.1" 200 24062 "-" "Mozilla/5.0 (Linux; Android 6.0.1; Nexus 5X Build/MMB29P) AppleWebKit/537.36 (KHTML, like Gecko) Chrome/136.0.7103.113 Mobile Safari/537.36 (compatible; Googlebot/2.1; +http://www.google.com/bot.html)"
66.249.64.14 - - [12/Jun/2025:08:21:59 -0400] "GET /?d=57436777260&filter=3b569e&share_to_url=ideas.php%3Fid%3D1950060%26name%3D1pc+christmas+tapestry+christmas+tree HTTP/1.1" 200 24344 "-" "Mozilla/5.0 (Linux; Android 6.0.1; Nexus 5X Build/MMB29P) AppleWebKit/537.36 (KHTML, like Gecko) Chrome/136.0.7103.113 Mobile Safari/537.36 (compatible; Googlebot/2.1; +http://www.google.com/bot.html)"
66.249.64.10 - - [12/Jun/2025:08:22:01 -0400] "GET /?d=115427544260&filter=d99075&share_to_url=discover.php%3Fid%3D3908897%26name%3Dprint+t+shirt+jb+cetak+baju HTTP/1.1" 200 24117 "-" "Mozilla/5.0 (Linux; Android 6.0.1; Nexus 5X Build/MMB29P) AppleWebKit/537.36 (KHTML, like Gecko) Chrome/136.0.7103.113 Mobile Safari/537.36 (compatible; Googlebot/2.1; +http://www.google.com/bot.html)"
66.249.64.13 - - [12/Jun/2025:08:22:01 -0400] "GET /?d=95143894260&filter=20ae0e&share_to_url=article.php%3Fid%3D3223370%26name%3D25+pretty+tswana HTTP/1.1" 200 23021 "-" "Mozilla/5.0 (Linux; Android 6.0.1; Nexus 5X Build/MMB29P) AppleWebKit/537.36 (KHTML, like Gecko) Chrome/136.0.7103.113 Mobile Safari/537.36 (compatible; Googlebot/2.1; +http://www.google.com/bot.html)"
66.249.64.10 - - [12/Jun/2025:08:22:02 -0400] "GET /?d=104923363260&filter=9cab11&share_to_url=model.php%3Fid%3D3554775%26name%3Dsanctuary+mia+trooper HTTP/1.1" 200 22906 "-" "Mozilla/5.0 (Linux; Android 6.0.1; Nexus 5X Build/MMB29P) AppleWebKit/537.36 (KHTML, like Gecko) Chrome/136.0.7103.113 Mobile Safari/537.36 (compatible; Googlebot/2.1; +http://www.google.com/bot.html)"
40.77.167.71 - - [12/Jun/2025:08:22:03 -0400] "GET /?d=82609305260&filter=71e9aa&share_to_url=model.php%3Fid%3D2798103%26name%3Drubberized+mini+crossbody+bag HTTP/1.1" 200 24480 "-" "Mozilla/5.0 AppleWebKit/537.36 (KHTML, like Gecko; compatible; bingbot/2.0; +http://www.bing.com/bingbot.htm) Chrome/116.0.1938.76 Safari/537.36"
40.77.167.71 - - [12/Jun/2025:08:22:03 -0400] "GET /?d=113836618260&filter=28b4fd&share_to_url=item.php%3Fid%3D3855145%26name%3Ddestiny+human HTTP/1.1" 200 22450 "-" "Mozilla/5.0 AppleWebKit/537.36 (KHTML, like Gecko; compatible; bingbot/2.0; +http://www.bing.com/bingbot.htm) Chrome/116.0.1938.76 Safari/537.36"
66.249.64.11 - - [12/Jun/2025:08:22:04 -0400] "GET /?d=114158308260&filter=ca372c&share_to_url=model.php%3Fid%3D3865887%26name%3Done+confetti+water+bead+squeeze HTTP/1.1" 200 24068 "-" "Mozilla/5.0 (Linux; Android 6.0.1; Nexus 5X Build/MMB29P) AppleWebKit/537.36 (KHTML, like Gecko) Chrome/136.0.7103.113 Mobile Safari/537.36 (compatible; Googlebot/2.1; +http://www.google.com/bot.html)"
66.249.64.11 - - [12/Jun/2025:08:22:05 -0400] "GET /?d=90011175260&filter=d6ff6e&share_to_url=model.php%3Fid%3D3050499%26name%3Dbuy+nba+miami+heat+city HTTP/1.1" 200 23946 "-" "Mozilla/5.0 (Linux; Android 6.0.1; Nexus 5X Build/MMB29P) AppleWebKit/537.36 (KHTML, like Gecko) Chrome/136.0.7103.113 Mobile Safari/537.36 (compatible; Googlebot/2.1; +http://www.google.com/bot.html)"
66.249.64.13 - - [12/Jun/2025:08:22:07 -0400] "GET /?d=103391393260&filter=fe4de8&share_to_url=shopdetail.php%3Fid%3D3503636%26name%3Drecommended+accessories+cameras HTTP/1.1" 200 24071 "-" "Mozilla/5.0 (Linux; Android 6.0.1; Nexus 5X Build/MMB29P) AppleWebKit/537.36 (KHTML, like Gecko) Chrome/136.0.7103.113 Mobile Safari/537.36 (compatible; Googlebot/2.1; +http://www.google.com/bot.html)"
66.249.64.11 - - [12/Jun/2025:08:22:08 -0400] "GET /?d=110417687260&filter=74e00d&share_to_url=shopdetail.php%3Fid%3D3737828%26name%3Dbuy+les+royales+exclusives+white HTTP/1.1" 200 22375 "-" "Mozilla/5.0 (Linux; Android 6.0.1; Nexus 5X Build/MMB29P) AppleWebKit/537.36 (KHTML, like Gecko) Chrome/136.0.7103.113 Mobile Safari/537.36 (compatible; Googlebot/2.1; +http://www.google.com/bot.html)"
66.249.64.11 - - [12/Jun/2025:08:22:09 -0400] "GET /?d=42179765260&filter=f4b633&share_to_url=goods.php%3Fid%3D1432199%26name%3Ddome+swivel+office+dining+guest+accent HTTP/1.1" 200 23496 "-" "Mozilla/5.0 (Linux; Android 6.0.1; Nexus 5X Build/MMB29P) AppleWebKit/537.36 (KHTML, like Gecko) Chrome/136.0.7103.113 Mobile Safari/537.36 (compatible; Googlebot/2.1; +http://www.google.com/bot.html)"
66.249.64.10 - - [12/Jun/2025:08:22:10 -0400] "GET /?d=35065299260&filter=6d6f21&share_to_url=goods.php%3Fid%3D1192175%26name%3Dgrianlook+womens+short+hot+pants HTTP/1.1" 200 24377 "-" "Mozilla/5.0 (Linux; Android 6.0.1; Nexus 5X Build/MMB29P) AppleWebKit/537.36 (KHTML, like Gecko) Chrome/136.0.7103.113 Mobile Safari/537.36 (compatible; Googlebot/2.1; +http://www.google.com/bot.html)"
66.249.64.10 - - [12/Jun/2025:08:22:11 -0400] "GET /?d=36232034260&filter=6d6f21&share_to_url=discover.php%3Fid%3D1231025%26name%3Dbella+farm+moda HTTP/1.1" 200 23684 "-" "Mozilla/5.0 (Linux; Android 6.0.1; Nexus 5X Build/MMB29P) AppleWebKit/537.36 (KHTML, like Gecko) Chrome/136.0.7103.113 Mobile Safari/537.36 (compatible; Googlebot/2.1; +http://www.google.com/bot.html)"
66.249.64.10 - - [12/Jun/2025:08:22:13 -0400] "GET /?d=105330589260&filter=62bca5&share_to_url=product-page.php%3Fid%3D3568204%26name%3Dmainstays+drying+rack+and HTTP/1.1" 200 23966 "-" "Mozilla/5.0 (Linux; Android 6.0.1; Nexus 5X Build/MMB29P) AppleWebKit/537.36 (KHTML, like Gecko) Chrome/136.0.7103.113 Mobile Safari/537.36 (compatible; Googlebot/2.1; +http://www.google.com/bot.html)"
66.249.64.10 - - [12/Jun/2025:08:22:14 -0400] "GET /?d=113241508260&filter=ca372c&share_to_url=discover.php%3Fid%3D3835181%26name%3Dbrio+rechargeable+engine+fun HTTP/1.1" 200 22731 "-" "Mozilla/5.0 (Linux; Android 6.0.1; Nexus 5X Build/MMB29P) AppleWebKit/537.36 (KHTML, like Gecko) Chrome/136.0.7103.113 Mobile Safari/537.36 (compatible; Googlebot/2.1; +http://www.google.com/bot.html)"
66.249.64.10 - - [12/Jun/2025:08:22:15 -0400] "GET /?d=98456762260&filter=3b569e&share_to_url=article.php%3Fid%3D3336686%26name%3Dhalloween+pumpkin+skull+bats HTTP/1.1" 200 24544 "-" "Mozilla/5.0 (Linux; Android 6.0.1; Nexus 5X Build/MMB29P) AppleWebKit/537.36 (KHTML, like Gecko) Chrome/136.0.7103.113 Mobile Safari/537.36 (compatible; Googlebot/2.1; +http://www.google.com/bot.html)"
40.77.167.55 - - [12/Jun/2025:08:22:15 -0400] "GET /?d=109351969260&filter=131a43&share_to_url=shopdetail.php%3Fid%3D3701804%26name%3Dmens+silver+spike+loafers+with HTTP/1.1" 200 23410 "-" "Mozilla/5.0 AppleWebKit/537.36 (KHTML, like Gecko; compatible; bingbot/2.0; +http://www.bing.com/bingbot.htm) Chrome/116.0.1938.76 Safari/537.36"
66.249.64.10 - - [12/Jun/2025:08:22:16 -0400] "GET /?d=99802926260&filter=bce36f&share_to_url=product-page.php%3Fid%3D3382468%26name%3Dpanasonic+sound+charger HTTP/1.1" 200 23842 "-" "Mozilla/5.0 (Linux; Android 6.0.1; Nexus 5X Build/MMB29P) AppleWebKit/537.36 (KHTML, like Gecko) Chrome/136.0.7103.113 Mobile Safari/537.36 (compatible; Googlebot/2.1; +http://www.google.com/bot.html)"
40.77.167.71 - - [12/Jun/2025:08:22:17 -0400] "GET /?d=87609603260&filter=91360a&share_to_url=model.php%3Fid%3D2968587%26name%3Dnow+available+doggies HTTP/1.1" 200 23146 "-" "Mozilla/5.0 AppleWebKit/537.36 (KHTML, like Gecko; compatible; bingbot/2.0; +http://www.bing.com/bingbot.htm) Chrome/116.0.1938.76 Safari/537.36"
66.249.64.11 - - [12/Jun/2025:08:22:18 -0400] "GET /?d=90381052260&filter=138133&share_to_url=product-page.php%3Fid%3D3062992%26name%3Ddaunenjacke+bergtrekking+trek+500+komfort HTTP/1.1" 200 23302 "-" "Mozilla/5.0 (Linux; Android 6.0.1; Nexus 5X Build/MMB29P) AppleWebKit/537.36 (KHTML, like Gecko) Chrome/136.0.7103.113 Mobile Safari/537.36 (compatible; Googlebot/2.1; +http://www.google.com/bot.html)"
66.249.64.10 - - [12/Jun/2025:08:22:19 -0400] "GET /?d=34014327260&filter=6d6f21&share_to_url=product.php%3Fid%3D1156990%26name%3Dtransforme+mem%C3%B3rias+e+sentimentos HTTP/1.1" 200 24497 "-" "Mozilla/5.0 (Linux; Android 6.0.1; Nexus 5X Build/MMB29P) AppleWebKit/537.36 (KHTML, like Gecko) Chrome/136.0.7103.113 Mobile Safari/537.36 (compatible; Googlebot/2.1; +http://www.google.com/bot.html)"
66.249.64.10 - - [12/Jun/2025:08:22:21 -0400] "GET /?d=112530496260&filter=19d891&share_to_url=article.php%3Fid%3D3811802%26name%3Dnintendo+pokemon+y+nintendo HTTP/1.1" 200 22654 "-" "Mozilla/5.0 (Linux; Android 6.0.1; Nexus 5X Build/MMB29P) AppleWebKit/537.36 (KHTML, like Gecko) Chrome/136.0.7103.113 Mobile Safari/537.36 (compatible; Googlebot/2.1; +http://www.google.com/bot.html)"
66.249.64.11 - - [12/Jun/2025:08:22:21 -0400] "GET /?d=98103479260&filter=aca5a6&share_to_url=product-page.php%3Fid%3D3324544%26name%3Dcustom+district+distressed+military HTTP/1.1" 200 22371 "-" "Mozilla/5.0 (Linux; Android 6.0.1; Nexus 5X Build/MMB29P) AppleWebKit/537.36 (KHTML, like Gecko) Chrome/136.0.7103.113 Mobile Safari/537.36 (compatible; Googlebot/2.1; +http://www.google.com/bot.html)"
207.46.13.150 - - [12/Jun/2025:08:22:22 -0400] "GET /?d=106795286260&filter=138133&share_to_url=discover.php?id=3617033&name=grition%20m%C3%A4nner%20sandalen HTTP/1.1" 200 23318 "-" "Mozilla/5.0 AppleWebKit/537.36 (KHTML, like Gecko; compatible; bingbot/2.0; +http://www.bing.com/bingbot.htm) Chrome/116.0.1938.76 Safari/537.36"
207.46.13.150 - - [12/Jun/2025:08:22:22 -0400] "GET /?d=90239479260&filter=56e2eb&share_to_url=ideas.php%3Fid%3D3058080%26name%3Dty+puffies+relev%C3%A9+dancewear HTTP/1.1" 200 22576 "-" "Mozilla/5.0 AppleWebKit/537.36 (KHTML, like Gecko; compatible; bingbot/2.0; +http://www.bing.com/bingbot.htm) Chrome/116.0.1938.76 Safari/537.36"
207.46.13.150 - - [12/Jun/2025:08:22:23 -0400] "GET /?d=88331953260&filter=471295&share_to_url=detail.php%3Fid%3D2993625%26name%3Dma%C3%B1ana+exclusiva+con+masaje HTTP/1.1" 200 24091 "-" "Mozilla/5.0 AppleWebKit/537.36 (KHTML, like Gecko; compatible; bingbot/2.0; +http://www.bing.com/bingbot.htm) Chrome/116.0.1938.76 Safari/537.36"
66.249.64.11 - - [12/Jun/2025:08:22:23 -0400] "GET /?d=98436336260&filter=58ce6a&share_to_url=model.php%3Fid%3D3336063%26name%3Dskeleton+costume+halloween+costumes+mens HTTP/1.1" 200 23753 "-" "Mozilla/5.0 (Linux; Android 6.0.1; Nexus 5X Build/MMB29P) AppleWebKit/537.36 (KHTML, like Gecko) Chrome/136.0.7103.113 Mobile Safari/537.36 (compatible; Googlebot/2.1; +http://www.google.com/bot.html)"
207.46.13.150 - - [12/Jun/2025:08:22:23 -0400] "GET /?d=103715410260&filter=daf99f&share_to_url=ideas.php%3Fid%3D3514224%26name%3Dextra+large+throw+shop HTTP/1.1" 200 24344 "-" "Mozilla/5.0 AppleWebKit/537.36 (KHTML, like Gecko; compatible; bingbot/2.0; +http://www.bing.com/bingbot.htm) Chrome/116.0.1938.76 Safari/537.36"
66.249.64.10 - - [12/Jun/2025:08:22:25 -0400] "GET /?d=109773038260&filter=4ca8cb&share_to_url=product.php%3Fid%3D3715378%26name%3Dgrillled+barbecue+pork+satay HTTP/1.1" 200 22670 "-" "Mozilla/5.0 (Linux; Android 6.0.1; Nexus 5X Build/MMB29P) AppleWebKit/537.36 (KHTML, like Gecko) Chrome/136.0.7103.113 Mobile Safari/537.36 (compatible; Googlebot/2.1; +http://www.google.com/bot.html)"
66.249.64.10 - - [12/Jun/2025:08:22:26 -0400] "GET /?d=113632673260&filter=2fbbdb&share_to_url=model.php%3Fid%3D3848295%26name%3Dlanier+coleman+fsu HTTP/1.1" 200 23719 "-" "Mozilla/5.0 (Linux; Android 6.0.1; Nexus 5X Build/MMB29P) AppleWebKit/537.36 (KHTML, like Gecko) Chrome/136.0.7103.113 Mobile Safari/537.36 (compatible; Googlebot/2.1; +http://www.google.com/bot.html)"
66.249.64.11 - - [12/Jun/2025:08:22:26 -0400] "GET /?d=110190908260&filter=f4b633&share_to_url=shopdetail.php%3Fid%3D3729548%26name%3Dlight+grey+dining+chair+velvet HTTP/1.1" 200 24149 "-" "Mozilla/5.0 (Linux; Android 6.0.1; Nexus 5X Build/MMB29P) AppleWebKit/537.36 (KHTML, like Gecko) Chrome/136.0.7103.113 Mobile Safari/537.36 (compatible; Googlebot/2.1; +http://www.google.com/bot.html)"
40.77.167.62 - - [12/Jun/2025:08:22:26 -0400] "GET /?d=62629460260&filter=14708a&share_to_url=article.php%3Fid%3D2123510%26name%3Dbuy+foldable+electric+scooter HTTP/1.1" 200 23486 "-" "Mozilla/5.0 AppleWebKit/537.36 (KHTML, like Gecko; compatible; bingbot/2.0; +http://www.bing.com/bingbot.htm) Chrome/116.0.1938.76 Safari/537.36"
66.249.64.11 - - [12/Jun/2025:08:22:27 -0400] "GET /?d=106995784260&filter=42b544&share_to_url=product.php%3Fid%3D3623650%26name%3Dtimberland+leather+chelsea+boots+courmayeur HTTP/1.1" 200 23466 "-" "Mozilla/5.0 (Linux; Android 6.0.1; Nexus 5X Build/MMB29P) AppleWebKit/537.36 (KHTML, like Gecko) Chrome/136.0.7103.113 Mobile Safari/537.36 (compatible; Googlebot/2.1; +http://www.google.com/bot.html)"
20.171.207.205 - - [12/Jun/2025:08:22:28 -0400] "GET /sitemap.xml HTTP/1.1" 200 65628 "-" "Mozilla/5.0 AppleWebKit/537.36 (KHTML, like Gecko; compatible; GPTBot/1.2; +https://openai.com/gptbot)"
66.249.64.10 - - [12/Jun/2025:08:22:29 -0400] "GET /?d=94483126260&filter=bfc81f&share_to_url=detail.php%3Fid%3D3201741%26name%3Dscott+arx+hotsell HTTP/1.1" 200 23456 "-" "Mozilla/5.0 (Linux; Android 6.0.1; Nexus 5X Build/MMB29P) AppleWebKit/537.36 (KHTML, like Gecko) Chrome/136.0.7103.113 Mobile Safari/537.36 (compatible; Googlebot/2.1; +http://www.google.com/bot.html)"
66.249.64.10 - - [12/Jun/2025:08:22:30 -0400] "GET /?d=76525641260&filter=be1b9a&share_to_url=detail.php%3Fid%3D2593377%26name%3Dbates+man+made+sole+shoes HTTP/1.1" 200 23910 "-" "Mozilla/5.0 (Linux; Android 6.0.1; Nexus 5X Build/MMB29P) AppleWebKit/537.36 (KHTML, like Gecko) Chrome/136.0.7103.113 Mobile Safari/537.36 (compatible; Googlebot/2.1; +http://www.google.com/bot.html)"
66.249.64.10 - - [12/Jun/2025:08:22:32 -0400] "GET /?d=88391803260&filter=de59db&share_to_url=item.php%3Fid%3D2995753%26name%3Duga+tervis+wavy HTTP/1.1" 200 23788 "-" "Mozilla/5.0 (Linux; Android 6.0.1; Nexus 5X Build/MMB29P) AppleWebKit/537.36 (KHTML, like Gecko) Chrome/136.0.7103.113 Mobile Safari/537.36 (compatible; Googlebot/2.1; +http://www.google.com/bot.html)"
66.249.64.10 - - [12/Jun/2025:08:22:34 -0400] "GET /?d=92380741260&filter=ed3d47&share_to_url=product.php%3Fid%3D3129598%26name%3Dlight+brown+stretch+leather+booties HTTP/1.1" 200 23587 "-" "Mozilla/5.0 (Linux; Android 6.0.1; Nexus 5X Build/MMB29P) AppleWebKit/537.36 (KHTML, like Gecko) Chrome/136.0.7103.113 Mobile Safari/537.36 (compatible; Googlebot/2.1; +http://www.google.com/bot.html)"
66.249.64.10 - - [12/Jun/2025:08:22:35 -0400] "GET /?d=115829200260&filter=571970&share_to_url=shop.php%3Fid%3D3922459%26name%3Dsupreme+x+super+soaker+50 HTTP/1.1" 200 22888 "-" "Mozilla/5.0 (Linux; Android 6.0.1; Nexus 5X Build/MMB29P) AppleWebKit/537.36 (KHTML, like Gecko) Chrome/136.0.7103.113 Mobile Safari/537.36 (compatible; Googlebot/2.1; +http://www.google.com/bot.html)"
66.249.64.13 - - [12/Jun/2025:08:22:37 -0400] "GET /?d=45001887260&filter=99bfb5&share_to_url=discover.php%3Fid%3D1526921%26name%3Dno+heat+fan HTTP/1.1" 200 24826 "-" "Mozilla/5.0 (Linux; Android 6.0.1; Nexus 5X Build/MMB29P) AppleWebKit/537.36 (KHTML, like Gecko) Chrome/136.0.7103.113 Mobile Safari/537.36 (compatible; Googlebot/2.1; +http://www.google.com/bot.html)"
66.249.64.10 - - [12/Jun/2025:08:22:37 -0400] "GET /?d=94931780260&filter=469540&share_to_url=article.php%3Fid%3D3216554%26name%3Dleg+raise+hold HTTP/1.1" 200 23659 "-" "Mozilla/5.0 (Linux; Android 6.0.1; Nexus 5X Build/MMB29P) AppleWebKit/537.36 (KHTML, like Gecko) Chrome/136.0.7103.113 Mobile Safari/537.36 (compatible; Googlebot/2.1; +http://www.google.com/bot.html)"
66.249.64.10 - - [12/Jun/2025:08:22:39 -0400] "GET /?d=108976979260&filter=254614&share_to_url=model.php%3Fid%3D3689535%26name%3Dmid+shaft+embroidered+western HTTP/1.1" 200 22849 "-" "Mozilla/5.0 (Linux; Android 6.0.1; Nexus 5X Build/MMB29P) AppleWebKit/537.36 (KHTML, like Gecko) Chrome/136.0.7103.113 Mobile Safari/537.36 (compatible; Googlebot/2.1; +http://www.google.com/bot.html)"
66.249.64.11 - - [12/Jun/2025:08:22:40 -0400] "GET /?d=104226356260&filter=74aed1&share_to_url=article.php%3Fid%3D3531362%26name%3Drepeater+ax3000 HTTP/1.1" 200 22517 "-" "Mozilla/5.0 (Linux; Android 6.0.1; Nexus 5X Build/MMB29P) AppleWebKit/537.36 (KHTML, like Gecko) Chrome/136.0.7103.113 Mobile Safari/537.36 (compatible; Googlebot/2.1; +http://www.google.com/bot.html)"
208.110.64.178 - - [12/Jun/2025:08:22:40 -0400] "GET /wp-includes/edit.php HTTP/1.1" 302 6 "https://churchmr.com/wp-includes/edit.php" "Mozilla/5.0 (Windows NT 10.0; Win64; x64) AppleWebKit/537.36 (KHTML, like Gecko) Chrome/58.0.3029.110 Safari/537.3"
66.249.64.11 - - [12/Jun/2025:08:22:41 -0400] "GET /?d=117918272260&filter=b67900&share_to_url=item.php%3Fid%3D3993457%26name%3Dpanthers+ravens+live+top+stream HTTP/1.1" 200 23964 "-" "Mozilla/5.0 (Linux; Android 6.0.1; Nexus 5X Build/MMB29P) AppleWebKit/537.36 (KHTML, like Gecko) Chrome/136.0.7103.113 Mobile Safari/537.36 (compatible; Googlebot/2.1; +http://www.google.com/bot.html)"
208.110.64.178 - - [12/Jun/2025:08:22:41 -0400] "GET /wp-includes/loginn.php HTTP/1.1" 302 6 "https://churchmr.com/wp-includes/edit.php" "Mozilla/5.0 (Windows NT 10.0; Win64; x64) AppleWebKit/537.36 (KHTML, like Gecko) Chrome/58.0.3029.110 Safari/537.3"
208.110.64.178 - - [12/Jun/2025:08:22:42 -0400] "GET /wp-includes/loginn.php HTTP/1.1" 302 6 "https://churchmr.com/wp-includes/edit.php" "Mozilla/5.0 (Windows NT 10.0; Win64; x64) AppleWebKit/537.36 (KHTML, like Gecko) Chrome/58.0.3029.110 Safari/537.3"
66.249.64.10 - - [12/Jun/2025:08:22:43 -0400] "GET /?d=109861746260&filter=18729c&share_to_url=article.php%3Fid%3D3718274%26name%3Dtakara+kabuto+2025+tire HTTP/1.1" 200 23783 "-" "Mozilla/5.0 (Linux; Android 6.0.1; Nexus 5X Build/MMB29P) AppleWebKit/537.36 (KHTML, like Gecko) Chrome/136.0.7103.113 Mobile Safari/537.36 (compatible; Googlebot/2.1; +http://www.google.com/bot.html)"
40.77.167.71 - - [12/Jun/2025:08:22:43 -0400] "GET /?d=20687189260&filter=956610&share_to_url=product.php%3Fid%3D702886%26name%3Dneals+cosmetic+alisado+dual HTTP/1.1" 200 23015 "-" "Mozilla/5.0 AppleWebKit/537.36 (KHTML, like Gecko; compatible; bingbot/2.0; +http://www.bing.com/bingbot.htm) Chrome/116.0.1938.76 Safari/537.36"
208.110.64.178 - - [12/Jun/2025:08:22:43 -0400] "GET /wp-includes/loginn.php HTTP/1.1" 302 6 "https://churchmr.com/wp-includes/edit.php" "Mozilla/5.0 (Windows NT 10.0; Win64; x64) AppleWebKit/537.36 (KHTML, like Gecko) Chrome/58.0.3029.110 Safari/537.3"
208.110.64.178 - - [12/Jun/2025:08:22:44 -0400] "GET /wp-includes/loginn.php HTTP/1.1" 302 6 "https://churchmr.com/wp-includes/edit.php" "Mozilla/5.0 (Windows NT 10.0; Win64; x64) AppleWebKit/537.36 (KHTML, like Gecko) Chrome/58.0.3029.110 Safari/537.3"
66.249.64.10 - - [12/Jun/2025:08:22:44 -0400] "GET /?d=116051213260&filter=1625a7&share_to_url=model.php%3Fid%3D3929895%26name%3Dpules+hi+res+stock HTTP/1.1" 200 24926 "-" "Mozilla/5.0 (Linux; Android 6.0.1; Nexus 5X Build/MMB29P) AppleWebKit/537.36 (KHTML, like Gecko) Chrome/136.0.7103.113 Mobile Safari/537.36 (compatible; Googlebot/2.1; +http://www.google.com/bot.html)"
208.110.64.178 - - [12/Jun/2025:08:22:44 -0400] "GET /wp-includes/loginn.php HTTP/1.1" 302 6 "https://churchmr.com/wp-includes/edit.php" "Mozilla/5.0 (Windows NT 10.0; Win64; x64) AppleWebKit/537.36 (KHTML, like Gecko) Chrome/58.0.3029.110 Safari/537.3"
40.77.167.55 - - [12/Jun/2025:08:22:45 -0400] "GET /?d=91033970260&filter=3ce4dd&share_to_url=pin.php%3Fid%3D3085206%26name%3Dparigine+donna HTTP/1.1" 200 24126 "-" "Mozilla/5.0 AppleWebKit/537.36 (KHTML, like Gecko; compatible; bingbot/2.0; +http://www.bing.com/bingbot.htm) Chrome/116.0.1938.76 Safari/537.36"
208.110.64.178 - - [12/Jun/2025:08:22:45 -0400] "GET /wp-includes/loginn.php HTTP/1.1" 302 6 "https://churchmr.com/wp-includes/edit.php" "Mozilla/5.0 (Windows NT 10.0; Win64; x64) AppleWebKit/537.36 (KHTML, like Gecko) Chrome/58.0.3029.110 Safari/537.3"
66.249.64.11 - - [12/Jun/2025:08:22:45 -0400] "GET /?d=98225525260&filter=f4b633&share_to_url=shop.php%3Fid%3D3328375%26name%3Dhelena+seater+fabric HTTP/1.1" 200 24218 "-" "Mozilla/5.0 (Linux; Android 6.0.1; Nexus 5X Build/MMB29P) AppleWebKit/537.36 (KHTML, like Gecko) Chrome/136.0.7103.113 Mobile Safari/537.36 (compatible; Googlebot/2.1; +http://www.google.com/bot.html)"
66.249.64.13 - - [12/Jun/2025:08:22:46 -0400] "GET /?d=107580179260&filter=62bca5&share_to_url=shopdetail.php%3Fid%3D3643196%26name%3Dyamazaki+dish+rack HTTP/1.1" 200 22051 "-" "Mozilla/5.0 (Linux; Android 6.0.1; Nexus 5X Build/MMB29P) AppleWebKit/537.36 (KHTML, like Gecko) Chrome/136.0.7103.113 Mobile Safari/537.36 (compatible; Googlebot/2.1; +http://www.google.com/bot.html)"
208.110.64.178 - - [12/Jun/2025:08:22:46 -0400] "GET /wp-includes/loginn.php HTTP/1.1" 302 6 "https://churchmr.com/wp-includes/edit.php" "Mozilla/5.0 (Windows NT 10.0; Win64; x64) AppleWebKit/537.36 (KHTML, like Gecko) Chrome/58.0.3029.110 Safari/537.3"
66.249.64.10 - - [12/Jun/2025:08:22:46 -0400] "GET /?d=109511315260&filter=c19a1f&share_to_url=product.php%3Fid%3D3706726%26name%3Dlongines+hydroconquest+blue+dial+women+039+s HTTP/1.1" 200 24022 "-" "Mozilla/5.0 (Linux; Android 6.0.1; Nexus 5X Build/MMB29P) AppleWebKit/537.36 (KHTML, like Gecko) Chrome/136.0.7103.113 Mobile Safari/537.36 (compatible; Googlebot/2.1; +http://www.google.com/bot.html)"
208.110.64.178 - - [12/Jun/2025:08:22:46 -0400] "GET /wp-includes/loginn.php HTTP/1.1" 302 6 "https://churchmr.com/wp-includes/edit.php" "Mozilla/5.0 (Windows NT 10.0; Win64; x64) AppleWebKit/537.36 (KHTML, like Gecko) Chrome/58.0.3029.110 Safari/537.3"
66.249.64.10 - - [12/Jun/2025:08:22:47 -0400] "GET /?d=100279093260&filter=b3e07f&share_to_url=shopdetail.php%3Fid%3D3398888%26name%3Dthinkcentre+m90t+gen HTTP/1.1" 200 23747 "-" "Mozilla/5.0 (Linux; Android 6.0.1; Nexus 5X Build/MMB29P) AppleWebKit/537.36 (KHTML, like Gecko) Chrome/136.0.7103.113 Mobile Safari/537.36 (compatible; Googlebot/2.1; +http://www.google.com/bot.html)"
208.110.64.178 - - [12/Jun/2025:08:22:47 -0400] "GET /wp-includes/loginn.php HTTP/1.1" 302 6 "https://churchmr.com/wp-includes/edit.php" "Mozilla/5.0 (Windows NT 10.0; Win64; x64) AppleWebKit/537.36 (KHTML, like Gecko) Chrome/58.0.3029.110 Safari/537.3"
208.110.64.178 - - [12/Jun/2025:08:22:48 -0400] "GET /wp-includes/loginn.php HTTP/1.1" 302 6 "https://churchmr.com/wp-includes/edit.php" "Mozilla/5.0 (Windows NT 10.0; Win64; x64) AppleWebKit/537.36 (KHTML, like Gecko) Chrome/58.0.3029.110 Safari/537.3"
66.249.64.13 - - [12/Jun/2025:08:22:48 -0400] "GET /?d=94616898260&filter=99bfb5&share_to_url=article.php%3Fid%3D3205994%26name%3Da+low+water+drop+shot+nymph HTTP/1.1" 200 24126 "-" "Mozilla/5.0 (Linux; Android 6.0.1; Nexus 5X Build/MMB29P) AppleWebKit/537.36 (KHTML, like Gecko) Chrome/136.0.7103.113 Mobile Safari/537.36 (compatible; Googlebot/2.1; +http://www.google.com/bot.html)"
66.249.64.10 - - [12/Jun/2025:08:22:49 -0400] "GET /?d=118007572260&filter=5e40a7&share_to_url=product.php%3Fid%3D3996298%26name%3Ddlr+frozen+10th HTTP/1.1" 200 24012 "-" "Mozilla/5.0 (Linux; Android 6.0.1; Nexus 5X Build/MMB29P) AppleWebKit/537.36 (KHTML, like Gecko) Chrome/136.0.7103.113 Mobile Safari/537.36 (compatible; Googlebot/2.1; +http://www.google.com/bot.html)"
208.110.64.178 - - [12/Jun/2025:08:22:48 -0400] "GET /wp-includes/loginn.php HTTP/1.1" 302 6 "https://churchmr.com/wp-includes/edit.php" "Mozilla/5.0 (Windows NT 10.0; Win64; x64) AppleWebKit/537.36 (KHTML, like Gecko) Chrome/58.0.3029.110 Safari/537.3"
208.110.64.178 - - [12/Jun/2025:08:22:49 -0400] "GET /wp-includes/loginn.php HTTP/1.1" 302 6 "https://churchmr.com/wp-includes/edit.php" "Mozilla/5.0 (Windows NT 10.0; Win64; x64) AppleWebKit/537.36 (KHTML, like Gecko) Chrome/58.0.3029.110 Safari/537.3"
66.249.64.10 - - [12/Jun/2025:08:22:50 -0400] "GET /?d=106157044260&filter=7d768c&share_to_url=shop.php%3Fid%3D3595567%26name%3Dmodi+bike+on+rent HTTP/1.1" 200 24007 "-" "Mozilla/5.0 (Linux; Android 6.0.1; Nexus 5X Build/MMB29P) AppleWebKit/537.36 (KHTML, like Gecko) Chrome/136.0.7103.113 Mobile Safari/537.36 (compatible; Googlebot/2.1; +http://www.google.com/bot.html)"
208.110.64.178 - - [12/Jun/2025:08:22:50 -0400] "GET /wp-includes/loginn.php HTTP/1.1" 302 6 "https://churchmr.com/wp-includes/edit.php" "Mozilla/5.0 (Windows NT 10.0; Win64; x64) AppleWebKit/537.36 (KHTML, like Gecko) Chrome/58.0.3029.110 Safari/537.3"
208.110.64.178 - - [12/Jun/2025:08:22:50 -0400] "GET /wp-includes/loginn.php HTTP/1.1" 302 6 "https://churchmr.com/wp-includes/edit.php" "Mozilla/5.0 (Windows NT 10.0; Win64; x64) AppleWebKit/537.36 (KHTML, like Gecko) Chrome/58.0.3029.110 Safari/537.3"
66.249.64.13 - - [12/Jun/2025:08:22:51 -0400] "GET /?d=102108716260&filter=90bdfb&share_to_url=product-page.php%3Fid%3D3461032%26name%3Dretro+playboy+snapback+mesh HTTP/1.1" 200 24305 "-" "Mozilla/5.0 (Linux; Android 6.0.1; Nexus 5X Build/MMB29P) AppleWebKit/537.36 (KHTML, like Gecko) Chrome/136.0.7103.113 Mobile Safari/537.36 (compatible; Googlebot/2.1; +http://www.google.com/bot.html)"
208.110.64.178 - - [12/Jun/2025:08:22:51 -0400] "GET /wp-includes/loginn.php HTTP/1.1" 302 6 "https://churchmr.com/wp-includes/edit.php" "Mozilla/5.0 (Windows NT 10.0; Win64; x64) AppleWebKit/537.36 (KHTML, like Gecko) Chrome/58.0.3029.110 Safari/537.3"
207.46.13.150 - - [12/Jun/2025:08:22:52 -0400] "GET /?d=106767012260&filter=dde61e&share_to_url=product.php%3Fid%3D3616006%26name%3Ddial+professional+sensitive HTTP/1.1" 200 23114 "-" "Mozilla/5.0 AppleWebKit/537.36 (KHTML, like Gecko; compatible; bingbot/2.0; +http://www.bing.com/bingbot.htm) Chrome/116.0.1938.76 Safari/537.36"
208.110.64.178 - - [12/Jun/2025:08:22:52 -0400] "GET /wp-includes/loginn.php HTTP/1.1" 302 6 "https://churchmr.com/wp-includes/edit.php" "Mozilla/5.0 (Windows NT 10.0; Win64; x64) AppleWebKit/537.36 (KHTML, like Gecko) Chrome/58.0.3029.110 Safari/537.3"
66.249.64.10 - - [12/Jun/2025:08:22:52 -0400] "GET /?d=116174757260&filter=77322a&share_to_url=discover.php%3Fid%3D3934457%26name%3Dlego+dreamzzz+fantastical HTTP/1.1" 200 23013 "-" "Mozilla/5.0 (Linux; Android 6.0.1; Nexus 5X Build/MMB29P) AppleWebKit/537.36 (KHTML, like Gecko) Chrome/136.0.7103.113 Mobile Safari/537.36 (compatible; Googlebot/2.1; +http://www.google.com/bot.html)"
66.249.64.13 - - [12/Jun/2025:08:22:53 -0400] "GET /?d=94403658260&filter=a35f77&share_to_url=discover.php%3Fid%3D3199193%26name%3Dbordcomputer+display+lampen HTTP/1.1" 200 23617 "-" "Mozilla/5.0 (Linux; Android 6.0.1; Nexus 5X Build/MMB29P) AppleWebKit/537.36 (KHTML, like Gecko) Chrome/136.0.7103.113 Mobile Safari/537.36 (compatible; Googlebot/2.1; +http://www.google.com/bot.html)"
208.110.64.178 - - [12/Jun/2025:08:22:53 -0400] "GET /wp-includes/loginn.php HTTP/1.1" 302 6 "https://churchmr.com/wp-includes/edit.php" "Mozilla/5.0 (Windows NT 10.0; Win64; x64) AppleWebKit/537.36 (KHTML, like Gecko) Chrome/58.0.3029.110 Safari/537.3"
66.249.64.11 - - [12/Jun/2025:08:22:53 -0400] "GET /?d=107186987260&filter=89626b&share_to_url=article.php%3Fid%3D3629834%26name%3Dmy+least+favorite+smart HTTP/1.1" 200 24628 "-" "Mozilla/5.0 (Linux; Android 6.0.1; Nexus 5X Build/MMB29P) AppleWebKit/537.36 (KHTML, like Gecko) Chrome/136.0.7103.113 Mobile Safari/537.36 (compatible; Googlebot/2.1; +http://www.google.com/bot.html)"
40.77.167.42 - - [12/Jun/2025:08:22:53 -0400] "GET /?d=112025497260&filter=96a32b&share_to_url=pin.php%3Fid%3D3794586%26name%3Dstalschoenen+welkoop+top HTTP/1.1" 200 23224 "-" "Mozilla/5.0 AppleWebKit/537.36 (KHTML, like Gecko; compatible; bingbot/2.0; +http://www.bing.com/bingbot.htm) Chrome/116.0.1938.76 Safari/537.36"
208.110.64.178 - - [12/Jun/2025:08:22:53 -0400] "GET /wp-includes/loginn.php HTTP/1.1" 302 6 "https://churchmr.com/wp-includes/edit.php" "Mozilla/5.0 (Windows NT 10.0; Win64; x64) AppleWebKit/537.36 (KHTML, like Gecko) Chrome/58.0.3029.110 Safari/537.3"
40.77.167.42 - - [12/Jun/2025:08:22:54 -0400] "GET /?d=116505631260&filter=ca372c&share_to_url=product.php?id=3945334&name=helix%20heli%20factory HTTP/1.1" 200 23549 "-" "Mozilla/5.0 AppleWebKit/537.36 (KHTML, like Gecko; compatible; bingbot/2.0; +http://www.bing.com/bingbot.htm) Chrome/116.0.1938.76 Safari/537.36"
208.110.64.178 - - [12/Jun/2025:08:22:54 -0400] "GET /wp-includes/loginn.php HTTP/1.1" 302 6 "https://churchmr.com/wp-includes/edit.php" "Mozilla/5.0 (Windows NT 10.0; Win64; x64) AppleWebKit/537.36 (KHTML, like Gecko) Chrome/58.0.3029.110 Safari/537.3"
66.249.64.13 - - [12/Jun/2025:08:22:55 -0400] "GET /?d=103242324260&filter=a0f400&share_to_url=goods.php%3Fid%3D3498755%26name%3Docchiale+da+sole+kyra HTTP/1.1" 200 23869 "-" "Mozilla/5.0 (Linux; Android 6.0.1; Nexus 5X Build/MMB29P) AppleWebKit/537.36 (KHTML, like Gecko) Chrome/136.0.7103.113 Mobile Safari/537.36 (compatible; Googlebot/2.1; +http://www.google.com/bot.html)"
208.110.64.178 - - [12/Jun/2025:08:22:55 -0400] "GET /wp-includes/loginn.php HTTP/1.1" 302 6 "https://churchmr.com/wp-includes/edit.php" "Mozilla/5.0 (Windows NT 10.0; Win64; x64) AppleWebKit/537.36 (KHTML, like Gecko) Chrome/58.0.3029.110 Safari/537.3"
208.110.64.178 - - [12/Jun/2025:08:22:55 -0400] "GET /wp-includes/loginn.php HTTP/1.1" 302 6 "https://churchmr.com/wp-includes/edit.php" "Mozilla/5.0 (Windows NT 10.0; Win64; x64) AppleWebKit/537.36 (KHTML, like Gecko) Chrome/58.0.3029.110 Safari/537.3"
40.77.167.71 - - [12/Jun/2025:08:22:56 -0400] "GET /?d=21322824260&filter=55b63a&share_to_url=ideas.php%3Fid%3D723888%26name%3Dendura+padded+boxer+twin HTTP/1.1" 200 23189 "-" "Mozilla/5.0 AppleWebKit/537.36 (KHTML, like Gecko; compatible; bingbot/2.0; +http://www.bing.com/bingbot.htm) Chrome/116.0.1938.76 Safari/537.36"
208.110.64.178 - - [12/Jun/2025:08:22:56 -0400] "GET /wp-includes/loginn.php HTTP/1.1" 302 6 "https://churchmr.com/wp-includes/edit.php" "Mozilla/5.0 (Windows NT 10.0; Win64; x64) AppleWebKit/537.36 (KHTML, like Gecko) Chrome/58.0.3029.110 Safari/537.3"
66.249.64.14 - - [12/Jun/2025:08:22:56 -0400] "GET /?d=103789438260&filter=6d6f21&share_to_url=goods.php%3Fid%3D3516539%26name%3Dsaia+vintage+jeans HTTP/1.1" 200 24396 "-" "Mozilla/5.0 (Linux; Android 6.0.1; Nexus 5X Build/MMB29P) AppleWebKit/537.36 (KHTML, like Gecko) Chrome/136.0.7103.113 Mobile Safari/537.36 (compatible; Googlebot/2.1; +http://www.google.com/bot.html)"
208.110.64.178 - - [12/Jun/2025:08:22:57 -0400] "GET /wp-includes/loginn.php HTTP/1.1" 302 6 "https://churchmr.com/wp-includes/edit.php" "Mozilla/5.0 (Windows NT 10.0; Win64; x64) AppleWebKit/537.36 (KHTML, like Gecko) Chrome/58.0.3029.110 Safari/537.3"
208.110.64.178 - - [12/Jun/2025:08:22:57 -0400] "GET /wp-includes/loginn.php HTTP/1.1" 302 6 "https://churchmr.com/wp-includes/edit.php" "Mozilla/5.0 (Windows NT 10.0; Win64; x64) AppleWebKit/537.36 (KHTML, like Gecko) Chrome/58.0.3029.110 Safari/537.3"
66.249.64.11 - - [12/Jun/2025:08:22:58 -0400] "GET /?d=100508004260&filter=bcf072&share_to_url=model.php%3Fid%3D3406599%26name%3Dleather+patch+hats+wholesale HTTP/1.1" 200 24247 "-" "Mozilla/5.0 (Linux; Android 6.0.1; Nexus 5X Build/MMB29P) AppleWebKit/537.36 (KHTML, like Gecko) Chrome/136.0.7103.113 Mobile Safari/537.36 (compatible; Googlebot/2.1; +http://www.google.com/bot.html)"
208.110.64.178 - - [12/Jun/2025:08:22:58 -0400] "GET /wp-includes/loginn.php HTTP/1.1" 302 6 "https://churchmr.com/wp-includes/edit.php" "Mozilla/5.0 (Windows NT 10.0; Win64; x64) AppleWebKit/537.36 (KHTML, like Gecko) Chrome/58.0.3029.110 Safari/537.3"
208.110.64.178 - - [12/Jun/2025:08:22:59 -0400] "GET /wp-includes/loginn.php HTTP/1.1" 302 6 "https://churchmr.com/wp-includes/edit.php" "Mozilla/5.0 (Windows NT 10.0; Win64; x64) AppleWebKit/537.36 (KHTML, like Gecko) Chrome/58.0.3029.110 Safari/537.3"
66.249.64.10 - - [12/Jun/2025:08:22:59 -0400] "GET /?d=117419071260&filter=d85df6&share_to_url=item.php%3Fid%3D3976513%26name%3Dseungri+of+bigbang+039+s HTTP/1.1" 200 21840 "-" "Mozilla/5.0 (Linux; Android 6.0.1; Nexus 5X Build/MMB29P) AppleWebKit/537.36 (KHTML, like Gecko) Chrome/136.0.7103.113 Mobile Safari/537.36 (compatible; Googlebot/2.1; +http://www.google.com/bot.html)"
208.110.64.178 - - [12/Jun/2025:08:22:59 -0400] "GET /wp-includes/loginn.php HTTP/1.1" 302 6 "https://churchmr.com/wp-includes/edit.php" "Mozilla/5.0 (Windows NT 10.0; Win64; x64) AppleWebKit/537.36 (KHTML, like Gecko) Chrome/58.0.3029.110 Safari/537.3"
208.110.64.178 - - [12/Jun/2025:08:23:00 -0400] "GET /wp-includes/loginn.php HTTP/1.1" 302 6 "https://churchmr.com/wp-includes/edit.php" "Mozilla/5.0 (Windows NT 10.0; Win64; x64) AppleWebKit/537.36 (KHTML, like Gecko) Chrome/58.0.3029.110 Safari/537.3"
208.110.64.178 - - [12/Jun/2025:08:23:00 -0400] "GET /wp-includes/loginn.php HTTP/1.1" 302 6 "https://churchmr.com/wp-includes/edit.php" "Mozilla/5.0 (Windows NT 10.0; Win64; x64) AppleWebKit/537.36 (KHTML, like Gecko) Chrome/58.0.3029.110 Safari/537.3"
66.249.64.11 - - [12/Jun/2025:08:23:01 -0400] "GET /?d=114883055260&filter=f4b633&share_to_url=goods.php%3Fid%3D3890015%26name%3Dwhite+chairs+wood HTTP/1.1" 200 24581 "-" "Mozilla/5.0 (Linux; Android 6.0.1; Nexus 5X Build/MMB29P) AppleWebKit/537.36 (KHTML, like Gecko) Chrome/136.0.7103.113 Mobile Safari/537.36 (compatible; Googlebot/2.1; +http://www.google.com/bot.html)"
208.110.64.178 - - [12/Jun/2025:08:23:01 -0400] "GET /wp-includes/loginn.php HTTP/1.1" 302 6 "https://churchmr.com/wp-includes/edit.php" "Mozilla/5.0 (Windows NT 10.0; Win64; x64) AppleWebKit/537.36 (KHTML, like Gecko) Chrome/58.0.3029.110 Safari/537.3"
52.167.144.222 - - [12/Jun/2025:08:23:02 -0400] "GET /?d=21594074260&filter=edd546&share_to_url=shop.php%3Fid%3D732715%26name%3Dtronsmart+silicon+case+for HTTP/1.1" 200 24030 "-" "Mozilla/5.0 AppleWebKit/537.36 (KHTML, like Gecko; compatible; bingbot/2.0; +http://www.bing.com/bingbot.htm) Chrome/116.0.1938.76 Safari/537.36"
66.249.64.10 - - [12/Jun/2025:08:23:02 -0400] "GET /?d=117045945260&filter=947acc&share_to_url=pin.php%3Fid%3D3963678%26name%3Dalquiler+de+trajes+para HTTP/1.1" 200 23786 "-" "Mozilla/5.0 (Linux; Android 6.0.1; Nexus 5X Build/MMB29P) AppleWebKit/537.36 (KHTML, like Gecko) Chrome/136.0.7103.113 Mobile Safari/537.36 (compatible; Googlebot/2.1; +http://www.google.com/bot.html)"
66.249.64.11 - - [12/Jun/2025:08:23:04 -0400] "GET /?d=87710850260&filter=f4b633&share_to_url=ideas.php%3Fid%3D2972196%26name%3Dcheap+large+person HTTP/1.1" 200 24038 "-" "Mozilla/5.0 (Linux; Android 6.0.1; Nexus 5X Build/MMB29P) AppleWebKit/537.36 (KHTML, like Gecko) Chrome/136.0.7103.113 Mobile Safari/537.36 (compatible; Googlebot/2.1; +http://www.google.com/bot.html)"
66.249.64.13 - - [12/Jun/2025:08:23:05 -0400] "GET /?d=96624440260&filter=c76b15&share_to_url=article.php%3Fid%3D3273854%26name%3Dd%C3%A9guisement+de+m%C3%A8re+no%C3%ABl+velours HTTP/1.1" 200 22942 "-" "Mozilla/5.0 (Linux; Android 6.0.1; Nexus 5X Build/MMB29P) AppleWebKit/537.36 (KHTML, like Gecko) Chrome/136.0.7103.113 Mobile Safari/537.36 (compatible; Googlebot/2.1; +http://www.google.com/bot.html)"
66.249.64.13 - - [12/Jun/2025:08:23:06 -0400] "GET /?d=111723233260&filter=4d89e2&share_to_url=ideas.php%3Fid%3D3784044%26name%3Dm8+x+20mm HTTP/1.1" 200 24221 "-" "Mozilla/5.0 (Linux; Android 6.0.1; Nexus 5X Build/MMB29P) AppleWebKit/537.36 (KHTML, like Gecko) Chrome/136.0.7103.113 Mobile Safari/537.36 (compatible; Googlebot/2.1; +http://www.google.com/bot.html)"
66.249.64.10 - - [12/Jun/2025:08:23:08 -0400] "GET /?d=102253871260&filter=eef298&share_to_url=shopdetail.php%3Fid%3D3466076%26name%3Dhi+guys+i+stream HTTP/1.1" 200 24378 "-" "Mozilla/5.0 (Linux; Android 6.0.1; Nexus 5X Build/MMB29P) AppleWebKit/537.36 (KHTML, like Gecko) Chrome/136.0.7103.113 Mobile Safari/537.36 (compatible; Googlebot/2.1; +http://www.google.com/bot.html)"
66.249.64.10 - - [12/Jun/2025:08:23:09 -0400] "GET /?d=103494403260&filter=0d81df&share_to_url=goods.php%3Fid%3D3506927%26name%3Daero+box+pet%C3%A9n HTTP/1.1" 200 22697 "-" "Mozilla/5.0 (Linux; Android 6.0.1; Nexus 5X Build/MMB29P) AppleWebKit/537.36 (KHTML, like Gecko) Chrome/136.0.7103.113 Mobile Safari/537.36 (compatible; Googlebot/2.1; +http://www.google.com/bot.html)"
66.249.64.10 - - [12/Jun/2025:08:23:11 -0400] "GET /?d=102778955260&filter=7287a2&share_to_url=shop.php%3Fid%3D3483511%26name%3Dsaucony+endorphin+speed+smoke HTTP/1.1" 200 21762 "-" "Mozilla/5.0 (Linux; Android 6.0.1; Nexus 5X Build/MMB29P) AppleWebKit/537.36 (KHTML, like Gecko) Chrome/136.0.7103.113 Mobile Safari/537.36 (compatible; Googlebot/2.1; +http://www.google.com/bot.html)"
66.249.64.10 - - [12/Jun/2025:08:23:11 -0400] "GET /?d=110085631260&filter=705f8c&share_to_url=discover.php%3Fid%3D3725921%26name%3Dschwalbe+2025+airless HTTP/1.1" 200 22605 "-" "Mozilla/5.0 (Linux; Android 6.0.1; Nexus 5X Build/MMB29P) AppleWebKit/537.36 (KHTML, like Gecko) Chrome/136.0.7103.113 Mobile Safari/537.36 (compatible; Googlebot/2.1; +http://www.google.com/bot.html)"
66.249.64.11 - - [12/Jun/2025:08:23:12 -0400] "GET /?d=101250215260&filter=bfc81f&share_to_url=detail.php%3Fid%3D3432249%26name%3Dwholesale+rockbros+sp280 HTTP/1.1" 200 23783 "-" "Mozilla/5.0 (Linux; Android 6.0.1; Nexus 5X Build/MMB29P) AppleWebKit/537.36 (KHTML, like Gecko) Chrome/136.0.7103.113 Mobile Safari/537.36 (compatible; Googlebot/2.1; +http://www.google.com/bot.html)"
207.46.13.150 - - [12/Jun/2025:08:23:12 -0400] "GET /?d=88998394260&filter=1692e4&share_to_url=article.php%3Fid%3D3016262%26name%3Dossa+desert+phantom HTTP/1.1" 200 23597 "-" "Mozilla/5.0 AppleWebKit/537.36 (KHTML, like Gecko; compatible; bingbot/2.0; +http://www.bing.com/bingbot.htm) Chrome/116.0.1938.76 Safari/537.36"
66.249.64.10 - - [12/Jun/2025:08:23:13 -0400] "GET /?d=91504546260&filter=29a626&share_to_url=product.php%3Fid%3D3100906%26name%3Dvintage+1980+s+swatch HTTP/1.1" 200 24187 "-" "Mozilla/5.0 (Linux; Android 6.0.1; Nexus 5X Build/MMB29P) AppleWebKit/537.36 (KHTML, like Gecko) Chrome/136.0.7103.113 Mobile Safari/537.36 (compatible; Googlebot/2.1; +http://www.google.com/bot.html)"
66.249.64.10 - - [12/Jun/2025:08:23:13 -0400] "GET /?d=109097984260&filter=6d6f21&share_to_url=product.php%3Fid%3D3693346%26name%3Dcala+santandria+all+you HTTP/1.1" 200 22954 "-" "Mozilla/5.0 (Linux; Android 6.0.1; Nexus 5X Build/MMB29P) AppleWebKit/537.36 (KHTML, like Gecko) Chrome/136.0.7103.113 Mobile Safari/537.36 (compatible; Googlebot/2.1; +http://www.google.com/bot.html)"
207.46.13.150 - - [12/Jun/2025:08:23:14 -0400] "GET /?d=117256427260&filter=400a61&share_to_url=model.php%3Fid%3D3971247%26name%3Dvespa+paperino+mp5+by HTTP/1.1" 200 22722 "-" "Mozilla/5.0 AppleWebKit/537.36 (KHTML, like Gecko; compatible; bingbot/2.0; +http://www.bing.com/bingbot.htm) Chrome/116.0.1938.76 Safari/537.36"
66.249.64.10 - - [12/Jun/2025:08:23:14 -0400] "GET /?d=117362513260&filter=96a32b&share_to_url=pin.php%3Fid%3D3974646%26name%3D%A1+%B0+%BD+%B4+%B0+%BB+%B8+%B8+%BF+%BE+%85+%BE+%B4+%BD+%8B+%B5+%B6+%B5+%BD+%81+%BA+%B8+%B5+nh110 HTTP/1.1" 200 22984 "-" "Mozilla/5.0 (Linux; Android 6.0.1; Nexus 5X Build/MMB29P) AppleWebKit/537.36 (KHTML, like Gecko) Chrome/136.0.7103.113 Mobile Safari/537.36 (compatible; Googlebot/2.1; +http://www.google.com/bot.html)"
40.77.167.71 - - [12/Jun/2025:08:23:16 -0400] "GET /?d=38558725260&filter=6c0d32&share_to_url=shop.php%3Fid%3D1308955%26name%3Dsedia+venezia+paesana+seduta HTTP/1.1" 200 22839 "-" "Mozilla/5.0 AppleWebKit/537.36 (KHTML, like Gecko; compatible; bingbot/2.0; +http://www.bing.com/bingbot.htm) Chrome/116.0.1938.76 Safari/537.36"
66.249.64.10 - - [12/Jun/2025:08:23:16 -0400] "GET /?d=111033672260&filter=82e15d&share_to_url=product.php%3Fid%3D3759898%26name%3Dwhere+will+redskins HTTP/1.1" 200 24736 "-" "Mozilla/5.0 (Linux; Android 6.0.1; Nexus 5X Build/MMB29P) AppleWebKit/537.36 (KHTML, like Gecko) Chrome/136.0.7103.113 Mobile Safari/537.36 (compatible; Googlebot/2.1; +http://www.google.com/bot.html)"
66.249.64.10 - - [12/Jun/2025:08:23:17 -0400] "GET /?d=104403272260&filter=190ccd&share_to_url=shop.php%3Fid%3D3537391%26name%3Dbuy+v5+smart+watch+heart HTTP/1.1" 200 24263 "-" "Mozilla/5.0 (Linux; Android 6.0.1; Nexus 5X Build/MMB29P) AppleWebKit/537.36 (KHTML, like Gecko) Chrome/136.0.7103.113 Mobile Safari/537.36 (compatible; Googlebot/2.1; +http://www.google.com/bot.html)"
66.249.64.10 - - [12/Jun/2025:08:23:19 -0400] "GET /?d=81117083260&filter=6373db&share_to_url=article.php%3Fid%3D2747150%26name%3Dbottes+en+cuir+divis%C3%A9+pour HTTP/1.1" 200 23255 "-" "Mozilla/5.0 (Linux; Android 6.0.1; Nexus 5X Build/MMB29P) AppleWebKit/537.36 (KHTML, like Gecko) Chrome/136.0.7103.113 Mobile Safari/537.36 (compatible; Googlebot/2.1; +http://www.google.com/bot.html)"
66.249.64.10 - - [12/Jun/2025:08:23:19 -0400] "GET /?d=91236088260&filter=a0de1b&share_to_url=article.php%3Fid%3D3092102%26name%3D52207319686+rear+child+seat HTTP/1.1" 200 22917 "-" "Mozilla/5.0 (Linux; Android 6.0.1; Nexus 5X Build/MMB29P) AppleWebKit/537.36 (KHTML, like Gecko) Chrome/136.0.7103.113 Mobile Safari/537.36 (compatible; Googlebot/2.1; +http://www.google.com/bot.html)"
66.249.64.10 - - [12/Jun/2025:08:23:20 -0400] "GET /?d=35323861260&filter=3fa24f&share_to_url=article.php%3Fid%3D1200434%26name%3Dhalter+turtleneck+sweater HTTP/1.1" 200 24292 "-" "Mozilla/5.0 (Linux; Android 6.0.1; Nexus 5X Build/MMB29P) AppleWebKit/537.36 (KHTML, like Gecko) Chrome/136.0.7103.113 Mobile Safari/537.36 (compatible; Googlebot/2.1; +http://www.google.com/bot.html)"
66.249.64.10 - - [12/Jun/2025:08:23:21 -0400] "GET /?d=102801920260&filter=d060f1&share_to_url=article.php%3Fid%3D3484262%26name%3Dvivienne+westwood+dorina+ring HTTP/1.1" 200 24084 "-" "Mozilla/5.0 (Linux; Android 6.0.1; Nexus 5X Build/MMB29P) AppleWebKit/537.36 (KHTML, like Gecko) Chrome/136.0.7103.113 Mobile Safari/537.36 (compatible; Googlebot/2.1; +http://www.google.com/bot.html)"
66.249.64.10 - - [12/Jun/2025:08:23:22 -0400] "GET /?d=103050831260&filter=1876cd&share_to_url=shopdetail.php%3Fid%3D3492236%26name%3Dgrinch+kids+unisex+pyjama HTTP/1.1" 200 24146 "-" "Mozilla/5.0 (Linux; Android 6.0.1; Nexus 5X Build/MMB29P) AppleWebKit/537.36 (KHTML, like Gecko) Chrome/136.0.7103.113 Mobile Safari/537.36 (compatible; Googlebot/2.1; +http://www.google.com/bot.html)"
66.249.64.10 - - [12/Jun/2025:08:23:24 -0400] "GET /?d=110370992260&filter=6f7032&share_to_url=item.php%3Fid%3D3736141%26name%3Dupgrade+your+cupcake HTTP/1.1" 200 24311 "-" "Mozilla/5.0 (Linux; Android 6.0.1; Nexus 5X Build/MMB29P) AppleWebKit/537.36 (KHTML, like Gecko) Chrome/136.0.7103.113 Mobile Safari/537.36 (compatible; Googlebot/2.1; +http://www.google.com/bot.html)"
66.249.64.11 - - [12/Jun/2025:08:23:24 -0400] "GET /?d=71862835260&filter=dd6292&share_to_url=product-page.php%3Fid%3D2435332%26name%3Dmesh+rashi+diamond HTTP/1.1" 200 24141 "-" "Mozilla/5.0 (Linux; Android 6.0.1; Nexus 5X Build/MMB29P) AppleWebKit/537.36 (KHTML, like Gecko) Chrome/136.0.7103.113 Mobile Safari/537.36 (compatible; Googlebot/2.1; +http://www.google.com/bot.html)"
40.77.167.37 - - [12/Jun/2025:08:23:24 -0400] "GET /?d=113803670260&filter=a64cf8&share_to_url=shopdetail.php%3Fid%3D3853868%26name%3Damd+xfx+bc+160+bc160+gpu HTTP/1.1" 200 23621 "-" "Mozilla/5.0 AppleWebKit/537.36 (KHTML, like Gecko; compatible; bingbot/2.0; +http://www.bing.com/bingbot.htm) Chrome/116.0.1938.76 Safari/537.36"
66.249.64.10 - - [12/Jun/2025:08:23:24 -0400] "GET /?d=90375796260&filter=138133&share_to_url=discover.php%3Fid%3D3062825%26name%3Dtxlite+shibui+down+jacket HTTP/1.1" 200 23335 "-" "Mozilla/5.0 (Linux; Android 6.0.1; Nexus 5X Build/MMB29P) AppleWebKit/537.36 (KHTML, like Gecko) Chrome/136.0.7103.113 Mobile Safari/537.36 (compatible; Googlebot/2.1; +http://www.google.com/bot.html)"
66.249.64.11 - - [12/Jun/2025:08:23:25 -0400] "GET /?d=110937397260&filter=1c3e5e&share_to_url=item.php%3Fid%3D3756733%26name%3Dpembuatan+box+speaker+lapangan HTTP/1.1" 200 24256 "-" "Mozilla/5.0 (Linux; Android 6.0.1; Nexus 5X Build/MMB29P) AppleWebKit/537.36 (KHTML, like Gecko) Chrome/136.0.7103.113 Mobile Safari/537.36 (compatible; Googlebot/2.1; +http://www.google.com/bot.html)"
66.249.64.11 - - [12/Jun/2025:08:23:26 -0400] "GET /?d=51673682260&filter=44d254&share_to_url=goods.php%3Fid%3D1756439%26name%3Dmotoxtreme+store+chaqueta+de HTTP/1.1" 200 23850 "-" "Mozilla/5.0 (Linux; Android 6.0.1; Nexus 5X Build/MMB29P) AppleWebKit/537.36 (KHTML, like Gecko) Chrome/136.0.7103.113 Mobile Safari/537.36 (compatible; Googlebot/2.1; +http://www.google.com/bot.html)"
66.249.64.11 - - [12/Jun/2025:08:23:27 -0400] "GET /?d=35317030260&filter=3fa24f&share_to_url=detail.php%3Fid%3D1200225%26name%3Demerald+green+weasley+sweater HTTP/1.1" 200 24052 "-" "Mozilla/5.0 (Linux; Android 6.0.1; Nexus 5X Build/MMB29P) AppleWebKit/537.36 (KHTML, like Gecko) Chrome/136.0.7103.113 Mobile Safari/537.36 (compatible; Googlebot/2.1; +http://www.google.com/bot.html)"
66.249.64.11 - - [12/Jun/2025:08:23:28 -0400] "GET /?d=113216460260&filter=38b690&share_to_url=goods.php%3Fid%3D3834383%26name%3Dsous+v%C3%AAtements+thermiques+de HTTP/1.1" 200 23822 "-" "Mozilla/5.0 (Linux; Android 6.0.1; Nexus 5X Build/MMB29P) AppleWebKit/537.36 (KHTML, like Gecko) Chrome/136.0.7103.113 Mobile Safari/537.36 (compatible; Googlebot/2.1; +http://www.google.com/bot.html)"
40.77.167.9 - - [12/Jun/2025:08:23:28 -0400] "GET /?d=107390180260&filter=bc96f9&share_to_url=article.php%3Fid%3D3636866%26name%3Dtele+tessar+135mm+f4 HTTP/1.1" 200 23593 "-" "Mozilla/5.0 AppleWebKit/537.36 (KHTML, like Gecko; compatible; bingbot/2.0; +http://www.bing.com/bingbot.htm) Chrome/116.0.1938.76 Safari/537.36"
66.249.64.10 - - [12/Jun/2025:08:23:29 -0400] "GET /?d=16388068260&filter=3fa24f&share_to_url=product-page.php%3Fid%3D558856%26name%3Dsweater+fall+winter+sexy+temperament+solid HTTP/1.1" 200 24682 "-" "Mozilla/5.0 (Linux; Android 6.0.1; Nexus 5X Build/MMB29P) AppleWebKit/537.36 (KHTML, like Gecko) Chrome/136.0.7103.113 Mobile Safari/537.36 (compatible; Googlebot/2.1; +http://www.google.com/bot.html)"
40.77.167.9 - - [12/Jun/2025:08:23:30 -0400] "GET /?d=98145623260&filter=7254a2&share_to_url=product-page.php%3Fid%3D3325816%26name%3Ddjellaba+mauve+2025 HTTP/1.1" 200 23925 "-" "Mozilla/5.0 AppleWebKit/537.36 (KHTML, like Gecko; compatible; bingbot/2.0; +http://www.bing.com/bingbot.htm) Chrome/116.0.1938.76 Safari/537.36"
66.249.64.10 - - [12/Jun/2025:08:23:30 -0400] "GET /?d=112882382260&filter=8de18d&share_to_url=shopdetail.php%3Fid%3D3823088%26name%3Dwahoo+fitness+speedplay+easy HTTP/1.1" 200 22834 "-" "Mozilla/5.0 (Linux; Android 6.0.1; Nexus 5X Build/MMB29P) AppleWebKit/537.36 (KHTML, like Gecko) Chrome/136.0.7103.113 Mobile Safari/537.36 (compatible; Googlebot/2.1; +http://www.google.com/bot.html)"
66.249.64.11 - - [12/Jun/2025:08:23:31 -0400] "GET /?d=35329544260&filter=3fa24f&share_to_url=ideas.php%3Fid%3D1200600%26name%3Dwhen+i+think+about HTTP/1.1" 200 23605 "-" "Mozilla/5.0 (Linux; Android 6.0.1; Nexus 5X Build/MMB29P) AppleWebKit/537.36 (KHTML, like Gecko) Chrome/136.0.7103.113 Mobile Safari/537.36 (compatible; Googlebot/2.1; +http://www.google.com/bot.html)"
66.249.64.10 - - [12/Jun/2025:08:23:33 -0400] "GET /?d=96970523260&filter=f3166a&share_to_url=goods.php%3Fid%3D3285431%26name%3Dhuge+marvel+legends HTTP/1.1" 200 23808 "-" "Mozilla/5.0 (Linux; Android 6.0.1; Nexus 5X Build/MMB29P) AppleWebKit/537.36 (KHTML, like Gecko) Chrome/136.0.7103.113 Mobile Safari/537.36 (compatible; Googlebot/2.1; +http://www.google.com/bot.html)"
66.249.64.13 - - [12/Jun/2025:08:23:33 -0400] "GET /?d=88166380260&filter=bce36f&share_to_url=product-page.php%3Fid%3D2987788%26name%3Dreview+otterbox+defender+iphone HTTP/1.1" 200 23748 "-" "Mozilla/5.0 (Linux; Android 6.0.1; Nexus 5X Build/MMB29P) AppleWebKit/537.36 (KHTML, like Gecko) Chrome/136.0.7103.113 Mobile Safari/537.36 (compatible; Googlebot/2.1; +http://www.google.com/bot.html)"
66.249.64.13 - - [12/Jun/2025:08:23:34 -0400] "GET /?d=109173156260&filter=225350&share_to_url=product-page.php%3Fid%3D3695836%26name%3Dorione+tavolo+con+piano HTTP/1.1" 200 24236 "-" "Mozilla/5.0 (Linux; Android 6.0.1; Nexus 5X Build/MMB29P) AppleWebKit/537.36 (KHTML, like Gecko) Chrome/136.0.7103.113 Mobile Safari/537.36 (compatible; Googlebot/2.1; +http://www.google.com/bot.html)"
207.46.13.150 - - [12/Jun/2025:08:23:34 -0400] "GET /?d=115408454260&filter=14f4ff&share_to_url=article.php%3Fid%3D3908210%26name%3Dphlur+perfume+review+organic HTTP/1.1" 200 22809 "-" "Mozilla/5.0 AppleWebKit/537.36 (KHTML, like Gecko; compatible; bingbot/2.0; +http://www.bing.com/bingbot.htm) Chrome/116.0.1938.76 Safari/537.36"
207.46.13.150 - - [12/Jun/2025:08:23:35 -0400] "GET /?d=114394754260&filter=38a14a&share_to_url=product.php%3Fid%3D3873622%26name%3Dcrystal+flower+ear+climbers HTTP/1.1" 200 22819 "-" "Mozilla/5.0 AppleWebKit/537.36 (KHTML, like Gecko; compatible; bingbot/2.0; +http://www.bing.com/bingbot.htm) Chrome/116.0.1938.76 Safari/537.36"
207.46.13.150 - - [12/Jun/2025:08:23:36 -0400] "GET /?d=110435524260&filter=4d89e2&share_to_url=detail.php%3Fid%3D3738537%26name%3Dall+animal+crossing+sanrio HTTP/1.1" 200 23980 "-" "Mozilla/5.0 AppleWebKit/537.36 (KHTML, like Gecko; compatible; bingbot/2.0; +http://www.bing.com/bingbot.htm) Chrome/116.0.1938.76 Safari/537.36"
