66.249.64.5 - - [12/Jun/2025:08:58:14 -0400] "GET /?d=91665856260&filter=cd075d&share_to_url=product-page.php%3Fid%3D3106228%26name%3Dstockholm+long+raincoat+navy HTTP/1.1" 200 23033 "-" "Mozilla/5.0 (Linux; Android 6.0.1; Nexus 5X Build/MMB29P) AppleWebKit/537.36 (KHTML, like Gecko) Chrome/136.0.7103.113 Mobile Safari/537.36 (compatible; Googlebot/2.1; +http://www.google.com/bot.html)"
66.249.64.5 - - [12/Jun/2025:08:58:16 -0400] "GET /?d=114347714260&filter=23d86b&share_to_url=pin.php%3Fid%3D3872154%26name%3Dtuta+sportiva+elegante+con+guarantee HTTP/1.1" 200 23567 "-" "Mozilla/5.0 (Linux; Android 6.0.1; Nexus 5X Build/MMB29P) AppleWebKit/537.36 (KHTML, like Gecko) Chrome/136.0.7103.113 Mobile Safari/537.36 (compatible; Googlebot/2.1; +http://www.google.com/bot.html)"
66.249.64.5 - - [12/Jun/2025:08:58:17 -0400] "GET /?d=92536200260&filter=fd4510&share_to_url=item.php%3Fid%3D3135061%26name%3Dstory+of+love+perfume HTTP/1.1" 200 23331 "-" "Mozilla/5.0 (Linux; Android 6.0.1; Nexus 5X Build/MMB29P) AppleWebKit/537.36 (KHTML, like Gecko) Chrome/136.0.7103.113 Mobile Safari/537.36 (compatible; Googlebot/2.1; +http://www.google.com/bot.html)"
66.249.64.5 - - [12/Jun/2025:08:58:18 -0400] "GET /?d=115217584260&filter=310282&share_to_url=ideas.php%3Fid%3D3901572%26name%3Dross+deals+plus+top+size HTTP/1.1" 200 24518 "-" "Mozilla/5.0 (Linux; Android 6.0.1; Nexus 5X Build/MMB29P) AppleWebKit/537.36 (KHTML, like Gecko) Chrome/136.0.7103.113 Mobile Safari/537.36 (compatible; Googlebot/2.1; +http://www.google.com/bot.html)"
66.249.64.5 - - [12/Jun/2025:08:58:20 -0400] "GET /?d=108170390260&filter=c8e773&share_to_url=shop.php%3Fid%3D3662443%26name%3Dvintage+1950s+living HTTP/1.1" 200 24176 "-" "Mozilla/5.0 (Linux; Android 6.0.1; Nexus 5X Build/MMB29P) AppleWebKit/537.36 (KHTML, like Gecko) Chrome/136.0.7103.113 Mobile Safari/537.36 (compatible; Googlebot/2.1; +http://www.google.com/bot.html)"
66.249.64.5 - - [12/Jun/2025:08:58:21 -0400] "GET /?d=106377808260&filter=298b97&share_to_url=ideas.php%3Fid%3D3603024%26name%3Dcato+meridian+high+school+blue HTTP/1.1" 200 24615 "-" "Mozilla/5.0 (Linux; Android 6.0.1; Nexus 5X Build/MMB29P) AppleWebKit/537.36 (KHTML, like Gecko) Chrome/136.0.7103.113 Mobile Safari/537.36 (compatible; Googlebot/2.1; +http://www.google.com/bot.html)"
66.249.64.5 - - [12/Jun/2025:08:58:22 -0400] "GET /?d=116992108260&filter=ca372c&share_to_url=detail.php%3Fid%3D3961773%26name%3Drocking+horse+rehab+photos HTTP/1.1" 200 24055 "-" "Mozilla/5.0 (Linux; Android 6.0.1; Nexus 5X Build/MMB29P) AppleWebKit/537.36 (KHTML, like Gecko) Chrome/136.0.7103.113 Mobile Safari/537.36 (compatible; Googlebot/2.1; +http://www.google.com/bot.html)"
66.249.64.5 - - [12/Jun/2025:08:58:22 -0400] "GET /?d=42339803260&filter=1fc8fd&share_to_url=pin.php%3Fid%3D1437138%26name%3Dlufc+x+mn+nfl+jersey HTTP/1.1" 200 22724 "-" "Mozilla/5.0 (Linux; Android 6.0.1; Nexus 5X Build/MMB29P) AppleWebKit/537.36 (KHTML, like Gecko) Chrome/136.0.7103.113 Mobile Safari/537.36 (compatible; Googlebot/2.1; +http://www.google.com/bot.html)"
66.249.64.5 - - [12/Jun/2025:08:58:22 -0400] "GET /?d=116294845260&filter=0647a3&share_to_url=shop.php%3Fid%3D3938455%26name%3D3ds+max+versace HTTP/1.1" 200 24356 "-" "Mozilla/5.0 (Linux; Android 6.0.1; Nexus 5X Build/MMB29P) AppleWebKit/537.36 (KHTML, like Gecko) Chrome/136.0.7103.113 Mobile Safari/537.36 (compatible; Googlebot/2.1; +http://www.google.com/bot.html)"
66.249.64.6 - - [12/Jun/2025:08:58:23 -0400] "GET /?d=109258064260&filter=a4c9b9&share_to_url=discover.php%3Fid%3D3698753%26name%3Deffective+face+massage+techniques+for HTTP/1.1" 200 24973 "-" "Mozilla/5.0 (Linux; Android 6.0.1; Nexus 5X Build/MMB29P) AppleWebKit/537.36 (KHTML, like Gecko) Chrome/136.0.7103.113 Mobile Safari/537.36 (compatible; Googlebot/2.1; +http://www.google.com/bot.html)"
66.249.64.5 - - [12/Jun/2025:08:58:23 -0400] "GET /?d=96851270260&filter=53e9bb&share_to_url=goods.php%3Fid%3D3281663%26name%3Dresident+evil+re+verse+leon HTTP/1.1" 200 22482 "-" "Mozilla/5.0 (Linux; Android 6.0.1; Nexus 5X Build/MMB29P) AppleWebKit/537.36 (KHTML, like Gecko) Chrome/136.0.7103.113 Mobile Safari/537.36 (compatible; Googlebot/2.1; +http://www.google.com/bot.html)"
66.249.64.6 - - [12/Jun/2025:08:58:25 -0400] "GET /?d=111378618260&filter=37fa66&share_to_url=ideas.php%3Fid%3D3771936%26name%3Den+qu%C3%A9+consiste+exactamente+el HTTP/1.1" 200 23435 "-" "Mozilla/5.0 (Linux; Android 6.0.1; Nexus 5X Build/MMB29P) AppleWebKit/537.36 (KHTML, like Gecko) Chrome/136.0.7103.113 Mobile Safari/537.36 (compatible; Googlebot/2.1; +http://www.google.com/bot.html)"
207.46.13.116 - - [12/Jun/2025:08:58:25 -0400] "GET /?d=14384587260&filter=7ffa06&share_to_url=detail.php%3Fid%3D490401%26name%3Dgame+dog+second+edition HTTP/1.1" 200 23139 "-" "Mozilla/5.0 AppleWebKit/537.36 (KHTML, like Gecko; compatible; bingbot/2.0; +http://www.bing.com/bingbot.htm) Chrome/116.0.1938.76 Safari/537.36"
40.77.167.62 - - [12/Jun/2025:08:58:25 -0400] "GET /?d=115127669260&filter=a4c9b9&share_to_url=shopdetail.php?id=3898616&name=the%20mule%202013%20where HTTP/1.1" 200 24462 "-" "Mozilla/5.0 AppleWebKit/537.36 (KHTML, like Gecko; compatible; bingbot/2.0; +http://www.bing.com/bingbot.htm) Chrome/116.0.1938.76 Safari/537.36"
207.46.13.116 - - [12/Jun/2025:08:58:26 -0400] "GET /?d=58835476260&filter=6f993e&share_to_url=pin.php%3Fid%3D1996746%26name%3Dtop+mileage+bike HTTP/1.1" 200 23128 "-" "Mozilla/5.0 AppleWebKit/537.36 (KHTML, like Gecko; compatible; bingbot/2.0; +http://www.bing.com/bingbot.htm) Chrome/116.0.1938.76 Safari/537.36"
66.249.64.6 - - [12/Jun/2025:08:58:26 -0400] "GET /?d=114210490260&filter=353642&share_to_url=model.php%3Fid%3D3867651%26name%3Dlily+metallic+pink+strappy HTTP/1.1" 200 23721 "-" "Mozilla/5.0 (Linux; Android 6.0.1; Nexus 5X Build/MMB29P) AppleWebKit/537.36 (KHTML, like Gecko) Chrome/136.0.7103.113 Mobile Safari/537.36 (compatible; Googlebot/2.1; +http://www.google.com/bot.html)"
207.46.13.116 - - [12/Jun/2025:08:58:27 -0400] "GET /?d=2277490260&filter=14708a&share_to_url=item.php%3Fid%3D79177%26name%3Draceface+system+white+130mm HTTP/1.1" 200 23818 "-" "Mozilla/5.0 AppleWebKit/537.36 (KHTML, like Gecko; compatible; bingbot/2.0; +http://www.bing.com/bingbot.htm) Chrome/116.0.1938.76 Safari/537.36"
40.77.167.62 - - [12/Jun/2025:08:58:27 -0400] "GET /?d=97231680260&filter=81a506&share_to_url=product-page.php%3Fid%3D3294640%26name%3Dsale+occasionwear+dresses+tailoring HTTP/1.1" 200 23045 "-" "Mozilla/5.0 AppleWebKit/537.36 (KHTML, like Gecko; compatible; bingbot/2.0; +http://www.bing.com/bingbot.htm) Chrome/116.0.1938.76 Safari/537.36"
66.249.64.5 - - [12/Jun/2025:08:58:28 -0400] "GET /?d=91882140260&filter=32c769&share_to_url=pin.php%3Fid%3D3113166%26name%3Dnavy+blue+satin+long+formal HTTP/1.1" 200 24318 "-" "Mozilla/5.0 (Linux; Android 6.0.1; Nexus 5X Build/MMB29P) AppleWebKit/537.36 (KHTML, like Gecko) Chrome/136.0.7103.113 Mobile Safari/537.36 (compatible; Googlebot/2.1; +http://www.google.com/bot.html)"
52.167.144.162 - - [12/Jun/2025:08:58:29 -0400] "GET /?d=39990922260&filter=99857c&share_to_url=detail.php%3Fid%3D1357581%26name%3Ddames+mini+jurken+zara HTTP/1.1" 200 23277 "-" "Mozilla/5.0 AppleWebKit/537.36 (KHTML, like Gecko; compatible; bingbot/2.0; +http://www.bing.com/bingbot.htm) Chrome/116.0.1938.76 Safari/537.36"
66.249.64.5 - - [12/Jun/2025:08:58:29 -0400] "GET /?d=104600661260&filter=128aa4&share_to_url=goods.php%3Fid%3D3544343%26name%3Dinc+spinning+reel+okuma HTTP/1.1" 200 22887 "-" "Mozilla/5.0 (Linux; Android 6.0.1; Nexus 5X Build/MMB29P) AppleWebKit/537.36 (KHTML, like Gecko) Chrome/136.0.7103.113 Mobile Safari/537.36 (compatible; Googlebot/2.1; +http://www.google.com/bot.html)"
66.249.64.6 - - [12/Jun/2025:08:58:29 -0400] "GET /?d=117242222260&filter=16b3fe&share_to_url=pin.php%3Fid%3D3970722%26name%3Dbuy+ivory+christening HTTP/1.1" 200 23678 "-" "Mozilla/5.0 (Linux; Android 6.0.1; Nexus 5X Build/MMB29P) AppleWebKit/537.36 (KHTML, like Gecko) Chrome/136.0.7103.113 Mobile Safari/537.36 (compatible; Googlebot/2.1; +http://www.google.com/bot.html)"
66.249.64.5 - - [12/Jun/2025:08:58:30 -0400] "GET /?d=96045923260&filter=a0f400&share_to_url=detail.php%3Fid%3D3254109%26name%3Dmessina+nuovi+negozi HTTP/1.1" 200 23936 "-" "Mozilla/5.0 (Linux; Android 6.0.1; Nexus 5X Build/MMB29P) AppleWebKit/537.36 (KHTML, like Gecko) Chrome/136.0.7103.113 Mobile Safari/537.36 (compatible; Googlebot/2.1; +http://www.google.com/bot.html)"
66.249.64.6 - - [12/Jun/2025:08:58:31 -0400] "GET /?d=105963741260&filter=f3166a&share_to_url=article.php%3Fid%3D3589250%26name%3Dremastered+video+game+collections HTTP/1.1" 200 23021 "-" "Mozilla/5.0 (Linux; Android 6.0.1; Nexus 5X Build/MMB29P) AppleWebKit/537.36 (KHTML, like Gecko) Chrome/136.0.7103.113 Mobile Safari/537.36 (compatible; Googlebot/2.1; +http://www.google.com/bot.html)"
66.249.64.5 - - [12/Jun/2025:08:58:31 -0400] "GET /?d=95924705260&filter=01758e&share_to_url=model.php%3Fid%3D3249975%26name%3Dcamiseta+atl%C3%A9tico+nacional HTTP/1.1" 200 24250 "-" "Mozilla/5.0 (Linux; Android 6.0.1; Nexus 5X Build/MMB29P) AppleWebKit/537.36 (KHTML, like Gecko) Chrome/136.0.7103.113 Mobile Safari/537.36 (compatible; Googlebot/2.1; +http://www.google.com/bot.html)"
66.249.64.5 - - [12/Jun/2025:08:58:33 -0400] "GET /?d=101819656260&filter=61b61c&share_to_url=discover.php%3Fid%3D3451805%26name%3Dorologi+e+gioielli+stime+e HTTP/1.1" 200 23359 "-" "Mozilla/5.0 (Linux; Android 6.0.1; Nexus 5X Build/MMB29P) AppleWebKit/537.36 (KHTML, like Gecko) Chrome/136.0.7103.113 Mobile Safari/537.36 (compatible; Googlebot/2.1; +http://www.google.com/bot.html)"
66.249.64.7 - - [12/Jun/2025:08:58:33 -0400] "GET /?d=110491039260&filter=b18bc9&share_to_url=model.php%3Fid%3D3740427%26name%3Dkht+390+discount HTTP/1.1" 200 24581 "-" "Mozilla/5.0 (Linux; Android 6.0.1; Nexus 5X Build/MMB29P) AppleWebKit/537.36 (KHTML, like Gecko) Chrome/136.0.7103.113 Mobile Safari/537.36 (compatible; Googlebot/2.1; +http://www.google.com/bot.html)"
66.249.64.5 - - [12/Jun/2025:08:58:34 -0400] "GET /?d=65857252260&filter=f4b633&share_to_url=model.php%3Fid%3D2232807%26name%3Dspice+islands+swivel+upholstered+counter HTTP/1.1" 200 24151 "-" "Mozilla/5.0 (Linux; Android 6.0.1; Nexus 5X Build/MMB29P) AppleWebKit/537.36 (KHTML, like Gecko) Chrome/136.0.7103.113 Mobile Safari/537.36 (compatible; Googlebot/2.1; +http://www.google.com/bot.html)"
66.249.64.5 - - [12/Jun/2025:08:58:35 -0400] "GET /?d=105920341260&filter=a3beff&share_to_url=article.php%3Fid%3D3587774%26name%3Dflower+vans+uv HTTP/1.1" 200 23158 "-" "Mozilla/5.0 (Linux; Android 6.0.1; Nexus 5X Build/MMB29P) AppleWebKit/537.36 (KHTML, like Gecko) Chrome/136.0.7103.113 Mobile Safari/537.36 (compatible; Googlebot/2.1; +http://www.google.com/bot.html)"
207.46.13.52 - - [12/Jun/2025:08:58:35 -0400] "GET /?d=92695655260&filter=3cd9b2&share_to_url=detail.php%3Fid%3D3140649%26name%3Dpikachu+with+holiday HTTP/1.1" 200 23289 "-" "Mozilla/5.0 AppleWebKit/537.36 (KHTML, like Gecko; compatible; bingbot/2.0; +http://www.bing.com/bingbot.htm) Chrome/116.0.1938.76 Safari/537.36"
66.249.64.6 - - [12/Jun/2025:08:58:36 -0400] "GET /?d=111218016260&filter=c31721&share_to_url=shop.php%3Fid%3D3766303%26name%3Dsave+on+handbags+and HTTP/1.1" 200 24461 "-" "Mozilla/5.0 (Linux; Android 6.0.1; Nexus 5X Build/MMB29P) AppleWebKit/537.36 (KHTML, like Gecko) Chrome/136.0.7103.113 Mobile Safari/537.36 (compatible; Googlebot/2.1; +http://www.google.com/bot.html)"
207.46.13.52 - - [12/Jun/2025:08:58:36 -0400] "GET /?d=10550694260&filter=128aa4&share_to_url=article.php%3Fid%3D361298%26name%3Dscheels+outfitters+trophy+series+spinning HTTP/1.1" 200 23752 "-" "Mozilla/5.0 AppleWebKit/537.36 (KHTML, like Gecko; compatible; bingbot/2.0; +http://www.bing.com/bingbot.htm) Chrome/116.0.1938.76 Safari/537.36"
66.249.64.6 - - [12/Jun/2025:08:58:36 -0400] "GET /?d=102584844260&filter=577ef4&share_to_url=goods.php%3Fid%3D3477071%26name%3Dloewe+balloon+small+bucket HTTP/1.1" 200 23428 "-" "Mozilla/5.0 (Linux; Android 6.0.1; Nexus 5X Build/MMB29P) AppleWebKit/537.36 (KHTML, like Gecko) Chrome/136.0.7103.113 Mobile Safari/537.36 (compatible; Googlebot/2.1; +http://www.google.com/bot.html)"
66.249.64.7 - - [12/Jun/2025:08:58:37 -0400] "GET /?d=100512817260&filter=315f2d&share_to_url=product-page.php%3Fid%3D3406768%26name%3Dbest+cheap+wireless HTTP/1.1" 200 24075 "-" "Mozilla/5.0 (Linux; Android 6.0.1; Nexus 5X Build/MMB29P) AppleWebKit/537.36 (KHTML, like Gecko) Chrome/136.0.7103.113 Mobile Safari/537.36 (compatible; Googlebot/2.1; +http://www.google.com/bot.html)"
40.77.167.62 - - [12/Jun/2025:08:58:38 -0400] "GET /?d=93436419260&filter=6d99a5&share_to_url=product.php%3Fid%3D3165526%26name%3Dgafas+ray+on HTTP/1.1" 200 23209 "-" "Mozilla/5.0 AppleWebKit/537.36 (KHTML, like Gecko; compatible; bingbot/2.0; +http://www.bing.com/bingbot.htm) Chrome/116.0.1938.76 Safari/537.36"
66.249.64.6 - - [12/Jun/2025:08:58:38 -0400] "GET /?d=116219292260&filter=be1b9a&share_to_url=model.php%3Fid%3D3935871%26name%3Dmens+merrell+chameleon HTTP/1.1" 200 22559 "-" "Mozilla/5.0 (Linux; Android 6.0.1; Nexus 5X Build/MMB29P) AppleWebKit/537.36 (KHTML, like Gecko) Chrome/136.0.7103.113 Mobile Safari/537.36 (compatible; Googlebot/2.1; +http://www.google.com/bot.html)"
52.167.144.170 - - [12/Jun/2025:08:58:39 -0400] "GET /?d=88086552260&filter=772a7d&share_to_url=goods.php%3Fid%3D2984843%26name%3Dtornamesa+marantz+6300 HTTP/1.1" 200 23296 "-" "Mozilla/5.0 AppleWebKit/537.36 (KHTML, like Gecko; compatible; bingbot/2.0; +http://www.bing.com/bingbot.htm) Chrome/116.0.1938.76 Safari/537.36"
66.249.64.6 - - [12/Jun/2025:08:58:39 -0400] "GET /?d=110150524260&filter=1d3899&share_to_url=product.php%3Fid%3D3728110%26name%3Dmiddletown+veterinary+hospital HTTP/1.1" 200 22941 "-" "Mozilla/5.0 (Linux; Android 6.0.1; Nexus 5X Build/MMB29P) AppleWebKit/537.36 (KHTML, like Gecko) Chrome/136.0.7103.113 Mobile Safari/537.36 (compatible; Googlebot/2.1; +http://www.google.com/bot.html)"
66.249.64.6 - - [12/Jun/2025:08:58:40 -0400] "GET /?d=91270517260&filter=1876cd&share_to_url=product-page.php%3Fid%3D3093172%26name%3Dwomen+039+s+tracksuits+gym HTTP/1.1" 200 24681 "-" "Mozilla/5.0 (Linux; Android 6.0.1; Nexus 5X Build/MMB29P) AppleWebKit/537.36 (KHTML, like Gecko) Chrome/136.0.7103.113 Mobile Safari/537.36 (compatible; Googlebot/2.1; +http://www.google.com/bot.html)"
207.46.13.52 - - [12/Jun/2025:08:58:41 -0400] "GET /?d=92332355260&filter=e0510c&share_to_url=article.php%3Fid%3D3127970%26name%3Dst%C3%BCck+herren+freizeit HTTP/1.1" 200 24750 "-" "Mozilla/5.0 AppleWebKit/537.36 (KHTML, like Gecko; compatible; bingbot/2.0; +http://www.bing.com/bingbot.htm) Chrome/116.0.1938.76 Safari/537.36"
66.249.64.6 - - [12/Jun/2025:08:58:42 -0400] "GET /?d=13632213260&filter=662838&share_to_url=model.php%3Fid%3D465147%26name%3D2010+jakks+pacific+night+vision HTTP/1.1" 200 23839 "-" "Mozilla/5.0 (Linux; Android 6.0.1; Nexus 5X Build/MMB29P) AppleWebKit/537.36 (KHTML, like Gecko) Chrome/136.0.7103.113 Mobile Safari/537.36 (compatible; Googlebot/2.1; +http://www.google.com/bot.html)"
207.46.13.52 - - [12/Jun/2025:08:58:42 -0400] "GET /?d=86597430260&filter=128aa4&share_to_url=product-page.php%3Fid%3D2934136%26name%3Dlogic+system+boiler+15 HTTP/1.1" 200 23521 "-" "Mozilla/5.0 AppleWebKit/537.36 (KHTML, like Gecko; compatible; bingbot/2.0; +http://www.bing.com/bingbot.htm) Chrome/116.0.1938.76 Safari/537.36"
66.249.64.7 - - [12/Jun/2025:08:58:42 -0400] "GET /?d=108137373260&filter=315f2d&share_to_url=product-page.php%3Fid%3D3661300%26name%3Dflydigi+wee HTTP/1.1" 200 22746 "-" "Mozilla/5.0 (Linux; Android 6.0.1; Nexus 5X Build/MMB29P) AppleWebKit/537.36 (KHTML, like Gecko) Chrome/136.0.7103.113 Mobile Safari/537.36 (compatible; Googlebot/2.1; +http://www.google.com/bot.html)"
66.249.64.5 - - [12/Jun/2025:08:58:43 -0400] "GET /?d=118127767260&filter=17e640&share_to_url=product-page.php%3Fid%3D4000492%26name%3Dstyle+a+drag HTTP/1.1" 200 23714 "-" "Mozilla/5.0 (Linux; Android 6.0.1; Nexus 5X Build/MMB29P) AppleWebKit/537.36 (KHTML, like Gecko) Chrome/136.0.7103.113 Mobile Safari/537.36 (compatible; Googlebot/2.1; +http://www.google.com/bot.html)"
66.249.64.131 - - [12/Jun/2025:08:58:44 -0400] "GET /?d=112528934260&filter=0f0dbc&share_to_url=article.php%3Fid%3D3811742%26name%3Dmodular+techwear+sandals HTTP/1.1" 200 22893 "-" "Mozilla/5.0 (Linux; Android 6.0.1; Nexus 5X Build/MMB29P) AppleWebKit/537.36 (KHTML, like Gecko) Chrome/136.0.7103.113 Mobile Safari/537.36 (compatible; Googlebot/2.1; +http://www.google.com/bot.html)"
66.249.64.7 - - [12/Jun/2025:08:58:45 -0400] "GET /?d=116356315260&filter=138133&share_to_url=shop.php%3Fid%3D3940315%26name%3Dkindersoftshelljacken+gr%C3%B6%C3%9Fe+146 HTTP/1.1" 200 24481 "-" "Mozilla/5.0 (Linux; Android 6.0.1; Nexus 5X Build/MMB29P) AppleWebKit/537.36 (KHTML, like Gecko) Chrome/136.0.7103.113 Mobile Safari/537.36 (compatible; Googlebot/2.1; +http://www.google.com/bot.html)"
66.249.64.5 - - [12/Jun/2025:08:58:46 -0400] "GET /?d=101100956260&filter=00388a&share_to_url=shopdetail.php%3Fid%3D3427064%26name%3Dbook+case HTTP/1.1" 200 24572 "-" "Mozilla/5.0 (Linux; Android 6.0.1; Nexus 5X Build/MMB29P) AppleWebKit/537.36 (KHTML, like Gecko) Chrome/136.0.7103.113 Mobile Safari/537.36 (compatible; Googlebot/2.1; +http://www.google.com/bot.html)"
52.167.144.162 - - [12/Jun/2025:08:58:46 -0400] "GET /?d=116011160260&filter=f7abf7&share_to_url=article.php%3Fid%3D3928550%26name%3Dflat+sandal HTTP/1.1" 200 23483 "-" "Mozilla/5.0 AppleWebKit/537.36 (KHTML, like Gecko; compatible; bingbot/2.0; +http://www.bing.com/bingbot.htm) Chrome/116.0.1938.76 Safari/537.36"
52.167.144.162 - - [12/Jun/2025:08:58:47 -0400] "GET /?d=21197952260&filter=9e9754&share_to_url=goods.php%3Fid%3D719843%26name%3Devery+family+needs+this HTTP/1.1" 200 24211 "-" "Mozilla/5.0 AppleWebKit/537.36 (KHTML, like Gecko; compatible; bingbot/2.0; +http://www.bing.com/bingbot.htm) Chrome/116.0.1938.76 Safari/537.36"
66.249.64.6 - - [12/Jun/2025:08:58:47 -0400] "GET /?d=115772254260&filter=42b544&share_to_url=item.php%3Fid%3D3920449%26name%3Djm+weston+mocassins+penny+en HTTP/1.1" 200 23124 "-" "Mozilla/5.0 (Linux; Android 6.0.1; Nexus 5X Build/MMB29P) AppleWebKit/537.36 (KHTML, like Gecko) Chrome/136.0.7103.113 Mobile Safari/537.36 (compatible; Googlebot/2.1; +http://www.google.com/bot.html)"
66.249.64.7 - - [12/Jun/2025:08:58:47 -0400] "GET /?d=33777598260&filter=8a2591&share_to_url=pin.php%3Fid%3D1148598%26name%3Dbattery+huawei+nova+3i HTTP/1.1" 200 23015 "-" "Mozilla/5.0 (Linux; Android 6.0.1; Nexus 5X Build/MMB29P) AppleWebKit/537.36 (KHTML, like Gecko) Chrome/136.0.7103.113 Mobile Safari/537.36 (compatible; Googlebot/2.1; +http://www.google.com/bot.html)"
66.249.64.7 - - [12/Jun/2025:08:58:48 -0400] "GET /?d=113966178260&filter=2fbbdb&share_to_url=shop.php%3Fid%3D3859639%26name%3Dbuy+the+pashupati HTTP/1.1" 200 23891 "-" "Mozilla/5.0 (Linux; Android 6.0.1; Nexus 5X Build/MMB29P) AppleWebKit/537.36 (KHTML, like Gecko) Chrome/136.0.7103.113 Mobile Safari/537.36 (compatible; Googlebot/2.1; +http://www.google.com/bot.html)"
66.249.64.5 - - [12/Jun/2025:08:58:49 -0400] "GET /?d=116909018260&filter=046dc3&share_to_url=discover.php%3Fid%3D3959033%26name%3Dexcel+loan+emi HTTP/1.1" 200 23858 "-" "Mozilla/5.0 (Linux; Android 6.0.1; Nexus 5X Build/MMB29P) AppleWebKit/537.36 (KHTML, like Gecko) Chrome/136.0.7103.113 Mobile Safari/537.36 (compatible; Googlebot/2.1; +http://www.google.com/bot.html)"
66.249.64.8 - - [12/Jun/2025:08:58:49 -0400] "GET /?d=103100551260&filter=abe14d&share_to_url=shopdetail.php%3Fid%3D3493856%26name%3Ddavid+yurman+david+yurman HTTP/1.1" 200 23176 "-" "Mozilla/5.0 (Linux; Android 6.0.1; Nexus 5X Build/MMB29P) AppleWebKit/537.36 (KHTML, like Gecko) Chrome/136.0.7103.113 Mobile Safari/537.36 (compatible; Googlebot/2.1; +http://www.google.com/bot.html)"
66.249.64.6 - - [12/Jun/2025:08:58:50 -0400] "GET /?d=91399986260&filter=140534&share_to_url=item.php%3Fid%3D3097525%26name%3Dlinen+midi+skirt+mental HTTP/1.1" 200 23213 "-" "Mozilla/5.0 (Linux; Android 6.0.1; Nexus 5X Build/MMB29P) AppleWebKit/537.36 (KHTML, like Gecko) Chrome/136.0.7103.113 Mobile Safari/537.36 (compatible; Googlebot/2.1; +http://www.google.com/bot.html)"
52.167.144.221 - - [12/Jun/2025:08:58:51 -0400] "GET /?d=94008659260&filter=0ed4e2&share_to_url=pin.php%3Fid%3D3185154%26name%3Dreligious+tote+bags HTTP/1.1" 200 23109 "-" "Mozilla/5.0 AppleWebKit/537.36 (KHTML, like Gecko; compatible; bingbot/2.0; +http://www.bing.com/bingbot.htm) Chrome/116.0.1938.76 Safari/537.36"
66.249.64.8 - - [12/Jun/2025:08:58:51 -0400] "GET /?d=106905748260&filter=d50c1d&share_to_url=model.php%3Fid%3D3620667%26name%3Dbest+summer+watch+straps HTTP/1.1" 200 23829 "-" "Mozilla/5.0 (Linux; Android 6.0.1; Nexus 5X Build/MMB29P) AppleWebKit/537.36 (KHTML, like Gecko) Chrome/136.0.7103.113 Mobile Safari/537.36 (compatible; Googlebot/2.1; +http://www.google.com/bot.html)"
52.167.144.221 - - [12/Jun/2025:08:58:52 -0400] "GET /?d=10027851260&filter=99857c&share_to_url=product.php%3Fid%3D343990%26name%3Ddisney+store+prinsessenjurk+volwassenen HTTP/1.1" 200 23440 "-" "Mozilla/5.0 AppleWebKit/537.36 (KHTML, like Gecko; compatible; bingbot/2.0; +http://www.bing.com/bingbot.htm) Chrome/116.0.1938.76 Safari/537.36"
66.249.64.5 - - [12/Jun/2025:08:58:52 -0400] "GET /?d=117110481260&filter=1d3899&share_to_url=model.php%3Fid%3D3965871%26name%3Dwhy+is+my+cat+foaming HTTP/1.1" 200 23377 "-" "Mozilla/5.0 (Linux; Android 6.0.1; Nexus 5X Build/MMB29P) AppleWebKit/537.36 (KHTML, like Gecko) Chrome/136.0.7103.113 Mobile Safari/537.36 (compatible; Googlebot/2.1; +http://www.google.com/bot.html)"
52.167.144.221 - - [12/Jun/2025:08:58:52 -0400] "GET /?d=109772739260&filter=cb3ca5&share_to_url=item.php%3Fid%3D3715369%26name%3Dumai+borosilicate+glass+dinner HTTP/1.1" 200 23073 "-" "Mozilla/5.0 AppleWebKit/537.36 (KHTML, like Gecko; compatible; bingbot/2.0; +http://www.bing.com/bingbot.htm) Chrome/116.0.1938.76 Safari/537.36"
66.249.64.8 - - [12/Jun/2025:08:58:53 -0400] "GET /?d=101928189260&filter=d44821&share_to_url=shop.php%3Fid%3D3455299%26name%3Dcosta+sullivan HTTP/1.1" 200 23073 "-" "Mozilla/5.0 (Linux; Android 6.0.1; Nexus 5X Build/MMB29P) AppleWebKit/537.36 (KHTML, like Gecko) Chrome/136.0.7103.113 Mobile Safari/537.36 (compatible; Googlebot/2.1; +http://www.google.com/bot.html)"
52.167.144.221 - - [12/Jun/2025:08:58:53 -0400] "GET /?d=93255932260&filter=3346bd&share_to_url=ideas.php%3Fid%3D3159552%26name%3Dlone+peak+camper+lone HTTP/1.1" 200 22558 "-" "Mozilla/5.0 AppleWebKit/537.36 (KHTML, like Gecko; compatible; bingbot/2.0; +http://www.bing.com/bingbot.htm) Chrome/116.0.1938.76 Safari/537.36"
66.249.64.7 - - [12/Jun/2025:08:58:54 -0400] "GET /?d=93525176260&filter=c848c0&share_to_url=ideas.php%3Fid%3D3168408%26name%3Dstarting+drama+with+disney+characters HTTP/1.1" 200 23515 "-" "Mozilla/5.0 (Linux; Android 6.0.1; Nexus 5X Build/MMB29P) AppleWebKit/537.36 (KHTML, like Gecko) Chrome/136.0.7103.113 Mobile Safari/537.36 (compatible; Googlebot/2.1; +http://www.google.com/bot.html)"
66.249.64.6 - - [12/Jun/2025:08:58:55 -0400] "GET /?d=109300875260&filter=d85c84&share_to_url=product-page.php%3Fid%3D3700180%26name%3Dbuy+casting+flex+ladies HTTP/1.1" 200 24442 "-" "Mozilla/5.0 (Linux; Android 6.0.1; Nexus 5X Build/MMB29P) AppleWebKit/537.36 (KHTML, like Gecko) Chrome/136.0.7103.113 Mobile Safari/537.36 (compatible; Googlebot/2.1; +http://www.google.com/bot.html)"
207.46.13.52 - - [12/Jun/2025:08:58:55 -0400] "GET /?d=104762101260&filter=a4c9b9&share_to_url=ideas.php?id=3549840&name=yung%20gravy%20at%20icebox HTTP/1.1" 200 22674 "-" "Mozilla/5.0 AppleWebKit/537.36 (KHTML, like Gecko; compatible; bingbot/2.0; +http://www.bing.com/bingbot.htm) Chrome/116.0.1938.76 Safari/537.36"
66.249.64.8 - - [12/Jun/2025:08:58:55 -0400] "GET /?d=98707954260&filter=29bf04&share_to_url=article.php%3Fid%3D3345194%26name%3Dwhite+anarkali+2025+dress+designs HTTP/1.1" 200 24104 "-" "Mozilla/5.0 (Linux; Android 6.0.1; Nexus 5X Build/MMB29P) AppleWebKit/537.36 (KHTML, like Gecko) Chrome/136.0.7103.113 Mobile Safari/537.36 (compatible; Googlebot/2.1; +http://www.google.com/bot.html)"
52.167.144.162 - - [12/Jun/2025:08:58:56 -0400] "GET /?d=56019802260&filter=cdc800&share_to_url=pin.php%3Fid%3D1902138%26name%3Dnike+track+pants+17 HTTP/1.1" 200 24177 "-" "Mozilla/5.0 AppleWebKit/537.36 (KHTML, like Gecko; compatible; bingbot/2.0; +http://www.bing.com/bingbot.htm) Chrome/116.0.1938.76 Safari/537.36"
66.249.64.5 - - [12/Jun/2025:08:58:57 -0400] "GET /?d=116078387260&filter=2ca54d&share_to_url=pin.php%3Fid%3D3930846%26name%3Dtan+sale+sneakers+outfit HTTP/1.1" 200 23582 "-" "Mozilla/5.0 (Linux; Android 6.0.1; Nexus 5X Build/MMB29P) AppleWebKit/537.36 (KHTML, like Gecko) Chrome/136.0.7103.113 Mobile Safari/537.36 (compatible; Googlebot/2.1; +http://www.google.com/bot.html)"
66.249.64.5 - - [12/Jun/2025:08:58:58 -0400] "GET /?d=99164763260&filter=073822&share_to_url=product.php%3Fid%3D3360742%26name%3Dkorean+style+bbq+ribs+galbi HTTP/1.1" 200 23280 "-" "Mozilla/5.0 (Linux; Android 6.0.1; Nexus 5X Build/MMB29P) AppleWebKit/537.36 (KHTML, like Gecko) Chrome/136.0.7103.113 Mobile Safari/537.36 (compatible; Googlebot/2.1; +http://www.google.com/bot.html)"
66.249.64.7 - - [12/Jun/2025:08:58:58 -0400] "GET /?d=112180011260&filter=7721f5&share_to_url=article.php%3Fid%3D3800006%26name%3Dblack+puma+trainers+pumatrainers HTTP/1.1" 200 22550 "-" "Mozilla/5.0 (Linux; Android 6.0.1; Nexus 5X Build/MMB29P) AppleWebKit/537.36 (KHTML, like Gecko) Chrome/136.0.7103.113 Mobile Safari/537.36 (compatible; Googlebot/2.1; +http://www.google.com/bot.html)"
66.249.64.7 - - [12/Jun/2025:08:58:59 -0400] "GET /?d=103380565260&filter=80d279&share_to_url=goods.php%3Fid%3D3503219%26name%3Dsaptamveda+organic+moringa+tablet+120 HTTP/1.1" 200 23108 "-" "Mozilla/5.0 (Linux; Android 6.0.1; Nexus 5X Build/MMB29P) AppleWebKit/537.36 (KHTML, like Gecko) Chrome/136.0.7103.113 Mobile Safari/537.36 (compatible; Googlebot/2.1; +http://www.google.com/bot.html)"
66.249.64.7 - - [12/Jun/2025:08:59:00 -0400] "GET /?d=114545511260&filter=ec9b91&share_to_url=product-page.php%3Fid%3D3878908%26name%3Dlpg+vans+deals+for+sale HTTP/1.1" 200 23955 "-" "Mozilla/5.0 (Linux; Android 6.0.1; Nexus 5X Build/MMB29P) AppleWebKit/537.36 (KHTML, like Gecko) Chrome/136.0.7103.113 Mobile Safari/537.36 (compatible; Googlebot/2.1; +http://www.google.com/bot.html)"
66.249.64.7 - - [12/Jun/2025:08:59:02 -0400] "GET /?d=33773730260&filter=8a2591&share_to_url=product.php%3Fid%3D1148422%26name%3Dchange+battery+color HTTP/1.1" 200 24641 "-" "Mozilla/5.0 (Linux; Android 6.0.1; Nexus 5X Build/MMB29P) AppleWebKit/537.36 (KHTML, like Gecko) Chrome/136.0.7103.113 Mobile Safari/537.36 (compatible; Googlebot/2.1; +http://www.google.com/bot.html)"
66.249.64.5 - - [12/Jun/2025:08:59:03 -0400] "GET /?d=106505043260&filter=64e947&share_to_url=detail.php%3Fid%3D3607089%26name%3Dwrangler+kit+men HTTP/1.1" 200 23746 "-" "Mozilla/5.0 (Linux; Android 6.0.1; Nexus 5X Build/MMB29P) AppleWebKit/537.36 (KHTML, like Gecko) Chrome/136.0.7103.113 Mobile Safari/537.36 (compatible; Googlebot/2.1; +http://www.google.com/bot.html)"
66.249.64.6 - - [12/Jun/2025:08:59:04 -0400] "GET /?d=93863105260&filter=b3e07f&share_to_url=detail.php%3Fid%3D3180165%26name%3Damd+phenom+cheap+ii HTTP/1.1" 200 22972 "-" "Mozilla/5.0 (Linux; Android 6.0.1; Nexus 5X Build/MMB29P) AppleWebKit/537.36 (KHTML, like Gecko) Chrome/136.0.7103.113 Mobile Safari/537.36 (compatible; Googlebot/2.1; +http://www.google.com/bot.html)"
66.249.64.5 - - [12/Jun/2025:08:59:05 -0400] "GET /?d=97040596260&filter=5c0f5e&share_to_url=product-page.php%3Fid%3D3287776%26name%3Dokinawa+okhi90+price+160km+range HTTP/1.1" 200 22505 "-" "Mozilla/5.0 (Linux; Android 6.0.1; Nexus 5X Build/MMB29P) AppleWebKit/537.36 (KHTML, like Gecko) Chrome/136.0.7103.113 Mobile Safari/537.36 (compatible; Googlebot/2.1; +http://www.google.com/bot.html)"
66.249.64.6 - - [12/Jun/2025:08:59:06 -0400] "GET /?d=116844588260&filter=3b569e&share_to_url=shop.php%3Fid%3D3956863%26name%3Dcheap+checkerboard+coral HTTP/1.1" 200 24301 "-" "Mozilla/5.0 (Linux; Android 6.0.1; Nexus 5X Build/MMB29P) AppleWebKit/537.36 (KHTML, like Gecko) Chrome/136.0.7103.113 Mobile Safari/537.36 (compatible; Googlebot/2.1; +http://www.google.com/bot.html)"
66.249.64.5 - - [12/Jun/2025:08:59:07 -0400] "GET /?d=102897719260&filter=7eceb6&share_to_url=product-page.php%3Fid%3D3487264%26name%3Daccidentally+got+bleach+on+my HTTP/1.1" 200 24048 "-" "Mozilla/5.0 (Linux; Android 6.0.1; Nexus 5X Build/MMB29P) AppleWebKit/537.36 (KHTML, like Gecko) Chrome/136.0.7103.113 Mobile Safari/537.36 (compatible; Googlebot/2.1; +http://www.google.com/bot.html)"
52.167.144.170 - - [12/Jun/2025:08:59:07 -0400] "GET /?d=34573125260&filter=65e9c5&share_to_url=shopdetail.php%3Fid%3D1175960%26name%3Dmen+s+leather+gloves+dents HTTP/1.1" 200 23822 "-" "Mozilla/5.0 AppleWebKit/537.36 (KHTML, like Gecko; compatible; bingbot/2.0; +http://www.bing.com/bingbot.htm) Chrome/116.0.1938.76 Safari/537.36"
66.249.64.6 - - [12/Jun/2025:08:59:08 -0400] "GET /?d=101049320260&filter=a0630e&share_to_url=pin.php%3Fid%3D3425262%26name%3Dcostume+homme+armand+original+thiery HTTP/1.1" 200 23747 "-" "Mozilla/5.0 (Linux; Android 6.0.1; Nexus 5X Build/MMB29P) AppleWebKit/537.36 (KHTML, like Gecko) Chrome/136.0.7103.113 Mobile Safari/537.36 (compatible; Googlebot/2.1; +http://www.google.com/bot.html)"
66.249.64.5 - - [12/Jun/2025:08:59:09 -0400] "GET /?d=99410421260&filter=97eb76&share_to_url=model.php%3Fid%3D3369291%26name%3Djeans+uomo+caviglia+scoperta HTTP/1.1" 200 23457 "-" "Mozilla/5.0 (Linux; Android 6.0.1; Nexus 5X Build/MMB29P) AppleWebKit/537.36 (KHTML, like Gecko) Chrome/136.0.7103.113 Mobile Safari/537.36 (compatible; Googlebot/2.1; +http://www.google.com/bot.html)"
52.167.144.221 - - [12/Jun/2025:08:59:09 -0400] "GET /?d=86140928260&filter=4b45f8&share_to_url=product.php%3Fid%3D2918434%26name%3Dottawa+senators+tees+senators HTTP/1.1" 200 22532 "-" "Mozilla/5.0 AppleWebKit/537.36 (KHTML, like Gecko; compatible; bingbot/2.0; +http://www.bing.com/bingbot.htm) Chrome/116.0.1938.76 Safari/537.36"
66.249.64.5 - - [12/Jun/2025:08:59:10 -0400] "GET /?d=108131798260&filter=315f2d&share_to_url=detail.php%3Fid%3D3661077%26name%3Dmy+gaming+setup+just+got HTTP/1.1" 200 24678 "-" "Mozilla/5.0 (Linux; Android 6.0.1; Nexus 5X Build/MMB29P) AppleWebKit/537.36 (KHTML, like Gecko) Chrome/136.0.7103.113 Mobile Safari/537.36 (compatible; Googlebot/2.1; +http://www.google.com/bot.html)"
66.249.64.5 - - [12/Jun/2025:08:59:12 -0400] "GET /?d=100434149260&filter=19a15a&share_to_url=ideas.php%3Fid%3D3404016%26name%3D000+wedding HTTP/1.1" 200 23950 "-" "Mozilla/5.0 (Linux; Android 6.0.1; Nexus 5X Build/MMB29P) AppleWebKit/537.36 (KHTML, like Gecko) Chrome/136.0.7103.113 Mobile Safari/537.36 (compatible; Googlebot/2.1; +http://www.google.com/bot.html)"
66.249.64.5 - - [12/Jun/2025:08:59:13 -0400] "GET /?d=96539420260&filter=1876cd&share_to_url=model.php%3Fid%3D3270999%26name%3Dposeidon+adult+swim+onesie HTTP/1.1" 200 23358 "-" "Mozilla/5.0 (Linux; Android 6.0.1; Nexus 5X Build/MMB29P) AppleWebKit/537.36 (KHTML, like Gecko) Chrome/136.0.7103.113 Mobile Safari/537.36 (compatible; Googlebot/2.1; +http://www.google.com/bot.html)"
66.249.64.5 - - [12/Jun/2025:08:59:14 -0400] "GET /?d=90189843260&filter=c31721&share_to_url=item.php%3Fid%3D3056329%26name%3Dgucci+pink+gg+velvet+marmont HTTP/1.1" 200 22905 "-" "Mozilla/5.0 (Linux; Android 6.0.1; Nexus 5X Build/MMB29P) AppleWebKit/537.36 (KHTML, like Gecko) Chrome/136.0.7103.113 Mobile Safari/537.36 (compatible; Googlebot/2.1; +http://www.google.com/bot.html)"
66.249.64.5 - - [12/Jun/2025:08:59:14 -0400] "GET /?d=102557352260&filter=b04d15&share_to_url=goods.php%3Fid%3D3476099%26name%3Dsandisk+increases+macbook+storage+with HTTP/1.1" 200 23443 "-" "Mozilla/5.0 (Linux; Android 6.0.1; Nexus 5X Build/MMB29P) AppleWebKit/537.36 (KHTML, like Gecko) Chrome/136.0.7103.113 Mobile Safari/537.36 (compatible; Googlebot/2.1; +http://www.google.com/bot.html)"
66.249.64.5 - - [12/Jun/2025:08:59:15 -0400] "GET /?d=102687607260&filter=3c5ad4&share_to_url=discover.php%3Fid%3D3480545%26name%3Dvestido+victoriano+renacentista HTTP/1.1" 200 23797 "-" "Mozilla/5.0 (Linux; Android 6.0.1; Nexus 5X Build/MMB29P) AppleWebKit/537.36 (KHTML, like Gecko) Chrome/136.0.7103.113 Mobile Safari/537.36 (compatible; Googlebot/2.1; +http://www.google.com/bot.html)"
66.249.64.5 - - [12/Jun/2025:08:59:16 -0400] "GET /?d=111415966260&filter=b18bc9&share_to_url=item.php%3Fid%3D3773233%26name%3Dcaminadora+trotadora+electronico HTTP/1.1" 200 23491 "-" "Mozilla/5.0 (Linux; Android 6.0.1; Nexus 5X Build/MMB29P) AppleWebKit/537.36 (KHTML, like Gecko) Chrome/136.0.7103.113 Mobile Safari/537.36 (compatible; Googlebot/2.1; +http://www.google.com/bot.html)"
52.167.144.162 - - [12/Jun/2025:08:59:16 -0400] "GET /?d=114096561260&filter=c5d26b&share_to_url=detail.php%3Fid%3D3863841%26name%3Dvans+schulrucksack HTTP/1.1" 200 21892 "-" "Mozilla/5.0 AppleWebKit/537.36 (KHTML, like Gecko; compatible; bingbot/2.0; +http://www.bing.com/bingbot.htm) Chrome/116.0.1938.76 Safari/537.36"
66.249.64.6 - - [12/Jun/2025:08:59:18 -0400] "GET /?d=116462090260&filter=3ba2dc&share_to_url=goods.php%3Fid%3D3943847%26name%3Dcrema+depiladora+shelo HTTP/1.1" 200 24112 "-" "Mozilla/5.0 (Linux; Android 6.0.1; Nexus 5X Build/MMB29P) AppleWebKit/537.36 (KHTML, like Gecko) Chrome/136.0.7103.113 Mobile Safari/537.36 (compatible; Googlebot/2.1; +http://www.google.com/bot.html)"
66.249.64.6 - - [12/Jun/2025:08:59:19 -0400] "GET /?d=113419225260&filter=6f7032&share_to_url=pin.php%3Fid%3D3841134%26name%3Dketo+boursin+pasta HTTP/1.1" 200 24464 "-" "Mozilla/5.0 (Linux; Android 6.0.1; Nexus 5X Build/MMB29P) AppleWebKit/537.36 (KHTML, like Gecko) Chrome/136.0.7103.113 Mobile Safari/537.36 (compatible; Googlebot/2.1; +http://www.google.com/bot.html)"
66.249.64.5 - - [12/Jun/2025:08:59:20 -0400] "GET /?d=116518253260&filter=ca372c&share_to_url=product-page.php%3Fid%3D3945784%26name%3Drapid+transit+series+hot HTTP/1.1" 200 23891 "-" "Mozilla/5.0 (Linux; Android 6.0.1; Nexus 5X Build/MMB29P) AppleWebKit/537.36 (KHTML, like Gecko) Chrome/136.0.7103.113 Mobile Safari/537.36 (compatible; Googlebot/2.1; +http://www.google.com/bot.html)"
52.167.144.221 - - [12/Jun/2025:08:59:21 -0400] "GET /?d=77801725260&filter=14708a&share_to_url=article.php%3Fid%3D2635838%26name%3Dmountain+air+bike+skills HTTP/1.1" 200 23823 "-" "Mozilla/5.0 AppleWebKit/537.36 (KHTML, like Gecko; compatible; bingbot/2.0; +http://www.bing.com/bingbot.htm) Chrome/116.0.1938.76 Safari/537.36"
66.249.64.5 - - [12/Jun/2025:08:59:21 -0400] "GET /?d=91929772260&filter=c918ae&share_to_url=item.php%3Fid%3D3114529%26name%3Dgirabrilla+glamour+frame+bag HTTP/1.1" 200 22302 "-" "Mozilla/5.0 (Linux; Android 6.0.1; Nexus 5X Build/MMB29P) AppleWebKit/537.36 (KHTML, like Gecko) Chrome/136.0.7103.113 Mobile Safari/537.36 (compatible; Googlebot/2.1; +http://www.google.com/bot.html)"
66.249.64.6 - - [12/Jun/2025:08:59:22 -0400] "GET /?d=46809135260&filter=8dadfc&share_to_url=shopdetail.php%3Fid%3D1589564%26name%3Dreebok+womens+zig HTTP/1.1" 200 22377 "-" "Mozilla/5.0 (Linux; Android 6.0.1; Nexus 5X Build/MMB29P) AppleWebKit/537.36 (KHTML, like Gecko) Chrome/136.0.7103.113 Mobile Safari/537.36 (compatible; Googlebot/2.1; +http://www.google.com/bot.html)"
66.249.64.6 - - [12/Jun/2025:08:59:23 -0400] "GET /?d=91215981260&filter=117b29&share_to_url=ideas.php%3Fid%3D3091356%26name%3Dnikon+cl+m2+nylon HTTP/1.1" 200 22811 "-" "Mozilla/5.0 (Linux; Android 6.0.1; Nexus 5X Build/MMB29P) AppleWebKit/537.36 (KHTML, like Gecko) Chrome/136.0.7103.113 Mobile Safari/537.36 (compatible; Googlebot/2.1; +http://www.google.com/bot.html)"
66.249.64.5 - - [12/Jun/2025:08:59:23 -0400] "GET /?d=116895468260&filter=1876cd&share_to_url=product-page.php%3Fid%3D3958576%26name%3Dcartel+brooklyn+plus HTTP/1.1" 200 23135 "-" "Mozilla/5.0 (Linux; Android 6.0.1; Nexus 5X Build/MMB29P) AppleWebKit/537.36 (KHTML, like Gecko) Chrome/136.0.7103.113 Mobile Safari/537.36 (compatible; Googlebot/2.1; +http://www.google.com/bot.html)"
66.249.64.5 - - [12/Jun/2025:08:59:24 -0400] "GET /?d=104320191260&filter=133a7e&share_to_url=article.php%3Fid%3D3534554%26name%3Dffbb+store+sale+arbitre HTTP/1.1" 200 23846 "-" "Mozilla/5.0 (Linux; Android 6.0.1; Nexus 5X Build/MMB29P) AppleWebKit/537.36 (KHTML, like Gecko) Chrome/136.0.7103.113 Mobile Safari/537.36 (compatible; Googlebot/2.1; +http://www.google.com/bot.html)"
52.167.144.162 - - [12/Jun/2025:08:59:25 -0400] "GET /?d=33506928260&filter=aca5ca&share_to_url=goods.php%3Fid%3D1139255%26name%3Dsimplisafe+or+ring+which HTTP/1.1" 200 23964 "-" "Mozilla/5.0 AppleWebKit/537.36 (KHTML, like Gecko; compatible; bingbot/2.0; +http://www.bing.com/bingbot.htm) Chrome/116.0.1938.76 Safari/537.36"
66.249.64.5 - - [12/Jun/2025:08:59:25 -0400] "GET /?d=90542579260&filter=f4b633&share_to_url=shopdetail.php%3Fid%3D3068720%26name%3Dsurefit+gray+duck+canvas HTTP/1.1" 200 23547 "-" "Mozilla/5.0 (Linux; Android 6.0.1; Nexus 5X Build/MMB29P) AppleWebKit/537.36 (KHTML, like Gecko) Chrome/136.0.7103.113 Mobile Safari/537.36 (compatible; Googlebot/2.1; +http://www.google.com/bot.html)"
66.249.64.6 - - [12/Jun/2025:08:59:26 -0400] "GET /?d=102556959260&filter=b04d15&share_to_url=product-page.php%3Fid%3D3476080%26name%3Dgigabyte+n5105i+h+intel HTTP/1.1" 200 23648 "-" "Mozilla/5.0 (Linux; Android 6.0.1; Nexus 5X Build/MMB29P) AppleWebKit/537.36 (KHTML, like Gecko) Chrome/136.0.7103.113 Mobile Safari/537.36 (compatible; Googlebot/2.1; +http://www.google.com/bot.html)"
52.167.144.162 - - [12/Jun/2025:08:59:26 -0400] "GET /?d=14387242260&filter=132c35&share_to_url=article.php%3Fid%3D490490%26name%3Dswak+toy+shop HTTP/1.1" 200 24582 "-" "Mozilla/5.0 AppleWebKit/537.36 (KHTML, like Gecko; compatible; bingbot/2.0; +http://www.bing.com/bingbot.htm) Chrome/116.0.1938.76 Safari/537.36"
66.249.64.5 - - [12/Jun/2025:08:59:27 -0400] "GET /?d=118017008260&filter=03bf8c&share_to_url=model.php%3Fid%3D3996579%26name%3Dgold+jewellery+png+transparent HTTP/1.1" 200 22535 "-" "Mozilla/5.0 (Linux; Android 6.0.1; Nexus 5X Build/MMB29P) AppleWebKit/537.36 (KHTML, like Gecko) Chrome/136.0.7103.113 Mobile Safari/537.36 (compatible; Googlebot/2.1; +http://www.google.com/bot.html)"
66.249.64.5 - - [12/Jun/2025:08:59:27 -0400] "GET /?d=113560638260&filter=1a45ec&share_to_url=pin.php%3Fid%3D3845958%26name%3Dpathika+tablets HTTP/1.1" 200 23211 "-" "Mozilla/5.0 (Linux; Android 6.0.1; Nexus 5X Build/MMB29P) AppleWebKit/537.36 (KHTML, like Gecko) Chrome/136.0.7103.113 Mobile Safari/537.36 (compatible; Googlebot/2.1; +http://www.google.com/bot.html)"
66.249.64.6 - - [12/Jun/2025:08:59:28 -0400] "GET /?d=99948419260&filter=4dfab9&share_to_url=item.php%3Fid%3D3387289%26name%3Dcal%C3%87a+infantil+carinhoso+moletom HTTP/1.1" 200 23123 "-" "Mozilla/5.0 (Linux; Android 6.0.1; Nexus 5X Build/MMB29P) AppleWebKit/537.36 (KHTML, like Gecko) Chrome/136.0.7103.113 Mobile Safari/537.36 (compatible; Googlebot/2.1; +http://www.google.com/bot.html)"
66.249.64.6 - - [12/Jun/2025:08:59:29 -0400] "GET /?d=103013964260&filter=16bc9b&share_to_url=discover.php%3Fid%3D3491165%26name%3Dsize+27+miss HTTP/1.1" 200 23939 "-" "Mozilla/5.0 (Linux; Android 6.0.1; Nexus 5X Build/MMB29P) AppleWebKit/537.36 (KHTML, like Gecko) Chrome/136.0.7103.113 Mobile Safari/537.36 (compatible; Googlebot/2.1; +http://www.google.com/bot.html)"
66.249.64.6 - - [12/Jun/2025:08:59:30 -0400] "GET /?d=114651696260&filter=947acc&share_to_url=article.php%3Fid%3D3882422%26name%3Dcostume+party+police HTTP/1.1" 200 23997 "-" "Mozilla/5.0 (Linux; Android 6.0.1; Nexus 5X Build/MMB29P) AppleWebKit/537.36 (KHTML, like Gecko) Chrome/136.0.7103.113 Mobile Safari/537.36 (compatible; Googlebot/2.1; +http://www.google.com/bot.html)"
207.46.13.116 - - [12/Jun/2025:08:59:31 -0400] "GET /?d=105653830260&filter=6b68de&share_to_url=item.php%3Fid%3D3578977%26name%3Dlapd+communications+division HTTP/1.1" 200 23363 "-" "Mozilla/5.0 AppleWebKit/537.36 (KHTML, like Gecko; compatible; bingbot/2.0; +http://www.bing.com/bingbot.htm) Chrome/116.0.1938.76 Safari/537.36"
66.249.64.6 - - [12/Jun/2025:08:59:32 -0400] "GET /?d=99140084260&filter=5919d3&share_to_url=goods.php%3Fid%3D3359807%26name%3Dpeter+england+men+blue+color HTTP/1.1" 200 24156 "-" "Mozilla/5.0 (Linux; Android 6.0.1; Nexus 5X Build/MMB29P) AppleWebKit/537.36 (KHTML, like Gecko) Chrome/136.0.7103.113 Mobile Safari/537.36 (compatible; Googlebot/2.1; +http://www.google.com/bot.html)"
66.249.64.5 - - [12/Jun/2025:08:59:33 -0400] "GET /?d=106161918260&filter=7d768c&share_to_url=item.php%3Fid%3D3595729%26name%3Dcapital+bikeshare+how+paul HTTP/1.1" 200 23138 "-" "Mozilla/5.0 (Linux; Android 6.0.1; Nexus 5X Build/MMB29P) AppleWebKit/537.36 (KHTML, like Gecko) Chrome/136.0.7103.113 Mobile Safari/537.36 (compatible; Googlebot/2.1; +http://www.google.com/bot.html)"
66.249.64.7 - - [12/Jun/2025:08:59:35 -0400] "GET /?d=103894196260&filter=fefd24&share_to_url=detail.php%3Fid%3D3520221%26name%3D6mm+remix+matte+black+brown HTTP/1.1" 200 24658 "-" "Mozilla/5.0 (Linux; Android 6.0.1; Nexus 5X Build/MMB29P) AppleWebKit/537.36 (KHTML, like Gecko) Chrome/136.0.7103.113 Mobile Safari/537.36 (compatible; Googlebot/2.1; +http://www.google.com/bot.html)"
40.77.167.62 - - [12/Jun/2025:08:59:36 -0400] "GET /?d=109215245260&filter=ec40a3&share_to_url=shop.php%3Fid%3D3697267%26name%3Dmodern+man+curacao HTTP/1.1" 200 24356 "-" "Mozilla/5.0 AppleWebKit/537.36 (KHTML, like Gecko; compatible; bingbot/2.0; +http://www.bing.com/bingbot.htm) Chrome/116.0.1938.76 Safari/537.36"
66.249.64.7 - - [12/Jun/2025:08:59:37 -0400] "GET /?d=94510478260&filter=1876cd&share_to_url=product-page.php%3Fid%3D3202600%26name%3Dmother+039+s+day+cute+mom HTTP/1.1" 200 24526 "-" "Mozilla/5.0 (Linux; Android 6.0.1; Nexus 5X Build/MMB29P) AppleWebKit/537.36 (KHTML, like Gecko) Chrome/136.0.7103.113 Mobile Safari/537.36 (compatible; Googlebot/2.1; +http://www.google.com/bot.html)"
40.77.167.62 - - [12/Jun/2025:08:59:37 -0400] "GET /?d=108048354260&filter=3699f1&share_to_url=detail.php?id=3658281&name=golden%20retriever%20faq HTTP/1.1" 200 22796 "-" "Mozilla/5.0 AppleWebKit/537.36 (KHTML, like Gecko; compatible; bingbot/2.0; +http://www.bing.com/bingbot.htm) Chrome/116.0.1938.76 Safari/537.36"
52.167.144.221 - - [12/Jun/2025:08:59:37 -0400] "GET /?d=113149308260&filter=740faf&share_to_url=goods.php%3Fid%3D3832271%26name%3Dbuy+yoga+short+leggings+with HTTP/1.1" 200 23636 "-" "Mozilla/5.0 AppleWebKit/537.36 (KHTML, like Gecko; compatible; bingbot/2.0; +http://www.bing.com/bingbot.htm) Chrome/116.0.1938.76 Safari/537.36"
52.167.144.221 - - [12/Jun/2025:08:59:38 -0400] "GET /?d=62958884260&filter=93ffb4&share_to_url=product.php%3Fid%3D2134654%26name%3Dcoffee+filter+watercolor HTTP/1.1" 200 24530 "-" "Mozilla/5.0 AppleWebKit/537.36 (KHTML, like Gecko; compatible; bingbot/2.0; +http://www.bing.com/bingbot.htm) Chrome/116.0.1938.76 Safari/537.36"
66.249.64.7 - - [12/Jun/2025:08:59:39 -0400] "GET /?d=107877438260&filter=00a8d6&share_to_url=discover.php%3Fid%3D3652733%26name%3Dmorrisons+20+tie HTTP/1.1" 200 23906 "-" "Mozilla/5.0 (Linux; Android 6.0.1; Nexus 5X Build/MMB29P) AppleWebKit/537.36 (KHTML, like Gecko) Chrome/136.0.7103.113 Mobile Safari/537.36 (compatible; Googlebot/2.1; +http://www.google.com/bot.html)"
52.167.144.221 - - [12/Jun/2025:08:59:39 -0400] "GET /?d=27051699260&filter=15c9c1&share_to_url=product.php%3Fid%3D917890%26name%3Dmeadow+skirt HTTP/1.1" 200 23123 "-" "Mozilla/5.0 AppleWebKit/537.36 (KHTML, like Gecko; compatible; bingbot/2.0; +http://www.bing.com/bingbot.htm) Chrome/116.0.1938.76 Safari/537.36"
66.249.64.7 - - [12/Jun/2025:08:59:40 -0400] "GET /?d=111124256260&filter=577ef4&share_to_url=product-page.php%3Fid%3D3762952%26name%3Dfluoro+fanny+pack HTTP/1.1" 200 24116 "-" "Mozilla/5.0 (Linux; Android 6.0.1; Nexus 5X Build/MMB29P) AppleWebKit/537.36 (KHTML, like Gecko) Chrome/136.0.7103.113 Mobile Safari/537.36 (compatible; Googlebot/2.1; +http://www.google.com/bot.html)"
66.249.64.7 - - [12/Jun/2025:08:59:40 -0400] "GET /?d=115076980260&filter=3c6ceb&share_to_url=item.php%3Fid%3D3896869%26name%3Dchina+botas+timberland+compre HTTP/1.1" 200 23286 "-" "Mozilla/5.0 (Linux; Android 6.0.1; Nexus 5X Build/MMB29P) AppleWebKit/537.36 (KHTML, like Gecko) Chrome/136.0.7103.113 Mobile Safari/537.36 (compatible; Googlebot/2.1; +http://www.google.com/bot.html)"
66.249.64.6 - - [12/Jun/2025:08:59:41 -0400] "GET /?d=105915696260&filter=c31721&share_to_url=detail.php%3Fid%3D3587613%26name%3Deagle+trail+western+leather HTTP/1.1" 200 24411 "-" "Mozilla/5.0 (Linux; Android 6.0.1; Nexus 5X Build/MMB29P) AppleWebKit/537.36 (KHTML, like Gecko) Chrome/136.0.7103.113 Mobile Safari/537.36 (compatible; Googlebot/2.1; +http://www.google.com/bot.html)"
66.249.64.5 - - [12/Jun/2025:08:59:43 -0400] "GET /?d=93446974260&filter=6d99a5&share_to_url=article.php%3Fid%3D3165890%26name%3Drb2210v+optics+eyeglasses+with+blue HTTP/1.1" 200 22585 "-" "Mozilla/5.0 (Linux; Android 6.0.1; Nexus 5X Build/MMB29P) AppleWebKit/537.36 (KHTML, like Gecko) Chrome/136.0.7103.113 Mobile Safari/537.36 (compatible; Googlebot/2.1; +http://www.google.com/bot.html)"
66.249.64.5 - - [12/Jun/2025:08:59:44 -0400] "GET /?d=110378038260&filter=298b97&share_to_url=item.php%3Fid%3D3736381%26name%3Drobin+chart+pattern HTTP/1.1" 200 24361 "-" "Mozilla/5.0 (Linux; Android 6.0.1; Nexus 5X Build/MMB29P) AppleWebKit/537.36 (KHTML, like Gecko) Chrome/136.0.7103.113 Mobile Safari/537.36 (compatible; Googlebot/2.1; +http://www.google.com/bot.html)"
66.249.64.6 - - [12/Jun/2025:08:59:46 -0400] "GET /?d=96344753260&filter=18b943&share_to_url=detail.php%3Fid%3D3264189%26name%3Dmaglia+real+madrid+trasferta HTTP/1.1" 200 22693 "-" "Mozilla/5.0 (Linux; Android 6.0.1; Nexus 5X Build/MMB29P) AppleWebKit/537.36 (KHTML, like Gecko) Chrome/136.0.7103.113 Mobile Safari/537.36 (compatible; Googlebot/2.1; +http://www.google.com/bot.html)"
207.46.13.116 - - [12/Jun/2025:08:59:46 -0400] "GET /?d=56416225260&filter=8ce5da&share_to_url=article.php%3Fid%3D1915718%26name%3Dnorth+alabama+wine+trail HTTP/1.1" 200 23423 "-" "Mozilla/5.0 AppleWebKit/537.36 (KHTML, like Gecko; compatible; bingbot/2.0; +http://www.bing.com/bingbot.htm) Chrome/116.0.1938.76 Safari/537.36"
66.249.64.7 - - [12/Jun/2025:08:59:47 -0400] "GET /?d=107271093260&filter=575829&share_to_url=model.php%3Fid%3D3632523%26name%3Dforresters+grain+free+adult+salmon HTTP/1.1" 200 24397 "-" "Mozilla/5.0 (Linux; Android 6.0.1; Nexus 5X Build/MMB29P) AppleWebKit/537.36 (KHTML, like Gecko) Chrome/136.0.7103.113 Mobile Safari/537.36 (compatible; Googlebot/2.1; +http://www.google.com/bot.html)"
66.249.64.6 - - [12/Jun/2025:08:59:48 -0400] "GET /?d=105185309260&filter=afcfc9&share_to_url=product-page.php%3Fid%3D3563476%26name%3Dmaleta+brasilia HTTP/1.1" 200 23343 "-" "Mozilla/5.0 (Linux; Android 6.0.1; Nexus 5X Build/MMB29P) AppleWebKit/537.36 (KHTML, like Gecko) Chrome/136.0.7103.113 Mobile Safari/537.36 (compatible; Googlebot/2.1; +http://www.google.com/bot.html)"
207.46.13.116 - - [12/Jun/2025:08:59:49 -0400] "GET /?d=83836948260&filter=060103&share_to_url=goods.php%3Fid%3D2839835%26name%3Dsurat+tex HTTP/1.1" 200 22982 "-" "Mozilla/5.0 AppleWebKit/537.36 (KHTML, like Gecko; compatible; bingbot/2.0; +http://www.bing.com/bingbot.htm) Chrome/116.0.1938.76 Safari/537.36"
66.249.64.6 - - [12/Jun/2025:08:59:50 -0400] "GET /?d=92685774260&filter=3cd9b2&share_to_url=model.php%3Fid%3D3140283%26name%3Dsonic+the+hedgehog+plush+1991 HTTP/1.1" 200 23617 "-" "Mozilla/5.0 (Linux; Android 6.0.1; Nexus 5X Build/MMB29P) AppleWebKit/537.36 (KHTML, like Gecko) Chrome/136.0.7103.113 Mobile Safari/537.36 (compatible; Googlebot/2.1; +http://www.google.com/bot.html)"
66.249.64.8 - - [12/Jun/2025:08:59:51 -0400] "GET /?d=70173641260&filter=06712c&share_to_url=article.php%3Fid%3D2377958%26name%3Dmarani+jeans+clothing HTTP/1.1" 200 24167 "-" "Mozilla/5.0 (Linux; Android 6.0.1; Nexus 5X Build/MMB29P) AppleWebKit/537.36 (KHTML, like Gecko) Chrome/136.0.7103.113 Mobile Safari/537.36 (compatible; Googlebot/2.1; +http://www.google.com/bot.html)"
52.167.144.162 - - [12/Jun/2025:08:59:51 -0400] "GET /?d=7735060260&filter=99857c&share_to_url=goods.php%3Fid%3D265019%26name%3Dals+liefhebbers+van HTTP/1.1" 200 24981 "-" "Mozilla/5.0 AppleWebKit/537.36 (KHTML, like Gecko; compatible; bingbot/2.0; +http://www.bing.com/bingbot.htm) Chrome/116.0.1938.76 Safari/537.36"
66.249.64.8 - - [12/Jun/2025:08:59:52 -0400] "GET /?d=106257286260&filter=ca372c&share_to_url=shop.php%3Fid%3D3598807%26name%3Dvektor+stok+magic HTTP/1.1" 200 24319 "-" "Mozilla/5.0 (Linux; Android 6.0.1; Nexus 5X Build/MMB29P) AppleWebKit/537.36 (KHTML, like Gecko) Chrome/136.0.7103.113 Mobile Safari/537.36 (compatible; Googlebot/2.1; +http://www.google.com/bot.html)"
66.249.64.6 - - [12/Jun/2025:08:59:54 -0400] "GET /?d=95847954260&filter=a06510&share_to_url=goods.php%3Fid%3D3247451%26name%3Dcalifornia+dreaming+with+tank+garage HTTP/1.1" 200 24967 "-" "Mozilla/5.0 (Linux; Android 6.0.1; Nexus 5X Build/MMB29P) AppleWebKit/537.36 (KHTML, like Gecko) Chrome/136.0.7103.113 Mobile Safari/537.36 (compatible; Googlebot/2.1; +http://www.google.com/bot.html)"
66.249.64.5 - - [12/Jun/2025:08:59:54 -0400] "GET /?d=114750502260&filter=954d86&share_to_url=shopdetail.php%3Fid%3D3885740%26name%3Dvans+accessories HTTP/1.1" 200 23136 "-" "Mozilla/5.0 (Linux; Android 6.0.1; Nexus 5X Build/MMB29P) AppleWebKit/537.36 (KHTML, like Gecko) Chrome/136.0.7103.113 Mobile Safari/537.36 (compatible; Googlebot/2.1; +http://www.google.com/bot.html)"
207.46.13.52 - - [12/Jun/2025:08:59:55 -0400] "GET /?d=109502216260&filter=c19a1f&share_to_url=goods.php%3Fid%3D3706355%26name%3Dseiko+prospex+baby+tuna+automatic HTTP/1.1" 200 23386 "-" "Mozilla/5.0 AppleWebKit/537.36 (KHTML, like Gecko; compatible; bingbot/2.0; +http://www.bing.com/bingbot.htm) Chrome/116.0.1938.76 Safari/537.36"
