40.77.167.25 - - [12/Jun/2025:08:41:52 -0400] "GET /?d=99797780260&filter=bce36f&share_to_url=model.php%3Fid%3D3382299%26name%3Danker+mini+portable+power+bank HTTP/1.1" 200 23594 "-" "Mozilla/5.0 AppleWebKit/537.36 (KHTML, like Gecko; compatible; bingbot/2.0; +http://www.bing.com/bingbot.htm) Chrome/116.0.1938.76 Safari/537.36"
66.249.64.6 - - [12/Jun/2025:08:41:52 -0400] "GET /?d=91038989260&filter=30f785&share_to_url=shopdetail.php%3Fid%3D3085352%26name%3Dwholesale+robe+%C3%A0 HTTP/1.1" 200 23642 "-" "Mozilla/5.0 (Linux; Android 6.0.1; Nexus 5X Build/MMB29P) AppleWebKit/537.36 (KHTML, like Gecko) Chrome/136.0.7103.113 Mobile Safari/537.36 (compatible; Googlebot/2.1; +http://www.google.com/bot.html)"
66.249.64.8 - - [12/Jun/2025:08:41:54 -0400] "GET /?d=117561095260&filter=eba88d&share_to_url=model.php%3Fid%3D3981243%26name%3Delegante+abito+nero+self+portrait HTTP/1.1" 200 24056 "-" "Mozilla/5.0 (Linux; Android 6.0.1; Nexus 5X Build/MMB29P) AppleWebKit/537.36 (KHTML, like Gecko) Chrome/136.0.7103.113 Mobile Safari/537.36 (compatible; Googlebot/2.1; +http://www.google.com/bot.html)"
66.249.64.8 - - [12/Jun/2025:08:41:55 -0400] "GET /?d=113861254260&filter=353642&share_to_url=article.php%3Fid%3D3856214%26name%3Dadidas+sportswear+wrapped+stripes HTTP/1.1" 200 23241 "-" "Mozilla/5.0 (Linux; Android 6.0.1; Nexus 5X Build/MMB29P) AppleWebKit/537.36 (KHTML, like Gecko) Chrome/136.0.7103.113 Mobile Safari/537.36 (compatible; Googlebot/2.1; +http://www.google.com/bot.html)"
66.249.64.5 - - [12/Jun/2025:08:41:57 -0400] "GET /?d=111114265260&filter=577ef4&share_to_url=discover.php%3Fid%3D3762605%26name%3Dtommy+hilfiger+iconic+tommy HTTP/1.1" 200 23360 "-" "Mozilla/5.0 (Linux; Android 6.0.1; Nexus 5X Build/MMB29P) AppleWebKit/537.36 (KHTML, like Gecko) Chrome/136.0.7103.113 Mobile Safari/537.36 (compatible; Googlebot/2.1; +http://www.google.com/bot.html)"
66.249.64.8 - - [12/Jun/2025:08:41:57 -0400] "GET /?d=112809609260&filter=af4b8a&share_to_url=shop.php%3Fid%3D3820735%26name%3Dcamicia+in+seta+bianca+da HTTP/1.1" 200 23683 "-" "Mozilla/5.0 (Linux; Android 6.0.1; Nexus 5X Build/MMB29P) AppleWebKit/537.36 (KHTML, like Gecko) Chrome/136.0.7103.113 Mobile Safari/537.36 (compatible; Googlebot/2.1; +http://www.google.com/bot.html)"
66.249.64.7 - - [12/Jun/2025:08:41:58 -0400] "GET /?d=99437387260&filter=388a74&share_to_url=shopdetail.php%3Fid%3D3370196%26name%3Dnew+james+bond+007+fragrances HTTP/1.1" 200 23260 "-" "Mozilla/5.0 (Linux; Android 6.0.1; Nexus 5X Build/MMB29P) AppleWebKit/537.36 (KHTML, like Gecko) Chrome/136.0.7103.113 Mobile Safari/537.36 (compatible; Googlebot/2.1; +http://www.google.com/bot.html)"
66.249.64.7 - - [12/Jun/2025:08:41:59 -0400] "GET /?d=106364554260&filter=6c17ee&share_to_url=article.php%3Fid%3D3602534%26name%3Dburley+wheel+stroller HTTP/1.1" 200 21759 "-" "Mozilla/5.0 (Linux; Android 6.0.1; Nexus 5X Build/MMB29P) AppleWebKit/537.36 (KHTML, like Gecko) Chrome/136.0.7103.113 Mobile Safari/537.36 (compatible; Googlebot/2.1; +http://www.google.com/bot.html)"
66.249.64.8 - - [12/Jun/2025:08:42:00 -0400] "GET /?d=103735902260&filter=3b569e&share_to_url=ideas.php%3Fid%3D3514848%26name%3Ddrop+cloth+pillow+farmhouse HTTP/1.1" 200 24792 "-" "Mozilla/5.0 (Linux; Android 6.0.1; Nexus 5X Build/MMB29P) AppleWebKit/537.36 (KHTML, like Gecko) Chrome/136.0.7103.113 Mobile Safari/537.36 (compatible; Googlebot/2.1; +http://www.google.com/bot.html)"
66.249.64.6 - - [12/Jun/2025:08:42:02 -0400] "GET /?d=70610543260&filter=5b21e9&share_to_url=shopdetail.php%3Fid%3D2392388%26name%3Dbread+toaster+hii HTTP/1.1" 200 22935 "-" "Mozilla/5.0 (Linux; Android 6.0.1; Nexus 5X Build/MMB29P) AppleWebKit/537.36 (KHTML, like Gecko) Chrome/136.0.7103.113 Mobile Safari/537.36 (compatible; Googlebot/2.1; +http://www.google.com/bot.html)"
40.77.167.37 - - [12/Jun/2025:08:42:04 -0400] "GET /?d=84203671260&filter=1753ee&share_to_url=discover.php%3Fid%3D2851985%26name%3Dlegging+capri+fermeture+%C3%89clair HTTP/1.1" 200 24097 "-" "Mozilla/5.0 AppleWebKit/537.36 (KHTML, like Gecko; compatible; bingbot/2.0; +http://www.bing.com/bingbot.htm) Chrome/116.0.1938.76 Safari/537.36"
66.249.64.6 - - [12/Jun/2025:08:42:04 -0400] "GET /?d=102577299260&filter=f4b633&share_to_url=ideas.php%3Fid%3D3476832%26name%3Darden+selections+aqua+leala+patio HTTP/1.1" 200 23746 "-" "Mozilla/5.0 (Linux; Android 6.0.1; Nexus 5X Build/MMB29P) AppleWebKit/537.36 (KHTML, like Gecko) Chrome/136.0.7103.113 Mobile Safari/537.36 (compatible; Googlebot/2.1; +http://www.google.com/bot.html)"
40.77.167.37 - - [12/Jun/2025:08:42:04 -0400] "GET /?d=84890689260&filter=677cca&share_to_url=article.php%3Fid%3D2875214%26name%3Dgrand+studio+bag+gaynor HTTP/1.1" 200 23841 "-" "Mozilla/5.0 AppleWebKit/537.36 (KHTML, like Gecko; compatible; bingbot/2.0; +http://www.bing.com/bingbot.htm) Chrome/116.0.1938.76 Safari/537.36"
66.249.64.6 - - [12/Jun/2025:08:42:05 -0400] "GET /?d=99161476260&filter=882db7&share_to_url=product-page.php%3Fid%3D3360628%26name%3Dagenda+organizer+grande+piquadro HTTP/1.1" 200 23198 "-" "Mozilla/5.0 (Linux; Android 6.0.1; Nexus 5X Build/MMB29P) AppleWebKit/537.36 (KHTML, like Gecko) Chrome/136.0.7103.113 Mobile Safari/537.36 (compatible; Googlebot/2.1; +http://www.google.com/bot.html)"
66.249.64.5 - - [12/Jun/2025:08:42:07 -0400] "GET /?d=109984692260&filter=c0c454&share_to_url=goods.php%3Fid%3D3722399%26name%3Dolukai+ho+039+opio+nautical HTTP/1.1" 200 22099 "-" "Mozilla/5.0 (Linux; Android 6.0.1; Nexus 5X Build/MMB29P) AppleWebKit/537.36 (KHTML, like Gecko) Chrome/136.0.7103.113 Mobile Safari/537.36 (compatible; Googlebot/2.1; +http://www.google.com/bot.html)"
66.249.64.5 - - [12/Jun/2025:08:42:08 -0400] "GET /?d=114399974260&filter=b11d37&share_to_url=product.php%3Fid%3D3873790%26name%3Db2bportal+adidas+shop HTTP/1.1" 200 23269 "-" "Mozilla/5.0 (Linux; Android 6.0.1; Nexus 5X Build/MMB29P) AppleWebKit/537.36 (KHTML, like Gecko) Chrome/136.0.7103.113 Mobile Safari/537.36 (compatible; Googlebot/2.1; +http://www.google.com/bot.html)"
66.249.64.5 - - [12/Jun/2025:08:42:10 -0400] "GET /?d=105195084260&filter=b50421&share_to_url=shopdetail.php%3Fid%3D3563804%26name%3Dlenovo+s340+15iwl HTTP/1.1" 200 21909 "-" "Mozilla/5.0 (Linux; Android 6.0.1; Nexus 5X Build/MMB29P) AppleWebKit/537.36 (KHTML, like Gecko) Chrome/136.0.7103.113 Mobile Safari/537.36 (compatible; Googlebot/2.1; +http://www.google.com/bot.html)"
66.249.64.6 - - [12/Jun/2025:08:42:11 -0400] "GET /?d=93377142260&filter=2fbbdb&share_to_url=shopdetail.php%3Fid%3D3163544%26name%3Dmen+football+spain HTTP/1.1" 200 24326 "-" "Mozilla/5.0 (Linux; Android 6.0.1; Nexus 5X Build/MMB29P) AppleWebKit/537.36 (KHTML, like Gecko) Chrome/136.0.7103.113 Mobile Safari/537.36 (compatible; Googlebot/2.1; +http://www.google.com/bot.html)"
66.249.64.5 - - [12/Jun/2025:08:42:12 -0400] "GET /?d=101951177260&filter=6b3690&share_to_url=article.php%3Fid%3D3456074%26name%3Doriginal+burberry+ladies+dorit+fitted HTTP/1.1" 200 22275 "-" "Mozilla/5.0 (Linux; Android 6.0.1; Nexus 5X Build/MMB29P) AppleWebKit/537.36 (KHTML, like Gecko) Chrome/136.0.7103.113 Mobile Safari/537.36 (compatible; Googlebot/2.1; +http://www.google.com/bot.html)"
66.249.64.5 - - [12/Jun/2025:08:42:13 -0400] "GET /?d=94528279260&filter=ea2dc1&share_to_url=product.php%3Fid%3D3203170%26name%3Dprada+patent+leather+slingback HTTP/1.1" 200 24023 "-" "Mozilla/5.0 (Linux; Android 6.0.1; Nexus 5X Build/MMB29P) AppleWebKit/537.36 (KHTML, like Gecko) Chrome/136.0.7103.113 Mobile Safari/537.36 (compatible; Googlebot/2.1; +http://www.google.com/bot.html)"
66.249.64.5 - - [12/Jun/2025:08:42:14 -0400] "GET /?d=112237631260&filter=469540&share_to_url=ideas.php%3Fid%3D3801888%26name%3Dfull+body+pilates+workout HTTP/1.1" 200 23858 "-" "Mozilla/5.0 (Linux; Android 6.0.1; Nexus 5X Build/MMB29P) AppleWebKit/537.36 (KHTML, like Gecko) Chrome/136.0.7103.113 Mobile Safari/537.36 (compatible; Googlebot/2.1; +http://www.google.com/bot.html)"
66.249.64.5 - - [12/Jun/2025:08:42:15 -0400] "GET /?d=98051624260&filter=cd075d&share_to_url=product.php%3Fid%3D3322894%26name%3Dbuy+ellesse+heuse HTTP/1.1" 200 23655 "-" "Mozilla/5.0 (Linux; Android 6.0.1; Nexus 5X Build/MMB29P) AppleWebKit/537.36 (KHTML, like Gecko) Chrome/136.0.7103.113 Mobile Safari/537.36 (compatible; Googlebot/2.1; +http://www.google.com/bot.html)"
66.249.64.5 - - [12/Jun/2025:08:42:15 -0400] "GET /?d=103837552260&filter=cdfac6&share_to_url=pin.php%3Fid%3D3518142%26name%3Dpolar+m200+de+segunda HTTP/1.1" 200 22476 "-" "Mozilla/5.0 (Linux; Android 6.0.1; Nexus 5X Build/MMB29P) AppleWebKit/537.36 (KHTML, like Gecko) Chrome/136.0.7103.113 Mobile Safari/537.36 (compatible; Googlebot/2.1; +http://www.google.com/bot.html)"
66.249.64.5 - - [12/Jun/2025:08:42:17 -0400] "GET /?d=99709984260&filter=2b1037&share_to_url=model.php%3Fid%3D3379359%26name%3Dsadhu+kokila+comedy HTTP/1.1" 200 24149 "-" "Mozilla/5.0 (Linux; Android 6.0.1; Nexus 5X Build/MMB29P) AppleWebKit/537.36 (KHTML, like Gecko) Chrome/136.0.7103.113 Mobile Safari/537.36 (compatible; Googlebot/2.1; +http://www.google.com/bot.html)"
66.249.64.5 - - [12/Jun/2025:08:42:18 -0400] "GET /?d=95131636260&filter=ecb55f&share_to_url=pin.php%3Fid%3D3222966%26name%3Dysl+rouge+mirage HTTP/1.1" 200 22411 "-" "Mozilla/5.0 (Linux; Android 6.0.1; Nexus 5X Build/MMB29P) AppleWebKit/537.36 (KHTML, like Gecko) Chrome/136.0.7103.113 Mobile Safari/537.36 (compatible; Googlebot/2.1; +http://www.google.com/bot.html)"
66.249.64.5 - - [12/Jun/2025:08:42:20 -0400] "GET /?d=110723314260&filter=637771&share_to_url=shopdetail.php%3Fid%3D3748796%26name%3Dmaserati+successo+solar+ladies+039+watch HTTP/1.1" 200 22752 "-" "Mozilla/5.0 (Linux; Android 6.0.1; Nexus 5X Build/MMB29P) AppleWebKit/537.36 (KHTML, like Gecko) Chrome/136.0.7103.113 Mobile Safari/537.36 (compatible; Googlebot/2.1; +http://www.google.com/bot.html)"
66.249.64.6 - - [12/Jun/2025:08:42:21 -0400] "GET /?d=106917350260&filter=de6ef0&share_to_url=article.php%3Fid%3D3621074%26name%3Dproducts+tagged+duvet+coat HTTP/1.1" 200 23346 "-" "Mozilla/5.0 (Linux; Android 6.0.1; Nexus 5X Build/MMB29P) AppleWebKit/537.36 (KHTML, like Gecko) Chrome/136.0.7103.113 Mobile Safari/537.36 (compatible; Googlebot/2.1; +http://www.google.com/bot.html)"
66.249.64.5 - - [12/Jun/2025:08:42:21 -0400] "GET /?d=112574020260&filter=2d4b43&share_to_url=detail.php%3Fid%3D3813201%26name%3Dwinter+style+with+parajumpers HTTP/1.1" 200 24042 "-" "Mozilla/5.0 (Linux; Android 6.0.1; Nexus 5X Build/MMB29P) AppleWebKit/537.36 (KHTML, like Gecko) Chrome/136.0.7103.113 Mobile Safari/537.36 (compatible; Googlebot/2.1; +http://www.google.com/bot.html)"
66.249.64.5 - - [12/Jun/2025:08:42:23 -0400] "GET /?d=102696781260&filter=c43436&share_to_url=detail.php%3Fid%3D3480813%26name%3Dtop+azul+oscuro HTTP/1.1" 200 24429 "-" "Mozilla/5.0 (Linux; Android 6.0.1; Nexus 5X Build/MMB29P) AppleWebKit/537.36 (KHTML, like Gecko) Chrome/136.0.7103.113 Mobile Safari/537.36 (compatible; Googlebot/2.1; +http://www.google.com/bot.html)"
66.249.64.5 - - [12/Jun/2025:08:42:24 -0400] "GET /?d=104113984260&filter=c19a1f&share_to_url=item.php%3Fid%3D3527473%26name%3Dcompare+realme+smartwatch+and+noise HTTP/1.1" 200 22493 "-" "Mozilla/5.0 (Linux; Android 6.0.1; Nexus 5X Build/MMB29P) AppleWebKit/537.36 (KHTML, like Gecko) Chrome/136.0.7103.113 Mobile Safari/537.36 (compatible; Googlebot/2.1; +http://www.google.com/bot.html)"
66.249.64.6 - - [12/Jun/2025:08:42:25 -0400] "GET /?d=12858808260&filter=df484e&share_to_url=detail.php%3Fid%3D438981%26name%3Dla+halle+aux+v+c3+aatements+harry HTTP/1.1" 200 23730 "-" "Mozilla/5.0 (Linux; Android 6.0.1; Nexus 5X Build/MMB29P) AppleWebKit/537.36 (KHTML, like Gecko) Chrome/136.0.7103.113 Mobile Safari/537.36 (compatible; Googlebot/2.1; +http://www.google.com/bot.html)"
157.55.39.16 - - [12/Jun/2025:08:42:25 -0400] "GET /?d=88649538260&filter=6563e1&share_to_url=model.php%3Fid%3D3004467%26name%3Drubco+rubwood+furniture+added HTTP/1.1" 200 23855 "-" "Mozilla/5.0 AppleWebKit/537.36 (KHTML, like Gecko; compatible; bingbot/2.0; +http://www.bing.com/bingbot.htm) Chrome/116.0.1938.76 Safari/537.36"
66.249.64.5 - - [12/Jun/2025:08:42:26 -0400] "GET /?d=58401441260&filter=096002&share_to_url=detail.php%3Fid%3D1982409%26name%3Dwhite+top+sport+loop HTTP/1.1" 200 22691 "-" "Mozilla/5.0 (Linux; Android 6.0.1; Nexus 5X Build/MMB29P) AppleWebKit/537.36 (KHTML, like Gecko) Chrome/136.0.7103.113 Mobile Safari/537.36 (compatible; Googlebot/2.1; +http://www.google.com/bot.html)"
157.55.39.16 - - [12/Jun/2025:08:42:27 -0400] "GET /?d=84645208260&filter=6960db&share_to_url=detail.php%3Fid%3D2866677%26name%3Dsuper+liquidation+de+manteaux HTTP/1.1" 200 23000 "-" "Mozilla/5.0 AppleWebKit/537.36 (KHTML, like Gecko; compatible; bingbot/2.0; +http://www.bing.com/bingbot.htm) Chrome/116.0.1938.76 Safari/537.36"
40.77.167.25 - - [12/Jun/2025:08:42:30 -0400] "GET /?d=93641779260&filter=7d768c&share_to_url=model.php%3Fid%3D3172323%26name%3Dgt+porsche+cycle+2024 HTTP/1.1" 200 24356 "-" "Mozilla/5.0 AppleWebKit/537.36 (KHTML, like Gecko; compatible; bingbot/2.0; +http://www.bing.com/bingbot.htm) Chrome/116.0.1938.76 Safari/537.36"
40.77.167.25 - - [12/Jun/2025:08:42:31 -0400] "GET /?d=95153200260&filter=20ae0e&share_to_url=pin.php%3Fid%3D3223638%26name%3D HTTP/1.1" 200 24078 "-" "Mozilla/5.0 AppleWebKit/537.36 (KHTML, like Gecko; compatible; bingbot/2.0; +http://www.bing.com/bingbot.htm) Chrome/116.0.1938.76 Safari/537.36"
40.77.167.9 - - [12/Jun/2025:08:42:36 -0400] "GET /?d=111382461260&filter=e874f3&share_to_url=product.php%3Fid%3D3772066%26name%3Dhealing+crystal+pendant+necklace HTTP/1.1" 200 24116 "-" "Mozilla/5.0 AppleWebKit/537.36 (KHTML, like Gecko; compatible; bingbot/2.0; +http://www.bing.com/bingbot.htm) Chrome/116.0.1938.76 Safari/537.36"
40.77.167.9 - - [12/Jun/2025:08:42:37 -0400] "GET /?d=112721071260&filter=5118fa&share_to_url=product-page.php%3Fid%3D3818032%26name%3Dvintage+obey+worldwide HTTP/1.1" 200 24018 "-" "Mozilla/5.0 AppleWebKit/537.36 (KHTML, like Gecko; compatible; bingbot/2.0; +http://www.bing.com/bingbot.htm) Chrome/116.0.1938.76 Safari/537.36"
40.77.167.9 - - [12/Jun/2025:08:42:37 -0400] "GET /?d=104125037260&filter=c19a1f&share_to_url=ideas.php%3Fid%3D3527928%26name%3Dfitbit+versa+store+vs+fossil HTTP/1.1" 200 22608 "-" "Mozilla/5.0 AppleWebKit/537.36 (KHTML, like Gecko; compatible; bingbot/2.0; +http://www.bing.com/bingbot.htm) Chrome/116.0.1938.76 Safari/537.36"
40.77.167.37 - - [12/Jun/2025:08:42:39 -0400] "GET /?d=110869677260&filter=15d3b1&share_to_url=model.php%3Fid%3D3754179%26name%3Dsouth+park+nintendo+64 HTTP/1.1" 200 21654 "-" "Mozilla/5.0 AppleWebKit/537.36 (KHTML, like Gecko; compatible; bingbot/2.0; +http://www.bing.com/bingbot.htm) Chrome/116.0.1938.76 Safari/537.36"
40.77.167.37 - - [12/Jun/2025:08:42:40 -0400] "GET /?d=96083944260&filter=4cc099&share_to_url=goods.php%3Fid%3D3255383%26name%3Djuego+did%C3%81ctico+aprendo+en+positivo HTTP/1.1" 200 22348 "-" "Mozilla/5.0 AppleWebKit/537.36 (KHTML, like Gecko; compatible; bingbot/2.0; +http://www.bing.com/bingbot.htm) Chrome/116.0.1938.76 Safari/537.36"
40.77.167.37 - - [12/Jun/2025:08:42:40 -0400] "GET /?d=90475977260&filter=dc973f&share_to_url=shop.php%3Fid%3D3066463%26name%3D40v+drill+store HTTP/1.1" 200 23654 "-" "Mozilla/5.0 AppleWebKit/537.36 (KHTML, like Gecko; compatible; bingbot/2.0; +http://www.bing.com/bingbot.htm) Chrome/116.0.1938.76 Safari/537.36"
52.167.144.197 - - [12/Jun/2025:08:42:40 -0400] "GET /?d=78379592260&filter=694186&share_to_url=ideas.php%3Fid%3D2654988%26name%3Ddownload+mr+bean+900 HTTP/1.1" 200 24113 "-" "Mozilla/5.0 AppleWebKit/537.36 (KHTML, like Gecko; compatible; bingbot/2.0; +http://www.bing.com/bingbot.htm) Chrome/116.0.1938.76 Safari/537.36"
66.249.64.5 - - [12/Jun/2025:08:42:40 -0400] "GET /?d=107769821260&filter=f4b633&share_to_url=shop.php%3Fid%3D3649255%26name%3Dchicco+italian+dining+armhair HTTP/1.1" 200 24360 "-" "Mozilla/5.0 (Linux; Android 6.0.1; Nexus 5X Build/MMB29P) AppleWebKit/537.36 (KHTML, like Gecko) Chrome/136.0.7103.113 Mobile Safari/537.36 (compatible; Googlebot/2.1; +http://www.google.com/bot.html)"
40.77.167.37 - - [12/Jun/2025:08:42:41 -0400] "GET /?d=2277065260&filter=14708a&share_to_url=goods.php%3Fid%3D79163%26name%3D130mm+that+s HTTP/1.1" 200 24460 "-" "Mozilla/5.0 AppleWebKit/537.36 (KHTML, like Gecko; compatible; bingbot/2.0; +http://www.bing.com/bingbot.htm) Chrome/116.0.1938.76 Safari/537.36"
40.77.167.37 - - [12/Jun/2025:08:42:42 -0400] "GET /?d=75819020260&filter=ec7398&share_to_url=detail.php%3Fid%3D2569317%26name%3Dextra+large+soft+cooler HTTP/1.1" 200 23134 "-" "Mozilla/5.0 AppleWebKit/537.36 (KHTML, like Gecko; compatible; bingbot/2.0; +http://www.bing.com/bingbot.htm) Chrome/116.0.1938.76 Safari/537.36"
66.249.64.5 - - [12/Jun/2025:08:42:42 -0400] "GET /?d=90751162260&filter=469540&share_to_url=item.php%3Fid%3D3075805%26name%3Dmove+well+deep HTTP/1.1" 200 24887 "-" "Mozilla/5.0 (Linux; Android 6.0.1; Nexus 5X Build/MMB29P) AppleWebKit/537.36 (KHTML, like Gecko) Chrome/136.0.7103.113 Mobile Safari/537.36 (compatible; Googlebot/2.1; +http://www.google.com/bot.html)"
66.249.64.131 - - [12/Jun/2025:08:42:43 -0400] "GET /?d=57133601260&filter=c79531&share_to_url=ideas.php%3Fid%3D1939608%26name%3Dbuy+tin+of+books HTTP/1.1" 200 23816 "-" "Mozilla/5.0 (Linux; Android 6.0.1; Nexus 5X Build/MMB29P) AppleWebKit/537.36 (KHTML, like Gecko) Chrome/136.0.7103.113 Mobile Safari/537.36 (compatible; Googlebot/2.1; +http://www.google.com/bot.html)"
66.249.64.6 - - [12/Jun/2025:08:42:44 -0400] "GET /?d=19806903260&filter=662838&share_to_url=article.php%3Fid%3D672986%26name%3Dsmart+telescopes+for+sale HTTP/1.1" 200 23147 "-" "Mozilla/5.0 (Linux; Android 6.0.1; Nexus 5X Build/MMB29P) AppleWebKit/537.36 (KHTML, like Gecko) Chrome/136.0.7103.113 Mobile Safari/537.36 (compatible; Googlebot/2.1; +http://www.google.com/bot.html)"
157.55.39.16 - - [12/Jun/2025:08:42:44 -0400] "GET /?d=103373286260&filter=b873a7&share_to_url=pin.php%3Fid%3D3502926%26name%3Dmy+evohome+thermostats+are HTTP/1.1" 200 23092 "-" "Mozilla/5.0 AppleWebKit/537.36 (KHTML, like Gecko; compatible; bingbot/2.0; +http://www.bing.com/bingbot.htm) Chrome/116.0.1938.76 Safari/537.36"
207.46.13.127 - - [12/Jun/2025:08:42:44 -0400] "GET /?d=111089418260&filter=527c62&share_to_url=detail.php%3Fid%3D3761829%26name%3Dgifts+woman+2025+has+everything HTTP/1.1" 200 23011 "-" "Mozilla/5.0 AppleWebKit/537.36 (KHTML, like Gecko; compatible; bingbot/2.0; +http://www.bing.com/bingbot.htm) Chrome/116.0.1938.76 Safari/537.36"
40.77.167.37 - - [12/Jun/2025:08:42:45 -0400] "GET /?d=106684319260&filter=3d3b19&share_to_url=shopdetail.php%3Fid%3D3613088%26name%3Dropa+zapatillas+y HTTP/1.1" 200 24236 "-" "Mozilla/5.0 AppleWebKit/537.36 (KHTML, like Gecko; compatible; bingbot/2.0; +http://www.bing.com/bingbot.htm) Chrome/116.0.1938.76 Safari/537.36"
66.249.64.6 - - [12/Jun/2025:08:42:46 -0400] "GET /?d=23904754260&filter=662838&share_to_url=article.php%3Fid%3D810722%26name%3Dcomplete+review+of+celestron HTTP/1.1" 200 23008 "-" "Mozilla/5.0 (Linux; Android 6.0.1; Nexus 5X Build/MMB29P) AppleWebKit/537.36 (KHTML, like Gecko) Chrome/136.0.7103.113 Mobile Safari/537.36 (compatible; Googlebot/2.1; +http://www.google.com/bot.html)"
157.55.39.16 - - [12/Jun/2025:08:42:46 -0400] "GET /?d=113792516260&filter=1f865f&share_to_url=article.php%3Fid%3D3853466%26name%3Damd+a10+7850k+aliexpress HTTP/1.1" 200 23050 "-" "Mozilla/5.0 AppleWebKit/537.36 (KHTML, like Gecko; compatible; bingbot/2.0; +http://www.bing.com/bingbot.htm) Chrome/116.0.1938.76 Safari/537.36"
66.249.64.6 - - [12/Jun/2025:08:42:46 -0400] "GET /?d=104547941260&filter=9f9551&share_to_url=article.php%3Fid%3D3542522%26name%3Dwalbest+dog+toys+durable+tpr HTTP/1.1" 200 23278 "-" "Mozilla/5.0 (Linux; Android 6.0.1; Nexus 5X Build/MMB29P) AppleWebKit/537.36 (KHTML, like Gecko) Chrome/136.0.7103.113 Mobile Safari/537.36 (compatible; Googlebot/2.1; +http://www.google.com/bot.html)"
66.249.64.6 - - [12/Jun/2025:08:42:48 -0400] "GET /?d=111937093260&filter=8d4935&share_to_url=pin.php%3Fid%3D3791346%26name%3Dwooden+faces+magnetic+ball HTTP/1.1" 200 24398 "-" "Mozilla/5.0 (Linux; Android 6.0.1; Nexus 5X Build/MMB29P) AppleWebKit/537.36 (KHTML, like Gecko) Chrome/136.0.7103.113 Mobile Safari/537.36 (compatible; Googlebot/2.1; +http://www.google.com/bot.html)"
66.249.64.5 - - [12/Jun/2025:08:42:49 -0400] "GET /?d=58627549260&filter=97eb76&share_to_url=article.php%3Fid%3D1989758%26name%3Dchemises+tommy+hilfiger+shop HTTP/1.1" 200 23166 "-" "Mozilla/5.0 (Linux; Android 6.0.1; Nexus 5X Build/MMB29P) AppleWebKit/537.36 (KHTML, like Gecko) Chrome/136.0.7103.113 Mobile Safari/537.36 (compatible; Googlebot/2.1; +http://www.google.com/bot.html)"
52.167.144.197 - - [12/Jun/2025:08:42:50 -0400] "GET /?d=59084190260&filter=1226ef&share_to_url=goods.php%3Fid%3D2005127%26name%3Dbogle+vineyards+blend+vin HTTP/1.1" 200 23388 "-" "Mozilla/5.0 AppleWebKit/537.36 (KHTML, like Gecko; compatible; bingbot/2.0; +http://www.bing.com/bingbot.htm) Chrome/116.0.1938.76 Safari/537.36"
52.167.144.197 - - [12/Jun/2025:08:42:51 -0400] "GET /?d=26930821260&filter=f25e61&share_to_url=shopdetail.php%3Fid%3D913724%26name%3Dtitan+the+power+of HTTP/1.1" 200 22874 "-" "Mozilla/5.0 AppleWebKit/537.36 (KHTML, like Gecko; compatible; bingbot/2.0; +http://www.bing.com/bingbot.htm) Chrome/116.0.1938.76 Safari/537.36"
66.249.64.5 - - [12/Jun/2025:08:42:52 -0400] "GET /?d=92010120260&filter=febea6&share_to_url=ideas.php%3Fid%3D3117108%26name%3Dx01+micro+drone HTTP/1.1" 200 23195 "-" "Mozilla/5.0 (Linux; Android 6.0.1; Nexus 5X Build/MMB29P) AppleWebKit/537.36 (KHTML, like Gecko) Chrome/136.0.7103.113 Mobile Safari/537.36 (compatible; Googlebot/2.1; +http://www.google.com/bot.html)"
52.167.144.197 - - [12/Jun/2025:08:42:52 -0400] "GET /?d=25281663260&filter=4d7b9c&share_to_url=discover.php%3Fid%3D856925%26name%3Dbeautiful+lego+westie+set HTTP/1.1" 200 22968 "-" "Mozilla/5.0 AppleWebKit/537.36 (KHTML, like Gecko; compatible; bingbot/2.0; +http://www.bing.com/bingbot.htm) Chrome/116.0.1938.76 Safari/537.36"
66.249.64.5 - - [12/Jun/2025:08:42:53 -0400] "GET /?d=58633413260&filter=97eb76&share_to_url=item.php%3Fid%3D1989925%26name%3Dmaternity+dress+blue HTTP/1.1" 200 23346 "-" "Mozilla/5.0 (Linux; Android 6.0.1; Nexus 5X Build/MMB29P) AppleWebKit/537.36 (KHTML, like Gecko) Chrome/136.0.7103.113 Mobile Safari/537.36 (compatible; Googlebot/2.1; +http://www.google.com/bot.html)"
66.249.64.7 - - [12/Jun/2025:08:42:54 -0400] "GET /?d=71154834260&filter=97eb76&share_to_url=detail.php%3Fid%3D2411277%26name%3Djojo+armani+hotsell+clothes HTTP/1.1" 200 22812 "-" "Mozilla/5.0 (Linux; Android 6.0.1; Nexus 5X Build/MMB29P) AppleWebKit/537.36 (KHTML, like Gecko) Chrome/136.0.7103.113 Mobile Safari/537.36 (compatible; Googlebot/2.1; +http://www.google.com/bot.html)"
66.249.64.5 - - [12/Jun/2025:08:42:55 -0400] "GET /?d=98380059260&filter=07837b&share_to_url=ideas.php%3Fid%3D3334164%26name%3Dthe+five+w+039+s+of HTTP/1.1" 200 23343 "-" "Mozilla/5.0 (Linux; Android 6.0.1; Nexus 5X Build/MMB29P) AppleWebKit/537.36 (KHTML, like Gecko) Chrome/136.0.7103.113 Mobile Safari/537.36 (compatible; Googlebot/2.1; +http://www.google.com/bot.html)"
66.249.64.6 - - [12/Jun/2025:08:42:56 -0400] "GET /?d=110448900260&filter=ca372c&share_to_url=goods.php%3Fid%3D3739019%26name%3Dbreyer+cyrus HTTP/1.1" 200 23414 "-" "Mozilla/5.0 (Linux; Android 6.0.1; Nexus 5X Build/MMB29P) AppleWebKit/537.36 (KHTML, like Gecko) Chrome/136.0.7103.113 Mobile Safari/537.36 (compatible; Googlebot/2.1; +http://www.google.com/bot.html)"
40.77.167.9 - - [12/Jun/2025:08:42:56 -0400] "GET /?d=114695833260&filter=6c17ee&share_to_url=shopdetail.php%3Fid%3D3883904%26name%3Dhalfords+essential+guarantee+car+undefined HTTP/1.1" 200 22622 "-" "Mozilla/5.0 AppleWebKit/537.36 (KHTML, like Gecko; compatible; bingbot/2.0; +http://www.bing.com/bingbot.htm) Chrome/116.0.1938.76 Safari/537.36"
66.249.64.5 - - [12/Jun/2025:08:42:57 -0400] "GET /?d=116375605260&filter=847968&share_to_url=ideas.php%3Fid%3D3940896%26name%3Dganggang+merch+is+now HTTP/1.1" 200 24540 "-" "Mozilla/5.0 (Linux; Android 6.0.1; Nexus 5X Build/MMB29P) AppleWebKit/537.36 (KHTML, like Gecko) Chrome/136.0.7103.113 Mobile Safari/537.36 (compatible; Googlebot/2.1; +http://www.google.com/bot.html)"
66.249.64.5 - - [12/Jun/2025:08:42:59 -0400] "GET /?d=112996784260&filter=531ea9&share_to_url=detail.php%3Fid%3D3826737%26name%3Dsocial+cognitive+theory+in+the HTTP/1.1" 200 23581 "-" "Mozilla/5.0 (Linux; Android 6.0.1; Nexus 5X Build/MMB29P) AppleWebKit/537.36 (KHTML, like Gecko) Chrome/136.0.7103.113 Mobile Safari/537.36 (compatible; Googlebot/2.1; +http://www.google.com/bot.html)"
66.249.64.7 - - [12/Jun/2025:08:43:00 -0400] "GET /?d=92984098260&filter=e341e1&share_to_url=shop.php%3Fid%3D3150487%26name%3Ddior+blush+566+brown+milly HTTP/1.1" 200 22549 "-" "Mozilla/5.0 (Linux; Android 6.0.1; Nexus 5X Build/MMB29P) AppleWebKit/537.36 (KHTML, like Gecko) Chrome/136.0.7103.113 Mobile Safari/537.36 (compatible; Googlebot/2.1; +http://www.google.com/bot.html)"
66.249.64.6 - - [12/Jun/2025:08:43:01 -0400] "GET /?d=90475466260&filter=1cbf7a&share_to_url=discover.php%3Fid%3D3066437%26name%3Dfixtec+1500w+sds+plus HTTP/1.1" 200 24084 "-" "Mozilla/5.0 (Linux; Android 6.0.1; Nexus 5X Build/MMB29P) AppleWebKit/537.36 (KHTML, like Gecko) Chrome/136.0.7103.113 Mobile Safari/537.36 (compatible; Googlebot/2.1; +http://www.google.com/bot.html)"
66.249.64.6 - - [12/Jun/2025:08:43:02 -0400] "GET /?d=113094671260&filter=77322a&share_to_url=shop.php%3Fid%3D3830347%26name%3Dlego+moc+cardinal+and+bluejay HTTP/1.1" 200 23727 "-" "Mozilla/5.0 (Linux; Android 6.0.1; Nexus 5X Build/MMB29P) AppleWebKit/537.36 (KHTML, like Gecko) Chrome/136.0.7103.113 Mobile Safari/537.36 (compatible; Googlebot/2.1; +http://www.google.com/bot.html)"
66.249.64.5 - - [12/Jun/2025:08:43:04 -0400] "GET /?d=96376027260&filter=d9247f&share_to_url=article.php%3Fid%3D3265286%26name%3Dnycc+2023+x+men+039+97+goblin HTTP/1.1" 200 23025 "-" "Mozilla/5.0 (Linux; Android 6.0.1; Nexus 5X Build/MMB29P) AppleWebKit/537.36 (KHTML, like Gecko) Chrome/136.0.7103.113 Mobile Safari/537.36 (compatible; Googlebot/2.1; +http://www.google.com/bot.html)"
157.55.39.16 - - [12/Jun/2025:08:43:04 -0400] "GET /?d=92562612260&filter=809419&share_to_url=discover.php%3Fid%3D3136049%26name%3Dare+lavender+plants HTTP/1.1" 200 22710 "-" "Mozilla/5.0 AppleWebKit/537.36 (KHTML, like Gecko; compatible; bingbot/2.0; +http://www.bing.com/bingbot.htm) Chrome/116.0.1938.76 Safari/537.36"
66.249.64.5 - - [12/Jun/2025:08:43:05 -0400] "GET /?d=95951349260&filter=c848c0&share_to_url=item.php%3Fid%3D3250993%26name%3Dhead+strap+with+5000mah HTTP/1.1" 200 22071 "-" "Mozilla/5.0 (Linux; Android 6.0.1; Nexus 5X Build/MMB29P) AppleWebKit/537.36 (KHTML, like Gecko) Chrome/136.0.7103.113 Mobile Safari/537.36 (compatible; Googlebot/2.1; +http://www.google.com/bot.html)"
66.249.64.5 - - [12/Jun/2025:08:43:05 -0400] "GET /?d=112478549260&filter=e16dd9&share_to_url=ideas.php%3Fid%3D3809820%26name%3Ddiscuss+the+jurisdiction HTTP/1.1" 200 22219 "-" "Mozilla/5.0 (Linux; Android 6.0.1; Nexus 5X Build/MMB29P) AppleWebKit/537.36 (KHTML, like Gecko) Chrome/136.0.7103.113 Mobile Safari/537.36 (compatible; Googlebot/2.1; +http://www.google.com/bot.html)"
40.77.167.25 - - [12/Jun/2025:08:43:06 -0400] "GET /?d=114044116260&filter=9ca3b3&share_to_url=discover.php%3Fid%3D3862301%26name%3Dbardot+zerah+denim+cargo HTTP/1.1" 200 23502 "-" "Mozilla/5.0 AppleWebKit/537.36 (KHTML, like Gecko; compatible; bingbot/2.0; +http://www.bing.com/bingbot.htm) Chrome/116.0.1938.76 Safari/537.36"
66.249.64.5 - - [12/Jun/2025:08:43:06 -0400] "GET /?d=102893065260&filter=3c0842&share_to_url=pin.php%3Fid%3D3487086%26name%3Daspennigeriashops+b43628+adidas+locker HTTP/1.1" 200 21963 "-" "Mozilla/5.0 (Linux; Android 6.0.1; Nexus 5X Build/MMB29P) AppleWebKit/537.36 (KHTML, like Gecko) Chrome/136.0.7103.113 Mobile Safari/537.36 (compatible; Googlebot/2.1; +http://www.google.com/bot.html)"
40.77.167.25 - - [12/Jun/2025:08:43:07 -0400] "GET /?d=96277372260&filter=3ce4dd&share_to_url=article.php%3Fid%3D3261830%26name%3Dcalzetteria+donna+page+soriano HTTP/1.1" 200 23471 "-" "Mozilla/5.0 AppleWebKit/537.36 (KHTML, like Gecko; compatible; bingbot/2.0; +http://www.bing.com/bingbot.htm) Chrome/116.0.1938.76 Safari/537.36"
66.249.64.5 - - [12/Jun/2025:08:43:09 -0400] "GET /?d=112955927260&filter=fc5381&share_to_url=pin.php%3Fid%3D3825402%26name%3Dmulti+colored+sapphire+and+diamond+ring HTTP/1.1" 200 23858 "-" "Mozilla/5.0 (Linux; Android 6.0.1; Nexus 5X Build/MMB29P) AppleWebKit/537.36 (KHTML, like Gecko) Chrome/136.0.7103.113 Mobile Safari/537.36 (compatible; Googlebot/2.1; +http://www.google.com/bot.html)"
66.249.64.5 - - [12/Jun/2025:08:43:10 -0400] "GET /?d=108293927260&filter=4de61e&share_to_url=discover.php%3Fid%3D3666653%26name%3Dsurely+after+50+years HTTP/1.1" 200 25125 "-" "Mozilla/5.0 (Linux; Android 6.0.1; Nexus 5X Build/MMB29P) AppleWebKit/537.36 (KHTML, like Gecko) Chrome/136.0.7103.113 Mobile Safari/537.36 (compatible; Googlebot/2.1; +http://www.google.com/bot.html)"
66.249.64.5 - - [12/Jun/2025:08:43:11 -0400] "GET /?d=115220624260&filter=310282&share_to_url=article.php%3Fid%3D3901682%26name%3Darena+women+039+s+powerskin+carbon+core HTTP/1.1" 200 23116 "-" "Mozilla/5.0 (Linux; Android 6.0.1; Nexus 5X Build/MMB29P) AppleWebKit/537.36 (KHTML, like Gecko) Chrome/136.0.7103.113 Mobile Safari/537.36 (compatible; Googlebot/2.1; +http://www.google.com/bot.html)"
66.249.64.5 - - [12/Jun/2025:08:43:13 -0400] "GET /?d=108534066260&filter=a4c9b9&share_to_url=item.php%3Fid%3D3674845%26name%3Dmavericks+vs+warriors HTTP/1.1" 200 23914 "-" "Mozilla/5.0 (Linux; Android 6.0.1; Nexus 5X Build/MMB29P) AppleWebKit/537.36 (KHTML, like Gecko) Chrome/136.0.7103.113 Mobile Safari/537.36 (compatible; Googlebot/2.1; +http://www.google.com/bot.html)"
66.249.64.5 - - [12/Jun/2025:08:43:14 -0400] "GET /?d=89144515260&filter=6f69da&share_to_url=detail.php%3Fid%3D3021633%26name%3Dbirkenstock+mayari+black HTTP/1.1" 200 22633 "-" "Mozilla/5.0 (Linux; Android 6.0.1; Nexus 5X Build/MMB29P) AppleWebKit/537.36 (KHTML, like Gecko) Chrome/136.0.7103.113 Mobile Safari/537.36 (compatible; Googlebot/2.1; +http://www.google.com/bot.html)"
40.77.167.9 - - [12/Jun/2025:08:43:15 -0400] "GET /?d=95766748260&filter=b3b154&share_to_url=detail.php?id=3244665&name=scott%20metrix%2030%20at HTTP/1.1" 200 22250 "-" "Mozilla/5.0 AppleWebKit/537.36 (KHTML, like Gecko; compatible; bingbot/2.0; +http://www.bing.com/bingbot.htm) Chrome/116.0.1938.76 Safari/537.36"
66.249.64.5 - - [12/Jun/2025:08:43:16 -0400] "GET /?d=92840604260&filter=25e9e2&share_to_url=discover.php%3Fid%3D3145373%26name%3Dtakis+mukbang+experience+with HTTP/1.1" 200 23696 "-" "Mozilla/5.0 (Linux; Android 6.0.1; Nexus 5X Build/MMB29P) AppleWebKit/537.36 (KHTML, like Gecko) Chrome/136.0.7103.113 Mobile Safari/537.36 (compatible; Googlebot/2.1; +http://www.google.com/bot.html)"
66.249.64.5 - - [12/Jun/2025:08:43:17 -0400] "GET /?d=94382697260&filter=f4b633&share_to_url=item.php%3Fid%3D3198433%26name%3Dmarble+topped+pedestal HTTP/1.1" 200 24271 "-" "Mozilla/5.0 (Linux; Android 6.0.1; Nexus 5X Build/MMB29P) AppleWebKit/537.36 (KHTML, like Gecko) Chrome/136.0.7103.113 Mobile Safari/537.36 (compatible; Googlebot/2.1; +http://www.google.com/bot.html)"
66.249.64.5 - - [12/Jun/2025:08:43:18 -0400] "GET /?d=111703713260&filter=d50c1d&share_to_url=shop.php%3Fid%3D3783319%26name%3Djd+ew+muscle+toning HTTP/1.1" 200 24476 "-" "Mozilla/5.0 (Linux; Android 6.0.1; Nexus 5X Build/MMB29P) AppleWebKit/537.36 (KHTML, like Gecko) Chrome/136.0.7103.113 Mobile Safari/537.36 (compatible; Googlebot/2.1; +http://www.google.com/bot.html)"
40.77.167.25 - - [12/Jun/2025:08:43:19 -0400] "GET /?d=100046605260&filter=d14653&share_to_url=shopdetail.php?id=3390896&name=nike%20kdr%20clearance HTTP/1.1" 200 23366 "-" "Mozilla/5.0 AppleWebKit/537.36 (KHTML, like Gecko; compatible; bingbot/2.0; +http://www.bing.com/bingbot.htm) Chrome/116.0.1938.76 Safari/537.36"
66.249.64.5 - - [12/Jun/2025:08:43:20 -0400] "GET /?d=106025469260&filter=7af24f&share_to_url=item.php%3Fid%3D3591397%26name%3D27+473+ac+cooling+images HTTP/1.1" 200 24259 "-" "Mozilla/5.0 (Linux; Android 6.0.1; Nexus 5X Build/MMB29P) AppleWebKit/537.36 (KHTML, like Gecko) Chrome/136.0.7103.113 Mobile Safari/537.36 (compatible; Googlebot/2.1; +http://www.google.com/bot.html)"
66.249.64.5 - - [12/Jun/2025:08:43:20 -0400] "GET /?d=106095341260&filter=a84eac&share_to_url=detail.php%3Fid%3D3593625%26name%3Dcheap+fashion+white+boots HTTP/1.1" 200 24259 "-" "Mozilla/5.0 (Linux; Android 6.0.1; Nexus 5X Build/MMB29P) AppleWebKit/537.36 (KHTML, like Gecko) Chrome/136.0.7103.113 Mobile Safari/537.36 (compatible; Googlebot/2.1; +http://www.google.com/bot.html)"
66.249.64.5 - - [12/Jun/2025:08:43:21 -0400] "GET /?d=107550238260&filter=1da4d5&share_to_url=product-page.php%3Fid%3D3642316%26name%3Dvila+flor+ainda+n%C3%A3o HTTP/1.1" 200 23497 "-" "Mozilla/5.0 (Linux; Android 6.0.1; Nexus 5X Build/MMB29P) AppleWebKit/537.36 (KHTML, like Gecko) Chrome/136.0.7103.113 Mobile Safari/537.36 (compatible; Googlebot/2.1; +http://www.google.com/bot.html)"
66.249.64.5 - - [12/Jun/2025:08:43:22 -0400] "GET /?d=100481832260&filter=aec25c&share_to_url=pin.php%3Fid%3D3405714%26name%3Dmonty+105+verde+20+bikestore HTTP/1.1" 200 23524 "-" "Mozilla/5.0 (Linux; Android 6.0.1; Nexus 5X Build/MMB29P) AppleWebKit/537.36 (KHTML, like Gecko) Chrome/136.0.7103.113 Mobile Safari/537.36 (compatible; Googlebot/2.1; +http://www.google.com/bot.html)"
66.249.64.5 - - [12/Jun/2025:08:43:23 -0400] "GET /?d=107156302260&filter=654806&share_to_url=shopdetail.php%3Fid%3D3628796%26name%3Dduke+electric+blue HTTP/1.1" 200 23086 "-" "Mozilla/5.0 (Linux; Android 6.0.1; Nexus 5X Build/MMB29P) AppleWebKit/537.36 (KHTML, like Gecko) Chrome/136.0.7103.113 Mobile Safari/537.36 (compatible; Googlebot/2.1; +http://www.google.com/bot.html)"
66.249.64.5 - - [12/Jun/2025:08:43:23 -0400] "GET /?d=102970081260&filter=34e834&share_to_url=ideas.php%3Fid%3D3489648%26name%3Dofficial+cleveland+browns+veterans HTTP/1.1" 200 23432 "-" "Mozilla/5.0 (Linux; Android 6.0.1; Nexus 5X Build/MMB29P) AppleWebKit/537.36 (KHTML, like Gecko) Chrome/136.0.7103.113 Mobile Safari/537.36 (compatible; Googlebot/2.1; +http://www.google.com/bot.html)"
66.249.64.6 - - [12/Jun/2025:08:43:23 -0400] "GET /?d=116419329260&filter=3d4c80&share_to_url=product.php%3Fid%3D3942370%26name%3Dkinderplay+cucina+giocattolo+per HTTP/1.1" 200 23215 "-" "Mozilla/5.0 (Linux; Android 6.0.1; Nexus 5X Build/MMB29P) AppleWebKit/537.36 (KHTML, like Gecko) Chrome/136.0.7103.113 Mobile Safari/537.36 (compatible; Googlebot/2.1; +http://www.google.com/bot.html)"
66.249.64.6 - - [12/Jun/2025:08:43:24 -0400] "GET /?d=117257044260&filter=89626b&share_to_url=model.php%3Fid%3D3971271%26name%3Dgetting+motion+notifications+all+day HTTP/1.1" 200 24016 "-" "Mozilla/5.0 (Linux; Android 6.0.1; Nexus 5X Build/MMB29P) AppleWebKit/537.36 (KHTML, like Gecko) Chrome/136.0.7103.113 Mobile Safari/537.36 (compatible; Googlebot/2.1; +http://www.google.com/bot.html)"
66.249.64.5 - - [12/Jun/2025:08:43:25 -0400] "GET /?d=116113640260&filter=654806&share_to_url=product-page.php%3Fid%3D3932176%26name%3D3rd+base+diesel HTTP/1.1" 200 23831 "-" "Mozilla/5.0 (Linux; Android 6.0.1; Nexus 5X Build/MMB29P) AppleWebKit/537.36 (KHTML, like Gecko) Chrome/136.0.7103.113 Mobile Safari/537.36 (compatible; Googlebot/2.1; +http://www.google.com/bot.html)"
157.55.39.16 - - [12/Jun/2025:08:43:25 -0400] "GET /?d=52247555260&filter=6c3290&share_to_url=shopdetail.php%3Fid%3D1775924%26name%3Dvettoriale+stockalbero+quattro+selling HTTP/1.1" 200 23798 "-" "Mozilla/5.0 AppleWebKit/537.36 (KHTML, like Gecko; compatible; bingbot/2.0; +http://www.bing.com/bingbot.htm) Chrome/116.0.1938.76 Safari/537.36"
66.249.64.5 - - [12/Jun/2025:08:43:26 -0400] "GET /?d=92259094260&filter=b94814&share_to_url=product-page.php%3Fid%3D3125536%26name%3Dupgraded+touch+screen+lcd HTTP/1.1" 200 24445 "-" "Mozilla/5.0 (Linux; Android 6.0.1; Nexus 5X Build/MMB29P) AppleWebKit/537.36 (KHTML, like Gecko) Chrome/136.0.7103.113 Mobile Safari/537.36 (compatible; Googlebot/2.1; +http://www.google.com/bot.html)"
66.249.64.6 - - [12/Jun/2025:08:43:26 -0400] "GET /?d=71804565260&filter=a62678&share_to_url=ideas.php%3Fid%3D2433312%26name%3Dverstehen+sie+den+listenpreis HTTP/1.1" 200 22727 "-" "Mozilla/5.0 (Linux; Android 6.0.1; Nexus 5X Build/MMB29P) AppleWebKit/537.36 (KHTML, like Gecko) Chrome/136.0.7103.113 Mobile Safari/537.36 (compatible; Googlebot/2.1; +http://www.google.com/bot.html)"
66.249.64.5 - - [12/Jun/2025:08:43:28 -0400] "GET /?d=117712406260&filter=cae449&share_to_url=detail.php%3Fid%3D3986505%26name%3Dabout+afterpay+le+dog HTTP/1.1" 200 23131 "-" "Mozilla/5.0 (Linux; Android 6.0.1; Nexus 5X Build/MMB29P) AppleWebKit/537.36 (KHTML, like Gecko) Chrome/136.0.7103.113 Mobile Safari/537.36 (compatible; Googlebot/2.1; +http://www.google.com/bot.html)"
66.249.64.6 - - [12/Jun/2025:08:43:29 -0400] "GET /?d=115001943260&filter=075d7c&share_to_url=article.php%3Fid%3D3894278%26name%3Dugg+tong+sales HTTP/1.1" 200 22694 "-" "Mozilla/5.0 (Linux; Android 6.0.1; Nexus 5X Build/MMB29P) AppleWebKit/537.36 (KHTML, like Gecko) Chrome/136.0.7103.113 Mobile Safari/537.36 (compatible; Googlebot/2.1; +http://www.google.com/bot.html)"
66.249.64.5 - - [12/Jun/2025:08:43:29 -0400] "GET /?d=91585577260&filter=847968&share_to_url=detail.php%3Fid%3D3103617%26name%3Drabbit+hoodie HTTP/1.1" 200 22917 "-" "Mozilla/5.0 (Linux; Android 6.0.1; Nexus 5X Build/MMB29P) AppleWebKit/537.36 (KHTML, like Gecko) Chrome/136.0.7103.113 Mobile Safari/537.36 (compatible; Googlebot/2.1; +http://www.google.com/bot.html)"
66.249.64.5 - - [12/Jun/2025:08:43:30 -0400] "GET /?d=116115372260&filter=89626b&share_to_url=discover.php%3Fid%3D3932237%26name%3Dwuuk+2k+wireless HTTP/1.1" 200 23411 "-" "Mozilla/5.0 (Linux; Android 6.0.1; Nexus 5X Build/MMB29P) AppleWebKit/537.36 (KHTML, like Gecko) Chrome/136.0.7103.113 Mobile Safari/537.36 (compatible; Googlebot/2.1; +http://www.google.com/bot.html)"
66.249.64.5 - - [12/Jun/2025:08:43:31 -0400] "GET /?d=97859611260&filter=790b4d&share_to_url=pin.php%3Fid%3D3316698%26name%3Droxy+roxy+girls HTTP/1.1" 200 22690 "-" "Mozilla/5.0 (Linux; Android 6.0.1; Nexus 5X Build/MMB29P) AppleWebKit/537.36 (KHTML, like Gecko) Chrome/136.0.7103.113 Mobile Safari/537.36 (compatible; Googlebot/2.1; +http://www.google.com/bot.html)"
66.249.64.6 - - [12/Jun/2025:08:43:32 -0400] "GET /?d=104260669260&filter=bcf072&share_to_url=article.php%3Fid%3D3532550%26name%3Djungkook+with+a+bunny+hat HTTP/1.1" 200 24163 "-" "Mozilla/5.0 (Linux; Android 6.0.1; Nexus 5X Build/MMB29P) AppleWebKit/537.36 (KHTML, like Gecko) Chrome/136.0.7103.113 Mobile Safari/537.36 (compatible; Googlebot/2.1; +http://www.google.com/bot.html)"
66.249.64.7 - - [12/Jun/2025:08:43:33 -0400] "GET /?d=100365529260&filter=dea2ef&share_to_url=product-page.php%3Fid%3D3401812%26name%3Dreview+of+the+jumppod HTTP/1.1" 200 22993 "-" "Mozilla/5.0 (Linux; Android 6.0.1; Nexus 5X Build/MMB29P) AppleWebKit/537.36 (KHTML, like Gecko) Chrome/136.0.7103.113 Mobile Safari/537.36 (compatible; Googlebot/2.1; +http://www.google.com/bot.html)"
40.77.167.9 - - [12/Jun/2025:08:43:34 -0400] "GET /?d=115918009260&filter=3d4c80&share_to_url=ideas.php?id=3925560&name=lego%20city%20space%20center HTTP/1.1" 200 21719 "-" "Mozilla/5.0 AppleWebKit/537.36 (KHTML, like Gecko; compatible; bingbot/2.0; +http://www.bing.com/bingbot.htm) Chrome/116.0.1938.76 Safari/537.36"
66.249.64.6 - - [12/Jun/2025:08:43:34 -0400] "GET /?d=114232254260&filter=f3b098&share_to_url=item.php%3Fid%3D3868357%26name%3Dpug+and+japanese+spitz HTTP/1.1" 200 24745 "-" "Mozilla/5.0 (Linux; Android 6.0.1; Nexus 5X Build/MMB29P) AppleWebKit/537.36 (KHTML, like Gecko) Chrome/136.0.7103.113 Mobile Safari/537.36 (compatible; Googlebot/2.1; +http://www.google.com/bot.html)"
40.77.167.9 - - [12/Jun/2025:08:43:35 -0400] "GET /?d=99990306260&filter=7424df&share_to_url=shop.php%3Fid%3D3388855%26name%3Dreebok+footwear+energen HTTP/1.1" 200 22658 "-" "Mozilla/5.0 AppleWebKit/537.36 (KHTML, like Gecko; compatible; bingbot/2.0; +http://www.bing.com/bingbot.htm) Chrome/116.0.1938.76 Safari/537.36"
157.55.39.16 - - [12/Jun/2025:08:43:35 -0400] "GET /?d=114745991260&filter=54d420&share_to_url=shopdetail.php%3Fid%3D3885572%26name%3Dtop+10+electric+tricycle+manufacturers HTTP/1.1" 200 24361 "-" "Mozilla/5.0 AppleWebKit/537.36 (KHTML, like Gecko; compatible; bingbot/2.0; +http://www.bing.com/bingbot.htm) Chrome/116.0.1938.76 Safari/537.36"
66.249.64.7 - - [12/Jun/2025:08:43:35 -0400] "GET /?d=105526795260&filter=138133&share_to_url=discover.php%3Fid%3D3574889%26name%3Daime+leon+dore+clothing HTTP/1.1" 200 24036 "-" "Mozilla/5.0 (Linux; Android 6.0.1; Nexus 5X Build/MMB29P) AppleWebKit/537.36 (KHTML, like Gecko) Chrome/136.0.7103.113 Mobile Safari/537.36 (compatible; Googlebot/2.1; +http://www.google.com/bot.html)"
66.249.64.7 - - [12/Jun/2025:08:43:36 -0400] "GET /?d=117241525260&filter=b3ceb7&share_to_url=model.php%3Fid%3D3970695%26name%3Dgear+gear4+crystal HTTP/1.1" 200 22898 "-" "Mozilla/5.0 (Linux; Android 6.0.1; Nexus 5X Build/MMB29P) AppleWebKit/537.36 (KHTML, like Gecko) Chrome/136.0.7103.113 Mobile Safari/537.36 (compatible; Googlebot/2.1; +http://www.google.com/bot.html)"
66.249.64.7 - - [12/Jun/2025:08:43:38 -0400] "GET /?d=103275556260&filter=79c36d&share_to_url=shopdetail.php%3Fid%3D3499868%26name%3Dhere+they+are+our HTTP/1.1" 200 23492 "-" "Mozilla/5.0 (Linux; Android 6.0.1; Nexus 5X Build/MMB29P) AppleWebKit/537.36 (KHTML, like Gecko) Chrome/136.0.7103.113 Mobile Safari/537.36 (compatible; Googlebot/2.1; +http://www.google.com/bot.html)"
40.77.167.25 - - [12/Jun/2025:08:43:38 -0400] "GET /?d=97646951260&filter=9a225b&share_to_url=shop.php?id=3309343&name=buy%20shirts%20amp%20tops%20for HTTP/1.1" 200 23638 "-" "Mozilla/5.0 AppleWebKit/537.36 (KHTML, like Gecko; compatible; bingbot/2.0; +http://www.bing.com/bingbot.htm) Chrome/116.0.1938.76 Safari/537.36"
66.249.64.7 - - [12/Jun/2025:08:43:38 -0400] "GET /?d=111887600260&filter=9baa02&share_to_url=article.php%3Fid%3D3789746%26name%3Dwaterproof+reusable+rain+boot+covers HTTP/1.1" 200 24237 "-" "Mozilla/5.0 (Linux; Android 6.0.1; Nexus 5X Build/MMB29P) AppleWebKit/537.36 (KHTML, like Gecko) Chrome/136.0.7103.113 Mobile Safari/537.36 (compatible; Googlebot/2.1; +http://www.google.com/bot.html)"
40.77.167.25 - - [12/Jun/2025:08:43:39 -0400] "GET /?d=117642471260&filter=45b8ec&share_to_url=shopdetail.php%3Fid%3D3984080%26name%3Dtudor+glamour+double HTTP/1.1" 200 22609 "-" "Mozilla/5.0 AppleWebKit/537.36 (KHTML, like Gecko; compatible; bingbot/2.0; +http://www.bing.com/bingbot.htm) Chrome/116.0.1938.76 Safari/537.36"
66.249.64.7 - - [12/Jun/2025:08:43:39 -0400] "GET /?d=102936109260&filter=f4b633&share_to_url=pin.php%3Fid%3D3488514%26name%3Dnilkamal+chair+model+2024+2213 HTTP/1.1" 200 24067 "-" "Mozilla/5.0 (Linux; Android 6.0.1; Nexus 5X Build/MMB29P) AppleWebKit/537.36 (KHTML, like Gecko) Chrome/136.0.7103.113 Mobile Safari/537.36 (compatible; Googlebot/2.1; +http://www.google.com/bot.html)"
52.167.144.197 - - [12/Jun/2025:08:43:40 -0400] "GET /?d=109315461260&filter=0325d7&share_to_url=item.php%3Fid%3D3700585%26name%3Dastonish+tanishq+titan+company+kundan HTTP/1.1" 200 23725 "-" "Mozilla/5.0 AppleWebKit/537.36 (KHTML, like Gecko; compatible; bingbot/2.0; +http://www.bing.com/bingbot.htm) Chrome/116.0.1938.76 Safari/537.36"
66.249.64.7 - - [12/Jun/2025:08:43:41 -0400] "GET /?d=109455644260&filter=1460ea&share_to_url=shop.php%3Fid%3D3704899%26name%3Dbocce+039+s+bakery+biscuits+gourmet HTTP/1.1" 200 23954 "-" "Mozilla/5.0 (Linux; Android 6.0.1; Nexus 5X Build/MMB29P) AppleWebKit/537.36 (KHTML, like Gecko) Chrome/136.0.7103.113 Mobile Safari/537.36 (compatible; Googlebot/2.1; +http://www.google.com/bot.html)"
66.249.64.5 - - [12/Jun/2025:08:43:41 -0400] "GET /?d=91561001260&filter=eba88d&share_to_url=ideas.php%3Fid%3D3102876%26name%3Dmaschere+di+animali+da+colorare HTTP/1.1" 200 23836 "-" "Mozilla/5.0 (Linux; Android 6.0.1; Nexus 5X Build/MMB29P) AppleWebKit/537.36 (KHTML, like Gecko) Chrome/136.0.7103.113 Mobile Safari/537.36 (compatible; Googlebot/2.1; +http://www.google.com/bot.html)"
66.249.64.5 - - [12/Jun/2025:08:43:42 -0400] "GET /?d=108433801260&filter=a4c9b9&share_to_url=product-page.php%3Fid%3D3671428%26name%3Dpractical+rubber+watch HTTP/1.1" 200 23971 "-" "Mozilla/5.0 (Linux; Android 6.0.1; Nexus 5X Build/MMB29P) AppleWebKit/537.36 (KHTML, like Gecko) Chrome/136.0.7103.113 Mobile Safari/537.36 (compatible; Googlebot/2.1; +http://www.google.com/bot.html)"
66.249.64.6 - - [12/Jun/2025:08:43:43 -0400] "GET /?d=95824824260&filter=8104cb&share_to_url=pin.php%3Fid%3D3246654%26name%3Dyellow+citrus+press HTTP/1.1" 200 23495 "-" "Mozilla/5.0 (Linux; Android 6.0.1; Nexus 5X Build/MMB29P) AppleWebKit/537.36 (KHTML, like Gecko) Chrome/136.0.7103.113 Mobile Safari/537.36 (compatible; Googlebot/2.1; +http://www.google.com/bot.html)"
66.249.64.6 - - [12/Jun/2025:08:43:44 -0400] "GET /?d=99766260260&filter=4c1b27&share_to_url=ideas.php%3Fid%3D3381300%26name%3Dcristobal+balenciaga+pdf HTTP/1.1" 200 23108 "-" "Mozilla/5.0 (Linux; Android 6.0.1; Nexus 5X Build/MMB29P) AppleWebKit/537.36 (KHTML, like Gecko) Chrome/136.0.7103.113 Mobile Safari/537.36 (compatible; Googlebot/2.1; +http://www.google.com/bot.html)"
66.249.64.7 - - [12/Jun/2025:08:43:46 -0400] "GET /?d=107415446260&filter=1cbf7a&share_to_url=shopdetail.php%3Fid%3D3637868%26name%3Dgenuine+bosch+stores+psr+select HTTP/1.1" 200 23101 "-" "Mozilla/5.0 (Linux; Android 6.0.1; Nexus 5X Build/MMB29P) AppleWebKit/537.36 (KHTML, like Gecko) Chrome/136.0.7103.113 Mobile Safari/537.36 (compatible; Googlebot/2.1; +http://www.google.com/bot.html)"
66.249.64.7 - - [12/Jun/2025:08:43:47 -0400] "GET /?d=116022093260&filter=d53535&share_to_url=goods.php%3Fid%3D3928931%26name%3Dhyundai+veloster+usag%C3%A9+%C3%A0+vendre HTTP/1.1" 200 21767 "-" "Mozilla/5.0 (Linux; Android 6.0.1; Nexus 5X Build/MMB29P) AppleWebKit/537.36 (KHTML, like Gecko) Chrome/136.0.7103.113 Mobile Safari/537.36 (compatible; Googlebot/2.1; +http://www.google.com/bot.html)"
66.249.64.7 - - [12/Jun/2025:08:43:48 -0400] "GET /?d=111191057260&filter=74e00d&share_to_url=detail.php%3Fid%3D3765225%26name%3Dfragrances+carven+c+039+est+paris HTTP/1.1" 200 22685 "-" "Mozilla/5.0 (Linux; Android 6.0.1; Nexus 5X Build/MMB29P) AppleWebKit/537.36 (KHTML, like Gecko) Chrome/136.0.7103.113 Mobile Safari/537.36 (compatible; Googlebot/2.1; +http://www.google.com/bot.html)"
66.249.64.8 - - [12/Jun/2025:08:43:49 -0400] "GET /?d=112271994260&filter=500ad1&share_to_url=model.php%3Fid%3D3802923%26name%3Dkaren+vestido HTTP/1.1" 200 23496 "-" "Mozilla/5.0 (Linux; Android 6.0.1; Nexus 5X Build/MMB29P) AppleWebKit/537.36 (KHTML, like Gecko) Chrome/136.0.7103.113 Mobile Safari/537.36 (compatible; Googlebot/2.1; +http://www.google.com/bot.html)"
66.249.64.6 - - [12/Jun/2025:08:43:50 -0400] "GET /?d=91952793260&filter=363c48&share_to_url=product.php%3Fid%3D3115210%26name%3Dbest+cyber+monday+coach HTTP/1.1" 200 24152 "-" "Mozilla/5.0 (Linux; Android 6.0.1; Nexus 5X Build/MMB29P) AppleWebKit/537.36 (KHTML, like Gecko) Chrome/136.0.7103.113 Mobile Safari/537.36 (compatible; Googlebot/2.1; +http://www.google.com/bot.html)"
66.249.64.6 - - [12/Jun/2025:08:43:51 -0400] "GET /?d=110803240260&filter=d9247f&share_to_url=model.php%3Fid%3D3751551%26name%3Dmafex+infinity+war+thor+came HTTP/1.1" 200 22682 "-" "Mozilla/5.0 (Linux; Android 6.0.1; Nexus 5X Build/MMB29P) AppleWebKit/537.36 (KHTML, like Gecko) Chrome/136.0.7103.113 Mobile Safari/537.36 (compatible; Googlebot/2.1; +http://www.google.com/bot.html)"
66.249.64.8 - - [12/Jun/2025:08:43:53 -0400] "GET /?d=98553017260&filter=144b1a&share_to_url=item.php%3Fid%3D3340081%26name%3Dpisahuevos+autoclave HTTP/1.1" 200 22772 "-" "Mozilla/5.0 (Linux; Android 6.0.1; Nexus 5X Build/MMB29P) AppleWebKit/537.36 (KHTML, like Gecko) Chrome/136.0.7103.113 Mobile Safari/537.36 (compatible; Googlebot/2.1; +http://www.google.com/bot.html)"
157.55.39.16 - - [12/Jun/2025:08:43:53 -0400] "GET /?d=101435046260&filter=b21aee&share_to_url=discover.php%3Fid%3D3438653%26name%3Dmen%C3%82+s+shoes+garmont HTTP/1.1" 200 22514 "-" "Mozilla/5.0 AppleWebKit/537.36 (KHTML, like Gecko; compatible; bingbot/2.0; +http://www.bing.com/bingbot.htm) Chrome/116.0.1938.76 Safari/537.36"
66.249.64.6 - - [12/Jun/2025:08:43:55 -0400] "GET /?d=94725922260&filter=7dfe8b&share_to_url=ideas.php%3Fid%3D3209652%26name%3Dcaught+my+first HTTP/1.1" 200 23629 "-" "Mozilla/5.0 (Linux; Android 6.0.1; Nexus 5X Build/MMB29P) AppleWebKit/537.36 (KHTML, like Gecko) Chrome/136.0.7103.113 Mobile Safari/537.36 (compatible; Googlebot/2.1; +http://www.google.com/bot.html)"
207.46.13.127 - - [12/Jun/2025:08:43:55 -0400] "GET /?d=88348421260&filter=6afb2d&share_to_url=article.php%3Fid%3D2994206%26name%3Dfootball+opts+out HTTP/1.1" 200 24061 "-" "Mozilla/5.0 AppleWebKit/537.36 (KHTML, like Gecko; compatible; bingbot/2.0; +http://www.bing.com/bingbot.htm) Chrome/116.0.1938.76 Safari/537.36"
157.55.39.16 - - [12/Jun/2025:08:43:56 -0400] "GET /?d=86054303260&filter=bc40a5&share_to_url=shop.php%3Fid%3D2915467%26name%3Dcrs+crown+race HTTP/1.1" 200 23758 "-" "Mozilla/5.0 AppleWebKit/537.36 (KHTML, like Gecko; compatible; bingbot/2.0; +http://www.bing.com/bingbot.htm) Chrome/116.0.1938.76 Safari/537.36"
40.77.167.37 - - [12/Jun/2025:08:43:56 -0400] "GET /?d=16878059260&filter=b873a7&share_to_url=item.php%3Fid%3D575689%26name%3Dsullivan+tip+down HTTP/1.1" 200 24536 "-" "Mozilla/5.0 AppleWebKit/537.36 (KHTML, like Gecko; compatible; bingbot/2.0; +http://www.bing.com/bingbot.htm) Chrome/116.0.1938.76 Safari/537.36"
