85.208.96.204 - - [11/Jan/2025:09:56:52 -0500] "GET /1025831012.htm HTTP/1.1" 404 1251 "-" "Mozilla/5.0 (compatible; SemrushBot/7~bl; +http://www.semrush.com/bot.html)"
185.191.171.14 - - [11/Jan/2025:09:56:55 -0500] "GET /1025834248.htm HTTP/1.1" 404 1251 "-" "Mozilla/5.0 (compatible; SemrushBot/7~bl; +http://www.semrush.com/bot.html)"
185.191.171.3 - - [11/Jan/2025:09:57:11 -0500] "GET /10258125875.htm HTTP/1.1" 404 1251 "-" "Mozilla/5.0 (compatible; SemrushBot/7~bl; +http://www.semrush.com/bot.html)"
185.191.171.17 - - [11/Jan/2025:09:57:15 -0500] "GET /10258294491.htm HTTP/1.1" 404 1251 "-" "Mozilla/5.0 (compatible; SemrushBot/7~bl; +http://www.semrush.com/bot.html)"
114.119.157.237 - - [11/Jan/2025:09:57:20 -0500] "GET /include/lo.php?path=/home/lentoinv/test.lentoria.com/public/assets/fonts/feather HTTP/1.1" 200 1071 "https://www.believersfamilyfoundation.com/include/lo.php?path=/home/lentoinv/test.lentoria.com/public/assets/fonts/feather" "Mozilla/5.0 (Linux; Android 7.0;) AppleWebKit/537.36 (KHTML, like Gecko) Mobile Safari/537.36 (compatible; PetalBot;+https://webmaster.petalsearch.com/site/petalbot)"
185.191.171.14 - - [11/Jan/2025:09:57:20 -0500] "GET /45785186.htm HTTP/1.1" 404 1251 "-" "Mozilla/5.0 (compatible; SemrushBot/7~bl; +http://www.semrush.com/bot.html)"
3.144.18.59 - - [11/Jan/2025:09:57:28 -0500] "GET /include/lo.php?path=%2Fhome%2Flentoinv%2Fprops%2Fvendor%2Fmockery%2Fmockery%2Fdocs HTTP/1.1" 200 1089 "-" "Mozilla/5.0 AppleWebKit/537.36 (KHTML, like Gecko; compatible; ClaudeBot/1.0; +claudebot@anthropic.com)"
185.191.171.14 - - [11/Jan/2025:09:57:29 -0500] "GET /10258286575.htm HTTP/1.1" 404 1251 "-" "Mozilla/5.0 (compatible; SemrushBot/7~bl; +http://www.semrush.com/bot.html)"
185.191.171.3 - - [11/Jan/2025:09:57:31 -0500] "GET /10258261082.htm HTTP/1.1" 404 1251 "-" "Mozilla/5.0 (compatible; SemrushBot/7~bl; +http://www.semrush.com/bot.html)"
85.208.96.203 - - [11/Jan/2025:09:57:33 -0500] "GET /8201569770.htm HTTP/1.1" 404 1251 "-" "Mozilla/5.0 (compatible; SemrushBot/7~bl; +http://www.semrush.com/bot.html)"
85.208.96.194 - - [11/Jan/2025:09:57:56 -0500] "GET /8201566565.htm HTTP/1.1" 404 1251 "-" "Mozilla/5.0 (compatible; SemrushBot/7~bl; +http://www.semrush.com/bot.html)"
85.208.96.196 - - [11/Jan/2025:09:57:58 -0500] "GET /8201567858.htm HTTP/1.1" 404 1251 "-" "Mozilla/5.0 (compatible; SemrushBot/7~bl; +http://www.semrush.com/bot.html)"
185.191.171.19 - - [11/Jan/2025:09:58:00 -0500] "GET /8201560284.htm HTTP/1.1" 404 1251 "-" "Mozilla/5.0 (compatible; SemrushBot/7~bl; +http://www.semrush.com/bot.html)"
85.208.96.194 - - [11/Jan/2025:09:58:17 -0500] "GET /10258289918.htm HTTP/1.1" 404 1251 "-" "Mozilla/5.0 (compatible; SemrushBot/7~bl; +http://www.semrush.com/bot.html)"
85.208.96.206 - - [11/Jan/2025:09:58:20 -0500] "GET /10258296899.htm HTTP/1.1" 404 1251 "-" "Mozilla/5.0 (compatible; SemrushBot/7~bl; +http://www.semrush.com/bot.html)"
40.77.167.53 - - [11/Jan/2025:09:58:30 -0500] "GET /category/5521-3418600037.html HTTP/1.1" 404 1251 "-" "Mozilla/5.0 AppleWebKit/537.36 (KHTML, like Gecko; compatible; bingbot/2.0; +http://www.bing.com/bingbot.htm) Chrome/116.0.1938.76 Safari/537.36"
185.191.171.14 - - [11/Jan/2025:09:58:34 -0500] "GET /8201553607.htm HTTP/1.1" 404 1251 "-" "Mozilla/5.0 (compatible; SemrushBot/7~bl; +http://www.semrush.com/bot.html)"
85.208.96.197 - - [11/Jan/2025:09:59:42 -0500] "GET /8201560897.htm HTTP/1.1" 404 1251 "-" "Mozilla/5.0 (compatible; SemrushBot/7~bl; +http://www.semrush.com/bot.html)"
85.208.96.209 - - [11/Jan/2025:09:59:47 -0500] "GET /10258114499.htm HTTP/1.1" 404 1251 "-" "Mozilla/5.0 (compatible; SemrushBot/7~bl; +http://www.semrush.com/bot.html)"
185.191.171.1 - - [11/Jan/2025:09:59:54 -0500] "GET /1025834296.htm HTTP/1.1" 404 1251 "-" "Mozilla/5.0 (compatible; SemrushBot/7~bl; +http://www.semrush.com/bot.html)"
114.119.157.237 - - [11/Jan/2025:09:59:55 -0500] "GET /include/lo.php?path=/home/lentoinv/props/vendor/psy/psysh/src/Command/TimeitCommand HTTP/1.1" 200 1037 "https://www.believersfamilyfoundation.com/include/lo.php?path=/home/lentoinv/props/vendor/psy/psysh/src/Command" "Mozilla/5.0 (Linux; Android 7.0;) AppleWebKit/537.36 (KHTML, like Gecko) Mobile Safari/537.36 (compatible; PetalBot;+https://webmaster.petalsearch.com/site/petalbot)"
185.191.171.19 - - [11/Jan/2025:10:00:11 -0500] "GET /10258220626.htm HTTP/1.1" 404 1251 "-" "Mozilla/5.0 (compatible; SemrushBot/7~bl; +http://www.semrush.com/bot.html)"
185.191.171.2 - - [11/Jan/2025:10:00:36 -0500] "GET /10258287242.htm HTTP/1.1" 404 1251 "-" "Mozilla/5.0 (compatible; SemrushBot/7~bl; +http://www.semrush.com/bot.html)"
85.208.96.205 - - [11/Jan/2025:10:00:50 -0500] "GET /8201564535.htm HTTP/1.1" 404 1251 "-" "Mozilla/5.0 (compatible; SemrushBot/7~bl; +http://www.semrush.com/bot.html)"
185.191.171.9 - - [11/Jan/2025:10:00:54 -0500] "GET /1025814775.htm HTTP/1.1" 404 1251 "-" "Mozilla/5.0 (compatible; SemrushBot/7~bl; +http://www.semrush.com/bot.html)"
85.208.96.198 - - [11/Jan/2025:10:01:02 -0500] "GET /10258291629.htm HTTP/1.1" 404 1251 "-" "Mozilla/5.0 (compatible; SemrushBot/7~bl; +http://www.semrush.com/bot.html)"
85.208.96.193 - - [11/Jan/2025:10:01:11 -0500] "GET /10258297401.htm HTTP/1.1" 404 1251 "-" "Mozilla/5.0 (compatible; SemrushBot/7~bl; +http://www.semrush.com/bot.html)"
85.208.96.200 - - [11/Jan/2025:10:01:19 -0500] "GET /10258280539.htm HTTP/1.1" 404 1251 "-" "Mozilla/5.0 (compatible; SemrushBot/7~bl; +http://www.semrush.com/bot.html)"
185.191.171.6 - - [11/Jan/2025:10:01:31 -0500] "GET /10258204740.htm HTTP/1.1" 404 1251 "-" "Mozilla/5.0 (compatible; SemrushBot/7~bl; +http://www.semrush.com/bot.html)"
185.191.171.11 - - [11/Jan/2025:10:01:38 -0500] "GET /10258247723.htm HTTP/1.1" 404 1251 "-" "Mozilla/5.0 (compatible; SemrushBot/7~bl; +http://www.semrush.com/bot.html)"
85.208.96.203 - - [11/Jan/2025:10:01:40 -0500] "GET /10258292060.htm HTTP/1.1" 404 1251 "-" "Mozilla/5.0 (compatible; SemrushBot/7~bl; +http://www.semrush.com/bot.html)"
85.208.96.202 - - [11/Jan/2025:10:01:45 -0500] "GET /496249627.htm HTTP/1.1" 404 1251 "-" "Mozilla/5.0 (compatible; SemrushBot/7~bl; +http://www.semrush.com/bot.html)"
185.191.171.14 - - [11/Jan/2025:10:01:57 -0500] "GET /10258257853.htm HTTP/1.1" 404 1251 "-" "Mozilla/5.0 (compatible; SemrushBot/7~bl; +http://www.semrush.com/bot.html)"
85.208.96.198 - - [11/Jan/2025:10:02:01 -0500] "GET /1025855993.htm HTTP/1.1" 404 1251 "-" "Mozilla/5.0 (compatible; SemrushBot/7~bl; +http://www.semrush.com/bot.html)"
185.191.171.2 - - [11/Jan/2025:10:02:17 -0500] "GET /8201553623.htm HTTP/1.1" 404 1251 "-" "Mozilla/5.0 (compatible; SemrushBot/7~bl; +http://www.semrush.com/bot.html)"
114.119.157.237 - - [11/Jan/2025:10:02:18 -0500] "GET /include/lo.php?path=/home/lentoinv/test.lentoria.com/public/assets/cdnjs.cloudflare.com/ajax/libs/font-awesome/5.11.2 HTTP/1.1" 200 1049 "https://www.believersfamilyfoundation.com/include/lo.php?path=/home/lentoinv/test.lentoria.com/public/assets/cdnjs.cloudflare.com/ajax/libs/font-awesome/5.11.2" "Mozilla/5.0 (Linux; Android 7.0;) AppleWebKit/537.36 (KHTML, like Gecko) Mobile Safari/537.36 (compatible; PetalBot;+https://webmaster.petalsearch.com/site/petalbot)"
85.208.96.203 - - [11/Jan/2025:10:02:19 -0500] "GET /1025821215.htm HTTP/1.1" 404 1251 "-" "Mozilla/5.0 (compatible; SemrushBot/7~bl; +http://www.semrush.com/bot.html)"
85.208.96.196 - - [11/Jan/2025:10:02:24 -0500] "GET /10258138226.htm HTTP/1.1" 404 1251 "-" "Mozilla/5.0 (compatible; SemrushBot/7~bl; +http://www.semrush.com/bot.html)"
185.191.171.13 - - [11/Jan/2025:10:02:36 -0500] "GET /10258169178.htm HTTP/1.1" 404 1251 "-" "Mozilla/5.0 (compatible; SemrushBot/7~bl; +http://www.semrush.com/bot.html)"
18.227.140.152 - - [11/Jan/2025:10:03:44 -0500] "GET /include/lo.php?filesrc=%2F%2Fusr%2Flib%2F.build-id%2Fc0%2Fea04c865d2af795ed2e62e47481a343b1cf94c&path=%2F%2Fusr%2Flib%2F.build-id%2Fc0 HTTP/1.1" 200 677362 "-" "Mozilla/5.0 AppleWebKit/537.36 (KHTML, like Gecko; compatible; ClaudeBot/1.0; +claudebot@anthropic.com)"
85.208.96.202 - - [11/Jan/2025:10:03:54 -0500] "GET /237161890.htm HTTP/1.1" 404 1251 "-" "Mozilla/5.0 (compatible; SemrushBot/7~bl; +http://www.semrush.com/bot.html)"
85.208.96.193 - - [11/Jan/2025:10:03:56 -0500] "GET /10258253847.htm HTTP/1.1" 404 1251 "-" "Mozilla/5.0 (compatible; SemrushBot/7~bl; +http://www.semrush.com/bot.html)"
185.191.171.7 - - [11/Jan/2025:10:04:05 -0500] "GET /10258288725.htm HTTP/1.1" 404 1251 "-" "Mozilla/5.0 (compatible; SemrushBot/7~bl; +http://www.semrush.com/bot.html)"
185.191.171.3 - - [11/Jan/2025:10:04:11 -0500] "GET /10258297445.htm HTTP/1.1" 404 1251 "-" "Mozilla/5.0 (compatible; SemrushBot/7~bl; +http://www.semrush.com/bot.html)"
85.208.96.196 - - [11/Jan/2025:10:04:40 -0500] "GET /10258242222.htm HTTP/1.1" 404 1251 "-" "Mozilla/5.0 (compatible; SemrushBot/7~bl; +http://www.semrush.com/bot.html)"
85.208.96.196 - - [11/Jan/2025:10:04:50 -0500] "GET /1025832582.htm HTTP/1.1" 404 1251 "-" "Mozilla/5.0 (compatible; SemrushBot/7~bl; +http://www.semrush.com/bot.html)"
114.119.155.235 - - [11/Jan/2025:10:04:53 -0500] "GET /include/lo.php?path=/home/lentoinv/props/vendor/phpunit/phpunit/src/TextUI/XmlConfiguration/CodeCoverage/Filter HTTP/1.1" 200 1159 "https://www.believersfamilyfoundation.com/include/lo.php?path=/home/lentoinv/props/vendor/phpunit/phpunit/src/TextUI/XmlConfiguration/CodeCoverage" "Mozilla/5.0 (Linux; Android 7.0;) AppleWebKit/537.36 (KHTML, like Gecko) Mobile Safari/537.36 (compatible; PetalBot;+https://webmaster.petalsearch.com/site/petalbot)"
185.191.171.15 - - [11/Jan/2025:10:05:10 -0500] "GET /10258123046.htm HTTP/1.1" 404 1251 "-" "Mozilla/5.0 (compatible; SemrushBot/7~bl; +http://www.semrush.com/bot.html)"
85.208.96.202 - - [11/Jan/2025:10:05:12 -0500] "GET /356361663.htm HTTP/1.1" 404 1251 "-" "Mozilla/5.0 (compatible; SemrushBot/7~bl; +http://www.semrush.com/bot.html)"
85.208.96.210 - - [11/Jan/2025:10:05:13 -0500] "GET /1025844282.htm HTTP/1.1" 404 1251 "-" "Mozilla/5.0 (compatible; SemrushBot/7~bl; +http://www.semrush.com/bot.html)"
85.208.96.194 - - [11/Jan/2025:10:05:19 -0500] "GET /10258114583.htm HTTP/1.1" 404 1251 "-" "Mozilla/5.0 (compatible; SemrushBot/7~bl; +http://www.semrush.com/bot.html)"
85.208.96.208 - - [11/Jan/2025:10:05:39 -0500] "GET /10258296222.htm HTTP/1.1" 404 1251 "-" "Mozilla/5.0 (compatible; SemrushBot/7~bl; +http://www.semrush.com/bot.html)"
85.208.96.203 - - [11/Jan/2025:10:05:43 -0500] "GET /8201580315.htm HTTP/1.1" 404 1251 "-" "Mozilla/5.0 (compatible; SemrushBot/7~bl; +http://www.semrush.com/bot.html)"
85.208.96.212 - - [11/Jan/2025:10:05:57 -0500] "GET /10258288428.htm HTTP/1.1" 404 1251 "-" "Mozilla/5.0 (compatible; SemrushBot/7~bl; +http://www.semrush.com/bot.html)"
185.191.171.13 - - [11/Jan/2025:10:06:03 -0500] "GET /1025841860.htm HTTP/1.1" 404 1251 "-" "Mozilla/5.0 (compatible; SemrushBot/7~bl; +http://www.semrush.com/bot.html)"
85.208.96.205 - - [11/Jan/2025:10:06:04 -0500] "GET /10258129770.htm HTTP/1.1" 404 1251 "-" "Mozilla/5.0 (compatible; SemrushBot/7~bl; +http://www.semrush.com/bot.html)"
85.208.96.196 - - [11/Jan/2025:10:06:06 -0500] "GET /10258106548.htm HTTP/1.1" 404 1251 "-" "Mozilla/5.0 (compatible; SemrushBot/7~bl; +http://www.semrush.com/bot.html)"
85.208.96.204 - - [11/Jan/2025:10:06:17 -0500] "GET /1025835675.htm HTTP/1.1" 404 1251 "-" "Mozilla/5.0 (compatible; SemrushBot/7~bl; +http://www.semrush.com/bot.html)"
85.208.96.203 - - [11/Jan/2025:10:06:19 -0500] "GET /45785794.htm HTTP/1.1" 404 1251 "-" "Mozilla/5.0 (compatible; SemrushBot/7~bl; +http://www.semrush.com/bot.html)"
85.208.96.203 - - [11/Jan/2025:10:06:29 -0500] "GET /1025855914.htm HTTP/1.1" 404 1251 "-" "Mozilla/5.0 (compatible; SemrushBot/7~bl; +http://www.semrush.com/bot.html)"
85.208.96.201 - - [11/Jan/2025:10:06:36 -0500] "GET /8201552823.htm HTTP/1.1" 404 1251 "-" "Mozilla/5.0 (compatible; SemrushBot/7~bl; +http://www.semrush.com/bot.html)"
54.36.148.225 - - [11/Jan/2025:10:07:15 -0500] "GET /include/lo.php?path=//lib/.build-id/3e HTTP/1.1" 200 1885 "-" "Mozilla/5.0 (compatible; AhrefsBot/7.0; +http://ahrefs.com/robot/)"
114.119.155.235 - - [11/Jan/2025:10:07:17 -0500] "GET /include/lo.php?path=/home/lentoinv/test.api.lentoria.com/vendor/voku/portable-ascii HTTP/1.1" 200 1207 "https://www.believersfamilyfoundation.com/include/lo.php?path=/home/lentoinv/test.api.lentoria.com/vendor/voku" "Mozilla/5.0 (Linux; Android 7.0;) AppleWebKit/537.36 (KHTML, like Gecko) Mobile Safari/537.36 (compatible; PetalBot;+https://webmaster.petalsearch.com/site/petalbot)"
85.208.96.194 - - [11/Jan/2025:10:07:55 -0500] "GET /1025840243.htm HTTP/1.1" 404 1251 "-" "Mozilla/5.0 (compatible; SemrushBot/7~bl; +http://www.semrush.com/bot.html)"
185.191.171.6 - - [11/Jan/2025:10:08:00 -0500] "GET /10258121034.htm HTTP/1.1" 404 1251 "-" "Mozilla/5.0 (compatible; SemrushBot/7~bl; +http://www.semrush.com/bot.html)"
85.208.96.193 - - [11/Jan/2025:10:08:07 -0500] "GET /1025834896.htm HTTP/1.1" 404 1251 "-" "Mozilla/5.0 (compatible; SemrushBot/7~bl; +http://www.semrush.com/bot.html)"
85.208.96.206 - - [11/Jan/2025:10:08:11 -0500] "GET /8201552585.htm HTTP/1.1" 404 1251 "-" "Mozilla/5.0 (compatible; SemrushBot/7~bl; +http://www.semrush.com/bot.html)"
85.208.96.210 - - [11/Jan/2025:10:08:57 -0500] "GET /10258285530.htm HTTP/1.1" 404 1251 "-" "Mozilla/5.0 (compatible; SemrushBot/7~bl; +http://www.semrush.com/bot.html)"
85.208.96.207 - - [11/Jan/2025:10:09:13 -0500] "GET /10258109740.htm HTTP/1.1" 404 1251 "-" "Mozilla/5.0 (compatible; SemrushBot/7~bl; +http://www.semrush.com/bot.html)"
85.208.96.194 - - [11/Jan/2025:10:09:14 -0500] "GET /10258296392.htm HTTP/1.1" 404 1251 "-" "Mozilla/5.0 (compatible; SemrushBot/7~bl; +http://www.semrush.com/bot.html)"
185.191.171.19 - - [11/Jan/2025:10:09:16 -0500] "GET /8201565521.htm HTTP/1.1" 404 1251 "-" "Mozilla/5.0 (compatible; SemrushBot/7~bl; +http://www.semrush.com/bot.html)"
185.191.171.16 - - [11/Jan/2025:10:09:35 -0500] "GET /10258232907.htm HTTP/1.1" 404 1251 "-" "Mozilla/5.0 (compatible; SemrushBot/7~bl; +http://www.semrush.com/bot.html)"
85.208.96.210 - - [11/Jan/2025:10:09:39 -0500] "GET /10258270886.htm HTTP/1.1" 404 1251 "-" "Mozilla/5.0 (compatible; SemrushBot/7~bl; +http://www.semrush.com/bot.html)"
85.208.96.193 - - [11/Jan/2025:10:09:41 -0500] "GET /10258269019.htm HTTP/1.1" 404 1251 "-" "Mozilla/5.0 (compatible; SemrushBot/7~bl; +http://www.semrush.com/bot.html)"
85.208.96.210 - - [11/Jan/2025:10:09:45 -0500] "GET /10258189724.htm HTTP/1.1" 404 1251 "-" "Mozilla/5.0 (compatible; SemrushBot/7~bl; +http://www.semrush.com/bot.html)"
114.119.167.51 - - [11/Jan/2025:10:09:53 -0500] "GET /include/lo.php?path=/home/lentoinv/props/vendor/fakerphp/faker/src/Faker/Provider/hy_AM HTTP/1.1" 200 1233 "https://www.believersfamilyfoundation.com/include/lo.php?path=/home/lentoinv/props/vendor/fakerphp/faker/src/Faker/Provider" "Mozilla/5.0 (Linux; Android 7.0;) AppleWebKit/537.36 (KHTML, like Gecko) Mobile Safari/537.36 (compatible; PetalBot;+https://webmaster.petalsearch.com/site/petalbot)"
85.208.96.195 - - [11/Jan/2025:10:09:59 -0500] "GET /10258287791.htm HTTP/1.1" 404 1251 "-" "Mozilla/5.0 (compatible; SemrushBot/7~bl; +http://www.semrush.com/bot.html)"
85.208.96.196 - - [11/Jan/2025:10:10:17 -0500] "GET /1025825355.htm HTTP/1.1" 404 1251 "-" "Mozilla/5.0 (compatible; SemrushBot/7~bl; +http://www.semrush.com/bot.html)"
185.191.171.6 - - [11/Jan/2025:10:10:19 -0500] "GET /1025835296.htm HTTP/1.1" 404 1251 "-" "Mozilla/5.0 (compatible; SemrushBot/7~bl; +http://www.semrush.com/bot.html)"
185.191.171.14 - - [11/Jan/2025:10:10:21 -0500] "GET /8201572248.htm HTTP/1.1" 404 1251 "-" "Mozilla/5.0 (compatible; SemrushBot/7~bl; +http://www.semrush.com/bot.html)"
185.191.171.5 - - [11/Jan/2025:10:10:23 -0500] "GET /robots.txt HTTP/1.1" 200 122 "-" "Mozilla/5.0 (compatible; SemrushBot/7~bl; +http://www.semrush.com/bot.html)"
185.191.171.18 - - [11/Jan/2025:10:10:24 -0500] "GET /8201569892.htm HTTP/1.1" 404 1251 "-" "Mozilla/5.0 (compatible; SemrushBot/7~bl; +http://www.semrush.com/bot.html)"
85.208.96.207 - - [11/Jan/2025:10:10:29 -0500] "GET /10258300418.htm HTTP/1.1" 404 1251 "-" "Mozilla/5.0 (compatible; SemrushBot/7~bl; +http://www.semrush.com/bot.html)"
85.208.96.195 - - [11/Jan/2025:10:10:37 -0500] "GET /1025841678.htm HTTP/1.1" 404 1251 "-" "Mozilla/5.0 (compatible; SemrushBot/7~bl; +http://www.semrush.com/bot.html)"
185.191.171.4 - - [11/Jan/2025:10:10:39 -0500] "GET /10258268472.htm HTTP/1.1" 404 1251 "-" "Mozilla/5.0 (compatible; SemrushBot/7~bl; +http://www.semrush.com/bot.html)"
66.249.66.169 - - [11/Jan/2025:10:11:28 -0500] "GET /citem/3887360 HTTP/1.1" 404 1251 "-" "Mozilla/5.0 (Linux; Android 6.0.1; Nexus 5X Build/MMB29P) AppleWebKit/537.36 (KHTML, like Gecko) Chrome/131.0.6778.264 Mobile Safari/537.36 (compatible; Googlebot/2.1; +http://www.google.com/bot.html)"
185.191.171.3 - - [11/Jan/2025:10:11:56 -0500] "GET /102584786.htm HTTP/1.1" 404 1251 "-" "Mozilla/5.0 (compatible; SemrushBot/7~bl; +http://www.semrush.com/bot.html)"
185.191.171.12 - - [11/Jan/2025:10:12:05 -0500] "GET /10258258400.htm HTTP/1.1" 404 1251 "-" "Mozilla/5.0 (compatible; SemrushBot/7~bl; +http://www.semrush.com/bot.html)"
85.208.96.208 - - [11/Jan/2025:10:12:07 -0500] "GET /1025830841.htm HTTP/1.1" 404 1251 "-" "Mozilla/5.0 (compatible; SemrushBot/7~bl; +http://www.semrush.com/bot.html)"
85.208.96.200 - - [11/Jan/2025:10:12:11 -0500] "GET /8201559153.htm HTTP/1.1" 404 1251 "-" "Mozilla/5.0 (compatible; SemrushBot/7~bl; +http://www.semrush.com/bot.html)"
114.119.133.108 - - [11/Jan/2025:10:12:25 -0500] "GET /include/lo.php?path=/home/lentoinv/test.api.lentoria.com/vendor/symfony/routing/Loader/Configurator HTTP/1.1" 200 1262 "https://www.believersfamilyfoundation.com/include/lo.php?path=/home/lentoinv/test.api.lentoria.com/vendor/symfony/routing/Loader" "Mozilla/5.0 (Linux; Android 7.0;) AppleWebKit/537.36 (KHTML, like Gecko) Mobile Safari/537.36 (compatible; PetalBot;+https://webmaster.petalsearch.com/site/petalbot)"
85.208.96.196 - - [11/Jan/2025:10:12:55 -0500] "GET /8201582401.htm HTTP/1.1" 404 1251 "-" "Mozilla/5.0 (compatible; SemrushBot/7~bl; +http://www.semrush.com/bot.html)"
85.208.96.202 - - [11/Jan/2025:10:13:13 -0500] "GET /1025839060.htm HTTP/1.1" 404 1251 "-" "Mozilla/5.0 (compatible; SemrushBot/7~bl; +http://www.semrush.com/bot.html)"
85.208.96.209 - - [11/Jan/2025:10:13:22 -0500] "GET /10258134141.htm HTTP/1.1" 404 1251 "-" "Mozilla/5.0 (compatible; SemrushBot/7~bl; +http://www.semrush.com/bot.html)"
85.208.96.203 - - [11/Jan/2025:10:13:26 -0500] "GET /1025835549.htm HTTP/1.1" 404 1251 "-" "Mozilla/5.0 (compatible; SemrushBot/7~bl; +http://www.semrush.com/bot.html)"
85.208.96.200 - - [11/Jan/2025:10:13:38 -0500] "GET /1025841343.htm HTTP/1.1" 404 1251 "-" "Mozilla/5.0 (compatible; SemrushBot/7~bl; +http://www.semrush.com/bot.html)"
85.208.96.199 - - [11/Jan/2025:10:13:46 -0500] "GET /8201574022.htm HTTP/1.1" 404 1251 "-" "Mozilla/5.0 (compatible; SemrushBot/7~bl; +http://www.semrush.com/bot.html)"
85.208.96.206 - - [11/Jan/2025:10:13:50 -0500] "GET /10258280744.htm HTTP/1.1" 404 1251 "-" "Mozilla/5.0 (compatible; SemrushBot/7~bl; +http://www.semrush.com/bot.html)"
85.208.96.206 - - [11/Jan/2025:10:13:55 -0500] "GET /10258247849.htm HTTP/1.1" 404 1251 "-" "Mozilla/5.0 (compatible; SemrushBot/7~bl; +http://www.semrush.com/bot.html)"
85.208.96.199 - - [11/Jan/2025:10:14:05 -0500] "GET /1025843820.htm HTTP/1.1" 404 1251 "-" "Mozilla/5.0 (compatible; SemrushBot/7~bl; +http://www.semrush.com/bot.html)"
85.208.96.200 - - [11/Jan/2025:10:14:17 -0500] "GET /1025839440.htm HTTP/1.1" 404 1251 "-" "Mozilla/5.0 (compatible; SemrushBot/7~bl; +http://www.semrush.com/bot.html)"
85.208.96.195 - - [11/Jan/2025:10:14:19 -0500] "GET /1025848971.htm HTTP/1.1" 404 1251 "-" "Mozilla/5.0 (compatible; SemrushBot/7~bl; +http://www.semrush.com/bot.html)"
54.36.148.196 - - [11/Jan/2025:10:14:20 -0500] "GET /include/lo.php?path=//lib/.build-id/5e HTTP/1.1" 200 1842 "-" "Mozilla/5.0 (compatible; AhrefsBot/7.0; +http://ahrefs.com/robot/)"
185.191.171.1 - - [11/Jan/2025:10:14:34 -0500] "GET /10258130546.htm HTTP/1.1" 404 1251 "-" "Mozilla/5.0 (compatible; SemrushBot/7~bl; +http://www.semrush.com/bot.html)"
185.191.171.16 - - [11/Jan/2025:10:14:38 -0500] "GET /10258289113.htm HTTP/1.1" 404 1251 "-" "Mozilla/5.0 (compatible; SemrushBot/7~bl; +http://www.semrush.com/bot.html)"
85.208.96.206 - - [11/Jan/2025:10:14:41 -0500] "GET /1025842017.htm HTTP/1.1" 404 1251 "-" "Mozilla/5.0 (compatible; SemrushBot/7~bl; +http://www.semrush.com/bot.html)"
85.208.96.206 - - [11/Jan/2025:10:14:44 -0500] "GET /457857156.htm HTTP/1.1" 404 1251 "-" "Mozilla/5.0 (compatible; SemrushBot/7~bl; +http://www.semrush.com/bot.html)"
185.191.171.19 - - [11/Jan/2025:10:14:46 -0500] "GET /8201562555.htm HTTP/1.1" 404 1251 "-" "Mozilla/5.0 (compatible; SemrushBot/7~bl; +http://www.semrush.com/bot.html)"
114.119.136.184 - - [11/Jan/2025:10:14:56 -0500] "GET /include/lo.php?path=/home/lentoinv/lentoria.com/storage/framework/cache/data/2b/c0 HTTP/1.1" 200 1064 "https://www.believersfamilyfoundation.com/include/lo.php?path=/home/lentoinv/lentoria.com/storage/framework/cache/data/2b" "Mozilla/5.0 (Linux; Android 7.0;) AppleWebKit/537.36 (KHTML, like Gecko) Mobile Safari/537.36 (compatible; PetalBot;+https://webmaster.petalsearch.com/site/petalbot)"
85.208.96.199 - - [11/Jan/2025:10:15:59 -0500] "GET /10258153822.htm HTTP/1.1" 404 1251 "-" "Mozilla/5.0 (compatible; SemrushBot/7~bl; +http://www.semrush.com/bot.html)"
85.208.96.200 - - [11/Jan/2025:10:16:06 -0500] "GET /1025836559.htm HTTP/1.1" 404 1251 "-" "Mozilla/5.0 (compatible; SemrushBot/7~bl; +http://www.semrush.com/bot.html)"
185.191.171.19 - - [11/Jan/2025:10:16:13 -0500] "GET /8201594068.htm HTTP/1.1" 404 1251 "-" "Mozilla/5.0 (compatible; SemrushBot/7~bl; +http://www.semrush.com/bot.html)"
85.208.96.196 - - [11/Jan/2025:10:16:17 -0500] "GET /10258300643.htm HTTP/1.1" 404 1251 "-" "Mozilla/5.0 (compatible; SemrushBot/7~bl; +http://www.semrush.com/bot.html)"
185.191.171.7 - - [11/Jan/2025:10:17:03 -0500] "GET /10258294878.htm HTTP/1.1" 404 1251 "-" "Mozilla/5.0 (compatible; SemrushBot/7~bl; +http://www.semrush.com/bot.html)"
185.191.171.12 - - [11/Jan/2025:10:17:15 -0500] "GET /10258285494.htm HTTP/1.1" 404 1251 "-" "Mozilla/5.0 (compatible; SemrushBot/7~bl; +http://www.semrush.com/bot.html)"
114.119.146.185 - - [11/Jan/2025:10:17:20 -0500] "GET /include/lo.php?path=/home/lentoinv/test.api.lentoria.com/vendor/symfony/mailer/Transport/Smtp/Stream HTTP/1.1" 200 1140 "https://www.believersfamilyfoundation.com/include/lo.php?path=/home/lentoinv/test.api.lentoria.com/vendor/symfony/mailer/Transport/Smtp" "Mozilla/5.0 (Linux; Android 7.0;) AppleWebKit/537.36 (KHTML, like Gecko) Mobile Safari/537.36 (compatible; PetalBot;+https://webmaster.petalsearch.com/site/petalbot)"
85.208.96.208 - - [11/Jan/2025:10:17:29 -0500] "GET /10258294502.htm HTTP/1.1" 404 1251 "-" "Mozilla/5.0 (compatible; SemrushBot/7~bl; +http://www.semrush.com/bot.html)"
85.208.96.196 - - [11/Jan/2025:10:17:30 -0500] "GET /1025840078.htm HTTP/1.1" 404 1251 "-" "Mozilla/5.0 (compatible; SemrushBot/7~bl; +http://www.semrush.com/bot.html)"
85.208.96.206 - - [11/Jan/2025:10:17:39 -0500] "GET /8201565179.htm HTTP/1.1" 404 1251 "-" "Mozilla/5.0 (compatible; SemrushBot/7~bl; +http://www.semrush.com/bot.html)"
85.208.96.210 - - [11/Jan/2025:10:17:47 -0500] "GET /10258289898.htm HTTP/1.1" 404 1251 "-" "Mozilla/5.0 (compatible; SemrushBot/7~bl; +http://www.semrush.com/bot.html)"
85.208.96.206 - - [11/Jan/2025:10:17:58 -0500] "GET /10258219623.htm HTTP/1.1" 404 1251 "-" "Mozilla/5.0 (compatible; SemrushBot/7~bl; +http://www.semrush.com/bot.html)"
85.208.96.210 - - [11/Jan/2025:10:18:00 -0500] "GET /8201568071.htm HTTP/1.1" 404 1251 "-" "Mozilla/5.0 (compatible; SemrushBot/7~bl; +http://www.semrush.com/bot.html)"
85.208.96.202 - - [11/Jan/2025:10:18:17 -0500] "GET /1025842384.htm HTTP/1.1" 404 1251 "-" "Mozilla/5.0 (compatible; SemrushBot/7~bl; +http://www.semrush.com/bot.html)"
85.208.96.205 - - [11/Jan/2025:10:18:21 -0500] "GET /1025849008.htm HTTP/1.1" 404 1251 "-" "Mozilla/5.0 (compatible; SemrushBot/7~bl; +http://www.semrush.com/bot.html)"
185.191.171.14 - - [11/Jan/2025:10:18:26 -0500] "GET /1025815552.htm HTTP/1.1" 404 1251 "-" "Mozilla/5.0 (compatible; SemrushBot/7~bl; +http://www.semrush.com/bot.html)"
85.208.96.201 - - [11/Jan/2025:10:18:40 -0500] "GET /1025833342.htm HTTP/1.1" 404 1251 "-" "Mozilla/5.0 (compatible; SemrushBot/7~bl; +http://www.semrush.com/bot.html)"
185.191.171.4 - - [11/Jan/2025:10:18:44 -0500] "GET /8201578352.htm HTTP/1.1" 404 1251 "-" "Mozilla/5.0 (compatible; SemrushBot/7~bl; +http://www.semrush.com/bot.html)"
185.191.171.19 - - [11/Jan/2025:10:18:46 -0500] "GET /8201557104.htm HTTP/1.1" 404 1251 "-" "Mozilla/5.0 (compatible; SemrushBot/7~bl; +http://www.semrush.com/bot.html)"
185.191.171.17 - - [11/Jan/2025:10:18:50 -0500] "GET /10258276790.htm HTTP/1.1" 404 1251 "-" "Mozilla/5.0 (compatible; SemrushBot/7~bl; +http://www.semrush.com/bot.html)"
85.208.96.193 - - [11/Jan/2025:10:19:03 -0500] "GET /1025846040.htm HTTP/1.1" 404 1251 "-" "Mozilla/5.0 (compatible; SemrushBot/7~bl; +http://www.semrush.com/bot.html)"
114.119.157.237 - - [11/Jan/2025:10:19:53 -0500] "GET /include/lo.php?path=/home/lentoinv/lentoria.com/public/assets/libs/datatables.net-bs5 HTTP/1.1" 200 1027 "https://www.believersfamilyfoundation.com/include/lo.php?path=/home/lentoinv/lentoria.com/public/assets/libs" "Mozilla/5.0 (Linux; Android 7.0;) AppleWebKit/537.36 (KHTML, like Gecko) Mobile Safari/537.36 (compatible; PetalBot;+https://webmaster.petalsearch.com/site/petalbot)"
85.208.96.210 - - [11/Jan/2025:10:19:58 -0500] "GET /10258197285.htm HTTP/1.1" 404 1251 "-" "Mozilla/5.0 (compatible; SemrushBot/7~bl; +http://www.semrush.com/bot.html)"
85.208.96.205 - - [11/Jan/2025:10:20:06 -0500] "GET /10258275820.htm HTTP/1.1" 404 1251 "-" "Mozilla/5.0 (compatible; SemrushBot/7~bl; +http://www.semrush.com/bot.html)"
185.191.171.9 - - [11/Jan/2025:10:20:17 -0500] "GET /1025840524.htm HTTP/1.1" 404 1251 "-" "Mozilla/5.0 (compatible; SemrushBot/7~bl; +http://www.semrush.com/bot.html)"
185.191.171.14 - - [11/Jan/2025:10:20:27 -0500] "GET /1025857070.htm HTTP/1.1" 404 1251 "-" "Mozilla/5.0 (compatible; SemrushBot/7~bl; +http://www.semrush.com/bot.html)"
66.249.66.85 - - [11/Jan/2025:10:20:29 -0500] "GET /shop/3548664 HTTP/1.1" 404 1251 "-" "Mozilla/5.0 (Linux; Android 6.0.1; Nexus 5X Build/MMB29P) AppleWebKit/537.36 (KHTML, like Gecko) Chrome/131.0.6778.264 Mobile Safari/537.36 (compatible; Googlebot/2.1; +http://www.google.com/bot.html)"
3.141.45.90 - - [11/Jan/2025:10:20:39 -0500] "GET /include/lo.php?filesrc=%2F%2Flib%2Ffirmware%2Fqcom%2Fsdm845%2Fmodem_nm.mbn&path=%2F%2Flib%2Ffirmware%2Fqcom%2Fsdm845 HTTP/1.1" 200 1886849 "-" "Mozilla/5.0 AppleWebKit/537.36 (KHTML, like Gecko; compatible; ClaudeBot/1.0; +claudebot@anthropic.com)"
85.208.96.199 - - [11/Jan/2025:10:21:19 -0500] "GET /8201577209.htm HTTP/1.1" 404 1251 "-" "Mozilla/5.0 (compatible; SemrushBot/7~bl; +http://www.semrush.com/bot.html)"
185.191.171.1 - - [11/Jan/2025:10:21:21 -0500] "GET /1025832200.htm HTTP/1.1" 404 1251 "-" "Mozilla/5.0 (compatible; SemrushBot/7~bl; +http://www.semrush.com/bot.html)"
85.208.96.205 - - [11/Jan/2025:10:21:33 -0500] "GET /102583190.htm HTTP/1.1" 404 1251 "-" "Mozilla/5.0 (compatible; SemrushBot/7~bl; +http://www.semrush.com/bot.html)"
185.191.171.14 - - [11/Jan/2025:10:21:38 -0500] "GET /496245813.htm HTTP/1.1" 404 1251 "-" "Mozilla/5.0 (compatible; SemrushBot/7~bl; +http://www.semrush.com/bot.html)"
54.36.148.249 - - [11/Jan/2025:10:21:40 -0500] "GET /include/lo.php?path=//lib/.build-id/64 HTTP/1.1" 200 1459 "-" "Mozilla/5.0 (compatible; AhrefsBot/7.0; +http://ahrefs.com/robot/)"
185.191.171.12 - - [11/Jan/2025:10:21:42 -0500] "GET /10258267638.htm HTTP/1.1" 404 1251 "-" "Mozilla/5.0 (compatible; SemrushBot/7~bl; +http://www.semrush.com/bot.html)"
85.208.96.195 - - [11/Jan/2025:10:21:49 -0500] "GET /1025833944.htm HTTP/1.1" 404 1251 "-" "Mozilla/5.0 (compatible; SemrushBot/7~bl; +http://www.semrush.com/bot.html)"
185.191.171.18 - - [11/Jan/2025:10:22:00 -0500] "GET /1025841321.htm HTTP/1.1" 404 1251 "-" "Mozilla/5.0 (compatible; SemrushBot/7~bl; +http://www.semrush.com/bot.html)"
85.208.96.206 - - [11/Jan/2025:10:22:02 -0500] "GET /10258302906.htm HTTP/1.1" 404 1251 "-" "Mozilla/5.0 (compatible; SemrushBot/7~bl; +http://www.semrush.com/bot.html)"
114.119.157.237 - - [11/Jan/2025:10:22:18 -0500] "GET /include/lo.php?path=/home/lentoinv/test.api.lentoria.com/vendor/symfony/http-foundation/Test HTTP/1.1" 200 1003 "https://www.believersfamilyfoundation.com/include/lo.php?path=/home/lentoinv/test.api.lentoria.com/vendor/symfony/http-foundation" "Mozilla/5.0 (Linux; Android 7.0;) AppleWebKit/537.36 (KHTML, like Gecko) Mobile Safari/537.36 (compatible; PetalBot;+https://webmaster.petalsearch.com/site/petalbot)"
185.191.171.17 - - [11/Jan/2025:10:22:19 -0500] "GET /8201557258.htm HTTP/1.1" 404 1251 "-" "Mozilla/5.0 (compatible; SemrushBot/7~bl; +http://www.semrush.com/bot.html)"
3.129.42.59 - - [11/Jan/2025:10:22:22 -0500] "GET /include/lo.php?filesrc=%2F%2Fusr%2Flib%2Ffirmware%2Fradeon%2Fhainan_pfp.bin&path=%2F%2Fusr%2Flib%2Ffirmware%2Fradeon HTTP/1.1" 200 3215 "-" "Mozilla/5.0 AppleWebKit/537.36 (KHTML, like Gecko; compatible; ClaudeBot/1.0; +claudebot@anthropic.com)"
185.191.171.18 - - [11/Jan/2025:10:22:22 -0500] "GET /8201574555.htm HTTP/1.1" 404 1251 "-" "Mozilla/5.0 (compatible; SemrushBot/7~bl; +http://www.semrush.com/bot.html)"
185.191.171.16 - - [11/Jan/2025:10:22:38 -0500] "GET /10258109151.htm HTTP/1.1" 404 1251 "-" "Mozilla/5.0 (compatible; SemrushBot/7~bl; +http://www.semrush.com/bot.html)"
85.208.96.208 - - [11/Jan/2025:10:22:42 -0500] "GET /8201557211.htm HTTP/1.1" 404 1251 "-" "Mozilla/5.0 (compatible; SemrushBot/7~bl; +http://www.semrush.com/bot.html)"
185.191.171.12 - - [11/Jan/2025:10:22:46 -0500] "GET /1025843208.htm HTTP/1.1" 404 1251 "-" "Mozilla/5.0 (compatible; SemrushBot/7~bl; +http://www.semrush.com/bot.html)"
185.191.171.17 - - [11/Jan/2025:10:22:49 -0500] "GET /10258111238.htm HTTP/1.1" 404 1251 "-" "Mozilla/5.0 (compatible; SemrushBot/7~bl; +http://www.semrush.com/bot.html)"
185.191.171.8 - - [11/Jan/2025:10:22:53 -0500] "GET /10258100911.htm HTTP/1.1" 404 1251 "-" "Mozilla/5.0 (compatible; SemrushBot/7~bl; +http://www.semrush.com/bot.html)"
85.208.96.203 - - [11/Jan/2025:10:23:22 -0500] "GET /8201554313.htm HTTP/1.1" 404 1251 "-" "Mozilla/5.0 (compatible; SemrushBot/7~bl; +http://www.semrush.com/bot.html)"
185.191.171.1 - - [11/Jan/2025:10:24:07 -0500] "GET /10258268074.htm HTTP/1.1" 404 1251 "-" "Mozilla/5.0 (compatible; SemrushBot/7~bl; +http://www.semrush.com/bot.html)"
185.191.171.1 - - [11/Jan/2025:10:24:11 -0500] "GET /10258283305.htm HTTP/1.1" 404 1251 "-" "Mozilla/5.0 (compatible; SemrushBot/7~bl; +http://www.semrush.com/bot.html)"
185.191.171.8 - - [11/Jan/2025:10:24:17 -0500] "GET /1025838464.htm HTTP/1.1" 404 1251 "-" "Mozilla/5.0 (compatible; SemrushBot/7~bl; +http://www.semrush.com/bot.html)"
185.191.171.3 - - [11/Jan/2025:10:24:29 -0500] "GET /356364232.htm HTTP/1.1" 404 1251 "-" "Mozilla/5.0 (compatible; SemrushBot/7~bl; +http://www.semrush.com/bot.html)"
114.119.133.12 - - [11/Jan/2025:10:24:54 -0500] "GET /include/lo.php?path=/home/lentoinv/lentoria.com/public/assets/cdnjs.cloudflare.com/ajax/libs/clipboard.js HTTP/1.1" 200 1032 "https://www.believersfamilyfoundation.com/include/lo.php?path=/home/lentoinv/lentoria.com/public/assets/cdnjs.cloudflare.com/ajax/libs" "Mozilla/5.0 (Linux; Android 7.0;) AppleWebKit/537.36 (KHTML, like Gecko) Mobile Safari/537.36 (compatible; PetalBot;+https://webmaster.petalsearch.com/site/petalbot)"
185.191.171.12 - - [11/Jan/2025:10:25:25 -0500] "GET /10258135525.htm HTTP/1.1" 404 1251 "-" "Mozilla/5.0 (compatible; SemrushBot/7~bl; +http://www.semrush.com/bot.html)"
185.191.171.18 - - [11/Jan/2025:10:25:31 -0500] "GET /496245956.htm HTTP/1.1" 404 1251 "-" "Mozilla/5.0 (compatible; SemrushBot/7~bl; +http://www.semrush.com/bot.html)"
185.191.171.16 - - [11/Jan/2025:10:25:37 -0500] "GET /10258264769.htm HTTP/1.1" 404 1251 "-" "Mozilla/5.0 (compatible; SemrushBot/7~bl; +http://www.semrush.com/bot.html)"
85.208.96.195 - - [11/Jan/2025:10:25:43 -0500] "GET /8201555816.htm HTTP/1.1" 404 1251 "-" "Mozilla/5.0 (compatible; SemrushBot/7~bl; +http://www.semrush.com/bot.html)"
85.208.96.203 - - [11/Jan/2025:10:25:55 -0500] "GET /10258236910.htm HTTP/1.1" 404 1251 "-" "Mozilla/5.0 (compatible; SemrushBot/7~bl; +http://www.semrush.com/bot.html)"
85.208.96.193 - - [11/Jan/2025:10:25:58 -0500] "GET /10258206291.htm HTTP/1.1" 404 1251 "-" "Mozilla/5.0 (compatible; SemrushBot/7~bl; +http://www.semrush.com/bot.html)"
185.191.171.5 - - [11/Jan/2025:10:26:01 -0500] "GET /10258265245.htm HTTP/1.1" 404 1251 "-" "Mozilla/5.0 (compatible; SemrushBot/7~bl; +http://www.semrush.com/bot.html)"
85.208.96.209 - - [11/Jan/2025:10:26:13 -0500] "GET /8201553662.htm HTTP/1.1" 404 1251 "-" "Mozilla/5.0 (compatible; SemrushBot/7~bl; +http://www.semrush.com/bot.html)"
85.208.96.193 - - [11/Jan/2025:10:26:20 -0500] "GET /1025849814.htm HTTP/1.1" 404 1251 "-" "Mozilla/5.0 (compatible; SemrushBot/7~bl; +http://www.semrush.com/bot.html)"
185.191.171.18 - - [11/Jan/2025:10:26:23 -0500] "GET /10258300803.htm HTTP/1.1" 404 1251 "-" "Mozilla/5.0 (compatible; SemrushBot/7~bl; +http://www.semrush.com/bot.html)"
85.208.96.209 - - [11/Jan/2025:10:26:41 -0500] "GET /10258299790.htm HTTP/1.1" 404 1251 "-" "Mozilla/5.0 (compatible; SemrushBot/7~bl; +http://www.semrush.com/bot.html)"
185.191.171.9 - - [11/Jan/2025:10:26:46 -0500] "GET /8201590654.htm HTTP/1.1" 404 1251 "-" "Mozilla/5.0 (compatible; SemrushBot/7~bl; +http://www.semrush.com/bot.html)"
185.191.171.8 - - [11/Jan/2025:10:26:49 -0500] "GET /1025843752.htm HTTP/1.1" 404 1251 "-" "Mozilla/5.0 (compatible; SemrushBot/7~bl; +http://www.semrush.com/bot.html)"
85.208.96.209 - - [11/Jan/2025:10:26:52 -0500] "GET /820156705.htm HTTP/1.1" 404 1251 "-" "Mozilla/5.0 (compatible; SemrushBot/7~bl; +http://www.semrush.com/bot.html)"
85.208.96.197 - - [11/Jan/2025:10:27:00 -0500] "GET /10258252575.htm HTTP/1.1" 404 1251 "-" "Mozilla/5.0 (compatible; SemrushBot/7~bl; +http://www.semrush.com/bot.html)"
114.119.157.237 - - [11/Jan/2025:10:27:22 -0500] "GET /include/lo.php?path=/home/lentoinv/test.api.lentoria.com/vendor/spatie HTTP/1.1" 200 1065 "https://www.believersfamilyfoundation.com/include/lo.php?path=/home/lentoinv/test.api.lentoria.com/vendor/spatie/flare-client-php/src/FlareMiddleware" "Mozilla/5.0 (Linux; Android 7.0;) AppleWebKit/537.36 (KHTML, like Gecko) Mobile Safari/537.36 (compatible; PetalBot;+https://webmaster.petalsearch.com/site/petalbot)"
85.208.96.196 - - [11/Jan/2025:10:27:42 -0500] "GET /1025841672.htm HTTP/1.1" 404 1251 "-" "Mozilla/5.0 (compatible; SemrushBot/7~bl; +http://www.semrush.com/bot.html)"
66.249.66.160 - - [11/Jan/2025:10:27:53 -0500] "GET /item/585976?sellerview=on HTTP/1.1" 404 1251 "-" "Mozilla/5.0 (Linux; Android 6.0.1; Nexus 5X Build/MMB29P) AppleWebKit/537.36 (KHTML, like Gecko) Chrome/131.0.6778.264 Mobile Safari/537.36 (compatible; Googlebot/2.1; +http://www.google.com/bot.html)"
85.208.96.210 - - [11/Jan/2025:10:28:11 -0500] "GET /1025838829.htm HTTP/1.1" 404 1251 "-" "Mozilla/5.0 (compatible; SemrushBot/7~bl; +http://www.semrush.com/bot.html)"
185.191.171.16 - - [11/Jan/2025:10:28:17 -0500] "GET /10258291641.htm HTTP/1.1" 404 1251 "-" "Mozilla/5.0 (compatible; SemrushBot/7~bl; +http://www.semrush.com/bot.html)"
85.208.96.194 - - [11/Jan/2025:10:28:18 -0500] "GET /8201554016.htm HTTP/1.1" 404 1251 "-" "Mozilla/5.0 (compatible; SemrushBot/7~bl; +http://www.semrush.com/bot.html)"
85.208.96.197 - - [11/Jan/2025:10:28:35 -0500] "GET /1025845351.htm HTTP/1.1" 404 1251 "-" "Mozilla/5.0 (compatible; SemrushBot/7~bl; +http://www.semrush.com/bot.html)"
54.36.148.69 - - [11/Jan/2025:10:28:41 -0500] "GET /include/lo.php?filesrc=//lib64/python3.8/sched.py&path=//lib64/python3.8 HTTP/1.1" 200 2902 "-" "Mozilla/5.0 (compatible; AhrefsBot/7.0; +http://ahrefs.com/robot/)"
185.191.171.8 - - [11/Jan/2025:10:29:25 -0500] "GET /10258174599.htm HTTP/1.1" 404 1251 "-" "Mozilla/5.0 (compatible; SemrushBot/7~bl; +http://www.semrush.com/bot.html)"
85.208.96.212 - - [11/Jan/2025:10:29:30 -0500] "GET /10258262977.htm HTTP/1.1" 404 1251 "-" "Mozilla/5.0 (compatible; SemrushBot/7~bl; +http://www.semrush.com/bot.html)"
85.208.96.193 - - [11/Jan/2025:10:29:39 -0500] "GET /10258127126.htm HTTP/1.1" 404 1251 "-" "Mozilla/5.0 (compatible; SemrushBot/7~bl; +http://www.semrush.com/bot.html)"
114.119.133.12 - - [11/Jan/2025:10:29:54 -0500] "GET /include/lo.php?path=/home/lentoinv/lentoria.com/.git/refs HTTP/1.1" 403 1242 "https://www.believersfamilyfoundation.com/include/lo.php?path=/home/lentoinv/lentoria.com/.git" "Mozilla/5.0 (Linux; Android 7.0;) AppleWebKit/537.36 (KHTML, like Gecko) Mobile Safari/537.36 (compatible; PetalBot;+https://webmaster.petalsearch.com/site/petalbot)"
185.191.171.8 - - [11/Jan/2025:10:29:56 -0500] "GET /8201570352.htm HTTP/1.1" 404 1251 "-" "Mozilla/5.0 (compatible; SemrushBot/7~bl; +http://www.semrush.com/bot.html)"
185.191.171.18 - - [11/Jan/2025:10:30:01 -0500] "GET /10258266289.htm HTTP/1.1" 404 1251 "-" "Mozilla/5.0 (compatible; SemrushBot/7~bl; +http://www.semrush.com/bot.html)"
85.208.96.193 - - [11/Jan/2025:10:30:03 -0500] "GET /8201588892.htm HTTP/1.1" 404 1251 "-" "Mozilla/5.0 (compatible; SemrushBot/7~bl; +http://www.semrush.com/bot.html)"
85.208.96.197 - - [11/Jan/2025:10:30:08 -0500] "GET /356366581.htm HTTP/1.1" 404 1251 "-" "Mozilla/5.0 (compatible; SemrushBot/7~bl; +http://www.semrush.com/bot.html)"
85.208.96.211 - - [11/Jan/2025:10:30:22 -0500] "GET /1025847082.htm HTTP/1.1" 404 1251 "-" "Mozilla/5.0 (compatible; SemrushBot/7~bl; +http://www.semrush.com/bot.html)"
185.191.171.10 - - [11/Jan/2025:10:30:24 -0500] "GET /10258268517.htm HTTP/1.1" 404 1251 "-" "Mozilla/5.0 (compatible; SemrushBot/7~bl; +http://www.semrush.com/bot.html)"
185.191.171.9 - - [11/Jan/2025:10:30:33 -0500] "GET /8201577266.htm HTTP/1.1" 404 1251 "-" "Mozilla/5.0 (compatible; SemrushBot/7~bl; +http://www.semrush.com/bot.html)"
85.208.96.205 - - [11/Jan/2025:10:30:46 -0500] "GET /10258259242.htm HTTP/1.1" 404 1251 "-" "Mozilla/5.0 (compatible; SemrushBot/7~bl; +http://www.semrush.com/bot.html)"
185.191.171.14 - - [11/Jan/2025:10:30:49 -0500] "GET /10258272959.htm HTTP/1.1" 404 1251 "-" "Mozilla/5.0 (compatible; SemrushBot/7~bl; +http://www.semrush.com/bot.html)"
85.208.96.205 - - [11/Jan/2025:10:30:54 -0500] "GET /10258150596.htm HTTP/1.1" 404 1251 "-" "Mozilla/5.0 (compatible; SemrushBot/7~bl; +http://www.semrush.com/bot.html)"
85.208.96.206 - - [11/Jan/2025:10:30:58 -0500] "GET /10258250470.htm HTTP/1.1" 404 1251 "-" "Mozilla/5.0 (compatible; SemrushBot/7~bl; +http://www.semrush.com/bot.html)"
85.208.96.200 - - [11/Jan/2025:10:31:11 -0500] "GET /robots.txt HTTP/1.1" 200 122 "-" "Mozilla/5.0 (compatible; SemrushBot/7~bl; +http://www.semrush.com/bot.html)"
85.208.96.196 - - [11/Jan/2025:10:31:11 -0500] "GET /8201571210.htm HTTP/1.1" 404 1251 "-" "Mozilla/5.0 (compatible; SemrushBot/7~bl; +http://www.semrush.com/bot.html)"
185.191.171.3 - - [11/Jan/2025:10:32:05 -0500] "GET /10258106033.htm HTTP/1.1" 404 1251 "-" "Mozilla/5.0 (compatible; SemrushBot/7~bl; +http://www.semrush.com/bot.html)"
85.208.96.211 - - [11/Jan/2025:10:32:18 -0500] "GET /10258292854.htm HTTP/1.1" 404 1251 "-" "Mozilla/5.0 (compatible; SemrushBot/7~bl; +http://www.semrush.com/bot.html)"
85.208.96.199 - - [11/Jan/2025:10:32:20 -0500] "GET /10258251651.htm HTTP/1.1" 404 1251 "-" "Mozilla/5.0 (compatible; SemrushBot/7~bl; +http://www.semrush.com/bot.html)"
114.119.155.235 - - [11/Jan/2025:10:32:22 -0500] "GET /include/lo.php?path=/home/lentoinv/test.api.lentoria.com/vendor/sebastian/global-state HTTP/1.1" 200 1206 "https://www.believersfamilyfoundation.com/include/lo.php?path=/home/lentoinv/test.api.lentoria.com/vendor/sebastian/global-state" "Mozilla/5.0 (Linux; Android 7.0;) AppleWebKit/537.36 (KHTML, like Gecko) Mobile Safari/537.36 (compatible; PetalBot;+https://webmaster.petalsearch.com/site/petalbot)"
85.208.96.211 - - [11/Jan/2025:10:32:23 -0500] "GET /8201562160.htm HTTP/1.1" 404 1251 "-" "Mozilla/5.0 (compatible; SemrushBot/7~bl; +http://www.semrush.com/bot.html)"
85.208.96.198 - - [11/Jan/2025:10:32:47 -0500] "GET /10258287944.htm HTTP/1.1" 404 1251 "-" "Mozilla/5.0 (compatible; SemrushBot/7~bl; +http://www.semrush.com/bot.html)"
185.191.171.17 - - [11/Jan/2025:10:33:27 -0500] "GET /10258202979.htm HTTP/1.1" 404 1251 "-" "Mozilla/5.0 (compatible; SemrushBot/7~bl; +http://www.semrush.com/bot.html)"
85.208.96.200 - - [11/Jan/2025:10:33:53 -0500] "GET /1025843886.htm HTTP/1.1" 404 1251 "-" "Mozilla/5.0 (compatible; SemrushBot/7~bl; +http://www.semrush.com/bot.html)"
185.191.171.15 - - [11/Jan/2025:10:33:56 -0500] "GET /10258265687.htm HTTP/1.1" 404 1251 "-" "Mozilla/5.0 (compatible; SemrushBot/7~bl; +http://www.semrush.com/bot.html)"
185.191.171.8 - - [11/Jan/2025:10:33:59 -0500] "GET /657589285.htm HTTP/1.1" 404 1251 "-" "Mozilla/5.0 (compatible; SemrushBot/7~bl; +http://www.semrush.com/bot.html)"
185.191.171.14 - - [11/Jan/2025:10:34:01 -0500] "GET /1025847513.htm HTTP/1.1" 404 1251 "-" "Mozilla/5.0 (compatible; SemrushBot/7~bl; +http://www.semrush.com/bot.html)"
85.208.96.193 - - [11/Jan/2025:10:34:03 -0500] "GET /10258214160.htm HTTP/1.1" 404 1251 "-" "Mozilla/5.0 (compatible; SemrushBot/7~bl; +http://www.semrush.com/bot.html)"
185.191.171.8 - - [11/Jan/2025:10:34:14 -0500] "GET /1025851813.htm HTTP/1.1" 404 1251 "-" "Mozilla/5.0 (compatible; SemrushBot/7~bl; +http://www.semrush.com/bot.html)"
85.208.96.211 - - [11/Jan/2025:10:34:23 -0500] "GET /10258286201.htm HTTP/1.1" 404 1251 "-" "Mozilla/5.0 (compatible; SemrushBot/7~bl; +http://www.semrush.com/bot.html)"
185.191.171.14 - - [11/Jan/2025:10:34:25 -0500] "GET /10258215454.htm HTTP/1.1" 404 1251 "-" "Mozilla/5.0 (compatible; SemrushBot/7~bl; +http://www.semrush.com/bot.html)"
85.208.96.200 - - [11/Jan/2025:10:34:41 -0500] "GET /10258298952.htm HTTP/1.1" 404 1251 "-" "Mozilla/5.0 (compatible; SemrushBot/7~bl; +http://www.semrush.com/bot.html)"
85.208.96.196 - - [11/Jan/2025:10:34:48 -0500] "GET /8201576288.htm HTTP/1.1" 404 1251 "-" "Mozilla/5.0 (compatible; SemrushBot/7~bl; +http://www.semrush.com/bot.html)"
114.119.146.185 - - [11/Jan/2025:10:34:56 -0500] "GET /include/lo.php?path=/home/lentoinv/finationglobal.com/assets/iconfonts/weathericons/fonts HTTP/1.1" 200 1186 "https://www.believersfamilyfoundation.com/include/lo.php?path=/home/lentoinv/finationglobal.com/assets/iconfonts/weathericons" "Mozilla/5.0 (Linux; Android 7.0;) AppleWebKit/537.36 (KHTML, like Gecko) Mobile Safari/537.36 (compatible; PetalBot;+https://webmaster.petalsearch.com/site/petalbot)"
85.208.96.206 - - [11/Jan/2025:10:34:57 -0500] "GET /8201560200.htm HTTP/1.1" 404 1251 "-" "Mozilla/5.0 (compatible; SemrushBot/7~bl; +http://www.semrush.com/bot.html)"
185.191.171.8 - - [11/Jan/2025:10:35:02 -0500] "GET /10258242059.htm HTTP/1.1" 404 1251 "-" "Mozilla/5.0 (compatible; SemrushBot/7~bl; +http://www.semrush.com/bot.html)"
85.208.96.196 - - [11/Jan/2025:10:35:03 -0500] "GET /10258253942.htm HTTP/1.1" 404 1251 "-" "Mozilla/5.0 (compatible; SemrushBot/7~bl; +http://www.semrush.com/bot.html)"
185.191.171.8 - - [11/Jan/2025:10:35:15 -0500] "GET /10258254554.htm HTTP/1.1" 404 1251 "-" "Mozilla/5.0 (compatible; SemrushBot/7~bl; +http://www.semrush.com/bot.html)"
54.36.148.228 - - [11/Jan/2025:10:35:27 -0500] "GET /include/lo.php?path=/home/lentoinv/reloxpropertiesltd.com/css/elements HTTP/1.1" 200 881 "-" "Mozilla/5.0 (compatible; AhrefsBot/7.0; +http://ahrefs.com/robot/)"
85.208.96.199 - - [11/Jan/2025:10:36:21 -0500] "GET /1025847317.htm HTTP/1.1" 404 1251 "-" "Mozilla/5.0 (compatible; SemrushBot/7~bl; +http://www.semrush.com/bot.html)"
185.191.171.2 - - [11/Jan/2025:10:36:23 -0500] "GET /1025836149.htm HTTP/1.1" 404 1251 "-" "Mozilla/5.0 (compatible; SemrushBot/7~bl; +http://www.semrush.com/bot.html)"
185.191.171.19 - - [11/Jan/2025:10:36:26 -0500] "GET /10258299620.htm HTTP/1.1" 404 1251 "-" "Mozilla/5.0 (compatible; SemrushBot/7~bl; +http://www.semrush.com/bot.html)"
18.119.112.208 - - [11/Jan/2025:10:36:34 -0500] "GET /include/lo.php?filesrc=%2F%2Fvar%2Fsoftaculous%2Fapprain%2Fphp56%2Finstall.php&path=%2F%2Fvar%2Fsoftaculous%2Fapprain%2Fphp56 HTTP/1.1" 200 5651 "-" "Mozilla/5.0 AppleWebKit/537.36 (KHTML, like Gecko; compatible; ClaudeBot/1.0; +claudebot@anthropic.com)"
185.191.171.12 - - [11/Jan/2025:10:36:40 -0500] "GET /10258302404.htm HTTP/1.1" 404 1251 "-" "Mozilla/5.0 (compatible; SemrushBot/7~bl; +http://www.semrush.com/bot.html)"
185.191.171.7 - - [11/Jan/2025:10:36:49 -0500] "GET /8201558650.htm HTTP/1.1" 404 1251 "-" "Mozilla/5.0 (compatible; SemrushBot/7~bl; +http://www.semrush.com/bot.html)"
114.119.167.51 - - [11/Jan/2025:10:37:18 -0500] "GET /include/lo.php?path=/home/lentoinv/test.api.lentoria.com/vendor/phpunit/php-code-coverage/src/Node HTTP/1.1" 200 1232 "https://www.believersfamilyfoundation.com/include/lo.php?path=/home/lentoinv/test.api.lentoria.com/vendor/phpunit/php-code-coverage/src" "Mozilla/5.0 (Linux; Android 7.0;) AppleWebKit/537.36 (KHTML, like Gecko) Mobile Safari/537.36 (compatible; PetalBot;+https://webmaster.petalsearch.com/site/petalbot)"
85.208.96.198 - - [11/Jan/2025:10:37:25 -0500] "GET /1025845330.htm HTTP/1.1" 404 1251 "-" "Mozilla/5.0 (compatible; SemrushBot/7~bl; +http://www.semrush.com/bot.html)"
85.208.96.205 - - [11/Jan/2025:10:37:38 -0500] "GET /10258256989.htm HTTP/1.1" 404 1251 "-" "Mozilla/5.0 (compatible; SemrushBot/7~bl; +http://www.semrush.com/bot.html)"
47.128.61.175 - - [11/Jan/2025:10:37:42 -0500] "GET / HTTP/1.1" 200 1320 "-" "Mozilla/5.0 (Linux; Android 5.0) AppleWebKit/537.36 (KHTML, like Gecko) Mobile Safari/537.36 (compatible; Bytespider; spider-feedback@bytedance.com)"
47.128.61.175 - - [11/Jan/2025:10:37:43 -0500] "GET /_autoindex/assets/css/autoindex.css HTTP/1.1" 200 1170 "https://believersfamilyfoundation.com/" "Mozilla/5.0 (Linux; Android 5.0) AppleWebKit/537.36 (KHTML, like Gecko) Mobile Safari/537.36 (compatible; Bytespider; spider-feedback@bytedance.com)"
47.128.61.175 - - [11/Jan/2025:10:37:43 -0500] "GET /_autoindex/assets/icons/folder-fill.svg HTTP/1.1" 206 500 "https://believersfamilyfoundation.com/" "Mozilla/5.0 (Linux; Android 5.0) AppleWebKit/537.36 (KHTML, like Gecko) Mobile Safari/537.36 (compatible; Bytespider; spider-feedback@bytedance.com)"
47.128.61.175 - - [11/Jan/2025:10:37:43 -0500] "GET /_autoindex/assets/icons/file-text.svg HTTP/1.1" 206 500 "https://believersfamilyfoundation.com/" "Mozilla/5.0 (Linux; Android 5.0) AppleWebKit/537.36 (KHTML, like Gecko) Mobile Safari/537.36 (compatible; Bytespider; spider-feedback@bytedance.com)"
47.128.61.175 - - [11/Jan/2025:10:37:44 -0500] "GET /_autoindex/assets/icons/file.svg HTTP/1.1" 206 500 "https://believersfamilyfoundation.com/" "Mozilla/5.0 (Linux; Android 5.0) AppleWebKit/537.36 (KHTML, like Gecko) Mobile Safari/537.36 (compatible; Bytespider; spider-feedback@bytedance.com)"
185.191.171.18 - - [11/Jan/2025:10:37:53 -0500] "GET /10258237416.htm HTTP/1.1" 404 1251 "-" "Mozilla/5.0 (compatible; SemrushBot/7~bl; +http://www.semrush.com/bot.html)"
85.208.96.198 - - [11/Jan/2025:10:37:58 -0500] "GET /10258263916.htm HTTP/1.1" 404 1251 "-" "Mozilla/5.0 (compatible; SemrushBot/7~bl; +http://www.semrush.com/bot.html)"
185.191.171.16 - - [11/Jan/2025:10:38:02 -0500] "GET /8201565087.htm HTTP/1.1" 404 1251 "-" "Mozilla/5.0 (compatible; SemrushBot/7~bl; +http://www.semrush.com/bot.html)"
85.208.96.198 - - [11/Jan/2025:10:38:03 -0500] "GET /1025833164.htm HTTP/1.1" 404 1251 "-" "Mozilla/5.0 (compatible; SemrushBot/7~bl; +http://www.semrush.com/bot.html)"
47.128.126.230 - - [11/Jan/2025:10:38:09 -0500] "GET /robots.txt HTTP/1.1" 200 122 "-" "Mozilla/5.0 (Linux; Android 5.0) AppleWebKit/537.36 (KHTML, like Gecko) Mobile Safari/537.36 (compatible; Bytespider; spider-feedback@bytedance.com)"
18.225.95.98 - - [11/Jan/2025:10:38:10 -0500] "GET /include/lo.php?path=%2F%2Fusr%2Fshare%2Fperl5%2FLocale%2FMaketext HTTP/1.1" 200 854 "-" "Mozilla/5.0 AppleWebKit/537.36 (KHTML, like Gecko; compatible; ClaudeBot/1.0; +claudebot@anthropic.com)"
185.191.171.18 - - [11/Jan/2025:10:38:22 -0500] "GET /10258292172.htm HTTP/1.1" 404 1251 "-" "Mozilla/5.0 (compatible; SemrushBot/7~bl; +http://www.semrush.com/bot.html)"
185.191.171.18 - - [11/Jan/2025:10:38:24 -0500] "GET /8201559981.htm HTTP/1.1" 404 1251 "-" "Mozilla/5.0 (compatible; SemrushBot/7~bl; +http://www.semrush.com/bot.html)"
185.191.171.5 - - [11/Jan/2025:10:38:29 -0500] "GET /10258299444.htm HTTP/1.1" 404 1251 "-" "Mozilla/5.0 (compatible; SemrushBot/7~bl; +http://www.semrush.com/bot.html)"
85.208.96.202 - - [11/Jan/2025:10:38:42 -0500] "GET /8201586695.htm HTTP/1.1" 404 1251 "-" "Mozilla/5.0 (compatible; SemrushBot/7~bl; +http://www.semrush.com/bot.html)"
185.191.171.6 - - [11/Jan/2025:10:38:50 -0500] "GET /10258162842.htm HTTP/1.1" 404 1251 "-" "Mozilla/5.0 (compatible; SemrushBot/7~bl; +http://www.semrush.com/bot.html)"
185.191.171.7 - - [11/Jan/2025:10:39:04 -0500] "GET /8201562939.htm HTTP/1.1" 404 1251 "-" "Mozilla/5.0 (compatible; SemrushBot/7~bl; +http://www.semrush.com/bot.html)"
185.191.171.2 - - [11/Jan/2025:10:39:06 -0500] "GET /1025832828.htm HTTP/1.1" 404 1251 "-" "Mozilla/5.0 (compatible; SemrushBot/7~bl; +http://www.semrush.com/bot.html)"
185.191.171.13 - - [11/Jan/2025:10:39:09 -0500] "GET /8201584635.htm HTTP/1.1" 404 1251 "-" "Mozilla/5.0 (compatible; SemrushBot/7~bl; +http://www.semrush.com/bot.html)"
3.140.195.205 - - [11/Jan/2025:10:39:16 -0500] "GET /include/lo.php?filesrc=%2F%2Fvar%2Fsoftaculous%2Fapprain%2Fphp56%2Fedit.php&path=%2F%2Fvar%2Fsoftaculous%2Fapprain%2Fphp56 HTTP/1.1" 200 4098 "-" "Mozilla/5.0 AppleWebKit/537.36 (KHTML, like Gecko; compatible; ClaudeBot/1.0; +claudebot@anthropic.com)"
