185.191.171.7 - - [11/Jan/2025:23:33:27 -0500] "GET /8201577676.htm HTTP/1.1" 404 1251 "-" "Mozilla/5.0 (compatible; SemrushBot/7~bl; +http://www.semrush.com/bot.html)"
85.208.96.208 - - [11/Jan/2025:23:33:49 -0500] "GET /1025811806.htm HTTP/1.1" 404 1251 "-" "Mozilla/5.0 (compatible; SemrushBot/7~bl; +http://www.semrush.com/bot.html)"
185.191.171.18 - - [11/Jan/2025:23:33:56 -0500] "GET /10258283614.htm HTTP/1.1" 404 1251 "-" "Mozilla/5.0 (compatible; SemrushBot/7~bl; +http://www.semrush.com/bot.html)"
185.191.171.8 - - [11/Jan/2025:23:34:18 -0500] "GET /8201579715.htm HTTP/1.1" 404 1251 "-" "Mozilla/5.0 (compatible; SemrushBot/7~bl; +http://www.semrush.com/bot.html)"
85.208.96.209 - - [11/Jan/2025:23:34:23 -0500] "GET /8201581793.htm HTTP/1.1" 404 1251 "-" "Mozilla/5.0 (compatible; SemrushBot/7~bl; +http://www.semrush.com/bot.html)"
185.191.171.11 - - [11/Jan/2025:23:34:27 -0500] "GET /8201560034.htm HTTP/1.1" 404 1251 "-" "Mozilla/5.0 (compatible; SemrushBot/7~bl; +http://www.semrush.com/bot.html)"
185.191.171.15 - - [11/Jan/2025:23:34:36 -0500] "GET /8201560924.htm HTTP/1.1" 404 1251 "-" "Mozilla/5.0 (compatible; SemrushBot/7~bl; +http://www.semrush.com/bot.html)"
85.208.96.193 - - [11/Jan/2025:23:34:37 -0500] "GET /8201562371.htm HTTP/1.1" 404 1251 "-" "Mozilla/5.0 (compatible; SemrushBot/7~bl; +http://www.semrush.com/bot.html)"
114.119.133.12 - - [11/Jan/2025:23:35:09 -0500] "GET /include/lo.php?path=/home/lentoinv/test.lentoria.com/.git/refs HTTP/1.1" 403 1242 "https://www.believersfamilyfoundation.com/include/lo.php?path=/home/lentoinv/test.lentoria.com/.git" "Mozilla/5.0 (Linux; Android 7.0;) AppleWebKit/537.36 (KHTML, like Gecko) Mobile Safari/537.36 (compatible; PetalBot;+https://webmaster.petalsearch.com/site/petalbot)"
85.208.96.197 - - [11/Jan/2025:23:35:13 -0500] "GET /10258301761.htm HTTP/1.1" 404 1251 "-" "Mozilla/5.0 (compatible; SemrushBot/7~bl; +http://www.semrush.com/bot.html)"
85.208.96.197 - - [11/Jan/2025:23:35:28 -0500] "GET /1025841246.htm HTTP/1.1" 404 1251 "-" "Mozilla/5.0 (compatible; SemrushBot/7~bl; +http://www.semrush.com/bot.html)"
85.208.96.203 - - [11/Jan/2025:23:35:30 -0500] "GET /8201559684.htm HTTP/1.1" 404 1251 "-" "Mozilla/5.0 (compatible; SemrushBot/7~bl; +http://www.semrush.com/bot.html)"
85.208.96.205 - - [11/Jan/2025:23:35:44 -0500] "GET /10258216633.htm HTTP/1.1" 404 1251 "-" "Mozilla/5.0 (compatible; SemrushBot/7~bl; +http://www.semrush.com/bot.html)"
85.208.96.199 - - [11/Jan/2025:23:35:46 -0500] "GET /8201563071.htm HTTP/1.1" 404 1251 "-" "Mozilla/5.0 (compatible; SemrushBot/7~bl; +http://www.semrush.com/bot.html)"
185.191.171.16 - - [11/Jan/2025:23:36:02 -0500] "GET /10258270469.htm HTTP/1.1" 404 1251 "-" "Mozilla/5.0 (compatible; SemrushBot/7~bl; +http://www.semrush.com/bot.html)"
54.36.148.74 - - [11/Jan/2025:23:36:26 -0500] "GET /include/lo.php?filesrc=//lib64/gconv/ISO-2022-JP-3.so&path=//lib64/gconv HTTP/1.1" 200 12584 "-" "Mozilla/5.0 (compatible; AhrefsBot/7.0; +http://ahrefs.com/robot/)"
185.191.171.13 - - [11/Jan/2025:23:36:27 -0500] "GET /1025831371.htm HTTP/1.1" 404 1251 "-" "Mozilla/5.0 (compatible; SemrushBot/7~bl; +http://www.semrush.com/bot.html)"
85.208.96.206 - - [11/Jan/2025:23:36:35 -0500] "GET /10258108778.htm HTTP/1.1" 404 1251 "-" "Mozilla/5.0 (compatible; SemrushBot/7~bl; +http://www.semrush.com/bot.html)"
185.191.171.7 - - [11/Jan/2025:23:36:45 -0500] "GET /8201555969.htm HTTP/1.1" 404 1251 "-" "Mozilla/5.0 (compatible; SemrushBot/7~bl; +http://www.semrush.com/bot.html)"
185.191.171.12 - - [11/Jan/2025:23:37:06 -0500] "GET /1025810716.htm HTTP/1.1" 404 1251 "-" "Mozilla/5.0 (compatible; SemrushBot/7~bl; +http://www.semrush.com/bot.html)"
85.208.96.203 - - [11/Jan/2025:23:37:21 -0500] "GET /1025841568.htm HTTP/1.1" 404 1251 "-" "Mozilla/5.0 (compatible; SemrushBot/7~bl; +http://www.semrush.com/bot.html)"
185.191.171.18 - - [11/Jan/2025:23:37:32 -0500] "GET /10258115437.htm HTTP/1.1" 404 1251 "-" "Mozilla/5.0 (compatible; SemrushBot/7~bl; +http://www.semrush.com/bot.html)"
185.191.171.2 - - [11/Jan/2025:23:37:37 -0500] "GET /8201568961.htm HTTP/1.1" 404 1251 "-" "Mozilla/5.0 (compatible; SemrushBot/7~bl; +http://www.semrush.com/bot.html)"
114.119.155.235 - - [11/Jan/2025:23:37:39 -0500] "GET /include/lo.php?path=/home/lentoinv/test.api.lentoria.com/vendor/laravel/framework/src/Illuminate/Container HTTP/1.1" 200 1353 "https://www.believersfamilyfoundation.com/include/lo.php?path=/home/lentoinv/test.api.lentoria.com/vendor/laravel/framework/src/Illuminate/Container" "Mozilla/5.0 (Linux; Android 7.0;) AppleWebKit/537.36 (KHTML, like Gecko) Mobile Safari/537.36 (compatible; PetalBot;+https://webmaster.petalsearch.com/site/petalbot)"
185.191.171.11 - - [11/Jan/2025:23:37:52 -0500] "GET /10258302296.htm HTTP/1.1" 404 1251 "-" "Mozilla/5.0 (compatible; SemrushBot/7~bl; +http://www.semrush.com/bot.html)"
185.191.171.15 - - [11/Jan/2025:23:38:05 -0500] "GET /10258292399.htm HTTP/1.1" 404 1251 "-" "Mozilla/5.0 (compatible; SemrushBot/7~bl; +http://www.semrush.com/bot.html)"
185.191.171.14 - - [11/Jan/2025:23:38:23 -0500] "GET /1025837322.htm HTTP/1.1" 404 1251 "-" "Mozilla/5.0 (compatible; SemrushBot/7~bl; +http://www.semrush.com/bot.html)"
185.191.171.7 - - [11/Jan/2025:23:38:25 -0500] "GET /10258109957.htm HTTP/1.1" 404 1251 "-" "Mozilla/5.0 (compatible; SemrushBot/7~bl; +http://www.semrush.com/bot.html)"
85.208.96.208 - - [11/Jan/2025:23:38:29 -0500] "GET /237165080.htm HTTP/1.1" 404 1251 "-" "Mozilla/5.0 (compatible; SemrushBot/7~bl; +http://www.semrush.com/bot.html)"
85.208.96.205 - - [11/Jan/2025:23:38:37 -0500] "GET /10258106908.htm HTTP/1.1" 404 1251 "-" "Mozilla/5.0 (compatible; SemrushBot/7~bl; +http://www.semrush.com/bot.html)"
85.208.96.199 - - [11/Jan/2025:23:38:51 -0500] "GET /10258234960.htm HTTP/1.1" 404 1251 "-" "Mozilla/5.0 (compatible; SemrushBot/7~bl; +http://www.semrush.com/bot.html)"
185.191.171.7 - - [11/Jan/2025:23:39:21 -0500] "GET /457852252.htm HTTP/1.1" 404 1251 "-" "Mozilla/5.0 (compatible; SemrushBot/7~bl; +http://www.semrush.com/bot.html)"
85.208.96.193 - - [11/Jan/2025:23:39:29 -0500] "GET /11071261.htm HTTP/1.1" 404 1251 "-" "Mozilla/5.0 (compatible; SemrushBot/7~bl; +http://www.semrush.com/bot.html)"
185.191.171.4 - - [11/Jan/2025:23:39:48 -0500] "GET /10258129257.htm HTTP/1.1" 404 1251 "-" "Mozilla/5.0 (compatible; SemrushBot/7~bl; +http://www.semrush.com/bot.html)"
185.191.171.12 - - [11/Jan/2025:23:39:51 -0500] "GET /1025839810.htm HTTP/1.1" 404 1251 "-" "Mozilla/5.0 (compatible; SemrushBot/7~bl; +http://www.semrush.com/bot.html)"
185.191.171.19 - - [11/Jan/2025:23:39:57 -0500] "GET /10258138532.htm HTTP/1.1" 404 1251 "-" "Mozilla/5.0 (compatible; SemrushBot/7~bl; +http://www.semrush.com/bot.html)"
85.208.96.205 - - [11/Jan/2025:23:40:02 -0500] "GET /10258245607.htm HTTP/1.1" 404 1251 "-" "Mozilla/5.0 (compatible; SemrushBot/7~bl; +http://www.semrush.com/bot.html)"
114.119.146.185 - - [11/Jan/2025:23:40:09 -0500] "GET /include/lo.php?path=/home/lentoinv/props/vendor/ramsey/uuid/src/Provider/Time HTTP/1.1" 200 1080 "https://www.believersfamilyfoundation.com/include/lo.php?path=/home/lentoinv/props/vendor/ramsey/uuid/src/Provider" "Mozilla/5.0 (Linux; Android 7.0;) AppleWebKit/537.36 (KHTML, like Gecko) Mobile Safari/537.36 (compatible; PetalBot;+https://webmaster.petalsearch.com/site/petalbot)"
85.208.96.199 - - [11/Jan/2025:23:40:32 -0500] "GET /10258250319.htm HTTP/1.1" 404 1251 "-" "Mozilla/5.0 (compatible; SemrushBot/7~bl; +http://www.semrush.com/bot.html)"
85.208.96.210 - - [11/Jan/2025:23:40:37 -0500] "GET /10258149022.htm HTTP/1.1" 404 1251 "-" "Mozilla/5.0 (compatible; SemrushBot/7~bl; +http://www.semrush.com/bot.html)"
85.208.96.197 - - [11/Jan/2025:23:41:03 -0500] "GET /10258107624.htm HTTP/1.1" 404 1251 "-" "Mozilla/5.0 (compatible; SemrushBot/7~bl; +http://www.semrush.com/bot.html)"
85.208.96.194 - - [11/Jan/2025:23:41:22 -0500] "GET /10258204920.htm HTTP/1.1" 404 1251 "-" "Mozilla/5.0 (compatible; SemrushBot/7~bl; +http://www.semrush.com/bot.html)"
185.191.171.6 - - [11/Jan/2025:23:41:25 -0500] "GET /10258177827.htm HTTP/1.1" 404 1251 "-" "Mozilla/5.0 (compatible; SemrushBot/7~bl; +http://www.semrush.com/bot.html)"
66.249.66.169 - - [11/Jan/2025:23:41:28 -0500] "GET /index.phppcitem/1972390 HTTP/1.1" 404 1251 "-" "Mozilla/5.0 (Linux; Android 6.0.1; Nexus 5X Build/MMB29P) AppleWebKit/537.36 (KHTML, like Gecko) Chrome/131.0.6778.264 Mobile Safari/537.36 (compatible; Googlebot/2.1; +http://www.google.com/bot.html)"
85.208.96.199 - - [11/Jan/2025:23:41:38 -0500] "GET /10258126448.htm HTTP/1.1" 404 1251 "-" "Mozilla/5.0 (compatible; SemrushBot/7~bl; +http://www.semrush.com/bot.html)"
85.208.96.200 - - [11/Jan/2025:23:41:48 -0500] "GET /82015267852.htm HTTP/1.1" 404 1251 "-" "Mozilla/5.0 (compatible; SemrushBot/7~bl; +http://www.semrush.com/bot.html)"
85.208.96.198 - - [11/Jan/2025:23:42:09 -0500] "GET /10258204020.htm HTTP/1.1" 404 1251 "-" "Mozilla/5.0 (compatible; SemrushBot/7~bl; +http://www.semrush.com/bot.html)"
85.208.96.207 - - [11/Jan/2025:23:42:12 -0500] "GET /10258298738.htm HTTP/1.1" 404 1251 "-" "Mozilla/5.0 (compatible; SemrushBot/7~bl; +http://www.semrush.com/bot.html)"
85.208.96.193 - - [11/Jan/2025:23:42:25 -0500] "GET /2068949367.htm HTTP/1.1" 404 1251 "-" "Mozilla/5.0 (compatible; SemrushBot/7~bl; +http://www.semrush.com/bot.html)"
114.119.133.108 - - [11/Jan/2025:23:42:35 -0500] "GET /include/lo.php?path=/home/lentoinv/test.api.lentoria.com/vendor/laravel/framework/src/Illuminate/Bus/Events HTTP/1.1" 200 1076 "https://www.believersfamilyfoundation.com/include/lo.php?path=/home/lentoinv/test.api.lentoria.com/vendor/laravel/framework/src/Illuminate/Bus" "Mozilla/5.0 (Linux; Android 7.0;) AppleWebKit/537.36 (KHTML, like Gecko) Mobile Safari/537.36 (compatible; PetalBot;+https://webmaster.petalsearch.com/site/petalbot)"
85.208.96.195 - - [11/Jan/2025:23:42:39 -0500] "GET /10258250395.htm HTTP/1.1" 404 1251 "-" "Mozilla/5.0 (compatible; SemrushBot/7~bl; +http://www.semrush.com/bot.html)"
185.191.171.5 - - [11/Jan/2025:23:42:41 -0500] "GET /10258194244.htm HTTP/1.1" 404 1251 "-" "Mozilla/5.0 (compatible; SemrushBot/7~bl; +http://www.semrush.com/bot.html)"
185.191.171.15 - - [11/Jan/2025:23:42:44 -0500] "GET /10258286101.htm HTTP/1.1" 404 1251 "-" "Mozilla/5.0 (compatible; SemrushBot/7~bl; +http://www.semrush.com/bot.html)"
85.208.96.200 - - [11/Jan/2025:23:42:54 -0500] "GET /1025841547.htm HTTP/1.1" 404 1251 "-" "Mozilla/5.0 (compatible; SemrushBot/7~bl; +http://www.semrush.com/bot.html)"
85.208.96.195 - - [11/Jan/2025:23:43:26 -0500] "GET /10258151789.htm HTTP/1.1" 404 1251 "-" "Mozilla/5.0 (compatible; SemrushBot/7~bl; +http://www.semrush.com/bot.html)"
185.191.171.14 - - [11/Jan/2025:23:43:39 -0500] "GET /10258240219.htm HTTP/1.1" 404 1251 "-" "Mozilla/5.0 (compatible; SemrushBot/7~bl; +http://www.semrush.com/bot.html)"
54.36.149.83 - - [11/Jan/2025:23:43:51 -0500] "GET /include/lo.php?filesrc=//usr/bin/csplit&path=//usr/bin HTTP/1.1" 200 22198 "-" "Mozilla/5.0 (compatible; AhrefsBot/7.0; +http://ahrefs.com/robot/)"
185.191.171.9 - - [11/Jan/2025:23:44:01 -0500] "GET /10258283905.htm HTTP/1.1" 404 1251 "-" "Mozilla/5.0 (compatible; SemrushBot/7~bl; +http://www.semrush.com/bot.html)"
85.208.96.200 - - [11/Jan/2025:23:44:04 -0500] "GET /8201568365.htm HTTP/1.1" 404 1251 "-" "Mozilla/5.0 (compatible; SemrushBot/7~bl; +http://www.semrush.com/bot.html)"
85.208.96.206 - - [11/Jan/2025:23:44:10 -0500] "GET /10258273592.htm HTTP/1.1" 404 1251 "-" "Mozilla/5.0 (compatible; SemrushBot/7~bl; +http://www.semrush.com/bot.html)"
185.191.171.11 - - [11/Jan/2025:23:44:29 -0500] "GET /1025810878.htm HTTP/1.1" 404 1251 "-" "Mozilla/5.0 (compatible; SemrushBot/7~bl; +http://www.semrush.com/bot.html)"
185.191.171.11 - - [11/Jan/2025:23:44:33 -0500] "GET /8201564062.htm HTTP/1.1" 404 1251 "-" "Mozilla/5.0 (compatible; SemrushBot/7~bl; +http://www.semrush.com/bot.html)"
185.191.171.6 - - [11/Jan/2025:23:44:38 -0500] "GET /8201583703.htm HTTP/1.1" 404 1251 "-" "Mozilla/5.0 (compatible; SemrushBot/7~bl; +http://www.semrush.com/bot.html)"
185.191.171.7 - - [11/Jan/2025:23:45:04 -0500] "GET /8201563587.htm HTTP/1.1" 404 1251 "-" "Mozilla/5.0 (compatible; SemrushBot/7~bl; +http://www.semrush.com/bot.html)"
114.119.155.54 - - [11/Jan/2025:23:45:14 -0500] "GET /include/lo.php?path=/home/lentoinv/props/vendor/psr/http-factory/src HTTP/1.1" 200 1211 "https://www.believersfamilyfoundation.com/include/lo.php?path=/home/lentoinv/props/vendor/psr/http-factory" "Mozilla/5.0 (Linux; Android 7.0;) AppleWebKit/537.36 (KHTML, like Gecko) Mobile Safari/537.36 (compatible; PetalBot;+https://webmaster.petalsearch.com/site/petalbot)"
66.249.66.87 - - [11/Jan/2025:23:45:25 -0500] "GET /citem/2741560 HTTP/1.1" 404 1251 "-" "Mozilla/5.0 (Linux; Android 6.0.1; Nexus 5X Build/MMB29P) AppleWebKit/537.36 (KHTML, like Gecko) Chrome/131.0.6778.264 Mobile Safari/537.36 (compatible; Googlebot/2.1; +http://www.google.com/bot.html)"
185.191.171.9 - - [11/Jan/2025:23:45:25 -0500] "GET /10258297188.htm HTTP/1.1" 404 1251 "-" "Mozilla/5.0 (compatible; SemrushBot/7~bl; +http://www.semrush.com/bot.html)"
185.191.171.11 - - [11/Jan/2025:23:45:28 -0500] "GET /1025848948.htm HTTP/1.1" 404 1251 "-" "Mozilla/5.0 (compatible; SemrushBot/7~bl; +http://www.semrush.com/bot.html)"
185.191.171.1 - - [11/Jan/2025:23:45:34 -0500] "GET /10258256799.htm HTTP/1.1" 404 1251 "-" "Mozilla/5.0 (compatible; SemrushBot/7~bl; +http://www.semrush.com/bot.html)"
85.208.96.198 - - [11/Jan/2025:23:45:41 -0500] "GET /8201566299.htm HTTP/1.1" 404 1251 "-" "Mozilla/5.0 (compatible; SemrushBot/7~bl; +http://www.semrush.com/bot.html)"
185.191.171.9 - - [11/Jan/2025:23:46:17 -0500] "GET /10258253080.htm HTTP/1.1" 404 1251 "-" "Mozilla/5.0 (compatible; SemrushBot/7~bl; +http://www.semrush.com/bot.html)"
85.208.96.197 - - [11/Jan/2025:23:46:32 -0500] "GET /robots.txt HTTP/1.1" 200 122 "-" "Mozilla/5.0 (compatible; SemrushBot/7~bl; +http://www.semrush.com/bot.html)"
185.191.171.2 - - [11/Jan/2025:23:46:33 -0500] "GET /8201588074.htm HTTP/1.1" 404 1251 "-" "Mozilla/5.0 (compatible; SemrushBot/7~bl; +http://www.semrush.com/bot.html)"
85.208.96.207 - - [11/Jan/2025:23:46:37 -0500] "GET /10258294263.htm HTTP/1.1" 404 1251 "-" "Mozilla/5.0 (compatible; SemrushBot/7~bl; +http://www.semrush.com/bot.html)"
85.208.96.210 - - [11/Jan/2025:23:46:44 -0500] "GET /1025830967.htm HTTP/1.1" 404 1251 "-" "Mozilla/5.0 (compatible; SemrushBot/7~bl; +http://www.semrush.com/bot.html)"
85.208.96.206 - - [11/Jan/2025:23:46:52 -0500] "GET /206896095.htm HTTP/1.1" 404 1251 "-" "Mozilla/5.0 (compatible; SemrushBot/7~bl; +http://www.semrush.com/bot.html)"
85.208.96.199 - - [11/Jan/2025:23:46:57 -0500] "GET /1025847867.htm HTTP/1.1" 404 1251 "-" "Mozilla/5.0 (compatible; SemrushBot/7~bl; +http://www.semrush.com/bot.html)"
185.191.171.11 - - [11/Jan/2025:23:47:00 -0500] "GET /10258256319.htm HTTP/1.1" 404 1251 "-" "Mozilla/5.0 (compatible; SemrushBot/7~bl; +http://www.semrush.com/bot.html)"
85.208.96.205 - - [11/Jan/2025:23:47:29 -0500] "GET /10258122439.htm HTTP/1.1" 404 1251 "-" "Mozilla/5.0 (compatible; SemrushBot/7~bl; +http://www.semrush.com/bot.html)"
85.208.96.197 - - [11/Jan/2025:23:47:35 -0500] "GET /1025823926.htm HTTP/1.1" 404 1251 "-" "Mozilla/5.0 (compatible; SemrushBot/7~bl; +http://www.semrush.com/bot.html)"
114.119.167.51 - - [11/Jan/2025:23:47:40 -0500] "GET /include/lo.php?path=/home/lentoinv/tmp/pma_template_compiles_lentoinv/twig/6b HTTP/1.1" 200 1249 "https://www.believersfamilyfoundation.com/include/lo.php?path=/home/lentoinv/tmp/pma_template_compiles_lentoinv/twig" "Mozilla/5.0 (Linux; Android 7.0;) AppleWebKit/537.36 (KHTML, like Gecko) Mobile Safari/537.36 (compatible; PetalBot;+https://webmaster.petalsearch.com/site/petalbot)"
85.208.96.205 - - [11/Jan/2025:23:48:01 -0500] "GET /10258268255.htm HTTP/1.1" 404 1251 "-" "Mozilla/5.0 (compatible; SemrushBot/7~bl; +http://www.semrush.com/bot.html)"
85.208.96.197 - - [11/Jan/2025:23:48:04 -0500] "GET /10258215809.htm HTTP/1.1" 404 1251 "-" "Mozilla/5.0 (compatible; SemrushBot/7~bl; +http://www.semrush.com/bot.html)"
85.208.96.209 - - [11/Jan/2025:23:48:23 -0500] "GET /10258258792.htm HTTP/1.1" 404 1251 "-" "Mozilla/5.0 (compatible; SemrushBot/7~bl; +http://www.semrush.com/bot.html)"
185.191.171.12 - - [11/Jan/2025:23:48:29 -0500] "GET /8201583465.htm HTTP/1.1" 404 1251 "-" "Mozilla/5.0 (compatible; SemrushBot/7~bl; +http://www.semrush.com/bot.html)"
85.208.96.210 - - [11/Jan/2025:23:48:40 -0500] "GET /1025832866.htm HTTP/1.1" 404 1251 "-" "Mozilla/5.0 (compatible; SemrushBot/7~bl; +http://www.semrush.com/bot.html)"
85.208.96.197 - - [11/Jan/2025:23:48:46 -0500] "GET /8201573167.htm HTTP/1.1" 404 1251 "-" "Mozilla/5.0 (compatible; SemrushBot/7~bl; +http://www.semrush.com/bot.html)"
85.208.96.206 - - [11/Jan/2025:23:49:05 -0500] "GET /8201565736.htm HTTP/1.1" 404 1251 "-" "Mozilla/5.0 (compatible; SemrushBot/7~bl; +http://www.semrush.com/bot.html)"
85.208.96.205 - - [11/Jan/2025:23:49:25 -0500] "GET /10258228232.htm HTTP/1.1" 404 1251 "-" "Mozilla/5.0 (compatible; SemrushBot/7~bl; +http://www.semrush.com/bot.html)"
185.191.171.19 - - [11/Jan/2025:23:49:28 -0500] "GET /10258303394.htm HTTP/1.1" 404 1251 "-" "Mozilla/5.0 (compatible; SemrushBot/7~bl; +http://www.semrush.com/bot.html)"
185.191.171.15 - - [11/Jan/2025:23:49:50 -0500] "GET /1025826784.htm HTTP/1.1" 404 1251 "-" "Mozilla/5.0 (compatible; SemrushBot/7~bl; +http://www.semrush.com/bot.html)"
85.208.96.198 - - [11/Jan/2025:23:49:54 -0500] "GET /10258150495.htm HTTP/1.1" 404 1251 "-" "Mozilla/5.0 (compatible; SemrushBot/7~bl; +http://www.semrush.com/bot.html)"
114.119.155.235 - - [11/Jan/2025:23:50:14 -0500] "GET /include/lo.php?path=/home/lentoinv/lentoria.com/storage/framework/cache/data/c2/89 HTTP/1.1" 200 1066 "https://www.believersfamilyfoundation.com/include/lo.php?path=/home/lentoinv/lentoria.com/storage/framework/cache/data/c2" "Mozilla/5.0 (Linux; Android 7.0;) AppleWebKit/537.36 (KHTML, like Gecko) Mobile Safari/537.36 (compatible; PetalBot;+https://webmaster.petalsearch.com/site/petalbot)"
185.191.171.13 - - [11/Jan/2025:23:50:38 -0500] "GET /10258246797.htm HTTP/1.1" 404 1251 "-" "Mozilla/5.0 (compatible; SemrushBot/7~bl; +http://www.semrush.com/bot.html)"
185.191.171.8 - - [11/Jan/2025:23:50:41 -0500] "GET /10258290984.htm HTTP/1.1" 404 1251 "-" "Mozilla/5.0 (compatible; SemrushBot/7~bl; +http://www.semrush.com/bot.html)"
185.191.171.1 - - [11/Jan/2025:23:50:49 -0500] "GET /1025839129.htm HTTP/1.1" 404 1251 "-" "Mozilla/5.0 (compatible; SemrushBot/7~bl; +http://www.semrush.com/bot.html)"
185.191.171.13 - - [11/Jan/2025:23:50:55 -0500] "GET /10258299490.htm HTTP/1.1" 404 1251 "-" "Mozilla/5.0 (compatible; SemrushBot/7~bl; +http://www.semrush.com/bot.html)"
85.208.96.206 - - [11/Jan/2025:23:50:57 -0500] "GET /8201560861.htm HTTP/1.1" 404 1251 "-" "Mozilla/5.0 (compatible; SemrushBot/7~bl; +http://www.semrush.com/bot.html)"
185.191.171.8 - - [11/Jan/2025:23:51:05 -0500] "GET /8201558395.htm HTTP/1.1" 404 1251 "-" "Mozilla/5.0 (compatible; SemrushBot/7~bl; +http://www.semrush.com/bot.html)"
85.208.96.212 - - [11/Jan/2025:23:51:12 -0500] "GET /1025849468.htm HTTP/1.1" 404 1251 "-" "Mozilla/5.0 (compatible; SemrushBot/7~bl; +http://www.semrush.com/bot.html)"
85.208.96.210 - - [11/Jan/2025:23:51:35 -0500] "GET /10258276954.htm HTTP/1.1" 404 1251 "-" "Mozilla/5.0 (compatible; SemrushBot/7~bl; +http://www.semrush.com/bot.html)"
54.36.149.1 - - [11/Jan/2025:23:51:37 -0500] "GET /include/lo.php?path=//lib/.build-id/5f HTTP/1.1" 200 1718 "-" "Mozilla/5.0 (compatible; AhrefsBot/7.0; +http://ahrefs.com/robot/)"
85.208.96.207 - - [11/Jan/2025:23:51:42 -0500] "GET /10258212874.htm HTTP/1.1" 404 1251 "-" "Mozilla/5.0 (compatible; SemrushBot/7~bl; +http://www.semrush.com/bot.html)"
185.191.171.2 - - [11/Jan/2025:23:52:03 -0500] "GET /457855793.htm HTTP/1.1" 404 1251 "-" "Mozilla/5.0 (compatible; SemrushBot/7~bl; +http://www.semrush.com/bot.html)"
85.208.96.196 - - [11/Jan/2025:23:52:05 -0500] "GET /10258124512.htm HTTP/1.1" 404 1251 "-" "Mozilla/5.0 (compatible; SemrushBot/7~bl; +http://www.semrush.com/bot.html)"
85.208.96.207 - - [11/Jan/2025:23:52:15 -0500] "GET /8201561413.htm HTTP/1.1" 404 1251 "-" "Mozilla/5.0 (compatible; SemrushBot/7~bl; +http://www.semrush.com/bot.html)"
114.119.155.54 - - [11/Jan/2025:23:52:35 -0500] "GET /include/lo.php?path=/home/lentoinv/tmp/pma_template_compiles_lentoinv/twig/47 HTTP/1.1" 200 1121 "https://www.believersfamilyfoundation.com/include/lo.php?path=/home/lentoinv/tmp/pma_template_compiles_lentoinv/twig" "Mozilla/5.0 (Linux; Android 7.0;) AppleWebKit/537.36 (KHTML, like Gecko) Mobile Safari/537.36 (compatible; PetalBot;+https://webmaster.petalsearch.com/site/petalbot)"
85.208.96.207 - - [11/Jan/2025:23:52:49 -0500] "GET /10258245982.htm HTTP/1.1" 404 1251 "-" "Mozilla/5.0 (compatible; SemrushBot/7~bl; +http://www.semrush.com/bot.html)"
85.208.96.197 - - [11/Jan/2025:23:52:50 -0500] "GET /10258248838.htm HTTP/1.1" 404 1251 "-" "Mozilla/5.0 (compatible; SemrushBot/7~bl; +http://www.semrush.com/bot.html)"
185.191.171.14 - - [11/Jan/2025:23:52:54 -0500] "GET /1025833971.htm HTTP/1.1" 404 1251 "-" "Mozilla/5.0 (compatible; SemrushBot/7~bl; +http://www.semrush.com/bot.html)"
185.191.171.7 - - [11/Jan/2025:23:53:09 -0500] "GET /1025826097.htm HTTP/1.1" 404 1251 "-" "Mozilla/5.0 (compatible; SemrushBot/7~bl; +http://www.semrush.com/bot.html)"
185.191.171.8 - - [11/Jan/2025:23:53:27 -0500] "GET /10258285004.htm HTTP/1.1" 404 1251 "-" "Mozilla/5.0 (compatible; SemrushBot/7~bl; +http://www.semrush.com/bot.html)"
185.191.171.8 - - [11/Jan/2025:23:53:30 -0500] "GET /8201575473.htm HTTP/1.1" 404 1251 "-" "Mozilla/5.0 (compatible; SemrushBot/7~bl; +http://www.semrush.com/bot.html)"
85.208.96.202 - - [11/Jan/2025:23:53:50 -0500] "GET /1025852177.htm HTTP/1.1" 404 1251 "-" "Mozilla/5.0 (compatible; SemrushBot/7~bl; +http://www.semrush.com/bot.html)"
185.191.171.4 - - [11/Jan/2025:23:53:56 -0500] "GET /10258291978.htm HTTP/1.1" 404 1251 "-" "Mozilla/5.0 (compatible; SemrushBot/7~bl; +http://www.semrush.com/bot.html)"
185.191.171.7 - - [11/Jan/2025:23:54:42 -0500] "GET /8201578086.htm HTTP/1.1" 404 1251 "-" "Mozilla/5.0 (compatible; SemrushBot/7~bl; +http://www.semrush.com/bot.html)"
185.191.171.18 - - [11/Jan/2025:23:54:54 -0500] "GET /10258224216.htm HTTP/1.1" 404 1251 "-" "Mozilla/5.0 (compatible; SemrushBot/7~bl; +http://www.semrush.com/bot.html)"
85.208.96.196 - - [11/Jan/2025:23:54:58 -0500] "GET /10258107610.htm HTTP/1.1" 404 1251 "-" "Mozilla/5.0 (compatible; SemrushBot/7~bl; +http://www.semrush.com/bot.html)"
185.191.171.12 - - [11/Jan/2025:23:55:01 -0500] "GET /356364725.htm HTTP/1.1" 404 1251 "-" "Mozilla/5.0 (compatible; SemrushBot/7~bl; +http://www.semrush.com/bot.html)"
185.191.171.16 - - [11/Jan/2025:23:55:04 -0500] "GET /10258174328.htm HTTP/1.1" 404 1251 "-" "Mozilla/5.0 (compatible; SemrushBot/7~bl; +http://www.semrush.com/bot.html)"
185.191.171.13 - - [11/Jan/2025:23:55:06 -0500] "GET /8201561408.htm HTTP/1.1" 404 1251 "-" "Mozilla/5.0 (compatible; SemrushBot/7~bl; +http://www.semrush.com/bot.html)"
114.119.155.54 - - [11/Jan/2025:23:55:12 -0500] "GET /include/lo.php?path=/home/lentoinv/lentoria.com/storage/framework/cache/data/08/2d HTTP/1.1" 200 1064 "https://www.believersfamilyfoundation.com/include/lo.php?path=/home/lentoinv/lentoria.com/storage/framework/cache/data/08" "Mozilla/5.0 (Linux; Android 7.0;) AppleWebKit/537.36 (KHTML, like Gecko) Mobile Safari/537.36 (compatible; PetalBot;+https://webmaster.petalsearch.com/site/petalbot)"
85.208.96.206 - - [11/Jan/2025:23:55:13 -0500] "GET /10258302456.htm HTTP/1.1" 404 1251 "-" "Mozilla/5.0 (compatible; SemrushBot/7~bl; +http://www.semrush.com/bot.html)"
185.191.171.15 - - [11/Jan/2025:23:55:36 -0500] "GET /8201591209.htm HTTP/1.1" 404 1251 "-" "Mozilla/5.0 (compatible; SemrushBot/7~bl; +http://www.semrush.com/bot.html)"
185.191.171.17 - - [11/Jan/2025:23:55:47 -0500] "GET /10258291586.htm HTTP/1.1" 404 1251 "-" "Mozilla/5.0 (compatible; SemrushBot/7~bl; +http://www.semrush.com/bot.html)"
85.208.96.200 - - [11/Jan/2025:23:56:02 -0500] "GET /10258114606.htm HTTP/1.1" 404 1251 "-" "Mozilla/5.0 (compatible; SemrushBot/7~bl; +http://www.semrush.com/bot.html)"
85.208.96.212 - - [11/Jan/2025:23:56:08 -0500] "GET /10258140689.htm HTTP/1.1" 404 1251 "-" "Mozilla/5.0 (compatible; SemrushBot/7~bl; +http://www.semrush.com/bot.html)"
185.191.171.18 - - [11/Jan/2025:23:56:16 -0500] "GET /1025839389.htm HTTP/1.1" 404 1251 "-" "Mozilla/5.0 (compatible; SemrushBot/7~bl; +http://www.semrush.com/bot.html)"
185.191.171.11 - - [11/Jan/2025:23:56:55 -0500] "GET /1025841919.htm HTTP/1.1" 404 1251 "-" "Mozilla/5.0 (compatible; SemrushBot/7~bl; +http://www.semrush.com/bot.html)"
185.191.171.4 - - [11/Jan/2025:23:56:59 -0500] "GET /10258274980.htm HTTP/1.1" 404 1251 "-" "Mozilla/5.0 (compatible; SemrushBot/7~bl; +http://www.semrush.com/bot.html)"
85.208.96.202 - - [11/Jan/2025:23:57:12 -0500] "GET /1025839447.htm HTTP/1.1" 404 1251 "-" "Mozilla/5.0 (compatible; SemrushBot/7~bl; +http://www.semrush.com/bot.html)"
185.191.171.4 - - [11/Jan/2025:23:57:14 -0500] "GET /10258239696.htm HTTP/1.1" 404 1251 "-" "Mozilla/5.0 (compatible; SemrushBot/7~bl; +http://www.semrush.com/bot.html)"
185.191.171.3 - - [11/Jan/2025:23:57:29 -0500] "GET /457856699.htm HTTP/1.1" 404 1251 "-" "Mozilla/5.0 (compatible; SemrushBot/7~bl; +http://www.semrush.com/bot.html)"
85.208.96.207 - - [11/Jan/2025:23:57:31 -0500] "GET /10258143420.htm HTTP/1.1" 404 1251 "-" "Mozilla/5.0 (compatible; SemrushBot/7~bl; +http://www.semrush.com/bot.html)"
114.119.133.12 - - [11/Jan/2025:23:57:35 -0500] "GET /include/lo.php?path=/home/lentoinv/tmp/pma_template_compiles_lentoinv/twig/37 HTTP/1.1" 200 1120 "https://www.believersfamilyfoundation.com/include/lo.php?path=/home/lentoinv/tmp/pma_template_compiles_lentoinv/twig" "Mozilla/5.0 (Linux; Android 7.0;) AppleWebKit/537.36 (KHTML, like Gecko) Mobile Safari/537.36 (compatible; PetalBot;+https://webmaster.petalsearch.com/site/petalbot)"
85.208.96.202 - - [11/Jan/2025:23:57:54 -0500] "GET /10258302895.htm HTTP/1.1" 404 1251 "-" "Mozilla/5.0 (compatible; SemrushBot/7~bl; +http://www.semrush.com/bot.html)"
185.191.171.17 - - [11/Jan/2025:23:57:56 -0500] "GET /237169029.htm HTTP/1.1" 404 1251 "-" "Mozilla/5.0 (compatible; SemrushBot/7~bl; +http://www.semrush.com/bot.html)"
85.208.96.196 - - [11/Jan/2025:23:58:53 -0500] "GET /10258298204.htm HTTP/1.1" 404 1251 "-" "Mozilla/5.0 (compatible; SemrushBot/7~bl; +http://www.semrush.com/bot.html)"
185.191.171.13 - - [11/Jan/2025:23:58:58 -0500] "GET /1025855462.htm HTTP/1.1" 404 1251 "-" "Mozilla/5.0 (compatible; SemrushBot/7~bl; +http://www.semrush.com/bot.html)"
85.208.96.209 - - [11/Jan/2025:23:59:02 -0500] "GET /10258133550.htm HTTP/1.1" 404 1251 "-" "Mozilla/5.0 (compatible; SemrushBot/7~bl; +http://www.semrush.com/bot.html)"
185.191.171.9 - - [11/Jan/2025:23:59:07 -0500] "GET /8201579217.htm HTTP/1.1" 404 1251 "-" "Mozilla/5.0 (compatible; SemrushBot/7~bl; +http://www.semrush.com/bot.html)"
85.208.96.193 - - [11/Jan/2025:23:59:09 -0500] "GET /8201578612.htm HTTP/1.1" 404 1251 "-" "Mozilla/5.0 (compatible; SemrushBot/7~bl; +http://www.semrush.com/bot.html)"
85.208.96.193 - - [11/Jan/2025:23:59:12 -0500] "GET /10258280847.htm HTTP/1.1" 404 1251 "-" "Mozilla/5.0 (compatible; SemrushBot/7~bl; +http://www.semrush.com/bot.html)"
85.208.96.201 - - [11/Jan/2025:23:59:17 -0500] "GET /237166253.htm HTTP/1.1" 404 1251 "-" "Mozilla/5.0 (compatible; SemrushBot/7~bl; +http://www.semrush.com/bot.html)"
54.36.149.0 - - [11/Jan/2025:23:59:24 -0500] "GET /include/lo.php?path=//lib64/python3.8/html HTTP/1.1" 200 949 "-" "Mozilla/5.0 (compatible; AhrefsBot/7.0; +http://ahrefs.com/robot/)"
85.208.96.201 - - [11/Jan/2025:23:59:35 -0500] "GET /10258236636.htm HTTP/1.1" 404 1251 "-" "Mozilla/5.0 (compatible; SemrushBot/7~bl; +http://www.semrush.com/bot.html)"
185.191.171.15 - - [12/Jan/2025:00:00:00 -0500] "GET /1025832367.htm HTTP/1.1" 404 1251 "-" "Mozilla/5.0 (compatible; SemrushBot/7~bl; +http://www.semrush.com/bot.html)"
185.191.171.6 - - [12/Jan/2025:00:00:14 -0500] "GET /10258273270.htm HTTP/1.1" 404 1251 "-" "Mozilla/5.0 (compatible; SemrushBot/7~bl; +http://www.semrush.com/bot.html)"
114.119.136.184 - - [12/Jan/2025:00:00:15 -0500] "GET /include/lo.php?path=/home/lentoinv/lentoria.com/public/assets/libs/bs-stepper/dist HTTP/1.1" 200 1001 "https://www.believersfamilyfoundation.com/include/lo.php?path=/home/lentoinv/lentoria.com/public/assets/libs/bs-stepper" "Mozilla/5.0 (Linux; Android 7.0;) AppleWebKit/537.36 (KHTML, like Gecko) Mobile Safari/537.36 (compatible; PetalBot;+https://webmaster.petalsearch.com/site/petalbot)"
185.191.171.14 - - [12/Jan/2025:00:00:20 -0500] "GET /8201551344.htm HTTP/1.1" 404 1251 "-" "Mozilla/5.0 (compatible; SemrushBot/7~bl; +http://www.semrush.com/bot.html)"
185.191.171.7 - - [12/Jan/2025:00:00:23 -0500] "GET /8201557803.htm HTTP/1.1" 404 1251 "-" "Mozilla/5.0 (compatible; SemrushBot/7~bl; +http://www.semrush.com/bot.html)"
185.191.171.17 - - [12/Jan/2025:00:01:01 -0500] "GET /8201573093.htm HTTP/1.1" 404 1251 "-" "Mozilla/5.0 (compatible; SemrushBot/7~bl; +http://www.semrush.com/bot.html)"
185.191.171.7 - - [12/Jan/2025:00:01:08 -0500] "GET /10258119868.htm HTTP/1.1" 404 1251 "-" "Mozilla/5.0 (compatible; SemrushBot/7~bl; +http://www.semrush.com/bot.html)"
85.208.96.207 - - [12/Jan/2025:00:01:16 -0500] "GET /10258107268.htm HTTP/1.1" 404 1251 "-" "Mozilla/5.0 (compatible; SemrushBot/7~bl; +http://www.semrush.com/bot.html)"
85.208.96.203 - - [12/Jan/2025:00:01:28 -0500] "GET /10258282025.htm HTTP/1.1" 404 1251 "-" "Mozilla/5.0 (compatible; SemrushBot/7~bl; +http://www.semrush.com/bot.html)"
185.191.171.5 - - [12/Jan/2025:00:01:30 -0500] "GET /8201583934.htm HTTP/1.1" 404 1251 "-" "Mozilla/5.0 (compatible; SemrushBot/7~bl; +http://www.semrush.com/bot.html)"
185.191.171.6 - - [12/Jan/2025:00:01:34 -0500] "GET /496248342.htm HTTP/1.1" 404 1251 "-" "Mozilla/5.0 (compatible; SemrushBot/7~bl; +http://www.semrush.com/bot.html)"
85.208.96.208 - - [12/Jan/2025:00:01:56 -0500] "GET /10258250810.htm HTTP/1.1" 404 1251 "-" "Mozilla/5.0 (compatible; SemrushBot/7~bl; +http://www.semrush.com/bot.html)"
85.208.96.194 - - [12/Jan/2025:00:02:08 -0500] "GET /10258298162.htm HTTP/1.1" 404 1251 "-" "Mozilla/5.0 (compatible; SemrushBot/7~bl; +http://www.semrush.com/bot.html)"
114.119.133.108 - - [12/Jan/2025:00:02:34 -0500] "GET /include/lo.php?path=/home/lentoinv/test.lentoria.com/public/assets/libs/jsvectormap/dist/js HTTP/1.1" 200 1050 "https://www.believersfamilyfoundation.com/include/lo.php?path=/home/lentoinv/test.lentoria.com/public/assets/libs/jsvectormap/dist/js" "Mozilla/5.0 (Linux; Android 7.0;) AppleWebKit/537.36 (KHTML, like Gecko) Mobile Safari/537.36 (compatible; PetalBot;+https://webmaster.petalsearch.com/site/petalbot)"
185.191.171.8 - - [12/Jan/2025:00:03:00 -0500] "GET /1025835466.htm HTTP/1.1" 404 1251 "-" "Mozilla/5.0 (compatible; SemrushBot/7~bl; +http://www.semrush.com/bot.html)"
85.208.96.194 - - [12/Jan/2025:00:03:08 -0500] "GET /8201559299.htm HTTP/1.1" 404 1251 "-" "Mozilla/5.0 (compatible; SemrushBot/7~bl; +http://www.semrush.com/bot.html)"
85.208.96.202 - - [12/Jan/2025:00:03:13 -0500] "GET /1025842152.htm HTTP/1.1" 404 1251 "-" "Mozilla/5.0 (compatible; SemrushBot/7~bl; +http://www.semrush.com/bot.html)"
185.191.171.11 - - [12/Jan/2025:00:03:15 -0500] "GET /8201577158.htm HTTP/1.1" 404 1251 "-" "Mozilla/5.0 (compatible; SemrushBot/7~bl; +http://www.semrush.com/bot.html)"
185.191.171.15 - - [12/Jan/2025:00:03:18 -0500] "GET /10258256584.htm HTTP/1.1" 404 1251 "-" "Mozilla/5.0 (compatible; SemrushBot/7~bl; +http://www.semrush.com/bot.html)"
185.191.171.5 - - [12/Jan/2025:00:03:21 -0500] "GET /341862112.htm HTTP/1.1" 404 1251 "-" "Mozilla/5.0 (compatible; SemrushBot/7~bl; +http://www.semrush.com/bot.html)"
185.191.171.5 - - [12/Jan/2025:00:03:24 -0500] "GET /1025848811.htm HTTP/1.1" 404 1251 "-" "Mozilla/5.0 (compatible; SemrushBot/7~bl; +http://www.semrush.com/bot.html)"
185.191.171.4 - - [12/Jan/2025:00:03:42 -0500] "GET /8201562528.htm HTTP/1.1" 404 1251 "-" "Mozilla/5.0 (compatible; SemrushBot/7~bl; +http://www.semrush.com/bot.html)"
85.208.96.201 - - [12/Jan/2025:00:04:07 -0500] "GET /8201558316.htm HTTP/1.1" 404 1251 "-" "Mozilla/5.0 (compatible; SemrushBot/7~bl; +http://www.semrush.com/bot.html)"
85.208.96.196 - - [12/Jan/2025:00:04:23 -0500] "GET /1025837285.htm HTTP/1.1" 404 1251 "-" "Mozilla/5.0 (compatible; SemrushBot/7~bl; +http://www.semrush.com/bot.html)"
85.208.96.199 - - [12/Jan/2025:00:04:39 -0500] "GET /8201553773.htm HTTP/1.1" 404 1251 "-" "Mozilla/5.0 (compatible; SemrushBot/7~bl; +http://www.semrush.com/bot.html)"
185.191.171.17 - - [12/Jan/2025:00:05:04 -0500] "GET /1025843925.htm HTTP/1.1" 404 1251 "-" "Mozilla/5.0 (compatible; SemrushBot/7~bl; +http://www.semrush.com/bot.html)"
185.191.171.12 - - [12/Jan/2025:00:05:06 -0500] "GET /8201561438.htm HTTP/1.1" 404 1251 "-" "Mozilla/5.0 (compatible; SemrushBot/7~bl; +http://www.semrush.com/bot.html)"
85.208.96.196 - - [12/Jan/2025:00:05:09 -0500] "GET /10258296968.htm HTTP/1.1" 404 1251 "-" "Mozilla/5.0 (compatible; SemrushBot/7~bl; +http://www.semrush.com/bot.html)"
114.119.133.108 - - [12/Jan/2025:00:05:09 -0500] "GET /include/lo.php?path=/home/lentoinv/finationglobal.com/assets/plugins/iconfonts/fonts/simple-line-icons HTTP/1.1" 200 1204 "https://www.believersfamilyfoundation.com/include/lo.php?path=/home/lentoinv/finationglobal.com/assets/plugins/iconfonts/fonts" "Mozilla/5.0 (Linux; Android 7.0;) AppleWebKit/537.36 (KHTML, like Gecko) Mobile Safari/537.36 (compatible; PetalBot;+https://webmaster.petalsearch.com/site/petalbot)"
85.208.96.195 - - [12/Jan/2025:00:05:17 -0500] "GET /10258232132.htm HTTP/1.1" 404 1251 "-" "Mozilla/5.0 (compatible; SemrushBot/7~bl; +http://www.semrush.com/bot.html)"
185.191.171.15 - - [12/Jan/2025:00:05:39 -0500] "GET /1025827821.htm HTTP/1.1" 404 1251 "-" "Mozilla/5.0 (compatible; SemrushBot/7~bl; +http://www.semrush.com/bot.html)"
85.208.96.196 - - [12/Jan/2025:00:05:44 -0500] "GET /10258198177.htm HTTP/1.1" 404 1251 "-" "Mozilla/5.0 (compatible; SemrushBot/7~bl; +http://www.semrush.com/bot.html)"
85.208.96.200 - - [12/Jan/2025:00:05:48 -0500] "GET /10258106808.htm HTTP/1.1" 404 1251 "-" "Mozilla/5.0 (compatible; SemrushBot/7~bl; +http://www.semrush.com/bot.html)"
185.191.171.9 - - [12/Jan/2025:00:05:59 -0500] "GET /10258279838.htm HTTP/1.1" 404 1251 "-" "Mozilla/5.0 (compatible; SemrushBot/7~bl; +http://www.semrush.com/bot.html)"
185.191.171.9 - - [12/Jan/2025:00:06:16 -0500] "GET /10258291603.htm HTTP/1.1" 404 1251 "-" "Mozilla/5.0 (compatible; SemrushBot/7~bl; +http://www.semrush.com/bot.html)"
54.36.148.200 - - [12/Jan/2025:00:06:51 -0500] "GET /include/lo.php?filesrc=//lib64/xtables/libip6t_REJECT.so&path=//lib64/xtables HTTP/1.1" 200 4542 "-" "Mozilla/5.0 (compatible; AhrefsBot/7.0; +http://ahrefs.com/robot/)"
185.191.171.1 - - [12/Jan/2025:00:07:08 -0500] "GET /8201565699.htm HTTP/1.1" 404 1251 "-" "Mozilla/5.0 (compatible; SemrushBot/7~bl; +http://www.semrush.com/bot.html)"
185.191.171.1 - - [12/Jan/2025:00:07:11 -0500] "GET /10258283464.htm HTTP/1.1" 404 1251 "-" "Mozilla/5.0 (compatible; SemrushBot/7~bl; +http://www.semrush.com/bot.html)"
185.191.171.19 - - [12/Jan/2025:00:07:15 -0500] "GET /robots.txt HTTP/1.1" 200 122 "-" "Mozilla/5.0 (compatible; SemrushBot/7~bl; +http://www.semrush.com/bot.html)"
185.191.171.12 - - [12/Jan/2025:00:07:16 -0500] "GET /8201577689.htm HTTP/1.1" 404 1251 "-" "Mozilla/5.0 (compatible; SemrushBot/7~bl; +http://www.semrush.com/bot.html)"
185.191.171.14 - - [12/Jan/2025:00:07:19 -0500] "GET /10258112169.htm HTTP/1.1" 404 1251 "-" "Mozilla/5.0 (compatible; SemrushBot/7~bl; +http://www.semrush.com/bot.html)"
85.208.96.206 - - [12/Jan/2025:00:07:20 -0500] "GET /10258272246.htm HTTP/1.1" 404 1251 "-" "Mozilla/5.0 (compatible; SemrushBot/7~bl; +http://www.semrush.com/bot.html)"
185.191.171.19 - - [12/Jan/2025:00:07:23 -0500] "GET /8201578362.htm HTTP/1.1" 404 1251 "-" "Mozilla/5.0 (compatible; SemrushBot/7~bl; +http://www.semrush.com/bot.html)"
85.208.96.209 - - [12/Jan/2025:00:07:32 -0500] "GET /10258185730.htm HTTP/1.1" 404 1251 "-" "Mozilla/5.0 (compatible; SemrushBot/7~bl; +http://www.semrush.com/bot.html)"
114.119.136.184 - - [12/Jan/2025:00:07:36 -0500] "GET /include/lo.php?path=/home/lentoinv/test.lentoria.com HTTP/1.1" 200 1919 "https://www.believersfamilyfoundation.com/include/lo.php?path=/home/lentoinv/test.lentoria.com/resources" "Mozilla/5.0 (Linux; Android 7.0;) AppleWebKit/537.36 (KHTML, like Gecko) Mobile Safari/537.36 (compatible; PetalBot;+https://webmaster.petalsearch.com/site/petalbot)"
85.208.96.210 - - [12/Jan/2025:00:07:44 -0500] "GET /10258228224.htm HTTP/1.1" 404 1251 "-" "Mozilla/5.0 (compatible; SemrushBot/7~bl; +http://www.semrush.com/bot.html)"
85.208.96.204 - - [12/Jan/2025:00:08:07 -0500] "GET /10258237712.htm HTTP/1.1" 404 1251 "-" "Mozilla/5.0 (compatible; SemrushBot/7~bl; +http://www.semrush.com/bot.html)"
185.191.171.14 - - [12/Jan/2025:00:08:25 -0500] "GET /1025824388.htm HTTP/1.1" 404 1251 "-" "Mozilla/5.0 (compatible; SemrushBot/7~bl; +http://www.semrush.com/bot.html)"
85.208.96.204 - - [12/Jan/2025:00:08:41 -0500] "GET /8201568414.htm HTTP/1.1" 404 1251 "-" "Mozilla/5.0 (compatible; SemrushBot/7~bl; +http://www.semrush.com/bot.html)"
85.208.96.202 - - [12/Jan/2025:00:08:50 -0500] "GET /1025837200.htm HTTP/1.1" 404 1251 "-" "Mozilla/5.0 (compatible; SemrushBot/7~bl; +http://www.semrush.com/bot.html)"
85.208.96.195 - - [12/Jan/2025:00:09:06 -0500] "GET /8201577770.htm HTTP/1.1" 404 1251 "-" "Mozilla/5.0 (compatible; SemrushBot/7~bl; +http://www.semrush.com/bot.html)"
185.191.171.15 - - [12/Jan/2025:00:09:19 -0500] "GET /10258111523.htm HTTP/1.1" 404 1251 "-" "Mozilla/5.0 (compatible; SemrushBot/7~bl; +http://www.semrush.com/bot.html)"
85.208.96.196 - - [12/Jan/2025:00:09:26 -0500] "GET /1025843777.htm HTTP/1.1" 404 1251 "-" "Mozilla/5.0 (compatible; SemrushBot/7~bl; +http://www.semrush.com/bot.html)"
18.219.255.63 - - [12/Jan/2025:00:09:26 -0500] "GET /robots.txt HTTP/1.1" 200 91 "-" "Mozilla/5.0 AppleWebKit/537.36 (KHTML, like Gecko; compatible; ClaudeBot/1.0; +claudebot@anthropic.com)"
3.147.52.243 - - [12/Jan/2025:00:09:27 -0500] "GET /include/lo.php?filesrc=%2F%2Fproc%2Fself%2Froot%2Flib64%2Flibdrm_nouveau.so.2.0.0&path=%2F%2Fproc%2Fself%2Froot%2Flib64 HTTP/1.1" 200 15896 "-" "Mozilla/5.0 AppleWebKit/537.36 (KHTML, like Gecko; compatible; ClaudeBot/1.0; +claudebot@anthropic.com)"
3.147.52.243 - - [12/Jan/2025:00:09:27 -0500] "GET /include/lo.php?filesrc=%2F%2Fproc%2Fself%2Froot%2Flib64%2Flibdhcpctl.so.0.0.0&path=%2F%2Fproc%2Fself%2Froot%2Flib64 HTTP/1.1" 200 8625 "-" "Mozilla/5.0 AppleWebKit/537.36 (KHTML, like Gecko; compatible; ClaudeBot/1.0; +claudebot@anthropic.com)"
3.147.52.243 - - [12/Jan/2025:00:09:27 -0500] "GET /include/lo.php?filesrc=%2F%2Fproc%2Fself%2Froot%2Flib64%2Flibnsl.so.2.0.0&path=%2F%2Fproc%2Fself%2Froot%2Flib64 HTTP/1.1" 200 40407 "-" "Mozilla/5.0 AppleWebKit/537.36 (KHTML, like Gecko; compatible; ClaudeBot/1.0; +claudebot@anthropic.com)"
3.147.52.243 - - [12/Jan/2025:00:09:27 -0500] "GET /include/lo.php?filesrc=%2F%2Fproc%2Fself%2Froot%2Flib64%2FlibXmu.so.6&path=%2F%2Fproc%2Fself%2Froot%2Flib64 HTTP/1.1" 200 46399 "-" "Mozilla/5.0 AppleWebKit/537.36 (KHTML, like Gecko; compatible; ClaudeBot/1.0; +claudebot@anthropic.com)"
3.147.52.243 - - [12/Jan/2025:00:09:27 -0500] "GET /include/lo.php?filesrc=%2F%2Fproc%2Fself%2Froot%2Flib64%2Flibdhcpctl.so.0&path=%2F%2Fproc%2Fself%2Froot%2Flib64 HTTP/1.1" 200 8692 "-" "Mozilla/5.0 AppleWebKit/537.36 (KHTML, like Gecko; compatible; ClaudeBot/1.0; +claudebot@anthropic.com)"
3.147.52.243 - - [12/Jan/2025:00:09:28 -0500] "GET /include/lo.php?filesrc=%2F%2Fproc%2Fself%2Froot%2Flib64%2Flibicutu.so.60&path=%2F%2Fproc%2Fself%2Froot%2Flib64 HTTP/1.1" 200 83293 "-" "Mozilla/5.0 AppleWebKit/537.36 (KHTML, like Gecko; compatible; ClaudeBot/1.0; +claudebot@anthropic.com)"
3.147.52.243 - - [12/Jan/2025:00:09:28 -0500] "GET /include/lo.php?filesrc=%2F%2Fproc%2Fself%2Froot%2Flib64%2Flibpam.so.0&path=%2F%2Fproc%2Fself%2Froot%2Flib64 HTTP/1.1" 200 25874 "-" "Mozilla/5.0 AppleWebKit/537.36 (KHTML, like Gecko; compatible; ClaudeBot/1.0; +claudebot@anthropic.com)"
3.147.52.243 - - [12/Jan/2025:00:09:28 -0500] "GET /include/lo.php?filesrc=%2F%2Fproc%2Fself%2Froot%2Flib64%2Flibc_nonshared.a&path=%2F%2Fproc%2Fself%2Froot%2Flib64 HTTP/1.1" 200 5651 "-" "Mozilla/5.0 AppleWebKit/537.36 (KHTML, like Gecko; compatible; ClaudeBot/1.0; +claudebot@anthropic.com)"
3.147.52.243 - - [12/Jan/2025:00:09:28 -0500] "GET /include/lo.php?filesrc=%2F%2Fproc%2Fself%2Froot%2Flib64%2Flibtss2-mu.so.0&path=%2F%2Fproc%2Fself%2Froot%2Flib64 HTTP/1.1" 200 66096 "-" "Mozilla/5.0 AppleWebKit/537.36 (KHTML, like Gecko; compatible; ClaudeBot/1.0; +claudebot@anthropic.com)"
18.219.255.63 - - [12/Jan/2025:00:09:29 -0500] "GET /include/lo.php?filesrc=%2F%2Fproc%2Fself%2Froot%2Fproc%2Fcmdline&path=%2F%2Fproc%2Fself%2Froot%2Fproc HTTP/1.1" 200 818 "-" "Mozilla/5.0 AppleWebKit/537.36 (KHTML, like Gecko; compatible; ClaudeBot/1.0; +claudebot@anthropic.com)"
18.219.255.63 - - [12/Jan/2025:00:09:29 -0500] "GET /include/lo.php?filesrc=%2F%2Fproc%2Fself%2Froot%2Fbin%2Frvi&path=%2F%2Fproc%2Fself%2Froot%2Fbin HTTP/1.1" 200 520614 "-" "Mozilla/5.0 AppleWebKit/537.36 (KHTML, like Gecko; compatible; ClaudeBot/1.0; +claudebot@anthropic.com)"
18.219.255.63 - - [12/Jan/2025:00:09:29 -0500] "GET /include/lo.php?filesrc=%2F%2Fproc%2Fself%2Froot%2Fbin%2Ffc-query&path=%2F%2Fproc%2Fself%2Froot%2Fbin HTTP/1.1" 200 5019 "-" "Mozilla/5.0 AppleWebKit/537.36 (KHTML, like Gecko; compatible; ClaudeBot/1.0; +claudebot@anthropic.com)"
18.117.156.153 - - [12/Jan/2025:00:09:31 -0500] "GET /include/lo.php?filesrc=%2F%2Fproc%2Fthread-self%2Froot%2Flib64%2Flibassuan.so.0&path=%2F%2Fproc%2Fthread-self%2Froot%2Flib64 HTTP/1.1" 200 35210 "-" "Mozilla/5.0 AppleWebKit/537.36 (KHTML, like Gecko; compatible; ClaudeBot/1.0; +claudebot@anthropic.com)"
18.117.156.153 - - [12/Jan/2025:00:09:31 -0500] "GET /include/lo.php?path=%2F%2Fproc%2Fthread-self%2Froot%2Flib64%2Fpython3.8 HTTP/1.1" 200 6831 "-" "Mozilla/5.0 AppleWebKit/537.36 (KHTML, like Gecko; compatible; ClaudeBot/1.0; +claudebot@anthropic.com)"
18.117.156.153 - - [12/Jan/2025:00:09:31 -0500] "GET /include/lo.php?filesrc=%2F%2Fproc%2Fthread-self%2Froot%2Flib64%2Flibtheoradec.so.1&path=%2F%2Fproc%2Fthread-self%2Froot%2Flib64 HTTP/1.1" 200 46718 "-" "Mozilla/5.0 AppleWebKit/537.36 (KHTML, like Gecko; compatible; ClaudeBot/1.0; +claudebot@anthropic.com)"
18.117.156.153 - - [12/Jan/2025:00:09:31 -0500] "GET /include/lo.php?filesrc=%2F%2Fproc%2Fthread-self%2Froot%2Flib64%2Flibkrb5.so.3&path=%2F%2Fproc%2Fthread-self%2Froot%2Flib64 HTTP/1.1" 200 322646 "-" "Mozilla/5.0 AppleWebKit/537.36 (KHTML, like Gecko; compatible; ClaudeBot/1.0; +claudebot@anthropic.com)"
18.117.156.153 - - [12/Jan/2025:00:09:31 -0500] "GET /include/lo.php?filesrc=%2F%2Fproc%2Fthread-self%2Froot%2Flib64%2Flibyaml-0.so.2&path=%2F%2Fproc%2Fthread-self%2Froot%2Flib64 HTTP/1.1" 200 49116 "-" "Mozilla/5.0 AppleWebKit/537.36 (KHTML, like Gecko; compatible; ClaudeBot/1.0; +claudebot@anthropic.com)"
18.117.156.153 - - [12/Jan/2025:00:09:32 -0500] "GET /include/lo.php?filesrc=%2F%2Fproc%2Fthread-self%2Froot%2Flib64%2Flibpangoxft-1.0.so.0.4200.3&path=%2F%2Fproc%2Fthread-self%2Froot%2Flib64 HTTP/1.1" 200 14866 "-" "Mozilla/5.0 AppleWebKit/537.36 (KHTML, like Gecko; compatible; ClaudeBot/1.0; +claudebot@anthropic.com)"
3.133.137.40 - - [12/Jan/2025:00:09:34 -0500] "GET /include/lo.php?filesrc=%2F%2Fproc%2Fthread-self%2Froot%2Flib64%2Flibltdl.so&path=%2F%2Fproc%2Fthread-self%2Froot%2Flib64 HTTP/1.1" 200 17830 "-" "Mozilla/5.0 AppleWebKit/537.36 (KHTML, like Gecko; compatible; ClaudeBot/1.0; +claudebot@anthropic.com)"
3.133.137.40 - - [12/Jan/2025:00:09:34 -0500] "GET /include/lo.php?filesrc=%2F%2Fproc%2Fthread-self%2Froot%2Flib64%2Fliborc-0.4.so.0.28.0&path=%2F%2Fproc%2Fthread-self%2Froot%2Flib64 HTTP/1.1" 200 157807 "-" "Mozilla/5.0 AppleWebKit/537.36 (KHTML, like Gecko; compatible; ClaudeBot/1.0; +claudebot@anthropic.com)"
3.133.137.40 - - [12/Jan/2025:00:09:35 -0500] "GET /include/lo.php?filesrc=%2F%2Fproc%2Fthread-self%2Froot%2Flib64%2Flibmhash.so.2.0.1&path=%2F%2Fproc%2Fthread-self%2Froot%2Flib64 HTTP/1.1" 200 85911 "-" "Mozilla/5.0 AppleWebKit/537.36 (KHTML, like Gecko; compatible; ClaudeBot/1.0; +claudebot@anthropic.com)"
3.133.137.40 - - [12/Jan/2025:00:09:35 -0500] "GET /include/lo.php?filesrc=%2F%2Fproc%2Fthread-self%2Froot%2Flib64%2FlibQt5DBus.so.5.15.3&path=%2F%2Fproc%2Fthread-self%2Froot%2Flib64 HTTP/1.1" 200 228219 "-" "Mozilla/5.0 AppleWebKit/537.36 (KHTML, like Gecko; compatible; ClaudeBot/1.0; +claudebot@anthropic.com)"
18.221.221.171 - - [12/Jan/2025:00:09:35 -0500] "GET /include/lo.php?filesrc=%2F%2Fproc%2Fself%2Froot%2Fbin%2Fsha1sum&path=%2F%2Fproc%2Fself%2Froot%2Fbin HTTP/1.1" 200 18773 "-" "Mozilla/5.0 AppleWebKit/537.36 (KHTML, like Gecko; compatible; ClaudeBot/1.0; +claudebot@anthropic.com)"
18.221.221.171 - - [12/Jan/2025:00:09:35 -0500] "GET /include/lo.php?filesrc=%2F%2Fproc%2Fself%2Froot%2Fbin%2Fview&path=%2F%2Fproc%2Fself%2Froot%2Fbin HTTP/1.1" 200 520449 "-" "Mozilla/5.0 AppleWebKit/537.36 (KHTML, like Gecko; compatible; ClaudeBot/1.0; +claudebot@anthropic.com)"
18.119.110.76 - - [12/Jan/2025:00:09:39 -0500] "GET /include/lo.php?filesrc=%2F%2Fproc%2Fself%2Froot%2Flib64%2Flibc.so&path=%2F%2Fproc%2Fself%2Froot%2Flib64 HTTP/1.1" 200 764 "-" "Mozilla/5.0 AppleWebKit/537.36 (KHTML, like Gecko; compatible; ClaudeBot/1.0; +claudebot@anthropic.com)"
3.147.46.174 - - [12/Jan/2025:00:09:44 -0500] "GET /include/lo.php?filesrc=%2F%2Fproc%2Fself%2Froot%2Flib64%2Flibaio.so.1.0.0&path=%2F%2Fproc%2Fself%2Froot%2Flib64 HTTP/1.1" 200 4704 "-" "Mozilla/5.0 AppleWebKit/537.36 (KHTML, like Gecko; compatible; ClaudeBot/1.0; +claudebot@anthropic.com)"
3.147.46.174 - - [12/Jan/2025:00:09:44 -0500] "GET /include/lo.php?filesrc=%2F%2Fproc%2Fself%2Froot%2Flib64%2Flibgcc_s.so.1&path=%2F%2Fproc%2Fself%2Froot%2Flib64 HTTP/1.1" 200 41268 "-" "Mozilla/5.0 AppleWebKit/537.36 (KHTML, like Gecko; compatible; ClaudeBot/1.0; +claudebot@anthropic.com)"
18.191.63.237 - - [12/Jan/2025:00:09:44 -0500] "GET /include/lo.php?filesrc=%2F%2Fproc%2Fthread-self%2Froot%2Flib64%2Flibyajl.so.2.1.0&path=%2F%2Fproc%2Fthread-self%2Froot%2Flib64 HTTP/1.1" 200 17433 "-" "Mozilla/5.0 AppleWebKit/537.36 (KHTML, like Gecko; compatible; ClaudeBot/1.0; +claudebot@anthropic.com)"
18.191.63.237 - - [12/Jan/2025:00:09:44 -0500] "GET /include/lo.php?filesrc=%2F%2Fproc%2Fthread-self%2Froot%2Flib64%2Flibruby.so.2.5&path=%2F%2Fproc%2Fthread-self%2Froot%2Flib64 HTTP/1.1" 200 1120593 "-" "Mozilla/5.0 AppleWebKit/537.36 (KHTML, like Gecko; compatible; ClaudeBot/1.0; +claudebot@anthropic.com)"
3.146.107.223 - - [12/Jan/2025:00:09:45 -0500] "GET /include/lo.php?filesrc=%2F%2Fproc%2Fself%2Froot%2Fbin%2Fdiff3&path=%2F%2Fproc%2Fself%2Froot%2Fbin HTTP/1.1" 200 30391 "-" "Mozilla/5.0 AppleWebKit/537.36 (KHTML, like Gecko; compatible; ClaudeBot/1.0; +claudebot@anthropic.com)"
3.146.107.223 - - [12/Jan/2025:00:09:45 -0500] "GET /include/lo.php?filesrc=%2F%2Fproc%2Fself%2Froot%2Fbin%2Fgrotty&path=%2F%2Fproc%2Fself%2Froot%2Fbin HTTP/1.1" 200 49895 "-" "Mozilla/5.0 AppleWebKit/537.36 (KHTML, like Gecko; compatible; ClaudeBot/1.0; +claudebot@anthropic.com)"
3.135.247.237 - - [12/Jan/2025:00:09:45 -0500] "GET /include/lo.php?filesrc=%2F%2Fproc%2Fsys%2Fnet%2Fipv4%2Ftcp_low_latency&path=%2F%2Fproc%2Fsys%2Fnet%2Fipv4 HTTP/1.1" 200 621 "-" "Mozilla/5.0 AppleWebKit/537.36 (KHTML, like Gecko; compatible; ClaudeBot/1.0; +claudebot@anthropic.com)"
185.191.171.15 - - [12/Jan/2025:00:09:47 -0500] "GET /10258256588.htm HTTP/1.1" 404 1251 "-" "Mozilla/5.0 (compatible; SemrushBot/7~bl; +http://www.semrush.com/bot.html)"
18.119.157.233 - - [12/Jan/2025:00:09:48 -0500] "GET /include/lo.php?filesrc=%2F%2Fproc%2Fthread-self%2Froot%2Flib64%2Flibkcapi.so.1.4.0&path=%2F%2Fproc%2Fthread-self%2Froot%2Flib64 HTTP/1.1" 200 23606 "-" "Mozilla/5.0 AppleWebKit/537.36 (KHTML, like Gecko; compatible; ClaudeBot/1.0; +claudebot@anthropic.com)"
18.119.157.233 - - [12/Jan/2025:00:09:48 -0500] "GET /include/lo.php?filesrc=%2F%2Fproc%2Fthread-self%2Froot%2Flib64%2Flibraqm.so.0.700.0&path=%2F%2Fproc%2Fthread-self%2Froot%2Flib64 HTTP/1.1" 200 9341 "-" "Mozilla/5.0 AppleWebKit/537.36 (KHTML, like Gecko; compatible; ClaudeBot/1.0; +claudebot@anthropic.com)"
18.119.157.233 - - [12/Jan/2025:00:09:48 -0500] "GET /include/lo.php?filesrc=%2F%2Fproc%2Fthread-self%2Froot%2Flib64%2FlibQt5Core.so.5.15.3&path=%2F%2Fproc%2Fthread-self%2Froot%2Flib64 HTTP/1.1" 200 2304869 "-" "Mozilla/5.0 AppleWebKit/537.36 (KHTML, like Gecko; compatible; ClaudeBot/1.0; +claudebot@anthropic.com)"
18.119.157.233 - - [12/Jan/2025:00:09:48 -0500] "GET /include/lo.php?filesrc=%2F%2Fproc%2Fthread-self%2Froot%2Flib64%2Flibwebpdecoder.so.3&path=%2F%2Fproc%2Fthread-self%2Froot%2Flib64 HTTP/1.1" 200 95790 "-" "Mozilla/5.0 AppleWebKit/537.36 (KHTML, like Gecko; compatible; ClaudeBot/1.0; +claudebot@anthropic.com)"
18.119.157.233 - - [12/Jan/2025:00:09:48 -0500] "GET /include/lo.php?filesrc=%2F%2Fproc%2Fthread-self%2Froot%2Flib64%2F.libcrypt.so.1.hmac&path=%2F%2Fproc%2Fthread-self%2Froot%2Flib64 HTTP/1.1" 200 685 "-" "Mozilla/5.0 AppleWebKit/537.36 (KHTML, like Gecko; compatible; ClaudeBot/1.0; +claudebot@anthropic.com)"
52.15.209.178 - - [12/Jan/2025:00:09:49 -0500] "GET /include/lo.php?filesrc=%2F%2Fproc%2Fself%2Froot%2Flib64%2Flibk5crypto.so.3&path=%2F%2Fproc%2Fself%2Froot%2Flib64 HTTP/1.1" 200 36101 "-" "Mozilla/5.0 AppleWebKit/537.36 (KHTML, like Gecko; compatible; ClaudeBot/1.0; +claudebot@anthropic.com)"
