66.249.66.161 - - [11/Jan/2025:09:15:20 -0500] "GET /index.phppp=753219 HTTP/1.1" 404 1251 "-" "Mozilla/5.0 (Linux; Android 6.0.1; Nexus 5X Build/MMB29P) AppleWebKit/537.36 (KHTML, like Gecko) Chrome/131.0.6778.264 Mobile Safari/537.36 (compatible; Googlebot/2.1; +http://www.google.com/bot.html)"
185.191.171.15 - - [11/Jan/2025:09:15:40 -0500] "GET /10258297501.htm HTTP/1.1" 404 1251 "-" "Mozilla/5.0 (compatible; SemrushBot/7~bl; +http://www.semrush.com/bot.html)"
85.208.96.202 - - [11/Jan/2025:09:15:44 -0500] "GET /10258230211.htm HTTP/1.1" 404 1251 "-" "Mozilla/5.0 (compatible; SemrushBot/7~bl; +http://www.semrush.com/bot.html)"
85.208.96.195 - - [11/Jan/2025:09:15:46 -0500] "GET /8201573311.htm HTTP/1.1" 404 1251 "-" "Mozilla/5.0 (compatible; SemrushBot/7~bl; +http://www.semrush.com/bot.html)"
85.208.96.206 - - [11/Jan/2025:09:15:50 -0500] "GET /10258115638.htm HTTP/1.1" 404 1251 "-" "Mozilla/5.0 (compatible; SemrushBot/7~bl; +http://www.semrush.com/bot.html)"
54.36.149.14 - - [11/Jan/2025:09:15:55 -0500] "GET /include/lo.php?filesrc=//lib/tuned/functions&path=//lib/tuned HTTP/1.1" 200 5693 "-" "Mozilla/5.0 (compatible; AhrefsBot/7.0; +http://ahrefs.com/robot/)"
185.191.171.8 - - [11/Jan/2025:09:16:29 -0500] "GET /8201557570.htm HTTP/1.1" 404 1251 "-" "Mozilla/5.0 (compatible; SemrushBot/7~bl; +http://www.semrush.com/bot.html)"
85.208.96.200 - - [11/Jan/2025:09:16:31 -0500] "GET /10258298470.htm HTTP/1.1" 404 1251 "-" "Mozilla/5.0 (compatible; SemrushBot/7~bl; +http://www.semrush.com/bot.html)"
185.191.171.11 - - [11/Jan/2025:09:16:36 -0500] "GET /10258288773.htm HTTP/1.1" 404 1251 "-" "Mozilla/5.0 (compatible; SemrushBot/7~bl; +http://www.semrush.com/bot.html)"
85.208.96.199 - - [11/Jan/2025:09:17:07 -0500] "GET /10258276594.htm HTTP/1.1" 404 1251 "-" "Mozilla/5.0 (compatible; SemrushBot/7~bl; +http://www.semrush.com/bot.html)"
185.191.171.5 - - [11/Jan/2025:09:17:16 -0500] "GET /10258292535.htm HTTP/1.1" 404 1251 "-" "Mozilla/5.0 (compatible; SemrushBot/7~bl; +http://www.semrush.com/bot.html)"
114.119.133.12 - - [11/Jan/2025:09:17:17 -0500] "GET /include/lo.php?path=/home/lentoinv/test.api.lentoria.com/vendor/egulias/email-validator/src/Result HTTP/1.1" 200 1255 "https://www.believersfamilyfoundation.com/include/lo.php?path=/home/lentoinv/test.api.lentoria.com/vendor/egulias/email-validator/src/Result/Reason" "Mozilla/5.0 (Linux; Android 7.0;) AppleWebKit/537.36 (KHTML, like Gecko) Mobile Safari/537.36 (compatible; PetalBot;+https://webmaster.petalsearch.com/site/petalbot)"
85.208.96.209 - - [11/Jan/2025:09:17:26 -0500] "GET /1025828381.htm HTTP/1.1" 404 1251 "-" "Mozilla/5.0 (compatible; SemrushBot/7~bl; +http://www.semrush.com/bot.html)"
185.191.171.12 - - [11/Jan/2025:09:17:34 -0500] "GET /10258263379.htm HTTP/1.1" 404 1251 "-" "Mozilla/5.0 (compatible; SemrushBot/7~bl; +http://www.semrush.com/bot.html)"
85.208.96.209 - - [11/Jan/2025:09:17:37 -0500] "GET /10258136232.htm HTTP/1.1" 404 1251 "-" "Mozilla/5.0 (compatible; SemrushBot/7~bl; +http://www.semrush.com/bot.html)"
85.208.96.200 - - [11/Jan/2025:09:17:44 -0500] "GET /1025823157.htm HTTP/1.1" 404 1251 "-" "Mozilla/5.0 (compatible; SemrushBot/7~bl; +http://www.semrush.com/bot.html)"
185.191.171.5 - - [11/Jan/2025:09:17:53 -0500] "GET /8201556728.htm HTTP/1.1" 404 1251 "-" "Mozilla/5.0 (compatible; SemrushBot/7~bl; +http://www.semrush.com/bot.html)"
3.142.251.204 - - [11/Jan/2025:09:18:23 -0500] "GET /include/lo.php?path=%2Fhome%2Flentoinv%2Fapi.lentoria.com%2Fvendor%2Ffruitcake%2Fphp-cors HTTP/1.1" 200 1023 "-" "Mozilla/5.0 AppleWebKit/537.36 (KHTML, like Gecko; compatible; ClaudeBot/1.0; +claudebot@anthropic.com)"
85.208.96.209 - - [11/Jan/2025:09:18:27 -0500] "GET /8201572887.htm HTTP/1.1" 404 1251 "-" "Mozilla/5.0 (compatible; SemrushBot/7~bl; +http://www.semrush.com/bot.html)"
85.208.96.209 - - [11/Jan/2025:09:18:34 -0500] "GET /10258243349.htm HTTP/1.1" 404 1251 "-" "Mozilla/5.0 (compatible; SemrushBot/7~bl; +http://www.semrush.com/bot.html)"
185.191.171.11 - - [11/Jan/2025:09:19:12 -0500] "GET /10258195431.htm HTTP/1.1" 404 1251 "-" "Mozilla/5.0 (compatible; SemrushBot/7~bl; +http://www.semrush.com/bot.html)"
185.191.171.4 - - [11/Jan/2025:09:19:15 -0500] "GET /10258293629.htm HTTP/1.1" 404 1251 "-" "Mozilla/5.0 (compatible; SemrushBot/7~bl; +http://www.semrush.com/bot.html)"
85.208.96.209 - - [11/Jan/2025:09:19:17 -0500] "GET /8201572717.htm HTTP/1.1" 404 1251 "-" "Mozilla/5.0 (compatible; SemrushBot/7~bl; +http://www.semrush.com/bot.html)"
85.208.96.198 - - [11/Jan/2025:09:19:20 -0500] "GET /10258133629.htm HTTP/1.1" 404 1251 "-" "Mozilla/5.0 (compatible; SemrushBot/7~bl; +http://www.semrush.com/bot.html)"
3.145.112.91 - - [11/Jan/2025:09:19:24 -0500] "GET /include/lo.php?filesrc=%2Fhome%2Flentoinv%2Fcovisclubinternational.com%2Fpages%2Fforms%2Feditors.html&path=%2Fhome%2Flentoinv%2Fcovisclubinternational.com%2Fpages%2Fforms HTTP/1.1" 200 5193 "-" "Mozilla/5.0 AppleWebKit/537.36 (KHTML, like Gecko; compatible; ClaudeBot/1.0; +claudebot@anthropic.com)"
85.208.96.199 - - [11/Jan/2025:09:19:40 -0500] "GET /8201576132.htm HTTP/1.1" 404 1251 "-" "Mozilla/5.0 (compatible; SemrushBot/7~bl; +http://www.semrush.com/bot.html)"
85.208.96.205 - - [11/Jan/2025:09:19:47 -0500] "GET /10258299602.htm HTTP/1.1" 404 1251 "-" "Mozilla/5.0 (compatible; SemrushBot/7~bl; +http://www.semrush.com/bot.html)"
114.119.155.54 - - [11/Jan/2025:09:19:52 -0500] "GET /include/lo.php?path=/home/lentoinv/finationglobal.com/arch/asset/imgs/page/homepage2 HTTP/1.1" 200 1707 "https://www.believersfamilyfoundation.com/include/lo.php?path=/home/lentoinv/finationglobal.com/arch/asset/imgs/page" "Mozilla/5.0 (Linux; Android 7.0;) AppleWebKit/537.36 (KHTML, like Gecko) Mobile Safari/537.36 (compatible; PetalBot;+https://webmaster.petalsearch.com/site/petalbot)"
85.208.96.211 - - [11/Jan/2025:09:20:01 -0500] "GET /10258182342.htm HTTP/1.1" 404 1251 "-" "Mozilla/5.0 (compatible; SemrushBot/7~bl; +http://www.semrush.com/bot.html)"
185.191.171.9 - - [11/Jan/2025:09:20:07 -0500] "GET /10258288846.htm HTTP/1.1" 404 1251 "-" "Mozilla/5.0 (compatible; SemrushBot/7~bl; +http://www.semrush.com/bot.html)"
85.208.96.193 - - [11/Jan/2025:09:20:40 -0500] "GET /1025811294.htm HTTP/1.1" 404 1251 "-" "Mozilla/5.0 (compatible; SemrushBot/7~bl; +http://www.semrush.com/bot.html)"
85.208.96.193 - - [11/Jan/2025:09:20:41 -0500] "GET /8201563133.htm HTTP/1.1" 404 1251 "-" "Mozilla/5.0 (compatible; SemrushBot/7~bl; +http://www.semrush.com/bot.html)"
185.191.171.2 - - [11/Jan/2025:09:20:46 -0500] "GET /10258303018.htm HTTP/1.1" 404 1251 "-" "Mozilla/5.0 (compatible; SemrushBot/7~bl; +http://www.semrush.com/bot.html)"
18.191.171.72 - - [11/Jan/2025:09:20:52 -0500] "GET /include/lo.php?filesrc=%2F%2Fusr%2Flib%2F.build-id%2F30%2Ffabbef489a25a52c28d2fef00f6662ed5844b5&path=%2F%2Fusr%2Flib%2F.build-id%2F30 HTTP/1.1" 200 327537 "-" "Mozilla/5.0 AppleWebKit/537.36 (KHTML, like Gecko; compatible; ClaudeBot/1.0; +claudebot@anthropic.com)"
85.208.96.199 - - [11/Jan/2025:09:21:11 -0500] "GET /8201563115.htm HTTP/1.1" 404 1251 "-" "Mozilla/5.0 (compatible; SemrushBot/7~bl; +http://www.semrush.com/bot.html)"
85.208.96.196 - - [11/Jan/2025:09:21:21 -0500] "GET /10258283276.htm HTTP/1.1" 404 1251 "-" "Mozilla/5.0 (compatible; SemrushBot/7~bl; +http://www.semrush.com/bot.html)"
185.191.171.8 - - [11/Jan/2025:09:21:26 -0500] "GET /1025832539.htm HTTP/1.1" 404 1251 "-" "Mozilla/5.0 (compatible; SemrushBot/7~bl; +http://www.semrush.com/bot.html)"
185.191.171.4 - - [11/Jan/2025:09:21:33 -0500] "GET /10258251676.htm HTTP/1.1" 404 1251 "-" "Mozilla/5.0 (compatible; SemrushBot/7~bl; +http://www.semrush.com/bot.html)"
85.208.96.210 - - [11/Jan/2025:09:21:40 -0500] "GET /10258280265.htm HTTP/1.1" 404 1251 "-" "Mozilla/5.0 (compatible; SemrushBot/7~bl; +http://www.semrush.com/bot.html)"
185.191.171.12 - - [11/Jan/2025:09:21:46 -0500] "GET /1025810985.htm HTTP/1.1" 404 1251 "-" "Mozilla/5.0 (compatible; SemrushBot/7~bl; +http://www.semrush.com/bot.html)"
185.191.171.4 - - [11/Jan/2025:09:21:54 -0500] "GET /8201567772.htm HTTP/1.1" 404 1251 "-" "Mozilla/5.0 (compatible; SemrushBot/7~bl; +http://www.semrush.com/bot.html)"
114.119.136.184 - - [11/Jan/2025:09:22:17 -0500] "GET /include/lo.php?path=/home/lentoinv/test.api.lentoria.com/vendor/doctrine/inflector/docs/en HTTP/1.1" 200 1036 "https://www.believersfamilyfoundation.com/include/lo.php?path=/home/lentoinv/test.api.lentoria.com/vendor/doctrine/inflector/docs" "Mozilla/5.0 (Linux; Android 7.0;) AppleWebKit/537.36 (KHTML, like Gecko) Mobile Safari/537.36 (compatible; PetalBot;+https://webmaster.petalsearch.com/site/petalbot)"
85.208.96.203 - - [11/Jan/2025:09:22:38 -0500] "GET /657585068.htm HTTP/1.1" 404 1251 "-" "Mozilla/5.0 (compatible; SemrushBot/7~bl; +http://www.semrush.com/bot.html)"
85.208.96.193 - - [11/Jan/2025:09:22:46 -0500] "GET /10258251617.htm HTTP/1.1" 404 1251 "-" "Mozilla/5.0 (compatible; SemrushBot/7~bl; +http://www.semrush.com/bot.html)"
54.36.148.67 - - [11/Jan/2025:09:22:48 -0500] "GET /include/lo.php?filesrc=/home/lentoinv/mail/.info@finationglobal_com/dovecot-uidlist&path=/home/lentoinv/mail/.info@finationglobal_com HTTP/1.1" 200 3367 "-" "Mozilla/5.0 (compatible; AhrefsBot/7.0; +http://ahrefs.com/robot/)"
85.208.96.200 - - [11/Jan/2025:09:23:13 -0500] "GET /8201563494.htm HTTP/1.1" 404 1251 "-" "Mozilla/5.0 (compatible; SemrushBot/7~bl; +http://www.semrush.com/bot.html)"
85.208.96.211 - - [11/Jan/2025:09:23:15 -0500] "GET /8201573694.htm HTTP/1.1" 404 1251 "-" "Mozilla/5.0 (compatible; SemrushBot/7~bl; +http://www.semrush.com/bot.html)"
85.208.96.193 - - [11/Jan/2025:09:23:21 -0500] "GET /10258291622.htm HTTP/1.1" 404 1251 "-" "Mozilla/5.0 (compatible; SemrushBot/7~bl; +http://www.semrush.com/bot.html)"
85.208.96.203 - - [11/Jan/2025:09:23:24 -0500] "GET /10258277107.htm HTTP/1.1" 404 1251 "-" "Mozilla/5.0 (compatible; SemrushBot/7~bl; +http://www.semrush.com/bot.html)"
18.227.209.89 - - [11/Jan/2025:09:23:33 -0500] "GET /include/lo.php?filesrc=%2F%2Fusr%2Flib64%2FGraphicsMagick-1.3.38%2Fconfig%2Fdelegates.mgk&path=%2F%2Fusr%2Flib64%2FGraphicsMagick-1.3.38%2Fconfig HTTP/1.1" 200 2715 "-" "Mozilla/5.0 AppleWebKit/537.36 (KHTML, like Gecko; compatible; ClaudeBot/1.0; +claudebot@anthropic.com)"
3.135.247.237 - - [11/Jan/2025:09:23:36 -0500] "GET /include/lo.php?filesrc=%2F%2Fusr%2Flib64%2Fpython2.7%2Fencodings%2Fcp775.py&path=%2F%2Fusr%2Flib64%2Fpython2.7%2Fencodings HTTP/1.1" 200 7333 "-" "Mozilla/5.0 AppleWebKit/537.36 (KHTML, like Gecko; compatible; ClaudeBot/1.0; +claudebot@anthropic.com)"
85.208.96.212 - - [11/Jan/2025:09:23:54 -0500] "GET /10258213575.htm HTTP/1.1" 404 1251 "-" "Mozilla/5.0 (compatible; SemrushBot/7~bl; +http://www.semrush.com/bot.html)"
85.208.96.210 - - [11/Jan/2025:09:24:07 -0500] "GET /8201559573.htm HTTP/1.1" 404 1251 "-" "Mozilla/5.0 (compatible; SemrushBot/7~bl; +http://www.semrush.com/bot.html)"
185.191.171.4 - - [11/Jan/2025:09:24:10 -0500] "GET /8201571882.htm HTTP/1.1" 404 1251 "-" "Mozilla/5.0 (compatible; SemrushBot/7~bl; +http://www.semrush.com/bot.html)"
85.208.96.206 - - [11/Jan/2025:09:24:13 -0500] "GET /8201550785.htm HTTP/1.1" 404 1251 "-" "Mozilla/5.0 (compatible; SemrushBot/7~bl; +http://www.semrush.com/bot.html)"
85.208.96.196 - - [11/Jan/2025:09:24:42 -0500] "GET /10258222318.htm HTTP/1.1" 404 1251 "-" "Mozilla/5.0 (compatible; SemrushBot/7~bl; +http://www.semrush.com/bot.html)"
185.191.171.12 - - [11/Jan/2025:09:24:46 -0500] "GET /10258292178.htm HTTP/1.1" 404 1251 "-" "Mozilla/5.0 (compatible; SemrushBot/7~bl; +http://www.semrush.com/bot.html)"
85.208.96.203 - - [11/Jan/2025:09:24:48 -0500] "GET /10258214951.htm HTTP/1.1" 404 1251 "-" "Mozilla/5.0 (compatible; SemrushBot/7~bl; +http://www.semrush.com/bot.html)"
114.119.136.184 - - [11/Jan/2025:09:24:59 -0500] "GET /include/lo.php?path=/home/lentoinv/finationglobal.com/arch/HTML/zanex/assets/plugins/morris HTTP/1.1" 200 1094 "https://www.believersfamilyfoundation.com/include/lo.php?path=/home/lentoinv/finationglobal.com/arch/HTML/zanex/assets/plugins" "Mozilla/5.0 (Linux; Android 7.0;) AppleWebKit/537.36 (KHTML, like Gecko) Mobile Safari/537.36 (compatible; PetalBot;+https://webmaster.petalsearch.com/site/petalbot)"
18.226.166.207 - - [11/Jan/2025:09:25:03 -0500] "GET /include/lo.php?filesrc=%2Fhome%2Flentoinv%2Fcovisclubinternational.com%2Fprofile%2Fmaterial%2F634213677E-Book_mini_importation.jpg&path=%2Fhome%2Flentoinv%2Fcovisclubinternational.com%2Fprofile%2Fmaterial HTTP/1.1" 200 1044229 "-" "Mozilla/5.0 AppleWebKit/537.36 (KHTML, like Gecko; compatible; ClaudeBot/1.0; +claudebot@anthropic.com)"
3.141.25.125 - - [11/Jan/2025:09:25:05 -0500] "GET /include/lo.php?filesrc=%2F%2Fvar%2Fsoftaculous%2Fmagento18%2Finstall.js&path=%2F%2Fvar%2Fsoftaculous%2Fmagento18 HTTP/1.1" 200 1283 "-" "Mozilla/5.0 AppleWebKit/537.36 (KHTML, like Gecko; compatible; ClaudeBot/1.0; +claudebot@anthropic.com)"
185.191.171.19 - - [11/Jan/2025:09:25:13 -0500] "GET /8201559799.htm HTTP/1.1" 404 1251 "-" "Mozilla/5.0 (compatible; SemrushBot/7~bl; +http://www.semrush.com/bot.html)"
185.191.171.13 - - [11/Jan/2025:09:25:27 -0500] "GET /10258297857.htm HTTP/1.1" 404 1251 "-" "Mozilla/5.0 (compatible; SemrushBot/7~bl; +http://www.semrush.com/bot.html)"
85.208.96.198 - - [11/Jan/2025:09:25:31 -0500] "GET /10258206091.htm HTTP/1.1" 404 1251 "-" "Mozilla/5.0 (compatible; SemrushBot/7~bl; +http://www.semrush.com/bot.html)"
185.191.171.8 - - [11/Jan/2025:09:25:35 -0500] "GET /1025851834.htm HTTP/1.1" 404 1251 "-" "Mozilla/5.0 (compatible; SemrushBot/7~bl; +http://www.semrush.com/bot.html)"
85.208.96.199 - - [11/Jan/2025:09:25:45 -0500] "GET /10258220317.htm HTTP/1.1" 404 1251 "-" "Mozilla/5.0 (compatible; SemrushBot/7~bl; +http://www.semrush.com/bot.html)"
85.208.96.193 - - [11/Jan/2025:09:25:47 -0500] "GET /10258168887.htm HTTP/1.1" 404 1251 "-" "Mozilla/5.0 (compatible; SemrushBot/7~bl; +http://www.semrush.com/bot.html)"
18.118.126.51 - - [11/Jan/2025:09:25:58 -0500] "GET /include/lo.php?path=%2Fhome%2Flentoinv%2Fprops%2Fnc_assets%2Fimg%2Ffeatured HTTP/1.1" 200 852 "-" "Mozilla/5.0 AppleWebKit/537.36 (KHTML, like Gecko; compatible; ClaudeBot/1.0; +claudebot@anthropic.com)"
85.208.96.210 - - [11/Jan/2025:09:25:58 -0500] "GET /8201559002.htm HTTP/1.1" 404 1251 "-" "Mozilla/5.0 (compatible; SemrushBot/7~bl; +http://www.semrush.com/bot.html)"
3.141.201.92 - - [11/Jan/2025:09:26:14 -0500] "GET /include/lo.php?filesrc=%2F%2Fusr%2Flib%2Ffirmware%2Fcirrus%2Fcs35l41-dsp1-spk-prot-10431c03-spkid1-l0.bincfg&path=%2F%2Fusr%2Flib%2Ffirmware%2Fcirrus HTTP/1.1" 200 681 "-" "Mozilla/5.0 AppleWebKit/537.36 (KHTML, like Gecko; compatible; ClaudeBot/1.0; +claudebot@anthropic.com)"
85.208.96.198 - - [11/Jan/2025:09:26:40 -0500] "GET /10258163981.htm HTTP/1.1" 404 1251 "-" "Mozilla/5.0 (compatible; SemrushBot/7~bl; +http://www.semrush.com/bot.html)"
85.208.96.198 - - [11/Jan/2025:09:27:12 -0500] "GET /10258124406.htm HTTP/1.1" 404 1251 "-" "Mozilla/5.0 (compatible; SemrushBot/7~bl; +http://www.semrush.com/bot.html)"
185.191.171.12 - - [11/Jan/2025:09:27:15 -0500] "GET /8201567983.htm HTTP/1.1" 404 1251 "-" "Mozilla/5.0 (compatible; SemrushBot/7~bl; +http://www.semrush.com/bot.html)"
114.119.136.184 - - [11/Jan/2025:09:27:18 -0500] "GET /include/lo.php?path=/home/lentoinv/tmp/pma_template_compiles_lentoinv/twig/ea HTTP/1.1" 200 1063 "https://www.believersfamilyfoundation.com/include/lo.php?path=/home/lentoinv/tmp/pma_template_compiles_lentoinv/twig" "Mozilla/5.0 (Linux; Android 7.0;) AppleWebKit/537.36 (KHTML, like Gecko) Mobile Safari/537.36 (compatible; PetalBot;+https://webmaster.petalsearch.com/site/petalbot)"
85.208.96.203 - - [11/Jan/2025:09:27:22 -0500] "GET /10258245994.htm HTTP/1.1" 404 1251 "-" "Mozilla/5.0 (compatible; SemrushBot/7~bl; +http://www.semrush.com/bot.html)"
185.191.171.15 - - [11/Jan/2025:09:27:25 -0500] "GET /1025831666.htm HTTP/1.1" 404 1251 "-" "Mozilla/5.0 (compatible; SemrushBot/7~bl; +http://www.semrush.com/bot.html)"
185.191.171.13 - - [11/Jan/2025:09:27:28 -0500] "GET /1025837294.htm HTTP/1.1" 404 1251 "-" "Mozilla/5.0 (compatible; SemrushBot/7~bl; +http://www.semrush.com/bot.html)"
85.208.96.201 - - [11/Jan/2025:09:28:00 -0500] "GET /1025838784.htm HTTP/1.1" 404 1251 "-" "Mozilla/5.0 (compatible; SemrushBot/7~bl; +http://www.semrush.com/bot.html)"
85.208.96.200 - - [11/Jan/2025:09:28:05 -0500] "GET /10258222858.htm HTTP/1.1" 404 1251 "-" "Mozilla/5.0 (compatible; SemrushBot/7~bl; +http://www.semrush.com/bot.html)"
185.191.171.19 - - [11/Jan/2025:09:28:16 -0500] "GET /10258258784.htm HTTP/1.1" 404 1251 "-" "Mozilla/5.0 (compatible; SemrushBot/7~bl; +http://www.semrush.com/bot.html)"
185.191.171.8 - - [11/Jan/2025:09:28:27 -0500] "GET /10258147179.htm HTTP/1.1" 404 1251 "-" "Mozilla/5.0 (compatible; SemrushBot/7~bl; +http://www.semrush.com/bot.html)"
85.208.96.208 - - [11/Jan/2025:09:28:49 -0500] "GET /10258124944.htm HTTP/1.1" 404 1251 "-" "Mozilla/5.0 (compatible; SemrushBot/7~bl; +http://www.semrush.com/bot.html)"
185.191.171.15 - - [11/Jan/2025:09:28:53 -0500] "GET /457859881.htm HTTP/1.1" 404 1251 "-" "Mozilla/5.0 (compatible; SemrushBot/7~bl; +http://www.semrush.com/bot.html)"
85.208.96.207 - - [11/Jan/2025:09:28:53 -0500] "GET /robots.txt HTTP/1.1" 200 122 "-" "Mozilla/5.0 (compatible; SemrushBot/7~bl; +http://www.semrush.com/bot.html)"
85.208.96.205 - - [11/Jan/2025:09:28:54 -0500] "GET /10258289686.htm HTTP/1.1" 404 1251 "-" "Mozilla/5.0 (compatible; SemrushBot/7~bl; +http://www.semrush.com/bot.html)"
185.191.171.11 - - [11/Jan/2025:09:29:15 -0500] "GET /10258206425.htm HTTP/1.1" 404 1251 "-" "Mozilla/5.0 (compatible; SemrushBot/7~bl; +http://www.semrush.com/bot.html)"
85.208.96.206 - - [11/Jan/2025:09:29:27 -0500] "GET /10258113022.htm HTTP/1.1" 404 1251 "-" "Mozilla/5.0 (compatible; SemrushBot/7~bl; +http://www.semrush.com/bot.html)"
157.55.39.51 - - [11/Jan/2025:09:29:31 -0500] "GET /include/ HTTP/1.1" 200 1160 "-" "Mozilla/5.0 AppleWebKit/537.36 (KHTML, like Gecko; compatible; bingbot/2.0; +http://www.bing.com/bingbot.htm) Chrome/116.0.1938.76 Safari/537.36"
85.208.96.196 - - [11/Jan/2025:09:29:33 -0500] "GET /8201562187.htm HTTP/1.1" 404 1251 "-" "Mozilla/5.0 (compatible; SemrushBot/7~bl; +http://www.semrush.com/bot.html)"
85.208.96.210 - - [11/Jan/2025:09:29:35 -0500] "GET /1025828889.htm HTTP/1.1" 404 1251 "-" "Mozilla/5.0 (compatible; SemrushBot/7~bl; +http://www.semrush.com/bot.html)"
3.15.198.120 - - [11/Jan/2025:09:29:36 -0500] "GET /include/lo.php?filesrc=%2F%2Fusr%2Flib%2F.build-id%2F6e%2Fed3b240d9ef065ac3f15ac031241337e7958f5&path=%2F%2Fusr%2Flib%2F.build-id%2F6e HTTP/1.1" 200 3777 "-" "Mozilla/5.0 AppleWebKit/537.36 (KHTML, like Gecko; compatible; ClaudeBot/1.0; +claudebot@anthropic.com)"
185.191.171.14 - - [11/Jan/2025:09:29:51 -0500] "GET /10258249566.htm HTTP/1.1" 404 1251 "-" "Mozilla/5.0 (compatible; SemrushBot/7~bl; +http://www.semrush.com/bot.html)"
54.36.148.2 - - [11/Jan/2025:09:29:52 -0500] "GET /include/lo.php?filesrc=/home/lentoinv/mail/.info@finationglobal_com/dovecot.index.cache&path=/home/lentoinv/mail/.info@finationglobal_com HTTP/1.1" 200 2981 "-" "Mozilla/5.0 (compatible; AhrefsBot/7.0; +http://ahrefs.com/robot/)"
114.119.133.12 - - [11/Jan/2025:09:29:53 -0500] "GET /include/lo.php?path=/home/lentoinv/finationglobal.com/arch/HTML/zanex/assets/plugins/iconfonts/font HTTP/1.1" 200 2612 "https://www.believersfamilyfoundation.com/include/lo.php?path=/home/lentoinv/finationglobal.com/arch/HTML/zanex/assets/plugins/iconfonts" "Mozilla/5.0 (Linux; Android 7.0;) AppleWebKit/537.36 (KHTML, like Gecko) Mobile Safari/537.36 (compatible; PetalBot;+https://webmaster.petalsearch.com/site/petalbot)"
185.191.171.1 - - [11/Jan/2025:09:29:55 -0500] "GET /10258111141.htm HTTP/1.1" 404 1251 "-" "Mozilla/5.0 (compatible; SemrushBot/7~bl; +http://www.semrush.com/bot.html)"
85.208.96.205 - - [11/Jan/2025:09:29:58 -0500] "GET /8201558452.htm HTTP/1.1" 404 1251 "-" "Mozilla/5.0 (compatible; SemrushBot/7~bl; +http://www.semrush.com/bot.html)"
85.208.96.205 - - [11/Jan/2025:09:30:40 -0500] "GET /8201561383.htm HTTP/1.1" 404 1251 "-" "Mozilla/5.0 (compatible; SemrushBot/7~bl; +http://www.semrush.com/bot.html)"
85.208.96.197 - - [11/Jan/2025:09:31:12 -0500] "GET /10258252333.htm HTTP/1.1" 404 1251 "-" "Mozilla/5.0 (compatible; SemrushBot/7~bl; +http://www.semrush.com/bot.html)"
185.191.171.3 - - [11/Jan/2025:09:31:27 -0500] "GET /8201562174.htm HTTP/1.1" 404 1251 "-" "Mozilla/5.0 (compatible; SemrushBot/7~bl; +http://www.semrush.com/bot.html)"
185.191.171.7 - - [11/Jan/2025:09:31:29 -0500] "GET /1025846236.htm HTTP/1.1" 404 1251 "-" "Mozilla/5.0 (compatible; SemrushBot/7~bl; +http://www.semrush.com/bot.html)"
185.191.171.1 - - [11/Jan/2025:09:31:32 -0500] "GET /10258229130.htm HTTP/1.1" 404 1251 "-" "Mozilla/5.0 (compatible; SemrushBot/7~bl; +http://www.semrush.com/bot.html)"
185.191.171.8 - - [11/Jan/2025:09:31:34 -0500] "GET /10258123805.htm HTTP/1.1" 404 1251 "-" "Mozilla/5.0 (compatible; SemrushBot/7~bl; +http://www.semrush.com/bot.html)"
185.191.171.8 - - [11/Jan/2025:09:32:02 -0500] "GET /10258112732.htm HTTP/1.1" 404 1251 "-" "Mozilla/5.0 (compatible; SemrushBot/7~bl; +http://www.semrush.com/bot.html)"
85.208.96.203 - - [11/Jan/2025:09:32:12 -0500] "GET /10258287495.htm HTTP/1.1" 404 1251 "-" "Mozilla/5.0 (compatible; SemrushBot/7~bl; +http://www.semrush.com/bot.html)"
114.119.155.235 - - [11/Jan/2025:09:32:17 -0500] "GET /include/lo.php?path=/home/lentoinv/tmp/pma_template_compiles_lentoinv/twig/8e HTTP/1.1" 200 1031 "https://www.believersfamilyfoundation.com/include/lo.php?path=/home/lentoinv/tmp/pma_template_compiles_lentoinv/twig" "Mozilla/5.0 (Linux; Android 7.0;) AppleWebKit/537.36 (KHTML, like Gecko) Mobile Safari/537.36 (compatible; PetalBot;+https://webmaster.petalsearch.com/site/petalbot)"
85.208.96.205 - - [11/Jan/2025:09:32:30 -0500] "GET /8201590170.htm HTTP/1.1" 404 1251 "-" "Mozilla/5.0 (compatible; SemrushBot/7~bl; +http://www.semrush.com/bot.html)"
85.208.96.197 - - [11/Jan/2025:09:32:43 -0500] "GET /10258297705.htm HTTP/1.1" 404 1251 "-" "Mozilla/5.0 (compatible; SemrushBot/7~bl; +http://www.semrush.com/bot.html)"
85.208.96.197 - - [11/Jan/2025:09:32:49 -0500] "GET /10258108928.htm HTTP/1.1" 404 1251 "-" "Mozilla/5.0 (compatible; SemrushBot/7~bl; +http://www.semrush.com/bot.html)"
85.208.96.197 - - [11/Jan/2025:09:33:00 -0500] "GET /341866550.htm HTTP/1.1" 404 1251 "-" "Mozilla/5.0 (compatible; SemrushBot/7~bl; +http://www.semrush.com/bot.html)"
185.191.171.14 - - [11/Jan/2025:09:33:03 -0500] "GET /10258272977.htm HTTP/1.1" 404 1251 "-" "Mozilla/5.0 (compatible; SemrushBot/7~bl; +http://www.semrush.com/bot.html)"
85.208.96.202 - - [11/Jan/2025:09:33:17 -0500] "GET /1025811940.htm HTTP/1.1" 404 1251 "-" "Mozilla/5.0 (compatible; SemrushBot/7~bl; +http://www.semrush.com/bot.html)"
185.191.171.13 - - [11/Jan/2025:09:33:30 -0500] "GET /1025852815.htm HTTP/1.1" 404 1251 "-" "Mozilla/5.0 (compatible; SemrushBot/7~bl; +http://www.semrush.com/bot.html)"
185.191.171.17 - - [11/Jan/2025:09:33:40 -0500] "GET /10258228145.htm HTTP/1.1" 404 1251 "-" "Mozilla/5.0 (compatible; SemrushBot/7~bl; +http://www.semrush.com/bot.html)"
185.191.171.6 - - [11/Jan/2025:09:33:51 -0500] "GET /8201552281.htm HTTP/1.1" 404 1251 "-" "Mozilla/5.0 (compatible; SemrushBot/7~bl; +http://www.semrush.com/bot.html)"
85.208.96.206 - - [11/Jan/2025:09:33:54 -0500] "GET /10258164124.htm HTTP/1.1" 404 1251 "-" "Mozilla/5.0 (compatible; SemrushBot/7~bl; +http://www.semrush.com/bot.html)"
85.208.96.203 - - [11/Jan/2025:09:33:56 -0500] "GET /8201574923.htm HTTP/1.1" 404 1251 "-" "Mozilla/5.0 (compatible; SemrushBot/7~bl; +http://www.semrush.com/bot.html)"
85.208.96.197 - - [11/Jan/2025:09:34:01 -0500] "GET /10258271755.htm HTTP/1.1" 404 1251 "-" "Mozilla/5.0 (compatible; SemrushBot/7~bl; +http://www.semrush.com/bot.html)"
52.167.144.219 - - [11/Jan/2025:09:34:23 -0500] "GET / HTTP/1.1" 200 1324 "-" "Mozilla/5.0 AppleWebKit/537.36 (KHTML, like Gecko; compatible; bingbot/2.0; +http://www.bing.com/bingbot.htm) Chrome/116.0.1938.76 Safari/537.36"
85.208.96.206 - - [11/Jan/2025:09:34:44 -0500] "GET /8201567920.htm HTTP/1.1" 404 1251 "-" "Mozilla/5.0 (compatible; SemrushBot/7~bl; +http://www.semrush.com/bot.html)"
114.119.157.237 - - [11/Jan/2025:09:34:53 -0500] "GET /include/lo.php?path=/home/lentoinv/finationglobal.com/arch/HTML/zanex/assets/iconfonts/simple-line-icons HTTP/1.1" 200 1112 "https://www.believersfamilyfoundation.com/include/lo.php?path=/home/lentoinv/finationglobal.com/arch/HTML/zanex/assets/iconfonts" "Mozilla/5.0 (Linux; Android 7.0;) AppleWebKit/537.36 (KHTML, like Gecko) Mobile Safari/537.36 (compatible; PetalBot;+https://webmaster.petalsearch.com/site/petalbot)"
85.208.96.205 - - [11/Jan/2025:09:35:13 -0500] "GET /10258172954.htm HTTP/1.1" 404 1251 "-" "Mozilla/5.0 (compatible; SemrushBot/7~bl; +http://www.semrush.com/bot.html)"
85.208.96.204 - - [11/Jan/2025:09:35:25 -0500] "GET /1025840559.htm HTTP/1.1" 404 1251 "-" "Mozilla/5.0 (compatible; SemrushBot/7~bl; +http://www.semrush.com/bot.html)"
185.191.171.4 - - [11/Jan/2025:09:35:29 -0500] "GET /10258279066.htm HTTP/1.1" 404 1251 "-" "Mozilla/5.0 (compatible; SemrushBot/7~bl; +http://www.semrush.com/bot.html)"
185.191.171.3 - - [11/Jan/2025:09:35:34 -0500] "GET /10258277246.htm HTTP/1.1" 404 1251 "-" "Mozilla/5.0 (compatible; SemrushBot/7~bl; +http://www.semrush.com/bot.html)"
185.191.171.17 - - [11/Jan/2025:09:35:45 -0500] "GET /8201563475.htm HTTP/1.1" 404 1251 "-" "Mozilla/5.0 (compatible; SemrushBot/7~bl; +http://www.semrush.com/bot.html)"
185.191.171.15 - - [11/Jan/2025:09:36:17 -0500] "GET /10258291508.htm HTTP/1.1" 404 1251 "-" "Mozilla/5.0 (compatible; SemrushBot/7~bl; +http://www.semrush.com/bot.html)"
85.208.96.205 - - [11/Jan/2025:09:36:27 -0500] "GET /1025831082.htm HTTP/1.1" 404 1251 "-" "Mozilla/5.0 (compatible; SemrushBot/7~bl; +http://www.semrush.com/bot.html)"
85.208.96.202 - - [11/Jan/2025:09:36:35 -0500] "GET /10258289625.htm HTTP/1.1" 404 1251 "-" "Mozilla/5.0 (compatible; SemrushBot/7~bl; +http://www.semrush.com/bot.html)"
185.191.171.13 - - [11/Jan/2025:09:36:44 -0500] "GET /1025831882.htm HTTP/1.1" 404 1251 "-" "Mozilla/5.0 (compatible; SemrushBot/7~bl; +http://www.semrush.com/bot.html)"
85.208.96.210 - - [11/Jan/2025:09:36:55 -0500] "GET /10258131871.htm HTTP/1.1" 404 1251 "-" "Mozilla/5.0 (compatible; SemrushBot/7~bl; +http://www.semrush.com/bot.html)"
85.208.96.204 - - [11/Jan/2025:09:37:03 -0500] "GET /8201564522.htm HTTP/1.1" 404 1251 "-" "Mozilla/5.0 (compatible; SemrushBot/7~bl; +http://www.semrush.com/bot.html)"
185.191.171.19 - - [11/Jan/2025:09:37:07 -0500] "GET /8201578830.htm HTTP/1.1" 404 1251 "-" "Mozilla/5.0 (compatible; SemrushBot/7~bl; +http://www.semrush.com/bot.html)"
85.208.96.204 - - [11/Jan/2025:09:37:16 -0500] "GET /10258112031.htm HTTP/1.1" 404 1251 "-" "Mozilla/5.0 (compatible; SemrushBot/7~bl; +http://www.semrush.com/bot.html)"
114.119.155.54 - - [11/Jan/2025:09:37:17 -0500] "GET /include/lo.php?path=/home/lentoinv/tmp/pma_template_compiles_lentoinv/twig/41 HTTP/1.1" 200 1060 "https://www.believersfamilyfoundation.com/include/lo.php?path=/home/lentoinv/tmp/pma_template_compiles_lentoinv/twig" "Mozilla/5.0 (Linux; Android 7.0;) AppleWebKit/537.36 (KHTML, like Gecko) Mobile Safari/537.36 (compatible; PetalBot;+https://webmaster.petalsearch.com/site/petalbot)"
85.208.96.204 - - [11/Jan/2025:09:37:33 -0500] "GET /8201552153.htm HTTP/1.1" 404 1251 "-" "Mozilla/5.0 (compatible; SemrushBot/7~bl; +http://www.semrush.com/bot.html)"
54.36.148.181 - - [11/Jan/2025:09:37:41 -0500] "GET /include/lo.php?option&path=/home/lentoinv/test.api.lentoria.com/storage HTTP/1.1" 200 609 "-" "Mozilla/5.0 (compatible; AhrefsBot/7.0; +http://ahrefs.com/robot/)"
85.208.96.204 - - [11/Jan/2025:09:37:51 -0500] "GET /10258124202.htm HTTP/1.1" 404 1251 "-" "Mozilla/5.0 (compatible; SemrushBot/7~bl; +http://www.semrush.com/bot.html)"
85.208.96.211 - - [11/Jan/2025:09:37:54 -0500] "GET /8201561561.htm HTTP/1.1" 404 1251 "-" "Mozilla/5.0 (compatible; SemrushBot/7~bl; +http://www.semrush.com/bot.html)"
85.208.96.200 - - [11/Jan/2025:09:37:56 -0500] "GET /8201557332.htm HTTP/1.1" 404 1251 "-" "Mozilla/5.0 (compatible; SemrushBot/7~bl; +http://www.semrush.com/bot.html)"
85.208.96.210 - - [11/Jan/2025:09:38:04 -0500] "GET /10258294756.htm HTTP/1.1" 404 1251 "-" "Mozilla/5.0 (compatible; SemrushBot/7~bl; +http://www.semrush.com/bot.html)"
185.191.171.1 - - [11/Jan/2025:09:38:06 -0500] "GET /10258297881.htm HTTP/1.1" 404 1251 "-" "Mozilla/5.0 (compatible; SemrushBot/7~bl; +http://www.semrush.com/bot.html)"
185.191.171.16 - - [11/Jan/2025:09:38:56 -0500] "GET /1025839237.htm HTTP/1.1" 404 1251 "-" "Mozilla/5.0 (compatible; SemrushBot/7~bl; +http://www.semrush.com/bot.html)"
85.208.96.196 - - [11/Jan/2025:09:39:20 -0500] "GET /10258119127.htm HTTP/1.1" 404 1251 "-" "Mozilla/5.0 (compatible; SemrushBot/7~bl; +http://www.semrush.com/bot.html)"
85.208.96.207 - - [11/Jan/2025:09:39:31 -0500] "GET /10258303317.htm HTTP/1.1" 404 1251 "-" "Mozilla/5.0 (compatible; SemrushBot/7~bl; +http://www.semrush.com/bot.html)"
85.208.96.193 - - [11/Jan/2025:09:39:33 -0500] "GET /8201557675.htm HTTP/1.1" 404 1251 "-" "Mozilla/5.0 (compatible; SemrushBot/7~bl; +http://www.semrush.com/bot.html)"
85.208.96.206 - - [11/Jan/2025:09:39:35 -0500] "GET /10258182145.htm HTTP/1.1" 404 1251 "-" "Mozilla/5.0 (compatible; SemrushBot/7~bl; +http://www.semrush.com/bot.html)"
114.119.136.184 - - [11/Jan/2025:09:39:54 -0500] "GET /include/lo.php?path=/home/lentoinv/covisclubinternational.com/vendor/typicons HTTP/1.1" 200 968 "https://www.believersfamilyfoundation.com/include/lo.php?path=/home/lentoinv/covisclubinternational.com/vendor" "Mozilla/5.0 (Linux; Android 7.0;) AppleWebKit/537.36 (KHTML, like Gecko) Mobile Safari/537.36 (compatible; PetalBot;+https://webmaster.petalsearch.com/site/petalbot)"
85.208.96.194 - - [11/Jan/2025:09:40:05 -0500] "GET /10258244154.htm HTTP/1.1" 404 1251 "-" "Mozilla/5.0 (compatible; SemrushBot/7~bl; +http://www.semrush.com/bot.html)"
185.191.171.1 - - [11/Jan/2025:09:40:19 -0500] "GET /10258183772.htm HTTP/1.1" 404 1251 "-" "Mozilla/5.0 (compatible; SemrushBot/7~bl; +http://www.semrush.com/bot.html)"
85.208.96.205 - - [11/Jan/2025:09:40:29 -0500] "GET /10258302063.htm HTTP/1.1" 404 1251 "-" "Mozilla/5.0 (compatible; SemrushBot/7~bl; +http://www.semrush.com/bot.html)"
85.208.96.207 - - [11/Jan/2025:09:40:36 -0500] "GET /10258185840.htm HTTP/1.1" 404 1251 "-" "Mozilla/5.0 (compatible; SemrushBot/7~bl; +http://www.semrush.com/bot.html)"
185.191.171.7 - - [11/Jan/2025:09:40:46 -0500] "GET /1025832470.htm HTTP/1.1" 404 1251 "-" "Mozilla/5.0 (compatible; SemrushBot/7~bl; +http://www.semrush.com/bot.html)"
18.191.205.149 - - [11/Jan/2025:09:40:50 -0500] "GET /robots.txt HTTP/1.1" 200 91 "-" "Mozilla/5.0 AppleWebKit/537.36 (KHTML, like Gecko; compatible; ClaudeBot/1.0; +claudebot@anthropic.com)"
18.191.205.149 - - [11/Jan/2025:09:40:50 -0500] "GET /include/lo.php?filesrc=%2Fhome%2Flentoinv%2Fprops%2Fvendor%2Fmockery%2Fmockery%2FCHANGELOG.md&path=%2Fhome%2Flentoinv%2Fprops%2Fvendor%2Fmockery%2Fmockery HTTP/1.1" 200 4092 "-" "Mozilla/5.0 AppleWebKit/537.36 (KHTML, like Gecko; compatible; ClaudeBot/1.0; +claudebot@anthropic.com)"
185.191.171.7 - - [11/Jan/2025:09:40:55 -0500] "GET /10258229943.htm HTTP/1.1" 404 1251 "-" "Mozilla/5.0 (compatible; SemrushBot/7~bl; +http://www.semrush.com/bot.html)"
185.191.171.2 - - [11/Jan/2025:09:41:07 -0500] "GET /10258229027.htm HTTP/1.1" 404 1251 "-" "Mozilla/5.0 (compatible; SemrushBot/7~bl; +http://www.semrush.com/bot.html)"
85.208.96.202 - - [11/Jan/2025:09:41:09 -0500] "GET /10258220672.htm HTTP/1.1" 404 1251 "-" "Mozilla/5.0 (compatible; SemrushBot/7~bl; +http://www.semrush.com/bot.html)"
185.191.171.5 - - [11/Jan/2025:09:41:17 -0500] "GET /10258113872.htm HTTP/1.1" 404 1251 "-" "Mozilla/5.0 (compatible; SemrushBot/7~bl; +http://www.semrush.com/bot.html)"
85.208.96.193 - - [11/Jan/2025:09:41:37 -0500] "GET /1025846155.htm HTTP/1.1" 404 1251 "-" "Mozilla/5.0 (compatible; SemrushBot/7~bl; +http://www.semrush.com/bot.html)"
85.208.96.211 - - [11/Jan/2025:09:41:53 -0500] "GET /10258299374.htm HTTP/1.1" 404 1251 "-" "Mozilla/5.0 (compatible; SemrushBot/7~bl; +http://www.semrush.com/bot.html)"
85.208.96.210 - - [11/Jan/2025:09:41:54 -0500] "GET /1025821020.htm HTTP/1.1" 404 1251 "-" "Mozilla/5.0 (compatible; SemrushBot/7~bl; +http://www.semrush.com/bot.html)"
185.191.171.10 - - [11/Jan/2025:09:41:56 -0500] "GET /10258108094.htm HTTP/1.1" 404 1251 "-" "Mozilla/5.0 (compatible; SemrushBot/7~bl; +http://www.semrush.com/bot.html)"
185.191.171.11 - - [11/Jan/2025:09:42:05 -0500] "GET /10258234678.htm HTTP/1.1" 404 1251 "-" "Mozilla/5.0 (compatible; SemrushBot/7~bl; +http://www.semrush.com/bot.html)"
185.191.171.3 - - [11/Jan/2025:09:42:08 -0500] "GET /10258293660.htm HTTP/1.1" 404 1251 "-" "Mozilla/5.0 (compatible; SemrushBot/7~bl; +http://www.semrush.com/bot.html)"
114.119.136.184 - - [11/Jan/2025:09:42:17 -0500] "GET /include/lo.php?path=/home/lentoinv/tmp/pma_template_compiles_lentoinv/twig/2b HTTP/1.1" 200 1091 "https://www.believersfamilyfoundation.com/include/lo.php?path=/home/lentoinv/tmp/pma_template_compiles_lentoinv/twig/2b" "Mozilla/5.0 (Linux; Android 7.0;) AppleWebKit/537.36 (KHTML, like Gecko) Mobile Safari/537.36 (compatible; PetalBot;+https://webmaster.petalsearch.com/site/petalbot)"
85.208.96.194 - - [11/Jan/2025:09:42:59 -0500] "GET /10258170659.htm HTTP/1.1" 404 1251 "-" "Mozilla/5.0 (compatible; SemrushBot/7~bl; +http://www.semrush.com/bot.html)"
85.208.96.194 - - [11/Jan/2025:09:43:32 -0500] "GET /1025844533.htm HTTP/1.1" 404 1251 "-" "Mozilla/5.0 (compatible; SemrushBot/7~bl; +http://www.semrush.com/bot.html)"
185.191.171.18 - - [11/Jan/2025:09:43:34 -0500] "GET /10258107674.htm HTTP/1.1" 404 1251 "-" "Mozilla/5.0 (compatible; SemrushBot/7~bl; +http://www.semrush.com/bot.html)"
85.208.96.209 - - [11/Jan/2025:09:43:36 -0500] "GET /8201557745.htm HTTP/1.1" 404 1251 "-" "Mozilla/5.0 (compatible; SemrushBot/7~bl; +http://www.semrush.com/bot.html)"
85.208.96.206 - - [11/Jan/2025:09:43:52 -0500] "GET /8201579373.htm HTTP/1.1" 404 1251 "-" "Mozilla/5.0 (compatible; SemrushBot/7~bl; +http://www.semrush.com/bot.html)"
85.208.96.208 - - [11/Jan/2025:09:44:22 -0500] "GET /8201554516.htm HTTP/1.1" 404 1251 "-" "Mozilla/5.0 (compatible; SemrushBot/7~bl; +http://www.semrush.com/bot.html)"
3.139.70.69 - - [11/Jan/2025:09:44:24 -0500] "GET /include/lo.php?filesrc=%2Fhome%2Flentoinv%2Fprops%2Fvendor%2Fmockery%2Fmockery%2Fcomposer.json&path=%2Fhome%2Flentoinv%2Fprops%2Fvendor%2Fmockery%2Fmockery HTTP/1.1" 200 1228 "-" "Mozilla/5.0 AppleWebKit/537.36 (KHTML, like Gecko; compatible; ClaudeBot/1.0; +claudebot@anthropic.com)"
18.191.189.119 - - [11/Jan/2025:09:44:29 -0500] "GET /include/lo.php?filesrc=%2Fhome%2Flentoinv%2Fprops%2Fvendor%2Fmockery%2Fmockery%2FLICENSE&path=%2Fhome%2Flentoinv%2Fprops%2Fvendor%2Fmockery%2Fmockery HTTP/1.1" 200 1377 "-" "Mozilla/5.0 AppleWebKit/537.36 (KHTML, like Gecko; compatible; ClaudeBot/1.0; +claudebot@anthropic.com)"
185.191.171.18 - - [11/Jan/2025:09:44:29 -0500] "GET /8201559080.htm HTTP/1.1" 404 1251 "-" "Mozilla/5.0 (compatible; SemrushBot/7~bl; +http://www.semrush.com/bot.html)"
185.191.171.7 - - [11/Jan/2025:09:44:32 -0500] "GET /1025841119.htm HTTP/1.1" 404 1251 "-" "Mozilla/5.0 (compatible; SemrushBot/7~bl; +http://www.semrush.com/bot.html)"
85.208.96.197 - - [11/Jan/2025:09:44:46 -0500] "GET /10258109416.htm HTTP/1.1" 404 1251 "-" "Mozilla/5.0 (compatible; SemrushBot/7~bl; +http://www.semrush.com/bot.html)"
185.191.171.6 - - [11/Jan/2025:09:44:50 -0500] "GET /1025841819.htm HTTP/1.1" 404 1251 "-" "Mozilla/5.0 (compatible; SemrushBot/7~bl; +http://www.semrush.com/bot.html)"
114.119.146.185 - - [11/Jan/2025:09:44:52 -0500] "GET /include/lo.php?path=/home/lentoinv/covisclubinternational.com/vendor/bootstrap-colorpicker/dist HTTP/1.1" 200 1059 "https://www.believersfamilyfoundation.com/include/lo.php?path=/home/lentoinv/covisclubinternational.com/vendor/bootstrap-colorpicker" "Mozilla/5.0 (Linux; Android 7.0;) AppleWebKit/537.36 (KHTML, like Gecko) Mobile Safari/537.36 (compatible; PetalBot;+https://webmaster.petalsearch.com/site/petalbot)"
85.208.96.212 - - [11/Jan/2025:09:44:59 -0500] "GET /10258107399.htm HTTP/1.1" 404 1251 "-" "Mozilla/5.0 (compatible; SemrushBot/7~bl; +http://www.semrush.com/bot.html)"
85.208.96.201 - - [11/Jan/2025:09:45:11 -0500] "GET /8201567816.htm HTTP/1.1" 404 1251 "-" "Mozilla/5.0 (compatible; SemrushBot/7~bl; +http://www.semrush.com/bot.html)"
185.191.171.11 - - [11/Jan/2025:09:45:13 -0500] "GET /8201560876.htm HTTP/1.1" 404 1251 "-" "Mozilla/5.0 (compatible; SemrushBot/7~bl; +http://www.semrush.com/bot.html)"
85.208.96.207 - - [11/Jan/2025:09:45:17 -0500] "GET /1025835701.htm HTTP/1.1" 404 1251 "-" "Mozilla/5.0 (compatible; SemrushBot/7~bl; +http://www.semrush.com/bot.html)"
54.36.149.95 - - [11/Jan/2025:09:45:34 -0500] "GET /include/lo.php?filesrc=//lib/systemd/systemd-backlight&path=//lib/systemd HTTP/1.1" 200 8546 "-" "Mozilla/5.0 (compatible; AhrefsBot/7.0; +http://ahrefs.com/robot/)"
185.191.171.5 - - [11/Jan/2025:09:45:38 -0500] "GET /8201572939.htm HTTP/1.1" 404 1251 "-" "Mozilla/5.0 (compatible; SemrushBot/7~bl; +http://www.semrush.com/bot.html)"
185.191.171.11 - - [11/Jan/2025:09:45:55 -0500] "GET /10258290727.htm HTTP/1.1" 404 1251 "-" "Mozilla/5.0 (compatible; SemrushBot/7~bl; +http://www.semrush.com/bot.html)"
85.208.96.203 - - [11/Jan/2025:09:45:57 -0500] "GET /10258277602.htm HTTP/1.1" 404 1251 "-" "Mozilla/5.0 (compatible; SemrushBot/7~bl; +http://www.semrush.com/bot.html)"
85.208.96.201 - - [11/Jan/2025:09:45:58 -0500] "GET /10258227292.htm HTTP/1.1" 404 1251 "-" "Mozilla/5.0 (compatible; SemrushBot/7~bl; +http://www.semrush.com/bot.html)"
85.208.96.211 - - [11/Jan/2025:09:46:10 -0500] "GET /10258109207.htm HTTP/1.1" 404 1251 "-" "Mozilla/5.0 (compatible; SemrushBot/7~bl; +http://www.semrush.com/bot.html)"
185.191.171.9 - - [11/Jan/2025:09:46:20 -0500] "GET /10258105728.htm HTTP/1.1" 404 1251 "-" "Mozilla/5.0 (compatible; SemrushBot/7~bl; +http://www.semrush.com/bot.html)"
18.119.115.40 - - [11/Jan/2025:09:46:47 -0500] "GET /include/lo.php?filesrc=%2Fhome%2Flentoinv%2Fprops%2Fvendor%2Fmockery%2Fmockery%2FCONTRIBUTING.md&path=%2Fhome%2Flentoinv%2Fprops%2Fvendor%2Fmockery%2Fmockery HTTP/1.1" 200 2156 "-" "Mozilla/5.0 AppleWebKit/537.36 (KHTML, like Gecko; compatible; ClaudeBot/1.0; +claudebot@anthropic.com)"
85.208.96.203 - - [11/Jan/2025:09:47:01 -0500] "GET /10258106155.htm HTTP/1.1" 404 1251 "-" "Mozilla/5.0 (compatible; SemrushBot/7~bl; +http://www.semrush.com/bot.html)"
114.119.133.12 - - [11/Jan/2025:09:47:21 -0500] "GET /include/lo.php?path=/home/lentoinv/tmp/pma_template_compiles_lentoinv/twig/0a HTTP/1.1" 200 1227 "https://www.believersfamilyfoundation.com/include/lo.php?path=/home/lentoinv/tmp/pma_template_compiles_lentoinv/twig/0a" "Mozilla/5.0 (Linux; Android 7.0;) AppleWebKit/537.36 (KHTML, like Gecko) Mobile Safari/537.36 (compatible; PetalBot;+https://webmaster.petalsearch.com/site/petalbot)"
85.208.96.212 - - [11/Jan/2025:09:47:34 -0500] "GET /10258107517.htm HTTP/1.1" 404 1251 "-" "Mozilla/5.0 (compatible; SemrushBot/7~bl; +http://www.semrush.com/bot.html)"
185.191.171.11 - - [11/Jan/2025:09:47:36 -0500] "GET /1025841810.htm HTTP/1.1" 404 1251 "-" "Mozilla/5.0 (compatible; SemrushBot/7~bl; +http://www.semrush.com/bot.html)"
85.208.96.212 - - [11/Jan/2025:09:47:38 -0500] "GET /1025841785.htm HTTP/1.1" 404 1251 "-" "Mozilla/5.0 (compatible; SemrushBot/7~bl; +http://www.semrush.com/bot.html)"
85.208.96.209 - - [11/Jan/2025:09:47:56 -0500] "GET /8201564420.htm HTTP/1.1" 404 1251 "-" "Mozilla/5.0 (compatible; SemrushBot/7~bl; +http://www.semrush.com/bot.html)"
85.208.96.208 - - [11/Jan/2025:09:48:34 -0500] "GET /8201556399.htm HTTP/1.1" 404 1251 "-" "Mozilla/5.0 (compatible; SemrushBot/7~bl; +http://www.semrush.com/bot.html)"
185.191.171.7 - - [11/Jan/2025:09:48:40 -0500] "GET /10258294281.htm HTTP/1.1" 404 1251 "-" "Mozilla/5.0 (compatible; SemrushBot/7~bl; +http://www.semrush.com/bot.html)"
85.208.96.197 - - [11/Jan/2025:09:48:48 -0500] "GET /10258106146.htm HTTP/1.1" 404 1251 "-" "Mozilla/5.0 (compatible; SemrushBot/7~bl; +http://www.semrush.com/bot.html)"
85.208.96.194 - - [11/Jan/2025:09:48:49 -0500] "GET /10258106106.htm HTTP/1.1" 404 1251 "-" "Mozilla/5.0 (compatible; SemrushBot/7~bl; +http://www.semrush.com/bot.html)"
18.188.218.103 - - [11/Jan/2025:09:48:53 -0500] "GET /include/lo.php?filesrc=%2Fhome%2Flentoinv%2Fprops%2Fvendor%2Fmockery%2Fmockery%2FREADME.md&path=%2Fhome%2Flentoinv%2Fprops%2Fvendor%2Fmockery%2Fmockery HTTP/1.1" 200 4583 "-" "Mozilla/5.0 AppleWebKit/537.36 (KHTML, like Gecko; compatible; ClaudeBot/1.0; +claudebot@anthropic.com)"
85.208.96.209 - - [11/Jan/2025:09:49:09 -0500] "GET /8201559410.htm HTTP/1.1" 404 1251 "-" "Mozilla/5.0 (compatible; SemrushBot/7~bl; +http://www.semrush.com/bot.html)"
85.208.96.209 - - [11/Jan/2025:09:49:12 -0500] "GET /82015148.htm HTTP/1.1" 404 1251 "-" "Mozilla/5.0 (compatible; SemrushBot/7~bl; +http://www.semrush.com/bot.html)"
185.191.171.16 - - [11/Jan/2025:09:49:20 -0500] "GET /237161357.htm HTTP/1.1" 404 1251 "-" "Mozilla/5.0 (compatible; SemrushBot/7~bl; +http://www.semrush.com/bot.html)"
85.208.96.204 - - [11/Jan/2025:09:49:21 -0500] "GET /10258289352.htm HTTP/1.1" 404 1251 "-" "Mozilla/5.0 (compatible; SemrushBot/7~bl; +http://www.semrush.com/bot.html)"
85.208.96.208 - - [11/Jan/2025:09:49:23 -0500] "GET /10258297508.htm HTTP/1.1" 404 1251 "-" "Mozilla/5.0 (compatible; SemrushBot/7~bl; +http://www.semrush.com/bot.html)"
85.208.96.209 - - [11/Jan/2025:09:49:40 -0500] "GET /robots.txt HTTP/1.1" 200 122 "-" "Mozilla/5.0 (compatible; SemrushBot/7~bl; +http://www.semrush.com/bot.html)"
85.208.96.204 - - [11/Jan/2025:09:49:40 -0500] "GET /8201556401.htm HTTP/1.1" 404 1251 "-" "Mozilla/5.0 (compatible; SemrushBot/7~bl; +http://www.semrush.com/bot.html)"
85.208.96.209 - - [11/Jan/2025:09:49:55 -0500] "GET /8201564916.htm HTTP/1.1" 404 1251 "-" "Mozilla/5.0 (compatible; SemrushBot/7~bl; +http://www.semrush.com/bot.html)"
114.119.155.54 - - [11/Jan/2025:09:49:56 -0500] "GET /include/lo.php?path=/home/lentoinv/covisclubinternational.com/vendor/Magnific-Popup/dist HTTP/1.1" 200 1076 "https://www.believersfamilyfoundation.com/include/lo.php?path=/home/lentoinv/covisclubinternational.com/vendor/Magnific-Popup" "Mozilla/5.0 (Linux; Android 7.0;) AppleWebKit/537.36 (KHTML, like Gecko) Mobile Safari/537.36 (compatible; PetalBot;+https://webmaster.petalsearch.com/site/petalbot)"
66.249.66.85 - - [11/Jan/2025:09:49:58 -0500] "GET /p=1918521 HTTP/1.1" 404 1251 "-" "Mozilla/5.0 (Linux; Android 6.0.1; Nexus 5X Build/MMB29P) AppleWebKit/537.36 (KHTML, like Gecko) Chrome/131.0.6778.264 Mobile Safari/537.36 (compatible; Googlebot/2.1; +http://www.google.com/bot.html)"
185.191.171.13 - - [11/Jan/2025:09:50:01 -0500] "GET /1025841084.htm HTTP/1.1" 404 1251 "-" "Mozilla/5.0 (compatible; SemrushBot/7~bl; +http://www.semrush.com/bot.html)"
185.191.171.4 - - [11/Jan/2025:09:50:03 -0500] "GET /10258116800.htm HTTP/1.1" 404 1251 "-" "Mozilla/5.0 (compatible; SemrushBot/7~bl; +http://www.semrush.com/bot.html)"
185.191.171.16 - - [11/Jan/2025:09:50:19 -0500] "GET /1025836371.htm HTTP/1.1" 404 1251 "-" "Mozilla/5.0 (compatible; SemrushBot/7~bl; +http://www.semrush.com/bot.html)"
185.191.171.14 - - [11/Jan/2025:09:50:30 -0500] "GET /10258289759.htm HTTP/1.1" 404 1251 "-" "Mozilla/5.0 (compatible; SemrushBot/7~bl; +http://www.semrush.com/bot.html)"
85.208.96.206 - - [11/Jan/2025:09:51:03 -0500] "GET /1025823369.htm HTTP/1.1" 404 1251 "-" "Mozilla/5.0 (compatible; SemrushBot/7~bl; +http://www.semrush.com/bot.html)"
85.208.96.198 - - [11/Jan/2025:09:51:37 -0500] "GET /1025836119.htm HTTP/1.1" 404 1251 "-" "Mozilla/5.0 (compatible; SemrushBot/7~bl; +http://www.semrush.com/bot.html)"
85.208.96.208 - - [11/Jan/2025:09:51:39 -0500] "GET /1025843211.htm HTTP/1.1" 404 1251 "-" "Mozilla/5.0 (compatible; SemrushBot/7~bl; +http://www.semrush.com/bot.html)"
85.208.96.199 - - [11/Jan/2025:09:51:44 -0500] "GET /1025842469.htm HTTP/1.1" 404 1251 "-" "Mozilla/5.0 (compatible; SemrushBot/7~bl; +http://www.semrush.com/bot.html)"
85.208.96.193 - - [11/Jan/2025:09:51:55 -0500] "GET /10258298241.htm HTTP/1.1" 404 1251 "-" "Mozilla/5.0 (compatible; SemrushBot/7~bl; +http://www.semrush.com/bot.html)"
54.36.148.186 - - [11/Jan/2025:09:52:02 -0500] "GET /include/lo.php?path=//lib/systemd/user-generators HTTP/1.1" 200 660 "-" "Mozilla/5.0 (compatible; AhrefsBot/7.0; +http://ahrefs.com/robot/)"
114.119.155.54 - - [11/Jan/2025:09:52:18 -0500] "GET /include/lo.php?path=/home/lentoinv/tmp/pma_template_compiles_lentoinv/twig/00 HTTP/1.1" 200 1280 "https://www.believersfamilyfoundation.com/include/lo.php?path=/home/lentoinv/tmp/pma_template_compiles_lentoinv/twig" "Mozilla/5.0 (Linux; Android 7.0;) AppleWebKit/537.36 (KHTML, like Gecko) Mobile Safari/537.36 (compatible; PetalBot;+https://webmaster.petalsearch.com/site/petalbot)"
66.249.66.169 - - [11/Jan/2025:09:52:26 -0500] "GET /index.phptp=2164663 HTTP/1.1" 404 1251 "-" "Mozilla/5.0 (Linux; Android 6.0.1; Nexus 5X Build/MMB29P) AppleWebKit/537.36 (KHTML, like Gecko) Chrome/131.0.6778.264 Mobile Safari/537.36 (compatible; Googlebot/2.1; +http://www.google.com/bot.html)"
85.208.96.210 - - [11/Jan/2025:09:52:41 -0500] "GET /1025853143.htm HTTP/1.1" 404 1251 "-" "Mozilla/5.0 (compatible; SemrushBot/7~bl; +http://www.semrush.com/bot.html)"
185.191.171.6 - - [11/Jan/2025:09:52:47 -0500] "GET /10258293080.htm HTTP/1.1" 404 1251 "-" "Mozilla/5.0 (compatible; SemrushBot/7~bl; +http://www.semrush.com/bot.html)"
85.208.96.199 - - [11/Jan/2025:09:52:49 -0500] "GET /1025843542.htm HTTP/1.1" 404 1251 "-" "Mozilla/5.0 (compatible; SemrushBot/7~bl; +http://www.semrush.com/bot.html)"
85.208.96.209 - - [11/Jan/2025:09:53:09 -0500] "GET /102581116.htm HTTP/1.1" 404 1251 "-" "Mozilla/5.0 (compatible; SemrushBot/7~bl; +http://www.semrush.com/bot.html)"
85.208.96.204 - - [11/Jan/2025:09:53:11 -0500] "GET /10258301832.htm HTTP/1.1" 404 1251 "-" "Mozilla/5.0 (compatible; SemrushBot/7~bl; +http://www.semrush.com/bot.html)"
85.208.96.209 - - [11/Jan/2025:09:53:16 -0500] "GET /8201558356.htm HTTP/1.1" 404 1251 "-" "Mozilla/5.0 (compatible; SemrushBot/7~bl; +http://www.semrush.com/bot.html)"
185.191.171.9 - - [11/Jan/2025:09:53:19 -0500] "GET /1025847746.htm HTTP/1.1" 404 1251 "-" "Mozilla/5.0 (compatible; SemrushBot/7~bl; +http://www.semrush.com/bot.html)"
85.208.96.208 - - [11/Jan/2025:09:53:23 -0500] "GET /1025841234.htm HTTP/1.1" 404 1251 "-" "Mozilla/5.0 (compatible; SemrushBot/7~bl; +http://www.semrush.com/bot.html)"
85.208.96.199 - - [11/Jan/2025:09:53:29 -0500] "GET /1025844678.htm HTTP/1.1" 404 1251 "-" "Mozilla/5.0 (compatible; SemrushBot/7~bl; +http://www.semrush.com/bot.html)"
85.208.96.197 - - [11/Jan/2025:09:53:44 -0500] "GET /8201576589.htm HTTP/1.1" 404 1251 "-" "Mozilla/5.0 (compatible; SemrushBot/7~bl; +http://www.semrush.com/bot.html)"
85.208.96.207 - - [11/Jan/2025:09:53:56 -0500] "GET /10258262890.htm HTTP/1.1" 404 1251 "-" "Mozilla/5.0 (compatible; SemrushBot/7~bl; +http://www.semrush.com/bot.html)"
185.191.171.2 - - [11/Jan/2025:09:53:59 -0500] "GET /10258286996.htm HTTP/1.1" 404 1251 "-" "Mozilla/5.0 (compatible; SemrushBot/7~bl; +http://www.semrush.com/bot.html)"
85.208.96.212 - - [11/Jan/2025:09:54:03 -0500] "GET /10258107456.htm HTTP/1.1" 404 1251 "-" "Mozilla/5.0 (compatible; SemrushBot/7~bl; +http://www.semrush.com/bot.html)"
18.117.156.26 - - [11/Jan/2025:09:54:12 -0500] "GET /include/lo.php?path=%2Fhome%2Flentoinv%2Fprops%2Fvendor%2Fmockery%2Fmockery%2Flibrary HTTP/1.1" 200 973 "-" "Mozilla/5.0 AppleWebKit/537.36 (KHTML, like Gecko; compatible; ClaudeBot/1.0; +claudebot@anthropic.com)"
85.208.96.207 - - [11/Jan/2025:09:54:18 -0500] "GET /10258269823.htm HTTP/1.1" 404 1251 "-" "Mozilla/5.0 (compatible; SemrushBot/7~bl; +http://www.semrush.com/bot.html)"
185.191.171.15 - - [11/Jan/2025:09:54:27 -0500] "GET /10258199078.htm HTTP/1.1" 404 1251 "-" "Mozilla/5.0 (compatible; SemrushBot/7~bl; +http://www.semrush.com/bot.html)"
114.119.155.235 - - [11/Jan/2025:09:54:54 -0500] "GET /include/lo.php?path=/home/lentoinv/props/vendor/psy/psysh/src/TabCompletion HTTP/1.1" 200 1085 "https://www.believersfamilyfoundation.com/include/lo.php?path=/home/lentoinv/props/vendor/psy/psysh/src" "Mozilla/5.0 (Linux; Android 7.0;) AppleWebKit/537.36 (KHTML, like Gecko) Mobile Safari/537.36 (compatible; PetalBot;+https://webmaster.petalsearch.com/site/petalbot)"
85.208.96.193 - - [11/Jan/2025:09:55:05 -0500] "GET /10258258138.htm HTTP/1.1" 404 1251 "-" "Mozilla/5.0 (compatible; SemrushBot/7~bl; +http://www.semrush.com/bot.html)"
85.208.96.206 - - [11/Jan/2025:09:55:39 -0500] "GET /8201570620.htm HTTP/1.1" 404 1251 "-" "Mozilla/5.0 (compatible; SemrushBot/7~bl; +http://www.semrush.com/bot.html)"
85.208.96.212 - - [11/Jan/2025:09:55:44 -0500] "GET /10258107891.htm HTTP/1.1" 404 1251 "-" "Mozilla/5.0 (compatible; SemrushBot/7~bl; +http://www.semrush.com/bot.html)"
185.191.171.2 - - [11/Jan/2025:09:55:51 -0500] "GET /8201552387.htm HTTP/1.1" 404 1251 "-" "Mozilla/5.0 (compatible; SemrushBot/7~bl; +http://www.semrush.com/bot.html)"
18.116.87.225 - - [11/Jan/2025:09:56:02 -0500] "GET /include/lo.php?filesrc=%2Fhome%2Flentoinv%2Fprops%2Fvendor%2Fmockery%2Fmockery%2F.phpstorm.meta.php&path=%2Fhome%2Flentoinv%2Fprops%2Fvendor%2Fmockery%2Fmockery HTTP/1.1" 200 751 "-" "Mozilla/5.0 AppleWebKit/537.36 (KHTML, like Gecko; compatible; ClaudeBot/1.0; +claudebot@anthropic.com)"
85.208.96.202 - - [11/Jan/2025:09:56:07 -0500] "GET /8201563139.htm HTTP/1.1" 404 1251 "-" "Mozilla/5.0 (compatible; SemrushBot/7~bl; +http://www.semrush.com/bot.html)"
85.208.96.197 - - [11/Jan/2025:09:56:41 -0500] "GET /10258298654.htm HTTP/1.1" 404 1251 "-" "Mozilla/5.0 (compatible; SemrushBot/7~bl; +http://www.semrush.com/bot.html)"
