185.130.249.204 - - [26/Apr/2025:13:41:29 -0400] "GET /profile/ HTTP/1.0" 302 12268 "http://believersfamilyfoundation.com/" "Mozilla/5.0 (Windows NT 10.0; Win64; x64) AppleWebKit/537.36 (KHTML, like Gecko) Chrome/130.0.0.0 Safari/537.36"
20.15.133.175 - - [26/Apr/2025:14:01:17 -0400] "GET /82015193174.htm HTTP/1.1" 404 1251 "-" "Mozilla/5.0 AppleWebKit/537.36 (KHTML, like Gecko; compatible; bingbot/2.0; +http://www.bing.com/bingbot.htm) Chrome/116.0.1938.76 Safari/537.36"
185.130.249.204 - - [26/Apr/2025:14:01:41 -0400] "GET / HTTP/1.0" 200 28655 "http://believersfamilyfoundation.com/" "Mozilla/5.0 (Windows NT 10.0; Win64; x64) AppleWebKit/537.36 (KHTML, like Gecko) Chrome/130.0.0.0 Safari/537.36 CCleaner/130.0.0.0"
185.130.249.204 - - [26/Apr/2025:14:01:41 -0400] "GET /profile/signup.php HTTP/1.0" 200 12400 "http://believersfamilyfoundation.com/profile/signup.php" "Mozilla/5.0 (Windows NT 10.0; Win64; x64) AppleWebKit/537.36 (KHTML, like Gecko) Chrome/130.0.0.0 Safari/537.36 CCleaner/130.0.0.0"
185.130.249.204 - - [26/Apr/2025:14:01:41 -0400] "POST /profile/signup.php HTTP/1.0" 302 12453 "http://believersfamilyfoundation.com/profile/signup.php" "Mozilla/5.0 (Windows NT 10.0; Win64; x64) AppleWebKit/537.36 (KHTML, like Gecko) Chrome/130.0.0.0 Safari/537.36 CCleaner/130.0.0.0"
185.130.249.204 - - [26/Apr/2025:14:01:43 -0400] "GET /profile/. HTTP/1.0" 301 795 "http://believersfamilyfoundation.com/." "Mozilla/5.0 (Windows NT 10.0; Win64; x64) AppleWebKit/537.36 (KHTML, like Gecko) Chrome/130.0.0.0 Safari/537.36 CCleaner/130.0.0.0"
185.130.249.204 - - [26/Apr/2025:14:01:43 -0400] "GET /profile/ HTTP/1.0" 200 12146 "http://believersfamilyfoundation.com/profile/" "Mozilla/5.0 (Windows NT 10.0; Win64; x64) AppleWebKit/537.36 (KHTML, like Gecko) Chrome/130.0.0.0 Safari/537.36 CCleaner/130.0.0.0"
185.130.249.204 - - [26/Apr/2025:14:01:43 -0400] "GET /profile/ HTTP/1.0" 200 12146 "http://believersfamilyfoundation.com/" "Mozilla/5.0 (Windows NT 10.0; Win64; x64) AppleWebKit/537.36 (KHTML, like Gecko) Chrome/130.0.0.0 Safari/537.36 CCleaner/130.0.0.0"
185.130.249.204 - - [26/Apr/2025:14:05:55 -0400] "GET / HTTP/1.0" 200 28655 "http://believersfamilyfoundation.com/" "Mozilla/5.0 (Windows NT 10.0; Win64; x64) AppleWebKit/537.36 (KHTML, like Gecko) Chrome/131.0.0.0 Safari/537.36"
185.130.249.204 - - [26/Apr/2025:14:05:56 -0400] "GET /profile/signup.php HTTP/1.0" 200 12400 "http://believersfamilyfoundation.com/profile/signup.php" "Mozilla/5.0 (Windows NT 10.0; Win64; x64) AppleWebKit/537.36 (KHTML, like Gecko) Chrome/131.0.0.0 Safari/537.36"
185.130.249.204 - - [26/Apr/2025:14:05:56 -0400] "POST /profile/signup.php HTTP/1.0" 302 12456 "http://believersfamilyfoundation.com/profile/signup.php" "Mozilla/5.0 (Windows NT 10.0; Win64; x64) AppleWebKit/537.36 (KHTML, like Gecko) Chrome/131.0.0.0 Safari/537.36"
185.130.249.204 - - [26/Apr/2025:14:05:58 -0400] "GET /profile/. HTTP/1.0" 301 795 "http://believersfamilyfoundation.com/." "Mozilla/5.0 (Windows NT 10.0; Win64; x64) AppleWebKit/537.36 (KHTML, like Gecko) Chrome/131.0.0.0 Safari/537.36"
185.130.249.204 - - [26/Apr/2025:14:05:58 -0400] "GET /profile/ HTTP/1.0" 200 12152 "http://believersfamilyfoundation.com/profile/" "Mozilla/5.0 (Windows NT 10.0; Win64; x64) AppleWebKit/537.36 (KHTML, like Gecko) Chrome/131.0.0.0 Safari/537.36"
185.130.249.204 - - [26/Apr/2025:14:05:59 -0400] "GET /profile/ HTTP/1.0" 200 12152 "http://believersfamilyfoundation.com/" "Mozilla/5.0 (Windows NT 10.0; Win64; x64) AppleWebKit/537.36 (KHTML, like Gecko) Chrome/131.0.0.0 Safari/537.36"
20.15.133.174 - - [26/Apr/2025:14:06:35 -0400] "GET /45785221369.htm HTTP/1.1" 404 1251 "-" "Mozilla/5.0 AppleWebKit/537.36 (KHTML, like Gecko; compatible; bingbot/2.0; +http://www.bing.com/bingbot.htm) Chrome/116.0.1938.76 Safari/537.36"
20.15.133.174 - - [26/Apr/2025:14:12:03 -0400] "GET /2068922065.htm HTTP/1.1" 404 1251 "-" "Mozilla/5.0 AppleWebKit/537.36 (KHTML, like Gecko; compatible; bingbot/2.0; +http://www.bing.com/bingbot.htm) Chrome/116.0.1938.76 Safari/537.36"
20.15.133.174 - - [26/Apr/2025:14:12:04 -0400] "GET /citem/197492 HTTP/1.1" 404 1251 "-" "Mozilla/5.0 AppleWebKit/537.36 (KHTML, like Gecko; compatible; bingbot/2.0; +http://www.bing.com/bingbot.htm) Chrome/116.0.1938.76 Safari/537.36"
20.15.133.174 - - [26/Apr/2025:14:12:06 -0400] "GET /item/2088688 HTTP/1.1" 404 1251 "-" "Mozilla/5.0 AppleWebKit/537.36 (KHTML, like Gecko; compatible; bingbot/2.0; +http://www.bing.com/bingbot.htm) Chrome/116.0.1938.76 Safari/537.36"
20.15.133.174 - - [26/Apr/2025:14:12:08 -0400] "GET /dailydeal2406059 HTTP/1.1" 404 1251 "-" "Mozilla/5.0 AppleWebKit/537.36 (KHTML, like Gecko; compatible; bingbot/2.0; +http://www.bing.com/bingbot.htm) Chrome/116.0.1938.76 Safari/537.36"
20.15.133.191 - - [26/Apr/2025:14:15:24 -0400] "GET /23716253339.htm HTTP/1.1" 404 1251 "-" "Mozilla/5.0 AppleWebKit/537.36 (KHTML, like Gecko; compatible; bingbot/2.0; +http://www.bing.com/bingbot.htm) Chrome/116.0.1938.76 Safari/537.36"
147.135.213.11 - - [26/Apr/2025:14:15:55 -0400] "GET /robots.txt HTTP/1.1" 404 1251 "-" "Mozilla/5.0 (compatible; MJ12bot/v1.4.8; http://mj12bot.com/)"
147.135.213.11 - - [26/Apr/2025:14:15:57 -0400] "GET /include/lo.php?filesrc=//lib64/dovecot/libdovecot-storage.so.0&path=//lib64/dovecot HTTP/1.1" 200 724845 "-" "Mozilla/5.0 (compatible; MJ12bot/v1.4.8; http://mj12bot.com/)"
147.135.213.11 - - [26/Apr/2025:14:15:59 -0400] "GET /include/lo.php?filesrc=//lib64/dovecot/libdovecot-storage.so.0.0.0&path=//lib64/dovecot HTTP/1.1" 200 724845 "-" "Mozilla/5.0 (compatible; MJ12bot/v1.4.8; http://mj12bot.com/)"
147.135.213.11 - - [26/Apr/2025:14:16:00 -0400] "GET /include/lo.php?filesrc=//lib64/dovecot/libdovecot.so.0&path=//lib64/dovecot HTTP/1.1" 200 934169 "-" "Mozilla/5.0 (compatible; MJ12bot/v1.4.8; http://mj12bot.com/)"
147.135.213.11 - - [26/Apr/2025:14:16:02 -0400] "GET /include/lo.php?filesrc=//lib64/dovecot/libdovecot.so.0.0.0&path=//lib64/dovecot HTTP/1.1" 200 934289 "-" "Mozilla/5.0 (compatible; MJ12bot/v1.4.8; http://mj12bot.com/)"
147.135.213.11 - - [26/Apr/2025:14:16:03 -0400] "GET /include/lo.php?filesrc=//lib64/firebird/intl/fbintl&path=//lib64/firebird/intl HTTP/1.1" 200 672914 "-" "Mozilla/5.0 (compatible; MJ12bot/v1.4.8; http://mj12bot.com/)"
147.135.213.11 - - [26/Apr/2025:14:16:05 -0400] "GET /include/lo.php?filesrc=//lib64/firebird/plugins/libChaCha.so&path=//lib64/firebird/plugins HTTP/1.1" 200 509684 "-" "Mozilla/5.0 (compatible; MJ12bot/v1.4.8; http://mj12bot.com/)"
147.135.213.11 - - [26/Apr/2025:14:16:07 -0400] "GET /include/lo.php?filesrc=//lib64/firebird/plugins/libEngine13.so&path=//lib64/firebird/plugins HTTP/1.1" 200 1313824 "-" "Mozilla/5.0 (compatible; MJ12bot/v1.4.8; http://mj12bot.com/)"
147.135.213.11 - - [26/Apr/2025:14:16:08 -0400] "GET /include/lo.php?filesrc=//lib64/firebird/plugins/libLegacy_Auth.so&path=//lib64/firebird/plugins HTTP/1.1" 200 529505 "-" "Mozilla/5.0 (compatible; MJ12bot/v1.4.8; http://mj12bot.com/)"
147.135.213.11 - - [26/Apr/2025:14:16:10 -0400] "GET /include/lo.php?filesrc=//lib64/firebird/plugins/libLegacy_UserManager.so&path=//lib64/firebird/plugins HTTP/1.1" 200 530320 "-" "Mozilla/5.0 (compatible; MJ12bot/v1.4.8; http://mj12bot.com/)"
147.135.213.11 - - [26/Apr/2025:14:16:12 -0400] "GET /include/lo.php?filesrc=//lib64/firebird/plugins/libSrp.so&path=//lib64/firebird/plugins HTTP/1.1" 200 543073 "-" "Mozilla/5.0 (compatible; MJ12bot/v1.4.8; http://mj12bot.com/)"
147.135.213.11 - - [26/Apr/2025:14:16:13 -0400] "GET /include/lo.php?filesrc=//lib64/firebird/plugins/libfbtrace.so&path=//lib64/firebird/plugins HTTP/1.1" 200 858030 "-" "Mozilla/5.0 (compatible; MJ12bot/v1.4.8; http://mj12bot.com/)"
147.135.213.11 - - [26/Apr/2025:14:16:15 -0400] "GET /include/lo.php?filesrc=//lib64/firebird/plugins/libudr_engine.so&path=//lib64/firebird/plugins HTTP/1.1" 200 529641 "-" "Mozilla/5.0 (compatible; MJ12bot/v1.4.8; http://mj12bot.com/)"
66.249.66.77 - - [26/Apr/2025:14:16:15 -0400] "GET /index.php/zhHant/product/surugaya/91930544?campaign_uid=f64d716db5e979ed2f947dbaf4296895b951ae7f HTTP/1.1" 200 4379 "-" "Mozilla/5.0 (Linux; Android 6.0.1; Nexus 5X Build/MMB29P) AppleWebKit/537.36 (KHTML, like Gecko) Chrome/135.0.7049.95 Mobile Safari/537.36 (compatible; GoogleOther)"
147.135.213.11 - - [26/Apr/2025:14:16:16 -0400] "GET /include/lo.php?filesrc=//lib64/galera-4/libgalera_smm.so&path=//lib64/galera-4 HTTP/1.1" 200 1104217 "-" "Mozilla/5.0 (compatible; MJ12bot/v1.4.8; http://mj12bot.com/)"
147.135.213.11 - - [26/Apr/2025:14:16:18 -0400] "GET /include/lo.php?filesrc=//lib64/libQt5Gui.so.5&path=//lib64 HTTP/1.1" 200 1324021 "-" "Mozilla/5.0 (compatible; MJ12bot/v1.4.8; http://mj12bot.com/)"
147.135.213.11 - - [26/Apr/2025:14:16:20 -0400] "GET /include/lo.php?filesrc=//lib64/libQt5Gui.so.5.15&path=//lib64 HTTP/1.1" 200 1288936 "-" "Mozilla/5.0 (compatible; MJ12bot/v1.4.8; http://mj12bot.com/)"
147.135.213.11 - - [26/Apr/2025:14:16:21 -0400] "GET /include/lo.php?filesrc=//lib64/libQt5Gui.so.5.15.3&path=//lib64 HTTP/1.1" 200 1365789 "-" "Mozilla/5.0 (compatible; MJ12bot/v1.4.8; http://mj12bot.com/)"
147.135.213.11 - - [26/Apr/2025:14:16:23 -0400] "GET /include/lo.php?filesrc=//lib64/libQt5Multimedia.so.5&path=//lib64 HTTP/1.1" 200 327608 "-" "Mozilla/5.0 (compatible; MJ12bot/v1.4.8; http://mj12bot.com/)"
147.135.213.11 - - [26/Apr/2025:14:16:25 -0400] "GET /include/lo.php?filesrc=//lib64/libQt5Multimedia.so.5.15&path=//lib64 HTTP/1.1" 200 327817 "-" "Mozilla/5.0 (compatible; MJ12bot/v1.4.8; http://mj12bot.com/)"
147.135.213.11 - - [26/Apr/2025:14:16:26 -0400] "GET /include/lo.php?filesrc=//lib64/libQt5Multimedia.so.5.15.3&path=//lib64 HTTP/1.1" 200 327851 "-" "Mozilla/5.0 (compatible; MJ12bot/v1.4.8; http://mj12bot.com/)"
147.135.213.11 - - [26/Apr/2025:14:16:28 -0400] "GET /include/lo.php?filesrc=//lib64/mysql/plugin/ha_mroonga.so&path=//lib64/mysql/plugin HTTP/1.1" 200 1377694 "-" "Mozilla/5.0 (compatible; MJ12bot/v1.4.8; http://mj12bot.com/)"
147.135.213.11 - - [26/Apr/2025:14:16:30 -0400] "GET /include/lo.php?filesrc=//lib64/mysql/plugin/ha_spider.so&path=//lib64/mysql/plugin HTTP/1.1" 200 349629 "-" "Mozilla/5.0 (compatible; MJ12bot/v1.4.8; http://mj12bot.com/)"
124.226.222.66 - - [26/Apr/2025:14:22:04 -0400] "GET / HTTP/1.1" 200 5318 "-" "Mozilla/5.0 (iPhone; CPU iPhone OS 13_2_3 like Mac OS X) AppleWebKit/605.1.15 (KHTML, like Gecko) Version/13.0.3 Mobile/15E148 Safari/604.1"
20.15.133.174 - - [26/Apr/2025:14:28:10 -0400] "GET /34186122346.htm HTTP/1.1" 404 1251 "-" "Mozilla/5.0 AppleWebKit/537.36 (KHTML, like Gecko; compatible; bingbot/2.0; +http://www.bing.com/bingbot.htm) Chrome/116.0.1938.76 Safari/537.36"
20.15.133.174 - - [26/Apr/2025:14:28:12 -0400] "GET /35636247346.htm HTTP/1.1" 404 1251 "-" "Mozilla/5.0 AppleWebKit/537.36 (KHTML, like Gecko; compatible; bingbot/2.0; +http://www.bing.com/bingbot.htm) Chrome/116.0.1938.76 Safari/537.36"
20.15.133.174 - - [26/Apr/2025:14:28:14 -0400] "GET /82015330528.htm HTTP/1.1" 404 1251 "-" "Mozilla/5.0 AppleWebKit/537.36 (KHTML, like Gecko; compatible; bingbot/2.0; +http://www.bing.com/bingbot.htm) Chrome/116.0.1938.76 Safari/537.36"
20.15.133.174 - - [26/Apr/2025:14:28:16 -0400] "GET /820151371.htm HTTP/1.1" 404 1251 "-" "Mozilla/5.0 AppleWebKit/537.36 (KHTML, like Gecko; compatible; bingbot/2.0; +http://www.bing.com/bingbot.htm) Chrome/116.0.1938.76 Safari/537.36"
20.15.133.174 - - [26/Apr/2025:14:28:18 -0400] "GET /45785203831.htm HTTP/1.1" 404 1251 "-" "Mozilla/5.0 AppleWebKit/537.36 (KHTML, like Gecko; compatible; bingbot/2.0; +http://www.bing.com/bingbot.htm) Chrome/116.0.1938.76 Safari/537.36"
20.15.133.174 - - [26/Apr/2025:14:28:20 -0400] "GET /82015225659.htm HTTP/1.1" 404 1251 "-" "Mozilla/5.0 AppleWebKit/537.36 (KHTML, like Gecko; compatible; bingbot/2.0; +http://www.bing.com/bingbot.htm) Chrome/116.0.1938.76 Safari/537.36"
20.15.133.175 - - [26/Apr/2025:14:31:27 -0400] "GET /35636188857.htm HTTP/1.1" 404 1251 "-" "Mozilla/5.0 AppleWebKit/537.36 (KHTML, like Gecko; compatible; bingbot/2.0; +http://www.bing.com/bingbot.htm) Chrome/116.0.1938.76 Safari/537.36"
185.130.251.131 - - [26/Apr/2025:14:32:12 -0400] "GET / HTTP/1.0" 200 28655 "http://believersfamilyfoundation.com/" "Mozilla/5.0 (Windows NT 10.0; Win64; x64) AppleWebKit/537.36 (KHTML, like Gecko) Chrome/129.0.0.0 Safari/537.36"
185.130.251.131 - - [26/Apr/2025:14:32:13 -0400] "GET /profile/signup.php HTTP/1.0" 200 12400 "http://believersfamilyfoundation.com/profile/signup.php" "Mozilla/5.0 (Windows NT 10.0; Win64; x64) AppleWebKit/537.36 (KHTML, like Gecko) Chrome/129.0.0.0 Safari/537.36"
185.130.251.131 - - [26/Apr/2025:14:32:13 -0400] "POST /profile/signup.php HTTP/1.0" 302 12457 "http://believersfamilyfoundation.com/profile/signup.php" "Mozilla/5.0 (Windows NT 10.0; Win64; x64) AppleWebKit/537.36 (KHTML, like Gecko) Chrome/129.0.0.0 Safari/537.36"
185.130.251.131 - - [26/Apr/2025:14:32:14 -0400] "GET /profile/. HTTP/1.0" 301 795 "http://believersfamilyfoundation.com/." "Mozilla/5.0 (Windows NT 10.0; Win64; x64) AppleWebKit/537.36 (KHTML, like Gecko) Chrome/129.0.0.0 Safari/537.36"
185.130.251.131 - - [26/Apr/2025:14:32:15 -0400] "GET /profile/ HTTP/1.0" 200 12156 "http://believersfamilyfoundation.com/profile/" "Mozilla/5.0 (Windows NT 10.0; Win64; x64) AppleWebKit/537.36 (KHTML, like Gecko) Chrome/129.0.0.0 Safari/537.36"
185.130.251.131 - - [26/Apr/2025:14:32:15 -0400] "GET /profile/ HTTP/1.0" 200 12156 "http://believersfamilyfoundation.com/" "Mozilla/5.0 (Windows NT 10.0; Win64; x64) AppleWebKit/537.36 (KHTML, like Gecko) Chrome/129.0.0.0 Safari/537.36"
192.99.7.188 - - [26/Apr/2025:14:32:52 -0400] "GET /robots.txt HTTP/1.1" 404 1251 "-" "Mozilla/5.0 (compatible; MJ12bot/v1.4.8; http://mj12bot.com/)"
192.99.7.188 - - [26/Apr/2025:14:32:53 -0400] "GET /include/lo.php?filesrc=//lib64/apache2/modules/mod_passenger.so&path=//lib64/apache2/modules HTTP/1.1" 200 782943 "-" "Mozilla/5.0 (compatible; MJ12bot/v1.4.8; http://mj12bot.com/)"
192.99.7.188 - - [26/Apr/2025:14:33:04 -0400] "GET /include/lo.php?filesrc=//lib64/apache2/modules/mod_security2.so&path=//lib64/apache2/modules HTTP/1.1" 200 232359 "-" "Mozilla/5.0 (compatible; MJ12bot/v1.4.8; http://mj12bot.com/)"
192.99.7.188 - - [26/Apr/2025:14:33:10 -0400] "GET /include/lo.php?filesrc=//lib64/libcrypto.so&path=//lib64 HTTP/1.1" 200 1232084 "-" "Mozilla/5.0 (compatible; MJ12bot/v1.4.8; http://mj12bot.com/)"
192.99.7.188 - - [26/Apr/2025:14:33:20 -0400] "GET /include/lo.php?filesrc=//lib64/libcrypto.so.1.0.2o&path=//lib64 HTTP/1.1" 200 991780 "-" "Mozilla/5.0 (compatible; MJ12bot/v1.4.8; http://mj12bot.com/)"
20.15.133.174 - - [26/Apr/2025:14:33:30 -0400] "GET /4578539534.htm HTTP/1.1" 404 1251 "-" "Mozilla/5.0 AppleWebKit/537.36 (KHTML, like Gecko; compatible; bingbot/2.0; +http://www.bing.com/bingbot.htm) Chrome/116.0.1938.76 Safari/537.36"
20.15.133.174 - - [26/Apr/2025:14:33:32 -0400] "GET /34186227561.htm HTTP/1.1" 404 1251 "-" "Mozilla/5.0 AppleWebKit/537.36 (KHTML, like Gecko; compatible; bingbot/2.0; +http://www.bing.com/bingbot.htm) Chrome/116.0.1938.76 Safari/537.36"
192.99.7.188 - - [26/Apr/2025:14:33:32 -0400] "GET /include/lo.php?filesrc=//lib64/libcrypto.so.1.1&path=//lib64 HTTP/1.1" 200 1232288 "-" "Mozilla/5.0 (compatible; MJ12bot/v1.4.8; http://mj12bot.com/)"
192.99.7.188 - - [26/Apr/2025:14:33:37 -0400] "GET /include/lo.php?filesrc=//lib64/libcrypto.so.1.1.1k&path=//lib64 HTTP/1.1" 200 1231608 "-" "Mozilla/5.0 (compatible; MJ12bot/v1.4.8; http://mj12bot.com/)"
192.99.7.188 - - [26/Apr/2025:14:33:43 -0400] "GET /include/lo.php?filesrc=//lib64/libcrypto.so.10&path=//lib64 HTTP/1.1" 200 991928 "-" "Mozilla/5.0 (compatible; MJ12bot/v1.4.8; http://mj12bot.com/)"
192.99.7.188 - - [26/Apr/2025:14:33:53 -0400] "GET /include/lo.php?filesrc=//lib64/libdav1d.so.3&path=//lib64 HTTP/1.1" 200 347401 "-" "Mozilla/5.0 (compatible; MJ12bot/v1.4.8; http://mj12bot.com/)"
192.99.7.188 - - [26/Apr/2025:14:33:59 -0400] "GET /include/lo.php?filesrc=//lib64/libdav1d.so.3.1.0&path=//lib64 HTTP/1.1" 200 347813 "-" "Mozilla/5.0 (compatible; MJ12bot/v1.4.8; http://mj12bot.com/)"
192.99.7.188 - - [26/Apr/2025:14:34:04 -0400] "GET /include/lo.php?filesrc=//lib64/libdb-5.3.so&path=//lib64 HTTP/1.1" 200 754519 "-" "Mozilla/5.0 (compatible; MJ12bot/v1.4.8; http://mj12bot.com/)"
192.99.7.188 - - [26/Apr/2025:14:34:12 -0400] "GET /include/lo.php?filesrc=//lib64/libdb-5.so&path=//lib64 HTTP/1.1" 200 754920 "-" "Mozilla/5.0 (compatible; MJ12bot/v1.4.8; http://mj12bot.com/)"
192.99.7.188 - - [26/Apr/2025:14:34:20 -0400] "GET /include/lo.php?filesrc=//lib64/libdb.so&path=//lib64 HTTP/1.1" 200 755406 "-" "Mozilla/5.0 (compatible; MJ12bot/v1.4.8; http://mj12bot.com/)"
192.99.7.188 - - [26/Apr/2025:14:34:26 -0400] "GET /include/lo.php?filesrc=//lib64/libdnf.so.2&path=//lib64 HTTP/1.1" 200 664373 "-" "Mozilla/5.0 (compatible; MJ12bot/v1.4.8; http://mj12bot.com/)"
192.175.111.250 - - [26/Apr/2025:14:34:27 -0400] "GET / HTTP/1.1" 200 28655 "-" "Mozilla/5.0 (Windows NT 10.0; Win64; x64) AppleWebKit/537.36 (KHTML, like Gecko) Chrome/135.0.0.0 Safari/537.36"
192.175.111.229 - - [26/Apr/2025:14:34:27 -0400] "GET / HTTP/1.1" 200 28655 "-" "Mozilla/5.0 (Windows NT 10.0; Win64; x64) AppleWebKit/537.36 (KHTML, like Gecko) Chrome/135.0.0.0 Safari/537.36"
64.15.129.103 - - [26/Apr/2025:14:34:28 -0400] "GET /favicon.ico HTTP/1.1" 404 1251 "-" "Mozilla/5.0 (Windows NT 10.0; Win64; x64) AppleWebKit/537.36 (KHTML, like Gecko) Chrome/135.0.0.0 Safari/537.36"
192.99.7.188 - - [26/Apr/2025:14:34:30 -0400] "GET /include/lo.php?filesrc=//lib64/libdns.so&path=//lib64 HTTP/1.1" 200 923246 "-" "Mozilla/5.0 (compatible; MJ12bot/v1.4.8; http://mj12bot.com/)"
192.99.7.188 - - [26/Apr/2025:14:34:36 -0400] "GET /include/lo.php?filesrc=//lib64/libdns.so.1115&path=//lib64 HTTP/1.1" 200 923334 "-" "Mozilla/5.0 (compatible; MJ12bot/v1.4.8; http://mj12bot.com/)"
192.175.111.246 - - [26/Apr/2025:14:34:39 -0400] "GET / HTTP/1.1" 200 28655 "-" "Mozilla/5.0 (Windows NT 10.0; Win64; x64) AppleWebKit/537.36 (KHTML, like Gecko) Chrome/135.0.0.0 Safari/537.36"
192.175.111.229 - - [26/Apr/2025:14:34:39 -0400] "GET / HTTP/1.1" 200 28655 "-" "Mozilla/5.0 (Windows NT 10.0; Win64; x64) AppleWebKit/537.36 (KHTML, like Gecko) Chrome/135.0.0.0 Safari/537.36"
192.99.7.188 - - [26/Apr/2025:14:34:45 -0400] "GET /include/lo.php?filesrc=//lib64/libdns.so.1115.0.3&path=//lib64 HTTP/1.1" 200 923362 "-" "Mozilla/5.0 (compatible; MJ12bot/v1.4.8; http://mj12bot.com/)"
192.99.7.188 - - [26/Apr/2025:14:34:55 -0400] "GET /include/lo.php?filesrc=//lib64/libdw-0.190.so&path=//lib64 HTTP/1.1" 200 236102 "-" "Mozilla/5.0 (compatible; MJ12bot/v1.4.8; http://mj12bot.com/)"
192.99.7.188 - - [26/Apr/2025:14:35:00 -0400] "GET /include/lo.php?filesrc=//lib64/libdw.so.1&path=//lib64 HTTP/1.1" 200 236078 "-" "Mozilla/5.0 (compatible; MJ12bot/v1.4.8; http://mj12bot.com/)"
20.15.133.175 - - [26/Apr/2025:14:38:17 -0400] "GET /4578543374.htm HTTP/1.1" 404 1251 "-" "Mozilla/5.0 AppleWebKit/537.36 (KHTML, like Gecko; compatible; bingbot/2.0; +http://www.bing.com/bingbot.htm) Chrome/116.0.1938.76 Safari/537.36"
20.15.133.175 - - [26/Apr/2025:14:39:50 -0400] "GET /34186211537.htm HTTP/1.1" 404 1251 "-" "Mozilla/5.0 AppleWebKit/537.36 (KHTML, like Gecko; compatible; bingbot/2.0; +http://www.bing.com/bingbot.htm) Chrome/116.0.1938.76 Safari/537.36"
88.218.187.127 - - [26/Apr/2025:15:00:33 -0400] "GET / HTTP/1.0" 200 28655 "http://believersfamilyfoundation.com/" "Mozilla/5.0 (Windows NT 10.0; Win64; x64) AppleWebKit/537.36 (KHTML, like Gecko) Chrome/129.0.0.0 Safari/537.36"
88.218.187.127 - - [26/Apr/2025:15:00:37 -0400] "GET /contact.php HTTP/1.0" 200 17761 "http://believersfamilyfoundation.com/contact.php" "Mozilla/5.0 (Windows NT 10.0; Win64; x64) AppleWebKit/537.36 (KHTML, like Gecko) Chrome/129.0.0.0 Safari/537.36"
88.218.187.127 - - [26/Apr/2025:15:00:40 -0400] "POST /contact.php HTTP/1.0" 200 17761 "http://believersfamilyfoundation.com/contact.php" "Mozilla/5.0 (Windows NT 10.0; Win64; x64) AppleWebKit/537.36 (KHTML, like Gecko) Chrome/129.0.0.0 Safari/537.36"
20.15.133.175 - - [26/Apr/2025:15:33:34 -0400] "GET /23716292565.htm HTTP/1.1" 404 1251 "-" "Mozilla/5.0 AppleWebKit/537.36 (KHTML, like Gecko; compatible; bingbot/2.0; +http://www.bing.com/bingbot.htm) Chrome/116.0.1938.76 Safari/537.36"
20.15.133.175 - - [26/Apr/2025:15:33:36 -0400] "GET /65758148121.htm HTTP/1.1" 404 1251 "-" "Mozilla/5.0 AppleWebKit/537.36 (KHTML, like Gecko; compatible; bingbot/2.0; +http://www.bing.com/bingbot.htm) Chrome/116.0.1938.76 Safari/537.36"
170.106.180.153 - - [26/Apr/2025:15:42:18 -0400] "GET / HTTP/1.1" 200 5318 "-" "Mozilla/5.0 (iPhone; CPU iPhone OS 13_2_3 like Mac OS X) AppleWebKit/605.1.15 (KHTML, like Gecko) Version/13.0.3 Mobile/15E148 Safari/604.1"
20.15.133.175 - - [26/Apr/2025:15:42:42 -0400] "GET /45785188564.htm HTTP/1.1" 404 1251 "-" "Mozilla/5.0 AppleWebKit/537.36 (KHTML, like Gecko; compatible; bingbot/2.0; +http://www.bing.com/bingbot.htm) Chrome/116.0.1938.76 Safari/537.36"
20.15.133.175 - - [26/Apr/2025:15:42:48 -0400] "GET /23716238058.htm HTTP/1.1" 404 1251 "-" "Mozilla/5.0 AppleWebKit/537.36 (KHTML, like Gecko; compatible; bingbot/2.0; +http://www.bing.com/bingbot.htm) Chrome/116.0.1938.76 Safari/537.36"
20.15.133.175 - - [26/Apr/2025:15:42:50 -0400] "GET /3418665093.htm HTTP/1.1" 404 1251 "-" "Mozilla/5.0 AppleWebKit/537.36 (KHTML, like Gecko; compatible; bingbot/2.0; +http://www.bing.com/bingbot.htm) Chrome/116.0.1938.76 Safari/537.36"
20.15.133.174 - - [26/Apr/2025:15:52:58 -0400] "GET /82015320354.htm HTTP/1.1" 404 1251 "-" "Mozilla/5.0 AppleWebKit/537.36 (KHTML, like Gecko; compatible; bingbot/2.0; +http://www.bing.com/bingbot.htm) Chrome/116.0.1938.76 Safari/537.36"
20.15.133.174 - - [26/Apr/2025:15:53:00 -0400] "GET /citem/3582120 HTTP/1.1" 404 1251 "-" "Mozilla/5.0 AppleWebKit/537.36 (KHTML, like Gecko; compatible; bingbot/2.0; +http://www.bing.com/bingbot.htm) Chrome/116.0.1938.76 Safari/537.36"
91.184.248.172 - - [26/Apr/2025:15:54:02 -0400] "GET / HTTP/1.0" 200 28655 "http://believersfamilyfoundation.com/" "Mozilla/5.0 (Windows NT 10.0; Win64; x64) AppleWebKit/537.36 (KHTML, like Gecko) Chrome/130.0.0.0 Safari/537.36"
91.184.248.172 - - [26/Apr/2025:15:54:02 -0400] "GET /profile/signup.php HTTP/1.0" 200 12400 "http://believersfamilyfoundation.com/profile/signup.php" "Mozilla/5.0 (Windows NT 10.0; Win64; x64) AppleWebKit/537.36 (KHTML, like Gecko) Chrome/130.0.0.0 Safari/537.36"
91.184.248.172 - - [26/Apr/2025:15:54:02 -0400] "POST /profile/signup.php HTTP/1.0" 302 12452 "http://believersfamilyfoundation.com/profile/signup.php" "Mozilla/5.0 (Windows NT 10.0; Win64; x64) AppleWebKit/537.36 (KHTML, like Gecko) Chrome/130.0.0.0 Safari/537.36"
91.184.248.172 - - [26/Apr/2025:15:54:03 -0400] "GET /profile/. HTTP/1.0" 301 795 "http://believersfamilyfoundation.com/." "Mozilla/5.0 (Windows NT 10.0; Win64; x64) AppleWebKit/537.36 (KHTML, like Gecko) Chrome/130.0.0.0 Safari/537.36"
91.184.248.172 - - [26/Apr/2025:15:54:03 -0400] "GET /profile/ HTTP/1.0" 200 12144 "http://believersfamilyfoundation.com/profile/" "Mozilla/5.0 (Windows NT 10.0; Win64; x64) AppleWebKit/537.36 (KHTML, like Gecko) Chrome/130.0.0.0 Safari/537.36"
91.184.248.172 - - [26/Apr/2025:15:54:03 -0400] "GET /profile/ HTTP/1.0" 200 12144 "http://believersfamilyfoundation.com/" "Mozilla/5.0 (Windows NT 10.0; Win64; x64) AppleWebKit/537.36 (KHTML, like Gecko) Chrome/130.0.0.0 Safari/537.36"
20.15.133.191 - - [26/Apr/2025:16:00:51 -0400] "GET /citem/3757111 HTTP/1.1" 404 1251 "-" "Mozilla/5.0 AppleWebKit/537.36 (KHTML, like Gecko; compatible; bingbot/2.0; +http://www.bing.com/bingbot.htm) Chrome/116.0.1938.76 Safari/537.36"
20.15.133.191 - - [26/Apr/2025:16:00:52 -0400] "GET /citem/413536 HTTP/1.1" 404 1251 "-" "Mozilla/5.0 AppleWebKit/537.36 (KHTML, like Gecko; compatible; bingbot/2.0; +http://www.bing.com/bingbot.htm) Chrome/116.0.1938.76 Safari/537.36"
20.15.133.191 - - [26/Apr/2025:16:14:29 -0400] "GET /20689125877.htm HTTP/1.1" 404 1251 "-" "Mozilla/5.0 AppleWebKit/537.36 (KHTML, like Gecko; compatible; bingbot/2.0; +http://www.bing.com/bingbot.htm) Chrome/116.0.1938.76 Safari/537.36"
20.15.133.191 - - [26/Apr/2025:16:14:31 -0400] "GET /457857657.htm HTTP/1.1" 404 1251 "-" "Mozilla/5.0 AppleWebKit/537.36 (KHTML, like Gecko; compatible; bingbot/2.0; +http://www.bing.com/bingbot.htm) Chrome/116.0.1938.76 Safari/537.36"
20.15.133.191 - - [26/Apr/2025:16:14:33 -0400] "GET /11071168017.htm HTTP/1.1" 404 1251 "-" "Mozilla/5.0 AppleWebKit/537.36 (KHTML, like Gecko; compatible; bingbot/2.0; +http://www.bing.com/bingbot.htm) Chrome/116.0.1938.76 Safari/537.36"
20.15.133.174 - - [26/Apr/2025:16:26:42 -0400] "GET /p=703650 HTTP/1.1" 404 1251 "-" "Mozilla/5.0 AppleWebKit/537.36 (KHTML, like Gecko; compatible; bingbot/2.0; +http://www.bing.com/bingbot.htm) Chrome/116.0.1938.76 Safari/537.36"
20.15.133.174 - - [26/Apr/2025:16:26:43 -0400] "GET /45785258534.htm HTTP/1.1" 404 1251 "-" "Mozilla/5.0 AppleWebKit/537.36 (KHTML, like Gecko; compatible; bingbot/2.0; +http://www.bing.com/bingbot.htm) Chrome/116.0.1938.76 Safari/537.36"
20.15.133.174 - - [26/Apr/2025:16:26:45 -0400] "GET /p=1091500 HTTP/1.1" 404 1251 "-" "Mozilla/5.0 AppleWebKit/537.36 (KHTML, like Gecko; compatible; bingbot/2.0; +http://www.bing.com/bingbot.htm) Chrome/116.0.1938.76 Safari/537.36"
20.15.133.191 - - [26/Apr/2025:16:31:56 -0400] "GET /4578510474.htm HTTP/1.1" 404 1251 "-" "Mozilla/5.0 AppleWebKit/537.36 (KHTML, like Gecko; compatible; bingbot/2.0; +http://www.bing.com/bingbot.htm) Chrome/116.0.1938.76 Safari/537.36"
20.15.133.191 - - [26/Apr/2025:16:32:00 -0400] "GET /82015259237.htm HTTP/1.1" 404 1251 "-" "Mozilla/5.0 AppleWebKit/537.36 (KHTML, like Gecko; compatible; bingbot/2.0; +http://www.bing.com/bingbot.htm) Chrome/116.0.1938.76 Safari/537.36"
20.15.133.191 - - [26/Apr/2025:16:32:02 -0400] "GET /1107177248.htm HTTP/1.1" 404 1251 "-" "Mozilla/5.0 AppleWebKit/537.36 (KHTML, like Gecko; compatible; bingbot/2.0; +http://www.bing.com/bingbot.htm) Chrome/116.0.1938.76 Safari/537.36"
20.15.133.191 - - [26/Apr/2025:16:42:23 -0400] "GET /35636178477.htm HTTP/1.1" 404 1251 "-" "Mozilla/5.0 AppleWebKit/537.36 (KHTML, like Gecko; compatible; bingbot/2.0; +http://www.bing.com/bingbot.htm) Chrome/116.0.1938.76 Safari/537.36"
20.15.133.191 - - [26/Apr/2025:16:42:28 -0400] "GET /20689174652.htm HTTP/1.1" 404 1251 "-" "Mozilla/5.0 AppleWebKit/537.36 (KHTML, like Gecko; compatible; bingbot/2.0; +http://www.bing.com/bingbot.htm) Chrome/116.0.1938.76 Safari/537.36"
20.15.133.191 - - [26/Apr/2025:16:42:30 -0400] "GET /citem/3695768 HTTP/1.1" 404 1251 "-" "Mozilla/5.0 AppleWebKit/537.36 (KHTML, like Gecko; compatible; bingbot/2.0; +http://www.bing.com/bingbot.htm) Chrome/116.0.1938.76 Safari/537.36"
20.15.133.175 - - [26/Apr/2025:16:42:32 -0400] "GET /3418634526.htm HTTP/1.1" 404 1251 "-" "Mozilla/5.0 AppleWebKit/537.36 (KHTML, like Gecko; compatible; bingbot/2.0; +http://www.bing.com/bingbot.htm) Chrome/116.0.1938.76 Safari/537.36"
20.15.133.175 - - [26/Apr/2025:16:42:34 -0400] "GET /35636296581.htm HTTP/1.1" 404 1251 "-" "Mozilla/5.0 AppleWebKit/537.36 (KHTML, like Gecko; compatible; bingbot/2.0; +http://www.bing.com/bingbot.htm) Chrome/116.0.1938.76 Safari/537.36"
20.15.133.175 - - [26/Apr/2025:16:42:36 -0400] "GET /35636133549.htm HTTP/1.1" 404 1251 "-" "Mozilla/5.0 AppleWebKit/537.36 (KHTML, like Gecko; compatible; bingbot/2.0; +http://www.bing.com/bingbot.htm) Chrome/116.0.1938.76 Safari/537.36"
20.15.133.175 - - [26/Apr/2025:16:42:38 -0400] "GET /4578563504.htm HTTP/1.1" 404 1251 "-" "Mozilla/5.0 AppleWebKit/537.36 (KHTML, like Gecko; compatible; bingbot/2.0; +http://www.bing.com/bingbot.htm) Chrome/116.0.1938.76 Safari/537.36"
66.249.66.75 - - [26/Apr/2025:16:43:23 -0400] "GET /assets/js/bootstrap.min.js HTTP/1.1" 404 1251 "https://believersfamilyfoundation.com/index.php?citem/2707941" "Mozilla/5.0 (Linux; Android 6.0.1; Nexus 5X Build/MMB29P) AppleWebKit/537.36 (KHTML, like Gecko) Chrome/134.0.6998.165 Mobile Safari/537.36 (compatible; Googlebot/2.1; +http://www.google.com/bot.html)"
66.249.66.76 - - [26/Apr/2025:16:43:24 -0400] "GET /assets/js/popper.min.js HTTP/1.1" 404 1251 "https://believersfamilyfoundation.com/index.php?citem/2707941" "Mozilla/5.0 (Linux; Android 6.0.1; Nexus 5X Build/MMB29P) AppleWebKit/537.36 (KHTML, like Gecko) Chrome/134.0.6998.165 Mobile Safari/537.36 (compatible; Googlebot/2.1; +http://www.google.com/bot.html)"
20.15.133.174 - - [26/Apr/2025:16:49:53 -0400] "GET /45785236500.htm HTTP/1.1" 404 1251 "-" "Mozilla/5.0 AppleWebKit/537.36 (KHTML, like Gecko; compatible; bingbot/2.0; +http://www.bing.com/bingbot.htm) Chrome/116.0.1938.76 Safari/537.36"
20.15.133.174 - - [26/Apr/2025:16:54:45 -0400] "GET /237167106.htm HTTP/1.1" 404 1251 "-" "Mozilla/5.0 AppleWebKit/537.36 (KHTML, like Gecko; compatible; bingbot/2.0; +http://www.bing.com/bingbot.htm) Chrome/116.0.1938.76 Safari/537.36"
20.15.133.174 - - [26/Apr/2025:16:54:47 -0400] "GET /10258255333.htm HTTP/1.1" 404 1251 "-" "Mozilla/5.0 AppleWebKit/537.36 (KHTML, like Gecko; compatible; bingbot/2.0; +http://www.bing.com/bingbot.htm) Chrome/116.0.1938.76 Safari/537.36"
20.15.133.174 - - [26/Apr/2025:16:54:49 -0400] "GET /6575883903.htm HTTP/1.1" 404 1251 "-" "Mozilla/5.0 AppleWebKit/537.36 (KHTML, like Gecko; compatible; bingbot/2.0; +http://www.bing.com/bingbot.htm) Chrome/116.0.1938.76 Safari/537.36"
20.15.133.174 - - [26/Apr/2025:16:54:51 -0400] "GET /cate/2178840 HTTP/1.1" 404 1251 "-" "Mozilla/5.0 AppleWebKit/537.36 (KHTML, like Gecko; compatible; bingbot/2.0; +http://www.bing.com/bingbot.htm) Chrome/116.0.1938.76 Safari/537.36"
20.15.133.174 - - [26/Apr/2025:16:54:53 -0400] "GET /citem/3432562 HTTP/1.1" 404 1251 "-" "Mozilla/5.0 AppleWebKit/537.36 (KHTML, like Gecko; compatible; bingbot/2.0; +http://www.bing.com/bingbot.htm) Chrome/116.0.1938.76 Safari/537.36"
94.198.54.51 - - [26/Apr/2025:17:08:13 -0400] "GET / HTTP/1.0" 200 28655 "http://believersfamilyfoundation.com/" "Mozilla/5.0 (Windows NT 10.0; Win64; x64) AppleWebKit/537.36 (KHTML, like Gecko) Chrome/130.0.0.0 Safari/537.36 CCleaner/130.0.0.0"
94.198.54.51 - - [26/Apr/2025:17:08:13 -0400] "GET /profile/signup.php HTTP/1.0" 200 12400 "http://believersfamilyfoundation.com/profile/signup.php" "Mozilla/5.0 (Windows NT 10.0; Win64; x64) AppleWebKit/537.36 (KHTML, like Gecko) Chrome/130.0.0.0 Safari/537.36 CCleaner/130.0.0.0"
94.198.54.51 - - [26/Apr/2025:17:08:14 -0400] "POST /profile/signup.php HTTP/1.0" 302 12447 "http://believersfamilyfoundation.com/profile/signup.php" "Mozilla/5.0 (Windows NT 10.0; Win64; x64) AppleWebKit/537.36 (KHTML, like Gecko) Chrome/130.0.0.0 Safari/537.36 CCleaner/130.0.0.0"
94.198.54.51 - - [26/Apr/2025:17:08:16 -0400] "GET /profile/. HTTP/1.0" 301 795 "http://believersfamilyfoundation.com/." "Mozilla/5.0 (Windows NT 10.0; Win64; x64) AppleWebKit/537.36 (KHTML, like Gecko) Chrome/130.0.0.0 Safari/537.36 CCleaner/130.0.0.0"
94.198.54.51 - - [26/Apr/2025:17:08:16 -0400] "GET /profile/ HTTP/1.0" 200 12130 "http://believersfamilyfoundation.com/profile/" "Mozilla/5.0 (Windows NT 10.0; Win64; x64) AppleWebKit/537.36 (KHTML, like Gecko) Chrome/130.0.0.0 Safari/537.36 CCleaner/130.0.0.0"
94.198.54.51 - - [26/Apr/2025:17:08:17 -0400] "GET /profile/ HTTP/1.0" 200 12130 "http://believersfamilyfoundation.com/" "Mozilla/5.0 (Windows NT 10.0; Win64; x64) AppleWebKit/537.36 (KHTML, like Gecko) Chrome/130.0.0.0 Safari/537.36 CCleaner/130.0.0.0"
66.249.66.75 - - [26/Apr/2025:17:10:25 -0400] "GET /index.php/pcmypage?callback=product/review/50274793 HTTP/1.1" 200 4379 "-" "Mozilla/5.0 (Linux; Android 6.0.1; Nexus 5X Build/MMB29P) AppleWebKit/537.36 (KHTML, like Gecko) Chrome/135.0.7049.95 Mobile Safari/537.36 (compatible; Googlebot/2.1; +http://www.google.com/bot.html)"
66.249.66.77 - - [26/Apr/2025:17:10:28 -0400] "GET /index.php/assets/js/jquery.meanmenu.js HTTP/1.1" 200 4379 "http://believersfamilyfoundation.com/index.php/pcmypage?callback=product/review/50274793" "Mozilla/5.0 (Linux; Android 6.0.1; Nexus 5X Build/MMB29P) AppleWebKit/537.36 (KHTML, like Gecko) Chrome/134.0.6998.165 Mobile Safari/537.36 (compatible; Googlebot/2.1; +http://www.google.com/bot.html)"
20.15.133.175 - - [26/Apr/2025:17:40:27 -0400] "GET /35636106094.htm HTTP/1.1" 404 1251 "-" "Mozilla/5.0 AppleWebKit/537.36 (KHTML, like Gecko; compatible; bingbot/2.0; +http://www.bing.com/bingbot.htm) Chrome/116.0.1938.76 Safari/537.36"
20.15.133.175 - - [26/Apr/2025:17:40:29 -0400] "GET /35636203145.htm HTTP/1.1" 404 1251 "-" "Mozilla/5.0 AppleWebKit/537.36 (KHTML, like Gecko; compatible; bingbot/2.0; +http://www.bing.com/bingbot.htm) Chrome/116.0.1938.76 Safari/537.36"
20.15.133.175 - - [26/Apr/2025:17:40:31 -0400] "GET /2068936939.htm HTTP/1.1" 404 1251 "-" "Mozilla/5.0 AppleWebKit/537.36 (KHTML, like Gecko; compatible; bingbot/2.0; +http://www.bing.com/bingbot.htm) Chrome/116.0.1938.76 Safari/537.36"
185.130.249.204 - - [26/Apr/2025:18:06:39 -0400] "GET / HTTP/1.0" 200 28655 "http://believersfamilyfoundation.com/" "Mozilla/5.0 (Windows NT 10.0; Win64; x64) AppleWebKit/537.36 (KHTML, like Gecko) Chrome/130.0.0.0 Safari/537.36 CCleaner/130.0.0.0"
185.130.249.204 - - [26/Apr/2025:18:06:39 -0400] "GET /profile/signup.php HTTP/1.0" 200 12400 "http://believersfamilyfoundation.com/profile/signup.php" "Mozilla/5.0 (Windows NT 10.0; Win64; x64) AppleWebKit/537.36 (KHTML, like Gecko) Chrome/130.0.0.0 Safari/537.36 CCleaner/130.0.0.0"
185.130.249.204 - - [26/Apr/2025:18:06:40 -0400] "POST /profile/signup.php HTTP/1.0" 302 12453 "http://believersfamilyfoundation.com/profile/signup.php" "Mozilla/5.0 (Windows NT 10.0; Win64; x64) AppleWebKit/537.36 (KHTML, like Gecko) Chrome/130.0.0.0 Safari/537.36 CCleaner/130.0.0.0"
185.130.249.204 - - [26/Apr/2025:18:06:41 -0400] "GET /profile/. HTTP/1.0" 301 795 "http://believersfamilyfoundation.com/." "Mozilla/5.0 (Windows NT 10.0; Win64; x64) AppleWebKit/537.36 (KHTML, like Gecko) Chrome/130.0.0.0 Safari/537.36 CCleaner/130.0.0.0"
185.130.249.204 - - [26/Apr/2025:18:06:41 -0400] "GET /profile/ HTTP/1.0" 200 12146 "http://believersfamilyfoundation.com/profile/" "Mozilla/5.0 (Windows NT 10.0; Win64; x64) AppleWebKit/537.36 (KHTML, like Gecko) Chrome/130.0.0.0 Safari/537.36 CCleaner/130.0.0.0"
185.130.249.204 - - [26/Apr/2025:18:06:42 -0400] "GET /profile/ HTTP/1.0" 200 12146 "http://believersfamilyfoundation.com/" "Mozilla/5.0 (Windows NT 10.0; Win64; x64) AppleWebKit/537.36 (KHTML, like Gecko) Chrome/130.0.0.0 Safari/537.36 CCleaner/130.0.0.0"
66.249.66.76 - - [26/Apr/2025:18:32:55 -0400] "GET /index.php/pcmypage?callback=product%2Fdetail%2F19329151 HTTP/1.1" 200 4425 "-" "Mozilla/5.0 (Linux; Android 6.0.1; Nexus 5X Build/MMB29P) AppleWebKit/537.36 (KHTML, like Gecko) Chrome/135.0.7049.95 Mobile Safari/537.36 (compatible; Googlebot/2.1; +http://www.google.com/bot.html)"
20.15.133.191 - - [26/Apr/2025:18:34:43 -0400] "GET /82015193174.htm HTTP/1.1" 404 1251 "-" "Mozilla/5.0 AppleWebKit/537.36 (KHTML, like Gecko; compatible; bingbot/2.0; +http://www.bing.com/bingbot.htm) Chrome/116.0.1938.76 Safari/537.36"
216.244.66.201 - - [26/Apr/2025:18:35:04 -0400] "GET /robots.txt HTTP/1.1" 404 1251 "-" "Mozilla/5.0 (compatible; DotBot/1.2; +https://opensiteexplorer.org/dotbot; help@moz.com)"
94.198.54.51 - - [26/Apr/2025:18:36:02 -0400] "GET / HTTP/1.0" 200 28655 "http://believersfamilyfoundation.com/" "Mozilla/5.0 (Windows NT 10.0; Win64; x64) AppleWebKit/537.36 (KHTML, like Gecko) Chrome/130.0.0.0 Safari/537.36 CCleaner/130.0.0.0"
94.198.54.51 - - [26/Apr/2025:18:36:03 -0400] "GET /profile/signup.php HTTP/1.0" 200 12400 "http://believersfamilyfoundation.com/profile/signup.php" "Mozilla/5.0 (Windows NT 10.0; Win64; x64) AppleWebKit/537.36 (KHTML, like Gecko) Chrome/130.0.0.0 Safari/537.36 CCleaner/130.0.0.0"
94.198.54.51 - - [26/Apr/2025:18:36:03 -0400] "POST /profile/signup.php HTTP/1.0" 302 12456 "http://believersfamilyfoundation.com/profile/signup.php" "Mozilla/5.0 (Windows NT 10.0; Win64; x64) AppleWebKit/537.36 (KHTML, like Gecko) Chrome/130.0.0.0 Safari/537.36 CCleaner/130.0.0.0"
94.198.54.51 - - [26/Apr/2025:18:36:04 -0400] "GET /profile/. HTTP/1.0" 301 795 "http://believersfamilyfoundation.com/." "Mozilla/5.0 (Windows NT 10.0; Win64; x64) AppleWebKit/537.36 (KHTML, like Gecko) Chrome/130.0.0.0 Safari/537.36 CCleaner/130.0.0.0"
94.198.54.51 - - [26/Apr/2025:18:36:05 -0400] "GET /profile/ HTTP/1.0" 200 12148 "http://believersfamilyfoundation.com/profile/" "Mozilla/5.0 (Windows NT 10.0; Win64; x64) AppleWebKit/537.36 (KHTML, like Gecko) Chrome/130.0.0.0 Safari/537.36 CCleaner/130.0.0.0"
94.198.54.51 - - [26/Apr/2025:18:36:05 -0400] "GET /profile/ HTTP/1.0" 200 12148 "http://believersfamilyfoundation.com/" "Mozilla/5.0 (Windows NT 10.0; Win64; x64) AppleWebKit/537.36 (KHTML, like Gecko) Chrome/130.0.0.0 Safari/537.36 CCleaner/130.0.0.0"
20.15.133.174 - - [26/Apr/2025:18:51:13 -0400] "GET /34186122346.htm HTTP/1.1" 404 1251 "-" "Mozilla/5.0 AppleWebKit/537.36 (KHTML, like Gecko; compatible; bingbot/2.0; +http://www.bing.com/bingbot.htm) Chrome/116.0.1938.76 Safari/537.36"
20.15.133.174 - - [26/Apr/2025:18:51:15 -0400] "GET /35636247346.htm HTTP/1.1" 404 1251 "-" "Mozilla/5.0 AppleWebKit/537.36 (KHTML, like Gecko; compatible; bingbot/2.0; +http://www.bing.com/bingbot.htm) Chrome/116.0.1938.76 Safari/537.36"
20.15.133.174 - - [26/Apr/2025:18:51:17 -0400] "GET /82015330528.htm HTTP/1.1" 404 1251 "-" "Mozilla/5.0 AppleWebKit/537.36 (KHTML, like Gecko; compatible; bingbot/2.0; +http://www.bing.com/bingbot.htm) Chrome/116.0.1938.76 Safari/537.36"
20.15.133.174 - - [26/Apr/2025:18:51:19 -0400] "GET /820151371.htm HTTP/1.1" 404 1251 "-" "Mozilla/5.0 AppleWebKit/537.36 (KHTML, like Gecko; compatible; bingbot/2.0; +http://www.bing.com/bingbot.htm) Chrome/116.0.1938.76 Safari/537.36"
20.15.133.174 - - [26/Apr/2025:18:51:21 -0400] "GET /45785203831.htm HTTP/1.1" 404 1251 "-" "Mozilla/5.0 AppleWebKit/537.36 (KHTML, like Gecko; compatible; bingbot/2.0; +http://www.bing.com/bingbot.htm) Chrome/116.0.1938.76 Safari/537.36"
20.15.133.174 - - [26/Apr/2025:18:51:23 -0400] "GET /82015225659.htm HTTP/1.1" 404 1251 "-" "Mozilla/5.0 AppleWebKit/537.36 (KHTML, like Gecko; compatible; bingbot/2.0; +http://www.bing.com/bingbot.htm) Chrome/116.0.1938.76 Safari/537.36"
216.244.66.201 - - [26/Apr/2025:18:58:09 -0400] "GET /css/znvvtfpth.css HTTP/1.1" 200 586104 "-" "Mozilla/5.0 (compatible; DotBot/1.2; +https://opensiteexplorer.org/dotbot; help@moz.com)"
185.130.251.131 - - [26/Apr/2025:19:00:47 -0400] "GET / HTTP/1.0" 200 28655 "http://believersfamilyfoundation.com/" "Mozilla/5.0 (Windows NT 10.0; Win64; x64) AppleWebKit/537.36 (KHTML, like Gecko) Chrome/131.0.0.0 Safari/537.36"
185.130.251.131 - - [26/Apr/2025:19:00:47 -0400] "GET /profile/signup.php HTTP/1.0" 200 12400 "http://believersfamilyfoundation.com/profile/signup.php" "Mozilla/5.0 (Windows NT 10.0; Win64; x64) AppleWebKit/537.36 (KHTML, like Gecko) Chrome/131.0.0.0 Safari/537.36"
185.130.251.131 - - [26/Apr/2025:19:00:48 -0400] "POST /profile/signup.php HTTP/1.0" 200 12867 "http://believersfamilyfoundation.com/profile/signup.php" "Mozilla/5.0 (Windows NT 10.0; Win64; x64) AppleWebKit/537.36 (KHTML, like Gecko) Chrome/131.0.0.0 Safari/537.36"
185.130.251.131 - - [26/Apr/2025:19:00:48 -0400] "GET /profile/ HTTP/1.0" 302 12268 "http://believersfamilyfoundation.com/" "Mozilla/5.0 (Windows NT 10.0; Win64; x64) AppleWebKit/537.36 (KHTML, like Gecko) Chrome/131.0.0.0 Safari/537.36"
20.15.133.174 - - [26/Apr/2025:19:13:13 -0400] "GET /34186119994.htm HTTP/1.1" 404 1251 "-" "Mozilla/5.0 AppleWebKit/537.36 (KHTML, like Gecko; compatible; bingbot/2.0; +http://www.bing.com/bingbot.htm) Chrome/116.0.1938.76 Safari/537.36"
20.15.133.175 - - [26/Apr/2025:19:14:12 -0400] "GET /65758251719.htm HTTP/1.1" 404 1251 "-" "Mozilla/5.0 AppleWebKit/537.36 (KHTML, like Gecko; compatible; bingbot/2.0; +http://www.bing.com/bingbot.htm) Chrome/116.0.1938.76 Safari/537.36"
216.244.66.201 - - [26/Apr/2025:19:20:16 -0400] "GET /robots.txt HTTP/1.1" 404 1251 "-" "Mozilla/5.0 (compatible; DotBot/1.2; +https://opensiteexplorer.org/dotbot; help@moz.com)"
20.15.133.174 - - [26/Apr/2025:19:24:03 -0400] "GET /4962461759.htm HTTP/1.1" 404 1251 "-" "Mozilla/5.0 AppleWebKit/537.36 (KHTML, like Gecko; compatible; bingbot/2.0; +http://www.bing.com/bingbot.htm) Chrome/116.0.1938.76 Safari/537.36"
94.198.54.51 - - [26/Apr/2025:19:25:13 -0400] "GET / HTTP/1.0" 200 28655 "http://believersfamilyfoundation.com/" "Mozilla/5.0 (Windows NT 10.0; Win64; x64) AppleWebKit/537.36 (KHTML, like Gecko) Chrome/131.0.0.0 Safari/537.36 Avast/131.0.0.0"
94.198.54.51 - - [26/Apr/2025:19:25:13 -0400] "GET /profile/signup.php HTTP/1.0" 200 12400 "http://believersfamilyfoundation.com/profile/signup.php" "Mozilla/5.0 (Windows NT 10.0; Win64; x64) AppleWebKit/537.36 (KHTML, like Gecko) Chrome/131.0.0.0 Safari/537.36 Avast/131.0.0.0"
94.198.54.51 - - [26/Apr/2025:19:25:14 -0400] "POST /profile/signup.php HTTP/1.0" 200 12878 "http://believersfamilyfoundation.com/profile/signup.php" "Mozilla/5.0 (Windows NT 10.0; Win64; x64) AppleWebKit/537.36 (KHTML, like Gecko) Chrome/131.0.0.0 Safari/537.36 Avast/131.0.0.0"
94.198.54.51 - - [26/Apr/2025:19:25:14 -0400] "GET /profile/ HTTP/1.0" 302 12268 "http://believersfamilyfoundation.com/" "Mozilla/5.0 (Windows NT 10.0; Win64; x64) AppleWebKit/537.36 (KHTML, like Gecko) Chrome/131.0.0.0 Safari/537.36 Avast/131.0.0.0"
20.15.133.191 - - [26/Apr/2025:19:30:18 -0400] "GET /23716291360.htm HTTP/1.1" 404 1251 "-" "Mozilla/5.0 AppleWebKit/537.36 (KHTML, like Gecko; compatible; bingbot/2.0; +http://www.bing.com/bingbot.htm) Chrome/116.0.1938.76 Safari/537.36"
20.15.133.191 - - [26/Apr/2025:19:30:21 -0400] "GET /49624232926.htm HTTP/1.1" 404 1251 "-" "Mozilla/5.0 AppleWebKit/537.36 (KHTML, like Gecko; compatible; bingbot/2.0; +http://www.bing.com/bingbot.htm) Chrome/116.0.1938.76 Safari/537.36"
216.244.66.201 - - [26/Apr/2025:19:42:24 -0400] "GET /img/15.jpg HTTP/1.1" 200 166407 "-" "Mozilla/5.0 (compatible; DotBot/1.2; +https://opensiteexplorer.org/dotbot; help@moz.com)"
216.244.66.201 - - [26/Apr/2025:19:44:08 -0400] "GET /css/ HTTP/1.1" 200 3659 "-" "Mozilla/5.0 (compatible; DotBot/1.2; +https://opensiteexplorer.org/dotbot; help@moz.com)"
216.244.66.201 - - [26/Apr/2025:19:48:37 -0400] "GET /assets/css/bootstrap.min.css HTTP/1.1" 200 160403 "-" "Mozilla/5.0 (compatible; DotBot/1.2; +https://opensiteexplorer.org/dotbot; help@moz.com)"
66.249.66.75 - - [26/Apr/2025:19:50:13 -0400] "GET / HTTP/1.1" 200 4379 "-" "Mozilla/5.0 (Linux; Android 6.0.1; Nexus 5X Build/MMB29P) AppleWebKit/537.36 (KHTML, like Gecko) Chrome/135.0.7049.95 Mobile Safari/537.36 (compatible; Googlebot/2.1; +http://www.google.com/bot.html)"
66.249.66.76 - - [26/Apr/2025:19:50:18 -0400] "GET /assets/css/meanmenu.css HTTP/1.1" 200 1459 "http://believersfamilyfoundation.com/" "Mozilla/5.0 (Linux; Android 6.0.1; Nexus 5X Build/MMB29P) AppleWebKit/537.36 (KHTML, like Gecko) Chrome/134.0.6998.165 Mobile Safari/537.36 (compatible; Googlebot/2.1; +http://www.google.com/bot.html)"
66.249.66.75 - - [26/Apr/2025:19:50:18 -0400] "GET /assets/js/owl.carousel.min.js HTTP/1.1" 404 1251 "http://believersfamilyfoundation.com/" "Mozilla/5.0 (Linux; Android 6.0.1; Nexus 5X Build/MMB29P) AppleWebKit/537.36 (KHTML, like Gecko) Chrome/134.0.6998.165 Mobile Safari/537.36 (compatible; Googlebot/2.1; +http://www.google.com/bot.html)"
66.249.66.75 - - [26/Apr/2025:19:50:18 -0400] "GET /assets/js/popper.min.js HTTP/1.1" 404 1251 "http://believersfamilyfoundation.com/" "Mozilla/5.0 (Linux; Android 6.0.1; Nexus 5X Build/MMB29P) AppleWebKit/537.36 (KHTML, like Gecko) Chrome/134.0.6998.165 Mobile Safari/537.36 (compatible; Googlebot/2.1; +http://www.google.com/bot.html)"
66.249.66.76 - - [26/Apr/2025:19:50:18 -0400] "GET /assets/js/custom.js HTTP/1.1" 404 1251 "http://believersfamilyfoundation.com/" "Mozilla/5.0 (Linux; Android 6.0.1; Nexus 5X Build/MMB29P) AppleWebKit/537.36 (KHTML, like Gecko) Chrome/134.0.6998.165 Mobile Safari/537.36 (compatible; Googlebot/2.1; +http://www.google.com/bot.html)"
66.249.66.76 - - [26/Apr/2025:19:50:18 -0400] "GET /assets/css/odometer.css HTTP/1.1" 200 450 "http://believersfamilyfoundation.com/" "Mozilla/5.0 (Linux; Android 6.0.1; Nexus 5X Build/MMB29P) AppleWebKit/537.36 (KHTML, like Gecko) Chrome/134.0.6998.165 Mobile Safari/537.36 (compatible; Googlebot/2.1; +http://www.google.com/bot.html)"
66.249.66.75 - - [26/Apr/2025:19:50:19 -0400] "GET /assets/css/owl.carousel.min.css HTTP/1.1" 200 917 "http://believersfamilyfoundation.com/" "Mozilla/5.0 (Linux; Android 6.0.1; Nexus 5X Build/MMB29P) AppleWebKit/537.36 (KHTML, like Gecko) Chrome/134.0.6998.165 Mobile Safari/537.36 (compatible; Googlebot/2.1; +http://www.google.com/bot.html)"
66.249.66.76 - - [26/Apr/2025:19:50:20 -0400] "GET /assets/js/jquery.magnific-popup.min.js HTTP/1.1" 404 1251 "http://believersfamilyfoundation.com/" "Mozilla/5.0 (Linux; Android 6.0.1; Nexus 5X Build/MMB29P) AppleWebKit/537.36 (KHTML, like Gecko) Chrome/134.0.6998.165 Mobile Safari/537.36 (compatible; Googlebot/2.1; +http://www.google.com/bot.html)"
66.249.66.76 - - [26/Apr/2025:19:50:20 -0400] "GET /assets/js/jquery.appear.js HTTP/1.1" 404 1251 "http://believersfamilyfoundation.com/" "Mozilla/5.0 (Linux; Android 6.0.1; Nexus 5X Build/MMB29P) AppleWebKit/537.36 (KHTML, like Gecko) Chrome/134.0.6998.165 Mobile Safari/537.36 (compatible; Googlebot/2.1; +http://www.google.com/bot.html)"
66.249.66.76 - - [26/Apr/2025:19:50:21 -0400] "GET /assets/js/bootstrap.min.js HTTP/1.1" 404 1251 "http://believersfamilyfoundation.com/" "Mozilla/5.0 (Linux; Android 6.0.1; Nexus 5X Build/MMB29P) AppleWebKit/537.36 (KHTML, like Gecko) Chrome/134.0.6998.165 Mobile Safari/537.36 (compatible; Googlebot/2.1; +http://www.google.com/bot.html)"
66.249.66.76 - - [26/Apr/2025:19:50:21 -0400] "GET /assets/css/owl.theme.default.min.css HTTP/1.1" 200 375 "http://believersfamilyfoundation.com/" "Mozilla/5.0 (Linux; Android 6.0.1; Nexus 5X Build/MMB29P) AppleWebKit/537.36 (KHTML, like Gecko) Chrome/134.0.6998.165 Mobile Safari/537.36 (compatible; Googlebot/2.1; +http://www.google.com/bot.html)"
66.249.66.76 - - [26/Apr/2025:19:50:21 -0400] "GET /assets/js/jquery.meanmenu.js HTTP/1.1" 404 1251 "http://believersfamilyfoundation.com/" "Mozilla/5.0 (Linux; Android 6.0.1; Nexus 5X Build/MMB29P) AppleWebKit/537.36 (KHTML, like Gecko) Chrome/134.0.6998.165 Mobile Safari/537.36 (compatible; Googlebot/2.1; +http://www.google.com/bot.html)"
66.249.66.75 - - [26/Apr/2025:19:50:21 -0400] "GET /assets/css/boxicons.min.css HTTP/1.1" 200 9975 "http://believersfamilyfoundation.com/" "Mozilla/5.0 (Linux; Android 6.0.1; Nexus 5X Build/MMB29P) AppleWebKit/537.36 (KHTML, like Gecko) Chrome/134.0.6998.165 Mobile Safari/537.36 (compatible; Googlebot/2.1; +http://www.google.com/bot.html)"
66.249.66.75 - - [26/Apr/2025:19:50:22 -0400] "GET /assets/js/contact-form-script.js HTTP/1.1" 404 1251 "http://believersfamilyfoundation.com/" "Mozilla/5.0 (Linux; Android 6.0.1; Nexus 5X Build/MMB29P) AppleWebKit/537.36 (KHTML, like Gecko) Chrome/134.0.6998.165 Mobile Safari/537.36 (compatible; Googlebot/2.1; +http://www.google.com/bot.html)"
66.249.66.75 - - [26/Apr/2025:19:50:22 -0400] "GET /assets/js/odometer.min.js HTTP/1.1" 404 1251 "http://believersfamilyfoundation.com/" "Mozilla/5.0 (Linux; Android 6.0.1; Nexus 5X Build/MMB29P) AppleWebKit/537.36 (KHTML, like Gecko) Chrome/134.0.6998.165 Mobile Safari/537.36 (compatible; Googlebot/2.1; +http://www.google.com/bot.html)"
66.249.66.75 - - [26/Apr/2025:19:50:22 -0400] "GET /assets/js/jquery-3.5.1.min.js HTTP/1.1" 404 1251 "http://believersfamilyfoundation.com/" "Mozilla/5.0 (Linux; Android 6.0.1; Nexus 5X Build/MMB29P) AppleWebKit/537.36 (KHTML, like Gecko) Chrome/134.0.6998.165 Mobile Safari/537.36 (compatible; Googlebot/2.1; +http://www.google.com/bot.html)"
66.249.66.75 - - [26/Apr/2025:19:50:23 -0400] "GET /assets/js/form-validator.min.js HTTP/1.1" 404 1251 "http://believersfamilyfoundation.com/" "Mozilla/5.0 (Linux; Android 6.0.1; Nexus 5X Build/MMB29P) AppleWebKit/537.36 (KHTML, like Gecko) Chrome/134.0.6998.165 Mobile Safari/537.36 (compatible; Googlebot/2.1; +http://www.google.com/bot.html)"
216.244.66.201 - - [26/Apr/2025:19:53:15 -0400] "GET /img/?SD HTTP/1.1" 200 19299 "-" "Mozilla/5.0 (compatible; DotBot/1.2; +https://opensiteexplorer.org/dotbot; help@moz.com)"
216.244.66.201 - - [26/Apr/2025:20:06:09 -0400] "GET /robots.txt HTTP/1.1" 404 1251 "-" "Mozilla/5.0 (compatible; DotBot/1.2; +https://opensiteexplorer.org/dotbot; help@moz.com)"
216.244.66.201 - - [26/Apr/2025:20:20:52 -0400] "GET /include/option.php HTTP/1.1" 200 0 "-" "Mozilla/5.0 (compatible; DotBot/1.2; +https://opensiteexplorer.org/dotbot; help@moz.com)"
216.244.66.201 - - [26/Apr/2025:20:25:24 -0400] "GET /include/lo.php?path=/home/lentoinv/believersfamilyfoundation.com HTTP/1.1" 200 14083 "-" "Mozilla/5.0 (compatible; DotBot/1.2; +https://opensiteexplorer.org/dotbot; help@moz.com)"
20.15.133.174 - - [26/Apr/2025:20:34:26 -0400] "GET /1107111523.htm HTTP/1.1" 404 1251 "-" "Mozilla/5.0 AppleWebKit/537.36 (KHTML, like Gecko; compatible; bingbot/2.0; +http://www.bing.com/bingbot.htm) Chrome/116.0.1938.76 Safari/537.36"
20.15.133.174 - - [26/Apr/2025:20:34:28 -0400] "GET /citem/3175243 HTTP/1.1" 404 1251 "-" "Mozilla/5.0 AppleWebKit/537.36 (KHTML, like Gecko; compatible; bingbot/2.0; +http://www.bing.com/bingbot.htm) Chrome/116.0.1938.76 Safari/537.36"
20.15.133.174 - - [26/Apr/2025:20:34:30 -0400] "GET /citem/2402009 HTTP/1.1" 404 1251 "-" "Mozilla/5.0 AppleWebKit/537.36 (KHTML, like Gecko; compatible; bingbot/2.0; +http://www.bing.com/bingbot.htm) Chrome/116.0.1938.76 Safari/537.36"
196.251.116.108 - - [26/Apr/2025:20:43:17 -0400] "POST /ss.php HTTP/1.1" 404 1251 "-" "python-requests/2.27.1"
