Your IP : 216.73.216.93


Current Path : /home/lentoinv/access-logs/
Upload File :
Current File : //home/lentoinv/access-logs/getschooljobs.lentoria.site-ssl_log

66.249.70.32 - - [10/Jul/2025:08:00:48 -0400] "GET /?v=89895205031330&mod=73239bf6&uri=info.php%3Fid%3D3009771-172%26name%3Dde+23+kilos+dimensiones+equipaje+permitido+copa+airlines HTTP/1.1" 200 21587 "-" "Mozilla/5.0 (Linux; Android 6.0.1; Nexus 5X Build/MMB29P) AppleWebKit/537.36 (KHTML, like Gecko) Chrome/137.0.7151.103 Mobile Safari/537.36 (compatible; Googlebot/2.1; +http://www.google.com/bot.html)"
66.249.70.32 - - [10/Jul/2025:08:00:51 -0400] "GET /?v=72756800141330&mod=154a6018&uri=news.php%3Fid%3D2436067-217%26name%3Dunfriended+dvd+unfriended+dark+web+hd+online HTTP/1.1" 200 21423 "-" "Mozilla/5.0 (Linux; Android 6.0.1; Nexus 5X Build/MMB29P) AppleWebKit/537.36 (KHTML, like Gecko) Chrome/137.0.7151.103 Mobile Safari/537.36 (compatible; Googlebot/2.1; +http://www.google.com/bot.html)"
142.250.32.39 - - [10/Jul/2025:08:00:55 -0400] "GET /.well-known/traffic-advice HTTP/1.1" 302 771 "-" "Chrome Privacy Preserving Prefetch Proxy"
193.186.4.60 - - [10/Jul/2025:08:00:55 -0400] "GET /?v=33145381041330&mod=c59f8d81&uri=category-info.php%3Fid%3D1109891-854%26name%3Dbaby+swings+best+newborn+rocker+sleeper HTTP/1.1" 200 133 "https://www.google.com/" "Mozilla/5.0 (Windows NT 10.0; Win64; x64) AppleWebKit/537.36 (KHTML, like Gecko) Chrome/138.0.0.0 Safari/537.36"
66.249.70.33 - - [10/Jul/2025:08:01:07 -0400] "GET /?v=55236307111330&mod=d9976f1c&uri=itm.php%3Fid%3D1849355-202%26name%3Dskinny+jeans+best+amiri+jeans+replica HTTP/1.1" 200 21885 "-" "Mozilla/5.0 (Linux; Android 6.0.1; Nexus 5X Build/MMB29P) AppleWebKit/537.36 (KHTML, like Gecko) Chrome/137.0.7151.103 Mobile Safari/537.36 (compatible; Googlebot/2.1; +http://www.google.com/bot.html)"
66.249.70.32 - - [10/Jul/2025:08:01:21 -0400] "GET /?v=44126282031330&mod=6d84ed6d&uri=search.php%3Fid%3D1477412-335%26name%3Dslim+fit+jeans+black+distressed+jeans+mens+size+42 HTTP/1.1" 200 22464 "-" "Mozilla/5.0 (Linux; Android 6.0.1; Nexus 5X Build/MMB29P) AppleWebKit/537.36 (KHTML, like Gecko) Chrome/137.0.7151.103 Mobile Safari/537.36 (compatible; Googlebot/2.1; +http://www.google.com/bot.html)"
66.249.70.32 - - [10/Jul/2025:08:01:27 -0400] "GET /?v=68303309081330&mod=5c14de2d&uri=search.php%3Fid%3D2286981-525%26name%3Dcrossbody+bag+anello+10+pocket+shoulder+bag HTTP/1.1" 200 20906 "-" "Mozilla/5.0 (Linux; Android 6.0.1; Nexus 5X Build/MMB29P) AppleWebKit/537.36 (KHTML, like Gecko) Chrome/137.0.7151.103 Mobile Safari/537.36 (compatible; Googlebot/2.1; +http://www.google.com/bot.html)"
66.249.70.32 - - [10/Jul/2025:08:01:35 -0400] "GET /?v=71207810021330&mod=f599aac6&uri=blog.php%3Fid%3D2384199-272%26name%3Doxford+shoes+clarks+men%27s+gilman+lace HTTP/1.1" 200 20468 "-" "Mozilla/5.0 (Linux; Android 6.0.1; Nexus 5X Build/MMB29P) AppleWebKit/537.36 (KHTML, like Gecko) Chrome/137.0.7151.103 Mobile Safari/537.36 (compatible; Googlebot/2.1; +http://www.google.com/bot.html)"
66.249.70.32 - - [10/Jul/2025:08:01:36 -0400] "POST /get-message-notify HTTP/1.1" 404 1251 "https://www.getschooljobs.com/?v=68303309081330&mod=5c14de2d&uri=search.php%3Fid%3D2286981-525%26name%3Dcrossbody+bag+anello+10+pocket+shoulder+bag" "Mozilla/5.0 (Linux; Android 6.0.1; Nexus 5X Build/MMB29P) AppleWebKit/537.36 (KHTML, like Gecko) Chrome/137.0.7151.119 Mobile Safari/537.36 (compatible; Googlebot/2.1; +http://www.google.com/bot.html)"
66.249.70.32 - - [10/Jul/2025:08:01:43 -0400] "POST /get-message-notify HTTP/1.1" 404 1251 "https://www.getschooljobs.com/?v=71207810021330&mod=f599aac6&uri=blog.php%3Fid%3D2384199-272%26name%3Doxford+shoes+clarks+men%27s+gilman+lace" "Mozilla/5.0 (Linux; Android 6.0.1; Nexus 5X Build/MMB29P) AppleWebKit/537.36 (KHTML, like Gecko) Chrome/137.0.7151.119 Mobile Safari/537.36 (compatible; Googlebot/2.1; +http://www.google.com/bot.html)"
66.249.70.32 - - [10/Jul/2025:08:01:56 -0400] "GET /?v=66654271001330&mod=531a377c&uri=news.php%3Fid%3D2231775-599%26name%3Dnightdive+quake+1997 HTTP/1.1" 200 21772 "-" "Mozilla/5.0 (Linux; Android 6.0.1; Nexus 5X Build/MMB29P) AppleWebKit/537.36 (KHTML, like Gecko) Chrome/137.0.7151.103 Mobile Safari/537.36 (compatible; Googlebot/2.1; +http://www.google.com/bot.html)"
66.249.70.32 - - [10/Jul/2025:08:01:58 -0400] "GET /?v=88747590001330&mod=6d84ed6d&uri=shop.php%3Fid%3D2971355-335%26name%3Dstraight+jeans+stylish+jeans+for+mens+online HTTP/1.1" 200 20671 "-" "Mozilla/5.0 (Linux; Android 6.0.1; Nexus 5X Build/MMB29P) AppleWebKit/537.36 (KHTML, like Gecko) Chrome/137.0.7151.103 Mobile Safari/537.36 (compatible; Googlebot/2.1; +http://www.google.com/bot.html)"
66.249.70.32 - - [10/Jul/2025:08:02:06 -0400] "GET /?v=107872774051330&mod=744bd0b0&uri=info.php%3Fid%3D3611722-759%26name%3Dsneakers+stockx+50+off+seller+fees HTTP/1.1" 200 22076 "-" "Mozilla/5.0 (Linux; Android 6.0.1; Nexus 5X Build/MMB29P) AppleWebKit/537.36 (KHTML, like Gecko) Chrome/137.0.7151.103 Mobile Safari/537.36 (compatible; Googlebot/2.1; +http://www.google.com/bot.html)"
66.249.70.32 - - [10/Jul/2025:08:02:18 -0400] "POST /get-message-notify HTTP/1.1" 404 1251 "https://www.getschooljobs.com/?v=107872774051330&mod=744bd0b0&uri=info.php%3Fid%3D3611722-759%26name%3Dsneakers+stockx+50+off+seller+fees" "Mozilla/5.0 (Linux; Android 6.0.1; Nexus 5X Build/MMB29P) AppleWebKit/537.36 (KHTML, like Gecko) Chrome/137.0.7151.119 Mobile Safari/537.36 (compatible; Googlebot/2.1; +http://www.google.com/bot.html)"
66.249.70.32 - - [10/Jul/2025:08:02:24 -0400] "GET /?v=88579243091330&mod=27934a1f&uri=search.php%3Fid%3D2965722-66%26name%3Dgroegg+shell+gro+egg+monkey HTTP/1.1" 200 21919 "-" "Mozilla/5.0 (compatible; Googlebot/2.1; +http://www.google.com/bot.html)"
66.249.70.32 - - [10/Jul/2025:08:02:30 -0400] "GET /?v=102464179141330&mod=662e4e27&uri=brands.php%3Fid%3D3430671-795%26name%3Dclothes+drying+sweater+dryers+stackable HTTP/1.1" 200 21567 "-" "Mozilla/5.0 (Linux; Android 6.0.1; Nexus 5X Build/MMB29P) AppleWebKit/537.36 (KHTML, like Gecko) Chrome/137.0.7151.103 Mobile Safari/537.36 (compatible; Googlebot/2.1; +http://www.google.com/bot.html)"
162.120.188.247 - - [10/Jul/2025:08:02:33 -0400] "GET /?v=33145381041330&mod=c59f8d81&uri=category-info.php%3Fid%3D1109891-854%26name%3Dbaby+swings+best+newborn+rocker+sleeper HTTP/1.1" 200 133 "https://www.google.com/" "Mozilla/5.0 (Windows NT 10.0; Win64; x64) AppleWebKit/537.36 (KHTML, like Gecko) Chrome/138.0.0.0 Safari/537.36"
66.249.70.32 - - [10/Jul/2025:08:02:34 -0400] "POST /get-message-notify HTTP/1.1" 404 1251 "https://www.getschooljobs.com/?v=102464179141330&mod=662e4e27&uri=brands.php%3Fid%3D3430671-795%26name%3Dclothes+drying+sweater+dryers+stackable" "Mozilla/5.0 (Linux; Android 6.0.1; Nexus 5X Build/MMB29P) AppleWebKit/537.36 (KHTML, like Gecko) Chrome/137.0.7151.119 Mobile Safari/537.36 (compatible; Googlebot/2.1; +http://www.google.com/bot.html)"
66.249.70.32 - - [10/Jul/2025:08:02:41 -0400] "GET /?v=35314004021330&mod=298f5874&uri=news.php%3Fid%3D1182533-39%26name%3Dnotification+icons+samsung+galaxy+watch+active+icons+meaning HTTP/1.1" 200 21626 "-" "Mozilla/5.0 (compatible; Googlebot/2.1; +http://www.google.com/bot.html)"
66.249.70.32 - - [10/Jul/2025:08:02:44 -0400] "GET /?v=38514880001330&mod=dd397459&uri=category-info.php%3Fid%3D1289653-286%26name%3Dsuunto+app+suunto+plus HTTP/1.1" 200 21666 "-" "Mozilla/5.0 (Linux; Android 6.0.1; Nexus 5X Build/MMB29P) AppleWebKit/537.36 (KHTML, like Gecko) Chrome/137.0.7151.103 Mobile Safari/537.36 (compatible; Googlebot/2.1; +http://www.google.com/bot.html)"
66.249.70.34 - - [10/Jul/2025:08:03:01 -0400] "POST /get-message-notify HTTP/1.1" 404 1251 "https://www.getschooljobs.com/?v=38514880001330&mod=dd397459&uri=category-info.php%3Fid%3D1289653-286%26name%3Dsuunto+app+suunto+plus" "Mozilla/5.0 (Linux; Android 6.0.1; Nexus 5X Build/MMB29P) AppleWebKit/537.36 (KHTML, like Gecko) Chrome/137.0.7151.119 Mobile Safari/537.36 (compatible; Googlebot/2.1; +http://www.google.com/bot.html)"
66.249.70.33 - - [10/Jul/2025:08:03:07 -0400] "GET /?v=88902080041330&mod=f812d76f&uri=pin.php%3Fid%3D2976520-429%26name%3Drec%C3%A9m+nascido+sapatinho+de+beb%C3%83%C2%AA+new+comfort HTTP/1.1" 200 22341 "-" "Mozilla/5.0 (Linux; Android 6.0.1; Nexus 5X Build/MMB29P) AppleWebKit/537.36 (KHTML, like Gecko) Chrome/137.0.7151.103 Mobile Safari/537.36 (compatible; Googlebot/2.1; +http://www.google.com/bot.html)"
66.249.70.32 - - [10/Jul/2025:08:03:13 -0400] "GET /?v=88902290111330&mod=1cd65643&uri=goods.php%3Fid%3D2976527-508%26name%3Ddays+hebdomas+orologi HTTP/1.1" 200 21433 "-" "Mozilla/5.0 (Linux; Android 6.0.1; Nexus 5X Build/MMB29P) AppleWebKit/537.36 (KHTML, like Gecko) Chrome/137.0.7151.103 Mobile Safari/537.36 (compatible; Googlebot/2.1; +http://www.google.com/bot.html)"
66.249.70.32 - - [10/Jul/2025:08:03:25 -0400] "GET /?v=70550222031330&mod=4b8d5e5e&uri=goods.php%3Fid%3D2362172-223%26name%3Dgalaxy+black+xbox+series+x+limited+edition+console HTTP/1.1" 200 21730 "-" "Mozilla/5.0 (Linux; Android 6.0.1; Nexus 5X Build/MMB29P) AppleWebKit/537.36 (KHTML, like Gecko) Chrome/137.0.7151.103 Mobile Safari/537.36 (compatible; Googlebot/2.1; +http://www.google.com/bot.html)"
66.249.70.32 - - [10/Jul/2025:08:03:32 -0400] "GET /?v=70783635031330&mod=25766f01&uri=pin.php%3Fid%3D2369978-29%26name%3Dsepeda+polygon+fullsus+2021 HTTP/1.1" 200 21322 "-" "Mozilla/5.0 (Linux; Android 6.0.1; Nexus 5X Build/MMB29P) AppleWebKit/537.36 (KHTML, like Gecko) Chrome/137.0.7151.103 Mobile Safari/537.36 (compatible; Googlebot/2.1; +http://www.google.com/bot.html)"
66.249.70.32 - - [10/Jul/2025:08:03:47 -0400] "GET /?v=24416632011330&mod=d9d3837e&uri=info.php%3Fid%3D817640-77%26name%3Dusb+cable+sony+a600+charger HTTP/1.1" 200 22367 "-" "Mozilla/5.0 (Linux; Android 6.0.1; Nexus 5X Build/MMB29P) AppleWebKit/537.36 (KHTML, like Gecko) Chrome/137.0.7151.103 Mobile Safari/537.36 (compatible; Googlebot/2.1; +http://www.google.com/bot.html)"
66.249.70.32 - - [10/Jul/2025:08:03:53 -0400] "GET /?v=9023916001330&mod=f88c38d9&uri=itm.php%3Fid%3D302111-269%26name%3Dshoe+heel+caps+for+boots HTTP/1.1" 200 21358 "-" "Mozilla/5.0 (Linux; Android 6.0.1; Nexus 5X Build/MMB29P) AppleWebKit/537.36 (KHTML, like Gecko) Chrome/137.0.7151.103 Mobile Safari/537.36 (compatible; Googlebot/2.1; +http://www.google.com/bot.html)"
66.249.70.32 - - [10/Jul/2025:08:03:58 -0400] "POST /get-message-notify HTTP/1.1" 404 1251 "https://www.getschooljobs.com/?v=9023916001330&mod=f88c38d9&uri=itm.php%3Fid%3D302111-269%26name%3Dshoe+heel+caps+for+boots" "Mozilla/5.0 (Linux; Android 6.0.1; Nexus 5X Build/MMB29P) AppleWebKit/537.36 (KHTML, like Gecko) Chrome/137.0.7151.119 Mobile Safari/537.36 (compatible; Googlebot/2.1; +http://www.google.com/bot.html)"
66.249.70.32 - - [10/Jul/2025:08:03:58 -0400] "GET /?v=109709881061330&mod=e0f7a4d0&uri=blog.php%3Fid%3D3673203-22%26name%3Dresin+art+paint+pens+for+epoxy+resin HTTP/1.1" 200 21912 "-" "Mozilla/5.0 (Linux; Android 6.0.1; Nexus 5X Build/MMB29P) AppleWebKit/537.36 (KHTML, like Gecko) Chrome/137.0.7151.103 Mobile Safari/537.36 (compatible; Googlebot/2.1; +http://www.google.com/bot.html)"
66.249.70.32 - - [10/Jul/2025:08:04:01 -0400] "POST /get-message-notify HTTP/1.1" 404 1251 "https://www.getschooljobs.com/?v=70783635031330&mod=25766f01&uri=pin.php%3Fid%3D2369978-29%26name%3Dsepeda+polygon+fullsus+2021" "Mozilla/5.0 (Linux; Android 6.0.1; Nexus 5X Build/MMB29P) AppleWebKit/537.36 (KHTML, like Gecko) Chrome/137.0.7151.119 Mobile Safari/537.36 (compatible; Googlebot/2.1; +http://www.google.com/bot.html)"
66.249.70.32 - - [10/Jul/2025:08:04:05 -0400] "GET /?v=30089238011330&mod=0fe392f8&uri=news.php%3Fid%3D1007570-739%26name%3Damiibo+figures+nintendo+3ds+xl+amiibo HTTP/1.1" 200 22576 "-" "Mozilla/5.0 (Linux; Android 6.0.1; Nexus 5X Build/MMB29P) AppleWebKit/537.36 (KHTML, like Gecko) Chrome/137.0.7151.103 Mobile Safari/537.36 (compatible; Googlebot/2.1; +http://www.google.com/bot.html)"
66.249.70.32 - - [10/Jul/2025:08:04:07 -0400] "GET /favicon.ico HTTP/1.1" 404 1251 "https://www.getschooljobs.com/?v=35314004021330&mod=298f5874&uri=news.php%3Fid%3D1182533-39%26name%3Dnotification+icons+samsung+galaxy+watch+active+icons+meaning" "Mozilla/5.0 (compatible; Googlebot/2.1; +http://www.google.com/bot.html)"
66.249.70.32 - - [10/Jul/2025:08:04:11 -0400] "GET /?v=35314004021330&mod=298f5874&uri=news.php%3Fid%3D1182533-39%26name%3Dnotification+icons+samsung+galaxy+watch+active+icons+meaning HTTP/1.1" 200 21603 "-" "Mozilla/5.0 (compatible; Googlebot/2.1; +http://www.google.com/bot.html)"
176.249.124.146 - - [10/Jul/2025:08:04:17 -0400] "GET /?v=13656123031330&mod=907353ea&uri=products.php%3Fid%3D457202-374%26name%3Dpolice+car+argos+electric+police+bike HTTP/1.1" 200 133 "https://www.google.com/url?q=https://www.getschooljobs.com/%3Fv%3D13656123031330%26mod%3D907353ea%26uri%3Dproducts.php%253Fid%253D457202-374%2526name%253Dpolice%2Bcar%2Bargos%2Belectric%2Bpolice%2Bbike&sa=U&ved=2ahUKEwjLtcHtn7KOAxUDRUEAHXmhPbwQuAJ6BAgbEAE&usg=AOvVaw2Tsq6M7hrkUOmbzxq9jc2h" "Mozilla/5.0 (iPhone; CPU iPhone OS 18_4_1 like Mac OS X) AppleWebKit/605.1.15 (KHTML, like Gecko) GSA/368.0.756386193 Mobile/15E148 Safari/604.1"
66.249.70.32 - - [10/Jul/2025:08:04:43 -0400] "GET /?v=33506945041330&mod=e6dbc8ad&uri=dp.php%3Fid%3D1121999-184%26name%3Dmelamine+dinner+most+popular+dinner+plates HTTP/1.1" 200 21361 "-" "Mozilla/5.0 (Linux; Android 6.0.1; Nexus 5X Build/MMB29P) AppleWebKit/537.36 (KHTML, like Gecko) Chrome/137.0.7151.103 Mobile Safari/537.36 (compatible; Googlebot/2.1; +http://www.google.com/bot.html)"
66.249.70.34 - - [10/Jul/2025:08:05:08 -0400] "GET /?v=73256222081330&mod=cf9113ad&uri=dp.php%3Fid%3D2452806-493%26name%3Dabu+dhabi+vr+it+hub HTTP/1.1" 200 21172 "-" "Mozilla/5.0 (Linux; Android 6.0.1; Nexus 5X Build/MMB29P) AppleWebKit/537.36 (KHTML, like Gecko) Chrome/137.0.7151.103 Mobile Safari/537.36 (compatible; Googlebot/2.1; +http://www.google.com/bot.html)"
66.249.70.34 - - [10/Jul/2025:08:05:09 -0400] "GET /?v=45001658111330&mod=cb3a8b6a&uri=news.php%3Fid%3D1506731-1065%26name%3Dbiker+jacket+karakul+jacket HTTP/1.1" 200 21561 "-" "Mozilla/5.0 (Linux; Android 6.0.1; Nexus 5X Build/MMB29P) AppleWebKit/537.36 (KHTML, like Gecko) Chrome/137.0.7151.103 Mobile Safari/537.36 (compatible; Googlebot/2.1; +http://www.google.com/bot.html)"
66.249.70.34 - - [10/Jul/2025:08:05:12 -0400] "POST /get-message-notify HTTP/1.1" 404 1251 "https://www.getschooljobs.com/?v=45001658111330&mod=cb3a8b6a&uri=news.php%3Fid%3D1506731-1065%26name%3Dbiker+jacket+karakul+jacket" "Mozilla/5.0 (Linux; Android 6.0.1; Nexus 5X Build/MMB29P) AppleWebKit/537.36 (KHTML, like Gecko) Chrome/137.0.7151.119 Mobile Safari/537.36 (compatible; Googlebot/2.1; +http://www.google.com/bot.html)"
66.249.70.32 - - [10/Jul/2025:08:05:22 -0400] "GET /?v=71091222041330&mod=5aa280f5&uri=form.php%3Fid%3D2380303-465%26name%3Dbike+keychain+buy+car+keychain HTTP/1.1" 200 22620 "-" "Mozilla/5.0 (Linux; Android 6.0.1; Nexus 5X Build/MMB29P) AppleWebKit/537.36 (KHTML, like Gecko) Chrome/137.0.7151.103 Mobile Safari/537.36 (compatible; Googlebot/2.1; +http://www.google.com/bot.html)"
66.249.70.33 - - [10/Jul/2025:08:05:26 -0400] "GET /?v=27431777081330&mod=d4a06827&uri=goods.php%3Fid%3D918595-1450%26name%3Doversized+hm+sweatshirt HTTP/1.1" 200 20815 "-" "Mozilla/5.0 (Linux; Android 6.0.1; Nexus 5X Build/MMB29P) AppleWebKit/537.36 (KHTML, like Gecko) Chrome/137.0.7151.103 Mobile Safari/537.36 (compatible; Googlebot/2.1; +http://www.google.com/bot.html)"
66.249.70.32 - - [10/Jul/2025:08:05:38 -0400] "GET /?v=72292960091330&mod=16396618&uri=article.php%3Fid%3D2420541-502%26name%3Dpoltrona+gaming+sedia+da+ufficio+unieuro HTTP/1.1" 200 21479 "-" "Mozilla/5.0 (Linux; Android 6.0.1; Nexus 5X Build/MMB29P) AppleWebKit/537.36 (KHTML, like Gecko) Chrome/137.0.7151.103 Mobile Safari/537.36 (compatible; Googlebot/2.1; +http://www.google.com/bot.html)"
66.249.70.32 - - [10/Jul/2025:08:05:51 -0400] "GET /?v=89892629041330&mod=7aa7b774&uri=info.php%3Fid%3D3009685-81%26name%3Dwarriors+2k20+hardwood+classics HTTP/1.1" 200 21255 "-" "Mozilla/5.0 (Linux; Android 6.0.1; Nexus 5X Build/MMB29P) AppleWebKit/537.36 (KHTML, like Gecko) Chrome/137.0.7151.103 Mobile Safari/537.36 (compatible; Googlebot/2.1; +http://www.google.com/bot.html)"
66.249.70.32 - - [10/Jul/2025:08:05:53 -0400] "GET /?v=102357925021330&mod=afac0bdc&uri=article.php%3Fid%3D3427118-169%26name%3Ddisfraces+ropa+de+los+70+80+90 HTTP/1.1" 200 21880 "-" "Mozilla/5.0 (Linux; Android 6.0.1; Nexus 5X Build/MMB29P) AppleWebKit/537.36 (KHTML, like Gecko) Chrome/137.0.7151.103 Mobile Safari/537.36 (compatible; Googlebot/2.1; +http://www.google.com/bot.html)"
66.249.70.33 - - [10/Jul/2025:08:06:01 -0400] "GET /?v=118463032031330&mod=49d7b1d4&uri=form.php%3Fid%3D3966268-651%26name%3Dzapatos+kyrie+irving+low HTTP/1.1" 200 20425 "-" "Mozilla/5.0 (Linux; Android 6.0.1; Nexus 5X Build/MMB29P) AppleWebKit/537.36 (KHTML, like Gecko) Chrome/137.0.7151.103 Mobile Safari/537.36 (compatible; Googlebot/2.1; +http://www.google.com/bot.html)"
66.249.70.33 - - [10/Jul/2025:08:06:19 -0400] "GET /?v=43627263051330&mod=6e7f6c38&uri=shared.php%3Fid%3D1460700-136%26name%3Dmwm+1005+home+gym+marcy+150 HTTP/1.1" 200 21973 "-" "Mozilla/5.0 (Linux; Android 6.0.1; Nexus 5X Build/MMB29P) AppleWebKit/537.36 (KHTML, like Gecko) Chrome/137.0.7151.103 Mobile Safari/537.36 (compatible; Googlebot/2.1; +http://www.google.com/bot.html)"
66.249.70.32 - - [10/Jul/2025:08:06:27 -0400] "GET /?v=25783641101330&mod=f7692655&uri=product.php%3Fid%3D863392-241%26name%3Dheels+pumps+schwarz+lackleder HTTP/1.1" 200 21698 "-" "Mozilla/5.0 (Linux; Android 6.0.1; Nexus 5X Build/MMB29P) AppleWebKit/537.36 (KHTML, like Gecko) Chrome/137.0.7151.103 Mobile Safari/537.36 (compatible; Googlebot/2.1; +http://www.google.com/bot.html)"
52.190.190.16 - - [10/Jul/2025:08:06:32 -0400] "GET /?mod=d13d560f&uri=news.php?id%3D3123282-442%26name%3Dborewell+submersible+motor+supreme+submersible+pump+price&v=93286140071330 HTTP/1.1" 200 4655 "-" "Mozilla/5.0 AppleWebKit/537.36 (KHTML, like Gecko); compatible; ChatGPT-User/1.0; +https://openai.com/bot"
66.249.70.32 - - [10/Jul/2025:08:06:39 -0400] "GET /?v=85104584001330&mod=33574f6e&uri=search.php%3Fid%3D2849417-994%26name%3Doperacion+lente+lentillas+intraoculares+precio HTTP/1.1" 200 21589 "-" "Mozilla/5.0 (Linux; Android 6.0.1; Nexus 5X Build/MMB29P) AppleWebKit/537.36 (KHTML, like Gecko) Chrome/137.0.7151.103 Mobile Safari/537.36 (compatible; Googlebot/2.1; +http://www.google.com/bot.html)"
66.249.70.32 - - [10/Jul/2025:08:06:40 -0400] "GET /?v=102336179041330&mod=25766f01&uri=pin.php%3Fid%3D3426391-29%26name%3Dsemi+integrated+canyon+aeroad+internal+cable+routing HTTP/1.1" 200 21960 "-" "Mozilla/5.0 (Linux; Android 6.0.1; Nexus 5X Build/MMB29P) AppleWebKit/537.36 (KHTML, like Gecko) Chrome/137.0.7151.103 Mobile Safari/537.36 (compatible; Googlebot/2.1; +http://www.google.com/bot.html)"
66.249.70.32 - - [10/Jul/2025:08:06:47 -0400] "GET /?v=33358645071330&mod=7c8b8059&uri=category-info.php%3Fid%3D1117028-1066%26name%3Dvintage+coach+styles HTTP/1.1" 200 21186 "-" "Mozilla/5.0 (Linux; Android 6.0.1; Nexus 5X Build/MMB29P) AppleWebKit/537.36 (KHTML, like Gecko) Chrome/137.0.7151.103 Mobile Safari/537.36 (compatible; Googlebot/2.1; +http://www.google.com/bot.html)"
66.249.70.32 - - [10/Jul/2025:08:06:47 -0400] "GET /?v=44470482141330&mod=18de4beb&uri=products.php%3Fid%3D1488955-79%26name%3Dbass+fishing+rigging+a+paddle+tail HTTP/1.1" 200 21913 "-" "Mozilla/5.0 (Linux; Android 6.0.1; Nexus 5X Build/MMB29P) AppleWebKit/537.36 (KHTML, like Gecko) Chrome/137.0.7151.103 Mobile Safari/537.36 (compatible; Googlebot/2.1; +http://www.google.com/bot.html)"
66.249.70.32 - - [10/Jul/2025:08:06:48 -0400] "POST /get-message-notify HTTP/1.1" 404 1251 "https://www.getschooljobs.com/?v=85104584001330&mod=33574f6e&uri=search.php%3Fid%3D2849417-994%26name%3Doperacion+lente+lentillas+intraoculares+precio" "Mozilla/5.0 (Linux; Android 6.0.1; Nexus 5X Build/MMB29P) AppleWebKit/537.36 (KHTML, like Gecko) Chrome/137.0.7151.119 Mobile Safari/537.36 (compatible; Googlebot/2.1; +http://www.google.com/bot.html)"
66.249.70.32 - - [10/Jul/2025:08:06:51 -0400] "POST /get-message-notify HTTP/1.1" 404 1251 "https://www.getschooljobs.com/?v=44470482141330&mod=18de4beb&uri=products.php%3Fid%3D1488955-79%26name%3Dbass+fishing+rigging+a+paddle+tail" "Mozilla/5.0 (Linux; Android 6.0.1; Nexus 5X Build/MMB29P) AppleWebKit/537.36 (KHTML, like Gecko) Chrome/137.0.7151.119 Mobile Safari/537.36 (compatible; Googlebot/2.1; +http://www.google.com/bot.html)"
66.249.70.32 - - [10/Jul/2025:08:06:59 -0400] "GET /?v=102390229121330&mod=07f2d8db&uri=products.php%3Fid%3D3428198-381%26name%3Dchaussure+basket+femme+adidas+cloudfoam HTTP/1.1" 200 20451 "-" "Mozilla/5.0 (Linux; Android 6.0.1; Nexus 5X Build/MMB29P) AppleWebKit/537.36 (KHTML, like Gecko) Chrome/137.0.7151.103 Mobile Safari/537.36 (compatible; Googlebot/2.1; +http://www.google.com/bot.html)"
177.4.107.30 - - [10/Jul/2025:08:07:01 -0400] "GET /?v=85025946041330&mod=4297ef5f&uri=us.php%3Fid%3D2846777-306%26name%3Despor%C3%A3o+tenis+modare+conforto HTTP/1.1" 200 133 "https://www.google.com/" "Mozilla/5.0 (Linux; Android 10; K) AppleWebKit/537.36 (KHTML, like Gecko) Chrome/138.0.0.0 Mobile Safari/537.36"
66.249.70.32 - - [10/Jul/2025:08:07:07 -0400] "GET /?v=116699364001330&mod=cf9113ad&uri=dp.php%3Fid%3D3907181-493%26name%3Dgift+card+beat+sabre+cost HTTP/1.1" 200 22075 "-" "Mozilla/5.0 (Linux; Android 6.0.1; Nexus 5X Build/MMB29P) AppleWebKit/537.36 (KHTML, like Gecko) Chrome/137.0.7151.103 Mobile Safari/537.36 (compatible; Googlebot/2.1; +http://www.google.com/bot.html)"
66.249.70.32 - - [10/Jul/2025:08:07:08 -0400] "GET /?v=89390231031330&mod=ac42634b&uri=info.php%3Fid%3D2992856-356%26name%3Dair+conditioners+just+right+heating+and+cooling HTTP/1.1" 200 21803 "-" "Mozilla/5.0 (Linux; Android 6.0.1; Nexus 5X Build/MMB29P) AppleWebKit/537.36 (KHTML, like Gecko) Chrome/137.0.7151.103 Mobile Safari/537.36 (compatible; Googlebot/2.1; +http://www.google.com/bot.html)"
66.249.70.32 - - [10/Jul/2025:08:07:31 -0400] "GET /?v=32686516041330&mod=077efd55&uri=category-info.php%3Fid%3D1094523-216%26name%3Dmsi+stealth+msi+gs65+thin+i7+gtx+1660+ti HTTP/1.1" 200 22371 "-" "Mozilla/5.0 (Linux; Android 6.0.1; Nexus 5X Build/MMB29P) AppleWebKit/537.36 (KHTML, like Gecko) Chrome/137.0.7151.103 Mobile Safari/537.36 (compatible; Googlebot/2.1; +http://www.google.com/bot.html)"
66.249.70.32 - - [10/Jul/2025:08:07:38 -0400] "GET /?v=98635663021330&mod=032d9c7d&uri=article.php%3Fid%3D3302457-116%26name%3Dlenovo+thinkcentre+m79+motherboard HTTP/1.1" 200 22075 "-" "Mozilla/5.0 (Linux; Android 6.0.1; Nexus 5X Build/MMB29P) AppleWebKit/537.36 (KHTML, like Gecko) Chrome/137.0.7151.103 Mobile Safari/537.36 (compatible; Googlebot/2.1; +http://www.google.com/bot.html)"
66.249.70.32 - - [10/Jul/2025:08:07:41 -0400] "POST /get-message-notify HTTP/1.1" 404 1251 "https://www.getschooljobs.com/?v=98635663021330&mod=032d9c7d&uri=article.php%3Fid%3D3302457-116%26name%3Dlenovo+thinkcentre+m79+motherboard" "Mozilla/5.0 (Linux; Android 6.0.1; Nexus 5X Build/MMB29P) AppleWebKit/537.36 (KHTML, like Gecko) Chrome/137.0.7151.119 Mobile Safari/537.36 (compatible; Googlebot/2.1; +http://www.google.com/bot.html)"
185.81.125.60 - - [10/Jul/2025:08:07:45 -0400] "GET /?v=95536751031330&mod=3de84432&uri=shared.php?id=3198663-1340&name=sandales+brenda+les+tropeziennes HTTP/1.1" 200 4655 "-" "Mozilla/5.0 (Linux; Android 10; K) AppleWebKit/537.36 (KHTML, like Gecko) Chrome/137.0.0.0 Mobile Safari/537.36"
185.81.125.60 - - [10/Jul/2025:08:07:46 -0400] "GET /assets/bootstrap.min.css HTTP/1.1" 200 28266 "https://www.getschooljobs.com/?v=95536751031330&mod=3de84432&uri=shared.php?id=3198663-1340&name=sandales+brenda+les+tropeziennes" "Mozilla/5.0 (Linux; Android 10; K) AppleWebKit/537.36 (KHTML, like Gecko) Chrome/137.0.0.0 Mobile Safari/537.36"
185.81.125.60 - - [10/Jul/2025:08:07:46 -0400] "GET /assets/main.css HTTP/1.1" 200 7933 "https://www.getschooljobs.com/?v=95536751031330&mod=3de84432&uri=shared.php?id=3198663-1340&name=sandales+brenda+les+tropeziennes" "Mozilla/5.0 (Linux; Android 10; K) AppleWebKit/537.36 (KHTML, like Gecko) Chrome/137.0.0.0 Mobile Safari/537.36"
185.81.125.60 - - [10/Jul/2025:08:07:46 -0400] "GET /assets/swiper-bundle.min.css HTTP/1.1" 200 4499 "https://www.getschooljobs.com/?v=95536751031330&mod=3de84432&uri=shared.php?id=3198663-1340&name=sandales+brenda+les+tropeziennes" "Mozilla/5.0 (Linux; Android 10; K) AppleWebKit/537.36 (KHTML, like Gecko) Chrome/137.0.0.0 Mobile Safari/537.36"
185.81.125.60 - - [10/Jul/2025:08:07:46 -0400] "GET /assets/img/schooljob.png HTTP/1.1" 200 51241 "https://www.getschooljobs.com/?v=95536751031330&mod=3de84432&uri=shared.php?id=3198663-1340&name=sandales+brenda+les+tropeziennes" "Mozilla/5.0 (Linux; Android 10; K) AppleWebKit/537.36 (KHTML, like Gecko) Chrome/137.0.0.0 Mobile Safari/537.36"
185.81.125.60 - - [10/Jul/2025:08:07:46 -0400] "GET /assets/img/about-21.webp HTTP/1.1" 200 78192 "https://www.getschooljobs.com/?v=95536751031330&mod=3de84432&uri=shared.php?id=3198663-1340&name=sandales+brenda+les+tropeziennes" "Mozilla/5.0 (Linux; Android 10; K) AppleWebKit/537.36 (KHTML, like Gecko) Chrome/137.0.0.0 Mobile Safari/537.36"
185.81.125.60 - - [10/Jul/2025:08:07:46 -0400] "GET /assets/purecounter_vanilla.js HTTP/1.1" 200 2229 "https://www.getschooljobs.com/?v=95536751031330&mod=3de84432&uri=shared.php?id=3198663-1340&name=sandales+brenda+les+tropeziennes" "Mozilla/5.0 (Linux; Android 10; K) AppleWebKit/537.36 (KHTML, like Gecko) Chrome/137.0.0.0 Mobile Safari/537.36"
185.81.125.60 - - [10/Jul/2025:08:07:46 -0400] "GET /assets/bootstrap.bundle.min.js HTTP/1.1" 200 22944 "https://www.getschooljobs.com/?v=95536751031330&mod=3de84432&uri=shared.php?id=3198663-1340&name=sandales+brenda+les+tropeziennes" "Mozilla/5.0 (Linux; Android 10; K) AppleWebKit/537.36 (KHTML, like Gecko) Chrome/137.0.0.0 Mobile Safari/537.36"
185.81.125.60 - - [10/Jul/2025:08:07:46 -0400] "GET /assets/swiper-bundle.min.js HTTP/1.1" 200 41186 "https://www.getschooljobs.com/?v=95536751031330&mod=3de84432&uri=shared.php?id=3198663-1340&name=sandales+brenda+les+tropeziennes" "Mozilla/5.0 (Linux; Android 10; K) AppleWebKit/537.36 (KHTML, like Gecko) Chrome/137.0.0.0 Mobile Safari/537.36"
185.81.125.60 - - [10/Jul/2025:08:07:46 -0400] "GET /assets/main.js HTTP/1.1" 200 1456 "https://www.getschooljobs.com/?v=95536751031330&mod=3de84432&uri=shared.php?id=3198663-1340&name=sandales+brenda+les+tropeziennes" "Mozilla/5.0 (Linux; Android 10; K) AppleWebKit/537.36 (KHTML, like Gecko) Chrome/137.0.0.0 Mobile Safari/537.36"
20.171.53.228 - - [10/Jul/2025:08:07:46 -0400] "GET /?mod=d13d560f&uri=news.php%3Fid%3D3123282-442%26name%3Dborewell+submersible+motor+supreme+submersible+pump+price&v=93286140071330 HTTP/1.1" 200 4656 "-" "Mozilla/5.0 (Macintosh; Intel Mac OS X 10_15_7) AppleWebKit/537.36 (KHTML, like Gecko) Chrome/131.0.0.0 Safari/537.36; compatible; OAI-SearchBot/1.0; +https://openai.com/searchbot"
185.81.125.60 - - [10/Jul/2025:08:07:47 -0400] "GET /assets/img/favicon.png HTTP/1.1" 200 1369 "https://www.getschooljobs.com/?v=95536751031330&mod=3de84432&uri=shared.php?id=3198663-1340&name=sandales+brenda+les+tropeziennes" "Mozilla/5.0 (Linux; Android 10; K) AppleWebKit/537.36 (KHTML, like Gecko) Chrome/137.0.0.0 Mobile Safari/537.36"
103.111.39.120 - - [10/Jul/2025:08:07:47 -0400] "GET /?v=33145381041330&mod=c59f8d81&uri=category-info.php%3Fid%3D1109891-854%26name%3Dbaby+swings+best+newborn+rocker+sleeper HTTP/1.1" 200 133 "https://www.google.com/" "Mozilla/5.0 (Windows NT 10.0; Win64; x64) AppleWebKit/537.36 (KHTML, like Gecko) Chrome/138.0.0.0 Safari/537.36"
185.81.125.60 - - [10/Jul/2025:08:07:47 -0400] "GET /apple-touch-icon.png HTTP/1.1" 404 1251 "-" "DuckDuckGo/5 (com.duckduckgo.mobile.android; Android API 31)"
185.81.125.60 - - [10/Jul/2025:08:07:47 -0400] "GET /favicon.ico HTTP/1.1" 404 1251 "-" "DuckDuckGo/5 (com.duckduckgo.mobile.android; Android API 31)"
66.249.70.32 - - [10/Jul/2025:08:07:50 -0400] "GET /?v=52517012041330&mod=a2154298&uri=news.php%3Fid%3D1758253-221%26name%3Drose+gold+tommy+hilfiger+mesh+strap+watch HTTP/1.1" 200 22529 "-" "Mozilla/5.0 (Linux; Android 6.0.1; Nexus 5X Build/MMB29P) AppleWebKit/537.36 (KHTML, like Gecko) Chrome/137.0.7151.103 Mobile Safari/537.36 (compatible; Googlebot/2.1; +http://www.google.com/bot.html)"
66.249.70.32 - - [10/Jul/2025:08:07:57 -0400] "GET /?v=67067818021330&mod=66480bd2&uri=itm.php%3Fid%3D2245617-890%26name%3Dequafleece+jumper+equafleece+ltd HTTP/1.1" 200 20315 "-" "Mozilla/5.0 (Linux; Android 6.0.1; Nexus 5X Build/MMB29P) AppleWebKit/537.36 (KHTML, like Gecko) Chrome/137.0.7151.103 Mobile Safari/537.36 (compatible; Googlebot/2.1; +http://www.google.com/bot.html)"
66.249.70.32 - - [10/Jul/2025:08:08:01 -0400] "POST /get-message-notify HTTP/1.1" 404 1251 "https://www.getschooljobs.com/?v=67067818021330&mod=66480bd2&uri=itm.php%3Fid%3D2245617-890%26name%3Dequafleece+jumper+equafleece+ltd" "Mozilla/5.0 (Linux; Android 6.0.1; Nexus 5X Build/MMB29P) AppleWebKit/537.36 (KHTML, like Gecko) Chrome/137.0.7151.119 Mobile Safari/537.36 (compatible; Googlebot/2.1; +http://www.google.com/bot.html)"
66.249.70.32 - - [10/Jul/2025:08:08:04 -0400] "GET /?v=88579243091330&mod=27934a1f&uri=search.php%3Fid%3D2965722-66%26name%3Dgroegg+shell+gro+egg+monkey HTTP/1.1" 200 21943 "-" "Mozilla/5.0 (compatible; Googlebot/2.1; +http://www.google.com/bot.html)"
66.249.70.32 - - [10/Jul/2025:08:08:06 -0400] "GET /?v=62140820121330&mod=4ec227f2&uri=shop.php%3Fid%3D2080611-267%26name%3Dcar+headrest+mount+car+seat+tablet+mount HTTP/1.1" 200 21266 "-" "Mozilla/5.0 (Linux; Android 6.0.1; Nexus 5X Build/MMB29P) AppleWebKit/537.36 (KHTML, like Gecko) Chrome/137.0.7151.103 Mobile Safari/537.36 (compatible; Googlebot/2.1; +http://www.google.com/bot.html)"
66.249.70.32 - - [10/Jul/2025:08:08:07 -0400] "GET /?v=71448215001330&mod=34113f84&uri=itm.php%3Fid%3D2392244-135%26name%3Dmtb+ruote+x+bici+da+corsa HTTP/1.1" 200 21936 "-" "Mozilla/5.0 (Linux; Android 6.0.1; Nexus 5X Build/MMB29P) AppleWebKit/537.36 (KHTML, like Gecko) Chrome/137.0.7151.103 Mobile Safari/537.36 (compatible; Googlebot/2.1; +http://www.google.com/bot.html)"
66.249.70.32 - - [10/Jul/2025:08:08:14 -0400] "GET /?v=100472666021330&mod=0b2dc5b5&uri=news.php%3Fid%3D3363990-487%26name%3Dv+neck+the+office+sweater+canada HTTP/1.1" 200 21575 "-" "Mozilla/5.0 (Linux; Android 6.0.1; Nexus 5X Build/MMB29P) AppleWebKit/537.36 (KHTML, like Gecko) Chrome/137.0.7151.103 Mobile Safari/537.36 (compatible; Googlebot/2.1; +http://www.google.com/bot.html)"
66.249.70.32 - - [10/Jul/2025:08:08:18 -0400] "GET /?v=91818306131330&mod=e7896283&uri=dp.php%3Fid%3D3074134-193%26name%3Ddog+behavior+board+and+train+dog+obedience HTTP/1.1" 200 21652 "-" "Mozilla/5.0 (Linux; Android 6.0.1; Nexus 5X Build/MMB29P) AppleWebKit/537.36 (KHTML, like Gecko) Chrome/137.0.7151.103 Mobile Safari/537.36 (compatible; Googlebot/2.1; +http://www.google.com/bot.html)"
66.249.70.32 - - [10/Jul/2025:08:08:32 -0400] "GET /?v=78688709001330&mod=26f442e4&uri=goods.php%3Fid%3D2634685-214%26name%3Dleather+jacket+new+style HTTP/1.1" 200 20958 "-" "Mozilla/5.0 (Linux; Android 6.0.1; Nexus 5X Build/MMB29P) AppleWebKit/537.36 (KHTML, like Gecko) Chrome/137.0.7151.103 Mobile Safari/537.36 (compatible; Googlebot/2.1; +http://www.google.com/bot.html)"
66.249.70.32 - - [10/Jul/2025:08:08:38 -0400] "POST /get-message-notify HTTP/1.1" 404 1251 "https://www.getschooljobs.com/?v=78688709001330&mod=26f442e4&uri=goods.php%3Fid%3D2634685-214%26name%3Dleather+jacket+new+style" "Mozilla/5.0 (Linux; Android 6.0.1; Nexus 5X Build/MMB29P) AppleWebKit/537.36 (KHTML, like Gecko) Chrome/137.0.7151.119 Mobile Safari/537.36 (compatible; Googlebot/2.1; +http://www.google.com/bot.html)"
66.249.70.32 - - [10/Jul/2025:08:08:39 -0400] "GET /?v=61919396001330&mod=af0a991f&uri=product.php%3Fid%3D2073207-128%26name%3Drim+cushcore+canada HTTP/1.1" 200 22079 "-" "Mozilla/5.0 (Linux; Android 6.0.1; Nexus 5X Build/MMB29P) AppleWebKit/537.36 (KHTML, like Gecko) Chrome/137.0.7151.103 Mobile Safari/537.36 (compatible; Googlebot/2.1; +http://www.google.com/bot.html)"
66.249.70.32 - - [10/Jul/2025:08:08:46 -0400] "POST /get-message-notify HTTP/1.1" 404 1251 "https://www.getschooljobs.com/?v=100472666021330&mod=0b2dc5b5&uri=news.php%3Fid%3D3363990-487%26name%3Dv+neck+the+office+sweater+canada" "Mozilla/5.0 (Linux; Android 6.0.1; Nexus 5X Build/MMB29P) AppleWebKit/537.36 (KHTML, like Gecko) Chrome/137.0.7151.119 Mobile Safari/537.36 (compatible; Googlebot/2.1; +http://www.google.com/bot.html)"
66.249.70.32 - - [10/Jul/2025:08:08:51 -0400] "GET /?v=3839627001330&mod=ac42634b&uri=goods.php%3Fid%3D128528-356%26name%3Dsmiths+skirting+heaters HTTP/1.1" 200 21711 "-" "Mozilla/5.0 (Linux; Android 6.0.1; Nexus 5X Build/MMB29P) AppleWebKit/537.36 (KHTML, like Gecko) Chrome/137.0.7151.103 Mobile Safari/537.36 (compatible; Googlebot/2.1; +http://www.google.com/bot.html)"
66.249.70.32 - - [10/Jul/2025:08:08:55 -0400] "GET /?v=13712791011330&mod=3d8c34ed&uri=shared.php%3Fid%3D459098-106%26name%3Dbaby+travestimento+jasmine HTTP/1.1" 200 21421 "-" "Mozilla/5.0 (Linux; Android 6.0.1; Nexus 5X Build/MMB29P) AppleWebKit/537.36 (KHTML, like Gecko) Chrome/137.0.7151.103 Mobile Safari/537.36 (compatible; Googlebot/2.1; +http://www.google.com/bot.html)"
66.249.70.33 - - [10/Jul/2025:08:09:07 -0400] "GET /?v=102011193001330&mod=7c8b8059&uri=products.php%3Fid%3D3415511-1066%26name%3Dalbum+akon+round+and+round HTTP/1.1" 200 21938 "-" "Mozilla/5.0 (Linux; Android 6.0.1; Nexus 5X Build/MMB29P) AppleWebKit/537.36 (KHTML, like Gecko) Chrome/137.0.7151.103 Mobile Safari/537.36 (compatible; Googlebot/2.1; +http://www.google.com/bot.html)"
66.249.70.32 - - [10/Jul/2025:08:09:14 -0400] "GET /?v=102088736011330&mod=1bcaea6d&uri=brands.php%3Fid%3D3418104-344%26name%3Dturquie+euro+2024+maillot+de+foot+turquie+2021 HTTP/1.1" 200 20882 "-" "Mozilla/5.0 (Linux; Android 6.0.1; Nexus 5X Build/MMB29P) AppleWebKit/537.36 (KHTML, like Gecko) Chrome/137.0.7151.103 Mobile Safari/537.36 (compatible; Googlebot/2.1; +http://www.google.com/bot.html)"
66.249.70.32 - - [10/Jul/2025:08:09:21 -0400] "POST /get-message-notify HTTP/1.1" 404 1251 "https://www.getschooljobs.com/?v=102088736011330&mod=1bcaea6d&uri=brands.php%3Fid%3D3418104-344%26name%3Dturquie+euro+2024+maillot+de+foot+turquie+2021" "Mozilla/5.0 (Linux; Android 6.0.1; Nexus 5X Build/MMB29P) AppleWebKit/537.36 (KHTML, like Gecko) Chrome/137.0.7151.119 Mobile Safari/537.36 (compatible; Googlebot/2.1; +http://www.google.com/bot.html)"
66.249.70.32 - - [10/Jul/2025:08:09:30 -0400] "GET /?v=1409931011330&mod=edf959e1&uri=goods.php%3Fid%3D47216-102%26name%3Dleggings+dri+fit+shorts HTTP/1.1" 200 22264 "-" "Mozilla/5.0 (Linux; Android 6.0.1; Nexus 5X Build/MMB29P) AppleWebKit/537.36 (KHTML, like Gecko) Chrome/137.0.7151.103 Mobile Safari/537.36 (compatible; Googlebot/2.1; +http://www.google.com/bot.html)"
66.249.70.32 - - [10/Jul/2025:08:09:35 -0400] "GET /?v=118315459011330&mod=a5d42e40&uri=article.php%3Fid%3D3961327-59%26name%3Dsony+xm4+wh1000xm4+vs+qc35+ii HTTP/1.1" 200 22220 "-" "Mozilla/5.0 (Linux; Android 6.0.1; Nexus 5X Build/MMB29P) AppleWebKit/537.36 (KHTML, like Gecko) Chrome/137.0.7151.103 Mobile Safari/537.36 (compatible; Googlebot/2.1; +http://www.google.com/bot.html)"
66.249.70.32 - - [10/Jul/2025:08:09:49 -0400] "GET /?v=106521249011330&mod=7af4cb50&uri=blog.php%3Fid%3D3566499-1228%26name%3Dschoen+converse+star+player+zwart HTTP/1.1" 200 20875 "-" "Mozilla/5.0 (Linux; Android 6.0.1; Nexus 5X Build/MMB29P) AppleWebKit/537.36 (KHTML, like Gecko) Chrome/137.0.7151.103 Mobile Safari/537.36 (compatible; Googlebot/2.1; +http://www.google.com/bot.html)"
66.249.70.34 - - [10/Jul/2025:08:10:05 -0400] "GET /?v=106515320111330&mod=d4e452f4&uri=category-info.php%3Fid%3D3566299-137%26name%3Dsatrangi+reflection+perfume+bonanza+satrangi+perfumes+online HTTP/1.1" 200 21667 "-" "Mozilla/5.0 (Linux; Android 6.0.1; Nexus 5X Build/MMB29P) AppleWebKit/537.36 (KHTML, like Gecko) Chrome/137.0.7151.103 Mobile Safari/537.36 (compatible; Googlebot/2.1; +http://www.google.com/bot.html)"
66.249.70.33 - - [10/Jul/2025:08:10:42 -0400] "GET /?v=95629842021330&mod=eabeed77&uri=category-info.php%3Fid%3D3201777-148%26name%3Dspeck+presidio+ultra+iphone+x+case+best+buy HTTP/1.1" 200 21225 "-" "Mozilla/5.0 (Linux; Android 6.0.1; Nexus 5X Build/MMB29P) AppleWebKit/537.36 (KHTML, like Gecko) Chrome/137.0.7151.103 Mobile Safari/537.36 (compatible; Googlebot/2.1; +http://www.google.com/bot.html)"
66.249.70.33 - - [10/Jul/2025:08:10:43 -0400] "GET /?v=97377381041330&mod=59e547f8&uri=itm.php%3Fid%3D3260311-993%26name%3Dmu%C3%B1ecas+como+hacer+ganchos+para+percheros HTTP/1.1" 200 22070 "-" "Mozilla/5.0 (Linux; Android 6.0.1; Nexus 5X Build/MMB29P) AppleWebKit/537.36 (KHTML, like Gecko) Chrome/137.0.7151.103 Mobile Safari/537.36 (compatible; Googlebot/2.1; +http://www.google.com/bot.html)"
66.249.70.33 - - [10/Jul/2025:08:10:45 -0400] "GET /?v=103014831001330&mod=e8cc39cd&uri=dp.php%3Fid%3D3449099-1158%26name%3Dgold+turquoise+stone+ring+mens+turquoise+pinky+ring HTTP/1.1" 200 20722 "-" "Mozilla/5.0 (Linux; Android 6.0.1; Nexus 5X Build/MMB29P) AppleWebKit/537.36 (KHTML, like Gecko) Chrome/137.0.7151.103 Mobile Safari/537.36 (compatible; Googlebot/2.1; +http://www.google.com/bot.html)"
66.249.70.32 - - [10/Jul/2025:08:10:50 -0400] "POST /get-message-notify HTTP/1.1" 404 1251 "https://www.getschooljobs.com/?v=103014831001330&mod=e8cc39cd&uri=dp.php%3Fid%3D3449099-1158%26name%3Dgold+turquoise+stone+ring+mens+turquoise+pinky+ring" "Mozilla/5.0 (Linux; Android 6.0.1; Nexus 5X Build/MMB29P) AppleWebKit/537.36 (KHTML, like Gecko) Chrome/137.0.7151.119 Mobile Safari/537.36 (compatible; Googlebot/2.1; +http://www.google.com/bot.html)"
66.249.70.32 - - [10/Jul/2025:08:10:52 -0400] "GET /?v=112231493091330&mod=559aa4b9&uri=search.php%3Fid%3D3757616-472%26name%3Dclutch+replacement+honda+city+ivtec+clutch+plate+price HTTP/1.1" 200 21791 "-" "Mozilla/5.0 (Linux; Android 6.0.1; Nexus 5X Build/MMB29P) AppleWebKit/537.36 (KHTML, like Gecko) Chrome/137.0.7151.103 Mobile Safari/537.36 (compatible; Googlebot/2.1; +http://www.google.com/bot.html)"
66.249.70.32 - - [10/Jul/2025:08:10:58 -0400] "GET /?v=91364057021330&mod=e0f7a4d0&uri=category-info.php%3Fid%3D3058943-22%26name%3Dhauser+in+pen HTTP/1.1" 200 21367 "-" "Mozilla/5.0 (Linux; Android 6.0.1; Nexus 5X Build/MMB29P) AppleWebKit/537.36 (KHTML, like Gecko) Chrome/137.0.7151.103 Mobile Safari/537.36 (compatible; Googlebot/2.1; +http://www.google.com/bot.html)"
184.146.183.27 - - [10/Jul/2025:08:11:03 -0400] "GET /?v=119344593051330&mod=c6ce87fe&uri=info.php%3Fid%3D3995820-1423%26name%3Ddog+treats+crumps+naturals+sweet+potato HTTP/1.1" 200 134 "https://www.google.ca/" "Mozilla/5.0 (iPhone; CPU iPhone OS 16_3_1 like Mac OS X) AppleWebKit/605.1.15 (KHTML, like Gecko) Version/16.3 Mobile/15E148 Safari/604.1"
66.249.70.32 - - [10/Jul/2025:08:11:05 -0400] "GET /?v=25916499081330&mod=a0c65819&uri=goods.php%3Fid%3D867833-582%26name%3Dtype+c+usb+lighter+socket HTTP/1.1" 200 21554 "-" "Mozilla/5.0 (Linux; Android 6.0.1; Nexus 5X Build/MMB29P) AppleWebKit/537.36 (KHTML, like Gecko) Chrome/137.0.7151.103 Mobile Safari/537.36 (compatible; Googlebot/2.1; +http://www.google.com/bot.html)"
66.249.70.32 - - [10/Jul/2025:08:11:12 -0400] "GET /?v=85105751001330&mod=33574f6e&uri=blog.php%3Fid%3D2849457-994%26name%3Dhumectante+lentillas+rpg HTTP/1.1" 200 21339 "-" "Mozilla/5.0 (Linux; Android 6.0.1; Nexus 5X Build/MMB29P) AppleWebKit/537.36 (KHTML, like Gecko) Chrome/137.0.7151.103 Mobile Safari/537.36 (compatible; Googlebot/2.1; +http://www.google.com/bot.html)"
66.249.70.32 - - [10/Jul/2025:08:11:12 -0400] "GET /?v=108445362011330&mod=f07e351c&uri=itm.php%3Fid%3D3630880-1106%26name%3Dbhk+flats+for+sale+in+malleswaram HTTP/1.1" 200 21787 "-" "Mozilla/5.0 (Linux; Android 6.0.1; Nexus 5X Build/MMB29P) AppleWebKit/537.36 (KHTML, like Gecko) Chrome/137.0.7151.103 Mobile Safari/537.36 (compatible; Googlebot/2.1; +http://www.google.com/bot.html)"
66.249.70.32 - - [10/Jul/2025:08:11:17 -0400] "POST /get-message-notify HTTP/1.1" 404 1251 "https://www.getschooljobs.com/?v=85105751001330&mod=33574f6e&uri=blog.php%3Fid%3D2849457-994%26name%3Dhumectante+lentillas+rpg" "Mozilla/5.0 (Linux; Android 6.0.1; Nexus 5X Build/MMB29P) AppleWebKit/537.36 (KHTML, like Gecko) Chrome/137.0.7151.119 Mobile Safari/537.36 (compatible; Googlebot/2.1; +http://www.google.com/bot.html)"
66.249.70.32 - - [10/Jul/2025:08:11:18 -0400] "GET /?v=68879095061330&mod=21fe5b8b&uri=shop.php%3Fid%3D2306241-16%26name%3Dchristmas+sweater+schicke+pullover HTTP/1.1" 200 21351 "-" "Mozilla/5.0 (Linux; Android 6.0.1; Nexus 5X Build/MMB29P) AppleWebKit/537.36 (KHTML, like Gecko) Chrome/137.0.7151.103 Mobile Safari/537.36 (compatible; Googlebot/2.1; +http://www.google.com/bot.html)"
66.249.70.32 - - [10/Jul/2025:08:11:29 -0400] "GET /?v=35314004021330&mod=298f5874&uri=news.php%3Fid%3D1182533-39%26name%3Dnotification+icons+samsung+galaxy+watch+active+icons+meaning HTTP/1.1" 200 21629 "-" "Mozilla/5.0 (compatible; Googlebot/2.1; +http://www.google.com/bot.html)"
66.249.70.32 - - [10/Jul/2025:08:11:45 -0400] "GET /?v=21102474061330&mod=908d8e95&uri=pin.php%3Fid%3D706627-720%26name%3Dsurprise+omg+house+lol+surprise+doll+house HTTP/1.1" 200 20486 "-" "Mozilla/5.0 (Linux; Android 6.0.1; Nexus 5X Build/MMB29P) AppleWebKit/537.36 (KHTML, like Gecko) Chrome/137.0.7151.103 Mobile Safari/537.36 (compatible; Googlebot/2.1; +http://www.google.com/bot.html)"
66.249.70.32 - - [10/Jul/2025:08:11:53 -0400] "GET /?v=102387180041330&mod=517b17a8&uri=news.php%3Fid%3D3428095-373%26name%3D6620+sci+miele+g6620+dishwasher HTTP/1.1" 200 20341 "-" "Mozilla/5.0 (Linux; Android 6.0.1; Nexus 5X Build/MMB29P) AppleWebKit/537.36 (KHTML, like Gecko) Chrome/137.0.7151.103 Mobile Safari/537.36 (compatible; Googlebot/2.1; +http://www.google.com/bot.html)"
66.249.70.32 - - [10/Jul/2025:08:12:00 -0400] "POST /get-message-notify HTTP/1.1" 404 1251 "https://www.getschooljobs.com/?v=21102474061330&mod=908d8e95&uri=pin.php%3Fid%3D706627-720%26name%3Dsurprise+omg+house+lol+surprise+doll+house" "Mozilla/5.0 (Linux; Android 6.0.1; Nexus 5X Build/MMB29P) AppleWebKit/537.36 (KHTML, like Gecko) Chrome/137.0.7151.119 Mobile Safari/537.36 (compatible; Googlebot/2.1; +http://www.google.com/bot.html)"
66.249.70.32 - - [10/Jul/2025:08:12:01 -0400] "GET /?v=44078374141330&mod=25766f01&uri=blog.php%3Fid%3D1475809-29%26name%3Dmountain+bike+motus+kompact HTTP/1.1" 200 21439 "-" "Mozilla/5.0 (Linux; Android 6.0.1; Nexus 5X Build/MMB29P) AppleWebKit/537.36 (KHTML, like Gecko) Chrome/137.0.7151.103 Mobile Safari/537.36 (compatible; Googlebot/2.1; +http://www.google.com/bot.html)"
66.249.70.32 - - [10/Jul/2025:08:12:01 -0400] "GET /?v=63013578041330&mod=5aa280f5&uri=shared.php%3Fid%3D2109829-465%26name%3D10+inch+wooden+ring+for+embroidery HTTP/1.1" 200 21975 "-" "Mozilla/5.0 (Linux; Android 6.0.1; Nexus 5X Build/MMB29P) AppleWebKit/537.36 (KHTML, like Gecko) Chrome/137.0.7151.103 Mobile Safari/537.36 (compatible; Googlebot/2.1; +http://www.google.com/bot.html)"
217.142.21.42 - - [10/Jul/2025:08:12:07 -0400] "GET /?v=%27nvOpzp;%20AND%201=1%20OR%20(%3C%27%22%3EiKO)),&mod=%27nvOpzp;%20AND%201=1%20OR%20(%3C%27%22%3EiKO)),&uri=%27nvOpzp;%20AND%201=1%20OR%20(%3C%27%22%3EiKO)), HTTP/1.1" 200 4655 "-" "-"
66.249.70.32 - - [10/Jul/2025:08:12:08 -0400] "GET /?v=66512031061330&mod=c165343f&uri=goods.php%3Fid%3D2227019-386%26name%3Dclothing+pikeur+mayla+show+jacket HTTP/1.1" 200 20782 "-" "Mozilla/5.0 (Linux; Android 6.0.1; Nexus 5X Build/MMB29P) AppleWebKit/537.36 (KHTML, like Gecko) Chrome/137.0.7151.103 Mobile Safari/537.36 (compatible; Googlebot/2.1; +http://www.google.com/bot.html)"
66.249.70.32 - - [10/Jul/2025:08:12:10 -0400] "GET /?v=84231694081330&mod=9c7b1b7f&uri=form.php%3Fid%3D2820208-897%26name%3Ddior+b23+dior+shoes+uk HTTP/1.1" 200 20446 "-" "Mozilla/5.0 (Linux; Android 6.0.1; Nexus 5X Build/MMB29P) AppleWebKit/537.36 (KHTML, like Gecko) Chrome/137.0.7151.103 Mobile Safari/537.36 (compatible; Googlebot/2.1; +http://www.google.com/bot.html)"
66.249.70.32 - - [10/Jul/2025:08:12:27 -0400] "POST /get-message-notify HTTP/1.1" 404 1251 "https://www.getschooljobs.com/?v=66512031061330&mod=c165343f&uri=goods.php%3Fid%3D2227019-386%26name%3Dclothing+pikeur+mayla+show+jacket" "Mozilla/5.0 (Linux; Android 6.0.1; Nexus 5X Build/MMB29P) AppleWebKit/537.36 (KHTML, like Gecko) Chrome/137.0.7151.119 Mobile Safari/537.36 (compatible; Googlebot/2.1; +http://www.google.com/bot.html)"
66.249.70.32 - - [10/Jul/2025:08:12:31 -0400] "GET /?v=84328803031330&mod=4b8d5e5e&uri=shop.php%3Fid%3D2823452-223%26name%3Dplaystation+hits+dragon+ball+xenoverse+ps4+digital HTTP/1.1" 200 21858 "-" "Mozilla/5.0 (compatible; Googlebot/2.1; +http://www.google.com/bot.html)"
66.249.70.32 - - [10/Jul/2025:08:12:32 -0400] "GET /?v=24415162021330&mod=298f5874&uri=us.php%3Fid%3D817591-39%26name%3Dwatch+appraisal+rolex+valuation+for+insurance HTTP/1.1" 200 21359 "-" "Mozilla/5.0 (compatible; Googlebot/2.1; +http://www.google.com/bot.html)"
66.249.70.32 - - [10/Jul/2025:08:12:40 -0400] "GET /?v=84328803031330&mod=4b8d5e5e&uri=shop.php%3Fid%3D2823452-223%26name%3Dplaystation+hits+dragon+ball+xenoverse+ps4+digital HTTP/1.1" 200 21830 "-" "Mozilla/5.0 (compatible; Googlebot/2.1; +http://www.google.com/bot.html)"
66.249.70.32 - - [10/Jul/2025:08:12:41 -0400] "GET /?v=24415162021330&mod=298f5874&uri=us.php%3Fid%3D817591-39%26name%3Dwatch+appraisal+rolex+valuation+for+insurance HTTP/1.1" 200 21337 "-" "Mozilla/5.0 (compatible; Googlebot/2.1; +http://www.google.com/bot.html)"
178.156.169.147 - - [10/Jul/2025:08:12:44 -0400] "GET /?v=71138033021330&mod=40cccad2&uri=category-info.php?id%3D2381867-43&name=amazing+spider+spider+man+rhino+toy HTTP/1.1" 200 4655 "-" "Mozilla/5.0 (Windows NT 10.0; Win64; x64) AppleWebKit/537.36 (KHTML, like Gecko) Chrome/84.0.4147.105 Safari/537.36"
66.249.70.33 - - [10/Jul/2025:08:13:31 -0400] "GET /?v=41269314071330&mod=d4e4e52a&uri=info.php%3Fid%3D1381830-434%26name%3Dgw+9403kj+g+shock+love+the+sea+and+earth+2017 HTTP/1.1" 200 21055 "-" "Mozilla/5.0 (Linux; Android 6.0.1; Nexus 5X Build/MMB29P) AppleWebKit/537.36 (KHTML, like Gecko) Chrome/137.0.7151.103 Mobile Safari/537.36 (compatible; Googlebot/2.1; +http://www.google.com/bot.html)"
103.111.39.120 - - [10/Jul/2025:08:13:44 -0400] "GET /?v=33145381041330&mod=c59f8d81&uri=category-info.php%3Fid%3D1109891-854%26name%3Dbaby+swings+best+newborn+rocker+sleeper HTTP/1.1" 200 133 "https://www.google.com/" "Mozilla/5.0 (Windows NT 10.0; Win64; x64) AppleWebKit/537.36 (KHTML, like Gecko) Chrome/138.0.0.0 Safari/537.36"
66.249.70.33 - - [10/Jul/2025:08:13:45 -0400] "GET /?v=88579243091330&mod=27934a1f&uri=search.php%3Fid%3D2965722-66%26name%3Dgroegg+shell+gro+egg+monkey HTTP/1.1" 200 21920 "-" "Mozilla/5.0 (compatible; Googlebot/2.1; +http://www.google.com/bot.html)"
87.120.126.160 - - [10/Jul/2025:08:13:51 -0400] "GET /elmah.axd HTTP/1.1" 404 1251 "-" "Mozilla/5.0 (Macintosh; Intel Mac OS X 10_15_7) AppleWebKit/605.1.15 (KHTML, like Gecko) Version/17.1.2 Safari/605.1.15"
40.84.221.226 - - [10/Jul/2025:08:14:34 -0400] "GET /?mod=4915f20d&uri=product.php?id%3D452764-144%26name%3Dtouchpad+lenovo+smart+tab+m10+keyboard+case&v=13523669031330 HTTP/1.1" 200 4655 "-" "Mozilla/5.0 AppleWebKit/537.36 (KHTML, like Gecko); compatible; ChatGPT-User/1.0; +https://openai.com/bot"
68.221.75.28 - - [10/Jul/2025:08:15:52 -0400] "GET /?mod=d4e452f4&uri=brands.php?id%3D448577-137%26name%3Dchance+eau+fraiche+chanel+chance+200ml&v=13398416021330 HTTP/1.1" 200 4656 "-" "Mozilla/5.0 AppleWebKit/537.36 (KHTML, like Gecko); compatible; ChatGPT-User/1.0; +https://openai.com/bot"
66.249.70.32 - - [10/Jul/2025:08:15:55 -0400] "GET /cargo/detail HTTP/1.1" 404 1251 "https://www.getschooljobs.com/?v=35314004021330&mod=298f5874&uri=news.php%3Fid%3D1182533-39%26name%3Dnotification+icons+samsung+galaxy+watch+active+icons+meaning" "Mozilla/5.0 (compatible; Googlebot/2.1; +http://www.google.com/bot.html)"
20.25.151.234 - - [10/Jul/2025:08:15:55 -0400] "GET /?mod=4915f20d&uri=product.php%3Fid%3D452764-144%26name%3Dtouchpad+lenovo+smart+tab+m10+keyboard+case&v=13523669031330 HTTP/1.1" 200 4655 "-" "Mozilla/5.0 (Macintosh; Intel Mac OS X 10_15_7) AppleWebKit/537.36 (KHTML, like Gecko) Chrome/131.0.0.0 Safari/537.36; compatible; OAI-SearchBot/1.0; +https://openai.com/searchbot"
5.161.219.57 - - [10/Jul/2025:08:15:56 -0400] "GET /?v=12173755071330&mod=e692dd94&uri=search.php?id%3D407564-880&name=snake+print+snakeskin+sandals+block+heel HTTP/1.1" 200 4655 "-" "Mozilla/5.0 (Windows NT 10.0; Win64; x64) AppleWebKit/537.36 (KHTML, like Gecko) Chrome/84.0.4147.105 Safari/537.36"
68.221.75.22 - - [10/Jul/2025:08:16:05 -0400] "GET / HTTP/1.1" 200 0 "-" "Mozilla/5.0 AppleWebKit/537.36 (KHTML, like Gecko); compatible; ChatGPT-User/1.0; +https://openai.com/bot"
66.249.70.34 - - [10/Jul/2025:08:16:10 -0400] "GET /cargo/detail HTTP/1.1" 404 1251 "-" "Mozilla/5.0 (compatible; Googlebot/2.1; +http://www.google.com/bot.html)"
20.25.151.234 - - [10/Jul/2025:08:16:29 -0400] "GET /?mod=d4e452f4&uri=brands.php%3Fid%3D448577-137%26name%3Dchance+eau+fraiche+chanel+chance+200ml&v=13398416021330 HTTP/1.1" 200 4655 "-" "Mozilla/5.0 (Macintosh; Intel Mac OS X 10_15_7) AppleWebKit/537.36 (KHTML, like Gecko) Chrome/131.0.0.0 Safari/537.36; compatible; OAI-SearchBot/1.0; +https://openai.com/searchbot"
66.249.70.33 - - [10/Jul/2025:08:16:42 -0400] "GET /?v=84328803031330&mod=4b8d5e5e&uri=shop.php%3Fid%3D2823452-223%26name%3Dplaystation+hits+dragon+ball+xenoverse+ps4+digital HTTP/1.1" 200 21856 "-" "Mozilla/5.0 (compatible; Googlebot/2.1; +http://www.google.com/bot.html)"
