5.161.102.43 - - [10/Jul/2025:09:24:24 -0400] "GET /?v=102098664091330&mod=3aa8139d&uri=brands.php?id%3D3418436-1245&name=big+bob+bob+mannequin+boxe HTTP/1.1" 200 4656 "-" "Mozilla/5.0 (Windows NT 10.0; Win64; x64) AppleWebKit/537.36 (KHTML, like Gecko) Chrome/84.0.4147.105 Safari/537.36"
66.249.70.33 - - [10/Jul/2025:09:24:29 -0400] "GET /?v=26070877011330&mod=298f5874&uri=products.php%3Fid%3D873041-39%26name%3Dfitness+tracker+t5+pro+smartwatch+price HTTP/1.1" 200 21159 "-" "Mozilla/5.0 (Linux; Android 6.0.1; Nexus 5X Build/MMB29P) AppleWebKit/537.36 (KHTML, like Gecko) Chrome/137.0.7151.103 Mobile Safari/537.36 (compatible; Googlebot/2.1; +http://www.google.com/bot.html)"
66.249.70.32 - - [10/Jul/2025:09:24:35 -0400] "GET /?v=115422617131330&mod=0a2f8c50&uri=news.php%3Fid%3D3864442-819%26name%3Dshoes+navy+dress+looks HTTP/1.1" 200 20226 "-" "Mozilla/5.0 (Linux; Android 6.0.1; Nexus 5X Build/MMB29P) AppleWebKit/537.36 (KHTML, like Gecko) Chrome/137.0.7151.103 Mobile Safari/537.36 (compatible; Googlebot/2.1; +http://www.google.com/bot.html)"
66.249.70.32 - - [10/Jul/2025:09:24:49 -0400] "GET /?v=13484323041330&mod=86a45a44&uri=brands.php%3Fid%3D451448-433%26name%3Doverhaul+kit+brose+mag+s+motor HTTP/1.1" 200 20755 "-" "Mozilla/5.0 (Linux; Android 6.0.1; Nexus 5X Build/MMB29P) AppleWebKit/537.36 (KHTML, like Gecko) Chrome/137.0.7151.103 Mobile Safari/537.36 (compatible; Googlebot/2.1; +http://www.google.com/bot.html)"
66.249.70.33 - - [10/Jul/2025:09:25:18 -0400] "GET /?v=92310788011330&mod=9f6bcebe&uri=form.php%3Fid%3D3090617-784%26name%3Deurocopa+2024+pupos+de+cristiano+ronaldo HTTP/1.1" 200 22213 "-" "Mozilla/5.0 (Linux; Android 6.0.1; Nexus 5X Build/MMB29P) AppleWebKit/537.36 (KHTML, like Gecko) Chrome/137.0.7151.103 Mobile Safari/537.36 (compatible; Googlebot/2.1; +http://www.google.com/bot.html)"
66.249.70.34 - - [10/Jul/2025:09:25:18 -0400] "GET /?v=92311014061330&mod=9f6bcebe&uri=shared.php%3Fid%3D3090625-784%26name%3Dkangoo+boots+zapatos+kangoo HTTP/1.1" 200 21126 "-" "Mozilla/5.0 (Linux; Android 6.0.1; Nexus 5X Build/MMB29P) AppleWebKit/537.36 (KHTML, like Gecko) Chrome/137.0.7151.103 Mobile Safari/537.36 (compatible; Googlebot/2.1; +http://www.google.com/bot.html)"
66.249.70.32 - - [10/Jul/2025:09:25:23 -0400] "POST /get-message-notify HTTP/1.1" 404 1251 "https://www.getschooljobs.com/?v=92311014061330&mod=9f6bcebe&uri=shared.php%3Fid%3D3090625-784%26name%3Dkangoo+boots+zapatos+kangoo" "Mozilla/5.0 (Linux; Android 6.0.1; Nexus 5X Build/MMB29P) AppleWebKit/537.36 (KHTML, like Gecko) Chrome/137.0.7151.119 Mobile Safari/537.36 (compatible; Googlebot/2.1; +http://www.google.com/bot.html)"
66.249.70.32 - - [10/Jul/2025:09:25:40 -0400] "POST /get-message-notify HTTP/1.1" 404 1251 "https://www.getschooljobs.com/?v=92310788011330&mod=9f6bcebe&uri=form.php%3Fid%3D3090617-784%26name%3Deurocopa+2024+pupos+de+cristiano+ronaldo" "Mozilla/5.0 (Linux; Android 6.0.1; Nexus 5X Build/MMB29P) AppleWebKit/537.36 (KHTML, like Gecko) Chrome/137.0.7151.119 Mobile Safari/537.36 (compatible; Googlebot/2.1; +http://www.google.com/bot.html)"
66.249.70.33 - - [10/Jul/2025:09:26:02 -0400] "GET /?v=4460717081330&mod=dcad82b6&uri=brands.php%3Fid%3D149337-697%26name%3Dsneakers+bianche+scarpe+puma+camoscio HTTP/1.1" 200 21387 "-" "Mozilla/5.0 (Linux; Android 6.0.1; Nexus 5X Build/MMB29P) AppleWebKit/537.36 (KHTML, like Gecko) Chrome/137.0.7151.103 Mobile Safari/537.36 (compatible; Googlebot/2.1; +http://www.google.com/bot.html)"
151.50.33.71 - - [10/Jul/2025:09:26:25 -0400] "GET /?v=32543249131330&mod=c0681c91&uri=info.php%3Fid%3D1089730-206%26name%3Dabbinare+stivaletto+uomo+color+cammello HTTP/1.1" 200 133 "https://www.google.com/" "Mozilla/5.0 (Linux; Android 10; K) AppleWebKit/537.36 (KHTML, like Gecko) Chrome/138.0.0.0 Mobile Safari/537.36"
178.156.174.47 - - [10/Jul/2025:09:27:08 -0400] "GET /?v=33125030101330&mod=858e4770&uri=blog.php?id%3D1109208-124&name=waterville+maine+pet+supply+store+near+me HTTP/1.1" 200 4656 "-" "Mozilla/5.0 (Windows NT 10.0; Win64; x64) AppleWebKit/537.36 (KHTML, like Gecko) Chrome/84.0.4147.105 Safari/537.36"
178.156.174.47 - - [10/Jul/2025:09:28:26 -0400] "GET /?v=33011011031330&mod=7221e5c8&uri=search.php?id%3D1105384-31&name=stereo+speakers+amazon+motorcycle+speakers HTTP/1.1" 200 4655 "-" "Mozilla/5.0 (Windows NT 10.0; Win64; x64) AppleWebKit/537.36 (KHTML, like Gecko) Chrome/84.0.4147.105 Safari/537.36"
178.156.137.37 - - [10/Jul/2025:09:28:45 -0400] "GET /?v=2654252031330&mod=8160a40c&uri=products.php?id%3D88846-579&name=poole+to+jersey+ferry HTTP/1.1" 200 4655 "-" "Mozilla/5.0 (Windows NT 10.0; Win64; x64) AppleWebKit/537.36 (KHTML, like Gecko) Chrome/84.0.4147.105 Safari/537.36"
5.161.41.35 - - [10/Jul/2025:09:29:41 -0400] "GET /?v=107063427041330&mod=eb7cd84a&uri=news.php?id%3D3584631-392&name=vadodara+shops+for+western+wear+near+me HTTP/1.1" 200 4656 "-" "Mozilla/5.0 (Windows NT 10.0; Win64; x64) AppleWebKit/537.36 (KHTML, like Gecko) Chrome/84.0.4147.105 Safari/537.36"
66.249.70.33 - - [10/Jul/2025:09:30:30 -0400] "GET /?v=60642058031330&mod=6e7f6c38&uri=blog.php%3Fid%3D2030462-136%26name%3Dmwm+988+marcy+mwm+1001+manual HTTP/1.1" 200 21331 "-" "Mozilla/5.0 (Linux; Android 6.0.1; Nexus 5X Build/MMB29P) AppleWebKit/537.36 (KHTML, like Gecko) Chrome/137.0.7151.103 Mobile Safari/537.36 (compatible; Googlebot/2.1; +http://www.google.com/bot.html)"
74.7.36.64 - - [10/Jul/2025:09:30:31 -0400] "GET /?mod=77100795&uri=news.php?id%3D2637119-995%26name%3Dnursery+rug+puzzle+pillow+baby&v=78761482041330 HTTP/1.1" 200 4655 "-" "Mozilla/5.0 AppleWebKit/537.36 (KHTML, like Gecko); compatible; ChatGPT-User/1.0; +https://openai.com/bot"
66.249.70.34 - - [10/Jul/2025:09:30:33 -0400] "GET /?v=91757876001330&mod=5eb2a86c&uri=info.php%3Fid%3D3072113-91%26name%3Dlithium+ryobi+4v+tools HTTP/1.1" 200 22236 "-" "Mozilla/5.0 (Linux; Android 6.0.1; Nexus 5X Build/MMB29P) AppleWebKit/537.36 (KHTML, like Gecko) Chrome/137.0.7151.103 Mobile Safari/537.36 (compatible; Googlebot/2.1; +http://www.google.com/bot.html)"
66.249.70.34 - - [10/Jul/2025:09:31:03 -0400] "POST /get-message-notify HTTP/1.1" 404 1251 "https://www.getschooljobs.com/?v=91757876001330&mod=5eb2a86c&uri=info.php%3Fid%3D3072113-91%26name%3Dlithium+ryobi+4v+tools" "Mozilla/5.0 (Linux; Android 6.0.1; Nexus 5X Build/MMB29P) AppleWebKit/537.36 (KHTML, like Gecko) Chrome/137.0.7151.119 Mobile Safari/537.36 (compatible; Googlebot/2.1; +http://www.google.com/bot.html)"
66.249.70.32 - - [10/Jul/2025:09:31:08 -0400] "GET /?v=92423473061330&mod=01227e94&uri=goods.php%3Fid%3D3094393-941%26name%3Dchaussure+reebok+fille+blanche HTTP/1.1" 200 20805 "-" "Mozilla/5.0 (Linux; Android 6.0.1; Nexus 5X Build/MMB29P) AppleWebKit/537.36 (KHTML, like Gecko) Chrome/137.0.7151.103 Mobile Safari/537.36 (compatible; Googlebot/2.1; +http://www.google.com/bot.html)"
66.249.70.32 - - [10/Jul/2025:09:31:22 -0400] "GET /?v=119206575031330&mod=077efd55&uri=product.php%3Fid%3D3991212-216%26name%3Dsoftware+adrenalin+edition+amd+driver+program HTTP/1.1" 200 21511 "-" "Mozilla/5.0 (Linux; Android 6.0.1; Nexus 5X Build/MMB29P) AppleWebKit/537.36 (KHTML, like Gecko) Chrome/137.0.7151.103 Mobile Safari/537.36 (compatible; Googlebot/2.1; +http://www.google.com/bot.html)"
66.249.70.32 - - [10/Jul/2025:09:31:36 -0400] "GET /?v=88006089091330&mod=625cbb43&uri=form.php%3Fid%3D2946534-383%26name%3Dapache+tomcat+spring+boot+external+tomcat HTTP/1.1" 200 20796 "-" "Mozilla/5.0 (Linux; Android 6.0.1; Nexus 5X Build/MMB29P) AppleWebKit/537.36 (KHTML, like Gecko) Chrome/137.0.7151.103 Mobile Safari/537.36 (compatible; Googlebot/2.1; +http://www.google.com/bot.html)"
66.249.70.32 - - [10/Jul/2025:09:31:49 -0400] "POST /get-message-notify HTTP/1.1" 404 1251 "https://www.getschooljobs.com/?v=88006089091330&mod=625cbb43&uri=form.php%3Fid%3D2946534-383%26name%3Dapache+tomcat+spring+boot+external+tomcat" "Mozilla/5.0 (Linux; Android 6.0.1; Nexus 5X Build/MMB29P) AppleWebKit/537.36 (KHTML, like Gecko) Chrome/137.0.7151.119 Mobile Safari/537.36 (compatible; Googlebot/2.1; +http://www.google.com/bot.html)"
66.249.70.33 - - [10/Jul/2025:09:28:04 -0400] "GET /?v=83142929081330&mod=b05445d6&uri=goods.php%3Fid%3D2783767-296%26name%3Dinvierno+look+boda+marzo HTTP/1.1" 200 21041 "-" "Mozilla/5.0 (Linux; Android 6.0.1; Nexus 5X Build/MMB29P) AppleWebKit/537.36 (KHTML, like Gecko) Chrome/137.0.7151.103 Mobile Safari/537.36 (compatible; Googlebot/2.1; +http://www.google.com/bot.html)"
66.249.70.32 - - [10/Jul/2025:09:32:28 -0400] "GET /?v=3858063051330&mod=b05445d6&uri=blog.php%3Fid%3D129146-296%26name%3Dvestido+largo+vestidos+con+tela+de+terciopelo HTTP/1.1" 200 22317 "-" "Mozilla/5.0 (Linux; Android 6.0.1; Nexus 5X Build/MMB29P) AppleWebKit/537.36 (KHTML, like Gecko) Chrome/137.0.7151.103 Mobile Safari/537.36 (compatible; Googlebot/2.1; +http://www.google.com/bot.html)"
20.171.123.64 - - [10/Jul/2025:09:32:55 -0400] "GET /?mod=77100795&uri=news.php%3Fid%3D2637119-995%26name%3Dnursery+rug+puzzle+pillow+baby&v=78761482041330 HTTP/1.1" 200 4655 "-" "Mozilla/5.0 (Macintosh; Intel Mac OS X 10_15_7) AppleWebKit/537.36 (KHTML, like Gecko) Chrome/131.0.0.0 Safari/537.36; compatible; OAI-SearchBot/1.0; +https://openai.com/searchbot"
66.249.70.33 - - [10/Jul/2025:09:33:07 -0400] "GET /?v=1497984081330&mod=f9195e75&uri=news.php%3Fid%3D50157-424%26name%3Dtrack+jacket+puma+jacke+orange HTTP/1.1" 200 21139 "-" "Mozilla/5.0 (Linux; Android 6.0.1; Nexus 5X Build/MMB29P) AppleWebKit/537.36 (KHTML, like Gecko) Chrome/137.0.7151.103 Mobile Safari/537.36 (compatible; Googlebot/2.1; +http://www.google.com/bot.html)"
66.249.70.33 - - [10/Jul/2025:09:33:15 -0400] "POST /get-message-notify HTTP/1.1" 404 1251 "https://www.getschooljobs.com/?v=92222006001330&mod=07c65274&uri=search.php%3Fid%3D3087655-543%26name%3Dbaby+pants+medium+diapers+medium+size+lowest+price" "Mozilla/5.0 (Linux; Android 6.0.1; Nexus 5X Build/MMB29P) AppleWebKit/537.36 (KHTML, like Gecko) Chrome/137.0.7151.119 Mobile Safari/537.36 (compatible; Googlebot/2.1; +http://www.google.com/bot.html)"
66.249.70.32 - - [10/Jul/2025:09:33:23 -0400] "GET /?v=84312743011330&mod=370788cc&uri=category-info.php%3Fid%3D2822916-231%26name%3Dnike+men+nike+metcon+hyper+crimson HTTP/1.1" 200 22092 "-" "Mozilla/5.0 (Linux; Android 6.0.1; Nexus 5X Build/MMB29P) AppleWebKit/537.36 (KHTML, like Gecko) Chrome/137.0.7151.103 Mobile Safari/537.36 (compatible; Googlebot/2.1; +http://www.google.com/bot.html)"
66.249.70.32 - - [10/Jul/2025:09:33:28 -0400] "POST /get-message-notify HTTP/1.1" 404 1251 "https://www.getschooljobs.com/?v=84312743011330&mod=370788cc&uri=category-info.php%3Fid%3D2822916-231%26name%3Dnike+men+nike+metcon+hyper+crimson" "Mozilla/5.0 (Linux; Android 6.0.1; Nexus 5X Build/MMB29P) AppleWebKit/537.36 (KHTML, like Gecko) Chrome/137.0.7151.119 Mobile Safari/537.36 (compatible; Googlebot/2.1; +http://www.google.com/bot.html)"
66.249.70.34 - - [10/Jul/2025:09:34:32 -0400] "GET /?v=92207579011330&mod=07c65274&uri=goods.php%3Fid%3D3087173-543%26name%3Dsensor+pad+angelcare+soft+touch HTTP/1.1" 200 22145 "-" "Mozilla/5.0 (Linux; Android 6.0.1; Nexus 5X Build/MMB29P) AppleWebKit/537.36 (KHTML, like Gecko) Chrome/137.0.7151.103 Mobile Safari/537.36 (compatible; Googlebot/2.1; +http://www.google.com/bot.html)"
66.249.70.32 - - [10/Jul/2025:09:34:34 -0400] "GET /?v=36660556061330&mod=e33af099&uri=form.php%3Fid%3D1227616-736%26name%3Dspice+emeril+chicken+rub HTTP/1.1" 200 20304 "-" "Mozilla/5.0 (Linux; Android 6.0.1; Nexus 5X Build/MMB29P) AppleWebKit/537.36 (KHTML, like Gecko) Chrome/137.0.7151.103 Mobile Safari/537.36 (compatible; Googlebot/2.1; +http://www.google.com/bot.html)"
66.249.70.34 - - [10/Jul/2025:09:35:04 -0400] "GET /?v=26168572031330&mod=a98af636&uri=info.php%3Fid%3D876305-790%26name%3Dbrown+prada+mens+penny+loafers HTTP/1.1" 200 21069 "-" "Mozilla/5.0 (Linux; Android 6.0.1; Nexus 5X Build/MMB29P) AppleWebKit/537.36 (KHTML, like Gecko) Chrome/137.0.7151.103 Mobile Safari/537.36 (compatible; Googlebot/2.1; +http://www.google.com/bot.html)"
66.249.70.34 - - [10/Jul/2025:09:35:06 -0400] "GET /?v=119205765061330&mod=c164729e&uri=category-info.php%3Fid%3D3991185-650%26name%3Dfreshlabels+stussy+basic+stussy+tee HTTP/1.1" 200 21338 "-" "Mozilla/5.0 (Linux; Android 6.0.1; Nexus 5X Build/MMB29P) AppleWebKit/537.36 (KHTML, like Gecko) Chrome/137.0.7151.103 Mobile Safari/537.36 (compatible; Googlebot/2.1; +http://www.google.com/bot.html)"
66.249.70.32 - - [10/Jul/2025:09:35:06 -0400] "GET /?v=173010041330&mod=d4254a0e&uri=news.php%3Fid%3D5791-93%26name%3Dlow+pro+vans+southmall HTTP/1.1" 200 22509 "-" "Mozilla/5.0 (Linux; Android 6.0.1; Nexus 5X Build/MMB29P) AppleWebKit/537.36 (KHTML, like Gecko) Chrome/137.0.7151.103 Mobile Safari/537.36 (compatible; Googlebot/2.1; +http://www.google.com/bot.html)"
66.249.70.33 - - [10/Jul/2025:09:35:11 -0400] "POST /get-message-notify HTTP/1.1" 404 1251 "https://www.getschooljobs.com/?v=119205765061330&mod=c164729e&uri=category-info.php%3Fid%3D3991185-650%26name%3Dfreshlabels+stussy+basic+stussy+tee" "Mozilla/5.0 (Linux; Android 6.0.1; Nexus 5X Build/MMB29P) AppleWebKit/537.36 (KHTML, like Gecko) Chrome/137.0.7151.119 Mobile Safari/537.36 (compatible; Googlebot/2.1; +http://www.google.com/bot.html)"
66.249.70.32 - - [10/Jul/2025:09:35:36 -0400] "GET /?v=15578784041330&mod=40cccad2&uri=us.php%3Fid%3D521670-43%26name%3Dbreast+cancer+multimodal+fusion+deep+learning HTTP/1.1" 200 21770 "-" "Mozilla/5.0 (Linux; Android 6.0.1; Nexus 5X Build/MMB29P) AppleWebKit/537.36 (KHTML, like Gecko) Chrome/137.0.7151.103 Mobile Safari/537.36 (compatible; Googlebot/2.1; +http://www.google.com/bot.html)"
66.249.70.32 - - [10/Jul/2025:09:35:38 -0400] "GET /?v=209578001330&mod=d4254a0e&uri=info.php%3Fid%3D7013-93%26name%3Dcaritasnepal+off+broadway+shoe+warehouse+coupon+code HTTP/1.1" 200 21916 "-" "Mozilla/5.0 (Linux; Android 6.0.1; Nexus 5X Build/MMB29P) AppleWebKit/537.36 (KHTML, like Gecko) Chrome/137.0.7151.103 Mobile Safari/537.36 (compatible; Googlebot/2.1; +http://www.google.com/bot.html)"
66.249.70.34 - - [10/Jul/2025:09:36:09 -0400] "GET /?v=92312071001330&mod=9f6bcebe&uri=shop.php%3Fid%3D3090661-784%26name%3Dbota+tradicional+botas+cuadra+de+elefante+precio HTTP/1.1" 200 21810 "-" "Mozilla/5.0 (Linux; Android 6.0.1; Nexus 5X Build/MMB29P) AppleWebKit/537.36 (KHTML, like Gecko) Chrome/137.0.7151.103 Mobile Safari/537.36 (compatible; Googlebot/2.1; +http://www.google.com/bot.html)"
66.249.70.33 - - [10/Jul/2025:09:36:51 -0400] "GET /?v=42413732011330&mod=0fd7b7d8&uri=product.php%3Fid%3D1420117-902%26name%3Dv%C3%A9lo+femme+enceinte+vtt+descente+femme HTTP/1.1" 200 21385 "-" "Mozilla/5.0 (Linux; Android 6.0.1; Nexus 5X Build/MMB29P) AppleWebKit/537.36 (KHTML, like Gecko) Chrome/137.0.7151.103 Mobile Safari/537.36 (compatible; Googlebot/2.1; +http://www.google.com/bot.html)"
52.255.111.127 - - [10/Jul/2025:09:37:24 -0400] "GET /?mod=b246cfdd&uri=blog.php?id%3D453169-843%26name%3Dcepillo+philips+cepillo+de+dientes+electrico+colgate&v=13535743021330 HTTP/1.1" 200 4655 "-" "Mozilla/5.0 AppleWebKit/537.36 (KHTML, like Gecko); compatible; ChatGPT-User/1.0; +https://openai.com/bot"
66.249.70.33 - - [10/Jul/2025:09:38:02 -0400] "GET /?v=26071357121330&mod=25766f01&uri=brands.php%3Fid%3D873057-29%26name%3Dschwinn+detroit+bikes+for+sale HTTP/1.1" 200 21819 "-" "Mozilla/5.0 (Linux; Android 6.0.1; Nexus 5X Build/MMB29P) AppleWebKit/537.36 (KHTML, like Gecko) Chrome/137.0.7151.103 Mobile Safari/537.36 (compatible; Googlebot/2.1; +http://www.google.com/bot.html)"
66.249.70.33 - - [10/Jul/2025:09:38:30 -0400] "GET /?v=3888189131330&mod=f97ebc47&uri=shared.php%3Fid%3D130153-726%26name%3Dariat+steel+toe+cap+boots+sale HTTP/1.1" 200 20171 "-" "Mozilla/5.0 (Linux; Android 6.0.1; Nexus 5X Build/MMB29P) AppleWebKit/537.36 (KHTML, like Gecko) Chrome/137.0.7151.103 Mobile Safari/537.36 (compatible; Googlebot/2.1; +http://www.google.com/bot.html)"
66.249.70.34 - - [10/Jul/2025:09:39:26 -0400] "GET /?v=66276347071330&mod=b99efe69&uri=form.php%3Fid%3D2219123-979%26name%3Dsneaker+dejaunir+semelle HTTP/1.1" 200 21247 "-" "Mozilla/5.0 (Linux; Android 6.0.1; Nexus 5X Build/MMB29P) AppleWebKit/537.36 (KHTML, like Gecko) Chrome/137.0.7151.103 Mobile Safari/537.36 (compatible; Googlebot/2.1; +http://www.google.com/bot.html)"
79.116.27.82 - - [10/Jul/2025:09:39:38 -0400] "GET /?v=76510974061330&mod=51323239&uri=article.php%3Fid%3D2561797-348%26name%3Dlego+game+download+lego+indiana+jones+android HTTP/1.1" 200 131 "https://www.google.com/" "Mozilla/5.0 (Windows NT 10.0; Win64; x64) AppleWebKit/537.36 (KHTML, like Gecko) Chrome/138.0.0.0 Safari/537.36"
66.249.70.32 - - [10/Jul/2025:09:39:55 -0400] "GET /?v=116986602041330&mod=1a25ea85&uri=pin.php%3Fid%3D3916807-1170%26name%3Dv2+bone+adidas+yeezy+shoes+womens HTTP/1.1" 200 21420 "-" "Mozilla/5.0 (Linux; Android 6.0.1; Nexus 5X Build/MMB29P) AppleWebKit/537.36 (KHTML, like Gecko) Chrome/137.0.7151.103 Mobile Safari/537.36 (compatible; Googlebot/2.1; +http://www.google.com/bot.html)"
66.249.70.34 - - [10/Jul/2025:09:40:22 -0400] "GET /?v=15166304031330&mod=78a7f120&uri=product.php%3Fid%3D507861-875%26name%3Dcanciones+infantiles+musica+para+estimular+inteligencia+bebes HTTP/1.1" 200 21979 "-" "Mozilla/5.0 (Linux; Android 6.0.1; Nexus 5X Build/MMB29P) AppleWebKit/537.36 (KHTML, like Gecko) Chrome/137.0.7151.103 Mobile Safari/537.36 (compatible; Googlebot/2.1; +http://www.google.com/bot.html)"
66.249.70.33 - - [10/Jul/2025:09:40:23 -0400] "GET /?v=26176252041330&mod=2c8672aa&uri=pin.php%3Fid%3D876561-470%26name%3Dchunky+loafer+kurt+geiger+patent+loafers HTTP/1.1" 200 21141 "-" "Mozilla/5.0 (Linux; Android 6.0.1; Nexus 5X Build/MMB29P) AppleWebKit/537.36 (KHTML, like Gecko) Chrome/137.0.7151.103 Mobile Safari/537.36 (compatible; Googlebot/2.1; +http://www.google.com/bot.html)"
66.249.70.34 - - [10/Jul/2025:09:40:24 -0400] "GET /?v=76756621001330&mod=6a145993&uri=itm.php%3Fid%3D2570013-481%26name%3Dscarpa+trail+scarpe+trail+running+offerta HTTP/1.1" 200 22452 "-" "Mozilla/5.0 (Linux; Android 6.0.1; Nexus 5X Build/MMB29P) AppleWebKit/537.36 (KHTML, like Gecko) Chrome/137.0.7151.103 Mobile Safari/537.36 (compatible; Googlebot/2.1; +http://www.google.com/bot.html)"
66.249.70.33 - - [10/Jul/2025:09:40:25 -0400] "GET /?v=100577013041330&mod=27bcf255&uri=shared.php%3Fid%3D3367489-610%26name%3Dchinese+new+new+vapormax+utility HTTP/1.1" 200 21346 "-" "Mozilla/5.0 (Linux; Android 6.0.1; Nexus 5X Build/MMB29P) AppleWebKit/537.36 (KHTML, like Gecko) Chrome/137.0.7151.103 Mobile Safari/537.36 (compatible; Googlebot/2.1; +http://www.google.com/bot.html)"
66.249.70.32 - - [10/Jul/2025:09:40:27 -0400] "POST /get-message-notify HTTP/1.1" 404 1251 "https://www.getschooljobs.com/?v=26176252041330&mod=2c8672aa&uri=pin.php%3Fid%3D876561-470%26name%3Dchunky+loafer+kurt+geiger+patent+loafers" "Mozilla/5.0 (Linux; Android 6.0.1; Nexus 5X Build/MMB29P) AppleWebKit/537.36 (KHTML, like Gecko) Chrome/137.0.7151.119 Mobile Safari/537.36 (compatible; Googlebot/2.1; +http://www.google.com/bot.html)"
66.249.70.32 - - [10/Jul/2025:09:40:39 -0400] "GET /?v=42410762011330&mod=afb7f6f9&uri=info.php%3Fid%3D1420018-399%26name%3Dprivacy+screen+invisible+shield+for+iphone+xr HTTP/1.1" 200 20733 "-" "Mozilla/5.0 (Linux; Android 6.0.1; Nexus 5X Build/MMB29P) AppleWebKit/537.36 (KHTML, like Gecko) Chrome/137.0.7151.103 Mobile Safari/537.36 (compatible; Googlebot/2.1; +http://www.google.com/bot.html)"
66.249.70.32 - - [10/Jul/2025:09:40:40 -0400] "GET /?v=107807825041330&mod=47718c70&uri=pin.php%3Fid%3D3609549-756%26name%3Dmilitary+coat+monsoon+khaki+jacket HTTP/1.1" 200 20733 "-" "Mozilla/5.0 (Linux; Android 6.0.1; Nexus 5X Build/MMB29P) AppleWebKit/537.36 (KHTML, like Gecko) Chrome/137.0.7151.103 Mobile Safari/537.36 (compatible; Googlebot/2.1; +http://www.google.com/bot.html)"
66.249.70.32 - - [10/Jul/2025:09:40:43 -0400] "POST /get-message-notify HTTP/1.1" 404 1251 "https://www.getschooljobs.com/?v=42410762011330&mod=afb7f6f9&uri=info.php%3Fid%3D1420018-399%26name%3Dprivacy+screen+invisible+shield+for+iphone+xr" "Mozilla/5.0 (Linux; Android 6.0.1; Nexus 5X Build/MMB29P) AppleWebKit/537.36 (KHTML, like Gecko) Chrome/137.0.7151.119 Mobile Safari/537.36 (compatible; Googlebot/2.1; +http://www.google.com/bot.html)"
66.249.70.32 - - [10/Jul/2025:09:41:07 -0400] "GET /?v=26171212061330&mod=a98af636&uri=news.php%3Fid%3D876393-790%26name%3Dconverse+chucks+converse+560846c HTTP/1.1" 200 21035 "-" "Mozilla/5.0 (Linux; Android 6.0.1; Nexus 5X Build/MMB29P) AppleWebKit/537.36 (KHTML, like Gecko) Chrome/137.0.7151.103 Mobile Safari/537.36 (compatible; Googlebot/2.1; +http://www.google.com/bot.html)"
66.249.70.32 - - [10/Jul/2025:09:41:33 -0400] "GET /?v=26125194011330&mod=5d50ce11&uri=dp.php%3Fid%3D874856-563%26name%3Dcycle+rack+roswheel+tour+rear+rack HTTP/1.1" 200 20637 "-" "Mozilla/5.0 (Linux; Android 6.0.1; Nexus 5X Build/MMB29P) AppleWebKit/537.36 (KHTML, like Gecko) Chrome/137.0.7151.103 Mobile Safari/537.36 (compatible; Googlebot/2.1; +http://www.google.com/bot.html)"
176.126.103.148 - - [10/Jul/2025:09:43:02 -0400] "GET / HTTP/1.1" 200 5437 "http://getschooljobs.com" "Mozilla/5.0 (Macintosh; Intel Mac OS X 10_15_7) AppleWebKit/605.1.15 (KHTML, like Gecko) Version/15.1 Safari/605.1.15"
176.126.103.148 - - [10/Jul/2025:09:43:05 -0400] "GET /assets/bootstrap.bundle.min.js HTTP/1.1" 200 28442 "http://getschooljobs.com/assets/bootstrap.bundle.min.js" "Mozilla/5.0 (Macintosh; Intel Mac OS X 10_15_7) AppleWebKit/605.1.15 (KHTML, like Gecko) Version/15.1 Safari/605.1.15"
176.126.103.148 - - [10/Jul/2025:09:43:07 -0400] "GET /assets/purecounter_vanilla.js HTTP/1.1" 200 2478 "http://getschooljobs.com/assets/purecounter_vanilla.js" "Mozilla/5.0 (Macintosh; Intel Mac OS X 10_15_7) AppleWebKit/605.1.15 (KHTML, like Gecko) Version/15.1 Safari/605.1.15"
176.126.103.148 - - [10/Jul/2025:09:43:07 -0400] "GET /assets/swiper-bundle.min.js HTTP/1.1" 200 51920 "http://getschooljobs.com/assets/swiper-bundle.min.js" "Mozilla/5.0 (Macintosh; Intel Mac OS X 10_15_7) AppleWebKit/605.1.15 (KHTML, like Gecko) Version/15.1 Safari/605.1.15"
176.126.103.148 - - [10/Jul/2025:09:43:08 -0400] "GET /assets/main.js HTTP/1.1" 200 1817 "http://getschooljobs.com/assets/main.js" "Mozilla/5.0 (Macintosh; Intel Mac OS X 10_15_7) AppleWebKit/605.1.15 (KHTML, like Gecko) Version/15.1 Safari/605.1.15"
66.249.70.32 - - [10/Jul/2025:09:43:28 -0400] "GET /?v=51220173081330&mod=e7ccdaa0&uri=form.php%3Fid%3D1714851-590%26name%3Dteamfp+nike+nike+air+max+720+ispa HTTP/1.1" 200 20779 "-" "Mozilla/5.0 (Linux; Android 6.0.1; Nexus 5X Build/MMB29P) AppleWebKit/537.36 (KHTML, like Gecko) Chrome/137.0.7151.103 Mobile Safari/537.36 (compatible; Googlebot/2.1; +http://www.google.com/bot.html)"
66.249.70.33 - - [10/Jul/2025:09:43:58 -0400] "GET /?v=26058158021330&mod=625cbb43&uri=product.php%3Fid%3D872597-383%26name%3Dsandals+xabier+doc+martens HTTP/1.1" 200 21555 "-" "Mozilla/5.0 (Linux; Android 6.0.1; Nexus 5X Build/MMB29P) AppleWebKit/537.36 (KHTML, like Gecko) Chrome/137.0.7151.103 Mobile Safari/537.36 (compatible; Googlebot/2.1; +http://www.google.com/bot.html)"
66.249.70.32 - - [10/Jul/2025:09:44:13 -0400] "GET /?v=62988963021330&mod=527490f0&uri=itm.php%3Fid%3D2109005-130%26name%3Dpost+impressionism+arts+and+culture+van+gogh HTTP/1.1" 200 21534 "-" "Mozilla/5.0 (Linux; Android 6.0.1; Nexus 5X Build/MMB29P) AppleWebKit/537.36 (KHTML, like Gecko) Chrome/137.0.7151.103 Mobile Safari/537.36 (compatible; Googlebot/2.1; +http://www.google.com/bot.html)"
5.161.230.104 - - [10/Jul/2025:09:44:16 -0400] "GET /?v=118638718041330&mod=f3dbbbd1&uri=info.php?id%3D3972157-728&name=kelty+hydration+backpack+kelty+ridgeway+backpack HTTP/1.1" 200 4655 "-" "Mozilla/5.0 (Windows NT 10.0; Win64; x64) AppleWebKit/537.36 (KHTML, like Gecko) Chrome/84.0.4147.105 Safari/537.36"
5.161.186.143 - - [10/Jul/2025:09:44:19 -0400] "GET /?v=33517390041330&mod=ac42634b&uri=search.php?id%3D1122349-356&name=split+system+4000+btu+mini+split HTTP/1.1" 200 4656 "-" "Mozilla/5.0 (Windows NT 10.0; Win64; x64) AppleWebKit/537.36 (KHTML, like Gecko) Chrome/84.0.4147.105 Safari/537.36"
66.249.70.32 - - [10/Jul/2025:09:44:29 -0400] "GET /?v=116720209101330&mod=40cccad2&uri=search.php%3Fid%3D3907878-43%26name%3Djumperoo+what+age+can+babies+use+an+exersaucer HTTP/1.1" 200 21208 "-" "Mozilla/5.0 (Linux; Android 6.0.1; Nexus 5X Build/MMB29P) AppleWebKit/537.36 (KHTML, like Gecko) Chrome/137.0.7151.103 Mobile Safari/537.36 (compatible; Googlebot/2.1; +http://www.google.com/bot.html)"
68.221.75.21 - - [10/Jul/2025:09:44:31 -0400] "GET /?mod=71bba973&uri=category-info.php?id%3D2250084-642%26name%3Dladies+sunglasses+fendi+round+sunglasses+with+crystals&v=67201295011330 HTTP/1.1" 200 4655 "-" "Mozilla/5.0 AppleWebKit/537.36 (KHTML, like Gecko); compatible; ChatGPT-User/1.0; +https://openai.com/bot"
66.249.70.32 - - [10/Jul/2025:09:44:57 -0400] "POST /get-message-notify HTTP/1.1" 404 1251 "https://www.getschooljobs.com/?v=116720209101330&mod=40cccad2&uri=search.php%3Fid%3D3907878-43%26name%3Djumperoo+what+age+can+babies+use+an+exersaucer" "Mozilla/5.0 (Linux; Android 6.0.1; Nexus 5X Build/MMB29P) AppleWebKit/537.36 (KHTML, like Gecko) Chrome/137.0.7151.119 Mobile Safari/537.36 (compatible; Googlebot/2.1; +http://www.google.com/bot.html)"
66.249.70.32 - - [10/Jul/2025:09:45:24 -0400] "GET /?v=118693659001330&mod=4747f5ca&uri=products.php%3Fid%3D3973995-78%26name%3Dvintage+lace+gloves+crochet+pattern HTTP/1.1" 200 21724 "-" "Mozilla/5.0 (Linux; Android 6.0.1; Nexus 5X Build/MMB29P) AppleWebKit/537.36 (KHTML, like Gecko) Chrome/137.0.7151.103 Mobile Safari/537.36 (compatible; Googlebot/2.1; +http://www.google.com/bot.html)"
66.249.70.32 - - [10/Jul/2025:09:45:51 -0400] "GET /?v=68406291071330&mod=37e01843&uri=product.php%3Fid%3D2290426-121%26name%3Dsony+digital+camera+camera+sony+zv1+price HTTP/1.1" 200 21320 "-" "Mozilla/5.0 (Linux; Android 6.0.1; Nexus 5X Build/MMB29P) AppleWebKit/537.36 (KHTML, like Gecko) Chrome/137.0.7151.103 Mobile Safari/537.36 (compatible; Googlebot/2.1; +http://www.google.com/bot.html)"
66.249.70.32 - - [10/Jul/2025:09:45:51 -0400] "GET /?v=51194538031330&mod=9a80cf89&uri=itm.php%3Fid%3D1713992-448%26name%3Dcraghopper+jacket+amazon+craghoppers+fleece HTTP/1.1" 200 21476 "-" "Mozilla/5.0 (Linux; Android 6.0.1; Nexus 5X Build/MMB29P) AppleWebKit/537.36 (KHTML, like Gecko) Chrome/137.0.7151.103 Mobile Safari/537.36 (compatible; Googlebot/2.1; +http://www.google.com/bot.html)"
66.249.70.32 - - [10/Jul/2025:09:45:52 -0400] "GET /?v=92308391011330&mod=9f6bcebe&uri=product.php%3Fid%3D3090537-784%26name%3Dnike+air+max+270+championes+nike+de+colores HTTP/1.1" 200 21615 "-" "Mozilla/5.0 (Linux; Android 6.0.1; Nexus 5X Build/MMB29P) AppleWebKit/537.36 (KHTML, like Gecko) Chrome/137.0.7151.103 Mobile Safari/537.36 (compatible; Googlebot/2.1; +http://www.google.com/bot.html)"
189.37.69.76 - - [10/Jul/2025:09:46:24 -0400] "GET /?v=3743806071330&mod=4297ef5f&uri=products.php%3Fid%3D125324-306%26name%3Dtenis+branco+feminino+mais+vendido HTTP/1.1" 200 132 "https://www.google.com/" "Mozilla/5.0 (Linux; Android 10; K) AppleWebKit/537.36 (KHTML, like Gecko) Chrome/138.0.0.0 Mobile Safari/537.36"
66.249.70.34 - - [10/Jul/2025:09:46:42 -0400] "POST /get-message-notify HTTP/1.1" 404 1251 "https://www.getschooljobs.com/?v=15166304031330&mod=78a7f120&uri=product.php%3Fid%3D507861-875%26name%3Dcanciones+infantiles+musica+para+estimular+inteligencia+bebes" "Mozilla/5.0 (Linux; Android 6.0.1; Nexus 5X Build/MMB29P) AppleWebKit/537.36 (KHTML, like Gecko) Chrome/137.0.7151.119 Mobile Safari/537.36 (compatible; Googlebot/2.1; +http://www.google.com/bot.html)"
66.249.70.32 - - [10/Jul/2025:09:46:57 -0400] "GET /?v=42414002101330&mod=1b854e40&uri=products.php%3Fid%3D1420126-1095%26name%3Dsorel+women%27s+joanie+iii+lace+wedge+joanie+wedge+sandal HTTP/1.1" 200 20725 "-" "Mozilla/5.0 (Linux; Android 6.0.1; Nexus 5X Build/MMB29P) AppleWebKit/537.36 (KHTML, like Gecko) Chrome/137.0.7151.103 Mobile Safari/537.36 (compatible; Googlebot/2.1; +http://www.google.com/bot.html)"
66.249.70.32 - - [10/Jul/2025:09:47:11 -0400] "GET /?v=3895929061330&mod=6b77b838&uri=shop.php%3Fid%3D130411-158%26name%3Dwheels+table+hot+wheels+road+rally+raceway+kohls HTTP/1.1" 200 21937 "-" "Mozilla/5.0 (Linux; Android 6.0.1; Nexus 5X Build/MMB29P) AppleWebKit/537.36 (KHTML, like Gecko) Chrome/137.0.7151.103 Mobile Safari/537.36 (compatible; Googlebot/2.1; +http://www.google.com/bot.html)"
66.249.70.33 - - [10/Jul/2025:09:47:25 -0400] "GET /?v=41180513001330&mod=78f41579&uri=product.php%3Fid%3D1378859-120%26name%3Dblack+herschel+womens+rain+jacket HTTP/1.1" 200 21457 "-" "Mozilla/5.0 (Linux; Android 6.0.1; Nexus 5X Build/MMB29P) AppleWebKit/537.36 (KHTML, like Gecko) Chrome/137.0.7151.103 Mobile Safari/537.36 (compatible; Googlebot/2.1; +http://www.google.com/bot.html)"
66.249.70.32 - - [10/Jul/2025:09:47:27 -0400] "GET /?v=26123869001330&mod=e3eb4194&uri=goods.php%3Fid%3D874811-76%26name%3Dbackpacking+packs+camelbak+backpack HTTP/1.1" 200 21308 "-" "Mozilla/5.0 (Linux; Android 6.0.1; Nexus 5X Build/MMB29P) AppleWebKit/537.36 (KHTML, like Gecko) Chrome/137.0.7151.103 Mobile Safari/537.36 (compatible; Googlebot/2.1; +http://www.google.com/bot.html)"
66.249.88.198 - - [10/Jul/2025:09:49:06 -0400] "GET /.well-known/traffic-advice HTTP/1.1" 302 771 "-" "Chrome Privacy Preserving Prefetch Proxy"
193.186.4.240 - - [10/Jul/2025:09:49:06 -0400] "GET /?v=119304229031330&mod=c59a7295&uri=brands.php%3Fid%3D3994470-435%26name%3Dmidi+canelado+cropped+com+saia+midi HTTP/1.1" 200 134 "https://www.google.com/" "Mozilla/5.0 (Linux; Android 10; K) AppleWebKit/537.36 (KHTML, like Gecko) Chrome/138.0.0.0 Mobile Safari/537.36"
66.249.70.32 - - [10/Jul/2025:09:49:15 -0400] "GET /?v=41075064051330&mod=f5f3b8d7&uri=shop.php%3Fid%3D1375322-58%26name%3Dsupercar+lykan+glasses HTTP/1.1" 200 21914 "-" "Mozilla/5.0 (Linux; Android 6.0.1; Nexus 5X Build/MMB29P) AppleWebKit/537.36 (KHTML, like Gecko) Chrome/137.0.7151.103 Mobile Safari/537.36 (compatible; Googlebot/2.1; +http://www.google.com/bot.html)"
66.249.70.32 - - [10/Jul/2025:09:49:19 -0400] "POST /get-message-notify HTTP/1.1" 404 1251 "https://www.getschooljobs.com/?v=41075064051330&mod=f5f3b8d7&uri=shop.php%3Fid%3D1375322-58%26name%3Dsupercar+lykan+glasses" "Mozilla/5.0 (Linux; Android 6.0.1; Nexus 5X Build/MMB29P) AppleWebKit/537.36 (KHTML, like Gecko) Chrome/137.0.7151.119 Mobile Safari/537.36 (compatible; Googlebot/2.1; +http://www.google.com/bot.html)"
66.249.70.32 - - [10/Jul/2025:09:49:28 -0400] "GET /?v=63059654031330&mod=a16ded07&uri=products.php%3Fid%3D2111370-1783%26name%3Dplus+size+jd+williams+ladies+summer+dresses HTTP/1.1" 200 20701 "-" "Mozilla/5.0 (Linux; Android 6.0.1; Nexus 5X Build/MMB29P) AppleWebKit/537.36 (KHTML, like Gecko) Chrome/137.0.7151.103 Mobile Safari/537.36 (compatible; Googlebot/2.1; +http://www.google.com/bot.html)"
66.249.70.32 - - [10/Jul/2025:09:49:29 -0400] "GET /?v=26053085031330&mod=75d121c8&uri=category-info.php%3Fid%3D872419-810%26name%3Dcamera+pix+vtech+kidizoom+4x+digital+zoom HTTP/1.1" 200 22090 "-" "Mozilla/5.0 (Linux; Android 6.0.1; Nexus 5X Build/MMB29P) AppleWebKit/537.36 (KHTML, like Gecko) Chrome/137.0.7151.103 Mobile Safari/537.36 (compatible; Googlebot/2.1; +http://www.google.com/bot.html)"
66.249.70.32 - - [10/Jul/2025:09:49:30 -0400] "GET /?v=26054078031330&mod=75d121c8&uri=category-info.php%3Fid%3D872453-810%26name%3Dstreaming+nexgtv HTTP/1.1" 200 21491 "-" "Mozilla/5.0 (Linux; Android 6.0.1; Nexus 5X Build/MMB29P) AppleWebKit/537.36 (KHTML, like Gecko) Chrome/137.0.7151.103 Mobile Safari/537.36 (compatible; Googlebot/2.1; +http://www.google.com/bot.html)"
66.249.70.32 - - [10/Jul/2025:09:49:30 -0400] "GET /?v=66136414001330&mod=077efd55&uri=pin.php%3Fid%3D2214448-216%26name%3D5600x+processor+amd+ryzen+5600x+stock+cooler HTTP/1.1" 200 22172 "-" "Mozilla/5.0 (Linux; Android 6.0.1; Nexus 5X Build/MMB29P) AppleWebKit/537.36 (KHTML, like Gecko) Chrome/137.0.7151.103 Mobile Safari/537.36 (compatible; Googlebot/2.1; +http://www.google.com/bot.html)"
66.249.70.32 - - [10/Jul/2025:09:49:31 -0400] "GET /?v=51176748051330&mod=032d9c7d&uri=products.php%3Fid%3D1713398-116%26name%3Dhard+drive+lenovo+yoga+520+14ikb+u+ram+upgrade HTTP/1.1" 200 22166 "-" "Mozilla/5.0 (Linux; Android 6.0.1; Nexus 5X Build/MMB29P) AppleWebKit/537.36 (KHTML, like Gecko) Chrome/137.0.7151.103 Mobile Safari/537.36 (compatible; Googlebot/2.1; +http://www.google.com/bot.html)"
66.249.70.32 - - [10/Jul/2025:09:50:20 -0400] "GET /?v=26118788001330&mod=76e58a9d&uri=goods.php%3Fid%3D874641-1487%26name%3Dwater+bottle+hydration+pack+for+trekking HTTP/1.1" 200 20093 "-" "Mozilla/5.0 (Linux; Android 6.0.1; Nexus 5X Build/MMB29P) AppleWebKit/537.36 (KHTML, like Gecko) Chrome/137.0.7151.103 Mobile Safari/537.36 (compatible; Googlebot/2.1; +http://www.google.com/bot.html)"
66.249.70.32 - - [10/Jul/2025:09:50:33 -0400] "GET /?v=41181533021330&mod=dce58de1&uri=goods.php%3Fid%3D1378893-537%26name%3Dsnack+box+best+lunch+containers+for+work HTTP/1.1" 200 21925 "-" "Mozilla/5.0 (Linux; Android 6.0.1; Nexus 5X Build/MMB29P) AppleWebKit/537.36 (KHTML, like Gecko) Chrome/137.0.7151.103 Mobile Safari/537.36 (compatible; Googlebot/2.1; +http://www.google.com/bot.html)"
66.249.70.32 - - [10/Jul/2025:09:50:47 -0400] "GET /?v=102571751061330&mod=c7876d6b&uri=info.php%3Fid%3D3434275-134%26name%3Dfondos+descargar+esferas+apple+watch HTTP/1.1" 200 21024 "-" "Mozilla/5.0 (Linux; Android 6.0.1; Nexus 5X Build/MMB29P) AppleWebKit/537.36 (KHTML, like Gecko) Chrome/137.0.7151.103 Mobile Safari/537.36 (compatible; Googlebot/2.1; +http://www.google.com/bot.html)"
178.156.137.37 - - [10/Jul/2025:09:51:41 -0400] "GET /?v=2654852071330&mod=c1b15063&uri=shared.php?id%3D88866-561&name=wedge+nike+cci+forged+irons+review HTTP/1.1" 200 4655 "-" "Mozilla/5.0 (Windows NT 10.0; Win64; x64) AppleWebKit/537.36 (KHTML, like Gecko) Chrome/84.0.4147.105 Safari/537.36"
66.249.70.32 - - [10/Jul/2025:09:51:53 -0400] "GET /?v=92305271061330&mod=9f6bcebe&uri=info.php%3Fid%3D3090433-784%26name%3Dmax+97+tenis+de+jesus+nike HTTP/1.1" 200 21122 "-" "Mozilla/5.0 (Linux; Android 6.0.1; Nexus 5X Build/MMB29P) AppleWebKit/537.36 (KHTML, like Gecko) Chrome/137.0.7151.103 Mobile Safari/537.36 (compatible; Googlebot/2.1; +http://www.google.com/bot.html)"
66.249.70.33 - - [10/Jul/2025:09:52:08 -0400] "GET /?v=118695159091330&mod=c59a7295&uri=news.php%3Fid%3D3974045-435%26name%3Dvestido+rosa+vestidos+longos+moda+evang%C3%83%C2%A9lica+2019 HTTP/1.1" 200 21312 "-" "Mozilla/5.0 (Linux; Android 6.0.1; Nexus 5X Build/MMB29P) AppleWebKit/537.36 (KHTML, like Gecko) Chrome/137.0.7151.103 Mobile Safari/537.36 (compatible; Googlebot/2.1; +http://www.google.com/bot.html)"
66.249.70.32 - - [10/Jul/2025:09:52:32 -0400] "POST /get-message-notify HTTP/1.1" 404 1251 "https://www.getschooljobs.com/?v=118695159091330&mod=c59a7295&uri=news.php%3Fid%3D3974045-435%26name%3Dvestido+rosa+vestidos+longos+moda+evang%C3%83%C2%A9lica+2019" "Mozilla/5.0 (Linux; Android 6.0.1; Nexus 5X Build/MMB29P) AppleWebKit/537.36 (KHTML, like Gecko) Chrome/137.0.7151.119 Mobile Safari/537.36 (compatible; Googlebot/2.1; +http://www.google.com/bot.html)"
66.249.70.32 - - [10/Jul/2025:09:52:35 -0400] "GET /?v=26120869041330&mod=76e58a9d&uri=shared.php%3Fid%3D874711-1487%26name%3Ddaypack+osprey+ariel+50 HTTP/1.1" 200 21529 "-" "Mozilla/5.0 (Linux; Android 6.0.1; Nexus 5X Build/MMB29P) AppleWebKit/537.36 (KHTML, like Gecko) Chrome/137.0.7151.103 Mobile Safari/537.36 (compatible; Googlebot/2.1; +http://www.google.com/bot.html)"
66.249.70.33 - - [10/Jul/2025:09:52:35 -0400] "GET /?v=67208271041330&mod=71bba973&uri=category-info.php%3Fid%3D2250319-642%26name%3Dpriv%C3%A9+revaux+victoria+sunglasses HTTP/1.1" 200 21414 "-" "Mozilla/5.0 (Linux; Android 6.0.1; Nexus 5X Build/MMB29P) AppleWebKit/537.36 (KHTML, like Gecko) Chrome/137.0.7151.103 Mobile Safari/537.36 (compatible; Googlebot/2.1; +http://www.google.com/bot.html)"
66.249.70.32 - - [10/Jul/2025:09:52:40 -0400] "POST /get-message-notify HTTP/1.1" 404 1251 "https://www.getschooljobs.com/?v=67208271041330&mod=71bba973&uri=category-info.php%3Fid%3D2250319-642%26name%3Dpriv%C3%A9+revaux+victoria+sunglasses" "Mozilla/5.0 (Linux; Android 6.0.1; Nexus 5X Build/MMB29P) AppleWebKit/537.36 (KHTML, like Gecko) Chrome/137.0.7151.119 Mobile Safari/537.36 (compatible; Googlebot/2.1; +http://www.google.com/bot.html)"
66.249.70.32 - - [10/Jul/2025:09:53:03 -0400] "GET /?v=117048247031330&mod=c0681c91&uri=products.php%3Fid%3D3918878-206%26name%3Dmaria+mare+stivali+mare HTTP/1.1" 200 21336 "-" "Mozilla/5.0 (Linux; Android 6.0.1; Nexus 5X Build/MMB29P) AppleWebKit/537.36 (KHTML, like Gecko) Chrome/137.0.7151.103 Mobile Safari/537.36 (compatible; Googlebot/2.1; +http://www.google.com/bot.html)"
66.249.70.33 - - [10/Jul/2025:09:53:37 -0400] "GET /?v=24418670051330&mod=d9d3837e&uri=search.php%3Fid%3D817708-77%26name%3Dnikon+f+fujifilm+e+mount+adapter HTTP/1.1" 200 21940 "-" "Mozilla/5.0 (Linux; Android 6.0.1; Nexus 5X Build/MMB29P) AppleWebKit/537.36 (KHTML, like Gecko) Chrome/137.0.7151.103 Mobile Safari/537.36 (compatible; Googlebot/2.1; +http://www.google.com/bot.html)"
92.82.35.14 - - [10/Jul/2025:09:54:19 -0400] "GET /?v=116764455001330&mod=b246cfdd&uri=article.php%3Fid%3D3909359-843%26name%3Davion+playmobil+pacific+airline HTTP/1.1" 200 134 "https://www.google.com/" "Mozilla/5.0 (Windows NT 10.0; Win64; x64; rv:140.0) Gecko/20100101 Firefox/140.0"
66.249.70.33 - - [10/Jul/2025:09:54:29 -0400] "GET /?v=115435020031330&mod=b7bc2a2f&uri=pin.php%3Fid%3D3864856-333%26name%3Dhalloween+princess+childrens+dressing+up+clothes HTTP/1.1" 200 21463 "-" "Mozilla/5.0 (Linux; Android 6.0.1; Nexus 5X Build/MMB29P) AppleWebKit/537.36 (KHTML, like Gecko) Chrome/137.0.7151.103 Mobile Safari/537.36 (compatible; Googlebot/2.1; +http://www.google.com/bot.html)"
5.161.90.116 - - [10/Jul/2025:09:55:32 -0400] "GET /?v=106437983081330&mod=efe8c47a&uri=product.php?id%3D3563708-538&name=polinesios+barbie+juguetes+de+los+polinesios+para+comprar HTTP/1.1" 200 4656 "-" "Mozilla/5.0 (Windows NT 10.0; Win64; x64) AppleWebKit/537.36 (KHTML, like Gecko) Chrome/84.0.4147.105 Safari/537.36"
66.249.70.33 - - [10/Jul/2025:09:55:37 -0400] "GET /?v=103420889071330&mod=77c68297&uri=products.php%3Fid%3D3462696-555%26name%3Dchain+nefertiti+charm+gold HTTP/1.1" 200 21743 "-" "Mozilla/5.0 (Linux; Android 6.0.1; Nexus 5X Build/MMB29P) AppleWebKit/537.36 (KHTML, like Gecko) Chrome/137.0.7151.103 Mobile Safari/537.36 (compatible; Googlebot/2.1; +http://www.google.com/bot.html)"
66.249.70.33 - - [10/Jul/2025:09:55:42 -0400] "POST /get-message-notify HTTP/1.1" 404 1251 "https://www.getschooljobs.com/?v=103420889071330&mod=77c68297&uri=products.php%3Fid%3D3462696-555%26name%3Dchain+nefertiti+charm+gold" "Mozilla/5.0 (Linux; Android 6.0.1; Nexus 5X Build/MMB29P) AppleWebKit/537.36 (KHTML, like Gecko) Chrome/137.0.7151.119 Mobile Safari/537.36 (compatible; Googlebot/2.1; +http://www.google.com/bot.html)"
66.249.70.32 - - [10/Jul/2025:09:55:51 -0400] "GET /?v=83162105001330&mod=afac0bdc&uri=news.php%3Fid%3D2784411-169%26name%3Dprendas+chaquetas+mujer+para+frio+extremo HTTP/1.1" 200 22283 "-" "Mozilla/5.0 (Linux; Android 6.0.1; Nexus 5X Build/MMB29P) AppleWebKit/537.36 (KHTML, like Gecko) Chrome/137.0.7151.103 Mobile Safari/537.36 (compatible; Googlebot/2.1; +http://www.google.com/bot.html)"
66.249.70.32 - - [10/Jul/2025:09:55:51 -0400] "GET /?v=51354144011330&mod=edb636f6&uri=product.php%3Fid%3D1719334-243%26name%3Dblusas+tipicas+blusas+artesanales+mercado+libre HTTP/1.1" 200 21066 "-" "Mozilla/5.0 (Linux; Android 6.0.1; Nexus 5X Build/MMB29P) AppleWebKit/537.36 (KHTML, like Gecko) Chrome/137.0.7151.103 Mobile Safari/537.36 (compatible; Googlebot/2.1; +http://www.google.com/bot.html)"
74.7.35.56 - - [10/Jul/2025:09:56:03 -0400] "GET /?mod=b3bf7881&uri=article.php?id%3D3200453-1402%26name%3Dshopping+centre+toronto+lacoste+eaton+centre&v=95590323061330 HTTP/1.1" 200 4655 "-" "Mozilla/5.0 AppleWebKit/537.36 (KHTML, like Gecko); compatible; ChatGPT-User/1.0; +https://openai.com/bot"
66.249.70.32 - - [10/Jul/2025:09:56:08 -0400] "GET /?v=15556685081330&mod=52b9bec2&uri=product.php%3Fid%3D520929-866%26name%3Ddouble+stroller+baby+jogger+city+elite+with+bassinet HTTP/1.1" 200 20979 "-" "Mozilla/5.0 (Linux; Android 6.0.1; Nexus 5X Build/MMB29P) AppleWebKit/537.36 (KHTML, like Gecko) Chrome/137.0.7151.103 Mobile Safari/537.36 (compatible; Googlebot/2.1; +http://www.google.com/bot.html)"
66.249.70.33 - - [10/Jul/2025:09:56:08 -0400] "GET /?v=40680230021330&mod=afb7f6f9&uri=form.php%3Fid%3D1362107-399%26name%3Dredmi+note+anime+back+cover HTTP/1.1" 200 21768 "-" "Mozilla/5.0 (Linux; Android 6.0.1; Nexus 5X Build/MMB29P) AppleWebKit/537.36 (KHTML, like Gecko) Chrome/137.0.7151.103 Mobile Safari/537.36 (compatible; Googlebot/2.1; +http://www.google.com/bot.html)"
74.7.35.48 - - [10/Jul/2025:09:56:09 -0400] "GET / HTTP/1.1" 200 4655 "-" "Mozilla/5.0 AppleWebKit/537.36 (KHTML, like Gecko); compatible; ChatGPT-User/1.0; +https://openai.com/bot"
66.249.70.33 - - [10/Jul/2025:09:57:29 -0400] "GET /?v=26072497001330&mod=9d4b60fb&uri=info.php%3Fid%3D873095-649%26name%3Dtrench+coat+leather+jacket+women+winter HTTP/1.1" 200 21561 "-" "Mozilla/5.0 (Linux; Android 6.0.1; Nexus 5X Build/MMB29P) AppleWebKit/537.36 (KHTML, like Gecko) Chrome/137.0.7151.103 Mobile Safari/537.36 (compatible; Googlebot/2.1; +http://www.google.com/bot.html)"
47.20.211.172 - - [10/Jul/2025:09:57:31 -0400] "GET /?v=91466047031330&mod=1a6d89db&uri=goods.php%3Fid%3D3062351-1345%26name%3Dadvanced+formula+zymox+ear+infection HTTP/1.1" 200 133 "https://www.google.com/" "Mozilla/5.0 (X11; CrOS x86_64 14541.0.0) AppleWebKit/537.36 (KHTML, like Gecko) Chrome/137.0.0.0 Safari/537.36"
4.227.36.111 - - [10/Jul/2025:09:57:40 -0400] "GET /robots.txt HTTP/1.1" 404 1251 "-" "Mozilla/5.0 AppleWebKit/537.36 (KHTML, like Gecko; compatible; GPTBot/1.2; +https://openai.com/gptbot)"
172.182.193.94 - - [10/Jul/2025:09:57:41 -0400] "GET /?mod=b3bf7881&uri=article.php%3Fid%3D3200453-1402%26name%3Dshopping+centre+toronto+lacoste+eaton+centre&v=95590323061330 HTTP/1.1" 200 4655 "-" "Mozilla/5.0 (Macintosh; Intel Mac OS X 10_15_7) AppleWebKit/537.36 (KHTML, like Gecko) Chrome/131.0.0.0 Safari/537.36; compatible; OAI-SearchBot/1.0; +https://openai.com/searchbot"
66.249.70.32 - - [10/Jul/2025:09:58:10 -0400] "GET /?v=30231862001330&mod=90918ccd&uri=article.php%3Fid%3D1012355-89%26name%3Dtrainer+v2+new+balance+512+orange HTTP/1.1" 200 21990 "-" "Mozilla/5.0 (Linux; Android 6.0.1; Nexus 5X Build/MMB29P) AppleWebKit/537.36 (KHTML, like Gecko) Chrome/137.0.7151.103 Mobile Safari/537.36 (compatible; Googlebot/2.1; +http://www.google.com/bot.html)"
66.249.70.32 - - [10/Jul/2025:09:58:14 -0400] "POST /get-message-notify HTTP/1.1" 404 1251 "https://www.getschooljobs.com/?v=30231862001330&mod=90918ccd&uri=article.php%3Fid%3D1012355-89%26name%3Dtrainer+v2+new+balance+512+orange" "Mozilla/5.0 (Linux; Android 6.0.1; Nexus 5X Build/MMB29P) AppleWebKit/537.36 (KHTML, like Gecko) Chrome/137.0.7151.119 Mobile Safari/537.36 (compatible; Googlebot/2.1; +http://www.google.com/bot.html)"
66.249.70.32 - - [10/Jul/2025:09:58:39 -0400] "GET /?v=42409772041330&mod=8f15f399&uri=search.php%3Fid%3D1419985-894%26name%3Dbunny+grey+zapatillas+bad+bunny+grises HTTP/1.1" 200 20969 "-" "Mozilla/5.0 (Linux; Android 6.0.1; Nexus 5X Build/MMB29P) AppleWebKit/537.36 (KHTML, like Gecko) Chrome/137.0.7151.103 Mobile Safari/537.36 (compatible; Googlebot/2.1; +http://www.google.com/bot.html)"
66.249.70.32 - - [10/Jul/2025:09:59:24 -0400] "GET /?v=88648125071330&mod=8965f766&uri=products.php%3Fid%3D2968030-55%26name%3Dski+zaini+camp+prezzi HTTP/1.1" 200 20763 "-" "Mozilla/5.0 (Linux; Android 6.0.1; Nexus 5X Build/MMB29P) AppleWebKit/537.36 (KHTML, like Gecko) Chrome/137.0.7151.103 Mobile Safari/537.36 (compatible; Googlebot/2.1; +http://www.google.com/bot.html)"
66.249.70.32 - - [10/Jul/2025:09:59:39 -0400] "GET /?v=97518713091330&mod=d4e452f4&uri=info.php%3Fid%3D3265037-137%26name%3Ddavid+beckham+instinct+perfume+price HTTP/1.1" 200 21275 "-" "Mozilla/5.0 (Linux; Android 6.0.1; Nexus 5X Build/MMB29P) AppleWebKit/537.36 (KHTML, like Gecko) Chrome/137.0.7151.103 Mobile Safari/537.36 (compatible; Googlebot/2.1; +http://www.google.com/bot.html)"
66.249.70.33 - - [10/Jul/2025:09:59:42 -0400] "POST /get-message-notify HTTP/1.1" 404 1251 "https://www.getschooljobs.com/?v=97518713091330&mod=d4e452f4&uri=info.php%3Fid%3D3265037-137%26name%3Ddavid+beckham+instinct+perfume+price" "Mozilla/5.0 (Linux; Android 6.0.1; Nexus 5X Build/MMB29P) AppleWebKit/537.36 (KHTML, like Gecko) Chrome/137.0.7151.119 Mobile Safari/537.36 (compatible; Googlebot/2.1; +http://www.google.com/bot.html)"
172.213.21.147 - - [10/Jul/2025:09:59:48 -0400] "GET /?mod=5029a54e&uri=article.php?id%3D721354-672%26name%3Dinglesina+aptica+inglesina+trilogy+city+stroller+review&v=21542750121330 HTTP/1.1" 200 4655 "-" "Mozilla/5.0 AppleWebKit/537.36 (KHTML, like Gecko); compatible; ChatGPT-User/1.0; +https://openai.com/bot"
66.249.70.33 - - [10/Jul/2025:10:02:38 -0400] "GET /?v=115508246031330&mod=59089496&uri=shop.php%3Fid%3D3867303-280%26name%3Dg+dji+mavic+antenna+booster HTTP/1.1" 200 21890 "-" "Mozilla/5.0 (Linux; Android 6.0.1; Nexus 5X Build/MMB29P) AppleWebKit/537.36 (KHTML, like Gecko) Chrome/137.0.7151.103 Mobile Safari/537.36 (compatible; Googlebot/2.1; +http://www.google.com/bot.html)"
66.249.70.33 - - [10/Jul/2025:10:02:46 -0400] "POST /get-message-notify HTTP/1.1" 404 1251 "https://www.getschooljobs.com/?v=115508246031330&mod=59089496&uri=shop.php%3Fid%3D3867303-280%26name%3Dg+dji+mavic+antenna+booster" "Mozilla/5.0 (Linux; Android 6.0.1; Nexus 5X Build/MMB29P) AppleWebKit/537.36 (KHTML, like Gecko) Chrome/137.0.7151.119 Mobile Safari/537.36 (compatible; Googlebot/2.1; +http://www.google.com/bot.html)"
66.249.70.32 - - [10/Jul/2025:10:03:18 -0400] "GET /?v=92398442091330&mod=8bb877fc&uri=products.php%3Fid%3D3093556-966%26name%3Dbharatanatyam+costume+kuchipudi+costume+and+jewellery HTTP/1.1" 200 20325 "-" "Mozilla/5.0 (Linux; Android 6.0.1; Nexus 5X Build/MMB29P) AppleWebKit/537.36 (KHTML, like Gecko) Chrome/137.0.7151.103 Mobile Safari/537.36 (compatible; Googlebot/2.1; +http://www.google.com/bot.html)"
66.249.70.32 - - [10/Jul/2025:10:03:18 -0400] "GET /?v=55344568051330&mod=4fa53be9&uri=shop.php%3Fid%3D1852988-17%26name%3Dbody+geometry+sella+specialized+power HTTP/1.1" 200 21232 "-" "Mozilla/5.0 (Linux; Android 6.0.1; Nexus 5X Build/MMB29P) AppleWebKit/537.36 (KHTML, like Gecko) Chrome/137.0.7151.103 Mobile Safari/537.36 (compatible; Googlebot/2.1; +http://www.google.com/bot.html)"
66.249.70.32 - - [10/Jul/2025:10:03:32 -0400] "GET /?v=83974727031330&mod=5aa280f5&uri=shared.php%3Fid%3D2811607-465%26name%3Dleather+cord+magnetic+clasp+for+leather HTTP/1.1" 200 21605 "-" "Mozilla/5.0 (Linux; Android 6.0.1; Nexus 5X Build/MMB29P) AppleWebKit/537.36 (KHTML, like Gecko) Chrome/137.0.7151.103 Mobile Safari/537.36 (compatible; Googlebot/2.1; +http://www.google.com/bot.html)"
66.249.70.32 - - [10/Jul/2025:10:03:32 -0400] "GET /?v=92374582001330&mod=88052b22&uri=brands.php%3Fid%3D3092759-92%26name%3Dhardside+suitcase+ninetygo+carry+on+luggage+22x14x9 HTTP/1.1" 200 21155 "-" "Mozilla/5.0 (Linux; Android 6.0.1; Nexus 5X Build/MMB29P) AppleWebKit/537.36 (KHTML, like Gecko) Chrome/137.0.7151.103 Mobile Safari/537.36 (compatible; Googlebot/2.1; +http://www.google.com/bot.html)"
66.249.70.33 - - [10/Jul/2025:10:03:35 -0400] "POST /get-message-notify HTTP/1.1" 404 1251 "https://www.getschooljobs.com/?v=83974727031330&mod=5aa280f5&uri=shared.php%3Fid%3D2811607-465%26name%3Dleather+cord+magnetic+clasp+for+leather" "Mozilla/5.0 (Linux; Android 6.0.1; Nexus 5X Build/MMB29P) AppleWebKit/537.36 (KHTML, like Gecko) Chrome/137.0.7151.119 Mobile Safari/537.36 (compatible; Googlebot/2.1; +http://www.google.com/bot.html)"
66.249.70.32 - - [10/Jul/2025:10:03:46 -0400] "GET /?v=35112212041330&mod=6b77b838&uri=shared.php%3Fid%3D1175781-158%26name%3Dpop+disney+eve+earth+day+funko+pop HTTP/1.1" 200 21333 "-" "Mozilla/5.0 (Linux; Android 6.0.1; Nexus 5X Build/MMB29P) AppleWebKit/537.36 (KHTML, like Gecko) Chrome/137.0.7151.103 Mobile Safari/537.36 (compatible; Googlebot/2.1; +http://www.google.com/bot.html)"
66.249.70.32 - - [10/Jul/2025:10:03:51 -0400] "POST /get-message-notify HTTP/1.1" 404 1251 "https://www.getschooljobs.com/?v=92374582001330&mod=88052b22&uri=brands.php%3Fid%3D3092759-92%26name%3Dhardside+suitcase+ninetygo+carry+on+luggage+22x14x9" "Mozilla/5.0 (Linux; Android 6.0.1; Nexus 5X Build/MMB29P) AppleWebKit/537.36 (KHTML, like Gecko) Chrome/137.0.7151.119 Mobile Safari/537.36 (compatible; Googlebot/2.1; +http://www.google.com/bot.html)"
66.249.70.32 - - [10/Jul/2025:10:03:53 -0400] "GET /?v=92242057031330&mod=6b77b838&uri=article.php%3Fid%3D3088324-158%26name%3Dcute+tiny+animal+figures HTTP/1.1" 200 21203 "-" "Mozilla/5.0 (Linux; Android 6.0.1; Nexus 5X Build/MMB29P) AppleWebKit/537.36 (KHTML, like Gecko) Chrome/137.0.7151.103 Mobile Safari/537.36 (compatible; Googlebot/2.1; +http://www.google.com/bot.html)"
66.249.70.32 - - [10/Jul/2025:09:59:53 -0400] "GET /?v=92220536031330&mod=07c65274&uri=form.php%3Fid%3D3087606-543%26name%3Daveeno+products+aveeno+baby+fluid HTTP/1.1" 200 21427 "-" "Mozilla/5.0 (Linux; Android 6.0.1; Nexus 5X Build/MMB29P) AppleWebKit/537.36 (KHTML, like Gecko) Chrome/137.0.7151.103 Mobile Safari/537.36 (compatible; Googlebot/2.1; +http://www.google.com/bot.html)"
66.249.70.32 - - [10/Jul/2025:10:03:55 -0400] "GET /?v=72615679021330&mod=cb41f167&uri=products.php%3Fid%3D2431345-56%26name%3Dgravity+desk+chair+light+grey HTTP/1.1" 200 22194 "-" "Mozilla/5.0 (Linux; Android 6.0.1; Nexus 5X Build/MMB29P) AppleWebKit/537.36 (KHTML, like Gecko) Chrome/137.0.7151.103 Mobile Safari/537.36 (compatible; Googlebot/2.1; +http://www.google.com/bot.html)"
