66.249.70.33 - - [10/Jul/2025:11:26:16 -0400] "POST /get-message-notify HTTP/1.1" 404 1251 "https://www.getschooljobs.com/?v=115542821021330&mod=74b00fd0&uri=search.php%3Fid%3D3868463-1711%26name%3Dzalora+hermes+sur+le+nil+50ml" "Mozilla/5.0 (Linux; Android 6.0.1; Nexus 5X Build/MMB29P) AppleWebKit/537.36 (KHTML, like Gecko) Chrome/137.0.7151.119 Mobile Safari/537.36 (compatible; Googlebot/2.1; +http://www.google.com/bot.html)"
66.249.70.32 - - [10/Jul/2025:11:26:22 -0400] "GET /?v=100580163041330&mod=45f23f73&uri=brands.php%3Fid%3D3367594-352%26name%3Dcomplete+nutrition+generic+formula+for+gerber+good+start+gentle HTTP/1.1" 200 22194 "-" "Mozilla/5.0 (Linux; Android 6.0.1; Nexus 5X Build/MMB29P) AppleWebKit/537.36 (KHTML, like Gecko) Chrome/137.0.7151.103 Mobile Safari/537.36 (compatible; Googlebot/2.1; +http://www.google.com/bot.html)"
66.249.70.33 - - [10/Jul/2025:11:28:00 -0400] "GET /?v=102766298021330&mod=0dd81a42&uri=itm.php%3Fid%3D3440785-477%26name%3Ddigital+camera+lumix+g5+camera HTTP/1.1" 200 21605 "-" "Mozilla/5.0 (Linux; Android 6.0.1; Nexus 5X Build/MMB29P) AppleWebKit/537.36 (KHTML, like Gecko) Chrome/137.0.7151.103 Mobile Safari/537.36 (compatible; Googlebot/2.1; +http://www.google.com/bot.html)"
66.249.70.32 - - [10/Jul/2025:11:28:16 -0400] "POST /get-message-notify HTTP/1.1" 404 1251 "https://www.getschooljobs.com/?v=26160112001330&mod=cb41f167&uri=search.php%3Fid%3D876023-56%26name%3Dseater+garden+sofa" "Mozilla/5.0 (Linux; Android 6.0.1; Nexus 5X Build/MMB29P) AppleWebKit/537.36 (KHTML, like Gecko) Chrome/137.0.7151.119 Mobile Safari/537.36 (compatible; Googlebot/2.1; +http://www.google.com/bot.html)"
69.145.25.20 - - [10/Jul/2025:11:28:20 -0400] "GET /robots.txt HTTP/1.1" 404 1251 "-" "Mozilla/5.0 (Linux; Android 5.0; SM-G900P Build/LRX21T) AppleWebKit/537.36 (KHTML, like Gecko) Chrome/60.0.7016.1009 Mobile Safari/537.36"
81.21.233.172 - - [10/Jul/2025:11:28:28 -0400] "GET /?v=39879002071330&mod=9493def6&uri=shared.php%3Fid%3D1335306-436%26name%3Dcolor+champagne+trajes+color+dorado HTTP/1.1" 200 4656 "-" "Mozilla/5.0 (Windows NT 10.0; Win64; x64) AppleWebKit/537.36 (KHTML, like Gecko) Chrome/131.0.0.0 Safari/537.36"
129.222.65.62 - - [10/Jul/2025:11:28:42 -0400] "GET /?v=118390427071330&mod=42e52333&uri=dp.php%3Fid%3D3963835-652%26name%3Dtrajes+de+falda+y+blusa+elegantes HTTP/1.1" 200 134 "https://www.google.com/" "Mozilla/5.0 (Linux; Android 10; K) AppleWebKit/537.36 (KHTML, like Gecko) Chrome/138.0.0.0 Mobile Safari/537.36"
66.249.70.32 - - [10/Jul/2025:11:28:52 -0400] "GET /?v=40636410031330&mod=08cc5f2a&uri=category-info.php%3Fid%3D1360642-577%26name%3Dsueter+tejido+su%C3%83%C2%A9ter+cuello+tortuga+para+hombre HTTP/1.1" 200 21956 "-" "Mozilla/5.0 (Linux; Android 6.0.1; Nexus 5X Build/MMB29P) AppleWebKit/537.36 (KHTML, like Gecko) Chrome/137.0.7151.103 Mobile Safari/537.36 (compatible; Googlebot/2.1; +http://www.google.com/bot.html)"
66.249.70.32 - - [10/Jul/2025:11:29:32 -0400] "GET /?v=115418297051330&mod=b7bc2a2f&uri=category-info.php%3Fid%3D3864298-333%26name%3Dsummer+cheetah+print+shirt+dress HTTP/1.1" 200 20799 "-" "Mozilla/5.0 (Linux; Android 6.0.1; Nexus 5X Build/MMB29P) AppleWebKit/537.36 (KHTML, like Gecko) Chrome/137.0.7151.103 Mobile Safari/537.36 (compatible; Googlebot/2.1; +http://www.google.com/bot.html)"
66.249.70.34 - - [10/Jul/2025:11:29:34 -0400] "POST /get-message-notify HTTP/1.1" 404 1251 "https://www.getschooljobs.com/?v=115418297051330&mod=b7bc2a2f&uri=category-info.php%3Fid%3D3864298-333%26name%3Dsummer+cheetah+print+shirt+dress" "Mozilla/5.0 (Linux; Android 6.0.1; Nexus 5X Build/MMB29P) AppleWebKit/537.36 (KHTML, like Gecko) Chrome/137.0.7151.119 Mobile Safari/537.36 (compatible; Googlebot/2.1; +http://www.google.com/bot.html)"
66.249.70.32 - - [10/Jul/2025:11:30:11 -0400] "GET /?v=26157382071330&mod=fc01bb05&uri=shared.php%3Fid%3D875932-581%26name%3Djupiter+astromaster+76eq+astromaster+130eq+celestron+astromaster HTTP/1.1" 200 20617 "-" "Mozilla/5.0 (Linux; Android 6.0.1; Nexus 5X Build/MMB29P) AppleWebKit/537.36 (KHTML, like Gecko) Chrome/137.0.7151.103 Mobile Safari/537.36 (compatible; Googlebot/2.1; +http://www.google.com/bot.html)"
66.249.70.32 - - [10/Jul/2025:11:26:26 -0400] "POST /get-message-notify HTTP/1.1" 404 1251 "https://www.getschooljobs.com/?v=100580163041330&mod=45f23f73&uri=brands.php%3Fid%3D3367594-352%26name%3Dcomplete+nutrition+generic+formula+for+gerber+good+start+gentle" "Mozilla/5.0 (Linux; Android 6.0.1; Nexus 5X Build/MMB29P) AppleWebKit/537.36 (KHTML, like Gecko) Chrome/137.0.7151.119 Mobile Safari/537.36 (compatible; Googlebot/2.1; +http://www.google.com/bot.html)"
74.7.36.92 - - [10/Jul/2025:11:26:58 -0400] "GET /?mod=3fb2acb5&uri=shared.php?id%3D699189-540%26name%3Dmini+c30+nespresso+essenza+mini+watt&v=20879958011330 HTTP/1.1" 200 4656 "-" "Mozilla/5.0 AppleWebKit/537.36 (KHTML, like Gecko); compatible; ChatGPT-User/1.0; +https://openai.com/bot"
66.249.70.32 - - [10/Jul/2025:11:27:02 -0400] "GET /?v=26118188001330&mod=077efd55&uri=article.php%3Fid%3D874621-216%26name%3Drakit+pc+i5+2400+with+gt+1030 HTTP/1.1" 200 21887 "-" "Mozilla/5.0 (Linux; Android 6.0.1; Nexus 5X Build/MMB29P) AppleWebKit/537.36 (KHTML, like Gecko) Chrome/137.0.7151.103 Mobile Safari/537.36 (compatible; Googlebot/2.1; +http://www.google.com/bot.html)"
66.249.70.33 - - [10/Jul/2025:11:27:15 -0400] "GET /?v=66053938051330&mod=45f23f73&uri=us.php%3Fid%3D2211690-352%26name%3Dpink+long+sleeve+sleepsuits HTTP/1.1" 200 21912 "-" "Mozilla/5.0 (Linux; Android 6.0.1; Nexus 5X Build/MMB29P) AppleWebKit/537.36 (KHTML, like Gecko) Chrome/137.0.7151.103 Mobile Safari/537.36 (compatible; Googlebot/2.1; +http://www.google.com/bot.html)"
66.249.70.32 - - [10/Jul/2025:11:27:46 -0400] "GET /?v=26160112001330&mod=cb41f167&uri=search.php%3Fid%3D876023-56%26name%3Dseater+garden+sofa HTTP/1.1" 200 22109 "-" "Mozilla/5.0 (Linux; Android 6.0.1; Nexus 5X Build/MMB29P) AppleWebKit/537.36 (KHTML, like Gecko) Chrome/137.0.7151.103 Mobile Safari/537.36 (compatible; Googlebot/2.1; +http://www.google.com/bot.html)"
66.249.70.33 - - [10/Jul/2025:11:36:56 -0400] "GET /?v=66056878031330&mod=45f23f73&uri=product.php%3Fid%3D2211788-352%26name%3Dgeorge+pig+peppa+pig+babygrow HTTP/1.1" 200 22496 "-" "Mozilla/5.0 (Linux; Android 6.0.1; Nexus 5X Build/MMB29P) AppleWebKit/537.36 (KHTML, like Gecko) Chrome/137.0.7151.103 Mobile Safari/537.36 (compatible; Googlebot/2.1; +http://www.google.com/bot.html)"
66.249.70.33 - - [10/Jul/2025:11:36:56 -0400] "GET /?v=63582711091330&mod=4297ef5f&uri=form.php%3Fid%3D2128885-306%26name%3Dadidas+hombre+tenis+adidas+para+comprar HTTP/1.1" 200 21943 "-" "Mozilla/5.0 (Linux; Android 6.0.1; Nexus 5X Build/MMB29P) AppleWebKit/537.36 (KHTML, like Gecko) Chrome/137.0.7151.103 Mobile Safari/537.36 (compatible; Googlebot/2.1; +http://www.google.com/bot.html)"
107.178.194.34 - - [10/Jul/2025:11:37:03 -0400] "HEAD /?mod=5029a54e&uri=search.php?id=3194243-672&name=belt+extension+2013+ford+focus+seat+belt+buckle&v=95404825021330 HTTP/1.1" 200 0 "http://www.getschooljobs.com" "Mozilla/5.0 (Windows NT 10.0; Win64; x64) AppleWebKit/537.36 (KHTML, like Gecko) Chrome/112.0.0.0 Safari/537.36 AppEngine-Google; (+http://code.google.com/appengine; appid: s~virustotalcloud)"
18.119.128.179 - - [10/Jul/2025:11:37:03 -0400] "GET /?mod=5029a54e&uri=search.php?id=3194243-672&name=belt+extension+2013+ford+focus+seat+belt+buckle&v=95404825021330 HTTP/1.1" 200 5437 "-" "Mozilla/5.0 (Windows NT 10.0; Win64; x64) AppleWebKit/537.36 (KHTML, like Gecko) Chrome/114.0.0.0 Safari/537.36 Edg/114.0.1823.51"
18.118.20.39 - - [10/Jul/2025:11:37:03 -0400] "GET /?mod=5029a54e&uri=search.php?id=3194243-672&name=belt+extension+2013+ford+focus+seat+belt+buckle&v=95404825021330 HTTP/1.1" 200 5437 "-" "Mozilla/5.0 (Windows NT 10.0; Win64; x64) AppleWebKit/537.36 (KHTML, like Gecko) Chrome/114.0.0.0 Safari/537.36 Edg/114.0.1823.51"
107.178.194.34 - - [10/Jul/2025:11:37:04 -0400] "GET /?mod=5029a54e&uri=search.php?id=3194243-672&name=belt+extension+2013+ford+focus+seat+belt+buckle&v=95404825021330 HTTP/1.1" 200 4655 "http://www.getschooljobs.com" "Mozilla/5.0 (Windows NT 10.0; Win64; x64) AppleWebKit/537.36 (KHTML, like Gecko) Chrome/112.0.0.0 Safari/537.36 AppEngine-Google; (+http://code.google.com/appengine; appid: s~virustotalcloud)"
34.86.212.119 - - [10/Jul/2025:11:37:05 -0400] "GET /?mod=5029a54e&uri=search.php?id=3194243-672&name=belt+extension+2013+ford+focus+seat+belt+buckle&v=95404825021330 HTTP/1.1" 200 4655 "-" "Mozilla/5.0 (Windows NT 10.0; Win64; x64) AppleWebKit/537.36 (KHTML, like Gecko) Chrome/112.0.0.0 Safari/537.36"
34.86.212.119 - - [10/Jul/2025:11:37:06 -0400] "GET /assets/swiper-bundle.min.css HTTP/1.1" 200 4499 "https://www.getschooljobs.com/?mod=5029a54e&uri=search.php?id=3194243-672&name=belt+extension+2013+ford+focus+seat+belt+buckle&v=95404825021330" "Mozilla/5.0 (Windows NT 10.0; Win64; x64) AppleWebKit/537.36 (KHTML, like Gecko) Chrome/112.0.0.0 Safari/537.36"
34.86.212.119 - - [10/Jul/2025:11:37:06 -0400] "GET /assets/main.css HTTP/1.1" 200 7933 "https://www.getschooljobs.com/?mod=5029a54e&uri=search.php?id=3194243-672&name=belt+extension+2013+ford+focus+seat+belt+buckle&v=95404825021330" "Mozilla/5.0 (Windows NT 10.0; Win64; x64) AppleWebKit/537.36 (KHTML, like Gecko) Chrome/112.0.0.0 Safari/537.36"
34.86.212.119 - - [10/Jul/2025:11:37:06 -0400] "GET /assets/purecounter_vanilla.js HTTP/1.1" 200 2229 "https://www.getschooljobs.com/?mod=5029a54e&uri=search.php?id=3194243-672&name=belt+extension+2013+ford+focus+seat+belt+buckle&v=95404825021330" "Mozilla/5.0 (Windows NT 10.0; Win64; x64) AppleWebKit/537.36 (KHTML, like Gecko) Chrome/112.0.0.0 Safari/537.36"
34.86.212.119 - - [10/Jul/2025:11:37:06 -0400] "GET /assets/img/schooljob.png HTTP/1.1" 200 51241 "https://www.getschooljobs.com/?mod=5029a54e&uri=search.php?id=3194243-672&name=belt+extension+2013+ford+focus+seat+belt+buckle&v=95404825021330" "Mozilla/5.0 (Windows NT 10.0; Win64; x64) AppleWebKit/537.36 (KHTML, like Gecko) Chrome/112.0.0.0 Safari/537.36"
34.86.212.119 - - [10/Jul/2025:11:37:06 -0400] "GET /assets/img/about-21.webp HTTP/1.1" 200 78192 "https://www.getschooljobs.com/?mod=5029a54e&uri=search.php?id=3194243-672&name=belt+extension+2013+ford+focus+seat+belt+buckle&v=95404825021330" "Mozilla/5.0 (Windows NT 10.0; Win64; x64) AppleWebKit/537.36 (KHTML, like Gecko) Chrome/112.0.0.0 Safari/537.36"
34.86.212.119 - - [10/Jul/2025:11:37:06 -0400] "GET /assets/main.js HTTP/1.1" 200 1456 "https://www.getschooljobs.com/?mod=5029a54e&uri=search.php?id=3194243-672&name=belt+extension+2013+ford+focus+seat+belt+buckle&v=95404825021330" "Mozilla/5.0 (Windows NT 10.0; Win64; x64) AppleWebKit/537.36 (KHTML, like Gecko) Chrome/112.0.0.0 Safari/537.36"
34.86.212.119 - - [10/Jul/2025:11:37:06 -0400] "GET /assets/bootstrap.bundle.min.js HTTP/1.1" 200 22944 "https://www.getschooljobs.com/?mod=5029a54e&uri=search.php?id=3194243-672&name=belt+extension+2013+ford+focus+seat+belt+buckle&v=95404825021330" "Mozilla/5.0 (Windows NT 10.0; Win64; x64) AppleWebKit/537.36 (KHTML, like Gecko) Chrome/112.0.0.0 Safari/537.36"
34.86.212.119 - - [10/Jul/2025:11:37:06 -0400] "GET /assets/bootstrap.min.css HTTP/1.1" 200 28266 "https://www.getschooljobs.com/?mod=5029a54e&uri=search.php?id=3194243-672&name=belt+extension+2013+ford+focus+seat+belt+buckle&v=95404825021330" "Mozilla/5.0 (Windows NT 10.0; Win64; x64) AppleWebKit/537.36 (KHTML, like Gecko) Chrome/112.0.0.0 Safari/537.36"
34.86.212.119 - - [10/Jul/2025:11:37:06 -0400] "GET /assets/swiper-bundle.min.js HTTP/1.1" 200 41186 "https://www.getschooljobs.com/?mod=5029a54e&uri=search.php?id=3194243-672&name=belt+extension+2013+ford+focus+seat+belt+buckle&v=95404825021330" "Mozilla/5.0 (Windows NT 10.0; Win64; x64) AppleWebKit/537.36 (KHTML, like Gecko) Chrome/112.0.0.0 Safari/537.36"
34.86.212.119 - - [10/Jul/2025:11:37:06 -0400] "GET /assets/img/favicon.png HTTP/1.1" 200 1369 "https://www.getschooljobs.com/?mod=5029a54e&uri=search.php?id=3194243-672&name=belt+extension+2013+ford+focus+seat+belt+buckle&v=95404825021330" "Mozilla/5.0 (Windows NT 10.0; Win64; x64) AppleWebKit/537.36 (KHTML, like Gecko) Chrome/112.0.0.0 Safari/537.36"
54.71.187.124 - - [10/Jul/2025:11:37:06 -0400] "GET /?mod=5029a54e&uri=search.php?id=3194243-672&name=belt+extension+2013+ford+focus+seat+belt+buckle&v=95404825021330 HTTP/1.1" 200 4655 "-" "Mozilla/5.0 (Windows NT 10.0; Win64; x64; rv:139.0) Gecko/20100101 Firefox/139.0"
54.71.187.124 - - [10/Jul/2025:11:37:07 -0400] "GET /assets/bootstrap.min.css HTTP/1.1" 200 28266 "https://www.getschooljobs.com/?mod=5029a54e&uri=search.php?id=3194243-672&name=belt+extension+2013+ford+focus+seat+belt+buckle&v=95404825021330" "Mozilla/5.0 (Windows NT 10.0; Win64; x64; rv:139.0) Gecko/20100101 Firefox/139.0"
54.71.187.124 - - [10/Jul/2025:11:37:07 -0400] "GET /assets/swiper-bundle.min.css HTTP/1.1" 200 4499 "https://www.getschooljobs.com/?mod=5029a54e&uri=search.php?id=3194243-672&name=belt+extension+2013+ford+focus+seat+belt+buckle&v=95404825021330" "Mozilla/5.0 (Windows NT 10.0; Win64; x64; rv:139.0) Gecko/20100101 Firefox/139.0"
54.71.187.124 - - [10/Jul/2025:11:37:07 -0400] "GET /assets/main.css HTTP/1.1" 200 7933 "https://www.getschooljobs.com/?mod=5029a54e&uri=search.php?id=3194243-672&name=belt+extension+2013+ford+focus+seat+belt+buckle&v=95404825021330" "Mozilla/5.0 (Windows NT 10.0; Win64; x64; rv:139.0) Gecko/20100101 Firefox/139.0"
54.71.187.124 - - [10/Jul/2025:11:37:07 -0400] "GET /assets/img/schooljob.png HTTP/1.1" 200 51241 "https://www.getschooljobs.com/?mod=5029a54e&uri=search.php?id=3194243-672&name=belt+extension+2013+ford+focus+seat+belt+buckle&v=95404825021330" "Mozilla/5.0 (Windows NT 10.0; Win64; x64; rv:139.0) Gecko/20100101 Firefox/139.0"
54.71.187.124 - - [10/Jul/2025:11:37:07 -0400] "GET /assets/img/about-21.webp HTTP/1.1" 200 78192 "https://www.getschooljobs.com/?mod=5029a54e&uri=search.php?id=3194243-672&name=belt+extension+2013+ford+focus+seat+belt+buckle&v=95404825021330" "Mozilla/5.0 (Windows NT 10.0; Win64; x64; rv:139.0) Gecko/20100101 Firefox/139.0"
54.71.187.124 - - [10/Jul/2025:11:37:07 -0400] "GET /assets/bootstrap.bundle.min.js HTTP/1.1" 200 22944 "https://www.getschooljobs.com/?mod=5029a54e&uri=search.php?id=3194243-672&name=belt+extension+2013+ford+focus+seat+belt+buckle&v=95404825021330" "Mozilla/5.0 (Windows NT 10.0; Win64; x64; rv:139.0) Gecko/20100101 Firefox/139.0"
54.71.187.124 - - [10/Jul/2025:11:37:07 -0400] "GET /assets/purecounter_vanilla.js HTTP/1.1" 200 2229 "https://www.getschooljobs.com/?mod=5029a54e&uri=search.php?id=3194243-672&name=belt+extension+2013+ford+focus+seat+belt+buckle&v=95404825021330" "Mozilla/5.0 (Windows NT 10.0; Win64; x64; rv:139.0) Gecko/20100101 Firefox/139.0"
54.71.187.124 - - [10/Jul/2025:11:37:07 -0400] "GET /assets/swiper-bundle.min.js HTTP/1.1" 200 41186 "https://www.getschooljobs.com/?mod=5029a54e&uri=search.php?id=3194243-672&name=belt+extension+2013+ford+focus+seat+belt+buckle&v=95404825021330" "Mozilla/5.0 (Windows NT 10.0; Win64; x64; rv:139.0) Gecko/20100101 Firefox/139.0"
54.71.187.124 - - [10/Jul/2025:11:37:07 -0400] "GET /assets/main.js HTTP/1.1" 200 1456 "https://www.getschooljobs.com/?mod=5029a54e&uri=search.php?id=3194243-672&name=belt+extension+2013+ford+focus+seat+belt+buckle&v=95404825021330" "Mozilla/5.0 (Windows NT 10.0; Win64; x64; rv:139.0) Gecko/20100101 Firefox/139.0"
43.166.240.231 - - [10/Jul/2025:11:37:07 -0400] "GET / HTTP/1.1" 200 5437 "http://getschooljobs.com" "Mozilla/5.0 (iPhone; CPU iPhone OS 13_2_3 like Mac OS X) AppleWebKit/605.1.15 (KHTML, like Gecko) Version/13.0.3 Mobile/15E148 Safari/604.1"
107.178.194.33 - - [10/Jul/2025:11:37:13 -0400] "HEAD /?mod=5029a54e&uri=search.php?id=3194243-672&name=belt+extension+2013+ford+focus+seat+belt+buckle&v=95404825021330 HTTP/1.1" 200 0 "http://www.getschooljobs.com" "Mozilla/5.0 (X11; Linux x86_64) AppleWebKit/537.36 (KHTML, like Gecko) Chrome/112.0.0.0 Safari/537.36 AppEngine-Google; (+http://code.google.com/appengine; appid: s~virustotalcloud)"
107.178.194.34 - - [10/Jul/2025:11:37:14 -0400] "GET /?mod=5029a54e&uri=search.php?id=3194243-672&name=belt+extension+2013+ford+focus+seat+belt+buckle&v=95404825021330 HTTP/1.1" 200 20962 "http://www.getschooljobs.com" "Mozilla/5.0 (X11; Linux x86_64) AppleWebKit/537.36 (KHTML, like Gecko) Chrome/112.0.0.0 Safari/537.36 AppEngine-Google; (+http://code.google.com/appengine; appid: s~virustotalcloud)"
66.249.70.32 - - [10/Jul/2025:11:37:36 -0400] "GET /?v=99626598001330&mod=9582a448&uri=shop.php%3Fid%3D3335631-198%26name%3Dmeat+thermometers+thermometer+for+smoker+with+app HTTP/1.1" 200 22264 "-" "Mozilla/5.0 (Linux; Android 6.0.1; Nexus 5X Build/MMB29P) AppleWebKit/537.36 (KHTML, like Gecko) Chrome/137.0.7151.103 Mobile Safari/537.36 (compatible; Googlebot/2.1; +http://www.google.com/bot.html)"
38.170.169.70 - - [10/Jul/2025:11:37:35 -0400] "GET /?v=13550459091330&mod=298f5874&uri=info.php%3Fid%3D453662-39%26name%3Dritz+michael+kors+mother+of+pearls HTTP/1.1" 200 4656 "-" "Mozilla/5.0 (Windows NT 10.0; Win64; x64) AppleWebKit/537.36 (KHTML, like Gecko) Chrome/131.0.0.0 Safari/537.36"
66.249.70.32 - - [10/Jul/2025:11:37:37 -0400] "POST /get-message-notify HTTP/1.1" 404 1251 "https://www.getschooljobs.com/?v=115674690081330&mod=3a1fb708&uri=article.php%3Fid%3D3872869-820%26name%3Dfarfetch+prada+belted+nylon+jacket" "Mozilla/5.0 (Linux; Android 6.0.1; Nexus 5X Build/MMB29P) AppleWebKit/537.36 (KHTML, like Gecko) Chrome/137.0.7151.119 Mobile Safari/537.36 (compatible; Googlebot/2.1; +http://www.google.com/bot.html)"
66.249.70.32 - - [10/Jul/2025:11:37:49 -0400] "GET /?v=26175532061330&mod=a98af636&uri=product.php%3Fid%3D876537-790%26name%3Dboots+clearance+white+platform+boots+fancy+dress HTTP/1.1" 200 20573 "-" "Mozilla/5.0 (Linux; Android 6.0.1; Nexus 5X Build/MMB29P) AppleWebKit/537.36 (KHTML, like Gecko) Chrome/137.0.7151.103 Mobile Safari/537.36 (compatible; Googlebot/2.1; +http://www.google.com/bot.html)"
66.249.70.32 - - [10/Jul/2025:11:30:51 -0400] "GET /?v=7790155031330&mod=536c4baf&uri=pin.php%3Fid%3D260788-954%26name%3Druler+feet+inches+in+metric HTTP/1.1" 200 21165 "-" "Mozilla/5.0 (Linux; Android 6.0.1; Nexus 5X Build/MMB29P) AppleWebKit/537.36 (KHTML, like Gecko) Chrome/137.0.7151.103 Mobile Safari/537.36 (compatible; Googlebot/2.1; +http://www.google.com/bot.html)"
66.249.70.32 - - [10/Jul/2025:11:31:03 -0400] "POST /get-message-notify HTTP/1.1" 404 1251 "https://www.getschooljobs.com/?v=7790155031330&mod=536c4baf&uri=pin.php%3Fid%3D260788-954%26name%3Druler+feet+inches+in+metric" "Mozilla/5.0 (Linux; Android 6.0.1; Nexus 5X Build/MMB29P) AppleWebKit/537.36 (KHTML, like Gecko) Chrome/137.0.7151.119 Mobile Safari/537.36 (compatible; Googlebot/2.1; +http://www.google.com/bot.html)"
66.249.70.32 - - [10/Jul/2025:11:31:54 -0400] "GET /?v=26153182071330&mod=fc01bb05&uri=shop.php%3Fid%3D875792-581%26name%3Dcelestron+omni+xlt+az+102 HTTP/1.1" 200 20564 "-" "Mozilla/5.0 (Linux; Android 6.0.1; Nexus 5X Build/MMB29P) AppleWebKit/537.36 (KHTML, like Gecko) Chrome/137.0.7151.103 Mobile Safari/537.36 (compatible; Googlebot/2.1; +http://www.google.com/bot.html)"
66.249.70.32 - - [10/Jul/2025:11:31:55 -0400] "GET /?v=85184687061330&mod=b1553ff2&uri=blog.php%3Fid%3D2852103-168%26name%3Dhanway+furious+nk+hanway+125+for+sale HTTP/1.1" 200 21923 "-" "Mozilla/5.0 (Linux; Android 6.0.1; Nexus 5X Build/MMB29P) AppleWebKit/537.36 (KHTML, like Gecko) Chrome/137.0.7151.103 Mobile Safari/537.36 (compatible; Googlebot/2.1; +http://www.google.com/bot.html)"
66.249.70.32 - - [10/Jul/2025:11:31:56 -0400] "GET /pcmypage?callback=/product%2Fdetail%2F102231436052330 HTTP/1.1" 404 1251 "-" "Mozilla/5.0 (Linux; Android 6.0.1; Nexus 5X Build/MMB29P) AppleWebKit/537.36 (KHTML, like Gecko) Chrome/137.0.7151.103 Mobile Safari/537.36 (compatible; Googlebot/2.1; +http://www.google.com/bot.html)"
66.249.70.32 - - [10/Jul/2025:11:32:10 -0400] "GET /?v=40751311021330&mod=adf7e293&uri=dp.php%3Fid%3D1364489-71%26name%3Dhat+cap+g+star+effo+long+beanie HTTP/1.1" 200 21709 "-" "Mozilla/5.0 (Linux; Android 6.0.1; Nexus 5X Build/MMB29P) AppleWebKit/537.36 (KHTML, like Gecko) Chrome/137.0.7151.103 Mobile Safari/537.36 (compatible; Googlebot/2.1; +http://www.google.com/bot.html)"
47.128.47.172 - - [10/Jul/2025:11:32:21 -0400] "GET /robots.txt HTTP/1.1" 404 1251 "-" "Mozilla/5.0 (Linux; Android 5.0) AppleWebKit/537.36 (KHTML, like Gecko) Mobile Safari/537.36 (compatible; Bytespider; spider-feedback@bytedance.com)"
66.249.70.34 - - [10/Jul/2025:11:33:40 -0400] "GET /?v=26148777001330&mod=5eb2a86c&uri=info.php%3Fid%3D875645-91%26name%3Dmakita+cordless+makita+5007nk HTTP/1.1" 200 21150 "-" "Mozilla/5.0 (Linux; Android 6.0.1; Nexus 5X Build/MMB29P) AppleWebKit/537.36 (KHTML, like Gecko) Chrome/137.0.7151.103 Mobile Safari/537.36 (compatible; Googlebot/2.1; +http://www.google.com/bot.html)"
66.249.70.33 - - [10/Jul/2025:11:37:50 -0400] "GET /?v=115668698001330&mod=efa0bc42&uri=form.php%3Fid%3D3872669-1159%26name%3Dsneaker+buffalo+bills+air+zoom+pegasus HTTP/1.1" 200 20737 "-" "Mozilla/5.0 (Linux; Android 6.0.1; Nexus 5X Build/MMB29P) AppleWebKit/537.36 (KHTML, like Gecko) Chrome/137.0.7151.103 Mobile Safari/537.36 (compatible; Googlebot/2.1; +http://www.google.com/bot.html)"
66.249.70.34 - - [10/Jul/2025:11:38:04 -0400] "GET /?v=87705536021330&mod=adb1341c&uri=product.php%3Fid%3D2936465-299%26name%3Dspring+loaded+cabinet+safety+first+cabinet+latch HTTP/1.1" 200 21397 "-" "Mozilla/5.0 (Linux; Android 6.0.1; Nexus 5X Build/MMB29P) AppleWebKit/537.36 (KHTML, like Gecko) Chrome/137.0.7151.103 Mobile Safari/537.36 (compatible; Googlebot/2.1; +http://www.google.com/bot.html)"
66.249.70.32 - - [10/Jul/2025:11:38:04 -0400] "GET /?v=97533782031330&mod=d4e452f4&uri=shared.php%3Fid%3D3265541-137%26name%3Dfragrance+ajmal+raindrops+edt HTTP/1.1" 200 21910 "-" "Mozilla/5.0 (Linux; Android 6.0.1; Nexus 5X Build/MMB29P) AppleWebKit/537.36 (KHTML, like Gecko) Chrome/137.0.7151.103 Mobile Safari/537.36 (compatible; Googlebot/2.1; +http://www.google.com/bot.html)"
102.89.82.138 - - [10/Jul/2025:11:38:06 -0400] "GET /postjob HTTP/1.1" 200 4112 "https://getschooljobs.com/signup" "Mozilla/5.0 (X11; Linux x86_64) AppleWebKit/537.36 (KHTML, like Gecko) Chrome/115.0.0.0 Safari/537.36"
66.249.70.33 - - [10/Jul/2025:11:38:14 -0400] "POST /get-message-notify HTTP/1.1" 404 1251 "https://www.getschooljobs.com/?v=97533782031330&mod=d4e452f4&uri=shared.php%3Fid%3D3265541-137%26name%3Dfragrance+ajmal+raindrops+edt" "Mozilla/5.0 (Linux; Android 6.0.1; Nexus 5X Build/MMB29P) AppleWebKit/537.36 (KHTML, like Gecko) Chrome/137.0.7151.119 Mobile Safari/537.36 (compatible; Googlebot/2.1; +http://www.google.com/bot.html)"
102.89.82.138 - - [10/Jul/2025:11:38:17 -0400] "GET / HTTP/1.1" 200 4659 "-" "Mozilla/5.0 (X11; Linux x86_64) AppleWebKit/537.36 (KHTML, like Gecko) Chrome/115.0.0.0 Safari/537.36"
66.249.70.32 - - [10/Jul/2025:11:38:31 -0400] "GET /?v=40760025041330&mod=adf7e293&uri=goods.php%3Fid%3D1364781-71%26name%3Dwide+brim+hat+hills+hats+fedora HTTP/1.1" 200 21105 "-" "Mozilla/5.0 (Linux; Android 6.0.1; Nexus 5X Build/MMB29P) AppleWebKit/537.36 (KHTML, like Gecko) Chrome/137.0.7151.103 Mobile Safari/537.36 (compatible; Googlebot/2.1; +http://www.google.com/bot.html)"
66.249.70.32 - - [10/Jul/2025:11:38:45 -0400] "GET /?v=70818069041330&mod=26f442e4&uri=info.php%3Fid%3D2371131-214%26name%3Dpuffer+jacket+jack+and+jones+core+parka HTTP/1.1" 200 22083 "-" "Mozilla/5.0 (Linux; Android 6.0.1; Nexus 5X Build/MMB29P) AppleWebKit/537.36 (KHTML, like Gecko) Chrome/137.0.7151.103 Mobile Safari/537.36 (compatible; Googlebot/2.1; +http://www.google.com/bot.html)"
66.249.70.32 - - [10/Jul/2025:11:38:48 -0400] "POST /get-message-notify HTTP/1.1" 404 1251 "https://www.getschooljobs.com/?v=70818069041330&mod=26f442e4&uri=info.php%3Fid%3D2371131-214%26name%3Dpuffer+jacket+jack+and+jones+core+parka" "Mozilla/5.0 (Linux; Android 6.0.1; Nexus 5X Build/MMB29P) AppleWebKit/537.36 (KHTML, like Gecko) Chrome/137.0.7151.119 Mobile Safari/537.36 (compatible; Googlebot/2.1; +http://www.google.com/bot.html)"
66.249.70.32 - - [10/Jul/2025:11:39:10 -0400] "GET /?v=115660310021330&mod=0bff2aa0&uri=us.php%3Fid%3D3872389-318%26name%3Dmens+wedding+canadian+wedding+bands HTTP/1.1" 200 22041 "-" "Mozilla/5.0 (Linux; Android 6.0.1; Nexus 5X Build/MMB29P) AppleWebKit/537.36 (KHTML, like Gecko) Chrome/137.0.7151.103 Mobile Safari/537.36 (compatible; Googlebot/2.1; +http://www.google.com/bot.html)"
66.249.70.33 - - [10/Jul/2025:11:39:13 -0400] "POST /get-message-notify HTTP/1.1" 404 1251 "https://www.getschooljobs.com/?v=40760025041330&mod=adf7e293&uri=goods.php%3Fid%3D1364781-71%26name%3Dwide+brim+hat+hills+hats+fedora" "Mozilla/5.0 (Linux; Android 6.0.1; Nexus 5X Build/MMB29P) AppleWebKit/537.36 (KHTML, like Gecko) Chrome/137.0.7151.119 Mobile Safari/537.36 (compatible; Googlebot/2.1; +http://www.google.com/bot.html)"
66.249.70.33 - - [10/Jul/2025:11:34:51 -0400] "GET /?v=115463061061330&mod=d4e452f4&uri=shared.php%3Fid%3D3865791-137%26name%3Dgardenia+perfume+gucci+flora+packaging HTTP/1.1" 200 21340 "-" "Mozilla/5.0 (Linux; Android 6.0.1; Nexus 5X Build/MMB29P) AppleWebKit/537.36 (KHTML, like Gecko) Chrome/137.0.7151.103 Mobile Safari/537.36 (compatible; Googlebot/2.1; +http://www.google.com/bot.html)"
66.249.70.32 - - [10/Jul/2025:11:34:52 -0400] "GET /?v=80379432041330&mod=40cccad2&uri=brands.php%3Fid%3D2691266-43%26name%3Dhasbro+pulse+hasbro+kenner+star+wars HTTP/1.1" 200 21892 "-" "Mozilla/5.0 (Linux; Android 6.0.1; Nexus 5X Build/MMB29P) AppleWebKit/537.36 (KHTML, like Gecko) Chrome/137.0.7151.103 Mobile Safari/537.36 (compatible; Googlebot/2.1; +http://www.google.com/bot.html)"
66.249.70.33 - - [10/Jul/2025:11:34:53 -0400] "GET /?v=91645271061330&mod=d5fab51e&uri=itm.php%3Fid%3D3068345-1127%26name%3Dsweat+capuche+sweat+reebok+classic+orange HTTP/1.1" 200 21230 "-" "Mozilla/5.0 (Linux; Android 6.0.1; Nexus 5X Build/MMB29P) AppleWebKit/537.36 (KHTML, like Gecko) Chrome/137.0.7151.103 Mobile Safari/537.36 (compatible; Googlebot/2.1; +http://www.google.com/bot.html)"
66.249.70.33 - - [10/Jul/2025:11:34:54 -0400] "GET /?v=30112591021330&mod=0fb3018d&uri=dp.php%3Fid%3D1008356-961%26name%3Dcoveri+collection+nali+bags+tk+maxx HTTP/1.1" 200 21646 "-" "Mozilla/5.0 (Linux; Android 6.0.1; Nexus 5X Build/MMB29P) AppleWebKit/537.36 (KHTML, like Gecko) Chrome/137.0.7151.103 Mobile Safari/537.36 (compatible; Googlebot/2.1; +http://www.google.com/bot.html)"
66.249.70.34 - - [10/Jul/2025:11:35:20 -0400] "GET /?v=26171692021330&mod=2c8672aa&uri=shop.php%3Fid%3D876409-470%26name%3Dankle+boots+macy%27s+leopard+print+booties HTTP/1.1" 200 21123 "-" "Mozilla/5.0 (Linux; Android 6.0.1; Nexus 5X Build/MMB29P) AppleWebKit/537.36 (KHTML, like Gecko) Chrome/137.0.7151.103 Mobile Safari/537.36 (compatible; Googlebot/2.1; +http://www.google.com/bot.html)"
66.249.70.32 - - [10/Jul/2025:11:35:23 -0400] "GET /?v=119156180091330&mod=625cbb43&uri=pin.php%3Fid%3D3989528-383%26name%3Dleather+boots+motorcycle+racing+boots HTTP/1.1" 200 21635 "-" "Mozilla/5.0 (Linux; Android 6.0.1; Nexus 5X Build/MMB29P) AppleWebKit/537.36 (KHTML, like Gecko) Chrome/137.0.7151.103 Mobile Safari/537.36 (compatible; Googlebot/2.1; +http://www.google.com/bot.html)"
66.249.70.33 - - [10/Jul/2025:11:36:42 -0400] "GET /?v=115674690081330&mod=3a1fb708&uri=article.php%3Fid%3D3872869-820%26name%3Dfarfetch+prada+belted+nylon+jacket HTTP/1.1" 200 21537 "-" "Mozilla/5.0 (Linux; Android 6.0.1; Nexus 5X Build/MMB29P) AppleWebKit/537.36 (KHTML, like Gecko) Chrome/137.0.7151.103 Mobile Safari/537.36 (compatible; Googlebot/2.1; +http://www.google.com/bot.html)"
142.252.248.87 - - [10/Jul/2025:11:36:48 -0400] "GET /?mod=5029a54e&uri=search.php%3Fid%3D3194243-672%26name%3Dbelt+extension+2013+ford+focus+seat+belt+buckle&v=95404825021330 HTTP/1.1" 200 5437 "-" "Mozilla/5.0 (Windows NT 10.0; Win64; x64) AppleWebKit/537.36 (KHTML, like Gecko) Chrome/131.0.0.0 Safari/537.36"
142.252.248.87 - - [10/Jul/2025:11:36:50 -0400] "GET /robots.txt HTTP/1.1" 404 1251 "-" "Mozilla/5.0 (X11; Linux x86_64) AppleWebKit/537.36 (KHTML, like Gecko) Chrome/130.0.0.0 Safari/537.36"
178.156.153.208 - - [10/Jul/2025:11:39:32 -0400] "GET /?v=41081204061330&mod=f5f3b8d7&uri=us.php?id%3D1375527-58&name=smart+boy+with+glasses+drawing HTTP/1.1" 200 4655 "-" "Mozilla/5.0 (Windows NT 10.0; Win64; x64) AppleWebKit/537.36 (KHTML, like Gecko) Chrome/84.0.4147.105 Safari/537.36"
66.249.70.32 - - [10/Jul/2025:11:39:43 -0400] "GET /?v=99532337041330&mod=ed2907b4&uri=brands.php%3Fid%3D3332472-1309%26name%3Dblack+vapormax+plus+sunset+size+12 HTTP/1.1" 200 20909 "-" "Mozilla/5.0 (Linux; Android 6.0.1; Nexus 5X Build/MMB29P) AppleWebKit/537.36 (KHTML, like Gecko) Chrome/137.0.7151.103 Mobile Safari/537.36 (compatible; Googlebot/2.1; +http://www.google.com/bot.html)"
66.249.70.32 - - [10/Jul/2025:11:39:56 -0400] "GET /?v=10864617061330&mod=65b1e92c&uri=brands.php%3Fid%3D363743-38%26name%3Dpuppy+st+bernard+blanket HTTP/1.1" 200 22594 "-" "Mozilla/5.0 (Linux; Android 6.0.1; Nexus 5X Build/MMB29P) AppleWebKit/537.36 (KHTML, like Gecko) Chrome/137.0.7151.103 Mobile Safari/537.36 (compatible; Googlebot/2.1; +http://www.google.com/bot.html)"
66.249.70.34 - - [10/Jul/2025:11:40:28 -0400] "GET /?v=115459701041330&mod=3613ef1e&uri=blog.php%3Fid%3D3865679-90%26name%3Dhelmut+lang+black+zip+up+hoodie HTTP/1.1" 200 21944 "-" "Mozilla/5.0 (Linux; Android 6.0.1; Nexus 5X Build/MMB29P) AppleWebKit/537.36 (KHTML, like Gecko) Chrome/137.0.7151.103 Mobile Safari/537.36 (compatible; Googlebot/2.1; +http://www.google.com/bot.html)"
66.249.70.34 - - [10/Jul/2025:11:41:02 -0400] "GET /?v=26163532111330&mod=2c8672aa&uri=blog.php%3Fid%3D876137-470%26name%3Dvans+2025+womens+black+vans+with+white+stripe HTTP/1.1" 200 20658 "-" "Mozilla/5.0 (Linux; Android 6.0.1; Nexus 5X Build/MMB29P) AppleWebKit/537.36 (KHTML, like Gecko) Chrome/137.0.7151.103 Mobile Safari/537.36 (compatible; Googlebot/2.1; +http://www.google.com/bot.html)"
66.249.70.32 - - [10/Jul/2025:11:41:16 -0400] "GET /?v=72758519011330&mod=aabc3012&uri=info.php%3Fid%3D2436125-187%26name%3Drebajas+ropa+mujer+oysho HTTP/1.1" 200 21846 "-" "Mozilla/5.0 (Linux; Android 6.0.1; Nexus 5X Build/MMB29P) AppleWebKit/537.36 (KHTML, like Gecko) Chrome/137.0.7151.103 Mobile Safari/537.36 (compatible; Googlebot/2.1; +http://www.google.com/bot.html)"
66.249.70.32 - - [10/Jul/2025:11:41:19 -0400] "POST /get-message-notify HTTP/1.1" 404 1251 "https://www.getschooljobs.com/?v=72758519011330&mod=aabc3012&uri=info.php%3Fid%3D2436125-187%26name%3Drebajas+ropa+mujer+oysho" "Mozilla/5.0 (Linux; Android 6.0.1; Nexus 5X Build/MMB29P) AppleWebKit/537.36 (KHTML, like Gecko) Chrome/137.0.7151.119 Mobile Safari/537.36 (compatible; Googlebot/2.1; +http://www.google.com/bot.html)"
66.249.70.32 - - [10/Jul/2025:11:41:55 -0400] "GET /?v=26147937061330&mod=fc01bb05&uri=itm.php%3Fid%3D875617-581%26name%3Dandromeda+celestron+nexstar+evolution+hd HTTP/1.1" 200 21156 "-" "Mozilla/5.0 (Linux; Android 6.0.1; Nexus 5X Build/MMB29P) AppleWebKit/537.36 (KHTML, like Gecko) Chrome/137.0.7151.103 Mobile Safari/537.36 (compatible; Googlebot/2.1; +http://www.google.com/bot.html)"
52.230.163.41 - - [10/Jul/2025:11:42:14 -0400] "GET /?mod=a5d42e40&uri=shared.php?id%3D2334196-59%26name%3Dwireless+earbuds+noise+cancellation+on+airpods+pro+not+working&v=69714370031330 HTTP/1.1" 200 4656 "-" "Mozilla/5.0 AppleWebKit/537.36 (KHTML, like Gecko); compatible; ChatGPT-User/1.0; +https://openai.com/bot"
66.249.70.33 - - [10/Jul/2025:11:42:36 -0400] "GET /?v=116859172011330&mod=9cb6ec6c&uri=search.php%3Fid%3D3912528-409%26name%3Dtony+mcdonnell+farah+brewer+long+sleeve+shirt HTTP/1.1" 200 21258 "-" "Mozilla/5.0 (Linux; Android 6.0.1; Nexus 5X Build/MMB29P) AppleWebKit/537.36 (KHTML, like Gecko) Chrome/137.0.7151.103 Mobile Safari/537.36 (compatible; Googlebot/2.1; +http://www.google.com/bot.html)"
66.249.70.32 - - [10/Jul/2025:11:42:37 -0400] "GET /?v=94404148041330&mod=33574f6e&uri=article.php%3Fid%3D3160743-994%26name%3Dcomo+poner+no+me+puedo+quitar+la+lentilla HTTP/1.1" 200 21479 "-" "Mozilla/5.0 (Linux; Android 6.0.1; Nexus 5X Build/MMB29P) AppleWebKit/537.36 (KHTML, like Gecko) Chrome/137.0.7151.103 Mobile Safari/537.36 (compatible; Googlebot/2.1; +http://www.google.com/bot.html)"
66.249.70.33 - - [10/Jul/2025:11:42:48 -0400] "POST /get-message-notify HTTP/1.1" 404 1251 "https://www.getschooljobs.com/?v=94404148041330&mod=33574f6e&uri=article.php%3Fid%3D3160743-994%26name%3Dcomo+poner+no+me+puedo+quitar+la+lentilla" "Mozilla/5.0 (Linux; Android 6.0.1; Nexus 5X Build/MMB29P) AppleWebKit/537.36 (KHTML, like Gecko) Chrome/137.0.7151.119 Mobile Safari/537.36 (compatible; Googlebot/2.1; +http://www.google.com/bot.html)"
66.249.70.33 - - [10/Jul/2025:11:42:51 -0400] "GET /?v=90426113051330&mod=e459373e&uri=itm.php%3Fid%3D3027546-662%26name%3Dceltic+1997+celtic+umbro+kit HTTP/1.1" 200 20635 "-" "Mozilla/5.0 (Linux; Android 6.0.1; Nexus 5X Build/MMB29P) AppleWebKit/537.36 (KHTML, like Gecko) Chrome/137.0.7151.103 Mobile Safari/537.36 (compatible; Googlebot/2.1; +http://www.google.com/bot.html)"
66.249.70.32 - - [10/Jul/2025:11:42:55 -0400] "POST /get-message-notify HTTP/1.1" 404 1251 "https://www.getschooljobs.com/?v=90426113051330&mod=e459373e&uri=itm.php%3Fid%3D3027546-662%26name%3Dceltic+1997+celtic+umbro+kit" "Mozilla/5.0 (Linux; Android 6.0.1; Nexus 5X Build/MMB29P) AppleWebKit/537.36 (KHTML, like Gecko) Chrome/137.0.7151.119 Mobile Safari/537.36 (compatible; Googlebot/2.1; +http://www.google.com/bot.html)"
66.249.70.32 - - [10/Jul/2025:11:43:05 -0400] "GET /?v=13801478071330&mod=8d46c0e5&uri=search.php%3Fid%3D462066-224%26name%3Dwout+van+aert+casco+red+bull+ciclismo HTTP/1.1" 200 21616 "-" "Mozilla/5.0 (Linux; Android 6.0.1; Nexus 5X Build/MMB29P) AppleWebKit/537.36 (KHTML, like Gecko) Chrome/137.0.7151.103 Mobile Safari/537.36 (compatible; Googlebot/2.1; +http://www.google.com/bot.html)"
66.249.70.33 - - [10/Jul/2025:11:43:19 -0400] "GET /?v=115420937011330&mod=0a2f8c50&uri=news.php%3Fid%3D3864386-819%26name%3Dnba+sports+jersey+dress+forever+21 HTTP/1.1" 200 21088 "-" "Mozilla/5.0 (Linux; Android 6.0.1; Nexus 5X Build/MMB29P) AppleWebKit/537.36 (KHTML, like Gecko) Chrome/137.0.7151.103 Mobile Safari/537.36 (compatible; Googlebot/2.1; +http://www.google.com/bot.html)"
20.171.53.228 - - [10/Jul/2025:11:43:52 -0400] "GET /?mod=a5d42e40&uri=shared.php%3Fid%3D2334196-59%26name%3Dwireless+earbuds+noise+cancellation+on+airpods+pro+not+working&v=69714370031330 HTTP/1.1" 200 4656 "-" "Mozilla/5.0 (Macintosh; Intel Mac OS X 10_15_7) AppleWebKit/537.36 (KHTML, like Gecko) Chrome/131.0.0.0 Safari/537.36; compatible; OAI-SearchBot/1.0; +https://openai.com/searchbot"
200.68.168.31 - - [10/Jul/2025:11:43:54 -0400] "GET /?v=119326917021330&mod=efe8c47a&uri=info.php%3Fid%3D3995228-538%26name%3Dcabello+seco+keratina+para+el+cabello+fermodyl HTTP/1.1" 200 4655 "-" "Mozilla/5.0 (Linux; Android 10; moto e(7i) power Build/QOJ30.506-32) AppleWebKit/537.36 (KHTML, like Gecko) Chrome/137.0.7151.115 Mobile Safari/537.36"
200.68.168.31 - - [10/Jul/2025:11:43:56 -0400] "GET /assets/bootstrap.bundle.min.js HTTP/1.1" 200 22944 "https://www.getschooljobs.com/?v=119326917021330&mod=efe8c47a&uri=info.php%3Fid%3D3995228-538%26name%3Dcabello+seco+keratina+para+el+cabello+fermodyl" "Mozilla/5.0 (Linux; Android 10; moto e(7i) power Build/QOJ30.506-32) AppleWebKit/537.36 (KHTML, like Gecko) Chrome/137.0.7151.115 Mobile Safari/537.36"
200.68.168.31 - - [10/Jul/2025:11:43:56 -0400] "GET /assets/bootstrap.min.css HTTP/1.1" 200 28266 "https://www.getschooljobs.com/?v=119326917021330&mod=efe8c47a&uri=info.php%3Fid%3D3995228-538%26name%3Dcabello+seco+keratina+para+el+cabello+fermodyl" "Mozilla/5.0 (Linux; Android 10; moto e(7i) power Build/QOJ30.506-32) AppleWebKit/537.36 (KHTML, like Gecko) Chrome/137.0.7151.115 Mobile Safari/537.36"
200.68.168.31 - - [10/Jul/2025:11:43:56 -0400] "GET /assets/img/schooljob.png HTTP/1.1" 200 51241 "https://www.getschooljobs.com/?v=119326917021330&mod=efe8c47a&uri=info.php%3Fid%3D3995228-538%26name%3Dcabello+seco+keratina+para+el+cabello+fermodyl" "Mozilla/5.0 (Linux; Android 10; moto e(7i) power Build/QOJ30.506-32) AppleWebKit/537.36 (KHTML, like Gecko) Chrome/137.0.7151.115 Mobile Safari/537.36"
200.68.168.31 - - [10/Jul/2025:11:43:56 -0400] "GET /assets/swiper-bundle.min.css HTTP/1.1" 200 4499 "https://www.getschooljobs.com/?v=119326917021330&mod=efe8c47a&uri=info.php%3Fid%3D3995228-538%26name%3Dcabello+seco+keratina+para+el+cabello+fermodyl" "Mozilla/5.0 (Linux; Android 10; moto e(7i) power Build/QOJ30.506-32) AppleWebKit/537.36 (KHTML, like Gecko) Chrome/137.0.7151.115 Mobile Safari/537.36"
200.68.168.31 - - [10/Jul/2025:11:43:56 -0400] "GET /assets/main.css HTTP/1.1" 200 7933 "https://www.getschooljobs.com/?v=119326917021330&mod=efe8c47a&uri=info.php%3Fid%3D3995228-538%26name%3Dcabello+seco+keratina+para+el+cabello+fermodyl" "Mozilla/5.0 (Linux; Android 10; moto e(7i) power Build/QOJ30.506-32) AppleWebKit/537.36 (KHTML, like Gecko) Chrome/137.0.7151.115 Mobile Safari/537.36"
200.68.168.31 - - [10/Jul/2025:11:43:56 -0400] "GET /assets/purecounter_vanilla.js HTTP/1.1" 200 2229 "https://www.getschooljobs.com/?v=119326917021330&mod=efe8c47a&uri=info.php%3Fid%3D3995228-538%26name%3Dcabello+seco+keratina+para+el+cabello+fermodyl" "Mozilla/5.0 (Linux; Android 10; moto e(7i) power Build/QOJ30.506-32) AppleWebKit/537.36 (KHTML, like Gecko) Chrome/137.0.7151.115 Mobile Safari/537.36"
200.68.168.31 - - [10/Jul/2025:11:43:56 -0400] "GET /assets/swiper-bundle.min.js HTTP/1.1" 200 41186 "https://www.getschooljobs.com/?v=119326917021330&mod=efe8c47a&uri=info.php%3Fid%3D3995228-538%26name%3Dcabello+seco+keratina+para+el+cabello+fermodyl" "Mozilla/5.0 (Linux; Android 10; moto e(7i) power Build/QOJ30.506-32) AppleWebKit/537.36 (KHTML, like Gecko) Chrome/137.0.7151.115 Mobile Safari/537.36"
200.68.168.31 - - [10/Jul/2025:11:43:56 -0400] "GET /assets/img/about-21.webp HTTP/1.1" 200 78192 "https://www.getschooljobs.com/?v=119326917021330&mod=efe8c47a&uri=info.php%3Fid%3D3995228-538%26name%3Dcabello+seco+keratina+para+el+cabello+fermodyl" "Mozilla/5.0 (Linux; Android 10; moto e(7i) power Build/QOJ30.506-32) AppleWebKit/537.36 (KHTML, like Gecko) Chrome/137.0.7151.115 Mobile Safari/537.36"
200.68.168.31 - - [10/Jul/2025:11:43:56 -0400] "GET /assets/main.js HTTP/1.1" 200 1456 "https://www.getschooljobs.com/?v=119326917021330&mod=efe8c47a&uri=info.php%3Fid%3D3995228-538%26name%3Dcabello+seco+keratina+para+el+cabello+fermodyl" "Mozilla/5.0 (Linux; Android 10; moto e(7i) power Build/QOJ30.506-32) AppleWebKit/537.36 (KHTML, like Gecko) Chrome/137.0.7151.115 Mobile Safari/537.36"
66.249.80.200 - - [10/Jul/2025:11:43:56 -0400] "GET /?v=119326917021330&mod=efe8c47a&uri=info.php?id%3D3995228-538%26name%3Dcabello+seco+keratina+para+el+cabello+fermodyl HTTP/1.1" 200 20942 "-" "Mozilla/5.0 (Linux; Android 10; K) AppleWebKit/537.36 (KHTML, like Gecko) Chrome/138.0.0.0 Mobile Safari/537.36 (compatible; Google-Read-Aloud; +https://support.google.com/webmasters/answer/1061943)"
162.120.186.91 - - [10/Jul/2025:11:43:57 -0400] "GET /?v=102164869011330&mod=627578d7&uri=news.php%3Fid%3D3420652-770%26name%3Dpeak+mountain+bike+next+high+peak+bike HTTP/1.1" 200 134 "https://www.google.com/" "Mozilla/5.0 (Windows NT 10.0; Win64; x64) AppleWebKit/537.36 (KHTML, like Gecko) Chrome/137.0.0.0 Safari/537.36"
66.102.6.97 - - [10/Jul/2025:11:43:57 -0400] "GET /?v=119326917021330&mod=efe8c47a&uri=info.php?id%3D3995228-538%26name%3Dcabello+seco+keratina+para+el+cabello+fermodyl HTTP/1.1" 200 20952 "-" "Mozilla/5.0 (Linux; Android 10; K) AppleWebKit/537.36 (KHTML, like Gecko) Chrome/138.0.0.0 Mobile Safari/537.36 (compatible; Google-Read-Aloud; +https://support.google.com/webmasters/answer/1061943)"
66.102.6.96 - - [10/Jul/2025:11:43:57 -0400] "GET /?v=119326917021330&mod=efe8c47a&uri=info.php?id%3D3995228-538%26name%3Dcabello+seco+keratina+para+el+cabello+fermodyl HTTP/1.1" 200 20947 "-" "Mozilla/5.0 (Linux; Android 10; K) AppleWebKit/537.36 (KHTML, like Gecko) Chrome/138.0.0.0 Mobile Safari/537.36 (compatible; Google-Read-Aloud; +https://support.google.com/webmasters/answer/1061943)"
200.68.168.31 - - [10/Jul/2025:11:43:59 -0400] "GET /assets/img/favicon.png HTTP/1.1" 200 1369 "https://www.getschooljobs.com/?v=119326917021330&mod=efe8c47a&uri=info.php%3Fid%3D3995228-538%26name%3Dcabello+seco+keratina+para+el+cabello+fermodyl" "Mozilla/5.0 (Linux; Android 10; moto e(7i) power Build/QOJ30.506-32) AppleWebKit/537.36 (KHTML, like Gecko) Chrome/137.0.7151.115 Mobile Safari/537.36"
66.249.70.34 - - [10/Jul/2025:11:44:23 -0400] "GET /?v=26150457111330&mod=901797ae&uri=goods.php%3Fid%3D875701-47%26name%3Djewellery+trends+vogue+jewelry+designers HTTP/1.1" 200 20951 "-" "Mozilla/5.0 (Linux; Android 6.0.1; Nexus 5X Build/MMB29P) AppleWebKit/537.36 (KHTML, like Gecko) Chrome/137.0.7151.103 Mobile Safari/537.36 (compatible; Googlebot/2.1; +http://www.google.com/bot.html)"
66.249.70.33 - - [10/Jul/2025:11:44:27 -0400] "POST /get-message-notify HTTP/1.1" 404 1251 "https://www.getschooljobs.com/?v=26150457111330&mod=901797ae&uri=goods.php%3Fid%3D875701-47%26name%3Djewellery+trends+vogue+jewelry+designers" "Mozilla/5.0 (Linux; Android 6.0.1; Nexus 5X Build/MMB29P) AppleWebKit/537.36 (KHTML, like Gecko) Chrome/137.0.7151.119 Mobile Safari/537.36 (compatible; Googlebot/2.1; +http://www.google.com/bot.html)"
66.249.70.32 - - [10/Jul/2025:11:44:49 -0400] "GET /?v=55341349121330&mod=901797ae&uri=pin.php%3Fid%3D1852880-47%26name%3Dhigh+nostril+should+i+get+a+septum+or+nostril+piercing HTTP/1.1" 200 21489 "-" "Mozilla/5.0 (Linux; Android 6.0.1; Nexus 5X Build/MMB29P) AppleWebKit/537.36 (KHTML, like Gecko) Chrome/137.0.7151.103 Mobile Safari/537.36 (compatible; Googlebot/2.1; +http://www.google.com/bot.html)"
2.136.47.66 - - [10/Jul/2025:11:44:50 -0400] "GET /?v=118178951081330&mod=a2154298&uri=brands.php%3Fid%3D3956759-221%26name%3Dprodiver+blue+stowa+diver HTTP/1.1" 200 134 "https://www.google.com/" "Mozilla/5.0 (Windows NT 10.0; Win64; x64) AppleWebKit/537.36 (KHTML, like Gecko) Chrome/137.0.0.0 Safari/537.36"
135.181.178.242 - - [10/Jul/2025:11:45:10 -0400] "GET /?v=76610292051330%27&mod=7ff17e7a&uri=product.php?id=2565114-358&name=fur+collar+pale+pink+long+coat HTTP/1.1" 200 19037 "-" "Mozilla/5.0 (Windows NT 10.0; Win64; x64) AppleWebKit/537.36 (KHTML, like Gecko) Chrome/126.0.0.0 Safari/537.36"
135.181.178.242 - - [10/Jul/2025:11:45:10 -0400] "GET /?v=76610292051330&mod=7ff17e7a&uri=product.php?id=2565114-358&name=fur+collar+pale+pink+long+coat%27 HTTP/1.1" 200 19037 "-" "Mozilla/5.0 (Windows NT 10.0; Win64; x64) AppleWebKit/537.36 (KHTML, like Gecko) Chrome/126.0.0.0 Safari/537.36"
135.181.178.242 - - [10/Jul/2025:11:45:10 -0400] "GET /?v=76610292051330&mod=7ff17e7a%27&uri=product.php?id=2565114-358&name=fur+collar+pale+pink+long+coat HTTP/1.1" 200 19037 "-" "Mozilla/5.0 (Windows NT 10.0; Win64; x64) AppleWebKit/537.36 (KHTML, like Gecko) Chrome/126.0.0.0 Safari/537.36"
135.181.178.242 - - [10/Jul/2025:11:45:10 -0400] "GET /?v=76610292051330&mod=7ff17e7a&uri=product.php?id=2565114-358%27&name=fur+collar+pale+pink+long+coat HTTP/1.1" 200 19037 "-" "Mozilla/5.0 (Windows NT 10.0; Win64; x64) AppleWebKit/537.36 (KHTML, like Gecko) Chrome/126.0.0.0 Safari/537.36"
66.249.70.34 - - [10/Jul/2025:11:45:31 -0400] "GET /?v=119380074041330&mod=0b18999c&uri=dp.php%3Fid%3D3997005-624%26name%3Dtorn+jeans+men%27s+jeans+that+show+ankles HTTP/1.1" 200 20918 "-" "Mozilla/5.0 (Linux; Android 6.0.1; Nexus 5X Build/MMB29P) AppleWebKit/537.36 (KHTML, like Gecko) Chrome/137.0.7151.103 Mobile Safari/537.36 (compatible; Googlebot/2.1; +http://www.google.com/bot.html)"
66.249.70.34 - - [10/Jul/2025:11:45:32 -0400] "GET /?v=99661468011330&mod=4a91f731&uri=category-info.php%3Fid%3D3336826-506%26name%3Dsmart+home+amazon+alexa+app+android HTTP/1.1" 200 21536 "-" "Mozilla/5.0 (Linux; Android 6.0.1; Nexus 5X Build/MMB29P) AppleWebKit/537.36 (KHTML, like Gecko) Chrome/137.0.7151.103 Mobile Safari/537.36 (compatible; Googlebot/2.1; +http://www.google.com/bot.html)"
66.249.70.32 - - [10/Jul/2025:11:45:39 -0400] "POST /get-message-notify HTTP/1.1" 404 1251 "https://www.getschooljobs.com/?v=119380074041330&mod=0b18999c&uri=dp.php%3Fid%3D3997005-624%26name%3Dtorn+jeans+men%27s+jeans+that+show+ankles" "Mozilla/5.0 (Linux; Android 6.0.1; Nexus 5X Build/MMB29P) AppleWebKit/537.36 (KHTML, like Gecko) Chrome/137.0.7151.119 Mobile Safari/537.36 (compatible; Googlebot/2.1; +http://www.google.com/bot.html)"
162.120.186.103 - - [10/Jul/2025:11:45:59 -0400] "GET /?v=21356438051330&mod=f5f3b8d7&uri=search.php%3Fid%3D715130-58%26name%3Dserengeti+brera+serengeti+sunglasses+replacement+screw HTTP/1.1" 200 133 "https://www.google.com/" "Mozilla/5.0 (Windows NT 10.0; Win64; x64) AppleWebKit/537.36 (KHTML, like Gecko) Chrome/138.0.0.0 Safari/537.36"
66.249.70.32 - - [10/Jul/2025:11:46:11 -0400] "GET /?v=26181756021330&mod=69c8d2b4&uri=product.php%3Fid%3D876745-147%26name%3Dcamera+samsung+galaxy+note+2p HTTP/1.1" 200 21651 "-" "Mozilla/5.0 (Linux; Android 6.0.1; Nexus 5X Build/MMB29P) AppleWebKit/537.36 (KHTML, like Gecko) Chrome/137.0.7151.103 Mobile Safari/537.36 (compatible; Googlebot/2.1; +http://www.google.com/bot.html)"
162.120.186.102 - - [10/Jul/2025:11:46:22 -0400] "GET /?v=21356438051330&mod=f5f3b8d7&uri=search.php%3Fid%3D715130-58%26name%3Dserengeti+brera+serengeti+sunglasses+replacement+screw HTTP/1.1" 200 133 "https://www.google.com/" "Mozilla/5.0 (Windows NT 10.0; Win64; x64) AppleWebKit/537.36 (KHTML, like Gecko) Chrome/138.0.0.0 Safari/537.36"
66.249.70.32 - - [10/Jul/2025:11:46:39 -0400] "GET /?v=85872155041330&mod=6e7f6c38&uri=products.php%3Fid%3D2875111-136%26name%3Dhybrid+bike+schwinn+sierra+women HTTP/1.1" 200 22455 "-" "Mozilla/5.0 (Linux; Android 6.0.1; Nexus 5X Build/MMB29P) AppleWebKit/537.36 (KHTML, like Gecko) Chrome/137.0.7151.103 Mobile Safari/537.36 (compatible; Googlebot/2.1; +http://www.google.com/bot.html)"
66.249.70.33 - - [10/Jul/2025:11:46:42 -0400] "POST /get-message-notify HTTP/1.1" 404 1251 "https://www.getschooljobs.com/?v=85872155041330&mod=6e7f6c38&uri=products.php%3Fid%3D2875111-136%26name%3Dhybrid+bike+schwinn+sierra+women" "Mozilla/5.0 (Linux; Android 6.0.1; Nexus 5X Build/MMB29P) AppleWebKit/537.36 (KHTML, like Gecko) Chrome/137.0.7151.119 Mobile Safari/537.36 (compatible; Googlebot/2.1; +http://www.google.com/bot.html)"
38.78.226.189 - - [10/Jul/2025:11:46:43 -0400] "GET /?mod=5029a54e&uri=search.php%3Fid%3D3194243-672%26name%3Dbelt+extension+2013+ford+focus+seat+belt+buckle&v=95404825021330 HTTP/1.1" 200 4655 "-" "Mozilla/5.0 (X11; Linux x86_64) AppleWebKit/537.36 (KHTML, like Gecko) HeadlessChrome/138.0.7204.23 Safari/537.36"
38.78.226.189 - - [10/Jul/2025:11:46:44 -0400] "GET /assets/bootstrap.min.css HTTP/1.1" 200 28266 "https://www.getschooljobs.com/?mod=5029a54e&uri=search.php%3Fid%3D3194243-672%26name%3Dbelt+extension+2013+ford+focus+seat+belt+buckle&v=95404825021330" "Mozilla/5.0 (X11; Linux x86_64) AppleWebKit/537.36 (KHTML, like Gecko) HeadlessChrome/138.0.7204.23 Safari/537.36"
38.78.226.189 - - [10/Jul/2025:11:46:44 -0400] "GET /assets/swiper-bundle.min.css HTTP/1.1" 200 4499 "https://www.getschooljobs.com/?mod=5029a54e&uri=search.php%3Fid%3D3194243-672%26name%3Dbelt+extension+2013+ford+focus+seat+belt+buckle&v=95404825021330" "Mozilla/5.0 (X11; Linux x86_64) AppleWebKit/537.36 (KHTML, like Gecko) HeadlessChrome/138.0.7204.23 Safari/537.36"
38.78.226.189 - - [10/Jul/2025:11:46:44 -0400] "GET /assets/main.css HTTP/1.1" 200 7933 "https://www.getschooljobs.com/?mod=5029a54e&uri=search.php%3Fid%3D3194243-672%26name%3Dbelt+extension+2013+ford+focus+seat+belt+buckle&v=95404825021330" "Mozilla/5.0 (X11; Linux x86_64) AppleWebKit/537.36 (KHTML, like Gecko) HeadlessChrome/138.0.7204.23 Safari/537.36"
38.78.226.189 - - [10/Jul/2025:11:46:44 -0400] "GET /assets/img/schooljob.png HTTP/1.1" 200 51241 "https://www.getschooljobs.com/?mod=5029a54e&uri=search.php%3Fid%3D3194243-672%26name%3Dbelt+extension+2013+ford+focus+seat+belt+buckle&v=95404825021330" "Mozilla/5.0 (X11; Linux x86_64) AppleWebKit/537.36 (KHTML, like Gecko) HeadlessChrome/138.0.7204.23 Safari/537.36"
38.78.226.189 - - [10/Jul/2025:11:46:44 -0400] "GET /assets/img/about-21.webp HTTP/1.1" 200 78192 "https://www.getschooljobs.com/?mod=5029a54e&uri=search.php%3Fid%3D3194243-672%26name%3Dbelt+extension+2013+ford+focus+seat+belt+buckle&v=95404825021330" "Mozilla/5.0 (X11; Linux x86_64) AppleWebKit/537.36 (KHTML, like Gecko) HeadlessChrome/138.0.7204.23 Safari/537.36"
38.78.226.189 - - [10/Jul/2025:11:46:44 -0400] "GET /assets/bootstrap.bundle.min.js HTTP/1.1" 200 22944 "https://www.getschooljobs.com/?mod=5029a54e&uri=search.php%3Fid%3D3194243-672%26name%3Dbelt+extension+2013+ford+focus+seat+belt+buckle&v=95404825021330" "Mozilla/5.0 (X11; Linux x86_64) AppleWebKit/537.36 (KHTML, like Gecko) HeadlessChrome/138.0.7204.23 Safari/537.36"
38.78.226.189 - - [10/Jul/2025:11:46:44 -0400] "GET /assets/purecounter_vanilla.js HTTP/1.1" 200 2229 "https://www.getschooljobs.com/?mod=5029a54e&uri=search.php%3Fid%3D3194243-672%26name%3Dbelt+extension+2013+ford+focus+seat+belt+buckle&v=95404825021330" "Mozilla/5.0 (X11; Linux x86_64) AppleWebKit/537.36 (KHTML, like Gecko) HeadlessChrome/138.0.7204.23 Safari/537.36"
38.78.226.189 - - [10/Jul/2025:11:46:44 -0400] "GET /assets/swiper-bundle.min.js HTTP/1.1" 200 41186 "https://www.getschooljobs.com/?mod=5029a54e&uri=search.php%3Fid%3D3194243-672%26name%3Dbelt+extension+2013+ford+focus+seat+belt+buckle&v=95404825021330" "Mozilla/5.0 (X11; Linux x86_64) AppleWebKit/537.36 (KHTML, like Gecko) HeadlessChrome/138.0.7204.23 Safari/537.36"
