66.249.70.32 - - [10/Jul/2025:14:33:54 -0400] "GET /?v=37347472081330&mod=d5fab51e&uri=product.php%3Fid%3D1250603-1127%26name%3Dreebok+store+veste+reebok+classic+femme+2013 HTTP/1.1" 200 20970 "-" "Mozilla/5.0 (Linux; Android 6.0.1; Nexus 5X Build/MMB29P) AppleWebKit/537.36 (KHTML, like Gecko) Chrome/137.0.7151.103 Mobile Safari/537.36 (compatible; Googlebot/2.1; +http://www.google.com/bot.html)"
66.249.70.32 - - [10/Jul/2025:14:33:58 -0400] "GET /?v=91723318061330&mod=cf9113ad&uri=blog.php%3Fid%3D3070961-493%26name%3Dvorpx+setup+star+citizen+vr HTTP/1.1" 200 21478 "-" "Mozilla/5.0 (Linux; Android 6.0.1; Nexus 5X Build/MMB29P) AppleWebKit/537.36 (KHTML, like Gecko) Chrome/137.0.7151.103 Mobile Safari/537.36 (compatible; Googlebot/2.1; +http://www.google.com/bot.html)"
66.249.70.33 - - [10/Jul/2025:14:34:03 -0400] "POST /get-message-notify HTTP/1.1" 404 1251 "https://www.getschooljobs.com/?v=91723318061330&mod=cf9113ad&uri=blog.php%3Fid%3D3070961-493%26name%3Dvorpx+setup+star+citizen+vr" "Mozilla/5.0 (Linux; Android 6.0.1; Nexus 5X Build/MMB29P) AppleWebKit/537.36 (KHTML, like Gecko) Chrome/137.0.7151.119 Mobile Safari/537.36 (compatible; Googlebot/2.1; +http://www.google.com/bot.html)"
66.249.70.33 - - [10/Jul/2025:14:34:10 -0400] "GET /?v=91729316111330&mod=96c97455&uri=dp.php%3Fid%3D3071161-46%26name%3Dbaby+boy+best+walking+sandals+for+toddlers HTTP/1.1" 200 21331 "-" "Mozilla/5.0 (Linux; Android 6.0.1; Nexus 5X Build/MMB29P) AppleWebKit/537.36 (KHTML, like Gecko) Chrome/137.0.7151.103 Mobile Safari/537.36 (compatible; Googlebot/2.1; +http://www.google.com/bot.html)"
66.249.70.33 - - [10/Jul/2025:14:34:11 -0400] "GET /?v=118384492041330&mod=8c8a9c8f&uri=product.php%3Fid%3D3963637-738%26name%3Dbusiness+casual+estilo+de+ropa+formal+para+mujeres HTTP/1.1" 200 22397 "-" "Mozilla/5.0 (Linux; Android 6.0.1; Nexus 5X Build/MMB29P) AppleWebKit/537.36 (KHTML, like Gecko) Chrome/137.0.7151.103 Mobile Safari/537.36 (compatible; Googlebot/2.1; +http://www.google.com/bot.html)"
66.249.70.32 - - [10/Jul/2025:14:34:15 -0400] "GET /?v=68401979051330&mod=17106160&uri=search.php%3Fid%3D2290282-369%26name%3Dthrasher+iphone+wallpaper HTTP/1.1" 200 21789 "-" "Mozilla/5.0 (Linux; Android 6.0.1; Nexus 5X Build/MMB29P) AppleWebKit/537.36 (KHTML, like Gecko) Chrome/137.0.7151.103 Mobile Safari/537.36 (compatible; Googlebot/2.1; +http://www.google.com/bot.html)"
66.249.70.32 - - [10/Jul/2025:14:34:16 -0400] "GET /?v=116758699031330&mod=cf9113ad&uri=blog.php%3Fid%3D3909166-493%26name%3Dvr+headsets+is+the+oculus+rift+worth+it+2020 HTTP/1.1" 200 21884 "-" "Mozilla/5.0 (Linux; Android 6.0.1; Nexus 5X Build/MMB29P) AppleWebKit/537.36 (KHTML, like Gecko) Chrome/137.0.7151.103 Mobile Safari/537.36 (compatible; Googlebot/2.1; +http://www.google.com/bot.html)"
66.249.70.32 - - [10/Jul/2025:14:34:17 -0400] "GET /?v=119436936021330&mod=a882a532&uri=category-info.php%3Fid%3D3998907-1276%26name%3Dstylish+ladies+new+latest+ladies+shoes HTTP/1.1" 200 22066 "-" "Mozilla/5.0 (Linux; Android 6.0.1; Nexus 5X Build/MMB29P) AppleWebKit/537.36 (KHTML, like Gecko) Chrome/137.0.7151.103 Mobile Safari/537.36 (compatible; Googlebot/2.1; +http://www.google.com/bot.html)"
66.249.70.32 - - [10/Jul/2025:14:34:18 -0400] "POST /get-message-notify HTTP/1.1" 404 1251 "https://www.getschooljobs.com/?v=91729316111330&mod=96c97455&uri=dp.php%3Fid%3D3071161-46%26name%3Dbaby+boy+best+walking+sandals+for+toddlers" "Mozilla/5.0 (Linux; Android 6.0.1; Nexus 5X Build/MMB29P) AppleWebKit/537.36 (KHTML, like Gecko) Chrome/137.0.7151.119 Mobile Safari/537.36 (compatible; Googlebot/2.1; +http://www.google.com/bot.html)"
66.249.70.32 - - [10/Jul/2025:14:34:21 -0400] "POST /get-message-notify HTTP/1.1" 404 1251 "https://www.getschooljobs.com/?v=119436936021330&mod=a882a532&uri=category-info.php%3Fid%3D3998907-1276%26name%3Dstylish+ladies+new+latest+ladies+shoes" "Mozilla/5.0 (Linux; Android 6.0.1; Nexus 5X Build/MMB29P) AppleWebKit/537.36 (KHTML, like Gecko) Chrome/137.0.7151.119 Mobile Safari/537.36 (compatible; Googlebot/2.1; +http://www.google.com/bot.html)"
66.249.70.32 - - [10/Jul/2025:14:34:24 -0400] "POST /get-message-notify HTTP/1.1" 404 1251 "https://www.getschooljobs.com/?v=116758699031330&mod=cf9113ad&uri=blog.php%3Fid%3D3909166-493%26name%3Dvr+headsets+is+the+oculus+rift+worth+it+2020" "Mozilla/5.0 (Linux; Android 6.0.1; Nexus 5X Build/MMB29P) AppleWebKit/537.36 (KHTML, like Gecko) Chrome/137.0.7151.119 Mobile Safari/537.36 (compatible; Googlebot/2.1; +http://www.google.com/bot.html)"
66.249.70.32 - - [10/Jul/2025:14:34:30 -0400] "GET /?v=68401079051330&mod=2a962e14&uri=brands.php%3Fid%3D2290252-331%26name%3Dfeeling+good+mochila+roxy+peque%C3%83%C2%B1a HTTP/1.1" 200 21461 "-" "Mozilla/5.0 (Linux; Android 6.0.1; Nexus 5X Build/MMB29P) AppleWebKit/537.36 (KHTML, like Gecko) Chrome/137.0.7151.103 Mobile Safari/537.36 (compatible; Googlebot/2.1; +http://www.google.com/bot.html)"
66.249.70.32 - - [10/Jul/2025:14:34:33 -0400] "POST /get-message-notify HTTP/1.1" 404 1251 "https://www.getschooljobs.com/?v=68401079051330&mod=2a962e14&uri=brands.php%3Fid%3D2290252-331%26name%3Dfeeling+good+mochila+roxy+peque%C3%83%C2%B1a" "Mozilla/5.0 (Linux; Android 6.0.1; Nexus 5X Build/MMB29P) AppleWebKit/537.36 (KHTML, like Gecko) Chrome/137.0.7151.119 Mobile Safari/537.36 (compatible; Googlebot/2.1; +http://www.google.com/bot.html)"
66.249.70.32 - - [10/Jul/2025:14:34:34 -0400] "GET /?v=91733666011330&mod=032d9c7d&uri=blog.php%3Fid%3D3071306-116%26name%3Ddell+laptop+internal+ssd+hard+disk+for+laptop HTTP/1.1" 200 21578 "-" "Mozilla/5.0 (Linux; Android 6.0.1; Nexus 5X Build/MMB29P) AppleWebKit/537.36 (KHTML, like Gecko) Chrome/137.0.7151.103 Mobile Safari/537.36 (compatible; Googlebot/2.1; +http://www.google.com/bot.html)"
66.249.70.32 - - [10/Jul/2025:14:34:39 -0400] "GET /?v=91724518061330&mod=31163fed&uri=goods.php%3Fid%3D3071001-300%26name%3Ddamenschuhe+the+north+face+schuhe+damen+wasserdicht HTTP/1.1" 200 22033 "-" "Mozilla/5.0 (Linux; Android 6.0.1; Nexus 5X Build/MMB29P) AppleWebKit/537.36 (KHTML, like Gecko) Chrome/137.0.7151.103 Mobile Safari/537.36 (compatible; Googlebot/2.1; +http://www.google.com/bot.html)"
66.249.70.32 - - [10/Jul/2025:14:34:40 -0400] "GET /?v=26080717081330&mod=298f5874&uri=blog.php%3Fid%3D873369-39%26name%3Dimessage+how+to+erase+apple+watch+messages HTTP/1.1" 200 21637 "-" "Mozilla/5.0 (Linux; Android 6.0.1; Nexus 5X Build/MMB29P) AppleWebKit/537.36 (KHTML, like Gecko) Chrome/137.0.7151.103 Mobile Safari/537.36 (compatible; Googlebot/2.1; +http://www.google.com/bot.html)"
66.249.70.32 - - [10/Jul/2025:14:34:42 -0400] "POST /get-message-notify HTTP/1.1" 404 1251 "https://www.getschooljobs.com/?v=91724518061330&mod=31163fed&uri=goods.php%3Fid%3D3071001-300%26name%3Ddamenschuhe+the+north+face+schuhe+damen+wasserdicht" "Mozilla/5.0 (Linux; Android 6.0.1; Nexus 5X Build/MMB29P) AppleWebKit/537.36 (KHTML, like Gecko) Chrome/137.0.7151.119 Mobile Safari/537.36 (compatible; Googlebot/2.1; +http://www.google.com/bot.html)"
66.249.70.32 - - [10/Jul/2025:14:34:44 -0400] "GET /?v=78810115011330&mod=25766f01&uri=products.php%3Fid%3D2638746-29%26name%3Dride+zwift+gravel+bikes HTTP/1.1" 200 22302 "-" "Mozilla/5.0 (Linux; Android 6.0.1; Nexus 5X Build/MMB29P) AppleWebKit/537.36 (KHTML, like Gecko) Chrome/137.0.7151.103 Mobile Safari/537.36 (compatible; Googlebot/2.1; +http://www.google.com/bot.html)"
66.249.70.32 - - [10/Jul/2025:14:34:45 -0400] "GET /?v=68402339051330&mod=3e450e4a&uri=goods.php%3Fid%3D2290294-501%26name%3D32+degrees+hooded+lounger HTTP/1.1" 200 21905 "-" "Mozilla/5.0 (Linux; Android 6.0.1; Nexus 5X Build/MMB29P) AppleWebKit/537.36 (KHTML, like Gecko) Chrome/137.0.7151.103 Mobile Safari/537.36 (compatible; Googlebot/2.1; +http://www.google.com/bot.html)"
66.249.70.32 - - [10/Jul/2025:14:34:47 -0400] "POST /get-message-notify HTTP/1.1" 404 1251 "https://www.getschooljobs.com/?v=78810115011330&mod=25766f01&uri=products.php%3Fid%3D2638746-29%26name%3Dride+zwift+gravel+bikes" "Mozilla/5.0 (Linux; Android 6.0.1; Nexus 5X Build/MMB29P) AppleWebKit/537.36 (KHTML, like Gecko) Chrome/137.0.7151.119 Mobile Safari/537.36 (compatible; Googlebot/2.1; +http://www.google.com/bot.html)"
66.249.70.32 - - [10/Jul/2025:14:34:50 -0400] "POST /get-message-notify HTTP/1.1" 404 1251 "https://www.getschooljobs.com/?v=37347472081330&mod=d5fab51e&uri=product.php%3Fid%3D1250603-1127%26name%3Dreebok+store+veste+reebok+classic+femme+2013" "Mozilla/5.0 (Linux; Android 6.0.1; Nexus 5X Build/MMB29P) AppleWebKit/537.36 (KHTML, like Gecko) Chrome/137.0.7151.119 Mobile Safari/537.36 (compatible; Googlebot/2.1; +http://www.google.com/bot.html)"
66.249.70.32 - - [10/Jul/2025:14:34:49 -0400] "GET /?v=91733066031330&mod=032d9c7d&uri=form.php%3Fid%3D3071286-116%26name%3Dsolid+state+drive+adata+nvme+ssd+sx6000 HTTP/1.1" 200 21893 "-" "Mozilla/5.0 (Linux; Android 6.0.1; Nexus 5X Build/MMB29P) AppleWebKit/537.36 (KHTML, like Gecko) Chrome/137.0.7151.103 Mobile Safari/537.36 (compatible; Googlebot/2.1; +http://www.google.com/bot.html)"
66.249.70.32 - - [10/Jul/2025:14:34:51 -0400] "POST /get-message-notify HTTP/1.1" 404 1251 "https://www.getschooljobs.com/?v=68402339051330&mod=3e450e4a&uri=goods.php%3Fid%3D2290294-501%26name%3D32+degrees+hooded+lounger" "Mozilla/5.0 (Linux; Android 6.0.1; Nexus 5X Build/MMB29P) AppleWebKit/537.36 (KHTML, like Gecko) Chrome/137.0.7151.119 Mobile Safari/537.36 (compatible; Googlebot/2.1; +http://www.google.com/bot.html)"
66.249.70.32 - - [10/Jul/2025:14:34:54 -0400] "GET /?v=91725418011330&mod=c677d6d5&uri=category-info.php%3Fid%3D3071031-600%26name%3Ddunk+low+university+blue+outfit HTTP/1.1" 200 21101 "-" "Mozilla/5.0 (Linux; Android 6.0.1; Nexus 5X Build/MMB29P) AppleWebKit/537.36 (KHTML, like Gecko) Chrome/137.0.7151.103 Mobile Safari/537.36 (compatible; Googlebot/2.1; +http://www.google.com/bot.html)"
66.249.70.32 - - [10/Jul/2025:14:34:55 -0400] "POST /get-message-notify HTTP/1.1" 404 1251 "https://www.getschooljobs.com/?v=26080717081330&mod=298f5874&uri=blog.php%3Fid%3D873369-39%26name%3Dimessage+how+to+erase+apple+watch+messages" "Mozilla/5.0 (Linux; Android 6.0.1; Nexus 5X Build/MMB29P) AppleWebKit/537.36 (KHTML, like Gecko) Chrome/137.0.7151.119 Mobile Safari/537.36 (compatible; Googlebot/2.1; +http://www.google.com/bot.html)"
66.249.70.32 - - [10/Jul/2025:14:34:57 -0400] "POST /get-message-notify HTTP/1.1" 404 1251 "https://www.getschooljobs.com/?v=91733666011330&mod=032d9c7d&uri=blog.php%3Fid%3D3071306-116%26name%3Ddell+laptop+internal+ssd+hard+disk+for+laptop" "Mozilla/5.0 (Linux; Android 6.0.1; Nexus 5X Build/MMB29P) AppleWebKit/537.36 (KHTML, like Gecko) Chrome/137.0.7151.119 Mobile Safari/537.36 (compatible; Googlebot/2.1; +http://www.google.com/bot.html)"
66.249.70.33 - - [10/Jul/2025:14:34:59 -0400] "GET /?v=91647228061330&mod=d5fab51e&uri=blog.php%3Fid%3D3068411-1127%26name%3Dreebok+allen+reebok+iverson+i3+marron HTTP/1.1" 200 21330 "-" "Mozilla/5.0 (Linux; Android 6.0.1; Nexus 5X Build/MMB29P) AppleWebKit/537.36 (KHTML, like Gecko) Chrome/137.0.7151.103 Mobile Safari/537.36 (compatible; Googlebot/2.1; +http://www.google.com/bot.html)"
66.249.70.32 - - [10/Jul/2025:14:35:04 -0400] "POST /get-message-notify HTTP/1.1" 404 1251 "https://www.getschooljobs.com/?v=91733066031330&mod=032d9c7d&uri=form.php%3Fid%3D3071286-116%26name%3Dsolid+state+drive+adata+nvme+ssd+sx6000" "Mozilla/5.0 (Linux; Android 6.0.1; Nexus 5X Build/MMB29P) AppleWebKit/537.36 (KHTML, like Gecko) Chrome/137.0.7151.119 Mobile Safari/537.36 (compatible; Googlebot/2.1; +http://www.google.com/bot.html)"
66.249.70.32 - - [10/Jul/2025:14:35:04 -0400] "GET /?v=97528404021330&mod=d4e452f4&uri=dp.php%3Fid%3D3265361-137%26name%3Dfragrances+serge+lutens+ambre+sultan+50ml HTTP/1.1" 200 22025 "-" "Mozilla/5.0 (Linux; Android 6.0.1; Nexus 5X Build/MMB29P) AppleWebKit/537.36 (KHTML, like Gecko) Chrome/137.0.7151.103 Mobile Safari/537.36 (compatible; Googlebot/2.1; +http://www.google.com/bot.html)"
66.249.70.32 - - [10/Jul/2025:14:35:05 -0400] "GET /?v=68397861051330&mod=2a962e14&uri=pin.php%3Fid%3D2290144-331%26name%3Dcarteras+morral+renzo+costa HTTP/1.1" 200 20524 "-" "Mozilla/5.0 (Linux; Android 6.0.1; Nexus 5X Build/MMB29P) AppleWebKit/537.36 (KHTML, like Gecko) Chrome/137.0.7151.103 Mobile Safari/537.36 (compatible; Googlebot/2.1; +http://www.google.com/bot.html)"
66.249.70.32 - - [10/Jul/2025:14:35:09 -0400] "GET /?v=91723768051330&mod=a5d42e40&uri=category-info.php%3Fid%3D3070976-59%26name%3Dwireless+earphones+unleashed+online+earbuds HTTP/1.1" 200 22275 "-" "Mozilla/5.0 (Linux; Android 6.0.1; Nexus 5X Build/MMB29P) AppleWebKit/537.36 (KHTML, like Gecko) Chrome/137.0.7151.103 Mobile Safari/537.36 (compatible; Googlebot/2.1; +http://www.google.com/bot.html)"
66.249.70.32 - - [10/Jul/2025:14:35:12 -0400] "POST /get-message-notify HTTP/1.1" 404 1251 "https://www.getschooljobs.com/?v=91723768051330&mod=a5d42e40&uri=category-info.php%3Fid%3D3070976-59%26name%3Dwireless+earphones+unleashed+online+earbuds" "Mozilla/5.0 (Linux; Android 6.0.1; Nexus 5X Build/MMB29P) AppleWebKit/537.36 (KHTML, like Gecko) Chrome/137.0.7151.119 Mobile Safari/537.36 (compatible; Googlebot/2.1; +http://www.google.com/bot.html)"
66.249.70.32 - - [10/Jul/2025:14:35:14 -0400] "GET /?v=68398761001330&mod=17106160&uri=blog.php%3Fid%3D2290174-369%26name%3Dhooded+sweatshirt+cos+washed+sweatshirt HTTP/1.1" 200 22488 "-" "Mozilla/5.0 (Linux; Android 6.0.1; Nexus 5X Build/MMB29P) AppleWebKit/537.36 (KHTML, like Gecko) Chrome/137.0.7151.103 Mobile Safari/537.36 (compatible; Googlebot/2.1; +http://www.google.com/bot.html)"
66.249.70.32 - - [10/Jul/2025:14:35:19 -0400] "GET /?v=91734116061330&mod=032d9c7d&uri=article.php%3Fid%3D3071321-116%26name%3Df3+1600c11s+g+skill+aegis+rgb HTTP/1.1" 200 21098 "-" "Mozilla/5.0 (Linux; Android 6.0.1; Nexus 5X Build/MMB29P) AppleWebKit/537.36 (KHTML, like Gecko) Chrome/137.0.7151.103 Mobile Safari/537.36 (compatible; Googlebot/2.1; +http://www.google.com/bot.html)"
66.249.70.32 - - [10/Jul/2025:14:35:20 -0400] "GET /?v=99544604101330&mod=527490f0&uri=info.php%3Fid%3D3332883-130%26name%3Dsafety+jogger+maxguard+werkschoen HTTP/1.1" 200 21817 "-" "Mozilla/5.0 (Linux; Android 6.0.1; Nexus 5X Build/MMB29P) AppleWebKit/537.36 (KHTML, like Gecko) Chrome/137.0.7151.103 Mobile Safari/537.36 (compatible; Googlebot/2.1; +http://www.google.com/bot.html)"
66.249.70.32 - - [10/Jul/2025:14:35:22 -0400] "POST /get-message-notify HTTP/1.1" 404 1251 "https://www.getschooljobs.com/?v=91734116061330&mod=032d9c7d&uri=article.php%3Fid%3D3071321-116%26name%3Df3+1600c11s+g+skill+aegis+rgb" "Mozilla/5.0 (Linux; Android 6.0.1; Nexus 5X Build/MMB29P) AppleWebKit/537.36 (KHTML, like Gecko) Chrome/137.0.7151.119 Mobile Safari/537.36 (compatible; Googlebot/2.1; +http://www.google.com/bot.html)"
66.249.70.32 - - [10/Jul/2025:14:35:24 -0400] "GET /?v=99542209051330&mod=21fe5b8b&uri=info.php%3Fid%3D3332803-16%26name%3Dregenbogen+jerseystoff+streifen HTTP/1.1" 200 20879 "-" "Mozilla/5.0 (Linux; Android 6.0.1; Nexus 5X Build/MMB29P) AppleWebKit/537.36 (KHTML, like Gecko) Chrome/137.0.7151.103 Mobile Safari/537.36 (compatible; Googlebot/2.1; +http://www.google.com/bot.html)"
66.249.70.32 - - [10/Jul/2025:14:35:27 -0400] "GET /?v=99543854001330&mod=ea2e4496&uri=goods.php%3Fid%3D3332858-178%26name%3Dpolo+iii+polo+sdi+2001 HTTP/1.1" 200 21767 "-" "Mozilla/5.0 (Linux; Android 6.0.1; Nexus 5X Build/MMB29P) AppleWebKit/537.36 (KHTML, like Gecko) Chrome/137.0.7151.103 Mobile Safari/537.36 (compatible; Googlebot/2.1; +http://www.google.com/bot.html)"
66.249.70.32 - - [10/Jul/2025:14:35:31 -0400] "POST /get-message-notify HTTP/1.1" 404 1251 "https://www.getschooljobs.com/?v=99543854001330&mod=ea2e4496&uri=goods.php%3Fid%3D3332858-178%26name%3Dpolo+iii+polo+sdi+2001" "Mozilla/5.0 (Linux; Android 6.0.1; Nexus 5X Build/MMB29P) AppleWebKit/537.36 (KHTML, like Gecko) Chrome/137.0.7151.119 Mobile Safari/537.36 (compatible; Googlebot/2.1; +http://www.google.com/bot.html)"
66.249.70.32 - - [10/Jul/2025:14:35:31 -0400] "GET /?v=99483149011330&mod=7221e5c8&uri=search.php%3Fid%3D3330822-31%26name%3Drockford+fosgate+12+marine+subwoofer HTTP/1.1" 200 22457 "-" "Mozilla/5.0 (Linux; Android 6.0.1; Nexus 5X Build/MMB29P) AppleWebKit/537.36 (KHTML, like Gecko) Chrome/137.0.7151.103 Mobile Safari/537.36 (compatible; Googlebot/2.1; +http://www.google.com/bot.html)"
66.249.70.32 - - [10/Jul/2025:14:35:36 -0400] "GET /?v=99542509001330&mod=ea2e4496&uri=shared.php%3Fid%3D3332813-178%26name%3Dlampka+podsufitki+6q0947105cy20 HTTP/1.1" 200 22216 "-" "Mozilla/5.0 (Linux; Android 6.0.1; Nexus 5X Build/MMB29P) AppleWebKit/537.36 (KHTML, like Gecko) Chrome/137.0.7151.103 Mobile Safari/537.36 (compatible; Googlebot/2.1; +http://www.google.com/bot.html)"
66.249.70.32 - - [10/Jul/2025:14:35:40 -0400] "POST /get-message-notify HTTP/1.1" 404 1251 "https://www.getschooljobs.com/?v=99542509001330&mod=ea2e4496&uri=shared.php%3Fid%3D3332813-178%26name%3Dlampka+podsufitki+6q0947105cy20" "Mozilla/5.0 (Linux; Android 6.0.1; Nexus 5X Build/MMB29P) AppleWebKit/537.36 (KHTML, like Gecko) Chrome/137.0.7151.119 Mobile Safari/537.36 (compatible; Googlebot/2.1; +http://www.google.com/bot.html)"
66.249.70.32 - - [10/Jul/2025:14:35:44 -0400] "GET /?v=99463397001330&mod=dcad82b6&uri=news.php%3Fid%3D3330162-697%26name%3Ddiadora+basket+scarpe+diadora+brillantini HTTP/1.1" 200 21963 "-" "Mozilla/5.0 (Linux; Android 6.0.1; Nexus 5X Build/MMB29P) AppleWebKit/537.36 (KHTML, like Gecko) Chrome/137.0.7151.103 Mobile Safari/537.36 (compatible; Googlebot/2.1; +http://www.google.com/bot.html)"
66.249.70.32 - - [10/Jul/2025:14:35:45 -0400] "GET /?v=52670012051330&mod=73b379bf&uri=info.php%3Fid%3D1763380-744%26name%3Ddoudounes+femme+peter+hahn HTTP/1.1" 200 21640 "-" "Mozilla/5.0 (Linux; Android 6.0.1; Nexus 5X Build/MMB29P) AppleWebKit/537.36 (KHTML, like Gecko) Chrome/137.0.7151.103 Mobile Safari/537.36 (compatible; Googlebot/2.1; +http://www.google.com/bot.html)"
66.249.70.32 - - [10/Jul/2025:14:35:46 -0400] "GET /?v=99547904001330&mod=ea2e4496&uri=products.php%3Fid%3D3332993-178%26name%3Dinduction+kit+polo+gti+ea888 HTTP/1.1" 200 21787 "-" "Mozilla/5.0 (Linux; Android 6.0.1; Nexus 5X Build/MMB29P) AppleWebKit/537.36 (KHTML, like Gecko) Chrome/137.0.7151.103 Mobile Safari/537.36 (compatible; Googlebot/2.1; +http://www.google.com/bot.html)"
66.249.70.32 - - [10/Jul/2025:14:35:55 -0400] "GET /?v=99547004021330&mod=ea2e4496&uri=search.php%3Fid%3D3332963-178%26name%3Dvolkswagen+polo+40kw HTTP/1.1" 200 21964 "-" "Mozilla/5.0 (Linux; Android 6.0.1; Nexus 5X Build/MMB29P) AppleWebKit/537.36 (KHTML, like Gecko) Chrome/137.0.7151.103 Mobile Safari/537.36 (compatible; Googlebot/2.1; +http://www.google.com/bot.html)"
66.249.70.33 - - [10/Jul/2025:14:36:01 -0400] "GET /?v=99502770041330&mod=2a6f693d&uri=search.php%3Fid%3D3331482-430%26name%3Darmy+support+dogs+for+veterans HTTP/1.1" 200 21325 "-" "Mozilla/5.0 (Linux; Android 6.0.1; Nexus 5X Build/MMB29P) AppleWebKit/537.36 (KHTML, like Gecko) Chrome/137.0.7151.103 Mobile Safari/537.36 (compatible; Googlebot/2.1; +http://www.google.com/bot.html)"
52.230.163.38 - - [10/Jul/2025:14:36:03 -0400] "GET /?mod=2be9bd7a&uri=article.php?id%3D2702456-33%26name%3Dsurveillance+camera+icsee+outdoor+camera&v=80714241051330 HTTP/1.1" 200 4655 "-" "Mozilla/5.0 AppleWebKit/537.36 (KHTML, like Gecko); compatible; ChatGPT-User/1.0; +https://openai.com/bot"
66.249.70.32 - - [10/Jul/2025:14:36:05 -0400] "GET /?v=99544304001330&mod=3bb900d6&uri=product.php%3Fid%3D3332873-693%26name%3Dbride+stella+york+6928 HTTP/1.1" 200 20822 "-" "Mozilla/5.0 (Linux; Android 6.0.1; Nexus 5X Build/MMB29P) AppleWebKit/537.36 (KHTML, like Gecko) Chrome/137.0.7151.103 Mobile Safari/537.36 (compatible; Googlebot/2.1; +http://www.google.com/bot.html)"
66.249.70.33 - - [10/Jul/2025:14:36:08 -0400] "POST /get-message-notify HTTP/1.1" 404 1251 "https://www.getschooljobs.com/?v=99544304001330&mod=3bb900d6&uri=product.php%3Fid%3D3332873-693%26name%3Dbride+stella+york+6928" "Mozilla/5.0 (Linux; Android 6.0.1; Nexus 5X Build/MMB29P) AppleWebKit/537.36 (KHTML, like Gecko) Chrome/137.0.7151.119 Mobile Safari/537.36 (compatible; Googlebot/2.1; +http://www.google.com/bot.html)"
66.249.70.32 - - [10/Jul/2025:14:36:10 -0400] "GET /?v=99547304041330&mod=527490f0&uri=goods.php%3Fid%3D3332973-130%26name%3Dnike+duurste+adidas+schoenen HTTP/1.1" 200 21724 "-" "Mozilla/5.0 (Linux; Android 6.0.1; Nexus 5X Build/MMB29P) AppleWebKit/537.36 (KHTML, like Gecko) Chrome/137.0.7151.103 Mobile Safari/537.36 (compatible; Googlebot/2.1; +http://www.google.com/bot.html)"
66.249.70.32 - - [10/Jul/2025:14:36:11 -0400] "GET /?v=4009013061330&mod=a29fe708&uri=category-info.php%3Fid%3D134191-702%26name%3Djam+tangan+timex+timex+expedition+indiglo+strap HTTP/1.1" 200 20819 "-" "Mozilla/5.0 (Linux; Android 6.0.1; Nexus 5X Build/MMB29P) AppleWebKit/537.36 (KHTML, like Gecko) Chrome/137.0.7151.103 Mobile Safari/537.36 (compatible; Googlebot/2.1; +http://www.google.com/bot.html)"
66.249.70.32 - - [10/Jul/2025:14:36:15 -0400] "GET /?v=99550095051330&mod=ea2e4496&uri=blog.php%3Fid%3D3333068-178%26name%3D12v+polo+40kw HTTP/1.1" 200 21591 "-" "Mozilla/5.0 (Linux; Android 6.0.1; Nexus 5X Build/MMB29P) AppleWebKit/537.36 (KHTML, like Gecko) Chrome/137.0.7151.103 Mobile Safari/537.36 (compatible; Googlebot/2.1; +http://www.google.com/bot.html)"
66.249.70.32 - - [10/Jul/2025:14:36:20 -0400] "GET /?v=99543259101330&mod=ea2e4496&uri=news.php%3Fid%3D3332838-178%26name%3Dkaos+kerah+polo+g60 HTTP/1.1" 200 22171 "-" "Mozilla/5.0 (Linux; Android 6.0.1; Nexus 5X Build/MMB29P) AppleWebKit/537.36 (KHTML, like Gecko) Chrome/137.0.7151.103 Mobile Safari/537.36 (compatible; Googlebot/2.1; +http://www.google.com/bot.html)"
66.249.70.32 - - [10/Jul/2025:14:36:20 -0400] "GET /?v=44013599021330&mod=28ffe17a&uri=shared.php%3Fid%3D1473640-353%26name%3Dcinturon+tejido+cinturones+anchos+para+vestidos HTTP/1.1" 200 21518 "-" "Mozilla/5.0 (Linux; Android 6.0.1; Nexus 5X Build/MMB29P) AppleWebKit/537.36 (KHTML, like Gecko) Chrome/137.0.7151.103 Mobile Safari/537.36 (compatible; Googlebot/2.1; +http://www.google.com/bot.html)"
66.249.70.32 - - [10/Jul/2025:14:36:25 -0400] "GET /?v=99550395001330&mod=ea2e4496&uri=products.php%3Fid%3D3333078-178%26name%3Dopel+astra+polo+corsa HTTP/1.1" 200 22353 "-" "Mozilla/5.0 (Linux; Android 6.0.1; Nexus 5X Build/MMB29P) AppleWebKit/537.36 (KHTML, like Gecko) Chrome/137.0.7151.103 Mobile Safari/537.36 (compatible; Googlebot/2.1; +http://www.google.com/bot.html)"
66.180.131.207 - - [10/Jul/2025:14:36:25 -0400] "GET /?v=118885597061330&mod=75d121c8&uri=article.php?id=3980447-810&name=man+city+where+can+we+watch+fa+cup%27 HTTP/1.1" 200 19037 "-" "Mozilla/5.0 (Windows NT 10.0; Win64; x64) AppleWebKit/537.36 (KHTML, like Gecko) Chrome/126.0.0.0 Safari/537.36"
66.180.131.207 - - [10/Jul/2025:14:36:25 -0400] "GET /?v=118885597061330&mod=75d121c8&uri=article.php?id=3980447-810%27&name=man+city+where+can+we+watch+fa+cup HTTP/1.1" 200 19037 "-" "Mozilla/5.0 (Windows NT 10.0; Win64; x64) AppleWebKit/537.36 (KHTML, like Gecko) Chrome/126.0.0.0 Safari/537.36"
66.180.131.207 - - [10/Jul/2025:14:36:25 -0400] "GET /?v=118885597061330%27&mod=75d121c8&uri=article.php?id=3980447-810&name=man+city+where+can+we+watch+fa+cup HTTP/1.1" 200 19037 "-" "Mozilla/5.0 (Windows NT 10.0; Win64; x64) AppleWebKit/537.36 (KHTML, like Gecko) Chrome/126.0.0.0 Safari/537.36"
66.249.70.32 - - [10/Jul/2025:14:36:26 -0400] "GET /?v=4117003001330&mod=ae44f78f&uri=dp.php%3Fid%3D137805-605%26name%3Dultra+comfort+under+armor+athlete+recovery+sleepwear HTTP/1.1" 200 20663 "-" "Mozilla/5.0 (Linux; Android 6.0.1; Nexus 5X Build/MMB29P) AppleWebKit/537.36 (KHTML, like Gecko) Chrome/137.0.7151.103 Mobile Safari/537.36 (compatible; Googlebot/2.1; +http://www.google.com/bot.html)"
66.180.131.207 - - [10/Jul/2025:14:36:26 -0400] "GET /?v=118885597061330&mod=75d121c8%27&uri=article.php?id=3980447-810&name=man+city+where+can+we+watch+fa+cup HTTP/1.1" 200 19037 "-" "Mozilla/5.0 (Windows NT 10.0; Win64; x64) AppleWebKit/537.36 (KHTML, like Gecko) Chrome/126.0.0.0 Safari/537.36"
66.249.70.32 - - [10/Jul/2025:14:36:33 -0400] "POST /get-message-notify HTTP/1.1" 404 1251 "https://www.getschooljobs.com/?v=99547004021330&mod=ea2e4496&uri=search.php%3Fid%3D3332963-178%26name%3Dvolkswagen+polo+40kw" "Mozilla/5.0 (Linux; Android 6.0.1; Nexus 5X Build/MMB29P) AppleWebKit/537.36 (KHTML, like Gecko) Chrome/137.0.7151.119 Mobile Safari/537.36 (compatible; Googlebot/2.1; +http://www.google.com/bot.html)"
66.249.70.32 - - [10/Jul/2025:14:36:33 -0400] "GET /?v=99522445051330&mod=05703941&uri=pin.php%3Fid%3D3332142-293%26name%3Dhybrid+alligator+boots HTTP/1.1" 200 21775 "-" "Mozilla/5.0 (Linux; Android 6.0.1; Nexus 5X Build/MMB29P) AppleWebKit/537.36 (KHTML, like Gecko) Chrome/137.0.7151.103 Mobile Safari/537.36 (compatible; Googlebot/2.1; +http://www.google.com/bot.html)"
66.249.70.32 - - [10/Jul/2025:14:36:33 -0400] "GET /?v=99512665041330&mod=608bf6a0&uri=dp.php%3Fid%3D3331812-682%26name%3Dlow+cut+socks+adidas+climalite+socken HTTP/1.1" 200 21403 "-" "Mozilla/5.0 (Linux; Android 6.0.1; Nexus 5X Build/MMB29P) AppleWebKit/537.36 (KHTML, like Gecko) Chrome/137.0.7151.103 Mobile Safari/537.36 (compatible; Googlebot/2.1; +http://www.google.com/bot.html)"
66.249.70.32 - - [10/Jul/2025:14:36:37 -0400] "POST /get-message-notify HTTP/1.1" 404 1251 "https://www.getschooljobs.com/?v=99543259101330&mod=ea2e4496&uri=news.php%3Fid%3D3332838-178%26name%3Dkaos+kerah+polo+g60" "Mozilla/5.0 (Linux; Android 6.0.1; Nexus 5X Build/MMB29P) AppleWebKit/537.36 (KHTML, like Gecko) Chrome/137.0.7151.119 Mobile Safari/537.36 (compatible; Googlebot/2.1; +http://www.google.com/bot.html)"
45.196.45.205 - - [10/Jul/2025:14:36:37 -0400] "GET /?v=44111613031330%27&mod=35eb008e&uri=news.php?id=1476921-1048&name=unicorn+girls+silver+wellies HTTP/1.1" 200 19037 "-" "Mozilla/5.0 (Windows NT 10.0; Win64; x64) AppleWebKit/537.36 (KHTML, like Gecko) Chrome/126.0.0.0 Safari/537.36"
45.196.45.205 - - [10/Jul/2025:14:36:37 -0400] "GET /?v=44111613031330&mod=35eb008e&uri=news.php?id=1476921-1048&name=unicorn+girls+silver+wellies%27 HTTP/1.1" 200 19037 "-" "Mozilla/5.0 (Windows NT 10.0; Win64; x64) AppleWebKit/537.36 (KHTML, like Gecko) Chrome/126.0.0.0 Safari/537.36"
45.196.45.205 - - [10/Jul/2025:14:36:37 -0400] "GET /?v=44111613031330&mod=35eb008e&uri=news.php?id=1476921-1048%27&name=unicorn+girls+silver+wellies HTTP/1.1" 200 19037 "-" "Mozilla/5.0 (Windows NT 10.0; Win64; x64) AppleWebKit/537.36 (KHTML, like Gecko) Chrome/126.0.0.0 Safari/537.36"
45.196.45.205 - - [10/Jul/2025:14:36:37 -0400] "GET /?v=44111613031330&mod=35eb008e%27&uri=news.php?id=1476921-1048&name=unicorn+girls+silver+wellies HTTP/1.1" 200 19037 "-" "Mozilla/5.0 (Windows NT 10.0; Win64; x64) AppleWebKit/537.36 (KHTML, like Gecko) Chrome/126.0.0.0 Safari/537.36"
66.249.70.32 - - [10/Jul/2025:14:36:38 -0400] "GET /?v=99543404001330&mod=ea2e4496&uri=shop.php%3Fid%3D3332843-178%26name%3Dhyundai+polo+swift HTTP/1.1" 200 22383 "-" "Mozilla/5.0 (Linux; Android 6.0.1; Nexus 5X Build/MMB29P) AppleWebKit/537.36 (KHTML, like Gecko) Chrome/137.0.7151.103 Mobile Safari/537.36 (compatible; Googlebot/2.1; +http://www.google.com/bot.html)"
66.249.70.32 - - [10/Jul/2025:14:36:43 -0400] "GET /?v=99545054011330&mod=db5f7dfd&uri=news.php%3Fid%3D3332898-1183%26name%3Dgift+box+surprise+small+gifts+for+boyfriend HTTP/1.1" 200 22277 "-" "Mozilla/5.0 (Linux; Android 6.0.1; Nexus 5X Build/MMB29P) AppleWebKit/537.36 (KHTML, like Gecko) Chrome/137.0.7151.103 Mobile Safari/537.36 (compatible; Googlebot/2.1; +http://www.google.com/bot.html)"
193.186.4.134 - - [10/Jul/2025:14:36:45 -0400] "GET /?v=82541663041330&mod=92755a67&uri=products.php%3Fid%3D2763642-456%26name%3Daction+figure+peluche+de+mega+godzilla HTTP/1.1" 200 133 "https://www.google.com/" "Mozilla/5.0 (Windows NT 10.0; Win64; x64) AppleWebKit/537.36 (KHTML, like Gecko) Chrome/138.0.0.0 Safari/537.36"
66.249.70.32 - - [10/Jul/2025:14:36:47 -0400] "POST /get-message-notify HTTP/1.1" 404 1251 "https://www.getschooljobs.com/?v=99545054011330&mod=db5f7dfd&uri=news.php%3Fid%3D3332898-1183%26name%3Dgift+box+surprise+small+gifts+for+boyfriend" "Mozilla/5.0 (Linux; Android 6.0.1; Nexus 5X Build/MMB29P) AppleWebKit/537.36 (KHTML, like Gecko) Chrome/137.0.7151.119 Mobile Safari/537.36 (compatible; Googlebot/2.1; +http://www.google.com/bot.html)"
66.249.70.32 - - [10/Jul/2025:14:36:48 -0400] "GET /?v=99463367031330&mod=dcad82b6&uri=brands.php%3Fid%3D3330161-697%26name%3Dclarks+originals+coupon+scarpe HTTP/1.1" 200 21161 "-" "Mozilla/5.0 (Linux; Android 6.0.1; Nexus 5X Build/MMB29P) AppleWebKit/537.36 (KHTML, like Gecko) Chrome/137.0.7151.103 Mobile Safari/537.36 (compatible; Googlebot/2.1; +http://www.google.com/bot.html)"
66.249.70.33 - - [10/Jul/2025:14:36:54 -0400] "GET /?v=99545954051330&mod=ea2e4496&uri=news.php%3Fid%3D3332928-178%26name%3Dpolo+9n3+blue HTTP/1.1" 200 21829 "-" "Mozilla/5.0 (Linux; Android 6.0.1; Nexus 5X Build/MMB29P) AppleWebKit/537.36 (KHTML, like Gecko) Chrome/137.0.7151.103 Mobile Safari/537.36 (compatible; Googlebot/2.1; +http://www.google.com/bot.html)"
66.249.70.32 - - [10/Jul/2025:14:36:59 -0400] "GET /?v=99549964101330&mod=ea2e4496&uri=blog.php%3Fid%3D3333063-178%26name%3Dcars+skoda+fabia+vw+polo HTTP/1.1" 200 21443 "-" "Mozilla/5.0 (Linux; Android 6.0.1; Nexus 5X Build/MMB29P) AppleWebKit/537.36 (KHTML, like Gecko) Chrome/137.0.7151.103 Mobile Safari/537.36 (compatible; Googlebot/2.1; +http://www.google.com/bot.html)"
20.171.53.227 - - [10/Jul/2025:14:37:01 -0400] "GET /?mod=b6e4ef20&uri=shared.php%3Fid%3D2065692-960%26name%3Dbicicleta+spinning+centurfit+13+kg&v=61695278091330 HTTP/1.1" 200 4655 "-" "Mozilla/5.0 (Macintosh; Intel Mac OS X 10_15_7) AppleWebKit/537.36 (KHTML, like Gecko) Chrome/131.0.0.0 Safari/537.36; compatible; OAI-SearchBot/1.0; +https://openai.com/searchbot"
66.249.70.32 - - [10/Jul/2025:14:37:05 -0400] "GET /?v=99549081001330&mod=f88c38d9&uri=search.php%3Fid%3D3333033-269%26name%3Dhampton+apartments+cheap+flats+to+rent+in+woolwich HTTP/1.1" 200 21971 "-" "Mozilla/5.0 (Linux; Android 6.0.1; Nexus 5X Build/MMB29P) AppleWebKit/537.36 (KHTML, like Gecko) Chrome/137.0.7151.103 Mobile Safari/537.36 (compatible; Googlebot/2.1; +http://www.google.com/bot.html)"
66.249.70.32 - - [10/Jul/2025:14:37:08 -0400] "POST /get-message-notify HTTP/1.1" 404 1251 "https://www.getschooljobs.com/?v=99549081001330&mod=f88c38d9&uri=search.php%3Fid%3D3333033-269%26name%3Dhampton+apartments+cheap+flats+to+rent+in+woolwich" "Mozilla/5.0 (Linux; Android 6.0.1; Nexus 5X Build/MMB29P) AppleWebKit/537.36 (KHTML, like Gecko) Chrome/137.0.7151.119 Mobile Safari/537.36 (compatible; Googlebot/2.1; +http://www.google.com/bot.html)"
66.249.70.32 - - [10/Jul/2025:14:37:09 -0400] "GET /?v=99542179041330&mod=db5f7dfd&uri=products.php%3Fid%3D3332802-1183%26name%3Dgift+guide+gifts+for+hunting+dads HTTP/1.1" 200 21713 "-" "Mozilla/5.0 (Linux; Android 6.0.1; Nexus 5X Build/MMB29P) AppleWebKit/537.36 (KHTML, like Gecko) Chrome/137.0.7151.103 Mobile Safari/537.36 (compatible; Googlebot/2.1; +http://www.google.com/bot.html)"
74.7.36.95 - - [10/Jul/2025:14:37:10 -0400] "GET /?mod=3fb2acb5&uri=info.php?id%3D2555993-540%26name%3Dprotein+shakers+ladder+shaker+bottle&v=76337408001330 HTTP/1.1" 200 4655 "-" "Mozilla/5.0 AppleWebKit/537.36 (KHTML, like Gecko); compatible; ChatGPT-User/1.0; +https://openai.com/bot"
66.249.70.32 - - [10/Jul/2025:14:37:14 -0400] "GET /?v=99548654051330&mod=ea2e4496&uri=dp.php%3Fid%3D3333018-178%26name%3Dmovies+teri+polo+filmografia HTTP/1.1" 200 21058 "-" "Mozilla/5.0 (Linux; Android 6.0.1; Nexus 5X Build/MMB29P) AppleWebKit/537.36 (KHTML, like Gecko) Chrome/137.0.7151.103 Mobile Safari/537.36 (compatible; Googlebot/2.1; +http://www.google.com/bot.html)"
66.249.70.32 - - [10/Jul/2025:14:37:17 -0400] "POST /get-message-notify HTTP/1.1" 404 1251 "https://www.getschooljobs.com/?v=99548654051330&mod=ea2e4496&uri=dp.php%3Fid%3D3333018-178%26name%3Dmovies+teri+polo+filmografia" "Mozilla/5.0 (Linux; Android 6.0.1; Nexus 5X Build/MMB29P) AppleWebKit/537.36 (KHTML, like Gecko) Chrome/137.0.7151.119 Mobile Safari/537.36 (compatible; Googlebot/2.1; +http://www.google.com/bot.html)"
66.249.70.32 - - [10/Jul/2025:14:37:18 -0400] "GET /?v=99548204101330&mod=ea2e4496&uri=shop.php%3Fid%3D3333003-178%26name%3Dmk6+polo+gti+apr HTTP/1.1" 200 20917 "-" "Mozilla/5.0 (Linux; Android 6.0.1; Nexus 5X Build/MMB29P) AppleWebKit/537.36 (KHTML, like Gecko) Chrome/137.0.7151.103 Mobile Safari/537.36 (compatible; Googlebot/2.1; +http://www.google.com/bot.html)"
66.249.70.32 - - [10/Jul/2025:14:37:27 -0400] "GET /?v=99541159001330&mod=527490f0&uri=dp.php%3Fid%3D3332768-130%26name%3Dnike+dunk+low+nike+blauw+schoenen HTTP/1.1" 200 22477 "-" "Mozilla/5.0 (Linux; Android 6.0.1; Nexus 5X Build/MMB29P) AppleWebKit/537.36 (KHTML, like Gecko) Chrome/137.0.7151.103 Mobile Safari/537.36 (compatible; Googlebot/2.1; +http://www.google.com/bot.html)"
66.249.70.32 - - [10/Jul/2025:14:37:31 -0400] "GET /?v=99539329041330&mod=527490f0&uri=shared.php%3Fid%3D3332707-130%26name%3Dbag+columbia+bergschoenen HTTP/1.1" 200 21754 "-" "Mozilla/5.0 (Linux; Android 6.0.1; Nexus 5X Build/MMB29P) AppleWebKit/537.36 (KHTML, like Gecko) Chrome/137.0.7151.103 Mobile Safari/537.36 (compatible; Googlebot/2.1; +http://www.google.com/bot.html)"
66.249.70.32 - - [10/Jul/2025:14:37:36 -0400] "GET /?v=99667033101330&mod=0ba7bc92&uri=search.php%3Fid%3D3337018-233%26name%3Ddog+menace+bit+by+a+stray+dog HTTP/1.1" 200 20721 "-" "Mozilla/5.0 (Linux; Android 6.0.1; Nexus 5X Build/MMB29P) AppleWebKit/537.36 (KHTML, like Gecko) Chrome/137.0.7151.103 Mobile Safari/537.36 (compatible; Googlebot/2.1; +http://www.google.com/bot.html)"
66.249.70.32 - - [10/Jul/2025:14:37:41 -0400] "GET /?v=99673634091330&mod=4a91f731&uri=news.php%3Fid%3D3337242-506%26name%3Dmejores+carros+venta+de+carros+a+control+remoto+a+gasolina HTTP/1.1" 200 20493 "-" "Mozilla/5.0 (Linux; Android 6.0.1; Nexus 5X Build/MMB29P) AppleWebKit/537.36 (KHTML, like Gecko) Chrome/137.0.7151.103 Mobile Safari/537.36 (compatible; Googlebot/2.1; +http://www.google.com/bot.html)"
66.249.70.32 - - [10/Jul/2025:14:37:47 -0400] "GET /?v=99668892051330&mod=4a91f731&uri=itm.php%3Fid%3D3337082-506%26name%3Dalexa+apk+amazon+alexa+app+android HTTP/1.1" 200 22023 "-" "Mozilla/5.0 (Linux; Android 6.0.1; Nexus 5X Build/MMB29P) AppleWebKit/537.36 (KHTML, like Gecko) Chrome/137.0.7151.103 Mobile Safari/537.36 (compatible; Googlebot/2.1; +http://www.google.com/bot.html)"
66.249.70.32 - - [10/Jul/2025:14:37:51 -0400] "POST /get-message-notify HTTP/1.1" 404 1251 "https://www.getschooljobs.com/?v=99668892051330&mod=4a91f731&uri=itm.php%3Fid%3D3337082-506%26name%3Dalexa+apk+amazon+alexa+app+android" "Mozilla/5.0 (Linux; Android 6.0.1; Nexus 5X Build/MMB29P) AppleWebKit/537.36 (KHTML, like Gecko) Chrome/137.0.7151.119 Mobile Safari/537.36 (compatible; Googlebot/2.1; +http://www.google.com/bot.html)"
66.249.70.32 - - [10/Jul/2025:14:37:52 -0400] "GET /?v=99663310071330&mod=608bf6a0&uri=form.php%3Fid%3D3336890-682%26name%3Dultra+boost+adidas+conti+sohle HTTP/1.1" 200 20163 "-" "Mozilla/5.0 (Linux; Android 6.0.1; Nexus 5X Build/MMB29P) AppleWebKit/537.36 (KHTML, like Gecko) Chrome/137.0.7151.103 Mobile Safari/537.36 (compatible; Googlebot/2.1; +http://www.google.com/bot.html)"
66.249.70.32 - - [10/Jul/2025:14:37:57 -0400] "GET /?v=99669119071330&mod=4a91f731&uri=shared.php%3Fid%3D3337090-506%26name%3D1st+gen+firetv+4k+stick+2018 HTTP/1.1" 200 20903 "-" "Mozilla/5.0 (Linux; Android 6.0.1; Nexus 5X Build/MMB29P) AppleWebKit/537.36 (KHTML, like Gecko) Chrome/137.0.7151.103 Mobile Safari/537.36 (compatible; Googlebot/2.1; +http://www.google.com/bot.html)"
20.14.99.110 - - [10/Jul/2025:14:37:58 -0400] "GET /?mod=2be9bd7a&uri=article.php%3Fid%3D2702456-33%26name%3Dsurveillance+camera+icsee+outdoor+camera&v=80714241051330 HTTP/1.1" 200 4655 "-" "Mozilla/5.0 (Macintosh; Intel Mac OS X 10_15_7) AppleWebKit/537.36 (KHTML, like Gecko) Chrome/131.0.0.0 Safari/537.36; compatible; OAI-SearchBot/1.0; +https://openai.com/searchbot"
66.249.70.34 - - [10/Jul/2025:14:38:01 -0400] "GET /?v=99657382041330&mod=4a91f731&uri=pin.php%3Fid%3D3336682-506%26name%3Ddolls+las+nenucos HTTP/1.1" 200 20873 "-" "Mozilla/5.0 (Linux; Android 6.0.1; Nexus 5X Build/MMB29P) AppleWebKit/537.36 (KHTML, like Gecko) Chrome/137.0.7151.103 Mobile Safari/537.36 (compatible; Googlebot/2.1; +http://www.google.com/bot.html)"
66.249.70.34 - - [10/Jul/2025:14:38:05 -0400] "GET /?v=99656681011330&mod=4a91f731&uri=form.php%3Fid%3D3336658-506%26name%3Dsmart+speaker+spotify+alexa+echo+dot HTTP/1.1" 200 21043 "-" "Mozilla/5.0 (Linux; Android 6.0.1; Nexus 5X Build/MMB29P) AppleWebKit/537.36 (KHTML, like Gecko) Chrome/137.0.7151.103 Mobile Safari/537.36 (compatible; Googlebot/2.1; +http://www.google.com/bot.html)"
85.145.207.212 - - [10/Jul/2025:14:38:06 -0400] "GET /?v=54568431051330&mod=b67fd759&uri=search.php%3Fid%3D1826964-1091%26name%3Dcabeau+evolution+s3+travel+neck+pillow HTTP/1.1" 200 133 "https://www.google.com/" "Mozilla/5.0 (iPhone; CPU iPhone OS 18_5 like Mac OS X) AppleWebKit/605.1.15 (KHTML, like Gecko) Version/18.5 Mobile/15E148 Safari/604.1"
66.249.70.32 - - [10/Jul/2025:14:38:10 -0400] "GET /?v=42360840021330&mod=a5d42e40&uri=dp.php%3Fid%3D1418345-59%26name%3Dauricolari+xiaomi+mi+true+wireless+earbuds+basic+s+twsej05ls HTTP/1.1" 200 22164 "-" "Mozilla/5.0 (Linux; Android 6.0.1; Nexus 5X Build/MMB29P) AppleWebKit/537.36 (KHTML, like Gecko) Chrome/137.0.7151.103 Mobile Safari/537.36 (compatible; Googlebot/2.1; +http://www.google.com/bot.html)"
66.249.70.32 - - [10/Jul/2025:14:38:27 -0400] "GET /?v=99665865001330&mod=608bf6a0&uri=shared.php%3Fid%3D3336978-682%26name%3Dadidas+grand+court+court+tourino+schuh HTTP/1.1" 200 20607 "-" "Mozilla/5.0 (Linux; Android 6.0.1; Nexus 5X Build/MMB29P) AppleWebKit/537.36 (KHTML, like Gecko) Chrome/137.0.7151.103 Mobile Safari/537.36 (compatible; Googlebot/2.1; +http://www.google.com/bot.html)"
66.249.70.32 - - [10/Jul/2025:14:38:29 -0400] "GET /?v=99656234041330&mod=4a91f731&uri=article.php%3Fid%3D3336642-506%26name%3Damazon+prime+tv+stick+lite HTTP/1.1" 200 21060 "-" "Mozilla/5.0 (Linux; Android 6.0.1; Nexus 5X Build/MMB29P) AppleWebKit/537.36 (KHTML, like Gecko) Chrome/137.0.7151.103 Mobile Safari/537.36 (compatible; Googlebot/2.1; +http://www.google.com/bot.html)"
66.249.70.32 - - [10/Jul/2025:14:38:30 -0400] "POST /get-message-notify HTTP/1.1" 404 1251 "https://www.getschooljobs.com/?v=99665865001330&mod=608bf6a0&uri=shared.php%3Fid%3D3336978-682%26name%3Dadidas+grand+court+court+tourino+schuh" "Mozilla/5.0 (Linux; Android 6.0.1; Nexus 5X Build/MMB29P) AppleWebKit/537.36 (KHTML, like Gecko) Chrome/137.0.7151.119 Mobile Safari/537.36 (compatible; Googlebot/2.1; +http://www.google.com/bot.html)"
66.249.70.32 - - [10/Jul/2025:14:38:32 -0400] "POST /get-message-notify HTTP/1.1" 404 1251 "https://www.getschooljobs.com/?v=99656234041330&mod=4a91f731&uri=article.php%3Fid%3D3336642-506%26name%3Damazon+prime+tv+stick+lite" "Mozilla/5.0 (Linux; Android 6.0.1; Nexus 5X Build/MMB29P) AppleWebKit/537.36 (KHTML, like Gecko) Chrome/137.0.7151.119 Mobile Safari/537.36 (compatible; Googlebot/2.1; +http://www.google.com/bot.html)"
66.249.70.32 - - [10/Jul/2025:14:38:32 -0400] "GET /?v=99664926071330&mod=4a91f731&uri=product.php%3Fid%3D3336946-506%26name%3Dmlp+fluttershy+peluche HTTP/1.1" 200 20508 "-" "Mozilla/5.0 (Linux; Android 6.0.1; Nexus 5X Build/MMB29P) AppleWebKit/537.36 (KHTML, like Gecko) Chrome/137.0.7151.103 Mobile Safari/537.36 (compatible; Googlebot/2.1; +http://www.google.com/bot.html)"
66.249.70.32 - - [10/Jul/2025:14:38:34 -0400] "GET /?v=99658098131330&mod=5b4e201b&uri=shop.php%3Fid%3D3336706-155%26name%3Dlv+bag+viva+cite+mm+louis+vuitton HTTP/1.1" 200 21527 "-" "Mozilla/5.0 (Linux; Android 6.0.1; Nexus 5X Build/MMB29P) AppleWebKit/537.36 (KHTML, like Gecko) Chrome/137.0.7151.103 Mobile Safari/537.36 (compatible; Googlebot/2.1; +http://www.google.com/bot.html)"
135.237.131.210 - - [10/Jul/2025:14:38:37 -0400] "GET /?mod=0dd81a42&uri=search.php?id%3D2760167-477%26name%3Dcanon+g7x+mark+iii+best+buy&v=82437948001330 HTTP/1.1" 200 4655 "-" "Mozilla/5.0 AppleWebKit/537.36 (KHTML, like Gecko); compatible; ChatGPT-User/1.0; +https://openai.com/bot"
66.249.70.32 - - [10/Jul/2025:14:38:39 -0400] "GET /?v=42354499001330&mod=a5d42e40&uri=shop.php%3Fid%3D1418133-59%26name%3Dbluetooth+usb+plantronics+b825+voyager+focus+bluetooth+headset HTTP/1.1" 200 21868 "-" "Mozilla/5.0 (Linux; Android 6.0.1; Nexus 5X Build/MMB29P) AppleWebKit/537.36 (KHTML, like Gecko) Chrome/137.0.7151.103 Mobile Safari/537.36 (compatible; Googlebot/2.1; +http://www.google.com/bot.html)"
66.249.70.32 - - [10/Jul/2025:14:38:46 -0400] "GET /?v=99532547061330&mod=ea2e4496&uri=info.php%3Fid%3D3332479-178%26name%3Dkaos+kerah+polo+kia HTTP/1.1" 200 21994 "-" "Mozilla/5.0 (Linux; Android 6.0.1; Nexus 5X Build/MMB29P) AppleWebKit/537.36 (KHTML, like Gecko) Chrome/137.0.7151.103 Mobile Safari/537.36 (compatible; Googlebot/2.1; +http://www.google.com/bot.html)"
66.249.70.32 - - [10/Jul/2025:14:38:58 -0400] "GET /?v=99657622071330&mod=608bf6a0&uri=article.php%3Fid%3D3336690-682%26name%3Dsneaker+zx750+rot HTTP/1.1" 200 20946 "-" "Mozilla/5.0 (Linux; Android 6.0.1; Nexus 5X Build/MMB29P) AppleWebKit/537.36 (KHTML, like Gecko) Chrome/137.0.7151.103 Mobile Safari/537.36 (compatible; Googlebot/2.1; +http://www.google.com/bot.html)"
66.249.70.32 - - [10/Jul/2025:14:39:02 -0400] "GET /?v=99660802041330&mod=47b4771a&uri=us.php%3Fid%3D3336802-863%26name%3Dcanvas+rucksack+damen+tasche HTTP/1.1" 200 21073 "-" "Mozilla/5.0 (Linux; Android 6.0.1; Nexus 5X Build/MMB29P) AppleWebKit/537.36 (KHTML, like Gecko) Chrome/137.0.7151.103 Mobile Safari/537.36 (compatible; Googlebot/2.1; +http://www.google.com/bot.html)"
66.249.70.33 - - [10/Jul/2025:14:39:07 -0400] "GET /?v=99671724071330&mod=4a91f731&uri=brands.php%3Fid%3D3337178-506%26name%3Dwheel+scooter+patinetes+de+ruedas+para+ni%C3%83%C2%B1as HTTP/1.1" 200 20063 "-" "Mozilla/5.0 (Linux; Android 6.0.1; Nexus 5X Build/MMB29P) AppleWebKit/537.36 (KHTML, like Gecko) Chrome/137.0.7151.103 Mobile Safari/537.36 (compatible; Googlebot/2.1; +http://www.google.com/bot.html)"
66.249.70.32 - - [10/Jul/2025:14:39:12 -0400] "GET /?v=99663550101330&mod=4a91f731&uri=us.php%3Fid%3D3336898-506%26name%3Dblanco+y+negro+barbie+colorear+e+imprimir HTTP/1.1" 200 21195 "-" "Mozilla/5.0 (Linux; Android 6.0.1; Nexus 5X Build/MMB29P) AppleWebKit/537.36 (KHTML, like Gecko) Chrome/137.0.7151.103 Mobile Safari/537.36 (compatible; Googlebot/2.1; +http://www.google.com/bot.html)"
66.249.70.32 - - [10/Jul/2025:14:39:16 -0400] "GET /?v=99669812011330&mod=4a91f731&uri=news.php%3Fid%3D3337114-506%26name%3Dbarbie+coloring+pages+barbie+para+colorear+e+imprimir HTTP/1.1" 200 20445 "-" "Mozilla/5.0 (Linux; Android 6.0.1; Nexus 5X Build/MMB29P) AppleWebKit/537.36 (KHTML, like Gecko) Chrome/137.0.7151.103 Mobile Safari/537.36 (compatible; Googlebot/2.1; +http://www.google.com/bot.html)"
66.249.70.32 - - [10/Jul/2025:14:39:21 -0400] "GET /?v=99667511011330&mod=4a91f731&uri=dp.php%3Fid%3D3337034-506%26name%3Dpurple+barbie+sirena+rosa HTTP/1.1" 200 21203 "-" "Mozilla/5.0 (Linux; Android 6.0.1; Nexus 5X Build/MMB29P) AppleWebKit/537.36 (KHTML, like Gecko) Chrome/137.0.7151.103 Mobile Safari/537.36 (compatible; Googlebot/2.1; +http://www.google.com/bot.html)"
66.249.70.32 - - [10/Jul/2025:14:39:25 -0400] "GET /?v=119101906011330&mod=298f5874&uri=products.php%3Fid%3D3987696-39%26name%3Dbenyar+new+watch+brands+2021 HTTP/1.1" 200 21346 "-" "Mozilla/5.0 (Linux; Android 6.0.1; Nexus 5X Build/MMB29P) AppleWebKit/537.36 (KHTML, like Gecko) Chrome/137.0.7151.103 Mobile Safari/537.36 (compatible; Googlebot/2.1; +http://www.google.com/bot.html)"
66.249.70.32 - - [10/Jul/2025:14:39:26 -0400] "GET /?v=99667735011330&mod=4a91f731&uri=pin.php%3Fid%3D3337042-506%26name%3Dcon+reloj+alexa+amazon+blanca HTTP/1.1" 200 21751 "-" "Mozilla/5.0 (Linux; Android 6.0.1; Nexus 5X Build/MMB29P) AppleWebKit/537.36 (KHTML, like Gecko) Chrome/137.0.7151.103 Mobile Safari/537.36 (compatible; Googlebot/2.1; +http://www.google.com/bot.html)"
66.249.70.32 - - [10/Jul/2025:14:39:28 -0400] "POST /get-message-notify HTTP/1.1" 404 1251 "https://www.getschooljobs.com/?v=119101906011330&mod=298f5874&uri=products.php%3Fid%3D3987696-39%26name%3Dbenyar+new+watch+brands+2021" "Mozilla/5.0 (Linux; Android 6.0.1; Nexus 5X Build/MMB29P) AppleWebKit/537.36 (KHTML, like Gecko) Chrome/137.0.7151.119 Mobile Safari/537.36 (compatible; Googlebot/2.1; +http://www.google.com/bot.html)"
66.249.70.32 - - [10/Jul/2025:14:39:31 -0400] "GET /?v=70814949001330&mod=c8f37e5d&uri=dp.php%3Fid%3D2371027-245%26name%3Dmoto+g5s+moto+g5+plus+leather+back+cover HTTP/1.1" 200 22028 "-" "Mozilla/5.0 (Linux; Android 6.0.1; Nexus 5X Build/MMB29P) AppleWebKit/537.36 (KHTML, like Gecko) Chrome/137.0.7151.103 Mobile Safari/537.36 (compatible; Googlebot/2.1; +http://www.google.com/bot.html)"
66.249.70.32 - - [10/Jul/2025:14:39:31 -0400] "GET /?v=99662389051330&mod=4a91f731&uri=form.php%3Fid%3D3336858-506%26name%3Dparlante+inteligente+ultimo+modelo+de+alexa HTTP/1.1" 200 21522 "-" "Mozilla/5.0 (Linux; Android 6.0.1; Nexus 5X Build/MMB29P) AppleWebKit/537.36 (KHTML, like Gecko) Chrome/137.0.7151.103 Mobile Safari/537.36 (compatible; Googlebot/2.1; +http://www.google.com/bot.html)"
66.249.70.32 - - [10/Jul/2025:14:39:32 -0400] "GET /?v=116713344001330&mod=54730810&uri=pin.php%3Fid%3D3907648-1404%26name%3Dzoom+kd+kds+fire+and+ice HTTP/1.1" 200 20192 "-" "Mozilla/5.0 (Linux; Android 6.0.1; Nexus 5X Build/MMB29P) AppleWebKit/537.36 (KHTML, like Gecko) Chrome/137.0.7151.103 Mobile Safari/537.36 (compatible; Googlebot/2.1; +http://www.google.com/bot.html)"
66.249.70.32 - - [10/Jul/2025:14:39:34 -0400] "POST /get-message-notify HTTP/1.1" 404 1251 "https://www.getschooljobs.com/?v=99662389051330&mod=4a91f731&uri=form.php%3Fid%3D3336858-506%26name%3Dparlante+inteligente+ultimo+modelo+de+alexa" "Mozilla/5.0 (Linux; Android 6.0.1; Nexus 5X Build/MMB29P) AppleWebKit/537.36 (KHTML, like Gecko) Chrome/137.0.7151.119 Mobile Safari/537.36 (compatible; Googlebot/2.1; +http://www.google.com/bot.html)"
66.249.70.32 - - [10/Jul/2025:14:39:35 -0400] "POST /get-message-notify HTTP/1.1" 404 1251 "https://www.getschooljobs.com/?v=70814949001330&mod=c8f37e5d&uri=dp.php%3Fid%3D2371027-245%26name%3Dmoto+g5s+moto+g5+plus+leather+back+cover" "Mozilla/5.0 (Linux; Android 6.0.1; Nexus 5X Build/MMB29P) AppleWebKit/537.36 (KHTML, like Gecko) Chrome/137.0.7151.119 Mobile Safari/537.36 (compatible; Googlebot/2.1; +http://www.google.com/bot.html)"
66.249.70.32 - - [10/Jul/2025:14:39:36 -0400] "GET /?v=99665166011330&mod=4a91f731&uri=goods.php%3Fid%3D3336954-506%26name%3Dvoice+alexa+vs+google+home+mini HTTP/1.1" 200 21230 "-" "Mozilla/5.0 (Linux; Android 6.0.1; Nexus 5X Build/MMB29P) AppleWebKit/537.36 (KHTML, like Gecko) Chrome/137.0.7151.103 Mobile Safari/537.36 (compatible; Googlebot/2.1; +http://www.google.com/bot.html)"
66.249.70.32 - - [10/Jul/2025:14:39:39 -0400] "POST /get-message-notify HTTP/1.1" 404 1251 "https://www.getschooljobs.com/?v=99665166011330&mod=4a91f731&uri=goods.php%3Fid%3D3336954-506%26name%3Dvoice+alexa+vs+google+home+mini" "Mozilla/5.0 (Linux; Android 6.0.1; Nexus 5X Build/MMB29P) AppleWebKit/537.36 (KHTML, like Gecko) Chrome/137.0.7151.119 Mobile Safari/537.36 (compatible; Googlebot/2.1; +http://www.google.com/bot.html)"
66.249.70.32 - - [10/Jul/2025:14:39:41 -0400] "GET /?v=99666331011330&mod=4a91f731&uri=shared.php%3Fid%3D3336994-506%26name%3Dbaby+kits+imagenes+de+triciclos+para+bebes HTTP/1.1" 200 21973 "-" "Mozilla/5.0 (Linux; Android 6.0.1; Nexus 5X Build/MMB29P) AppleWebKit/537.36 (KHTML, like Gecko) Chrome/137.0.7151.103 Mobile Safari/537.36 (compatible; Googlebot/2.1; +http://www.google.com/bot.html)"
66.249.70.32 - - [10/Jul/2025:14:39:45 -0400] "GET /?v=99656453051330&mod=47b4771a&uri=shared.php%3Fid%3D3336650-863%26name%3Drucksack+tasche+damen+leder HTTP/1.1" 200 21024 "-" "Mozilla/5.0 (Linux; Android 6.0.1; Nexus 5X Build/MMB29P) AppleWebKit/537.36 (KHTML, like Gecko) Chrome/137.0.7151.103 Mobile Safari/537.36 (compatible; Googlebot/2.1; +http://www.google.com/bot.html)"
66.249.70.32 - - [10/Jul/2025:14:39:50 -0400] "GET /?v=99661260001330&mod=608bf6a0&uri=products.php%3Fid%3D3336818-682%26name%3Dkempa+fechtschuhe HTTP/1.1" 200 21628 "-" "Mozilla/5.0 (Linux; Android 6.0.1; Nexus 5X Build/MMB29P) AppleWebKit/537.36 (KHTML, like Gecko) Chrome/137.0.7151.103 Mobile Safari/537.36 (compatible; Googlebot/2.1; +http://www.google.com/bot.html)"
66.249.70.32 - - [10/Jul/2025:14:39:52 -0400] "POST /get-message-notify HTTP/1.1" 404 1251 "https://www.getschooljobs.com/?v=99667735011330&mod=4a91f731&uri=pin.php%3Fid%3D3337042-506%26name%3Dcon+reloj+alexa+amazon+blanca" "Mozilla/5.0 (Linux; Android 6.0.1; Nexus 5X Build/MMB29P) AppleWebKit/537.36 (KHTML, like Gecko) Chrome/137.0.7151.119 Mobile Safari/537.36 (compatible; Googlebot/2.1; +http://www.google.com/bot.html)"
20.171.53.228 - - [10/Jul/2025:14:39:54 -0400] "GET /?mod=d4e452f4&uri=brands.php%3Fid%3D803360-137%26name%3Dservice+ultra+perfumes&v=23990181091330 HTTP/1.1" 200 4655 "-" "Mozilla/5.0 (Macintosh; Intel Mac OS X 10_15_7) AppleWebKit/537.36 (KHTML, like Gecko) Chrome/131.0.0.0 Safari/537.36; compatible; OAI-SearchBot/1.0; +https://openai.com/searchbot"
66.249.70.33 - - [10/Jul/2025:14:39:54 -0400] "GET /?v=99540469121330&mod=527490f0&uri=info.php%3Fid%3D3332745-130%26name%3Dnike+schoenen+dames+blauw HTTP/1.1" 200 21833 "-" "Mozilla/5.0 (Linux; Android 6.0.1; Nexus 5X Build/MMB29P) AppleWebKit/537.36 (KHTML, like Gecko) Chrome/137.0.7151.103 Mobile Safari/537.36 (compatible; Googlebot/2.1; +http://www.google.com/bot.html)"
