66.249.70.32 - - [10/Jul/2025:12:38:34 -0400] "GET /?v=44013359041330&mod=10f0b5fd&uri=goods.php%3Fid%3D1473632-684%26name%3Dlodi+zapatos+planos+novia+online HTTP/1.1" 200 21425 "-" "Mozilla/5.0 (Linux; Android 6.0.1; Nexus 5X Build/MMB29P) AppleWebKit/537.36 (KHTML, like Gecko) Chrome/137.0.7151.103 Mobile Safari/537.36 (compatible; Googlebot/2.1; +http://www.google.com/bot.html)"
66.249.70.32 - - [10/Jul/2025:12:38:42 -0400] "GET /?v=115577664061330&mod=531a377c&uri=goods.php%3Fid%3D3869627-599%26name%3D7100+graphics+card+wx+7100+mining HTTP/1.1" 200 21456 "-" "Mozilla/5.0 (Linux; Android 6.0.1; Nexus 5X Build/MMB29P) AppleWebKit/537.36 (KHTML, like Gecko) Chrome/137.0.7151.103 Mobile Safari/537.36 (compatible; Googlebot/2.1; +http://www.google.com/bot.html)"
66.249.70.32 - - [10/Jul/2025:12:38:43 -0400] "GET /?v=71448215011330&mod=34113f84&uri=article.php%3Fid%3D2392244-135%26name%3Dmtb+ruote+x+bici+da+corsa HTTP/1.1" 200 21420 "-" "Mozilla/5.0 (Linux; Android 6.0.1; Nexus 5X Build/MMB29P) AppleWebKit/537.36 (KHTML, like Gecko) Chrome/137.0.7151.103 Mobile Safari/537.36 (compatible; Googlebot/2.1; +http://www.google.com/bot.html)"
66.249.70.32 - - [10/Jul/2025:12:38:56 -0400] "POST /get-message-notify HTTP/1.1" 404 1251 "https://www.getschooljobs.com/?v=115577664061330&mod=531a377c&uri=goods.php%3Fid%3D3869627-599%26name%3D7100+graphics+card+wx+7100+mining" "Mozilla/5.0 (Linux; Android 6.0.1; Nexus 5X Build/MMB29P) AppleWebKit/537.36 (KHTML, like Gecko) Chrome/137.0.7151.119 Mobile Safari/537.36 (compatible; Googlebot/2.1; +http://www.google.com/bot.html)"
66.249.70.32 - - [10/Jul/2025:12:38:57 -0400] "GET /?v=118757947041330&mod=fb3fb416&uri=brands.php%3Fid%3D3976143-1071%26name%3Dfaldas+oto%C3%B1o+invierno+2020+tendencias+faldas+oto%C3%83%C2%B1o+invierno+2019 HTTP/1.1" 200 20565 "-" "Mozilla/5.0 (Linux; Android 6.0.1; Nexus 5X Build/MMB29P) AppleWebKit/537.36 (KHTML, like Gecko) Chrome/137.0.7151.103 Mobile Safari/537.36 (compatible; Googlebot/2.1; +http://www.google.com/bot.html)"
49.37.25.238 - - [10/Jul/2025:12:39:02 -0400] "GET /?v=111740306081330&mod=93f04334&uri=dp.php%3Fid%3D3741134-826%26name%3Db+bronchiseptica+bordetella+treatment+for+dogs HTTP/1.1" 200 134 "https://www.google.com/" "Mozilla/5.0 (Linux; Android 10; K) AppleWebKit/537.36 (KHTML, like Gecko) Chrome/138.0.0.0 Mobile Safari/537.36"
66.249.70.32 - - [10/Jul/2025:12:39:13 -0400] "GET /?v=68546476061330&mod=ad08bf30&uri=info.php%3Fid%3D2295122-387%26name%3Dbomber+jacket+urban+outfitters+black+jean+jacket HTTP/1.1" 200 20887 "-" "Mozilla/5.0 (Linux; Android 6.0.1; Nexus 5X Build/MMB29P) AppleWebKit/537.36 (KHTML, like Gecko) Chrome/137.0.7151.103 Mobile Safari/537.36 (compatible; Googlebot/2.1; +http://www.google.com/bot.html)"
5.161.236.43 - - [10/Jul/2025:12:39:16 -0400] "GET /?v=95623926061330&mod=62ef6dc6&uri=product.php?id%3D3201576-143&name=stainless+steel+meat+best+meat+grinder+for+hunters HTTP/1.1" 200 4655 "-" "Mozilla/5.0 (Windows NT 10.0; Win64; x64) AppleWebKit/537.36 (KHTML, like Gecko) Chrome/84.0.4147.105 Safari/537.36"
66.249.70.32 - - [10/Jul/2025:12:39:47 -0400] "GET /?v=111316040041330&mod=874d0049&uri=brands.php%3Fid%3D3726923-492%26name%3Dgrafico+valore+argento+grammo HTTP/1.1" 200 21185 "-" "Mozilla/5.0 (Linux; Android 6.0.1; Nexus 5X Build/MMB29P) AppleWebKit/537.36 (KHTML, like Gecko) Chrome/137.0.7151.103 Mobile Safari/537.36 (compatible; Googlebot/2.1; +http://www.google.com/bot.html)"
66.249.70.32 - - [10/Jul/2025:12:39:49 -0400] "GET /?v=102549307141330&mod=c7876d6b&uri=goods.php%3Fid%3D3433518-134%26name%3Dchaps+dunham+chaps+reloj+precio HTTP/1.1" 200 21072 "-" "Mozilla/5.0 (Linux; Android 6.0.1; Nexus 5X Build/MMB29P) AppleWebKit/537.36 (KHTML, like Gecko) Chrome/137.0.7151.103 Mobile Safari/537.36 (compatible; Googlebot/2.1; +http://www.google.com/bot.html)"
66.249.70.32 - - [10/Jul/2025:12:39:50 -0400] "GET /?v=86622530061330&mod=cb41f167&uri=search.php%3Fid%3D2900207-56%26name%3Danafi+luxury+outdoor+dining+chairs HTTP/1.1" 200 21841 "-" "Mozilla/5.0 (Linux; Android 6.0.1; Nexus 5X Build/MMB29P) AppleWebKit/537.36 (KHTML, like Gecko) Chrome/137.0.7151.103 Mobile Safari/537.36 (compatible; Googlebot/2.1; +http://www.google.com/bot.html)"
66.249.70.32 - - [10/Jul/2025:12:39:51 -0400] "POST /get-message-notify HTTP/1.1" 404 1251 "https://www.getschooljobs.com/?v=111316040041330&mod=874d0049&uri=brands.php%3Fid%3D3726923-492%26name%3Dgrafico+valore+argento+grammo" "Mozilla/5.0 (Linux; Android 6.0.1; Nexus 5X Build/MMB29P) AppleWebKit/537.36 (KHTML, like Gecko) Chrome/137.0.7151.119 Mobile Safari/537.36 (compatible; Googlebot/2.1; +http://www.google.com/bot.html)"
66.249.70.32 - - [10/Jul/2025:12:40:13 -0400] "GET /?v=68447677081330&mod=05d0f9ec&uri=dp.php%3Fid%3D2291816-1808%26name%3Dzapatillas+running+zapatillas+reebok+mujer+catalogo HTTP/1.1" 200 20644 "-" "Mozilla/5.0 (Linux; Android 6.0.1; Nexus 5X Build/MMB29P) AppleWebKit/537.36 (KHTML, like Gecko) Chrome/137.0.7151.103 Mobile Safari/537.36 (compatible; Googlebot/2.1; +http://www.google.com/bot.html)"
66.249.70.32 - - [10/Jul/2025:12:40:14 -0400] "GET /?v=116771386001330&mod=db8634c5&uri=category-info.php%3Fid%3D3909591-541%26name%3Dsamsung+galaxy+watch+comparar+relojes+smartwatch HTTP/1.1" 200 21939 "-" "Mozilla/5.0 (Linux; Android 6.0.1; Nexus 5X Build/MMB29P) AppleWebKit/537.36 (KHTML, like Gecko) Chrome/137.0.7151.103 Mobile Safari/537.36 (compatible; Googlebot/2.1; +http://www.google.com/bot.html)"
66.249.70.34 - - [10/Jul/2025:12:40:16 -0400] "GET /?v=85182737091330&mod=b1553ff2&uri=goods.php%3Fid%3D2852038-168%26name%3D1957+ariel+ariel+motorcycle+for+sale+usa HTTP/1.1" 200 22383 "-" "Mozilla/5.0 (Linux; Android 6.0.1; Nexus 5X Build/MMB29P) AppleWebKit/537.36 (KHTML, like Gecko) Chrome/137.0.7151.103 Mobile Safari/537.36 (compatible; Googlebot/2.1; +http://www.google.com/bot.html)"
66.249.70.32 - - [10/Jul/2025:12:40:17 -0400] "POST /get-message-notify HTTP/1.1" 404 1251 "https://www.getschooljobs.com/?v=68447677081330&mod=05d0f9ec&uri=dp.php%3Fid%3D2291816-1808%26name%3Dzapatillas+running+zapatillas+reebok+mujer+catalogo" "Mozilla/5.0 (Linux; Android 6.0.1; Nexus 5X Build/MMB29P) AppleWebKit/537.36 (KHTML, like Gecko) Chrome/137.0.7151.119 Mobile Safari/537.36 (compatible; Googlebot/2.1; +http://www.google.com/bot.html)"
66.249.70.32 - - [10/Jul/2025:12:40:34 -0400] "GET /?v=85137525031330&mod=07c65274&uri=form.php%3Fid%3D2850524-543%26name%3Dtummy+gas+colic+baby HTTP/1.1" 200 21937 "-" "Mozilla/5.0 (Linux; Android 6.0.1; Nexus 5X Build/MMB29P) AppleWebKit/537.36 (KHTML, like Gecko) Chrome/137.0.7151.103 Mobile Safari/537.36 (compatible; Googlebot/2.1; +http://www.google.com/bot.html)"
66.249.70.32 - - [10/Jul/2025:12:40:45 -0400] "POST /get-message-notify HTTP/1.1" 404 1251 "https://www.getschooljobs.com/?v=102549307141330&mod=c7876d6b&uri=goods.php%3Fid%3D3433518-134%26name%3Dchaps+dunham+chaps+reloj+precio" "Mozilla/5.0 (Linux; Android 6.0.1; Nexus 5X Build/MMB29P) AppleWebKit/537.36 (KHTML, like Gecko) Chrome/137.0.7151.119 Mobile Safari/537.36 (compatible; Googlebot/2.1; +http://www.google.com/bot.html)"
66.249.70.32 - - [10/Jul/2025:12:40:45 -0400] "GET /?v=44013062141330&mod=28ffe17a&uri=goods.php%3Fid%3D1473622-353%26name%3Dvestidos+elegantes+vestidos+se%C3%83%C2%B1ora+de+60+a%C3%83%C2%B1os HTTP/1.1" 200 21346 "-" "Mozilla/5.0 (Linux; Android 6.0.1; Nexus 5X Build/MMB29P) AppleWebKit/537.36 (KHTML, like Gecko) Chrome/137.0.7151.103 Mobile Safari/537.36 (compatible; Googlebot/2.1; +http://www.google.com/bot.html)"
66.249.70.32 - - [10/Jul/2025:12:40:49 -0400] "POST /get-message-notify HTTP/1.1" 404 1251 "https://www.getschooljobs.com/?v=116771386001330&mod=db8634c5&uri=category-info.php%3Fid%3D3909591-541%26name%3Dsamsung+galaxy+watch+comparar+relojes+smartwatch" "Mozilla/5.0 (Linux; Android 6.0.1; Nexus 5X Build/MMB29P) AppleWebKit/537.36 (KHTML, like Gecko) Chrome/137.0.7151.119 Mobile Safari/537.36 (compatible; Googlebot/2.1; +http://www.google.com/bot.html)"
66.249.70.32 - - [10/Jul/2025:12:40:50 -0400] "GET /?v=116826964081330&mod=3e5ede0a&uri=news.php%3Fid%3D3911452-656%26name%3Dprosmart+heated+craftsman+heated+jacket+amazon HTTP/1.1" 200 21410 "-" "Mozilla/5.0 (Linux; Android 6.0.1; Nexus 5X Build/MMB29P) AppleWebKit/537.36 (KHTML, like Gecko) Chrome/137.0.7151.103 Mobile Safari/537.36 (compatible; Googlebot/2.1; +http://www.google.com/bot.html)"
66.249.70.32 - - [10/Jul/2025:12:40:56 -0400] "GET /?v=32370769001330&mod=3591af9b&uri=form.php%3Fid%3D1083955-1499%26name%3Dsolid+wood+wooden+dining+room+table+and+chairs HTTP/1.1" 200 20846 "-" "Mozilla/5.0 (Linux; Android 6.0.1; Nexus 5X Build/MMB29P) AppleWebKit/537.36 (KHTML, like Gecko) Chrome/137.0.7151.103 Mobile Safari/537.36 (compatible; Googlebot/2.1; +http://www.google.com/bot.html)"
4.43.184.114 - - [10/Jul/2025:12:41:30 -0400] "GET / HTTP/1.0" 200 19037 "-" "Mozilla/4.0 (compatible; MSIE 6.0; Windows NT 5.1; SV1; .NET CLR 1.1.4322; .NET CLR 2.0.50728)"
74.7.35.61 - - [10/Jul/2025:12:41:44 -0400] "GET /?mod=2dc47ec3&uri=category-info.php?id%3D1337722-1271%26name%3Doriginal+guayabera+shirts&v=39951160071330 HTTP/1.1" 200 4656 "-" "Mozilla/5.0 AppleWebKit/537.36 (KHTML, like Gecko); compatible; ChatGPT-User/1.0; +https://openai.com/bot"
66.249.70.34 - - [10/Jul/2025:12:41:49 -0400] "POST /get-message-notify HTTP/1.1" 404 1251 "https://www.getschooljobs.com/?v=85182737091330&mod=b1553ff2&uri=goods.php%3Fid%3D2852038-168%26name%3D1957+ariel+ariel+motorcycle+for+sale+usa" "Mozilla/5.0 (Linux; Android 6.0.1; Nexus 5X Build/MMB29P) AppleWebKit/537.36 (KHTML, like Gecko) Chrome/137.0.7151.119 Mobile Safari/537.36 (compatible; Googlebot/2.1; +http://www.google.com/bot.html)"
66.249.70.34 - - [10/Jul/2025:12:42:14 -0400] "GET /?v=67151981081330&mod=271d8343&uri=itm.php%3Fid%3D2248433-1191%26name%3Dapple+earpods+earpods+sin+cable HTTP/1.1" 200 21493 "-" "Mozilla/5.0 (Linux; Android 6.0.1; Nexus 5X Build/MMB29P) AppleWebKit/537.36 (KHTML, like Gecko) Chrome/137.0.7151.103 Mobile Safari/537.36 (compatible; Googlebot/2.1; +http://www.google.com/bot.html)"
156.146.47.27 - - [10/Jul/2025:12:42:16 -0400] "GET /?mod=5029a54e&uri=search.php?id=3194243-672&name=belt+extension+2013+ford+focus+seat+belt+buckle&v=95404825021330 HTTP/1.1" 200 5437 "-" "Mozilla/5.0 (Windows NT 10.0; Win64; x64) AppleWebKit/537.36 (KHTML, like Gecko) Chrome/84.0.4147.89 Safari/537.36"
178.156.171.12 - - [10/Jul/2025:12:42:23 -0400] "GET /?v=79558075001330&mod=0fe392f8&uri=category-info.php?id%3D2663763-739&name=one+adapter+brook+xone HTTP/1.1" 200 4655 "-" "Mozilla/5.0 (Windows NT 10.0; Win64; x64) AppleWebKit/537.36 (KHTML, like Gecko) Chrome/84.0.4147.105 Safari/537.36"
66.249.70.32 - - [10/Jul/2025:12:42:38 -0400] "GET /?v=92241817031330&mod=6b77b838&uri=shared.php%3Fid%3D3088316-158%26name%3Dlittle+angel+fisher+price+musical+friends+jumperoo HTTP/1.1" 200 22115 "-" "Mozilla/5.0 (Linux; Android 6.0.1; Nexus 5X Build/MMB29P) AppleWebKit/537.36 (KHTML, like Gecko) Chrome/137.0.7151.103 Mobile Safari/537.36 (compatible; Googlebot/2.1; +http://www.google.com/bot.html)"
66.249.70.32 - - [10/Jul/2025:12:42:44 -0400] "POST /get-message-notify HTTP/1.1" 404 1251 "https://www.getschooljobs.com/?v=92241817031330&mod=6b77b838&uri=shared.php%3Fid%3D3088316-158%26name%3Dlittle+angel+fisher+price+musical+friends+jumperoo" "Mozilla/5.0 (Linux; Android 6.0.1; Nexus 5X Build/MMB29P) AppleWebKit/537.36 (KHTML, like Gecko) Chrome/137.0.7151.119 Mobile Safari/537.36 (compatible; Googlebot/2.1; +http://www.google.com/bot.html)"
20.171.53.228 - - [10/Jul/2025:12:42:45 -0400] "GET /?mod=2dc47ec3&uri=category-info.php%3Fid%3D1337722-1271%26name%3Doriginal+guayabera+shirts&v=39951160071330 HTTP/1.1" 200 4655 "-" "Mozilla/5.0 (Macintosh; Intel Mac OS X 10_15_7) AppleWebKit/537.36 (KHTML, like Gecko) Chrome/131.0.0.0 Safari/537.36; compatible; OAI-SearchBot/1.0; +https://openai.com/searchbot"
66.249.70.33 - - [10/Jul/2025:12:43:44 -0400] "GET /?v=9091943011330&mod=083dba1e&uri=dp.php%3Fid%3D304387-1019%26name%3Dadidas+shoes+adidas+bb6602 HTTP/1.1" 200 20946 "-" "Mozilla/5.0 (Linux; Android 6.0.1; Nexus 5X Build/MMB29P) AppleWebKit/537.36 (KHTML, like Gecko) Chrome/137.0.7151.103 Mobile Safari/537.36 (compatible; Googlebot/2.1; +http://www.google.com/bot.html)"
66.249.70.32 - - [10/Jul/2025:12:43:57 -0400] "GET /?v=26169532001330&mod=2c8672aa&uri=itm.php%3Fid%3D876337-470%26name%3Ddune+black+patent+lace+up+brogues HTTP/1.1" 200 20438 "-" "Mozilla/5.0 (Linux; Android 6.0.1; Nexus 5X Build/MMB29P) AppleWebKit/537.36 (KHTML, like Gecko) Chrome/137.0.7151.103 Mobile Safari/537.36 (compatible; Googlebot/2.1; +http://www.google.com/bot.html)"
66.249.70.33 - - [10/Jul/2025:12:44:10 -0400] "POST /get-message-notify HTTP/1.1" 404 1251 "https://www.getschooljobs.com/?v=26169532001330&mod=2c8672aa&uri=itm.php%3Fid%3D876337-470%26name%3Ddune+black+patent+lace+up+brogues" "Mozilla/5.0 (Linux; Android 6.0.1; Nexus 5X Build/MMB29P) AppleWebKit/537.36 (KHTML, like Gecko) Chrome/137.0.7151.119 Mobile Safari/537.36 (compatible; Googlebot/2.1; +http://www.google.com/bot.html)"
66.249.70.32 - - [10/Jul/2025:12:44:32 -0400] "GET /?v=115666898001330&mod=efa0bc42&uri=info.php%3Fid%3D3872609-1159%26name%3Dpink+adidas+u_path+run+price HTTP/1.1" 200 21023 "-" "Mozilla/5.0 (Linux; Android 6.0.1; Nexus 5X Build/MMB29P) AppleWebKit/537.36 (KHTML, like Gecko) Chrome/137.0.7151.103 Mobile Safari/537.36 (compatible; Googlebot/2.1; +http://www.google.com/bot.html)"
66.249.70.32 - - [10/Jul/2025:12:44:47 -0400] "GET /?v=68272285011330&mod=eaaab052&uri=product.php%3Fid%3D2285944-171%26name%3Dadidas+originals+superstar+80s+metal+toe+dames+grijs HTTP/1.1" 200 20745 "-" "Mozilla/5.0 (Linux; Android 6.0.1; Nexus 5X Build/MMB29P) AppleWebKit/537.36 (KHTML, like Gecko) Chrome/137.0.7151.103 Mobile Safari/537.36 (compatible; Googlebot/2.1; +http://www.google.com/bot.html)"
66.249.70.32 - - [10/Jul/2025:12:44:51 -0400] "POST /get-message-notify HTTP/1.1" 404 1251 "https://www.getschooljobs.com/?v=68272285011330&mod=eaaab052&uri=product.php%3Fid%3D2285944-171%26name%3Dadidas+originals+superstar+80s+metal+toe+dames+grijs" "Mozilla/5.0 (Linux; Android 6.0.1; Nexus 5X Build/MMB29P) AppleWebKit/537.36 (KHTML, like Gecko) Chrome/137.0.7151.119 Mobile Safari/537.36 (compatible; Googlebot/2.1; +http://www.google.com/bot.html)"
66.249.70.32 - - [10/Jul/2025:12:45:08 -0400] "GET /?v=1538838051330&mod=a47ad724&uri=form.php%3Fid%3D51523-151%26name%3Dqueen+annes+revenge+lego+set HTTP/1.1" 200 20409 "-" "Mozilla/5.0 (Linux; Android 6.0.1; Nexus 5X Build/MMB29P) AppleWebKit/537.36 (KHTML, like Gecko) Chrome/137.0.7151.103 Mobile Safari/537.36 (compatible; Googlebot/2.1; +http://www.google.com/bot.html)"
66.249.70.32 - - [10/Jul/2025:12:45:08 -0400] "GET /?v=119016580101330&mod=25766f01&uri=dp.php%3Fid%3D3984844-29%26name%3Dgravel+fox+mountain+bike+forks+for+sale HTTP/1.1" 200 21326 "-" "Mozilla/5.0 (Linux; Android 6.0.1; Nexus 5X Build/MMB29P) AppleWebKit/537.36 (KHTML, like Gecko) Chrome/137.0.7151.103 Mobile Safari/537.36 (compatible; Googlebot/2.1; +http://www.google.com/bot.html)"
66.249.70.33 - - [10/Jul/2025:12:45:10 -0400] "GET /?v=116766256051330&mod=db8634c5&uri=dp.php%3Fid%3D3909420-541%26name%3Dref+68273+rolex+68273+precio HTTP/1.1" 200 20944 "-" "Mozilla/5.0 (Linux; Android 6.0.1; Nexus 5X Build/MMB29P) AppleWebKit/537.36 (KHTML, like Gecko) Chrome/137.0.7151.103 Mobile Safari/537.36 (compatible; Googlebot/2.1; +http://www.google.com/bot.html)"
66.249.70.33 - - [10/Jul/2025:12:45:10 -0400] "GET /?v=30222866041330&mod=25766f01&uri=news.php%3Fid%3D1012055-29%26name%3Denduro+commencal+supreme+sx+2018 HTTP/1.1" 200 22266 "-" "Mozilla/5.0 (Linux; Android 6.0.1; Nexus 5X Build/MMB29P) AppleWebKit/537.36 (KHTML, like Gecko) Chrome/137.0.7151.103 Mobile Safari/537.36 (compatible; Googlebot/2.1; +http://www.google.com/bot.html)"
66.249.70.33 - - [10/Jul/2025:12:45:13 -0400] "POST /get-message-notify HTTP/1.1" 404 1251 "https://www.getschooljobs.com/?v=119016580101330&mod=25766f01&uri=dp.php%3Fid%3D3984844-29%26name%3Dgravel+fox+mountain+bike+forks+for+sale" "Mozilla/5.0 (Linux; Android 6.0.1; Nexus 5X Build/MMB29P) AppleWebKit/537.36 (KHTML, like Gecko) Chrome/137.0.7151.119 Mobile Safari/537.36 (compatible; Googlebot/2.1; +http://www.google.com/bot.html)"
66.249.70.32 - - [10/Jul/2025:12:45:20 -0400] "GET /?v=68449837051330&mod=e0f7a4d0&uri=itm.php%3Fid%3D2291888-22%26name%3Dballpoint+pen+invisible+writing+pen+with+light HTTP/1.1" 200 22276 "-" "Mozilla/5.0 (Linux; Android 6.0.1; Nexus 5X Build/MMB29P) AppleWebKit/537.36 (KHTML, like Gecko) Chrome/137.0.7151.103 Mobile Safari/537.36 (compatible; Googlebot/2.1; +http://www.google.com/bot.html)"
66.249.70.32 - - [10/Jul/2025:12:45:23 -0400] "GET /?v=26178172021330&mod=a98af636&uri=article.php%3Fid%3D876625-790%26name%3Dbrushed+leather+prada+girls+shoes HTTP/1.1" 200 21057 "-" "Mozilla/5.0 (Linux; Android 6.0.1; Nexus 5X Build/MMB29P) AppleWebKit/537.36 (KHTML, like Gecko) Chrome/137.0.7151.103 Mobile Safari/537.36 (compatible; Googlebot/2.1; +http://www.google.com/bot.html)"
66.249.70.32 - - [10/Jul/2025:12:45:31 -0400] "GET /?v=99663996021330&mod=4a91f731&uri=dp.php%3Fid%3D3336914-506%26name%3D3rd+generation+echo+show+amazon+prime+video HTTP/1.1" 200 20924 "-" "Mozilla/5.0 (Linux; Android 6.0.1; Nexus 5X Build/MMB29P) AppleWebKit/537.36 (KHTML, like Gecko) Chrome/137.0.7151.103 Mobile Safari/537.36 (compatible; Googlebot/2.1; +http://www.google.com/bot.html)"
66.249.70.32 - - [10/Jul/2025:12:45:38 -0400] "GET /?v=26164252041330&mod=2c8672aa&uri=blog.php%3Fid%3D876161-470%26name%3Dtimberland+london+square+leopard+timberland+boots HTTP/1.1" 200 21271 "-" "Mozilla/5.0 (Linux; Android 6.0.1; Nexus 5X Build/MMB29P) AppleWebKit/537.36 (KHTML, like Gecko) Chrome/137.0.7151.103 Mobile Safari/537.36 (compatible; Googlebot/2.1; +http://www.google.com/bot.html)"
66.249.70.32 - - [10/Jul/2025:12:45:44 -0400] "GET /?v=85870196021330&mod=6e7f6c38&uri=products.php%3Fid%3D2875045-136%26name%3Dhybrid+bike+schwinn+27+mountain+bike HTTP/1.1" 200 22321 "-" "Mozilla/5.0 (Linux; Android 6.0.1; Nexus 5X Build/MMB29P) AppleWebKit/537.36 (KHTML, like Gecko) Chrome/137.0.7151.103 Mobile Safari/537.36 (compatible; Googlebot/2.1; +http://www.google.com/bot.html)"
66.249.70.32 - - [10/Jul/2025:12:45:50 -0400] "GET /?v=22257732091330&mod=e71c1ca6&uri=us.php%3Fid%3D745300-315%26name%3Dphone+iphone+se+next+to+iphone+12+mini HTTP/1.1" 200 21862 "-" "Mozilla/5.0 (Linux; Android 6.0.1; Nexus 5X Build/MMB29P) AppleWebKit/537.36 (KHTML, like Gecko) Chrome/137.0.7151.103 Mobile Safari/537.36 (compatible; Googlebot/2.1; +http://www.google.com/bot.html)"
66.249.70.32 - - [10/Jul/2025:12:45:54 -0400] "POST /get-message-notify HTTP/1.1" 404 1251 "https://www.getschooljobs.com/?v=85870196021330&mod=6e7f6c38&uri=products.php%3Fid%3D2875045-136%26name%3Dhybrid+bike+schwinn+27+mountain+bike" "Mozilla/5.0 (Linux; Android 6.0.1; Nexus 5X Build/MMB29P) AppleWebKit/537.36 (KHTML, like Gecko) Chrome/137.0.7151.119 Mobile Safari/537.36 (compatible; Googlebot/2.1; +http://www.google.com/bot.html)"
135.181.178.242 - - [10/Jul/2025:12:45:59 -0400] "GET /?v=44726947051330%27&mod=18de4beb&uri=search.php?id=1497538-79&name=preston+superium+preston+pro+type+360 HTTP/1.1" 200 19037 "-" "Mozilla/5.0 (Windows NT 10.0; Win64; x64) AppleWebKit/537.36 (KHTML, like Gecko) Chrome/126.0.0.0 Safari/537.36"
135.181.178.242 - - [10/Jul/2025:12:45:59 -0400] "GET /?v=44726947051330&mod=18de4beb&uri=search.php?id=1497538-79&name=preston+superium+preston+pro+type+360%27 HTTP/1.1" 200 19037 "-" "Mozilla/5.0 (Windows NT 10.0; Win64; x64) AppleWebKit/537.36 (KHTML, like Gecko) Chrome/126.0.0.0 Safari/537.36"
135.181.178.242 - - [10/Jul/2025:12:45:59 -0400] "GET /?v=44726947051330&mod=18de4beb%27&uri=search.php?id=1497538-79&name=preston+superium+preston+pro+type+360 HTTP/1.1" 200 19037 "-" "Mozilla/5.0 (Windows NT 10.0; Win64; x64) AppleWebKit/537.36 (KHTML, like Gecko) Chrome/126.0.0.0 Safari/537.36"
135.181.178.242 - - [10/Jul/2025:12:45:59 -0400] "GET /?v=44726947051330&mod=18de4beb&uri=search.php?id=1497538-79%27&name=preston+superium+preston+pro+type+360 HTTP/1.1" 200 19037 "-" "Mozilla/5.0 (Windows NT 10.0; Win64; x64) AppleWebKit/537.36 (KHTML, like Gecko) Chrome/126.0.0.0 Safari/537.36"
66.50.50.222 - - [10/Jul/2025:12:46:01 -0400] "GET /?v=102832277041330&mod=aed6ee9a&uri=goods.php%3Fid%3D3442997-791%26name%3Dtennis+racquet+raqueta+de+tenis+nintendo+switch HTTP/1.1" 200 132 "https://www.google.com/" "Mozilla/5.0 (Linux; Android 10; K) AppleWebKit/537.36 (KHTML, like Gecko) Chrome/137.0.0.0 Mobile Safari/537.36"
66.249.70.32 - - [10/Jul/2025:12:46:20 -0400] "GET /?v=91763215021330&mod=73239bf6&uri=blog.php%3Fid%3D3072291-172%26name%3Dmountain+bike+alforjas+para+bici+plegable HTTP/1.1" 200 21960 "-" "Mozilla/5.0 (Linux; Android 6.0.1; Nexus 5X Build/MMB29P) AppleWebKit/537.36 (KHTML, like Gecko) Chrome/137.0.7151.103 Mobile Safari/537.36 (compatible; Googlebot/2.1; +http://www.google.com/bot.html)"
66.249.70.33 - - [10/Jul/2025:12:46:21 -0400] "POST /get-message-notify HTTP/1.1" 404 1251 "https://www.getschooljobs.com/?v=22257732091330&mod=e71c1ca6&uri=us.php%3Fid%3D745300-315%26name%3Dphone+iphone+se+next+to+iphone+12+mini" "Mozilla/5.0 (Linux; Android 6.0.1; Nexus 5X Build/MMB29P) AppleWebKit/537.36 (KHTML, like Gecko) Chrome/137.0.7151.119 Mobile Safari/537.36 (compatible; Googlebot/2.1; +http://www.google.com/bot.html)"
66.249.70.32 - - [10/Jul/2025:12:47:06 -0400] "GET /?v=92311134131330&mod=17106160&uri=goods.php%3Fid%3D3090629-369%26name%3Dadidas+sportswear+adidas+tracksuit+mens+with+hoodie HTTP/1.1" 200 21305 "-" "Mozilla/5.0 (Linux; Android 6.0.1; Nexus 5X Build/MMB29P) AppleWebKit/537.36 (KHTML, like Gecko) Chrome/137.0.7151.103 Mobile Safari/537.36 (compatible; Googlebot/2.1; +http://www.google.com/bot.html)"
5.161.110.83 - - [10/Jul/2025:12:47:08 -0400] "GET /?v=9998711041330&mod=5cea81ea&uri=brands.php?id%3D334743-289&name=weightlifting+line+friends+teddy+bear HTTP/1.1" 200 4655 "-" "Mozilla/5.0 (Windows NT 10.0; Win64; x64) AppleWebKit/537.36 (KHTML, like Gecko) Chrome/84.0.4147.105 Safari/537.36"
66.249.70.32 - - [10/Jul/2025:12:47:44 -0400] "GET /?v=44012522011330&mod=a290c7b9&uri=pin.php%3Fid%3D1473604-360%26name%3Ddelhi+manuvel+malabar+jewellers+dwarka HTTP/1.1" 200 21864 "-" "Mozilla/5.0 (Linux; Android 6.0.1; Nexus 5X Build/MMB29P) AppleWebKit/537.36 (KHTML, like Gecko) Chrome/137.0.7151.103 Mobile Safari/537.36 (compatible; Googlebot/2.1; +http://www.google.com/bot.html)"
66.249.70.32 - - [10/Jul/2025:12:47:54 -0400] "GET /?v=25971297031330&mod=cb41f167&uri=news.php%3Fid%3D869664-56%26name%3Dgarden+furniture+rattan+garden+bar+set HTTP/1.1" 200 22104 "-" "Mozilla/5.0 (Linux; Android 6.0.1; Nexus 5X Build/MMB29P) AppleWebKit/537.36 (KHTML, like Gecko) Chrome/137.0.7151.103 Mobile Safari/537.36 (compatible; Googlebot/2.1; +http://www.google.com/bot.html)"
66.249.70.32 - - [10/Jul/2025:12:48:30 -0400] "GET /?v=26038687111330&mod=6b77b838&uri=blog.php%3Fid%3D871921-158%26name%3Dvtech+diary HTTP/1.1" 200 21480 "-" "Mozilla/5.0 (Linux; Android 6.0.1; Nexus 5X Build/MMB29P) AppleWebKit/537.36 (KHTML, like Gecko) Chrome/137.0.7151.103 Mobile Safari/537.36 (compatible; Googlebot/2.1; +http://www.google.com/bot.html)"
66.249.70.32 - - [10/Jul/2025:12:48:37 -0400] "GET /?v=9092843011330&mod=ec2424f4&uri=category-info.php%3Fid%3D304417-520%26name%3Dcrocs+sandalo+crocs+ciabatte+mare HTTP/1.1" 200 20380 "-" "Mozilla/5.0 (Linux; Android 6.0.1; Nexus 5X Build/MMB29P) AppleWebKit/537.36 (KHTML, like Gecko) Chrome/137.0.7151.103 Mobile Safari/537.36 (compatible; Googlebot/2.1; +http://www.google.com/bot.html)"
66.249.70.32 - - [10/Jul/2025:12:48:38 -0400] "POST /get-message-notify HTTP/1.1" 404 1251 "https://www.getschooljobs.com/?v=44012522011330&mod=a290c7b9&uri=pin.php%3Fid%3D1473604-360%26name%3Ddelhi+manuvel+malabar+jewellers+dwarka" "Mozilla/5.0 (Linux; Android 6.0.1; Nexus 5X Build/MMB29P) AppleWebKit/537.36 (KHTML, like Gecko) Chrome/137.0.7151.119 Mobile Safari/537.36 (compatible; Googlebot/2.1; +http://www.google.com/bot.html)"
66.249.70.32 - - [10/Jul/2025:12:48:42 -0400] "POST /get-message-notify HTTP/1.1" 404 1251 "https://www.getschooljobs.com/?v=26038687111330&mod=6b77b838&uri=blog.php%3Fid%3D871921-158%26name%3Dvtech+diary" "Mozilla/5.0 (Linux; Android 6.0.1; Nexus 5X Build/MMB29P) AppleWebKit/537.36 (KHTML, like Gecko) Chrome/137.0.7151.119 Mobile Safari/537.36 (compatible; Googlebot/2.1; +http://www.google.com/bot.html)"
66.249.70.32 - - [10/Jul/2025:12:48:47 -0400] "POST /get-message-notify HTTP/1.1" 404 1251 "https://www.getschooljobs.com/?v=9092843011330&mod=ec2424f4&uri=category-info.php%3Fid%3D304417-520%26name%3Dcrocs+sandalo+crocs+ciabatte+mare" "Mozilla/5.0 (Linux; Android 6.0.1; Nexus 5X Build/MMB29P) AppleWebKit/537.36 (KHTML, like Gecko) Chrome/137.0.7151.119 Mobile Safari/537.36 (compatible; Googlebot/2.1; +http://www.google.com/bot.html)"
66.249.70.34 - - [10/Jul/2025:12:49:01 -0400] "GET /?v=115668398081330&mod=6e7f6c38&uri=category-info.php%3Fid%3D3872659-136%26name%3Dschwinn+bike+schwinn+airdyne+model+history HTTP/1.1" 200 21870 "-" "Mozilla/5.0 (Linux; Android 6.0.1; Nexus 5X Build/MMB29P) AppleWebKit/537.36 (KHTML, like Gecko) Chrome/137.0.7151.103 Mobile Safari/537.36 (compatible; Googlebot/2.1; +http://www.google.com/bot.html)"
135.181.178.242 - - [10/Jul/2025:12:49:01 -0400] "GET /?v=43963891021330&mod=18de4beb&uri=news.php?id=1471975-79&name=hawley+air+ley+heating+and+air%27 HTTP/1.1" 200 19037 "-" "Mozilla/5.0 (Windows NT 10.0; Win64; x64) AppleWebKit/537.36 (KHTML, like Gecko) Chrome/126.0.0.0 Safari/537.36"
135.181.178.242 - - [10/Jul/2025:12:49:01 -0400] "GET /?v=43963891021330&mod=18de4beb&uri=news.php?id=1471975-79%27&name=hawley+air+ley+heating+and+air HTTP/1.1" 200 19037 "-" "Mozilla/5.0 (Windows NT 10.0; Win64; x64) AppleWebKit/537.36 (KHTML, like Gecko) Chrome/126.0.0.0 Safari/537.36"
135.181.178.242 - - [10/Jul/2025:12:49:01 -0400] "GET /?v=43963891021330%27&mod=18de4beb&uri=news.php?id=1471975-79&name=hawley+air+ley+heating+and+air HTTP/1.1" 200 19037 "-" "Mozilla/5.0 (Windows NT 10.0; Win64; x64) AppleWebKit/537.36 (KHTML, like Gecko) Chrome/126.0.0.0 Safari/537.36"
135.181.178.242 - - [10/Jul/2025:12:49:01 -0400] "GET /?v=43963891021330&mod=18de4beb%27&uri=news.php?id=1471975-79&name=hawley+air+ley+heating+and+air HTTP/1.1" 200 19037 "-" "Mozilla/5.0 (Windows NT 10.0; Win64; x64) AppleWebKit/537.36 (KHTML, like Gecko) Chrome/126.0.0.0 Safari/537.36"
66.249.70.32 - - [10/Jul/2025:12:49:01 -0400] "GET /?v=92312431021330&mod=9f6bcebe&uri=products.php%3Fid%3D3090673-784%26name%3Dfacebook+botas+cuadra+con+flores HTTP/1.1" 200 22305 "-" "Mozilla/5.0 (Linux; Android 6.0.1; Nexus 5X Build/MMB29P) AppleWebKit/537.36 (KHTML, like Gecko) Chrome/137.0.7151.103 Mobile Safari/537.36 (compatible; Googlebot/2.1; +http://www.google.com/bot.html)"
66.249.70.33 - - [10/Jul/2025:12:49:04 -0400] "POST /get-message-notify HTTP/1.1" 404 1251 "https://www.getschooljobs.com/?v=92312431021330&mod=9f6bcebe&uri=products.php%3Fid%3D3090673-784%26name%3Dfacebook+botas+cuadra+con+flores" "Mozilla/5.0 (Linux; Android 6.0.1; Nexus 5X Build/MMB29P) AppleWebKit/537.36 (KHTML, like Gecko) Chrome/137.0.7151.119 Mobile Safari/537.36 (compatible; Googlebot/2.1; +http://www.google.com/bot.html)"
66.249.70.32 - - [10/Jul/2025:12:49:56 -0400] "GET /?v=115678869081330&mod=3a1fb708&uri=info.php%3Fid%3D3873009-820%26name%3Dsri+lanka+new+design+handbags+ladies HTTP/1.1" 200 21386 "-" "Mozilla/5.0 (Linux; Android 6.0.1; Nexus 5X Build/MMB29P) AppleWebKit/537.36 (KHTML, like Gecko) Chrome/137.0.7151.103 Mobile Safari/537.36 (compatible; Googlebot/2.1; +http://www.google.com/bot.html)"
66.249.70.33 - - [10/Jul/2025:12:50:22 -0400] "GET /?v=118759147031330&mod=41071a14&uri=article.php%3Fid%3D3976183-48%26name%3Dsata+adapter+sata+port+for+ssd HTTP/1.1" 200 21918 "-" "Mozilla/5.0 (Linux; Android 6.0.1; Nexus 5X Build/MMB29P) AppleWebKit/537.36 (KHTML, like Gecko) Chrome/137.0.7151.103 Mobile Safari/537.36 (compatible; Googlebot/2.1; +http://www.google.com/bot.html)"
66.249.70.32 - - [10/Jul/2025:12:50:22 -0400] "GET /?v=68406111011330&mod=e1654211&uri=pin.php%3Fid%3D2290420-2%26name%3Ddifusor+universal+difusor+de+pelo+plegable HTTP/1.1" 200 22541 "-" "Mozilla/5.0 (Linux; Android 6.0.1; Nexus 5X Build/MMB29P) AppleWebKit/537.36 (KHTML, like Gecko) Chrome/137.0.7151.103 Mobile Safari/537.36 (compatible; Googlebot/2.1; +http://www.google.com/bot.html)"
66.249.70.32 - - [10/Jul/2025:12:50:28 -0400] "GET /?v=115421897041330&mod=0a2f8c50&uri=category-info.php%3Fid%3D3864418-819%26name%3Dmaxi+dress+trina+turk+black+and+white+dress HTTP/1.1" 200 20424 "-" "Mozilla/5.0 (Linux; Android 6.0.1; Nexus 5X Build/MMB29P) AppleWebKit/537.36 (KHTML, like Gecko) Chrome/137.0.7151.103 Mobile Safari/537.36 (compatible; Googlebot/2.1; +http://www.google.com/bot.html)"
66.249.70.32 - - [10/Jul/2025:12:50:30 -0400] "GET /?v=46701527041330&mod=25766f01&uri=form.php%3Fid%3D1563623-29%26name%3Dmotocross+best+road+motorcycle+2021 HTTP/1.1" 200 21328 "-" "Mozilla/5.0 (Linux; Android 6.0.1; Nexus 5X Build/MMB29P) AppleWebKit/537.36 (KHTML, like Gecko) Chrome/137.0.7151.103 Mobile Safari/537.36 (compatible; Googlebot/2.1; +http://www.google.com/bot.html)"
66.249.70.33 - - [10/Jul/2025:12:50:30 -0400] "GET /?v=26121319101330&mod=76e58a9d&uri=form.php%3Fid%3D874726-1487%26name%3Dosprey+packs+osprey+fairview+80 HTTP/1.1" 200 20899 "-" "Mozilla/5.0 (Linux; Android 6.0.1; Nexus 5X Build/MMB29P) AppleWebKit/537.36 (KHTML, like Gecko) Chrome/137.0.7151.103 Mobile Safari/537.36 (compatible; Googlebot/2.1; +http://www.google.com/bot.html)"
66.249.70.32 - - [10/Jul/2025:12:50:35 -0400] "POST /get-message-notify HTTP/1.1" 404 1251 "https://www.getschooljobs.com/?v=26121319101330&mod=76e58a9d&uri=form.php%3Fid%3D874726-1487%26name%3Dosprey+packs+osprey+fairview+80" "Mozilla/5.0 (Linux; Android 6.0.1; Nexus 5X Build/MMB29P) AppleWebKit/537.36 (KHTML, like Gecko) Chrome/137.0.7151.119 Mobile Safari/537.36 (compatible; Googlebot/2.1; +http://www.google.com/bot.html)"
66.249.70.32 - - [10/Jul/2025:12:50:37 -0400] "GET /?v=118818021001330&mod=4915f20d&uri=products.php%3Fid%3D3978177-144%26name%3Dwireless+charger+charger+aukey+untuk+iphone HTTP/1.1" 200 22049 "-" "Mozilla/5.0 (Linux; Android 6.0.1; Nexus 5X Build/MMB29P) AppleWebKit/537.36 (KHTML, like Gecko) Chrome/137.0.7151.103 Mobile Safari/537.36 (compatible; Googlebot/2.1; +http://www.google.com/bot.html)"
66.249.70.32 - - [10/Jul/2025:12:50:46 -0400] "POST /get-message-notify HTTP/1.1" 404 1251 "https://www.getschooljobs.com/?v=118818021001330&mod=4915f20d&uri=products.php%3Fid%3D3978177-144%26name%3Dwireless+charger+charger+aukey+untuk+iphone" "Mozilla/5.0 (Linux; Android 6.0.1; Nexus 5X Build/MMB29P) AppleWebKit/537.36 (KHTML, like Gecko) Chrome/137.0.7151.119 Mobile Safari/537.36 (compatible; Googlebot/2.1; +http://www.google.com/bot.html)"
66.249.70.32 - - [10/Jul/2025:12:50:46 -0400] "POST /get-message-notify HTTP/1.1" 404 1251 "https://www.getschooljobs.com/?v=68406111011330&mod=e1654211&uri=pin.php%3Fid%3D2290420-2%26name%3Ddifusor+universal+difusor+de+pelo+plegable" "Mozilla/5.0 (Linux; Android 6.0.1; Nexus 5X Build/MMB29P) AppleWebKit/537.36 (KHTML, like Gecko) Chrome/137.0.7151.119 Mobile Safari/537.36 (compatible; Googlebot/2.1; +http://www.google.com/bot.html)"
66.249.70.32 - - [10/Jul/2025:12:50:51 -0400] "GET /?v=102559131041330&mod=c7876d6b&uri=article.php%3Fid%3D3433848-134%26name%3Dfitness+tracker+smartwatch+x7+serie HTTP/1.1" 200 21627 "-" "Mozilla/5.0 (Linux; Android 6.0.1; Nexus 5X Build/MMB29P) AppleWebKit/537.36 (KHTML, like Gecko) Chrome/137.0.7151.103 Mobile Safari/537.36 (compatible; Googlebot/2.1; +http://www.google.com/bot.html)"
66.249.70.34 - - [10/Jul/2025:12:51:17 -0400] "GET /?v=26163532001330&mod=2c8672aa&uri=goods.php%3Fid%3D876137-470%26name%3Dvans+2025+womens+black+vans+with+white+stripe HTTP/1.1" 200 21348 "-" "Mozilla/5.0 (Linux; Android 6.0.1; Nexus 5X Build/MMB29P) AppleWebKit/537.36 (KHTML, like Gecko) Chrome/137.0.7151.103 Mobile Safari/537.36 (compatible; Googlebot/2.1; +http://www.google.com/bot.html)"
5.133.192.171 - - [10/Jul/2025:12:51:31 -0400] "GET / HTTP/1.1" 200 5437 "-" "Mozilla/5.0 (Windows NT 10.0; Win64; x64) AppleWebKit/537.36 (KHTML, like Gecko) Chrome/105.0.0.0 Safari/537.36"
66.249.70.32 - - [10/Jul/2025:12:51:31 -0400] "GET /?v=42415254021330&mod=907353ea&uri=products.php%3Fid%3D1420168-374%26name%3D26+inch+muddyfox+country+bike HTTP/1.1" 200 22194 "-" "Mozilla/5.0 (Linux; Android 6.0.1; Nexus 5X Build/MMB29P) AppleWebKit/537.36 (KHTML, like Gecko) Chrome/137.0.7151.103 Mobile Safari/537.36 (compatible; Googlebot/2.1; +http://www.google.com/bot.html)"
5.133.192.171 - - [10/Jul/2025:12:51:35 -0400] "GET /assets/img/favicon.png HTTP/1.1" 200 1369 "-" "Mozilla/5.0 (Windows NT 10.0; Win64; x64) AppleWebKit/537.36 (KHTML, like Gecko) Chrome/105.0.0.0 Safari/537.36"
66.249.70.32 - - [10/Jul/2025:12:51:37 -0400] "POST /get-message-notify HTTP/1.1" 404 1251 "https://www.getschooljobs.com/?v=26163532001330&mod=2c8672aa&uri=goods.php%3Fid%3D876137-470%26name%3Dvans+2025+womens+black+vans+with+white+stripe" "Mozilla/5.0 (Linux; Android 6.0.1; Nexus 5X Build/MMB29P) AppleWebKit/537.36 (KHTML, like Gecko) Chrome/137.0.7151.119 Mobile Safari/537.36 (compatible; Googlebot/2.1; +http://www.google.com/bot.html)"
66.249.70.32 - - [10/Jul/2025:12:51:49 -0400] "POST /get-message-notify HTTP/1.1" 404 1251 "https://www.getschooljobs.com/?v=42415254021330&mod=907353ea&uri=products.php%3Fid%3D1420168-374%26name%3D26+inch+muddyfox+country+bike" "Mozilla/5.0 (Linux; Android 6.0.1; Nexus 5X Build/MMB29P) AppleWebKit/537.36 (KHTML, like Gecko) Chrome/137.0.7151.119 Mobile Safari/537.36 (compatible; Googlebot/2.1; +http://www.google.com/bot.html)"
66.249.70.34 - - [10/Jul/2025:12:52:21 -0400] "POST /get-message-notify HTTP/1.1" 404 1251 "https://www.getschooljobs.com/?v=115578954031330&mod=298f5874&uri=shared.php%3Fid%3D3869670-39%26name%3Dwatch+series+fenix+6x+pro+vs+apple+watch" "Mozilla/5.0 (Linux; Android 6.0.1; Nexus 5X Build/MMB29P) AppleWebKit/537.36 (KHTML, like Gecko) Chrome/137.0.7151.119 Mobile Safari/537.36 (compatible; Googlebot/2.1; +http://www.google.com/bot.html)"
2a06:98c0:3600::103 - - [10/Jul/2025:12:52:35 -0400] "GET /wordpress/wp-admin/setup-config.php HTTP/1.1" 302 771 "-" "Mozilla/5.0 (Windows NT 10.0; Win64; x64) AppleWebKit/537.36 (KHTML, like Gecko) Chrome/137.0.0.0 Safari/537.36"
2a06:98c0:3600::103 - - [10/Jul/2025:12:52:36 -0400] "GET /wordpress/wp-admin/setup-config HTTP/1.1" 404 1251 "-" "Mozilla/5.0 (Windows NT 10.0; Win64; x64) AppleWebKit/537.36 (KHTML, like Gecko) Chrome/137.0.0.0 Safari/537.36"
2a06:98c0:3600::103 - - [10/Jul/2025:12:53:10 -0400] "GET /wp-admin/setup-config.php HTTP/1.1" 302 771 "-" "Mozilla/5.0 (Windows NT 10.0; Win64; x64) AppleWebKit/537.36 (KHTML, like Gecko) Chrome/137.0.0.0 Safari/537.36"
2a06:98c0:3600::103 - - [10/Jul/2025:12:53:10 -0400] "GET /wp-admin/setup-config HTTP/1.1" 404 1251 "-" "Mozilla/5.0 (Windows NT 10.0; Win64; x64) AppleWebKit/537.36 (KHTML, like Gecko) Chrome/137.0.0.0 Safari/537.36"
66.249.70.33 - - [10/Jul/2025:12:53:49 -0400] "GET /?v=84263861041330&mod=ac42634b&uri=form.php%3Fid%3D2821283-356%26name%3Ddesert+moon+moon+hvac HTTP/1.1" 200 21000 "-" "Mozilla/5.0 (Linux; Android 6.0.1; Nexus 5X Build/MMB29P) AppleWebKit/537.36 (KHTML, like Gecko) Chrome/137.0.7151.103 Mobile Safari/537.36 (compatible; Googlebot/2.1; +http://www.google.com/bot.html)"
66.249.70.33 - - [10/Jul/2025:12:53:52 -0400] "POST /get-message-notify HTTP/1.1" 404 1251 "https://www.getschooljobs.com/?v=84263861041330&mod=ac42634b&uri=form.php%3Fid%3D2821283-356%26name%3Ddesert+moon+moon+hvac" "Mozilla/5.0 (Linux; Android 6.0.1; Nexus 5X Build/MMB29P) AppleWebKit/537.36 (KHTML, like Gecko) Chrome/137.0.7151.119 Mobile Safari/537.36 (compatible; Googlebot/2.1; +http://www.google.com/bot.html)"
104.210.140.132 - - [10/Jul/2025:12:54:04 -0400] "GET /robots.txt HTTP/1.1" 404 1251 "-" "Mozilla/5.0 (Macintosh; Intel Mac OS X 10_15_7) AppleWebKit/537.36 (KHTML, like Gecko) Chrome/131.0.0.0 Safari/537.36; compatible; OAI-SearchBot/1.0; +https://openai.com/searchbot"
104.210.140.132 - - [10/Jul/2025:12:54:05 -0400] "GET /robots.txt HTTP/1.1" 404 1251 "-" "Mozilla/5.0 (Macintosh; Intel Mac OS X 10_15_7) AppleWebKit/537.36 (KHTML, like Gecko) Chrome/131.0.0.0 Safari/537.36; compatible; OAI-SearchBot/1.0; +https://openai.com/searchbot"
2a06:98c0:3600::103 - - [10/Jul/2025:12:54:05 -0400] "GET /wordpress/wp-admin/setup-config.php HTTP/1.1" 302 771 "-" "Mozilla/5.0 (Windows NT 10.0; Win64; x64) AppleWebKit/537.36 (KHTML, like Gecko) Chrome/137.0.0.0 Safari/537.36"
2a06:98c0:3600::103 - - [10/Jul/2025:12:54:05 -0400] "GET /wordpress/wp-admin/setup-config HTTP/1.1" 404 1251 "-" "Mozilla/5.0 (Windows NT 10.0; Win64; x64) AppleWebKit/537.36 (KHTML, like Gecko) Chrome/137.0.0.0 Safari/537.36"
66.249.70.33 - - [10/Jul/2025:12:54:08 -0400] "GET /?v=65402865041330&mod=cb41f167&uri=us.php%3Fid%3D2189846-56%26name%3Dtransfer+over+the+tub+shower+chair HTTP/1.1" 200 22833 "-" "Mozilla/5.0 (Linux; Android 6.0.1; Nexus 5X Build/MMB29P) AppleWebKit/537.36 (KHTML, like Gecko) Chrome/137.0.7151.103 Mobile Safari/537.36 (compatible; Googlebot/2.1; +http://www.google.com/bot.html)"
66.249.70.32 - - [10/Jul/2025:12:54:38 -0400] "GET /?v=116671838021330&mod=f07e351c&uri=form.php%3Fid%3D3906259-1106%26name%3Dembroidered+blouse+white+lace+up+blouse HTTP/1.1" 200 21183 "-" "Mozilla/5.0 (Linux; Android 6.0.1; Nexus 5X Build/MMB29P) AppleWebKit/537.36 (KHTML, like Gecko) Chrome/137.0.7151.103 Mobile Safari/537.36 (compatible; Googlebot/2.1; +http://www.google.com/bot.html)"
2a06:98c0:3600::103 - - [10/Jul/2025:12:55:07 -0400] "GET /wp-admin/setup-config.php HTTP/1.1" 302 771 "-" "Mozilla/5.0 (Windows NT 10.0; Win64; x64) AppleWebKit/537.36 (KHTML, like Gecko) Chrome/137.0.0.0 Safari/537.36"
2a06:98c0:3600::103 - - [10/Jul/2025:12:55:07 -0400] "GET /wp-admin/setup-config HTTP/1.1" 404 1251 "-" "Mozilla/5.0 (Windows NT 10.0; Win64; x64) AppleWebKit/537.36 (KHTML, like Gecko) Chrome/137.0.0.0 Safari/537.36"
66.249.70.34 - - [10/Jul/2025:12:55:22 -0400] "GET /?v=85158475001330&mod=5b4e201b&uri=blog.php%3Fid%3D2851225-155%26name%3Dwalmart+purses+for+10+year+old+girls HTTP/1.1" 200 22041 "-" "Mozilla/5.0 (Linux; Android 6.0.1; Nexus 5X Build/MMB29P) AppleWebKit/537.36 (KHTML, like Gecko) Chrome/137.0.7151.103 Mobile Safari/537.36 (compatible; Googlebot/2.1; +http://www.google.com/bot.html)"
66.249.70.34 - - [10/Jul/2025:12:55:22 -0400] "GET /?v=60493540091330&mod=4ab7331b&uri=goods.php%3Fid%3D2025498-244%26name%3Dtackle+system+plano+7771+guide+series+tackle+box HTTP/1.1" 200 21769 "-" "Mozilla/5.0 (Linux; Android 6.0.1; Nexus 5X Build/MMB29P) AppleWebKit/537.36 (KHTML, like Gecko) Chrome/137.0.7151.103 Mobile Safari/537.36 (compatible; Googlebot/2.1; +http://www.google.com/bot.html)"
66.249.70.32 - - [10/Jul/2025:12:55:25 -0400] "POST /get-message-notify HTTP/1.1" 404 1251 "https://www.getschooljobs.com/?v=60493540091330&mod=4ab7331b&uri=goods.php%3Fid%3D2025498-244%26name%3Dtackle+system+plano+7771+guide+series+tackle+box" "Mozilla/5.0 (Linux; Android 6.0.1; Nexus 5X Build/MMB29P) AppleWebKit/537.36 (KHTML, like Gecko) Chrome/137.0.7151.119 Mobile Safari/537.36 (compatible; Googlebot/2.1; +http://www.google.com/bot.html)"
66.249.70.34 - - [10/Jul/2025:12:55:25 -0400] "POST /get-message-notify HTTP/1.1" 404 1251 "https://www.getschooljobs.com/?v=85158475001330&mod=5b4e201b&uri=blog.php%3Fid%3D2851225-155%26name%3Dwalmart+purses+for+10+year+old+girls" "Mozilla/5.0 (Linux; Android 6.0.1; Nexus 5X Build/MMB29P) AppleWebKit/537.36 (KHTML, like Gecko) Chrome/137.0.7151.119 Mobile Safari/537.36 (compatible; Googlebot/2.1; +http://www.google.com/bot.html)"
5.161.102.43 - - [10/Jul/2025:12:55:42 -0400] "GET /?v=107083700001330&mod=372ab54d&uri=info.php?id%3D3585309-509&name=brown+ombre+straight+hair HTTP/1.1" 200 4655 "-" "Mozilla/5.0 (Windows NT 10.0; Win64; x64) AppleWebKit/537.36 (KHTML, like Gecko) Chrome/84.0.4147.105 Safari/537.36"
66.249.70.33 - - [10/Jul/2025:12:55:43 -0400] "GET /?v=13818935111330&mod=57bffe37&uri=product.php%3Fid%3D462650-1239%26name%3Dbuy+kappa+kappa+clothing+india HTTP/1.1" 200 20594 "-" "Mozilla/5.0 (Linux; Android 6.0.1; Nexus 5X Build/MMB29P) AppleWebKit/537.36 (KHTML, like Gecko) Chrome/137.0.7151.103 Mobile Safari/537.36 (compatible; Googlebot/2.1; +http://www.google.com/bot.html)"
66.249.70.32 - - [10/Jul/2025:12:55:51 -0400] "GET /?v=111441409051330&mod=5b4e201b&uri=article.php%3Fid%3D3731126-155%26name%3Dladies+wallet+etro+wallet+price HTTP/1.1" 200 21850 "-" "Mozilla/5.0 (Linux; Android 6.0.1; Nexus 5X Build/MMB29P) AppleWebKit/537.36 (KHTML, like Gecko) Chrome/137.0.7151.103 Mobile Safari/537.36 (compatible; Googlebot/2.1; +http://www.google.com/bot.html)"
66.249.70.32 - - [10/Jul/2025:12:55:54 -0400] "POST /get-message-notify HTTP/1.1" 404 1251 "https://www.getschooljobs.com/?v=13818935111330&mod=57bffe37&uri=product.php%3Fid%3D462650-1239%26name%3Dbuy+kappa+kappa+clothing+india" "Mozilla/5.0 (Linux; Android 6.0.1; Nexus 5X Build/MMB29P) AppleWebKit/537.36 (KHTML, like Gecko) Chrome/137.0.7151.119 Mobile Safari/537.36 (compatible; Googlebot/2.1; +http://www.google.com/bot.html)"
66.249.70.32 - - [10/Jul/2025:12:55:55 -0400] "POST /get-message-notify HTTP/1.1" 404 1251 "https://www.getschooljobs.com/?v=111441409051330&mod=5b4e201b&uri=article.php%3Fid%3D3731126-155%26name%3Dladies+wallet+etro+wallet+price" "Mozilla/5.0 (Linux; Android 6.0.1; Nexus 5X Build/MMB29P) AppleWebKit/537.36 (KHTML, like Gecko) Chrome/137.0.7151.119 Mobile Safari/537.36 (compatible; Googlebot/2.1; +http://www.google.com/bot.html)"
66.249.70.32 - - [10/Jul/2025:12:55:56 -0400] "GET /?v=41561381001330&mod=f9dff983&uri=blog.php%3Fid%3D1391605-463%26name%3Dvestito+corto+vestito+liu+jo+donna HTTP/1.1" 200 21044 "-" "Mozilla/5.0 (Linux; Android 6.0.1; Nexus 5X Build/MMB29P) AppleWebKit/537.36 (KHTML, like Gecko) Chrome/137.0.7151.103 Mobile Safari/537.36 (compatible; Googlebot/2.1; +http://www.google.com/bot.html)"
66.249.70.33 - - [10/Jul/2025:12:56:01 -0400] "GET /?v=115589544051330&mod=5eb2a86c&uri=search.php%3Fid%3D3870024-91%26name%3Dninja+foodi+ninja+smoothie+recipe+book HTTP/1.1" 200 22435 "-" "Mozilla/5.0 (Linux; Android 6.0.1; Nexus 5X Build/MMB29P) AppleWebKit/537.36 (KHTML, like Gecko) Chrome/137.0.7151.103 Mobile Safari/537.36 (compatible; Googlebot/2.1; +http://www.google.com/bot.html)"
66.249.70.32 - - [10/Jul/2025:12:56:06 -0400] "GET /?v=115588794041330&mod=556af255&uri=itm.php%3Fid%3D3869999-263%26name%3Dwet+food+bully+max+high+performance HTTP/1.1" 200 21630 "-" "Mozilla/5.0 (Linux; Android 6.0.1; Nexus 5X Build/MMB29P) AppleWebKit/537.36 (KHTML, like Gecko) Chrome/137.0.7151.103 Mobile Safari/537.36 (compatible; Googlebot/2.1; +http://www.google.com/bot.html)"
66.249.70.32 - - [10/Jul/2025:12:56:11 -0400] "GET /?v=115589694041330&mod=5eb2a86c&uri=brands.php%3Fid%3D3870029-91%26name%3D3100+psi+pressure+troy+bilt+875ex+pressure+washer+carburetor HTTP/1.1" 200 21763 "-" "Mozilla/5.0 (Linux; Android 6.0.1; Nexus 5X Build/MMB29P) AppleWebKit/537.36 (KHTML, like Gecko) Chrome/137.0.7151.103 Mobile Safari/537.36 (compatible; Googlebot/2.1; +http://www.google.com/bot.html)"
66.249.70.32 - - [10/Jul/2025:12:56:15 -0400] "GET /?v=115590724051330&mod=5eb2a86c&uri=blog.php%3Fid%3D3870064-91%26name%3Dcraftsman+used+lawn+and+garden+equipment+near+me HTTP/1.1" 200 21850 "-" "Mozilla/5.0 (Linux; Android 6.0.1; Nexus 5X Build/MMB29P) AppleWebKit/537.36 (KHTML, like Gecko) Chrome/137.0.7151.103 Mobile Safari/537.36 (compatible; Googlebot/2.1; +http://www.google.com/bot.html)"
66.249.70.32 - - [10/Jul/2025:12:56:16 -0400] "POST /get-message-notify HTTP/1.1" 404 1251 "https://www.getschooljobs.com/?v=115589544051330&mod=5eb2a86c&uri=search.php%3Fid%3D3870024-91%26name%3Dninja+foodi+ninja+smoothie+recipe+book" "Mozilla/5.0 (Linux; Android 6.0.1; Nexus 5X Build/MMB29P) AppleWebKit/537.36 (KHTML, like Gecko) Chrome/137.0.7151.119 Mobile Safari/537.36 (compatible; Googlebot/2.1; +http://www.google.com/bot.html)"
66.249.70.32 - - [10/Jul/2025:12:56:27 -0400] "GET /?v=115584464041330&mod=5eb2a86c&uri=us.php%3Fid%3D3869854-91%26name%3Dlitre+pressure+prestige+or+hawkins+pressure+cooker HTTP/1.1" 200 21946 "-" "Mozilla/5.0 (Linux; Android 6.0.1; Nexus 5X Build/MMB29P) AppleWebKit/537.36 (KHTML, like Gecko) Chrome/137.0.7151.103 Mobile Safari/537.36 (compatible; Googlebot/2.1; +http://www.google.com/bot.html)"
66.249.70.32 - - [10/Jul/2025:12:56:32 -0400] "POST /get-message-notify HTTP/1.1" 404 1251 "https://www.getschooljobs.com/?v=115584464041330&mod=5eb2a86c&uri=us.php%3Fid%3D3869854-91%26name%3Dlitre+pressure+prestige+or+hawkins+pressure+cooker" "Mozilla/5.0 (Linux; Android 6.0.1; Nexus 5X Build/MMB29P) AppleWebKit/537.36 (KHTML, like Gecko) Chrome/137.0.7151.119 Mobile Safari/537.36 (compatible; Googlebot/2.1; +http://www.google.com/bot.html)"
66.249.70.32 - - [10/Jul/2025:12:56:32 -0400] "GET /?v=115588194041330&mod=5eb2a86c&uri=form.php%3Fid%3D3869979-91%26name%3Dchevron+32v+flymo+chevron+34vc+blade HTTP/1.1" 200 22216 "-" "Mozilla/5.0 (Linux; Android 6.0.1; Nexus 5X Build/MMB29P) AppleWebKit/537.36 (KHTML, like Gecko) Chrome/137.0.7151.103 Mobile Safari/537.36 (compatible; Googlebot/2.1; +http://www.google.com/bot.html)"
66.249.70.32 - - [10/Jul/2025:12:56:36 -0400] "POST /get-message-notify HTTP/1.1" 404 1251 "https://www.getschooljobs.com/?v=115588194041330&mod=5eb2a86c&uri=form.php%3Fid%3D3869979-91%26name%3Dchevron+32v+flymo+chevron+34vc+blade" "Mozilla/5.0 (Linux; Android 6.0.1; Nexus 5X Build/MMB29P) AppleWebKit/537.36 (KHTML, like Gecko) Chrome/137.0.7151.119 Mobile Safari/537.36 (compatible; Googlebot/2.1; +http://www.google.com/bot.html)"
66.249.70.32 - - [10/Jul/2025:12:56:36 -0400] "GET /?v=115590874041330&mod=5eb2a86c&uri=product.php%3Fid%3D3870069-91%26name%3Ddiagram+huskee+lawn+mower+manual HTTP/1.1" 200 22470 "-" "Mozilla/5.0 (Linux; Android 6.0.1; Nexus 5X Build/MMB29P) AppleWebKit/537.36 (KHTML, like Gecko) Chrome/137.0.7151.103 Mobile Safari/537.36 (compatible; Googlebot/2.1; +http://www.google.com/bot.html)"
66.249.70.32 - - [10/Jul/2025:12:56:46 -0400] "GET /?v=115591624031330&mod=5eb2a86c&uri=search.php%3Fid%3D3870094-91%26name%3Dpush+mower+honda+hr214+parts+diagram HTTP/1.1" 200 21974 "-" "Mozilla/5.0 (Linux; Android 6.0.1; Nexus 5X Build/MMB29P) AppleWebKit/537.36 (KHTML, like Gecko) Chrome/137.0.7151.103 Mobile Safari/537.36 (compatible; Googlebot/2.1; +http://www.google.com/bot.html)"
66.249.70.32 - - [10/Jul/2025:12:56:50 -0400] "GET /?v=115592224091330&mod=5eb2a86c&uri=article.php%3Fid%3D3870114-91%26name%3Dhonda+mower+blade+honda+hr214+parts+diagram HTTP/1.1" 200 22114 "-" "Mozilla/5.0 (Linux; Android 6.0.1; Nexus 5X Build/MMB29P) AppleWebKit/537.36 (KHTML, like Gecko) Chrome/137.0.7151.103 Mobile Safari/537.36 (compatible; Googlebot/2.1; +http://www.google.com/bot.html)"
66.249.70.32 - - [10/Jul/2025:12:56:55 -0400] "GET /?v=115587164041330&mod=5eb2a86c&uri=brands.php%3Fid%3D3869944-91%26name%3Dspare+parts+flymo+pac+a+mow+blade HTTP/1.1" 200 22116 "-" "Mozilla/5.0 (Linux; Android 6.0.1; Nexus 5X Build/MMB29P) AppleWebKit/537.36 (KHTML, like Gecko) Chrome/137.0.7151.103 Mobile Safari/537.36 (compatible; Googlebot/2.1; +http://www.google.com/bot.html)"
66.249.70.32 - - [10/Jul/2025:12:56:59 -0400] "GET /?v=115504802041330&mod=f9dff983&uri=news.php%3Fid%3D3867188-463%26name%3Daccappatoio+pigiama+intero+donna+con+apertura HTTP/1.1" 200 21489 "-" "Mozilla/5.0 (Linux; Android 6.0.1; Nexus 5X Build/MMB29P) AppleWebKit/537.36 (KHTML, like Gecko) Chrome/137.0.7151.103 Mobile Safari/537.36 (compatible; Googlebot/2.1; +http://www.google.com/bot.html)"
66.249.70.32 - - [10/Jul/2025:12:57:05 -0400] "POST /get-message-notify HTTP/1.1" 404 1251 "https://www.getschooljobs.com/?v=115504802041330&mod=f9dff983&uri=news.php%3Fid%3D3867188-463%26name%3Daccappatoio+pigiama+intero+donna+con+apertura" "Mozilla/5.0 (Linux; Android 6.0.1; Nexus 5X Build/MMB29P) AppleWebKit/537.36 (KHTML, like Gecko) Chrome/137.0.7151.119 Mobile Safari/537.36 (compatible; Googlebot/2.1; +http://www.google.com/bot.html)"
66.249.70.32 - - [10/Jul/2025:12:57:04 -0400] "GET /?v=115587314041330&mod=5eb2a86c&uri=article.php%3Fid%3D3869949-91%26name%3Dcraftsman+lawn+craftsman+7400+pro+series+54+blades HTTP/1.1" 200 21944 "-" "Mozilla/5.0 (Linux; Android 6.0.1; Nexus 5X Build/MMB29P) AppleWebKit/537.36 (KHTML, like Gecko) Chrome/137.0.7151.103 Mobile Safari/537.36 (compatible; Googlebot/2.1; +http://www.google.com/bot.html)"
66.249.70.32 - - [10/Jul/2025:12:57:09 -0400] "GET /?v=115624395011330&mod=0e3537cf&uri=form.php%3Fid%3D3871189-225%26name%3Dwrist+watch+watch+original+sailor+moon HTTP/1.1" 200 22199 "-" "Mozilla/5.0 (Linux; Android 6.0.1; Nexus 5X Build/MMB29P) AppleWebKit/537.36 (KHTML, like Gecko) Chrome/137.0.7151.103 Mobile Safari/537.36 (compatible; Googlebot/2.1; +http://www.google.com/bot.html)"
66.249.70.32 - - [10/Jul/2025:12:57:14 -0400] "GET /?v=115584014041330&mod=5eb2a86c&uri=shared.php%3Fid%3D3869839-91%26name%3Dlawnmower+blade+flymo+metal+blade HTTP/1.1" 200 21967 "-" "Mozilla/5.0 (Linux; Android 6.0.1; Nexus 5X Build/MMB29P) AppleWebKit/537.36 (KHTML, like Gecko) Chrome/137.0.7151.103 Mobile Safari/537.36 (compatible; Googlebot/2.1; +http://www.google.com/bot.html)"
66.249.70.32 - - [10/Jul/2025:12:57:16 -0400] "POST /get-message-notify HTTP/1.1" 404 1251 "https://www.getschooljobs.com/?v=115624395011330&mod=0e3537cf&uri=form.php%3Fid%3D3871189-225%26name%3Dwrist+watch+watch+original+sailor+moon" "Mozilla/5.0 (Linux; Android 6.0.1; Nexus 5X Build/MMB29P) AppleWebKit/537.36 (KHTML, like Gecko) Chrome/137.0.7151.119 Mobile Safari/537.36 (compatible; Googlebot/2.1; +http://www.google.com/bot.html)"
