66.249.70.32 - - [10/Jul/2025:10:03:56 -0400] "GET /?v=26073637041330&mod=298f5874&uri=brands.php%3Fid%3D873133-39%26name%3Dios+11+apple+watch+with+iphone+11 HTTP/1.1" 200 20646 "-" "Mozilla/5.0 (Linux; Android 6.0.1; Nexus 5X Build/MMB29P) AppleWebKit/537.36 (KHTML, like Gecko) Chrome/137.0.7151.103 Mobile Safari/537.36 (compatible; Googlebot/2.1; +http://www.google.com/bot.html)"
66.249.70.32 - - [10/Jul/2025:10:03:58 -0400] "POST /get-message-notify HTTP/1.1" 404 1251 "https://www.getschooljobs.com/?v=72615679021330&mod=cb41f167&uri=products.php%3Fid%3D2431345-56%26name%3Dgravity+desk+chair+light+grey" "Mozilla/5.0 (Linux; Android 6.0.1; Nexus 5X Build/MMB29P) AppleWebKit/537.36 (KHTML, like Gecko) Chrome/137.0.7151.119 Mobile Safari/537.36 (compatible; Googlebot/2.1; +http://www.google.com/bot.html)"
66.249.70.33 - - [10/Jul/2025:10:05:01 -0400] "GET /?v=82440705041330&mod=7221e5c8&uri=products.php%3Fid%3D2760259-31%26name%3Dsanus+universal+soundbar HTTP/1.1" 200 21996 "-" "Mozilla/5.0 (Linux; Android 6.0.1; Nexus 5X Build/MMB29P) AppleWebKit/537.36 (KHTML, like Gecko) Chrome/137.0.7151.103 Mobile Safari/537.36 (compatible; Googlebot/2.1; +http://www.google.com/bot.html)"
66.249.70.32 - - [10/Jul/2025:10:05:15 -0400] "GET /?v=35536135081330&mod=fa4fe9da&uri=goods.php%3Fid%3D1189966-1586%26name%3Dpiaget+conservation HTTP/1.1" 200 20760 "-" "Mozilla/5.0 (Linux; Android 6.0.1; Nexus 5X Build/MMB29P) AppleWebKit/537.36 (KHTML, like Gecko) Chrome/137.0.7151.103 Mobile Safari/537.36 (compatible; Googlebot/2.1; +http://www.google.com/bot.html)"
135.181.178.242 - - [10/Jul/2025:10:01:02 -0400] "GET /?v=71813443051330&mod=1c4196d0&uri=product.php?id=2404464-464&name=seiko+arnie+straps%27 HTTP/1.1" 200 19037 "-" "Mozilla/5.0 (Windows NT 10.0; Win64; x64) AppleWebKit/537.36 (KHTML, like Gecko) Chrome/126.0.0.0 Safari/537.36"
135.181.178.242 - - [10/Jul/2025:10:01:02 -0400] "GET /?v=71813443051330&mod=1c4196d0%27&uri=product.php?id=2404464-464&name=seiko+arnie+straps HTTP/1.1" 200 19037 "-" "Mozilla/5.0 (Windows NT 10.0; Win64; x64) AppleWebKit/537.36 (KHTML, like Gecko) Chrome/126.0.0.0 Safari/537.36"
135.181.178.242 - - [10/Jul/2025:10:01:02 -0400] "GET /?v=71813443051330&mod=1c4196d0&uri=product.php?id=2404464-464%27&name=seiko+arnie+straps HTTP/1.1" 200 19037 "-" "Mozilla/5.0 (Windows NT 10.0; Win64; x64) AppleWebKit/537.36 (KHTML, like Gecko) Chrome/126.0.0.0 Safari/537.36"
135.181.178.242 - - [10/Jul/2025:10:01:02 -0400] "GET /?v=71813443051330%27&mod=1c4196d0&uri=product.php?id=2404464-464&name=seiko+arnie+straps HTTP/1.1" 200 19037 "-" "Mozilla/5.0 (Windows NT 10.0; Win64; x64) AppleWebKit/537.36 (KHTML, like Gecko) Chrome/126.0.0.0 Safari/537.36"
66.249.70.32 - - [10/Jul/2025:10:01:05 -0400] "GET /?v=26124594031330&mod=76e58a9d&uri=blog.php%3Fid%3D874836-1487%26name%3Dcycling+hydration+pack+for+trekking HTTP/1.1" 200 20919 "-" "Mozilla/5.0 (Linux; Android 6.0.1; Nexus 5X Build/MMB29P) AppleWebKit/537.36 (KHTML, like Gecko) Chrome/137.0.7151.103 Mobile Safari/537.36 (compatible; Googlebot/2.1; +http://www.google.com/bot.html)"
172.182.193.94 - - [10/Jul/2025:10:01:43 -0400] "GET /?mod=5029a54e&uri=article.php%3Fid%3D721354-672%26name%3Dinglesina+aptica+inglesina+trilogy+city+stroller+review&v=21542750121330 HTTP/1.1" 200 4655 "-" "Mozilla/5.0 (Macintosh; Intel Mac OS X 10_15_7) AppleWebKit/537.36 (KHTML, like Gecko) Chrome/131.0.0.0 Safari/537.36; compatible; OAI-SearchBot/1.0; +https://openai.com/searchbot"
66.249.70.32 - - [10/Jul/2025:10:01:45 -0400] "GET /?v=115467651071330&mod=633cc4cf&uri=news.php%3Fid%3D3865944-542%26name%3Damazon+feeding+bottle+warmer+sterilizer+in HTTP/1.1" 200 21326 "-" "Mozilla/5.0 (Linux; Android 6.0.1; Nexus 5X Build/MMB29P) AppleWebKit/537.36 (KHTML, like Gecko) Chrome/137.0.7151.103 Mobile Safari/537.36 (compatible; Googlebot/2.1; +http://www.google.com/bot.html)"
66.249.70.32 - - [10/Jul/2025:10:05:54 -0400] "GET /?v=10539078041330&mod=26b58a41&uri=news.php%3Fid%3D352829-52%26name%3Dintimissimi+pigiama+donna+black+friday HTTP/1.1" 200 21435 "-" "Mozilla/5.0 (Linux; Android 6.0.1; Nexus 5X Build/MMB29P) AppleWebKit/537.36 (KHTML, like Gecko) Chrome/137.0.7151.103 Mobile Safari/537.36 (compatible; Googlebot/2.1; +http://www.google.com/bot.html)"
66.249.70.32 - - [10/Jul/2025:10:06:21 -0400] "GET /?v=119305189011330&mod=a0c65819&uri=search.php%3Fid%3D3994502-582%26name%3D18w+hyperdrive+keychain+m+usb+c+to+lightning+keychain HTTP/1.1" 200 21641 "-" "Mozilla/5.0 (Linux; Android 6.0.1; Nexus 5X Build/MMB29P) AppleWebKit/537.36 (KHTML, like Gecko) Chrome/137.0.7151.103 Mobile Safari/537.36 (compatible; Googlebot/2.1; +http://www.google.com/bot.html)"
66.249.70.33 - - [10/Jul/2025:10:06:25 -0400] "POST /get-message-notify HTTP/1.1" 404 1251 "https://www.getschooljobs.com/?v=119305189011330&mod=a0c65819&uri=search.php%3Fid%3D3994502-582%26name%3D18w+hyperdrive+keychain+m+usb+c+to+lightning+keychain" "Mozilla/5.0 (Linux; Android 6.0.1; Nexus 5X Build/MMB29P) AppleWebKit/537.36 (KHTML, like Gecko) Chrome/137.0.7151.119 Mobile Safari/537.36 (compatible; Googlebot/2.1; +http://www.google.com/bot.html)"
66.249.70.34 - - [10/Jul/2025:10:07:01 -0400] "GET /?v=26169292001330&mod=69c8d2b4&uri=search.php%3Fid%3D876329-147%26name%3Dgirl+poco+f1+back+pouch HTTP/1.1" 200 21500 "-" "Mozilla/5.0 (Linux; Android 6.0.1; Nexus 5X Build/MMB29P) AppleWebKit/537.36 (KHTML, like Gecko) Chrome/137.0.7151.103 Mobile Safari/537.36 (compatible; Googlebot/2.1; +http://www.google.com/bot.html)"
66.249.70.32 - - [10/Jul/2025:10:07:29 -0400] "GET /?v=99350937041330&mod=1846acc2&uri=pin.php%3Fid%3D3326397-666%26name%3Dgame+nintendo+switch+lite+tony+hawk HTTP/1.1" 200 21953 "-" "Mozilla/5.0 (Linux; Android 6.0.1; Nexus 5X Build/MMB29P) AppleWebKit/537.36 (KHTML, like Gecko) Chrome/137.0.7151.103 Mobile Safari/537.36 (compatible; Googlebot/2.1; +http://www.google.com/bot.html)"
66.249.70.32 - - [10/Jul/2025:10:07:30 -0400] "GET /?v=116698734011330&mod=5eb2a86c&uri=brands.php%3Fid%3D3907160-91%26name%3Dcircular+saw+makita+ek6100 HTTP/1.1" 200 22450 "-" "Mozilla/5.0 (Linux; Android 6.0.1; Nexus 5X Build/MMB29P) AppleWebKit/537.36 (KHTML, like Gecko) Chrome/137.0.7151.103 Mobile Safari/537.36 (compatible; Googlebot/2.1; +http://www.google.com/bot.html)"
66.249.70.33 - - [10/Jul/2025:10:07:32 -0400] "GET /?v=36382475061330&mod=6b77b838&uri=blog.php%3Fid%3D1218284-158%26name%3Dinflatable+jumper+little+tikes+bounce+house HTTP/1.1" 200 21684 "-" "Mozilla/5.0 (Linux; Android 6.0.1; Nexus 5X Build/MMB29P) AppleWebKit/537.36 (KHTML, like Gecko) Chrome/137.0.7151.103 Mobile Safari/537.36 (compatible; Googlebot/2.1; +http://www.google.com/bot.html)"
66.249.70.32 - - [10/Jul/2025:10:07:35 -0400] "POST /get-message-notify HTTP/1.1" 404 1251 "https://www.getschooljobs.com/?v=116698734011330&mod=5eb2a86c&uri=brands.php%3Fid%3D3907160-91%26name%3Dcircular+saw+makita+ek6100" "Mozilla/5.0 (Linux; Android 6.0.1; Nexus 5X Build/MMB29P) AppleWebKit/537.36 (KHTML, like Gecko) Chrome/137.0.7151.119 Mobile Safari/537.36 (compatible; Googlebot/2.1; +http://www.google.com/bot.html)"
66.249.70.32 - - [10/Jul/2025:10:07:49 -0400] "GET /?v=96567547051330&mod=f5f3b8d7&uri=info.php%3Fid%3D3233166-58%26name%3Deye+glasses+ridiculous+sunglasses HTTP/1.1" 200 21583 "-" "Mozilla/5.0 (Linux; Android 6.0.1; Nexus 5X Build/MMB29P) AppleWebKit/537.36 (KHTML, like Gecko) Chrome/137.0.7151.103 Mobile Safari/537.36 (compatible; Googlebot/2.1; +http://www.google.com/bot.html)"
66.249.70.33 - - [10/Jul/2025:10:08:04 -0400] "GET /?v=51371372011330&mod=fb3fb416&uri=product.php%3Fid%3D1719912-1071%26name%3Dvestido+largo+traje+negro+mujer+fiesta HTTP/1.1" 200 21752 "-" "Mozilla/5.0 (Linux; Android 6.0.1; Nexus 5X Build/MMB29P) AppleWebKit/537.36 (KHTML, like Gecko) Chrome/137.0.7151.103 Mobile Safari/537.36 (compatible; Googlebot/2.1; +http://www.google.com/bot.html)"
66.249.70.33 - - [10/Jul/2025:10:08:15 -0400] "POST /get-message-notify HTTP/1.1" 404 1251 "https://www.getschooljobs.com/?v=51371372011330&mod=fb3fb416&uri=product.php%3Fid%3D1719912-1071%26name%3Dvestido+largo+traje+negro+mujer+fiesta" "Mozilla/5.0 (Linux; Android 6.0.1; Nexus 5X Build/MMB29P) AppleWebKit/537.36 (KHTML, like Gecko) Chrome/137.0.7151.119 Mobile Safari/537.36 (compatible; Googlebot/2.1; +http://www.google.com/bot.html)"
178.156.146.224 - - [10/Jul/2025:10:08:54 -0400] "GET /?v=91371767061330&mod=e0f7a4d0&uri=article.php?id%3D3059200-22&name=white+board+markers+giant+dry+erase+marker HTTP/1.1" 200 4655 "-" "Mozilla/5.0 (Windows NT 10.0; Win64; x64) AppleWebKit/537.36 (KHTML, like Gecko) Chrome/84.0.4147.105 Safari/537.36"
66.249.70.32 - - [10/Jul/2025:10:09:25 -0400] "GET /?v=19319179021330&mod=85b25f84&uri=shop.php%3Fid%3D646943-439%26name%3Dmini+licuadora+portatil+como+va+una+licuadora HTTP/1.1" 200 20854 "-" "Mozilla/5.0 (Linux; Android 6.0.1; Nexus 5X Build/MMB29P) AppleWebKit/537.36 (KHTML, like Gecko) Chrome/137.0.7151.103 Mobile Safari/537.36 (compatible; Googlebot/2.1; +http://www.google.com/bot.html)"
66.249.70.34 - - [10/Jul/2025:10:09:27 -0400] "GET /?v=51161601001330&mod=ef517f3e&uri=dp.php%3Fid%3D1712889-367%26name%3Dfull+face+smart+wedge HTTP/1.1" 200 22059 "-" "Mozilla/5.0 (Linux; Android 6.0.1; Nexus 5X Build/MMB29P) AppleWebKit/537.36 (KHTML, like Gecko) Chrome/137.0.7151.103 Mobile Safari/537.36 (compatible; Googlebot/2.1; +http://www.google.com/bot.html)"
217.180.201.207 - - [10/Jul/2025:10:09:32 -0400] "GET /?v=87100601031330&mod=40cccad2&uri=search.php%3Fid%3D2916207-43%26name%3Dplush+toys+moving+mickey+mouse+toy HTTP/1.1" 200 133 "https://www.google.com/url?q=https://www.getschooljobs.com/%3Fv%3D87100601031330%26mod%3D40cccad2%26uri%3Dsearch.php%253Fid%253D2916207-43%2526name%253Dplush%2Btoys%2Bmoving%2Bmickey%2Bmouse%2Btoy&sa=U&ved=2ahUKEwibi9rrurKOAxVFKFkFHZGcMCoQuAJ6BAgbEAE&usg=AOvVaw3wc9nsb2KgD3BnCDhF1Iml" "Mozilla/5.0 (iPhone; CPU iPhone OS 18_5_0 like Mac OS X) AppleWebKit/605.1.15 (KHTML, like Gecko) GSA/376.0.777690323 Mobile/15E148 Safari/604.1"
66.249.70.34 - - [10/Jul/2025:10:10:20 -0400] "GET /?v=85151289001330&mod=b1553ff2&uri=brands.php%3Fid%3D2850985-168%26name%3Dcar+dealership+we+buy+cars+motorcycles+for+sale HTTP/1.1" 200 22052 "-" "Mozilla/5.0 (Linux; Android 6.0.1; Nexus 5X Build/MMB29P) AppleWebKit/537.36 (KHTML, like Gecko) Chrome/137.0.7151.103 Mobile Safari/537.36 (compatible; Googlebot/2.1; +http://www.google.com/bot.html)"
66.249.70.32 - - [10/Jul/2025:10:10:35 -0400] "GET /?v=115663478001330&mod=6e7f6c38&uri=shared.php%3Fid%3D3872495-136%26name%3Dpeloton+tread+pivot+peloton+screen HTTP/1.1" 200 21640 "-" "Mozilla/5.0 (Linux; Android 6.0.1; Nexus 5X Build/MMB29P) AppleWebKit/537.36 (KHTML, like Gecko) Chrome/137.0.7151.103 Mobile Safari/537.36 (compatible; Googlebot/2.1; +http://www.google.com/bot.html)"
66.249.70.32 - - [10/Jul/2025:10:10:39 -0400] "POST /get-message-notify HTTP/1.1" 404 1251 "https://www.getschooljobs.com/?v=115663478001330&mod=6e7f6c38&uri=shared.php%3Fid%3D3872495-136%26name%3Dpeloton+tread+pivot+peloton+screen" "Mozilla/5.0 (Linux; Android 6.0.1; Nexus 5X Build/MMB29P) AppleWebKit/537.36 (KHTML, like Gecko) Chrome/137.0.7151.119 Mobile Safari/537.36 (compatible; Googlebot/2.1; +http://www.google.com/bot.html)"
119.13.76.105 - - [10/Jul/2025:10:10:44 -0400] "GET /?v=70592461041330&mod=da927c22&uri=search.php%3Fid%3D2363587-1139%26name%3Dblooming+jomad+cologne HTTP/1.1" 200 4655 "-" "Mozilla/5.0 (Windows NT 10.0; Win64; x64) AppleWebKit/537.36 (KHTML, like Gecko) Chrome/104.0.0.0 Safari/537.36"
112.208.188.32 - - [10/Jul/2025:10:10:49 -0400] "GET /?v=86606790071330&mod=531a377c&uri=category-info.php%3Fid%3D2899682-599%26name%3Dteam+elite+ddr3+1x8gb HTTP/1.1" 200 131 "https://www.google.com/" "Mozilla/5.0 (Windows NT 10.0; Win64; x64) AppleWebKit/537.36 (KHTML, like Gecko) Chrome/138.0.0.0 Safari/537.36"
66.249.70.32 - - [10/Jul/2025:10:10:49 -0400] "GET /?v=1444332041330&mod=73239bf6&uri=itm.php%3Fid%3D48365-172%26name%3Dbonos+argentinos+cotizacion+acciones+argentinas HTTP/1.1" 200 22266 "-" "Mozilla/5.0 (Linux; Android 6.0.1; Nexus 5X Build/MMB29P) AppleWebKit/537.36 (KHTML, like Gecko) Chrome/137.0.7151.103 Mobile Safari/537.36 (compatible; Googlebot/2.1; +http://www.google.com/bot.html)"
66.249.70.33 - - [10/Jul/2025:10:11:03 -0400] "GET /?v=115534167061330&mod=95bf5763&uri=news.php%3Fid%3D3868172-370%26name%3Donline+shopping+amazon+espa%C3%83%C2%B1ol+compras+por+internet HTTP/1.1" 200 21598 "-" "Mozilla/5.0 (Linux; Android 6.0.1; Nexus 5X Build/MMB29P) AppleWebKit/537.36 (KHTML, like Gecko) Chrome/137.0.7151.103 Mobile Safari/537.36 (compatible; Googlebot/2.1; +http://www.google.com/bot.html)"
66.249.70.33 - - [10/Jul/2025:10:11:04 -0400] "GET /?v=3876836041330&mod=a80afba1&uri=brands.php%3Fid%3D129774-718%26name%3Dafrican+twist+wrap+headband HTTP/1.1" 200 21128 "-" "Mozilla/5.0 (Linux; Android 6.0.1; Nexus 5X Build/MMB29P) AppleWebKit/537.36 (KHTML, like Gecko) Chrome/137.0.7151.103 Mobile Safari/537.36 (compatible; Googlebot/2.1; +http://www.google.com/bot.html)"
66.249.70.32 - - [10/Jul/2025:10:11:04 -0400] "GET /?v=85151469061330&mod=b1553ff2&uri=us.php%3Fid%3D2850991-168%26name%3Dwww+alhudapk+moto+guzzi+750+for+sale HTTP/1.1" 200 21347 "-" "Mozilla/5.0 (Linux; Android 6.0.1; Nexus 5X Build/MMB29P) AppleWebKit/537.36 (KHTML, like Gecko) Chrome/137.0.7151.103 Mobile Safari/537.36 (compatible; Googlebot/2.1; +http://www.google.com/bot.html)"
66.249.70.32 - - [10/Jul/2025:10:11:05 -0400] "GET /?v=72420658011330&mod=cb41f167&uri=article.php%3Fid%3D2424816-56%26name%3Dvelvet+sofa+bed+comfortable+seater+sofa HTTP/1.1" 200 22075 "-" "Mozilla/5.0 (Linux; Android 6.0.1; Nexus 5X Build/MMB29P) AppleWebKit/537.36 (KHTML, like Gecko) Chrome/137.0.7151.103 Mobile Safari/537.36 (compatible; Googlebot/2.1; +http://www.google.com/bot.html)"
66.249.70.34 - - [10/Jul/2025:10:11:07 -0400] "POST /get-message-notify HTTP/1.1" 404 1251 "https://www.getschooljobs.com/?v=115534167061330&mod=95bf5763&uri=news.php%3Fid%3D3868172-370%26name%3Donline+shopping+amazon+espa%C3%83%C2%B1ol+compras+por+internet" "Mozilla/5.0 (Linux; Android 6.0.1; Nexus 5X Build/MMB29P) AppleWebKit/537.36 (KHTML, like Gecko) Chrome/137.0.7151.119 Mobile Safari/537.36 (compatible; Googlebot/2.1; +http://www.google.com/bot.html)"
66.249.70.32 - - [10/Jul/2025:10:11:18 -0400] "GET /?v=32365132031330&mod=6755ef4a&uri=blog.php%3Fid%3D1083766-479%26name%3Dwinter+wear+lure+urban+women%27s+jacket HTTP/1.1" 200 20716 "-" "Mozilla/5.0 (Linux; Android 6.0.1; Nexus 5X Build/MMB29P) AppleWebKit/537.36 (KHTML, like Gecko) Chrome/137.0.7151.103 Mobile Safari/537.36 (compatible; Googlebot/2.1; +http://www.google.com/bot.html)"
66.249.70.32 - - [10/Jul/2025:10:11:21 -0400] "GET /?v=10550725031330&mod=5aa280f5&uri=search.php%3Fid%3D353219-465%26name%3Demerald+sapphire+and+ruby HTTP/1.1" 200 21724 "-" "Mozilla/5.0 (Linux; Android 6.0.1; Nexus 5X Build/MMB29P) AppleWebKit/537.36 (KHTML, like Gecko) Chrome/137.0.7151.103 Mobile Safari/537.36 (compatible; Googlebot/2.1; +http://www.google.com/bot.html)"
66.249.70.32 - - [10/Jul/2025:10:11:26 -0400] "POST /get-message-notify HTTP/1.1" 404 1251 "https://www.getschooljobs.com/?v=10550725031330&mod=5aa280f5&uri=search.php%3Fid%3D353219-465%26name%3Demerald+sapphire+and+ruby" "Mozilla/5.0 (Linux; Android 6.0.1; Nexus 5X Build/MMB29P) AppleWebKit/537.36 (KHTML, like Gecko) Chrome/137.0.7151.119 Mobile Safari/537.36 (compatible; Googlebot/2.1; +http://www.google.com/bot.html)"
66.249.70.32 - - [10/Jul/2025:10:14:41 -0400] "GET /?v=99536482131330&mod=ea2e4496&uri=search.php%3Fid%3D3332612-178%26name%3Dmanifold+polo+g40 HTTP/1.1" 200 21769 "-" "Mozilla/5.0 (Linux; Android 6.0.1; Nexus 5X Build/MMB29P) AppleWebKit/537.36 (KHTML, like Gecko) Chrome/137.0.7151.103 Mobile Safari/537.36 (compatible; Googlebot/2.1; +http://www.google.com/bot.html)"
66.249.70.33 - - [10/Jul/2025:10:14:42 -0400] "GET /?v=51370562131330&mod=6e7f6c38&uri=goods.php%3Fid%3D1719885-136%26name%3Dcardio+stair+climber+machine+argos HTTP/1.1" 200 21677 "-" "Mozilla/5.0 (Linux; Android 6.0.1; Nexus 5X Build/MMB29P) AppleWebKit/537.36 (KHTML, like Gecko) Chrome/137.0.7151.103 Mobile Safari/537.36 (compatible; Googlebot/2.1; +http://www.google.com/bot.html)"
66.249.70.34 - - [10/Jul/2025:10:15:33 -0400] "GET /?v=92310908021330&mod=9f6bcebe&uri=product.php%3Fid%3D3090621-784%26name%3Dtucson+1002+botas+de+lluvia+mujer+das+luz HTTP/1.1" 200 21441 "-" "Mozilla/5.0 (Linux; Android 6.0.1; Nexus 5X Build/MMB29P) AppleWebKit/537.36 (KHTML, like Gecko) Chrome/137.0.7151.103 Mobile Safari/537.36 (compatible; Googlebot/2.1; +http://www.google.com/bot.html)"
23.21.204.95 - - [10/Jul/2025:10:15:33 -0400] "GET /?mod=5a83f877&uri=pin.php?id%3D3982990-371%26name%3Dseiko%20presage%20seiko%20calibre%204r36&v=118961288021330 HTTP/1.1" 200 5437 "-" "Mozilla/5.0 AppleWebKit/537.36 (KHTML, like Gecko; compatible; Amazonbot/0.1; +https://developer.amazon.com/support/amazonbot) Chrome/119.0.6045.214 Safari/537.36"
52.202.233.37 - - [10/Jul/2025:10:15:36 -0400] "GET /?mod=ae91b05c&uri=product.php?id%3D1375795-321%26name%3D18k%20gold%20bar%20ounce%20of%2010k%20gold%20price&v=41089204041330 HTTP/1.1" 200 5437 "-" "Mozilla/5.0 AppleWebKit/537.36 (KHTML, like Gecko; compatible; Amazonbot/0.1; +https://developer.amazon.com/support/amazonbot) Chrome/119.0.6045.214 Safari/537.36"
66.249.70.33 - - [10/Jul/2025:10:15:50 -0400] "GET /?v=103566882051330&mod=07c65274&uri=goods.php%3Fid%3D3467578-543%26name%3Dhimalaya+baby+baby+diaper+deals HTTP/1.1" 200 20982 "-" "Mozilla/5.0 (Linux; Android 6.0.1; Nexus 5X Build/MMB29P) AppleWebKit/537.36 (KHTML, like Gecko) Chrome/137.0.7151.103 Mobile Safari/537.36 (compatible; Googlebot/2.1; +http://www.google.com/bot.html)"
66.249.70.32 - - [10/Jul/2025:10:15:55 -0400] "POST /get-message-notify HTTP/1.1" 404 1251 "https://www.getschooljobs.com/?v=103566882051330&mod=07c65274&uri=goods.php%3Fid%3D3467578-543%26name%3Dhimalaya+baby+baby+diaper+deals" "Mozilla/5.0 (Linux; Android 6.0.1; Nexus 5X Build/MMB29P) AppleWebKit/537.36 (KHTML, like Gecko) Chrome/137.0.7151.119 Mobile Safari/537.36 (compatible; Googlebot/2.1; +http://www.google.com/bot.html)"
66.249.70.33 - - [10/Jul/2025:10:16:30 -0400] "GET /?v=15632948001330&mod=4a490465&uri=product.php%3Fid%3D523487-1031%26name%3Dankle+boots+stivali+other+stories HTTP/1.1" 200 20187 "-" "Mozilla/5.0 (Linux; Android 6.0.1; Nexus 5X Build/MMB29P) AppleWebKit/537.36 (KHTML, like Gecko) Chrome/137.0.7151.103 Mobile Safari/537.36 (compatible; Googlebot/2.1; +http://www.google.com/bot.html)"
66.249.70.34 - - [10/Jul/2025:10:16:31 -0400] "GET /?v=29407424041330&mod=34113f84&uri=search.php%3Fid%3D984751-135%26name%3Dbici+elettrica+om+bike+recensioni HTTP/1.1" 200 21990 "-" "Mozilla/5.0 (Linux; Android 6.0.1; Nexus 5X Build/MMB29P) AppleWebKit/537.36 (KHTML, like Gecko) Chrome/137.0.7151.103 Mobile Safari/537.36 (compatible; Googlebot/2.1; +http://www.google.com/bot.html)"
66.249.70.33 - - [10/Jul/2025:10:16:38 -0400] "POST /get-message-notify HTTP/1.1" 404 1251 "https://www.getschooljobs.com/?v=15632948001330&mod=4a490465&uri=product.php%3Fid%3D523487-1031%26name%3Dankle+boots+stivali+other+stories" "Mozilla/5.0 (Linux; Android 6.0.1; Nexus 5X Build/MMB29P) AppleWebKit/537.36 (KHTML, like Gecko) Chrome/137.0.7151.119 Mobile Safari/537.36 (compatible; Googlebot/2.1; +http://www.google.com/bot.html)"
154.22.51.178 - - [10/Jul/2025:10:12:53 -0400] "GET /?v=32748420061330&mod=26face99&uri=category-info.php%3Fid%3D1096595-828%26name%3Dpet+groomer+yorkie+grooming+supplies HTTP/1.0" 200 19037 "https://www.getschooljobs.com/?v=32748420061330&mod=26face99&uri=category-info.php%3Fid%3D1096595-828%26name%3Dpet+groomer+yorkie+grooming+supplies" "Mozilla/5.0 (Windows NT 10.0; Win64; x64) AppleWebKit/537.36 (KHTML, like Gecko) Chrome/131.0.0.0 Safari/537.36"
66.249.70.34 - - [10/Jul/2025:10:13:16 -0400] "GET /?v=115655820081330&mod=6e7f6c38&uri=itm.php%3Fid%3D3872239-136%26name%3Dpeloton+can+you+use+the+echelon+bike+without+the+app HTTP/1.1" 200 21867 "-" "Mozilla/5.0 (Linux; Android 6.0.1; Nexus 5X Build/MMB29P) AppleWebKit/537.36 (KHTML, like Gecko) Chrome/137.0.7151.103 Mobile Safari/537.36 (compatible; Googlebot/2.1; +http://www.google.com/bot.html)"
66.249.70.33 - - [10/Jul/2025:10:13:33 -0400] "POST /get-message-notify HTTP/1.1" 404 1251 "https://www.getschooljobs.com/?v=115655820081330&mod=6e7f6c38&uri=itm.php%3Fid%3D3872239-136%26name%3Dpeloton+can+you+use+the+echelon+bike+without+the+app" "Mozilla/5.0 (Linux; Android 6.0.1; Nexus 5X Build/MMB29P) AppleWebKit/537.36 (KHTML, like Gecko) Chrome/137.0.7151.119 Mobile Safari/537.36 (compatible; Googlebot/2.1; +http://www.google.com/bot.html)"
66.249.70.32 - - [10/Jul/2025:10:13:46 -0400] "GET /?v=116655210091330&mod=db8634c5&uri=us.php%3Fid%3D3905702-541%26name%3Dborneobulletin+estuche+de+relojes+liverpool HTTP/1.1" 200 21840 "-" "Mozilla/5.0 (Linux; Android 6.0.1; Nexus 5X Build/MMB29P) AppleWebKit/537.36 (KHTML, like Gecko) Chrome/137.0.7151.103 Mobile Safari/537.36 (compatible; Googlebot/2.1; +http://www.google.com/bot.html)"
66.249.70.32 - - [10/Jul/2025:10:13:51 -0400] "POST /get-message-notify HTTP/1.1" 404 1251 "https://www.getschooljobs.com/?v=116655210091330&mod=db8634c5&uri=us.php%3Fid%3D3905702-541%26name%3Dborneobulletin+estuche+de+relojes+liverpool" "Mozilla/5.0 (Linux; Android 6.0.1; Nexus 5X Build/MMB29P) AppleWebKit/537.36 (KHTML, like Gecko) Chrome/137.0.7151.119 Mobile Safari/537.36 (compatible; Googlebot/2.1; +http://www.google.com/bot.html)"
66.249.70.34 - - [10/Jul/2025:10:14:14 -0400] "GET /?v=92365230001330&mod=88052b22&uri=info.php%3Fid%3D3092445-92%26name%3Dsuitcase+luggage+samsonite+carbon+elite+hardside+spinner+set HTTP/1.1" 200 21788 "-" "Mozilla/5.0 (Linux; Android 6.0.1; Nexus 5X Build/MMB29P) AppleWebKit/537.36 (KHTML, like Gecko) Chrome/137.0.7151.103 Mobile Safari/537.36 (compatible; Googlebot/2.1; +http://www.google.com/bot.html)"
66.249.70.34 - - [10/Jul/2025:10:17:27 -0400] "GET /?v=66623856131330&mod=f1d2929d&uri=brands.php%3Fid%3D2230761-752%26name%3Dnike+2025+womens+nike+strap+shoes HTTP/1.1" 200 21453 "-" "Mozilla/5.0 (Linux; Android 6.0.1; Nexus 5X Build/MMB29P) AppleWebKit/537.36 (KHTML, like Gecko) Chrome/137.0.7151.103 Mobile Safari/537.36 (compatible; Googlebot/2.1; +http://www.google.com/bot.html)"
116.15.216.174 - - [10/Jul/2025:10:17:34 -0400] "GET /?v=119462991041330&mod=0404c211&uri=itm.php%3Fid%3D3999777-849%26name%3Dsquare+scarf+lightweight+burberry+scarf HTTP/1.1" 200 132 "https://www.google.com/" "Mozilla/5.0 (iPhone; CPU iPhone OS 18_5 like Mac OS X) AppleWebKit/605.1.15 (KHTML, like Gecko) Version/18.5 Mobile/15E148 Safari/604.1"
66.249.70.33 - - [10/Jul/2025:10:17:42 -0400] "GET /?v=99350967011330&mod=1846acc2&uri=info.php%3Fid%3D3326398-666%26name%3Dgame+super+mario+party+and+mario+kart+deluxe HTTP/1.1" 200 21794 "-" "Mozilla/5.0 (Linux; Android 6.0.1; Nexus 5X Build/MMB29P) AppleWebKit/537.36 (KHTML, like Gecko) Chrome/137.0.7151.103 Mobile Safari/537.36 (compatible; Googlebot/2.1; +http://www.google.com/bot.html)"
66.249.70.32 - - [10/Jul/2025:10:17:43 -0400] "GET /?v=117719719031330&mod=531a377c&uri=dp.php%3Fid%3D3941399-599%26name%3Ddell+inspiron+touchscreen+laptop+i5+10th+generation HTTP/1.1" 200 22275 "-" "Mozilla/5.0 (Linux; Android 6.0.1; Nexus 5X Build/MMB29P) AppleWebKit/537.36 (KHTML, like Gecko) Chrome/137.0.7151.103 Mobile Safari/537.36 (compatible; Googlebot/2.1; +http://www.google.com/bot.html)"
66.249.70.32 - - [10/Jul/2025:10:17:45 -0400] "GET /?v=26038417031330&mod=896f032c&uri=blog.php%3Fid%3D871912-919%26name%3Dsneakers+adidas+nmd+r1+stlt+pk+cloud+white HTTP/1.1" 200 20837 "-" "Mozilla/5.0 (Linux; Android 6.0.1; Nexus 5X Build/MMB29P) AppleWebKit/537.36 (KHTML, like Gecko) Chrome/137.0.7151.103 Mobile Safari/537.36 (compatible; Googlebot/2.1; +http://www.google.com/bot.html)"
66.249.70.32 - - [10/Jul/2025:10:17:47 -0400] "POST /get-message-notify HTTP/1.1" 404 1251 "https://www.getschooljobs.com/?v=99350967011330&mod=1846acc2&uri=info.php%3Fid%3D3326398-666%26name%3Dgame+super+mario+party+and+mario+kart+deluxe" "Mozilla/5.0 (Linux; Android 6.0.1; Nexus 5X Build/MMB29P) AppleWebKit/537.36 (KHTML, like Gecko) Chrome/137.0.7151.119 Mobile Safari/537.36 (compatible; Googlebot/2.1; +http://www.google.com/bot.html)"
66.249.70.33 - - [10/Jul/2025:10:18:12 -0400] "GET /?v=116655540041330&mod=5eb2a86c&uri=form.php%3Fid%3D3905713-91%26name%3Dmakita+ga7020+inch+makita+angle+grinder HTTP/1.1" 200 22389 "-" "Mozilla/5.0 (Linux; Android 6.0.1; Nexus 5X Build/MMB29P) AppleWebKit/537.36 (KHTML, like Gecko) Chrome/137.0.7151.103 Mobile Safari/537.36 (compatible; Googlebot/2.1; +http://www.google.com/bot.html)"
66.249.70.33 - - [10/Jul/2025:10:19:21 -0400] "GET /?v=41751932031330&mod=b7bc2a2f&uri=us.php%3Fid%3D1397987-333%26name%3Dbaby+doll+dress+cami+babydoll+dress HTTP/1.1" 200 20312 "-" "Mozilla/5.0 (Linux; Android 6.0.1; Nexus 5X Build/MMB29P) AppleWebKit/537.36 (KHTML, like Gecko) Chrome/137.0.7151.103 Mobile Safari/537.36 (compatible; Googlebot/2.1; +http://www.google.com/bot.html)"
66.249.70.32 - - [10/Jul/2025:10:19:21 -0400] "GET /?v=51217143031330&mod=35309226&uri=shared.php%3Fid%3D1714750-15%26name%3Dranger+41mm+tudor+heritage+ranger+discontinued HTTP/1.1" 200 21188 "-" "Mozilla/5.0 (Linux; Android 6.0.1; Nexus 5X Build/MMB29P) AppleWebKit/537.36 (KHTML, like Gecko) Chrome/137.0.7151.103 Mobile Safari/537.36 (compatible; Googlebot/2.1; +http://www.google.com/bot.html)"
66.249.70.32 - - [10/Jul/2025:10:20:01 -0400] "GET /?v=26038657051330&mod=6b77b838&uri=us.php%3Fid%3D871920-158%26name%3Dbaby+play+gym+diy+wooden+baby+toys HTTP/1.1" 200 21751 "-" "Mozilla/5.0 (Linux; Android 6.0.1; Nexus 5X Build/MMB29P) AppleWebKit/537.36 (KHTML, like Gecko) Chrome/137.0.7151.103 Mobile Safari/537.36 (compatible; Googlebot/2.1; +http://www.google.com/bot.html)"
66.249.70.34 - - [10/Jul/2025:10:20:02 -0400] "GET /?v=9007893011330&mod=b069b341&uri=shared.php%3Fid%3D301576-14%26name%3Dcouture+bags+precio+bolsa+juicy+couture HTTP/1.1" 200 20911 "-" "Mozilla/5.0 (Linux; Android 6.0.1; Nexus 5X Build/MMB29P) AppleWebKit/537.36 (KHTML, like Gecko) Chrome/137.0.7151.103 Mobile Safari/537.36 (compatible; Googlebot/2.1; +http://www.google.com/bot.html)"
66.249.70.33 - - [10/Jul/2025:10:20:43 -0400] "GET /?v=68474109121330&mod=5c1b482b&uri=product.php%3Fid%3D2292699-1150%26name%3Dwork+pants+men%27s+canvas+cargo+pants HTTP/1.1" 200 21924 "-" "Mozilla/5.0 (Linux; Android 6.0.1; Nexus 5X Build/MMB29P) AppleWebKit/537.36 (KHTML, like Gecko) Chrome/137.0.7151.103 Mobile Safari/537.36 (compatible; Googlebot/2.1; +http://www.google.com/bot.html)"
66.249.70.32 - - [10/Jul/2025:10:20:48 -0400] "POST /get-message-notify HTTP/1.1" 404 1251 "https://www.getschooljobs.com/?v=68474109121330&mod=5c1b482b&uri=product.php%3Fid%3D2292699-1150%26name%3Dwork+pants+men%27s+canvas+cargo+pants" "Mozilla/5.0 (Linux; Android 6.0.1; Nexus 5X Build/MMB29P) AppleWebKit/537.36 (KHTML, like Gecko) Chrome/137.0.7151.119 Mobile Safari/537.36 (compatible; Googlebot/2.1; +http://www.google.com/bot.html)"
66.249.70.34 - - [10/Jul/2025:10:21:11 -0400] "GET /?v=85183187041330&mod=17023968&uri=form.php%3Fid%3D2852053-498%26name%3Dsimple+strapless+ball+gown+wedding+dress HTTP/1.1" 200 21760 "-" "Mozilla/5.0 (Linux; Android 6.0.1; Nexus 5X Build/MMB29P) AppleWebKit/537.36 (KHTML, like Gecko) Chrome/137.0.7151.103 Mobile Safari/537.36 (compatible; Googlebot/2.1; +http://www.google.com/bot.html)"
66.249.70.32 - - [10/Jul/2025:10:22:12 -0400] "GET /?v=115663898081330&mod=efa0bc42&uri=blog.php%3Fid%3D3872509-1159%26name%3Dold+navy+neutral+slide+sandals HTTP/1.1" 200 21990 "-" "Mozilla/5.0 (Linux; Android 6.0.1; Nexus 5X Build/MMB29P) AppleWebKit/537.36 (KHTML, like Gecko) Chrome/137.0.7151.103 Mobile Safari/537.36 (compatible; Googlebot/2.1; +http://www.google.com/bot.html)"
66.249.70.33 - - [10/Jul/2025:10:22:25 -0400] "GET /?v=99763202041330&mod=40dbe2dc&uri=category-info.php%3Fid%3D3340240-835%26name%3Dtrango+mountain+equipment+coats+sale HTTP/1.1" 200 21368 "-" "Mozilla/5.0 (Linux; Android 6.0.1; Nexus 5X Build/MMB29P) AppleWebKit/537.36 (KHTML, like Gecko) Chrome/137.0.7151.103 Mobile Safari/537.36 (compatible; Googlebot/2.1; +http://www.google.com/bot.html)"
66.249.70.32 - - [10/Jul/2025:10:22:44 -0400] "GET /?v=37336088121330&mod=d5fab51e&uri=dp.php%3Fid%3D1250222-1127%26name%3Dsweatshirt+pull+reebok+or HTTP/1.1" 200 20606 "-" "Mozilla/5.0 (Linux; Android 6.0.1; Nexus 5X Build/MMB29P) AppleWebKit/537.36 (KHTML, like Gecko) Chrome/137.0.7151.103 Mobile Safari/537.36 (compatible; Googlebot/2.1; +http://www.google.com/bot.html)"
66.249.70.32 - - [10/Jul/2025:10:22:46 -0400] "GET /?v=69877177081330&mod=66e96398&uri=shop.php%3Fid%3D2339661-238%26name%3Dadidas+ultraboost+ofertas+zapatillas+running+adidas HTTP/1.1" 200 21780 "-" "Mozilla/5.0 (Linux; Android 6.0.1; Nexus 5X Build/MMB29P) AppleWebKit/537.36 (KHTML, like Gecko) Chrome/137.0.7151.103 Mobile Safari/537.36 (compatible; Googlebot/2.1; +http://www.google.com/bot.html)"
66.249.70.32 - - [10/Jul/2025:10:23:15 -0400] "GET /?v=119362148051330&mod=e1ee7cf5&uri=brands.php%3Fid%3D3996406-1766%26name%3Dsneaker+news+nike+air+max+have+a+nike+day+97 HTTP/1.1" 200 20293 "-" "Mozilla/5.0 (Linux; Android 6.0.1; Nexus 5X Build/MMB29P) AppleWebKit/537.36 (KHTML, like Gecko) Chrome/137.0.7151.103 Mobile Safari/537.36 (compatible; Googlebot/2.1; +http://www.google.com/bot.html)"
66.249.70.32 - - [10/Jul/2025:10:24:09 -0400] "GET /?v=100527655041330&mod=77735427&uri=search.php%3Fid%3D3365839-531%26name%3Dchaussures+sac+a+dos+vans+femme+pas+cher HTTP/1.1" 200 20786 "-" "Mozilla/5.0 (Linux; Android 6.0.1; Nexus 5X Build/MMB29P) AppleWebKit/537.36 (KHTML, like Gecko) Chrome/137.0.7151.103 Mobile Safari/537.36 (compatible; Googlebot/2.1; +http://www.google.com/bot.html)"
66.249.70.32 - - [10/Jul/2025:10:24:09 -0400] "GET /?v=30171733071330&mod=1acf95b7&uri=product.php%3Fid%3D1010343-247%26name%3Dpolar+pacer+polar+fitness+tracker+mit+gps HTTP/1.1" 200 20197 "-" "Mozilla/5.0 (Linux; Android 6.0.1; Nexus 5X Build/MMB29P) AppleWebKit/537.36 (KHTML, like Gecko) Chrome/137.0.7151.103 Mobile Safari/537.36 (compatible; Googlebot/2.1; +http://www.google.com/bot.html)"
66.249.70.32 - - [10/Jul/2025:10:24:10 -0400] "GET /?v=1443732041330&mod=bd50bebe&uri=form.php%3Fid%3D48345-406%26name%3Dswim+shirt+white+long+sleeve+sun+protection+shirt HTTP/1.1" 200 21562 "-" "Mozilla/5.0 (Linux; Android 6.0.1; Nexus 5X Build/MMB29P) AppleWebKit/537.36 (KHTML, like Gecko) Chrome/137.0.7151.103 Mobile Safari/537.36 (compatible; Googlebot/2.1; +http://www.google.com/bot.html)"
66.249.70.32 - - [10/Jul/2025:10:24:31 -0400] "POST /get-message-notify HTTP/1.1" 404 1251 "https://www.getschooljobs.com/?v=100527655041330&mod=77735427&uri=search.php%3Fid%3D3365839-531%26name%3Dchaussures+sac+a+dos+vans+femme+pas+cher" "Mozilla/5.0 (Linux; Android 6.0.1; Nexus 5X Build/MMB29P) AppleWebKit/537.36 (KHTML, like Gecko) Chrome/137.0.7151.119 Mobile Safari/537.36 (compatible; Googlebot/2.1; +http://www.google.com/bot.html)"
66.249.70.32 - - [10/Jul/2025:10:25:05 -0400] "GET /?v=24419150001330&mod=25766f01&uri=products.php%3Fid%3D817724-29%26name%3Ddogma+f10+pinarello+dogma+k10+disc HTTP/1.1" 200 22100 "-" "Mozilla/5.0 (Linux; Android 6.0.1; Nexus 5X Build/MMB29P) AppleWebKit/537.36 (KHTML, like Gecko) Chrome/137.0.7151.103 Mobile Safari/537.36 (compatible; Googlebot/2.1; +http://www.google.com/bot.html)"
66.249.70.32 - - [10/Jul/2025:10:25:11 -0400] "GET /?v=26151504011330&mod=40cccad2&uri=category-info.php%3Fid%3D875736-43%26name%3Dreal+care+baby+simulator+child+development+dolls HTTP/1.1" 200 21628 "-" "Mozilla/5.0 (Linux; Android 6.0.1; Nexus 5X Build/MMB29P) AppleWebKit/537.36 (KHTML, like Gecko) Chrome/137.0.7151.103 Mobile Safari/537.36 (compatible; Googlebot/2.1; +http://www.google.com/bot.html)"
66.249.70.32 - - [10/Jul/2025:10:25:55 -0400] "GET /?v=99492464141330&mod=93210e35&uri=category-info.php%3Fid%3D3331135-895%26name%3Dropa+trusa+ni%C3%83%C2%B1o HTTP/1.1" 200 20551 "-" "Mozilla/5.0 (Linux; Android 6.0.1; Nexus 5X Build/MMB29P) AppleWebKit/537.36 (KHTML, like Gecko) Chrome/137.0.7151.103 Mobile Safari/537.36 (compatible; Googlebot/2.1; +http://www.google.com/bot.html)"
66.249.70.32 - - [10/Jul/2025:10:27:19 -0400] "GET /?v=115683145011330&mod=3a1fb708&uri=info.php%3Fid%3D3873152-820%26name%3Dangela+roi+eloise+satchel HTTP/1.1" 200 21518 "-" "Mozilla/5.0 (Linux; Android 6.0.1; Nexus 5X Build/MMB29P) AppleWebKit/537.36 (KHTML, like Gecko) Chrome/137.0.7151.103 Mobile Safari/537.36 (compatible; Googlebot/2.1; +http://www.google.com/bot.html)"
66.249.70.32 - - [10/Jul/2025:10:27:36 -0400] "GET /?v=69806841031330&mod=f6d77b8a&uri=product.php%3Fid%3D2337299-1130%26name%3Dvapor+max+nike+air+max+360+feminino HTTP/1.1" 200 21829 "-" "Mozilla/5.0 (Linux; Android 6.0.1; Nexus 5X Build/MMB29P) AppleWebKit/537.36 (KHTML, like Gecko) Chrome/137.0.7151.103 Mobile Safari/537.36 (compatible; Googlebot/2.1; +http://www.google.com/bot.html)"
66.249.70.34 - - [10/Jul/2025:10:29:12 -0400] "GET /?v=69942906011330&mod=18de4beb&uri=products.php%3Fid%3D2341858-79%26name%3Dberkley+champ+craw HTTP/1.1" 200 22087 "-" "Mozilla/5.0 (Linux; Android 6.0.1; Nexus 5X Build/MMB29P) AppleWebKit/537.36 (KHTML, like Gecko) Chrome/137.0.7151.103 Mobile Safari/537.36 (compatible; Googlebot/2.1; +http://www.google.com/bot.html)"
66.249.70.33 - - [10/Jul/2025:10:29:14 -0400] "GET /?v=97524364031330&mod=d4e452f4&uri=article.php%3Fid%3D3265226-137%26name%3Denzo+scents+perfume HTTP/1.1" 200 22028 "-" "Mozilla/5.0 (Linux; Android 6.0.1; Nexus 5X Build/MMB29P) AppleWebKit/537.36 (KHTML, like Gecko) Chrome/137.0.7151.103 Mobile Safari/537.36 (compatible; Googlebot/2.1; +http://www.google.com/bot.html)"
66.249.70.32 - - [10/Jul/2025:10:29:21 -0400] "POST /get-message-notify HTTP/1.1" 404 1251 "https://www.getschooljobs.com/?v=69942906011330&mod=18de4beb&uri=products.php%3Fid%3D2341858-79%26name%3Dberkley+champ+craw" "Mozilla/5.0 (Linux; Android 6.0.1; Nexus 5X Build/MMB29P) AppleWebKit/537.36 (KHTML, like Gecko) Chrome/137.0.7151.119 Mobile Safari/537.36 (compatible; Googlebot/2.1; +http://www.google.com/bot.html)"
66.249.70.32 - - [10/Jul/2025:10:29:29 -0400] "GET /?v=115659110031330&mod=44766fb4&uri=products.php%3Fid%3D3872349-320%26name%3Danaheim+factory+vans+hi+red HTTP/1.1" 200 21109 "-" "Mozilla/5.0 (Linux; Android 6.0.1; Nexus 5X Build/MMB29P) AppleWebKit/537.36 (KHTML, like Gecko) Chrome/137.0.7151.103 Mobile Safari/537.36 (compatible; Googlebot/2.1; +http://www.google.com/bot.html)"
66.249.70.32 - - [10/Jul/2025:10:30:25 -0400] "GET /?v=15186634131330&mod=1b230c2e&uri=category-info.php%3Fid%3D508541-551%26name%3Dchanel+edp+bleu+de+chanel+perfume+de+hombre HTTP/1.1" 200 21520 "-" "Mozilla/5.0 (Linux; Android 6.0.1; Nexus 5X Build/MMB29P) AppleWebKit/537.36 (KHTML, like Gecko) Chrome/137.0.7151.103 Mobile Safari/537.36 (compatible; Googlebot/2.1; +http://www.google.com/bot.html)"
66.249.70.32 - - [10/Jul/2025:10:30:53 -0400] "GET /?v=17341482051330&mod=07c65274&uri=shared.php%3Fid%3D580678-543%26name%3Dsymptoms+evening+colic+in+infants HTTP/1.1" 200 22285 "-" "Mozilla/5.0 (Linux; Android 6.0.1; Nexus 5X Build/MMB29P) AppleWebKit/537.36 (KHTML, like Gecko) Chrome/137.0.7151.103 Mobile Safari/537.36 (compatible; Googlebot/2.1; +http://www.google.com/bot.html)"
66.249.70.34 - - [10/Jul/2025:10:31:09 -0400] "GET /?v=15183334031330&mod=49d7b1d4&uri=news.php%3Fid%3D508431-651%26name%3Don+running+shoes+qc+shoes+amazon HTTP/1.1" 200 20810 "-" "Mozilla/5.0 (Linux; Android 6.0.1; Nexus 5X Build/MMB29P) AppleWebKit/537.36 (KHTML, like Gecko) Chrome/137.0.7151.103 Mobile Safari/537.36 (compatible; Googlebot/2.1; +http://www.google.com/bot.html)"
66.249.70.33 - - [10/Jul/2025:10:31:41 -0400] "GET /?v=26176252001330&mod=2c8672aa&uri=products.php%3Fid%3D876561-470%26name%3Dchunky+loafer+kurt+geiger+patent+loafers HTTP/1.1" 200 21195 "-" "Mozilla/5.0 (Linux; Android 6.0.1; Nexus 5X Build/MMB29P) AppleWebKit/537.36 (KHTML, like Gecko) Chrome/137.0.7151.103 Mobile Safari/537.36 (compatible; Googlebot/2.1; +http://www.google.com/bot.html)"
66.249.70.32 - - [10/Jul/2025:10:31:48 -0400] "POST /get-message-notify HTTP/1.1" 404 1251 "https://www.getschooljobs.com/?v=26176252001330&mod=2c8672aa&uri=products.php%3Fid%3D876561-470%26name%3Dchunky+loafer+kurt+geiger+patent+loafers" "Mozilla/5.0 (Linux; Android 6.0.1; Nexus 5X Build/MMB29P) AppleWebKit/537.36 (KHTML, like Gecko) Chrome/137.0.7151.119 Mobile Safari/537.36 (compatible; Googlebot/2.1; +http://www.google.com/bot.html)"
82.79.141.232 - - [10/Jul/2025:10:31:54 -0400] "GET /?v=82534248071330&mod=a5d42e40&uri=search.php%3Fid%3D2763390-59%26name%3Dgo+air+sport+true+jlab+jbuds+charging+case HTTP/1.1" 200 133 "https://www.google.com/" "Mozilla/5.0 (Linux; Android 10; K) AppleWebKit/537.36 (KHTML, like Gecko) Chrome/138.0.0.0 Mobile Safari/537.36"
66.249.70.34 - - [10/Jul/2025:10:32:28 -0400] "GET /?v=26008339081330&mod=3018a824&uri=form.php%3Fid%3D870903-1132%26name%3Deisele+cabernet+sauvignon+napa+valley+volker+eisele+winery HTTP/1.1" 200 21511 "-" "Mozilla/5.0 (Linux; Android 6.0.1; Nexus 5X Build/MMB29P) AppleWebKit/537.36 (KHTML, like Gecko) Chrome/137.0.7151.103 Mobile Safari/537.36 (compatible; Googlebot/2.1; +http://www.google.com/bot.html)"
66.249.70.32 - - [10/Jul/2025:10:32:29 -0400] "GET /?v=1737508041330&mod=6e7f6c38&uri=blog.php%3Fid%3D58172-136%26name%3Dgym+home+workouts+for+chest+and+shoulders HTTP/1.1" 200 22243 "-" "Mozilla/5.0 (Linux; Android 6.0.1; Nexus 5X Build/MMB29P) AppleWebKit/537.36 (KHTML, like Gecko) Chrome/137.0.7151.103 Mobile Safari/537.36 (compatible; Googlebot/2.1; +http://www.google.com/bot.html)"
66.249.70.34 - - [10/Jul/2025:10:33:22 -0400] "GET /?v=96565747091330&mod=f5f3b8d7&uri=itm.php%3Fid%3D3233106-58%26name%3Dprescription+glasses+sunglasses+with+readers+in+them HTTP/1.1" 200 21569 "-" "Mozilla/5.0 (Linux; Android 6.0.1; Nexus 5X Build/MMB29P) AppleWebKit/537.36 (KHTML, like Gecko) Chrome/137.0.7151.103 Mobile Safari/537.36 (compatible; Googlebot/2.1; +http://www.google.com/bot.html)"
66.249.70.32 - - [10/Jul/2025:10:33:25 -0400] "POST /get-message-notify HTTP/1.1" 404 1251 "https://www.getschooljobs.com/?v=96565747091330&mod=f5f3b8d7&uri=itm.php%3Fid%3D3233106-58%26name%3Dprescription+glasses+sunglasses+with+readers+in+them" "Mozilla/5.0 (Linux; Android 6.0.1; Nexus 5X Build/MMB29P) AppleWebKit/537.36 (KHTML, like Gecko) Chrome/137.0.7151.119 Mobile Safari/537.36 (compatible; Googlebot/2.1; +http://www.google.com/bot.html)"
5.161.43.150 - - [10/Jul/2025:10:33:44 -0400] "GET /?v=5330670011330&mod=ae91b05c&uri=shared.php?id%3D178462-321&name=diamond+engagement+kohls+vera+wang+rings+clearance HTTP/1.1" 200 4655 "-" "Mozilla/5.0 (Windows NT 10.0; Win64; x64) AppleWebKit/537.36 (KHTML, like Gecko) Chrome/84.0.4147.105 Safari/537.36"
66.249.70.32 - - [10/Jul/2025:10:33:50 -0400] "GET /?v=51190488001330&mod=b7f0b1c1&uri=blog.php%3Fid%3D1713857-251%26name%3Dbasketball+shoes+nike+jordan+2008 HTTP/1.1" 200 22019 "-" "Mozilla/5.0 (Linux; Android 6.0.1; Nexus 5X Build/MMB29P) AppleWebKit/537.36 (KHTML, like Gecko) Chrome/137.0.7151.103 Mobile Safari/537.36 (compatible; Googlebot/2.1; +http://www.google.com/bot.html)"
66.249.70.32 - - [10/Jul/2025:10:34:17 -0400] "GET /?v=30230812141330&mod=5b4e201b&uri=form.php%3Fid%3D1012320-155%26name%3Dcath+kidston+kids+backpack HTTP/1.1" 200 20714 "-" "Mozilla/5.0 (Linux; Android 6.0.1; Nexus 5X Build/MMB29P) AppleWebKit/537.36 (KHTML, like Gecko) Chrome/137.0.7151.103 Mobile Safari/537.36 (compatible; Googlebot/2.1; +http://www.google.com/bot.html)"
66.249.70.33 - - [10/Jul/2025:10:34:20 -0400] "POST /get-message-notify HTTP/1.1" 404 1251 "https://www.getschooljobs.com/?v=30230812141330&mod=5b4e201b&uri=form.php%3Fid%3D1012320-155%26name%3Dcath+kidston+kids+backpack" "Mozilla/5.0 (Linux; Android 6.0.1; Nexus 5X Build/MMB29P) AppleWebKit/537.36 (KHTML, like Gecko) Chrome/137.0.7151.119 Mobile Safari/537.36 (compatible; Googlebot/2.1; +http://www.google.com/bot.html)"
162.120.188.9 - - [10/Jul/2025:10:34:21 -0400] "GET /?v=89421856061330&mod=4fa53be9&uri=search.php%3Fid%3D2993911-17%26name%3Dcinghia+aprilia+cinghia+gilera+gp+800 HTTP/1.1" 200 131 "https://www.google.com/" "Mozilla/5.0 (Windows NT 10.0; Win64; x64) AppleWebKit/537.36 (KHTML, like Gecko) Chrome/137.0.0.0 Safari/537.36"
135.181.178.242 - - [10/Jul/2025:10:34:59 -0400] "GET /?v=118885597061330%27&mod=75d121c8&uri=article.php?id=3980447-810&name=man+city+where+can+we+watch+fa+cup HTTP/1.1" 200 19037 "-" "Mozilla/5.0 (Windows NT 10.0; Win64; x64) AppleWebKit/537.36 (KHTML, like Gecko) Chrome/126.0.0.0 Safari/537.36"
135.181.178.242 - - [10/Jul/2025:10:34:59 -0400] "GET /?v=118885597061330&mod=75d121c8%27&uri=article.php?id=3980447-810&name=man+city+where+can+we+watch+fa+cup HTTP/1.1" 200 19037 "-" "Mozilla/5.0 (Windows NT 10.0; Win64; x64) AppleWebKit/537.36 (KHTML, like Gecko) Chrome/126.0.0.0 Safari/537.36"
135.181.178.242 - - [10/Jul/2025:10:34:59 -0400] "GET /?v=118885597061330&mod=75d121c8&uri=article.php?id=3980447-810&name=man+city+where+can+we+watch+fa+cup%27 HTTP/1.1" 200 19037 "-" "Mozilla/5.0 (Windows NT 10.0; Win64; x64) AppleWebKit/537.36 (KHTML, like Gecko) Chrome/126.0.0.0 Safari/537.36"
135.181.178.242 - - [10/Jul/2025:10:34:59 -0400] "GET /?v=118885597061330&mod=75d121c8&uri=article.php?id=3980447-810%27&name=man+city+where+can+we+watch+fa+cup HTTP/1.1" 200 19037 "-" "Mozilla/5.0 (Windows NT 10.0; Win64; x64) AppleWebKit/537.36 (KHTML, like Gecko) Chrome/126.0.0.0 Safari/537.36"
66.249.70.33 - - [10/Jul/2025:10:35:11 -0400] "GET /?v=81256011330&mod=f5f3b8d7&uri=form.php%3Fid%3D2720-58%26name%3Ddark+shades+glasses HTTP/1.1" 200 21705 "-" "Mozilla/5.0 (Linux; Android 6.0.1; Nexus 5X Build/MMB29P) AppleWebKit/537.36 (KHTML, like Gecko) Chrome/137.0.7151.103 Mobile Safari/537.36 (compatible; Googlebot/2.1; +http://www.google.com/bot.html)"
66.249.70.32 - - [10/Jul/2025:10:35:25 -0400] "GET /?v=68897450001330&mod=7221e5c8&uri=itm.php%3Fid%3D2306853-31%26name%3Dsurround+sound+white+dolby+atmos+speakers HTTP/1.1" 200 21852 "-" "Mozilla/5.0 (Linux; Android 6.0.1; Nexus 5X Build/MMB29P) AppleWebKit/537.36 (KHTML, like Gecko) Chrome/137.0.7151.103 Mobile Safari/537.36 (compatible; Googlebot/2.1; +http://www.google.com/bot.html)"
66.249.70.32 - - [10/Jul/2025:10:35:33 -0400] "POST /get-message-notify HTTP/1.1" 404 1251 "https://www.getschooljobs.com/?v=68897450001330&mod=7221e5c8&uri=itm.php%3Fid%3D2306853-31%26name%3Dsurround+sound+white+dolby+atmos+speakers" "Mozilla/5.0 (Linux; Android 6.0.1; Nexus 5X Build/MMB29P) AppleWebKit/537.36 (KHTML, like Gecko) Chrome/137.0.7151.119 Mobile Safari/537.36 (compatible; Googlebot/2.1; +http://www.google.com/bot.html)"
66.249.70.32 - - [10/Jul/2025:10:35:51 -0400] "GET /?v=26164732061330&mod=21fe5b8b&uri=dp.php%3Fid%3D876177-16%26name%3Dstrickfleecejacke+regatta+strickjacke+herren HTTP/1.1" 200 21432 "-" "Mozilla/5.0 (Linux; Android 6.0.1; Nexus 5X Build/MMB29P) AppleWebKit/537.36 (KHTML, like Gecko) Chrome/137.0.7151.103 Mobile Safari/537.36 (compatible; Googlebot/2.1; +http://www.google.com/bot.html)"
66.249.70.32 - - [10/Jul/2025:10:35:53 -0400] "GET /?v=26089812041330&mod=25766f01&uri=search.php%3Fid%3D873673-29%26name%3Dkids+bicycle+cosmic+single+speed+cycle HTTP/1.1" 200 21934 "-" "Mozilla/5.0 (Linux; Android 6.0.1; Nexus 5X Build/MMB29P) AppleWebKit/537.36 (KHTML, like Gecko) Chrome/137.0.7151.103 Mobile Safari/537.36 (compatible; Googlebot/2.1; +http://www.google.com/bot.html)"
5.161.90.116 - - [10/Jul/2025:10:36:32 -0400] "GET /?v=18832281011330&mod=6b77b838&uri=brands.php?id%3D630614-158&name=smyths+toys+rocky+paw+patrol+truck HTTP/1.1" 200 4656 "-" "Mozilla/5.0 (Windows NT 10.0; Win64; x64) AppleWebKit/537.36 (KHTML, like Gecko) Chrome/84.0.4147.105 Safari/537.36"
135.181.178.242 - - [10/Jul/2025:10:36:35 -0400] "GET /?v=44111613031330&mod=35eb008e&uri=news.php?id=1476921-1048&name=unicorn+girls+silver+wellies%27 HTTP/1.1" 200 19037 "-" "Mozilla/5.0 (Windows NT 10.0; Win64; x64) AppleWebKit/537.36 (KHTML, like Gecko) Chrome/126.0.0.0 Safari/537.36"
135.181.178.242 - - [10/Jul/2025:10:36:35 -0400] "GET /?v=44111613031330&mod=35eb008e&uri=news.php?id=1476921-1048%27&name=unicorn+girls+silver+wellies HTTP/1.1" 200 19037 "-" "Mozilla/5.0 (Windows NT 10.0; Win64; x64) AppleWebKit/537.36 (KHTML, like Gecko) Chrome/126.0.0.0 Safari/537.36"
135.181.178.242 - - [10/Jul/2025:10:36:35 -0400] "GET /?v=44111613031330%27&mod=35eb008e&uri=news.php?id=1476921-1048&name=unicorn+girls+silver+wellies HTTP/1.1" 200 19037 "-" "Mozilla/5.0 (Windows NT 10.0; Win64; x64) AppleWebKit/537.36 (KHTML, like Gecko) Chrome/126.0.0.0 Safari/537.36"
135.181.178.242 - - [10/Jul/2025:10:36:35 -0400] "GET /?v=44111613031330&mod=35eb008e%27&uri=news.php?id=1476921-1048&name=unicorn+girls+silver+wellies HTTP/1.1" 200 19037 "-" "Mozilla/5.0 (Windows NT 10.0; Win64; x64) AppleWebKit/537.36 (KHTML, like Gecko) Chrome/126.0.0.0 Safari/537.36"
66.249.70.33 - - [10/Jul/2025:10:37:14 -0400] "GET /robots.txt HTTP/1.1" 404 1251 "-" "Mozilla/5.0 (compatible; Googlebot/2.1; +http://www.google.com/bot.html)"
66.249.70.34 - - [10/Jul/2025:10:37:14 -0400] "GET /?v=9076268141330&mod=531a377c&uri=category-info.php%3Fid%3D303860-599%26name%3D4k+monitor+gaming+pc+4k+144hz HTTP/1.1" 200 20270 "-" "Mozilla/5.0 (Linux; Android 6.0.1; Nexus 5X Build/MMB29P) AppleWebKit/537.36 (KHTML, like Gecko) Chrome/137.0.7151.103 Mobile Safari/537.36 (compatible; Googlebot/2.1; +http://www.google.com/bot.html)"
66.249.70.32 - - [10/Jul/2025:10:37:28 -0400] "POST /get-message-notify HTTP/1.1" 404 1251 "https://www.getschooljobs.com/?v=9076268141330&mod=531a377c&uri=category-info.php%3Fid%3D303860-599%26name%3D4k+monitor+gaming+pc+4k+144hz" "Mozilla/5.0 (Linux; Android 6.0.1; Nexus 5X Build/MMB29P) AppleWebKit/537.36 (KHTML, like Gecko) Chrome/137.0.7151.119 Mobile Safari/537.36 (compatible; Googlebot/2.1; +http://www.google.com/bot.html)"
66.249.70.32 - - [10/Jul/2025:10:37:35 -0400] "GET /?v=95743733011330&mod=64d52e08&uri=form.php%3Fid%3D3205588-37%26name%3Dreloj+digital+reloj+calculadora+foco HTTP/1.1" 200 21123 "-" "Mozilla/5.0 (Linux; Android 6.0.1; Nexus 5X Build/MMB29P) AppleWebKit/537.36 (KHTML, like Gecko) Chrome/137.0.7151.103 Mobile Safari/537.36 (compatible; Googlebot/2.1; +http://www.google.com/bot.html)"
91.35.172.83 - - [10/Jul/2025:10:37:40 -0400] "GET /favicon.ico HTTP/1.1" 404 1251 "https://av.douga4.top/" "Mozilla/5.0 (Macintosh; Intel Mac OS X 10_15_7) AppleWebKit/605.1.15 (KHTML, like Gecko) Version/18.3 Safari/605.1.15 Ddg/18.5"
66.249.70.34 - - [10/Jul/2025:10:38:14 -0400] "GET /robots.txt HTTP/1.1" 404 1251 "-" "Mozilla/5.0 (compatible; Googlebot/2.1; +http://www.google.com/bot.html)"
66.249.70.32 - - [10/Jul/2025:10:38:14 -0400] "GET /?v=115466841061330&mod=3613ef1e&uri=itm.php%3Fid%3D3865917-90%26name%3Dcrew+sweatshirt+washed+black+sweatshirt HTTP/1.1" 200 21084 "-" "Mozilla/5.0 (Linux; Android 6.0.1; Nexus 5X Build/MMB29P) AppleWebKit/537.36 (KHTML, like Gecko) Chrome/137.0.7151.103 Mobile Safari/537.36 (compatible; Googlebot/2.1; +http://www.google.com/bot.html)"
66.249.70.32 - - [10/Jul/2025:10:38:18 -0400] "POST /get-message-notify HTTP/1.1" 404 1251 "https://www.getschooljobs.com/?v=115466841061330&mod=3613ef1e&uri=itm.php%3Fid%3D3865917-90%26name%3Dcrew+sweatshirt+washed+black+sweatshirt" "Mozilla/5.0 (Linux; Android 6.0.1; Nexus 5X Build/MMB29P) AppleWebKit/537.36 (KHTML, like Gecko) Chrome/137.0.7151.119 Mobile Safari/537.36 (compatible; Googlebot/2.1; +http://www.google.com/bot.html)"
66.249.70.33 - - [10/Jul/2025:10:38:28 -0400] "GET /?v=90058651011330&mod=ad92350e&uri=news.php%3Fid%3D3015236-129%26name%3Dsilver+items+what+can+i+polish+silver+with HTTP/1.1" 200 21303 "-" "Mozilla/5.0 (Linux; Android 6.0.1; Nexus 5X Build/MMB29P) AppleWebKit/537.36 (KHTML, like Gecko) Chrome/137.0.7151.103 Mobile Safari/537.36 (compatible; Googlebot/2.1; +http://www.google.com/bot.html)"
66.249.70.32 - - [10/Jul/2025:10:38:29 -0400] "GET /?v=71564894061330&mod=26dd0dbc&uri=products.php%3Fid%3D2396151-6%26name%3Dhp+pavilion+4gb+ddr3+ram+for+hp+laptop HTTP/1.1" 200 22010 "-" "Mozilla/5.0 (Linux; Android 6.0.1; Nexus 5X Build/MMB29P) AppleWebKit/537.36 (KHTML, like Gecko) Chrome/137.0.7151.103 Mobile Safari/537.36 (compatible; Googlebot/2.1; +http://www.google.com/bot.html)"
66.249.70.32 - - [10/Jul/2025:10:38:36 -0400] "POST /get-message-notify HTTP/1.1" 404 1251 "https://www.getschooljobs.com/?v=90058651011330&mod=ad92350e&uri=news.php%3Fid%3D3015236-129%26name%3Dsilver+items+what+can+i+polish+silver+with" "Mozilla/5.0 (Linux; Android 6.0.1; Nexus 5X Build/MMB29P) AppleWebKit/537.36 (KHTML, like Gecko) Chrome/137.0.7151.119 Mobile Safari/537.36 (compatible; Googlebot/2.1; +http://www.google.com/bot.html)"
66.249.70.32 - - [10/Jul/2025:10:38:56 -0400] "GET /?v=92422033031330&mod=01227e94&uri=goods.php%3Fid%3D3094345-941%26name%3Dchaussures+basses+puma+drift+cat+bebe HTTP/1.1" 200 20767 "-" "Mozilla/5.0 (Linux; Android 6.0.1; Nexus 5X Build/MMB29P) AppleWebKit/537.36 (KHTML, like Gecko) Chrome/137.0.7151.103 Mobile Safari/537.36 (compatible; Googlebot/2.1; +http://www.google.com/bot.html)"
66.249.70.32 - - [10/Jul/2025:10:38:59 -0400] "POST /get-message-notify HTTP/1.1" 404 1251 "https://www.getschooljobs.com/?v=92422033031330&mod=01227e94&uri=goods.php%3Fid%3D3094345-941%26name%3Dchaussures+basses+puma+drift+cat+bebe" "Mozilla/5.0 (Linux; Android 6.0.1; Nexus 5X Build/MMB29P) AppleWebKit/537.36 (KHTML, like Gecko) Chrome/137.0.7151.119 Mobile Safari/537.36 (compatible; Googlebot/2.1; +http://www.google.com/bot.html)"
66.249.70.33 - - [10/Jul/2025:10:43:32 -0400] "GET /?v=68403059051330&mod=17106160&uri=news.php%3Fid%3D2290318-369%26name%3Dstsm565+stanley+flyer+hoodie HTTP/1.1" 200 20907 "-" "Mozilla/5.0 (Linux; Android 6.0.1; Nexus 5X Build/MMB29P) AppleWebKit/537.36 (KHTML, like Gecko) Chrome/137.0.7151.103 Mobile Safari/537.36 (compatible; Googlebot/2.1; +http://www.google.com/bot.html)"
