66.249.70.32 - - [10/Jul/2025:15:19:35 -0400] "GET /?v=30286367041330&mod=cf9113ad&uri=pin.php%3Fid%3D1014176-493%26name%3Dchart+statista+virtual+reality HTTP/1.1" 200 21873 "-" "Mozilla/5.0 (Linux; Android 6.0.1; Nexus 5X Build/MMB29P) AppleWebKit/537.36 (KHTML, like Gecko) Chrome/137.0.7151.103 Mobile Safari/537.36 (compatible; Googlebot/2.1; +http://www.google.com/bot.html)"
66.249.70.32 - - [10/Jul/2025:15:19:36 -0400] "POST /get-message-notify HTTP/1.1" 404 1251 "https://www.getschooljobs.com/?v=30286846031330&mod=5ca41065&uri=info.php%3Fid%3D1014192-215%26name%3Daf1+zapatillas+air+force+negras" "Mozilla/5.0 (Linux; Android 6.0.1; Nexus 5X Build/MMB29P) AppleWebKit/537.36 (KHTML, like Gecko) Chrome/137.0.7151.119 Mobile Safari/537.36 (compatible; Googlebot/2.1; +http://www.google.com/bot.html)"
66.249.70.32 - - [10/Jul/2025:15:19:39 -0400] "GET /?v=30290907011330&mod=a5d42e40&uri=products.php%3Fid%3D1014328-59%26name%3Dbone+conduction+headphones+headphones+or+earphones+better+for+ears HTTP/1.1" 200 22286 "-" "Mozilla/5.0 (Linux; Android 6.0.1; Nexus 5X Build/MMB29P) AppleWebKit/537.36 (KHTML, like Gecko) Chrome/137.0.7151.103 Mobile Safari/537.36 (compatible; Googlebot/2.1; +http://www.google.com/bot.html)"
66.249.70.32 - - [10/Jul/2025:15:19:40 -0400] "POST /get-message-notify HTTP/1.1" 404 1251 "https://www.getschooljobs.com/?v=30286367041330&mod=cf9113ad&uri=pin.php%3Fid%3D1014176-493%26name%3Dchart+statista+virtual+reality" "Mozilla/5.0 (Linux; Android 6.0.1; Nexus 5X Build/MMB29P) AppleWebKit/537.36 (KHTML, like Gecko) Chrome/137.0.7151.119 Mobile Safari/537.36 (compatible; Googlebot/2.1; +http://www.google.com/bot.html)"
66.249.70.32 - - [10/Jul/2025:15:19:42 -0400] "GET /?v=35935130051330&mod=25766f01&uri=goods.php%3Fid%3D1203314-29%26name%3Dbicycles+best+downcountry+mtb HTTP/1.1" 200 21192 "-" "Mozilla/5.0 (Linux; Android 6.0.1; Nexus 5X Build/MMB29P) AppleWebKit/537.36 (KHTML, like Gecko) Chrome/137.0.7151.103 Mobile Safari/537.36 (compatible; Googlebot/2.1; +http://www.google.com/bot.html)"
66.249.70.32 - - [10/Jul/2025:15:19:43 -0400] "POST /get-message-notify HTTP/1.1" 404 1251 "https://www.getschooljobs.com/?v=30290907011330&mod=a5d42e40&uri=products.php%3Fid%3D1014328-59%26name%3Dbone+conduction+headphones+headphones+or+earphones+better+for+ears" "Mozilla/5.0 (Linux; Android 6.0.1; Nexus 5X Build/MMB29P) AppleWebKit/537.36 (KHTML, like Gecko) Chrome/137.0.7151.119 Mobile Safari/537.36 (compatible; Googlebot/2.1; +http://www.google.com/bot.html)"
66.249.70.32 - - [10/Jul/2025:15:19:45 -0400] "GET /?v=30286247011330&mod=d9976f1c&uri=itm.php%3Fid%3D1014172-202%26name%3Dcoast+sonic+nash+guitar+case HTTP/1.1" 200 20954 "-" "Mozilla/5.0 (Linux; Android 6.0.1; Nexus 5X Build/MMB29P) AppleWebKit/537.36 (KHTML, like Gecko) Chrome/137.0.7151.103 Mobile Safari/537.36 (compatible; Googlebot/2.1; +http://www.google.com/bot.html)"
66.249.70.32 - - [10/Jul/2025:15:19:49 -0400] "GET /?v=35606708001330&mod=25766f01&uri=brands.php%3Fid%3D1192329-29%26name%3Dsram+apex+sram+rear+cassette+12+speed HTTP/1.1" 200 22084 "-" "Mozilla/5.0 (Linux; Android 6.0.1; Nexus 5X Build/MMB29P) AppleWebKit/537.36 (KHTML, like Gecko) Chrome/137.0.7151.103 Mobile Safari/537.36 (compatible; Googlebot/2.1; +http://www.google.com/bot.html)"
66.249.70.32 - - [10/Jul/2025:15:19:49 -0400] "GET /?v=109800571031330&mod=566cf8f5&uri=blog.php%3Fid%3D3676232-539%26name%3Dexternal+webcam+for+best+usb+cam HTTP/1.1" 200 21329 "-" "Mozilla/5.0 (Linux; Android 6.0.1; Nexus 5X Build/MMB29P) AppleWebKit/537.36 (KHTML, like Gecko) Chrome/137.0.7151.103 Mobile Safari/537.36 (compatible; Googlebot/2.1; +http://www.google.com/bot.html)"
66.249.70.32 - - [10/Jul/2025:15:19:50 -0400] "GET /?v=30286607071330&mod=cf9113ad&uri=article.php%3Fid%3D1014184-493%26name%3Dsdk+creating+vrchat+avatar HTTP/1.1" 200 21609 "-" "Mozilla/5.0 (Linux; Android 6.0.1; Nexus 5X Build/MMB29P) AppleWebKit/537.36 (KHTML, like Gecko) Chrome/137.0.7151.103 Mobile Safari/537.36 (compatible; Googlebot/2.1; +http://www.google.com/bot.html)"
66.249.70.32 - - [10/Jul/2025:15:20:19 -0400] "POST /get-message-notify HTTP/1.1" 404 1251 "https://www.getschooljobs.com/?v=30292827051330&mod=cf9113ad&uri=products.php%3Fid%3D1014392-493%26name%3D3d+model+vrchat+vtuber+avatar" "Mozilla/5.0 (Linux; Android 6.0.1; Nexus 5X Build/MMB29P) AppleWebKit/537.36 (KHTML, like Gecko) Chrome/137.0.7151.119 Mobile Safari/537.36 (compatible; Googlebot/2.1; +http://www.google.com/bot.html)"
66.249.70.32 - - [10/Jul/2025:15:20:20 -0400] "GET /?v=77640777001330&mod=a5d42e40&uri=shop.php%3Fid%3D2599599-59%26name%3Dbluetooth+headset+noise+cancelling+headset+for+work HTTP/1.1" 200 22060 "-" "Mozilla/5.0 (Linux; Android 6.0.1; Nexus 5X Build/MMB29P) AppleWebKit/537.36 (KHTML, like Gecko) Chrome/137.0.7151.103 Mobile Safari/537.36 (compatible; Googlebot/2.1; +http://www.google.com/bot.html)"
66.249.70.32 - - [10/Jul/2025:15:20:23 -0400] "POST /get-message-notify HTTP/1.1" 404 1251 "https://www.getschooljobs.com/?v=77640777001330&mod=a5d42e40&uri=shop.php%3Fid%3D2599599-59%26name%3Dbluetooth+headset+noise+cancelling+headset+for+work" "Mozilla/5.0 (Linux; Android 6.0.1; Nexus 5X Build/MMB29P) AppleWebKit/537.36 (KHTML, like Gecko) Chrome/137.0.7151.119 Mobile Safari/537.36 (compatible; Googlebot/2.1; +http://www.google.com/bot.html)"
198.145.48.89 - - [10/Jul/2025:15:20:23 -0400] "GET /?v=88579543011330%27&mod=a5d42e40&uri=news.php?id=2965732-59&name=noise+cancelling+logitech+h820e+headset+mono HTTP/1.1" 200 19037 "-" "Mozilla/5.0 (Windows NT 10.0; Win64; x64) AppleWebKit/537.36 (KHTML, like Gecko) Chrome/126.0.0.0 Safari/537.36"
198.145.48.89 - - [10/Jul/2025:15:20:23 -0400] "GET /?v=88579543011330&mod=a5d42e40%27&uri=news.php?id=2965732-59&name=noise+cancelling+logitech+h820e+headset+mono HTTP/1.1" 200 19037 "-" "Mozilla/5.0 (Windows NT 10.0; Win64; x64) AppleWebKit/537.36 (KHTML, like Gecko) Chrome/126.0.0.0 Safari/537.36"
198.145.48.89 - - [10/Jul/2025:15:20:23 -0400] "GET /?v=88579543011330&mod=a5d42e40&uri=news.php?id=2965732-59%27&name=noise+cancelling+logitech+h820e+headset+mono HTTP/1.1" 200 19037 "-" "Mozilla/5.0 (Windows NT 10.0; Win64; x64) AppleWebKit/537.36 (KHTML, like Gecko) Chrome/126.0.0.0 Safari/537.36"
198.145.48.89 - - [10/Jul/2025:15:20:23 -0400] "GET /?v=88579543011330&mod=a5d42e40&uri=news.php?id=2965732-59&name=noise+cancelling+logitech+h820e+headset+mono%27 HTTP/1.1" 200 19037 "-" "Mozilla/5.0 (Windows NT 10.0; Win64; x64) AppleWebKit/537.36 (KHTML, like Gecko) Chrome/126.0.0.0 Safari/537.36"
52.156.77.146 - - [10/Jul/2025:15:20:39 -0400] "GET /?mod=b6af2c97&uri=form.php?id%3D452013-82%26name%3Dgingham+karo+stoff+gr%C3%83%C2%BCn&v=13501267011330 HTTP/1.1" 200 4656 "-" "Mozilla/5.0 AppleWebKit/537.36 (KHTML, like Gecko); compatible; ChatGPT-User/1.0; +https://openai.com/bot"
66.249.70.32 - - [10/Jul/2025:15:20:40 -0400] "GET /?v=85356848021330&mod=92755a67&uri=form.php%3Fid%3D2857869-456%26name%3Dhamaca+colgante+columpio+jardin+para+adultos HTTP/1.1" 200 22542 "-" "Mozilla/5.0 (Linux; Android 6.0.1; Nexus 5X Build/MMB29P) AppleWebKit/537.36 (KHTML, like Gecko) Chrome/137.0.7151.103 Mobile Safari/537.36 (compatible; Googlebot/2.1; +http://www.google.com/bot.html)"
66.249.70.32 - - [10/Jul/2025:15:21:09 -0400] "GET /?v=30133404051330&mod=db8419f4&uri=article.php%3Fid%3D1009052-49%26name%3Dasics+sneakers+asics+gel+kinsei+nere HTTP/1.1" 200 20703 "-" "Mozilla/5.0 (Linux; Android 6.0.1; Nexus 5X Build/MMB29P) AppleWebKit/537.36 (KHTML, like Gecko) Chrome/137.0.7151.103 Mobile Safari/537.36 (compatible; Googlebot/2.1; +http://www.google.com/bot.html)"
20.14.99.110 - - [10/Jul/2025:15:21:31 -0400] "GET /?mod=b6af2c97&uri=form.php%3Fid%3D452013-82%26name%3Dgingham+karo+stoff+gr%C3%83%C2%BCn&v=13501267011330 HTTP/1.1" 200 4655 "-" "Mozilla/5.0 (Macintosh; Intel Mac OS X 10_15_7) AppleWebKit/537.36 (KHTML, like Gecko) Chrome/131.0.0.0 Safari/537.36; compatible; OAI-SearchBot/1.0; +https://openai.com/searchbot"
66.249.70.32 - - [10/Jul/2025:15:21:34 -0400] "GET /?v=118521869031330&mod=0f409d74&uri=blog.php%3Fid%3D3968241-1109%26name%3Dwatch+black+friday+joop HTTP/1.1" 200 21754 "-" "Mozilla/5.0 (Linux; Android 6.0.1; Nexus 5X Build/MMB29P) AppleWebKit/537.36 (KHTML, like Gecko) Chrome/137.0.7151.103 Mobile Safari/537.36 (compatible; Googlebot/2.1; +http://www.google.com/bot.html)"
66.249.70.32 - - [10/Jul/2025:15:21:51 -0400] "GET /?v=119374315061330&mod=8ac92e33&uri=brands.php%3Fid%3D3996813-771%26name%3Dankle+yellow+silk+pants HTTP/1.1" 200 20546 "-" "Mozilla/5.0 (Linux; Android 6.0.1; Nexus 5X Build/MMB29P) AppleWebKit/537.36 (KHTML, like Gecko) Chrome/137.0.7151.103 Mobile Safari/537.36 (compatible; Googlebot/2.1; +http://www.google.com/bot.html)"
66.249.70.32 - - [10/Jul/2025:15:22:01 -0400] "GET /?v=116642316011330&mod=032d9c7d&uri=category-info.php%3Fid%3D3905272-116%26name%3Dram+ddr4+1333mhz+8gb HTTP/1.1" 200 21693 "-" "Mozilla/5.0 (Linux; Android 6.0.1; Nexus 5X Build/MMB29P) AppleWebKit/537.36 (KHTML, like Gecko) Chrome/137.0.7151.103 Mobile Safari/537.36 (compatible; Googlebot/2.1; +http://www.google.com/bot.html)"
66.249.70.32 - - [10/Jul/2025:15:22:15 -0400] "GET /?v=33338417041330&mod=a3ce99c6&uri=brands.php%3Fid%3D1116352-1384%26name%3Dzapatos+adidas+adidas+de+hombre+2018 HTTP/1.1" 200 20803 "-" "Mozilla/5.0 (Linux; Android 6.0.1; Nexus 5X Build/MMB29P) AppleWebKit/537.36 (KHTML, like Gecko) Chrome/137.0.7151.103 Mobile Safari/537.36 (compatible; Googlebot/2.1; +http://www.google.com/bot.html)"
66.249.70.32 - - [10/Jul/2025:15:22:19 -0400] "GET /?v=96266600071330&mod=cb41f167&uri=form.php%3Fid%3D3223092-56%26name%3Dpatio+dining+set+trex+patio+table+and+chairs HTTP/1.1" 200 21690 "-" "Mozilla/5.0 (Linux; Android 6.0.1; Nexus 5X Build/MMB29P) AppleWebKit/537.36 (KHTML, like Gecko) Chrome/137.0.7151.103 Mobile Safari/537.36 (compatible; Googlebot/2.1; +http://www.google.com/bot.html)"
188.163.112.224 - - [10/Jul/2025:15:22:26 -0400] "GET /?v=91453496051330&mod=7221e5c8&uri=category-info.php%3Fid%3D3061932-31%26name%3Ddav+tz140+sony+dvd+player+with+speakers HTTP/1.1" 200 131 "https://www.google.com/" "Mozilla/5.0 (Linux; Android 10; K) AppleWebKit/537.36 (KHTML, like Gecko) Chrome/138.0.0.0 Mobile Safari/537.36"
66.249.70.32 - - [10/Jul/2025:15:22:57 -0400] "GET /?v=35309272061330&mod=25766f01&uri=us.php%3Fid%3D1182373-29%26name%3Dnew+model+price+bajaj+platina+on+road HTTP/1.1" 200 21959 "-" "Mozilla/5.0 (Linux; Android 6.0.1; Nexus 5X Build/MMB29P) AppleWebKit/537.36 (KHTML, like Gecko) Chrome/137.0.7151.103 Mobile Safari/537.36 (compatible; Googlebot/2.1; +http://www.google.com/bot.html)"
45.196.45.137 - - [10/Jul/2025:15:22:58 -0400] "GET /?v=71995054071330&mod=013a006f&uri=product.php?id=2410548-8%27&name=smart+casual+with+denim HTTP/1.1" 200 19037 "-" "Mozilla/5.0 (Windows NT 10.0; Win64; x64) AppleWebKit/537.36 (KHTML, like Gecko) Chrome/126.0.0.0 Safari/537.36"
45.196.45.137 - - [10/Jul/2025:15:22:58 -0400] "GET /?v=71995054071330%27&mod=013a006f&uri=product.php?id=2410548-8&name=smart+casual+with+denim HTTP/1.1" 200 19037 "-" "Mozilla/5.0 (Windows NT 10.0; Win64; x64) AppleWebKit/537.36 (KHTML, like Gecko) Chrome/126.0.0.0 Safari/537.36"
45.196.45.137 - - [10/Jul/2025:15:22:58 -0400] "GET /?v=71995054071330&mod=013a006f&uri=product.php?id=2410548-8&name=smart+casual+with+denim%27 HTTP/1.1" 200 19037 "-" "Mozilla/5.0 (Windows NT 10.0; Win64; x64) AppleWebKit/537.36 (KHTML, like Gecko) Chrome/126.0.0.0 Safari/537.36"
45.196.45.137 - - [10/Jul/2025:15:22:58 -0400] "GET /?v=71995054071330&mod=013a006f%27&uri=product.php?id=2410548-8&name=smart+casual+with+denim HTTP/1.1" 200 19037 "-" "Mozilla/5.0 (Windows NT 10.0; Win64; x64) AppleWebKit/537.36 (KHTML, like Gecko) Chrome/126.0.0.0 Safari/537.36"
66.249.70.32 - - [10/Jul/2025:15:23:19 -0400] "GET /?v=30327459041330&mod=6c11cb78&uri=pin.php%3Fid%3D1015553-150%26name%3Dadidas+cream+boys+shoes HTTP/1.1" 200 21651 "-" "Mozilla/5.0 (Linux; Android 6.0.1; Nexus 5X Build/MMB29P) AppleWebKit/537.36 (KHTML, like Gecko) Chrome/137.0.7151.103 Mobile Safari/537.36 (compatible; Googlebot/2.1; +http://www.google.com/bot.html)"
66.249.70.32 - - [10/Jul/2025:15:23:34 -0400] "GET /?v=95999086031330&mod=25766f01&uri=info.php%3Fid%3D3214128-29%26name%3Drearview+mirror+giant+bike+mirror HTTP/1.1" 200 21917 "-" "Mozilla/5.0 (Linux; Android 6.0.1; Nexus 5X Build/MMB29P) AppleWebKit/537.36 (KHTML, like Gecko) Chrome/137.0.7151.103 Mobile Safari/537.36 (compatible; Googlebot/2.1; +http://www.google.com/bot.html)"
52.156.77.152 - - [10/Jul/2025:15:24:38 -0400] "GET /?mod=3fb2acb5&uri=form.php?id%3D3200043-540%26name%3Dstainless+steel+breville+barista+express+second+hand&v=95578023041330 HTTP/1.1" 200 4655 "-" "Mozilla/5.0 AppleWebKit/537.36 (KHTML, like Gecko); compatible; ChatGPT-User/1.0; +https://openai.com/bot"
5.161.60.3 - - [10/Jul/2025:15:24:38 -0400] "GET /?v=117114090081330&mod=6c11cb78&uri=article.php?id%3D3921081-150&name=nike+shoes+nike+shox+monster HTTP/1.1" 200 4655 "-" "Mozilla/5.0 (Windows NT 10.0; Win64; x64) AppleWebKit/537.36 (KHTML, like Gecko) Chrome/84.0.4147.105 Safari/537.36"
74.7.36.105 - - [10/Jul/2025:15:24:51 -0400] "GET /?mod=25766f01&uri=article.php?id%3D632503-29%26name%3Dbike+liv+beliv&v=18888742041330 HTTP/1.1" 200 4656 "-" "Mozilla/5.0 AppleWebKit/537.36 (KHTML, like Gecko); compatible; ChatGPT-User/1.0; +https://openai.com/bot"
74.7.36.109 - - [10/Jul/2025:15:24:55 -0400] "GET / HTTP/1.1" 200 4655 "-" "Mozilla/5.0 AppleWebKit/537.36 (KHTML, like Gecko); compatible; ChatGPT-User/1.0; +https://openai.com/bot"
45.39.54.103 - - [10/Jul/2025:15:25:11 -0400] "GET /?v=116978502061330&mod=cb6ee5b2&uri=news.php?id=3916537-1659&name=bobs+infinity+skechers+bobs+38%27 HTTP/1.1" 200 19037 "-" "Mozilla/5.0 (Windows NT 10.0; Win64; x64) AppleWebKit/537.36 (KHTML, like Gecko) Chrome/126.0.0.0 Safari/537.36"
45.39.54.103 - - [10/Jul/2025:15:25:11 -0400] "GET /?v=116978502061330&mod=cb6ee5b2%27&uri=news.php?id=3916537-1659&name=bobs+infinity+skechers+bobs+38 HTTP/1.1" 200 19037 "-" "Mozilla/5.0 (Windows NT 10.0; Win64; x64) AppleWebKit/537.36 (KHTML, like Gecko) Chrome/126.0.0.0 Safari/537.36"
45.39.54.103 - - [10/Jul/2025:15:25:11 -0400] "GET /?v=116978502061330%27&mod=cb6ee5b2&uri=news.php?id=3916537-1659&name=bobs+infinity+skechers+bobs+38 HTTP/1.1" 200 19037 "-" "Mozilla/5.0 (Windows NT 10.0; Win64; x64) AppleWebKit/537.36 (KHTML, like Gecko) Chrome/126.0.0.0 Safari/537.36"
66.249.70.32 - - [10/Jul/2025:15:25:12 -0400] "GET /?v=4457439031330&mod=0b7e4125&uri=itm.php%3Fid%3D149227-125%26name%3Dwinter+coat+winter+sale+jack+wolfskin HTTP/1.1" 200 22668 "-" "Mozilla/5.0 (Linux; Android 6.0.1; Nexus 5X Build/MMB29P) AppleWebKit/537.36 (KHTML, like Gecko) Chrome/137.0.7151.103 Mobile Safari/537.36 (compatible; Googlebot/2.1; +http://www.google.com/bot.html)"
45.39.54.103 - - [10/Jul/2025:15:25:12 -0400] "GET /?v=116978502061330&mod=cb6ee5b2&uri=news.php?id=3916537-1659%27&name=bobs+infinity+skechers+bobs+38 HTTP/1.1" 200 19037 "-" "Mozilla/5.0 (Windows NT 10.0; Win64; x64) AppleWebKit/537.36 (KHTML, like Gecko) Chrome/126.0.0.0 Safari/537.36"
66.249.70.32 - - [10/Jul/2025:15:25:16 -0400] "GET /?v=105583471121330&mod=acf92215&uri=products.php%3Fid%3D3535111-36%26name%3Dnavidad+mujer+blusas+para+navidad+2019 HTTP/1.1" 200 20340 "-" "Mozilla/5.0 (Linux; Android 6.0.1; Nexus 5X Build/MMB29P) AppleWebKit/537.36 (KHTML, like Gecko) Chrome/137.0.7151.103 Mobile Safari/537.36 (compatible; Googlebot/2.1; +http://www.google.com/bot.html)"
66.249.70.32 - - [10/Jul/2025:15:25:19 -0400] "GET /?v=4455939031330&mod=b069b341&uri=article.php%3Fid%3D149177-14%26name%3Dcuero+precios+de+bolsas+para+dama HTTP/1.1" 200 22631 "-" "Mozilla/5.0 (Linux; Android 6.0.1; Nexus 5X Build/MMB29P) AppleWebKit/537.36 (KHTML, like Gecko) Chrome/137.0.7151.103 Mobile Safari/537.36 (compatible; Googlebot/2.1; +http://www.google.com/bot.html)"
66.249.70.32 - - [10/Jul/2025:15:25:22 -0400] "POST /get-message-notify HTTP/1.1" 404 1251 "https://www.getschooljobs.com/?v=4457439031330&mod=0b7e4125&uri=itm.php%3Fid%3D149227-125%26name%3Dwinter+coat+winter+sale+jack+wolfskin" "Mozilla/5.0 (Linux; Android 6.0.1; Nexus 5X Build/MMB29P) AppleWebKit/537.36 (KHTML, like Gecko) Chrome/137.0.7151.119 Mobile Safari/537.36 (compatible; Googlebot/2.1; +http://www.google.com/bot.html)"
66.249.70.32 - - [10/Jul/2025:15:25:22 -0400] "GET /?v=4457289131330&mod=dcad82b6&uri=info.php%3Fid%3D149222-697%26name%3Dsabalo+shoes+adidas+sabalo+x HTTP/1.1" 200 21657 "-" "Mozilla/5.0 (Linux; Android 6.0.1; Nexus 5X Build/MMB29P) AppleWebKit/537.36 (KHTML, like Gecko) Chrome/137.0.7151.103 Mobile Safari/537.36 (compatible; Googlebot/2.1; +http://www.google.com/bot.html)"
66.249.70.32 - - [10/Jul/2025:15:25:28 -0400] "GET /?v=4459989031330&mod=a5d42e40&uri=itm.php%3Fid%3D149312-59%26name%3Dmodern+warfare+xbox+360+wireless+headset+with+bluetooth HTTP/1.1" 200 22482 "-" "Mozilla/5.0 (Linux; Android 6.0.1; Nexus 5X Build/MMB29P) AppleWebKit/537.36 (KHTML, like Gecko) Chrome/137.0.7151.103 Mobile Safari/537.36 (compatible; Googlebot/2.1; +http://www.google.com/bot.html)"
66.249.70.32 - - [10/Jul/2025:15:25:32 -0400] "POST /get-message-notify HTTP/1.1" 404 1251 "https://www.getschooljobs.com/?v=4459989031330&mod=a5d42e40&uri=itm.php%3Fid%3D149312-59%26name%3Dmodern+warfare+xbox+360+wireless+headset+with+bluetooth" "Mozilla/5.0 (Linux; Android 6.0.1; Nexus 5X Build/MMB29P) AppleWebKit/537.36 (KHTML, like Gecko) Chrome/137.0.7151.119 Mobile Safari/537.36 (compatible; Googlebot/2.1; +http://www.google.com/bot.html)"
66.249.70.32 - - [10/Jul/2025:15:25:32 -0400] "GET /?v=4456089031330&mod=b069b341&uri=shop.php%3Fid%3D149182-14%26name%3Dlonchera+ruz+grupo+ruz+mochilas HTTP/1.1" 200 21771 "-" "Mozilla/5.0 (Linux; Android 6.0.1; Nexus 5X Build/MMB29P) AppleWebKit/537.36 (KHTML, like Gecko) Chrome/137.0.7151.103 Mobile Safari/537.36 (compatible; Googlebot/2.1; +http://www.google.com/bot.html)"
66.249.70.32 - - [10/Jul/2025:15:25:35 -0400] "GET /?v=4459839081330&mod=a5d42e40&uri=itm.php%3Fid%3D149307-59%26name%3Dmw3+xbox+360+wireless+headset+with+bluetooth HTTP/1.1" 200 21701 "-" "Mozilla/5.0 (Linux; Android 6.0.1; Nexus 5X Build/MMB29P) AppleWebKit/537.36 (KHTML, like Gecko) Chrome/137.0.7151.103 Mobile Safari/537.36 (compatible; Googlebot/2.1; +http://www.google.com/bot.html)"
216.208.58.125 - - [10/Jul/2025:15:25:36 -0400] "GET /?v=14000697061330&mod=e70f03cb&uri=news.php%3Fid%3D468733-732%26name%3Dbase+camp+north+face+mules+sale HTTP/1.1" 200 133 "https://www.google.com/" "Mozilla/5.0 (Macintosh; Intel Mac OS X 10_15_7) AppleWebKit/605.1.15 (KHTML, like Gecko) Version/18.5 Safari/605.1.15"
66.249.70.32 - - [10/Jul/2025:15:25:38 -0400] "GET /?v=4478846011330&mod=dcad82b6&uri=product.php%3Fid%3D149945-697%26name%3Dmisura+scarpe+size HTTP/1.1" 200 21164 "-" "Mozilla/5.0 (Linux; Android 6.0.1; Nexus 5X Build/MMB29P) AppleWebKit/537.36 (KHTML, like Gecko) Chrome/137.0.7151.103 Mobile Safari/537.36 (compatible; Googlebot/2.1; +http://www.google.com/bot.html)"
66.249.70.32 - - [10/Jul/2025:15:25:39 -0400] "GET /?v=85191988091330&mod=17023968&uri=us.php%3Fid%3D2852348-498%26name%3Dgown+deals+wedding+dresses+bhldn HTTP/1.1" 200 21900 "-" "Mozilla/5.0 (Linux; Android 6.0.1; Nexus 5X Build/MMB29P) AppleWebKit/537.36 (KHTML, like Gecko) Chrome/137.0.7151.103 Mobile Safari/537.36 (compatible; Googlebot/2.1; +http://www.google.com/bot.html)"
66.249.70.32 - - [10/Jul/2025:15:25:42 -0400] "GET /?v=4458939031330&mod=dcad82b6&uri=dp.php%3Fid%3D149277-697%26name%3Dpollini+sneakers+donna+scarpe+pollini+in+saldo HTTP/1.1" 200 21915 "-" "Mozilla/5.0 (Linux; Android 6.0.1; Nexus 5X Build/MMB29P) AppleWebKit/537.36 (KHTML, like Gecko) Chrome/137.0.7151.103 Mobile Safari/537.36 (compatible; Googlebot/2.1; +http://www.google.com/bot.html)"
66.249.70.32 - - [10/Jul/2025:15:25:43 -0400] "GET /?v=118525919031330&mod=5a83f877&uri=form.php%3Fid%3D3968376-371%26name%3Drolex+submariner+back+and+band HTTP/1.1" 200 22421 "-" "Mozilla/5.0 (Linux; Android 6.0.1; Nexus 5X Build/MMB29P) AppleWebKit/537.36 (KHTML, like Gecko) Chrome/137.0.7151.103 Mobile Safari/537.36 (compatible; Googlebot/2.1; +http://www.google.com/bot.html)"
66.249.70.32 - - [10/Jul/2025:15:25:44 -0400] "GET /?v=4458039081330&mod=10381a70&uri=us.php%3Fid%3D149247-449%26name%3Droad+bike+caadx+2012 HTTP/1.1" 200 21832 "-" "Mozilla/5.0 (Linux; Android 6.0.1; Nexus 5X Build/MMB29P) AppleWebKit/537.36 (KHTML, like Gecko) Chrome/137.0.7151.103 Mobile Safari/537.36 (compatible; Googlebot/2.1; +http://www.google.com/bot.html)"
66.249.70.32 - - [10/Jul/2025:15:25:47 -0400] "GET /?v=4461917021330&mod=fbc4bc53&uri=brands.php%3Fid%3D149377-170%26name%3Dheart+rate+analisis+polar+m430 HTTP/1.1" 200 21455 "-" "Mozilla/5.0 (Linux; Android 6.0.1; Nexus 5X Build/MMB29P) AppleWebKit/537.36 (KHTML, like Gecko) Chrome/137.0.7151.103 Mobile Safari/537.36 (compatible; Googlebot/2.1; +http://www.google.com/bot.html)"
66.249.70.32 - - [10/Jul/2025:15:25:49 -0400] "POST /get-message-notify HTTP/1.1" 404 1251 "https://www.getschooljobs.com/?v=4478846011330&mod=dcad82b6&uri=product.php%3Fid%3D149945-697%26name%3Dmisura+scarpe+size" "Mozilla/5.0 (Linux; Android 6.0.1; Nexus 5X Build/MMB29P) AppleWebKit/537.36 (KHTML, like Gecko) Chrome/137.0.7151.119 Mobile Safari/537.36 (compatible; Googlebot/2.1; +http://www.google.com/bot.html)"
66.249.70.32 - - [10/Jul/2025:15:25:50 -0400] "GET /?v=4463267071330&mod=dcad82b6&uri=category-info.php%3Fid%3D149422-697%26name%3Danna+f+stivali+bordeaux+camoscio HTTP/1.1" 200 20554 "-" "Mozilla/5.0 (Linux; Android 6.0.1; Nexus 5X Build/MMB29P) AppleWebKit/537.36 (KHTML, like Gecko) Chrome/137.0.7151.103 Mobile Safari/537.36 (compatible; Googlebot/2.1; +http://www.google.com/bot.html)"
66.249.70.32 - - [10/Jul/2025:15:25:51 -0400] "GET /?v=52686647131330&mod=3c8f9a17&uri=shared.php%3Fid%3D1763938-118%26name%3Dzaino+xlc+zaino+mtb+porta+batteria HTTP/1.1" 200 20476 "-" "Mozilla/5.0 (Linux; Android 6.0.1; Nexus 5X Build/MMB29P) AppleWebKit/537.36 (KHTML, like Gecko) Chrome/137.0.7151.103 Mobile Safari/537.36 (compatible; Googlebot/2.1; +http://www.google.com/bot.html)"
66.249.70.32 - - [10/Jul/2025:15:25:53 -0400] "POST /get-message-notify HTTP/1.1" 404 1251 "https://www.getschooljobs.com/?v=52686647131330&mod=3c8f9a17&uri=shared.php%3Fid%3D1763938-118%26name%3Dzaino+xlc+zaino+mtb+porta+batteria" "Mozilla/5.0 (Linux; Android 6.0.1; Nexus 5X Build/MMB29P) AppleWebKit/537.36 (KHTML, like Gecko) Chrome/137.0.7151.119 Mobile Safari/537.36 (compatible; Googlebot/2.1; +http://www.google.com/bot.html)"
66.249.70.32 - - [10/Jul/2025:15:25:54 -0400] "GET /?v=4462367031330&mod=dcad82b6&uri=category-info.php%3Fid%3D149392-697%26name%3Dzalando+vans+scarpe+senza+lacci HTTP/1.1" 200 20872 "-" "Mozilla/5.0 (Linux; Android 6.0.1; Nexus 5X Build/MMB29P) AppleWebKit/537.36 (KHTML, like Gecko) Chrome/137.0.7151.103 Mobile Safari/537.36 (compatible; Googlebot/2.1; +http://www.google.com/bot.html)"
66.249.70.32 - - [10/Jul/2025:15:25:57 -0400] "GET /?v=4464723031330&mod=dcad82b6&uri=pin.php%3Fid%3D149472-697%26name%3Djeans+converse+blu+donna HTTP/1.1" 200 21593 "-" "Mozilla/5.0 (Linux; Android 6.0.1; Nexus 5X Build/MMB29P) AppleWebKit/537.36 (KHTML, like Gecko) Chrome/137.0.7151.103 Mobile Safari/537.36 (compatible; Googlebot/2.1; +http://www.google.com/bot.html)"
66.249.70.33 - - [10/Jul/2025:15:26:01 -0400] "POST /get-message-notify HTTP/1.1" 404 1251 "https://www.getschooljobs.com/?v=4464723031330&mod=dcad82b6&uri=pin.php%3Fid%3D149472-697%26name%3Djeans+converse+blu+donna" "Mozilla/5.0 (Linux; Android 6.0.1; Nexus 5X Build/MMB29P) AppleWebKit/537.36 (KHTML, like Gecko) Chrome/137.0.7151.119 Mobile Safari/537.36 (compatible; Googlebot/2.1; +http://www.google.com/bot.html)"
66.249.70.33 - - [10/Jul/2025:15:26:01 -0400] "GET /?v=4461617081330&mod=633cc4cf&uri=search.php%3Fid%3D149367-542%26name%3Dhow+much+month+baby+milk HTTP/1.1" 200 21532 "-" "Mozilla/5.0 (Linux; Android 6.0.1; Nexus 5X Build/MMB29P) AppleWebKit/537.36 (KHTML, like Gecko) Chrome/137.0.7151.103 Mobile Safari/537.36 (compatible; Googlebot/2.1; +http://www.google.com/bot.html)"
66.249.70.33 - - [10/Jul/2025:15:26:04 -0400] "GET /?v=109865457051330&mod=b05445d6&uri=news.php%3Fid%3D3678402-296%26name%3Dazul+el%C3%A9ctrico+vestido+verde+electrico HTTP/1.1" 200 21284 "-" "Mozilla/5.0 (Linux; Android 6.0.1; Nexus 5X Build/MMB29P) AppleWebKit/537.36 (KHTML, like Gecko) Chrome/137.0.7151.103 Mobile Safari/537.36 (compatible; Googlebot/2.1; +http://www.google.com/bot.html)"
66.249.70.32 - - [10/Jul/2025:15:26:04 -0400] "GET /?v=4455639031330&mod=dcad82b6&uri=us.php%3Fid%3D149167-697%26name%3Dstivali+alti+stivali+estivi+camoscio+traforati HTTP/1.1" 200 20595 "-" "Mozilla/5.0 (Linux; Android 6.0.1; Nexus 5X Build/MMB29P) AppleWebKit/537.36 (KHTML, like Gecko) Chrome/137.0.7151.103 Mobile Safari/537.36 (compatible; Googlebot/2.1; +http://www.google.com/bot.html)"
66.249.70.33 - - [10/Jul/2025:15:26:08 -0400] "GET /?v=4462967031330&mod=633cc4cf&uri=blog.php%3Fid%3D149412-542%26name%3Dolababy+avent+natural+glass+bottles+oz HTTP/1.1" 200 21625 "-" "Mozilla/5.0 (Linux; Android 6.0.1; Nexus 5X Build/MMB29P) AppleWebKit/537.36 (KHTML, like Gecko) Chrome/137.0.7151.103 Mobile Safari/537.36 (compatible; Googlebot/2.1; +http://www.google.com/bot.html)"
66.249.70.33 - - [10/Jul/2025:15:26:11 -0400] "GET /?v=4462517021330&mod=dcad82b6&uri=dp.php%3Fid%3D149397-697%26name%3Dadidas+code+coupon+sconto+adidas HTTP/1.1" 200 21747 "-" "Mozilla/5.0 (Linux; Android 6.0.1; Nexus 5X Build/MMB29P) AppleWebKit/537.36 (KHTML, like Gecko) Chrome/137.0.7151.103 Mobile Safari/537.36 (compatible; Googlebot/2.1; +http://www.google.com/bot.html)"
66.249.70.32 - - [10/Jul/2025:15:26:14 -0400] "GET /?v=44010542051330&mod=ec43638b&uri=brands.php%3Fid%3D1473538-323%26name%3Dvashi+navi+mumbai+malabar+jewellers+vashi HTTP/1.1" 200 21784 "-" "Mozilla/5.0 (Linux; Android 6.0.1; Nexus 5X Build/MMB29P) AppleWebKit/537.36 (KHTML, like Gecko) Chrome/137.0.7151.103 Mobile Safari/537.36 (compatible; Googlebot/2.1; +http://www.google.com/bot.html)"
66.249.70.32 - - [10/Jul/2025:15:26:17 -0400] "POST /get-message-notify HTTP/1.1" 404 1251 "https://www.getschooljobs.com/?v=44010542051330&mod=ec43638b&uri=brands.php%3Fid%3D1473538-323%26name%3Dvashi+navi+mumbai+malabar+jewellers+vashi" "Mozilla/5.0 (Linux; Android 6.0.1; Nexus 5X Build/MMB29P) AppleWebKit/537.36 (KHTML, like Gecko) Chrome/137.0.7151.119 Mobile Safari/537.36 (compatible; Googlebot/2.1; +http://www.google.com/bot.html)"
66.249.70.32 - - [10/Jul/2025:15:26:18 -0400] "GET /?v=44011862041330&mod=a517c041&uri=info.php%3Fid%3D1473582-569%26name%3Dban+wayfarer+ray+ban+carbon+fiber+collection HTTP/1.1" 200 21444 "-" "Mozilla/5.0 (Linux; Android 6.0.1; Nexus 5X Build/MMB29P) AppleWebKit/537.36 (KHTML, like Gecko) Chrome/137.0.7151.103 Mobile Safari/537.36 (compatible; Googlebot/2.1; +http://www.google.com/bot.html)"
66.249.70.32 - - [10/Jul/2025:15:26:21 -0400] "GET /?v=44012582051330&mod=c0c0fbea&uri=brands.php%3Fid%3D1473606-421%26name%3Dbarbie+video+game+hero+dolls HTTP/1.1" 200 22031 "-" "Mozilla/5.0 (Linux; Android 6.0.1; Nexus 5X Build/MMB29P) AppleWebKit/537.36 (KHTML, like Gecko) Chrome/137.0.7151.103 Mobile Safari/537.36 (compatible; Googlebot/2.1; +http://www.google.com/bot.html)"
66.249.70.32 - - [10/Jul/2025:15:26:22 -0400] "GET /?v=17579877071330&mod=a5d42e40&uri=shop.php%3Fid%3D588662-59%26name%3Dsport+earbuds+sennheiser+momentum+true+wireless+sports HTTP/1.1" 200 21474 "-" "Mozilla/5.0 (Linux; Android 6.0.1; Nexus 5X Build/MMB29P) AppleWebKit/537.36 (KHTML, like Gecko) Chrome/137.0.7151.103 Mobile Safari/537.36 (compatible; Googlebot/2.1; +http://www.google.com/bot.html)"
66.249.70.32 - - [10/Jul/2025:15:26:23 -0400] "POST /get-message-notify HTTP/1.1" 404 1251 "https://www.getschooljobs.com/?v=4462517021330&mod=dcad82b6&uri=dp.php%3Fid%3D149397-697%26name%3Dadidas+code+coupon+sconto+adidas" "Mozilla/5.0 (Linux; Android 6.0.1; Nexus 5X Build/MMB29P) AppleWebKit/537.36 (KHTML, like Gecko) Chrome/137.0.7151.119 Mobile Safari/537.36 (compatible; Googlebot/2.1; +http://www.google.com/bot.html)"
66.249.70.32 - - [10/Jul/2025:15:26:25 -0400] "GET /?v=81612764021330&mod=40dbe2dc&uri=search.php%3Fid%3D2732557-835%26name%3Dwaterproof+coat+womens+spray+jacket+australia HTTP/1.1" 200 21846 "-" "Mozilla/5.0 (Linux; Android 6.0.1; Nexus 5X Build/MMB29P) AppleWebKit/537.36 (KHTML, like Gecko) Chrome/137.0.7151.103 Mobile Safari/537.36 (compatible; Googlebot/2.1; +http://www.google.com/bot.html)"
66.249.70.32 - - [10/Jul/2025:15:26:28 -0400] "GET /?v=44012102031330&mod=a290c7b9&uri=category-info.php%3Fid%3D1473590-360%26name%3Ddiamonds+manuvel+malabar+jewellers+dwarka HTTP/1.1" 200 21339 "-" "Mozilla/5.0 (Linux; Android 6.0.1; Nexus 5X Build/MMB29P) AppleWebKit/537.36 (KHTML, like Gecko) Chrome/137.0.7151.103 Mobile Safari/537.36 (compatible; Googlebot/2.1; +http://www.google.com/bot.html)"
35.162.51.6 - - [10/Jul/2025:15:26:29 -0400] "GET /?mod=5029a54e&uri=search.php?id=3194243-672&name=belt+extension+2013+ford+focus+seat+belt+buckle&v=95404825021330 HTTP/1.1" 200 4655 "-" "Mozilla/5.0 (Windows NT 10.0; Win64; x64; rv:109.0) Gecko/20100101 Firefox/109.0"
35.162.51.6 - - [10/Jul/2025:15:26:30 -0400] "GET /assets/swiper-bundle.min.css HTTP/1.1" 200 4499 "https://www.getschooljobs.com/?mod=5029a54e&uri=search.php?id=3194243-672&name=belt+extension+2013+ford+focus+seat+belt+buckle&v=95404825021330" "Mozilla/5.0 (Windows NT 10.0; Win64; x64; rv:109.0) Gecko/20100101 Firefox/109.0"
35.162.51.6 - - [10/Jul/2025:15:26:30 -0400] "GET /assets/img/about-21.webp HTTP/1.1" 200 78192 "https://www.getschooljobs.com/?mod=5029a54e&uri=search.php?id=3194243-672&name=belt+extension+2013+ford+focus+seat+belt+buckle&v=95404825021330" "Mozilla/5.0 (Windows NT 10.0; Win64; x64; rv:109.0) Gecko/20100101 Firefox/109.0"
35.162.51.6 - - [10/Jul/2025:15:26:30 -0400] "GET /assets/img/schooljob.png HTTP/1.1" 200 51241 "https://www.getschooljobs.com/?mod=5029a54e&uri=search.php?id=3194243-672&name=belt+extension+2013+ford+focus+seat+belt+buckle&v=95404825021330" "Mozilla/5.0 (Windows NT 10.0; Win64; x64; rv:109.0) Gecko/20100101 Firefox/109.0"
35.162.51.6 - - [10/Jul/2025:15:26:30 -0400] "GET /assets/main.css HTTP/1.1" 200 7933 "https://www.getschooljobs.com/?mod=5029a54e&uri=search.php?id=3194243-672&name=belt+extension+2013+ford+focus+seat+belt+buckle&v=95404825021330" "Mozilla/5.0 (Windows NT 10.0; Win64; x64; rv:109.0) Gecko/20100101 Firefox/109.0"
35.162.51.6 - - [10/Jul/2025:15:26:30 -0400] "GET /assets/bootstrap.min.css HTTP/1.1" 200 28266 "https://www.getschooljobs.com/?mod=5029a54e&uri=search.php?id=3194243-672&name=belt+extension+2013+ford+focus+seat+belt+buckle&v=95404825021330" "Mozilla/5.0 (Windows NT 10.0; Win64; x64; rv:109.0) Gecko/20100101 Firefox/109.0"
35.162.51.6 - - [10/Jul/2025:15:26:30 -0400] "GET /assets/purecounter_vanilla.js HTTP/1.1" 200 2229 "https://www.getschooljobs.com/?mod=5029a54e&uri=search.php?id=3194243-672&name=belt+extension+2013+ford+focus+seat+belt+buckle&v=95404825021330" "Mozilla/5.0 (Windows NT 10.0; Win64; x64; rv:109.0) Gecko/20100101 Firefox/109.0"
35.162.51.6 - - [10/Jul/2025:15:26:30 -0400] "GET /assets/main.js HTTP/1.1" 200 1456 "https://www.getschooljobs.com/?mod=5029a54e&uri=search.php?id=3194243-672&name=belt+extension+2013+ford+focus+seat+belt+buckle&v=95404825021330" "Mozilla/5.0 (Windows NT 10.0; Win64; x64; rv:109.0) Gecko/20100101 Firefox/109.0"
35.162.51.6 - - [10/Jul/2025:15:26:30 -0400] "GET /assets/bootstrap.bundle.min.js HTTP/1.1" 200 22944 "https://www.getschooljobs.com/?mod=5029a54e&uri=search.php?id=3194243-672&name=belt+extension+2013+ford+focus+seat+belt+buckle&v=95404825021330" "Mozilla/5.0 (Windows NT 10.0; Win64; x64; rv:109.0) Gecko/20100101 Firefox/109.0"
35.162.51.6 - - [10/Jul/2025:15:26:30 -0400] "GET /assets/swiper-bundle.min.js HTTP/1.1" 200 41186 "https://www.getschooljobs.com/?mod=5029a54e&uri=search.php?id=3194243-672&name=belt+extension+2013+ford+focus+seat+belt+buckle&v=95404825021330" "Mozilla/5.0 (Windows NT 10.0; Win64; x64; rv:109.0) Gecko/20100101 Firefox/109.0"
66.249.70.32 - - [10/Jul/2025:15:26:30 -0400] "GET /?v=44010122011330&mod=a290c7b9&uri=category-info.php%3Fid%3D1473524-360%26name%3Dbridal+ring+herkimer+diamond+ring+amazon HTTP/1.1" 200 20491 "-" "Mozilla/5.0 (Linux; Android 6.0.1; Nexus 5X Build/MMB29P) AppleWebKit/537.36 (KHTML, like Gecko) Chrome/137.0.7151.103 Mobile Safari/537.36 (compatible; Googlebot/2.1; +http://www.google.com/bot.html)"
35.162.51.6 - - [10/Jul/2025:15:26:31 -0400] "GET /assets/img/favicon.png HTTP/1.1" 200 1369 "https://www.getschooljobs.com/?mod=5029a54e&uri=search.php?id=3194243-672&name=belt+extension+2013+ford+focus+seat+belt+buckle&v=95404825021330" "Mozilla/5.0 (Windows NT 10.0; Win64; x64; rv:109.0) Gecko/20100101 Firefox/109.0"
66.249.70.32 - - [10/Jul/2025:15:26:31 -0400] "GET /?v=52668662001330&mod=049eac5a&uri=shop.php%3Fid%3D1763335-747%26name%3Drobe+bustier+robe+bleue+marine+dentelle HTTP/1.1" 200 20631 "-" "Mozilla/5.0 (Linux; Android 6.0.1; Nexus 5X Build/MMB29P) AppleWebKit/537.36 (KHTML, like Gecko) Chrome/137.0.7151.103 Mobile Safari/537.36 (compatible; Googlebot/2.1; +http://www.google.com/bot.html)"
35.162.51.6 - - [10/Jul/2025:15:26:35 -0400] "GET /assets/img/favicon.png HTTP/1.1" 200 1369 "-" "axios/1.8.4"
66.249.70.32 - - [10/Jul/2025:15:26:38 -0400] "POST /get-message-notify HTTP/1.1" 404 1251 "https://www.getschooljobs.com/?v=52668662001330&mod=049eac5a&uri=shop.php%3Fid%3D1763335-747%26name%3Drobe+bustier+robe+bleue+marine+dentelle" "Mozilla/5.0 (Linux; Android 6.0.1; Nexus 5X Build/MMB29P) AppleWebKit/537.36 (KHTML, like Gecko) Chrome/137.0.7151.119 Mobile Safari/537.36 (compatible; Googlebot/2.1; +http://www.google.com/bot.html)"
66.249.70.32 - - [10/Jul/2025:15:26:40 -0400] "GET /?v=55474388021330&mod=51323239&uri=goods.php%3Fid%3D1857341-348%26name%3Dlego+minifigure+lego+captain+fox HTTP/1.1" 200 21299 "-" "Mozilla/5.0 (Linux; Android 6.0.1; Nexus 5X Build/MMB29P) AppleWebKit/537.36 (KHTML, like Gecko) Chrome/137.0.7151.103 Mobile Safari/537.36 (compatible; Googlebot/2.1; +http://www.google.com/bot.html)"
66.180.131.140 - - [10/Jul/2025:15:26:40 -0400] "GET /?v=72541416021330&mod=b0c7c1b3&uri=article.php?id=2428861-733&name=puppy+purse+like+dog+carriers%27 HTTP/1.1" 200 19037 "-" "Mozilla/5.0 (Windows NT 10.0; Win64; x64) AppleWebKit/537.36 (KHTML, like Gecko) Chrome/126.0.0.0 Safari/537.36"
66.180.131.140 - - [10/Jul/2025:15:26:40 -0400] "GET /?v=72541416021330%27&mod=b0c7c1b3&uri=article.php?id=2428861-733&name=puppy+purse+like+dog+carriers HTTP/1.1" 200 19037 "-" "Mozilla/5.0 (Windows NT 10.0; Win64; x64) AppleWebKit/537.36 (KHTML, like Gecko) Chrome/126.0.0.0 Safari/537.36"
66.180.131.140 - - [10/Jul/2025:15:26:40 -0400] "GET /?v=72541416021330&mod=b0c7c1b3%27&uri=article.php?id=2428861-733&name=puppy+purse+like+dog+carriers HTTP/1.1" 200 19037 "-" "Mozilla/5.0 (Windows NT 10.0; Win64; x64) AppleWebKit/537.36 (KHTML, like Gecko) Chrome/126.0.0.0 Safari/537.36"
66.180.131.140 - - [10/Jul/2025:15:26:41 -0400] "GET /?v=72541416021330&mod=b0c7c1b3&uri=article.php?id=2428861-733%27&name=puppy+purse+like+dog+carriers HTTP/1.1" 200 19037 "-" "Mozilla/5.0 (Windows NT 10.0; Win64; x64) AppleWebKit/537.36 (KHTML, like Gecko) Chrome/126.0.0.0 Safari/537.36"
66.249.70.32 - - [10/Jul/2025:15:26:43 -0400] "POST /get-message-notify HTTP/1.1" 404 1251 "https://www.getschooljobs.com/?v=44012582051330&mod=c0c0fbea&uri=brands.php%3Fid%3D1473606-421%26name%3Dbarbie+video+game+hero+dolls" "Mozilla/5.0 (Linux; Android 6.0.1; Nexus 5X Build/MMB29P) AppleWebKit/537.36 (KHTML, like Gecko) Chrome/137.0.7151.119 Mobile Safari/537.36 (compatible; Googlebot/2.1; +http://www.google.com/bot.html)"
66.249.70.33 - - [10/Jul/2025:15:26:44 -0400] "POST /get-message-notify HTTP/1.1" 404 1251 "https://www.getschooljobs.com/?v=81612764021330&mod=40dbe2dc&uri=search.php%3Fid%3D2732557-835%26name%3Dwaterproof+coat+womens+spray+jacket+australia" "Mozilla/5.0 (Linux; Android 6.0.1; Nexus 5X Build/MMB29P) AppleWebKit/537.36 (KHTML, like Gecko) Chrome/137.0.7151.119 Mobile Safari/537.36 (compatible; Googlebot/2.1; +http://www.google.com/bot.html)"
66.249.70.33 - - [10/Jul/2025:15:26:45 -0400] "GET /?v=55475348041330&mod=25766f01&uri=goods.php%3Fid%3D1857373-29%26name%3Dflatline+park+2015+rocky+mountain+flatline HTTP/1.1" 200 21667 "-" "Mozilla/5.0 (Linux; Android 6.0.1; Nexus 5X Build/MMB29P) AppleWebKit/537.36 (KHTML, like Gecko) Chrome/137.0.7151.103 Mobile Safari/537.36 (compatible; Googlebot/2.1; +http://www.google.com/bot.html)"
66.249.70.33 - - [10/Jul/2025:15:26:49 -0400] "GET /?v=55475108111330&mod=51323239&uri=products.php%3Fid%3D1857365-348%26name%3Dcustom+lego+lego+captain+fox HTTP/1.1" 200 21541 "-" "Mozilla/5.0 (Linux; Android 6.0.1; Nexus 5X Build/MMB29P) AppleWebKit/537.36 (KHTML, like Gecko) Chrome/137.0.7151.103 Mobile Safari/537.36 (compatible; Googlebot/2.1; +http://www.google.com/bot.html)"
66.249.70.33 - - [10/Jul/2025:15:26:51 -0400] "POST /get-message-notify HTTP/1.1" 404 1251 "https://www.getschooljobs.com/?v=55475108111330&mod=51323239&uri=products.php%3Fid%3D1857365-348%26name%3Dcustom+lego+lego+captain+fox" "Mozilla/5.0 (Linux; Android 6.0.1; Nexus 5X Build/MMB29P) AppleWebKit/537.36 (KHTML, like Gecko) Chrome/137.0.7151.119 Mobile Safari/537.36 (compatible; Googlebot/2.1; +http://www.google.com/bot.html)"
66.249.70.33 - - [10/Jul/2025:15:26:51 -0400] "POST /get-message-notify HTTP/1.1" 404 1251 "https://www.getschooljobs.com/?v=55475348041330&mod=25766f01&uri=goods.php%3Fid%3D1857373-29%26name%3Dflatline+park+2015+rocky+mountain+flatline" "Mozilla/5.0 (Linux; Android 6.0.1; Nexus 5X Build/MMB29P) AppleWebKit/537.36 (KHTML, like Gecko) Chrome/137.0.7151.119 Mobile Safari/537.36 (compatible; Googlebot/2.1; +http://www.google.com/bot.html)"
20.171.53.228 - - [10/Jul/2025:15:26:56 -0400] "GET /?mod=25766f01&uri=article.php%3Fid%3D632503-29%26name%3Dbike+liv+beliv&v=18888742041330 HTTP/1.1" 200 4655 "-" "Mozilla/5.0 (Macintosh; Intel Mac OS X 10_15_7) AppleWebKit/537.36 (KHTML, like Gecko) Chrome/131.0.0.0 Safari/537.36; compatible; OAI-SearchBot/1.0; +https://openai.com/searchbot"
66.249.70.32 - - [10/Jul/2025:15:26:57 -0400] "GET /?v=49843769051330&mod=d4ab2732&uri=info.php%3Fid%3D1668792-792%26name%3Dretro+black+cat+suela HTTP/1.1" 200 20980 "-" "Mozilla/5.0 (Linux; Android 6.0.1; Nexus 5X Build/MMB29P) AppleWebKit/537.36 (KHTML, like Gecko) Chrome/137.0.7151.103 Mobile Safari/537.36 (compatible; Googlebot/2.1; +http://www.google.com/bot.html)"
66.249.70.32 - - [10/Jul/2025:15:27:00 -0400] "POST /get-message-notify HTTP/1.1" 404 1251 "https://www.getschooljobs.com/?v=49843769051330&mod=d4ab2732&uri=info.php%3Fid%3D1668792-792%26name%3Dretro+black+cat+suela" "Mozilla/5.0 (Linux; Android 6.0.1; Nexus 5X Build/MMB29P) AppleWebKit/537.36 (KHTML, like Gecko) Chrome/137.0.7151.119 Mobile Safari/537.36 (compatible; Googlebot/2.1; +http://www.google.com/bot.html)"
66.249.70.32 - - [10/Jul/2025:15:27:01 -0400] "GET /?v=49842689031330&mod=d4ab2732&uri=article.php%3Fid%3D1668756-792%26name%3Dadidas+marathon+chaqueta+tres+cuartos+adidas HTTP/1.1" 200 21695 "-" "Mozilla/5.0 (Linux; Android 6.0.1; Nexus 5X Build/MMB29P) AppleWebKit/537.36 (KHTML, like Gecko) Chrome/137.0.7151.103 Mobile Safari/537.36 (compatible; Googlebot/2.1; +http://www.google.com/bot.html)"
152.59.56.103 - - [10/Jul/2025:15:27:02 -0400] "GET /?v=16681189051330&mod=8ea284a2&uri=brands.php%3Fid%3D558598-96%26name%3Ddhande+latest+marathi+web+series+list HTTP/1.1" 200 133 "https://www.google.com/" "Mozilla/5.0 (Linux; Android 10; K) AppleWebKit/537.36 (KHTML, like Gecko) Chrome/136.0.0.0 Mobile Safari/537.36"
66.249.70.32 - - [10/Jul/2025:15:27:07 -0400] "GET /?v=38596475061330&mod=8ed00245&uri=search.php%3Fid%3D1292381-1131%26name%3Dpantalla+de+nike+money+iphone+wallpaper HTTP/1.1" 200 21075 "-" "Mozilla/5.0 (Linux; Android 6.0.1; Nexus 5X Build/MMB29P) AppleWebKit/537.36 (KHTML, like Gecko) Chrome/137.0.7151.103 Mobile Safari/537.36 (compatible; Googlebot/2.1; +http://www.google.com/bot.html)"
66.249.70.32 - - [10/Jul/2025:15:27:10 -0400] "GET /?v=42551852011330&mod=6b77b838&uri=form.php%3Fid%3D1424736-158%26name%3Dremote+control+syma+x9 HTTP/1.1" 200 22568 "-" "Mozilla/5.0 (Linux; Android 6.0.1; Nexus 5X Build/MMB29P) AppleWebKit/537.36 (KHTML, like Gecko) Chrome/137.0.7151.103 Mobile Safari/537.36 (compatible; Googlebot/2.1; +http://www.google.com/bot.html)"
66.249.70.32 - - [10/Jul/2025:15:27:13 -0400] "GET /?v=9241821041330&mod=8c8a9c8f&uri=info.php%3Fid%3D309405-738%26name%3Dchocolate+vestidos+cafes+de+noche HTTP/1.1" 200 20775 "-" "Mozilla/5.0 (Linux; Android 6.0.1; Nexus 5X Build/MMB29P) AppleWebKit/537.36 (KHTML, like Gecko) Chrome/137.0.7151.103 Mobile Safari/537.36 (compatible; Googlebot/2.1; +http://www.google.com/bot.html)"
66.249.70.32 - - [10/Jul/2025:15:27:14 -0400] "GET /?v=81615329041330&mod=7b71aa33&uri=category-info.php%3Fid%3D2732643-729%26name%3Dtrail+running+new+saucony+running+shoes+2020 HTTP/1.1" 200 20665 "-" "Mozilla/5.0 (Linux; Android 6.0.1; Nexus 5X Build/MMB29P) AppleWebKit/537.36 (KHTML, like Gecko) Chrome/137.0.7151.103 Mobile Safari/537.36 (compatible; Googlebot/2.1; +http://www.google.com/bot.html)"
66.249.70.32 - - [10/Jul/2025:15:27:15 -0400] "POST /get-message-notify HTTP/1.1" 404 1251 "https://www.getschooljobs.com/?v=49842689031330&mod=d4ab2732&uri=article.php%3Fid%3D1668756-792%26name%3Dadidas+marathon+chaqueta+tres+cuartos+adidas" "Mozilla/5.0 (Linux; Android 6.0.1; Nexus 5X Build/MMB29P) AppleWebKit/537.36 (KHTML, like Gecko) Chrome/137.0.7151.119 Mobile Safari/537.36 (compatible; Googlebot/2.1; +http://www.google.com/bot.html)"
66.249.70.32 - - [10/Jul/2025:15:27:19 -0400] "POST /get-message-notify HTTP/1.1" 404 1251 "https://www.getschooljobs.com/?v=9241821041330&mod=8c8a9c8f&uri=info.php%3Fid%3D309405-738%26name%3Dchocolate+vestidos+cafes+de+noche" "Mozilla/5.0 (Linux; Android 6.0.1; Nexus 5X Build/MMB29P) AppleWebKit/537.36 (KHTML, like Gecko) Chrome/137.0.7151.119 Mobile Safari/537.36 (compatible; Googlebot/2.1; +http://www.google.com/bot.html)"
66.249.70.32 - - [10/Jul/2025:15:27:20 -0400] "GET /?v=9252585041330&mod=8c8a9c8f&uri=us.php%3Fid%3D309765-738%26name%3Dtee+shirt+polera+patagonia+hombre HTTP/1.1" 200 22210 "-" "Mozilla/5.0 (Linux; Android 6.0.1; Nexus 5X Build/MMB29P) AppleWebKit/537.36 (KHTML, like Gecko) Chrome/137.0.7151.103 Mobile Safari/537.36 (compatible; Googlebot/2.1; +http://www.google.com/bot.html)"
66.249.70.32 - - [10/Jul/2025:15:27:22 -0400] "POST /get-message-notify HTTP/1.1" 404 1251 "https://www.getschooljobs.com/?v=38596475061330&mod=8ed00245&uri=search.php%3Fid%3D1292381-1131%26name%3Dpantalla+de+nike+money+iphone+wallpaper" "Mozilla/5.0 (Linux; Android 6.0.1; Nexus 5X Build/MMB29P) AppleWebKit/537.36 (KHTML, like Gecko) Chrome/137.0.7151.119 Mobile Safari/537.36 (compatible; Googlebot/2.1; +http://www.google.com/bot.html)"
66.249.70.32 - - [10/Jul/2025:15:27:23 -0400] "POST /get-message-notify HTTP/1.1" 404 1251 "https://www.getschooljobs.com/?v=81615329041330&mod=7b71aa33&uri=category-info.php%3Fid%3D2732643-729%26name%3Dtrail+running+new+saucony+running+shoes+2020" "Mozilla/5.0 (Linux; Android 6.0.1; Nexus 5X Build/MMB29P) AppleWebKit/537.36 (KHTML, like Gecko) Chrome/137.0.7151.119 Mobile Safari/537.36 (compatible; Googlebot/2.1; +http://www.google.com/bot.html)"
66.249.70.32 - - [10/Jul/2025:15:27:24 -0400] "POST /get-message-notify HTTP/1.1" 404 1251 "https://www.getschooljobs.com/?v=9252585041330&mod=8c8a9c8f&uri=us.php%3Fid%3D309765-738%26name%3Dtee+shirt+polera+patagonia+hombre" "Mozilla/5.0 (Linux; Android 6.0.1; Nexus 5X Build/MMB29P) AppleWebKit/537.36 (KHTML, like Gecko) Chrome/137.0.7151.119 Mobile Safari/537.36 (compatible; Googlebot/2.1; +http://www.google.com/bot.html)"
66.249.70.32 - - [10/Jul/2025:15:27:23 -0400] "GET /?v=109861269001330&mod=c7876d6b&uri=product.php%3Fid%3D3678262-134%26name%3Dsport+band+precio+de+apple+watch+series HTTP/1.1" 200 22749 "-" "Mozilla/5.0 (Linux; Android 6.0.1; Nexus 5X Build/MMB29P) AppleWebKit/537.36 (KHTML, like Gecko) Chrome/137.0.7151.103 Mobile Safari/537.36 (compatible; Googlebot/2.1; +http://www.google.com/bot.html)"
66.249.70.32 - - [10/Jul/2025:15:27:24 -0400] "GET /?v=109745092061330&mod=ccc92ab8&uri=article.php%3Fid%3D3674379-1039%26name%3Dasda+stores+asda+jewellery HTTP/1.1" 200 21104 "-" "Mozilla/5.0 (Linux; Android 6.0.1; Nexus 5X Build/MMB29P) AppleWebKit/537.36 (KHTML, like Gecko) Chrome/137.0.7151.103 Mobile Safari/537.36 (compatible; Googlebot/2.1; +http://www.google.com/bot.html)"
66.249.70.32 - - [10/Jul/2025:15:27:27 -0400] "GET /?v=109809468041330&mod=019d385e&uri=pin.php%3Fid%3D3676529-4%26name%3Dclothing+arcteryx+adahy+hoody HTTP/1.1" 200 21935 "-" "Mozilla/5.0 (Linux; Android 6.0.1; Nexus 5X Build/MMB29P) AppleWebKit/537.36 (KHTML, like Gecko) Chrome/137.0.7151.103 Mobile Safari/537.36 (compatible; Googlebot/2.1; +http://www.google.com/bot.html)"
66.249.70.32 - - [10/Jul/2025:15:27:31 -0400] "GET /?v=109808988031330&mod=566cf8f5&uri=pin.php%3Fid%3D3676513-539%26name%3Dddpai+mini+pro+dash+cam+mini HTTP/1.1" 200 21655 "-" "Mozilla/5.0 (Linux; Android 6.0.1; Nexus 5X Build/MMB29P) AppleWebKit/537.36 (KHTML, like Gecko) Chrome/137.0.7151.103 Mobile Safari/537.36 (compatible; Googlebot/2.1; +http://www.google.com/bot.html)"
66.249.70.32 - - [10/Jul/2025:15:27:34 -0400] "GET /?v=118503565011330&mod=c0c0fbea&uri=form.php%3Fid%3D3967630-421%26name%3Dearly+2000s+obscure+video+game+consoles HTTP/1.1" 200 20909 "-" "Mozilla/5.0 (Linux; Android 6.0.1; Nexus 5X Build/MMB29P) AppleWebKit/537.36 (KHTML, like Gecko) Chrome/137.0.7151.103 Mobile Safari/537.36 (compatible; Googlebot/2.1; +http://www.google.com/bot.html)"
66.249.70.32 - - [10/Jul/2025:15:27:37 -0400] "POST /get-message-notify HTTP/1.1" 404 1251 "https://www.getschooljobs.com/?v=4462967031330&mod=633cc4cf&uri=blog.php%3Fid%3D149412-542%26name%3Dolababy+avent+natural+glass+bottles+oz" "Mozilla/5.0 (Linux; Android 6.0.1; Nexus 5X Build/MMB29P) AppleWebKit/537.36 (KHTML, like Gecko) Chrome/137.0.7151.119 Mobile Safari/537.36 (compatible; Googlebot/2.1; +http://www.google.com/bot.html)"
66.249.70.32 - - [10/Jul/2025:15:27:40 -0400] "GET /?v=109812807061330&mod=7bc5f2f1&uri=product.php%3Fid%3D3676641-422%26name%3Dsalary+how+to+afford+a+million+dollar+home HTTP/1.1" 200 21622 "-" "Mozilla/5.0 (Linux; Android 6.0.1; Nexus 5X Build/MMB29P) AppleWebKit/537.36 (KHTML, like Gecko) Chrome/137.0.7151.103 Mobile Safari/537.36 (compatible; Googlebot/2.1; +http://www.google.com/bot.html)"
66.249.70.32 - - [10/Jul/2025:15:27:50 -0400] "GET /?v=118507955081330&mod=0f409d74&uri=blog.php%3Fid%3D3967777-1109%26name%3Dankle+boots+jimmy+choo+cruz+boots+sale HTTP/1.1" 200 20344 "-" "Mozilla/5.0 (Linux; Android 6.0.1; Nexus 5X Build/MMB29P) AppleWebKit/537.36 (KHTML, like Gecko) Chrome/137.0.7151.103 Mobile Safari/537.36 (compatible; Googlebot/2.1; +http://www.google.com/bot.html)"
66.249.70.32 - - [10/Jul/2025:15:27:53 -0400] "GET /?v=109776404041330&mod=e562cd9c&uri=us.php%3Fid%3D3675425-63%26name%3Dz370+pc+coffee+lake+lga+1151 HTTP/1.1" 200 20964 "-" "Mozilla/5.0 (Linux; Android 6.0.1; Nexus 5X Build/MMB29P) AppleWebKit/537.36 (KHTML, like Gecko) Chrome/137.0.7151.103 Mobile Safari/537.36 (compatible; Googlebot/2.1; +http://www.google.com/bot.html)"
66.249.70.32 - - [10/Jul/2025:15:28:00 -0400] "GET /?v=109780724011330&mod=566cf8f5&uri=brands.php%3Fid%3D3675569-539%26name%3Dsony+a7r+used+sony+a7riv HTTP/1.1" 200 22011 "-" "Mozilla/5.0 (Linux; Android 6.0.1; Nexus 5X Build/MMB29P) AppleWebKit/537.36 (KHTML, like Gecko) Chrome/137.0.7151.103 Mobile Safari/537.36 (compatible; Googlebot/2.1; +http://www.google.com/bot.html)"
45.196.46.98 - - [10/Jul/2025:15:28:01 -0400] "GET /?v=86488544051330&mod=dafcf0ad%27&uri=product.php?id=2895730-758&name=lightweight+jackets+all+in+motion+rain+jacket HTTP/1.1" 200 19037 "-" "Mozilla/5.0 (Windows NT 10.0; Win64; x64) AppleWebKit/537.36 (KHTML, like Gecko) Chrome/126.0.0.0 Safari/537.36"
45.196.46.98 - - [10/Jul/2025:15:28:01 -0400] "GET /?v=86488544051330&mod=dafcf0ad&uri=product.php?id=2895730-758&name=lightweight+jackets+all+in+motion+rain+jacket%27 HTTP/1.1" 200 19037 "-" "Mozilla/5.0 (Windows NT 10.0; Win64; x64) AppleWebKit/537.36 (KHTML, like Gecko) Chrome/126.0.0.0 Safari/537.36"
45.196.46.98 - - [10/Jul/2025:15:28:01 -0400] "GET /?v=86488544051330%27&mod=dafcf0ad&uri=product.php?id=2895730-758&name=lightweight+jackets+all+in+motion+rain+jacket HTTP/1.1" 200 19037 "-" "Mozilla/5.0 (Windows NT 10.0; Win64; x64) AppleWebKit/537.36 (KHTML, like Gecko) Chrome/126.0.0.0 Safari/537.36"
45.196.46.98 - - [10/Jul/2025:15:28:01 -0400] "GET /?v=86488544051330&mod=dafcf0ad&uri=product.php?id=2895730-758%27&name=lightweight+jackets+all+in+motion+rain+jacket HTTP/1.1" 200 19037 "-" "Mozilla/5.0 (Windows NT 10.0; Win64; x64) AppleWebKit/537.36 (KHTML, like Gecko) Chrome/126.0.0.0 Safari/537.36"
66.249.70.33 - - [10/Jul/2025:15:28:03 -0400] "POST /get-message-notify HTTP/1.1" 404 1251 "https://www.getschooljobs.com/?v=109780724011330&mod=566cf8f5&uri=brands.php%3Fid%3D3675569-539%26name%3Dsony+a7r+used+sony+a7riv" "Mozilla/5.0 (Linux; Android 6.0.1; Nexus 5X Build/MMB29P) AppleWebKit/537.36 (KHTML, like Gecko) Chrome/137.0.7151.119 Mobile Safari/537.36 (compatible; Googlebot/2.1; +http://www.google.com/bot.html)"
66.249.70.32 - - [10/Jul/2025:15:28:03 -0400] "GET /?v=109780604021330&mod=566cf8f5&uri=shared.php%3Fid%3D3675565-539%26name%3Dbattery+grip+rig+sony+a6000 HTTP/1.1" 200 22040 "-" "Mozilla/5.0 (Linux; Android 6.0.1; Nexus 5X Build/MMB29P) AppleWebKit/537.36 (KHTML, like Gecko) Chrome/137.0.7151.103 Mobile Safari/537.36 (compatible; Googlebot/2.1; +http://www.google.com/bot.html)"
