66.249.70.32 - - [10/Jul/2025:14:07:46 -0400] "GET /?v=97519253021330&mod=a91af177&uri=dp.php%3Fid%3D3265055-34%26name%3Dshirt+supreme+t+shirt+ntm+amazon HTTP/1.1" 200 21468 "-" "Mozilla/5.0 (Linux; Android 6.0.1; Nexus 5X Build/MMB29P) AppleWebKit/537.36 (KHTML, like Gecko) Chrome/137.0.7151.103 Mobile Safari/537.36 (compatible; Googlebot/2.1; +http://www.google.com/bot.html)"
66.249.70.32 - - [10/Jul/2025:14:07:52 -0400] "POST /get-message-notify HTTP/1.1" 404 1251 "https://www.getschooljobs.com/?v=1444632041330&mod=e1654211&uri=shared.php%3Fid%3D48375-2%26name%3Dveh%C3%ADculo+hot+wheels+desafio+de+la+ruleta+precio" "Mozilla/5.0 (Linux; Android 6.0.1; Nexus 5X Build/MMB29P) AppleWebKit/537.36 (KHTML, like Gecko) Chrome/137.0.7151.119 Mobile Safari/537.36 (compatible; Googlebot/2.1; +http://www.google.com/bot.html)"
66.249.70.32 - - [10/Jul/2025:14:07:52 -0400] "GET /?v=41135820061330&mod=16396618&uri=goods.php%3Fid%3D1377359-502%26name%3Dcayman+obi+tavolo+da+giardino+plastica HTTP/1.1" 200 21531 "-" "Mozilla/5.0 (Linux; Android 6.0.1; Nexus 5X Build/MMB29P) AppleWebKit/537.36 (KHTML, like Gecko) Chrome/137.0.7151.103 Mobile Safari/537.36 (compatible; Googlebot/2.1; +http://www.google.com/bot.html)"
66.249.70.32 - - [10/Jul/2025:14:07:53 -0400] "GET /?v=97525444091330&mod=d4e452f4&uri=search.php%3Fid%3D3265262-137%26name%3Dversace+pour+femme+dylan+blue+versace+turquoise+dylan HTTP/1.1" 200 21866 "-" "Mozilla/5.0 (Linux; Android 6.0.1; Nexus 5X Build/MMB29P) AppleWebKit/537.36 (KHTML, like Gecko) Chrome/137.0.7151.103 Mobile Safari/537.36 (compatible; Googlebot/2.1; +http://www.google.com/bot.html)"
66.249.70.32 - - [10/Jul/2025:14:07:54 -0400] "GET /?v=108455598091330&mod=c59a7295&uri=category-info.php%3Fid%3D3631224-435%26name%3Dpantalona+cal%C3%83%C2%A7a+cropped HTTP/1.1" 200 21753 "-" "Mozilla/5.0 (Linux; Android 6.0.1; Nexus 5X Build/MMB29P) AppleWebKit/537.36 (KHTML, like Gecko) Chrome/137.0.7151.103 Mobile Safari/537.36 (compatible; Googlebot/2.1; +http://www.google.com/bot.html)"
66.249.70.32 - - [10/Jul/2025:14:07:58 -0400] "GET /?v=70473859141330&mod=edf959e1&uri=us.php%3Fid%3D2359615-102%26name%3Dwedding+a+line+gown+with+pockets HTTP/1.1" 200 20806 "-" "Mozilla/5.0 (Linux; Android 6.0.1; Nexus 5X Build/MMB29P) AppleWebKit/537.36 (KHTML, like Gecko) Chrome/137.0.7151.103 Mobile Safari/537.36 (compatible; Googlebot/2.1; +http://www.google.com/bot.html)"
66.249.70.33 - - [10/Jul/2025:14:07:58 -0400] "GET /?v=26010958041330&mod=6e7f6c38&uri=brands.php%3Fid%3D870991-136%26name%3Dhiit+types+of+intensity+workout HTTP/1.1" 200 21990 "-" "Mozilla/5.0 (Linux; Android 6.0.1; Nexus 5X Build/MMB29P) AppleWebKit/537.36 (KHTML, like Gecko) Chrome/137.0.7151.103 Mobile Safari/537.36 (compatible; Googlebot/2.1; +http://www.google.com/bot.html)"
66.249.70.33 - - [10/Jul/2025:14:08:03 -0400] "GET /?v=97522757011330&mod=d4e452f4&uri=brands.php%3Fid%3D3265172-137%26name%3Daquatic+fragrance+issey+miyake+edt+100ml HTTP/1.1" 200 21911 "-" "Mozilla/5.0 (Linux; Android 6.0.1; Nexus 5X Build/MMB29P) AppleWebKit/537.36 (KHTML, like Gecko) Chrome/137.0.7151.103 Mobile Safari/537.36 (compatible; Googlebot/2.1; +http://www.google.com/bot.html)"
66.249.70.32 - - [10/Jul/2025:14:08:08 -0400] "GET /?v=97527864041330&mod=d4e452f4&uri=itm.php%3Fid%3D3265343-137%26name%3Dbody+fragrance+naaz+perfumes+online HTTP/1.1" 200 21646 "-" "Mozilla/5.0 (Linux; Android 6.0.1; Nexus 5X Build/MMB29P) AppleWebKit/537.36 (KHTML, like Gecko) Chrome/137.0.7151.103 Mobile Safari/537.36 (compatible; Googlebot/2.1; +http://www.google.com/bot.html)"
66.249.70.32 - - [10/Jul/2025:14:08:12 -0400] "GET /?v=1443792061330&mod=86a45a44&uri=article.php%3Fid%3D48347-433%26name%3D6g+price+in+activa+scooty+emi HTTP/1.1" 200 22049 "-" "Mozilla/5.0 (Linux; Android 6.0.1; Nexus 5X Build/MMB29P) AppleWebKit/537.36 (KHTML, like Gecko) Chrome/137.0.7151.103 Mobile Safari/537.36 (compatible; Googlebot/2.1; +http://www.google.com/bot.html)"
66.249.70.32 - - [10/Jul/2025:14:08:13 -0400] "GET /?v=51371462031330&mod=fb3fb416&uri=pin.php%3Fid%3D1719915-1071%26name%3Dblazer+traje+negro+mujer+fiesta HTTP/1.1" 200 21508 "-" "Mozilla/5.0 (Linux; Android 6.0.1; Nexus 5X Build/MMB29P) AppleWebKit/537.36 (KHTML, like Gecko) Chrome/137.0.7151.103 Mobile Safari/537.36 (compatible; Googlebot/2.1; +http://www.google.com/bot.html)"
66.249.70.32 - - [10/Jul/2025:14:08:13 -0400] "POST /get-message-notify HTTP/1.1" 404 1251 "https://www.getschooljobs.com/?v=97527864041330&mod=d4e452f4&uri=itm.php%3Fid%3D3265343-137%26name%3Dbody+fragrance+naaz+perfumes+online" "Mozilla/5.0 (Linux; Android 6.0.1; Nexus 5X Build/MMB29P) AppleWebKit/537.36 (KHTML, like Gecko) Chrome/137.0.7151.119 Mobile Safari/537.36 (compatible; Googlebot/2.1; +http://www.google.com/bot.html)"
66.249.70.32 - - [10/Jul/2025:14:08:15 -0400] "GET /?v=97522487001330&mod=d4e452f4&uri=products.php%3Fid%3D3265163-137%26name%3Dvanille+candle+tom+ford+tobacco+vanille+sephora HTTP/1.1" 200 22121 "-" "Mozilla/5.0 (Linux; Android 6.0.1; Nexus 5X Build/MMB29P) AppleWebKit/537.36 (KHTML, like Gecko) Chrome/137.0.7151.103 Mobile Safari/537.36 (compatible; Googlebot/2.1; +http://www.google.com/bot.html)"
176.1.140.203 - - [10/Jul/2025:14:08:15 -0400] "GET /?v=107684545001330&mod=a515ce6a&uri=category-info.php%3Fid%3D3605427-1157%26name%3Dfolded+hauck+duo+buggy HTTP/1.1" 200 4655 "-" "Mozilla/5.0 (Linux; Android 13; 23028RN4DG Build/TP1A.220624.014) AppleWebKit/537.36 (KHTML, like Gecko) Chrome/137.0.7151.115 Mobile Safari/537.36"
176.1.140.203 - - [10/Jul/2025:14:08:16 -0400] "GET /assets/bootstrap.min.css HTTP/1.1" 200 28266 "https://www.getschooljobs.com/?v=107684545001330&mod=a515ce6a&uri=category-info.php%3Fid%3D3605427-1157%26name%3Dfolded+hauck+duo+buggy" "Mozilla/5.0 (Linux; Android 13; 23028RN4DG Build/TP1A.220624.014) AppleWebKit/537.36 (KHTML, like Gecko) Chrome/137.0.7151.115 Mobile Safari/537.36"
176.1.140.203 - - [10/Jul/2025:14:08:16 -0400] "GET /assets/main.css HTTP/1.1" 200 7933 "https://www.getschooljobs.com/?v=107684545001330&mod=a515ce6a&uri=category-info.php%3Fid%3D3605427-1157%26name%3Dfolded+hauck+duo+buggy" "Mozilla/5.0 (Linux; Android 13; 23028RN4DG Build/TP1A.220624.014) AppleWebKit/537.36 (KHTML, like Gecko) Chrome/137.0.7151.115 Mobile Safari/537.36"
176.1.140.203 - - [10/Jul/2025:14:08:16 -0400] "GET /assets/img/about-21.webp HTTP/1.1" 200 78192 "https://www.getschooljobs.com/?v=107684545001330&mod=a515ce6a&uri=category-info.php%3Fid%3D3605427-1157%26name%3Dfolded+hauck+duo+buggy" "Mozilla/5.0 (Linux; Android 13; 23028RN4DG Build/TP1A.220624.014) AppleWebKit/537.36 (KHTML, like Gecko) Chrome/137.0.7151.115 Mobile Safari/537.36"
176.1.140.203 - - [10/Jul/2025:14:08:16 -0400] "GET /assets/bootstrap.bundle.min.js HTTP/1.1" 200 22944 "https://www.getschooljobs.com/?v=107684545001330&mod=a515ce6a&uri=category-info.php%3Fid%3D3605427-1157%26name%3Dfolded+hauck+duo+buggy" "Mozilla/5.0 (Linux; Android 13; 23028RN4DG Build/TP1A.220624.014) AppleWebKit/537.36 (KHTML, like Gecko) Chrome/137.0.7151.115 Mobile Safari/537.36"
176.1.140.203 - - [10/Jul/2025:14:08:16 -0400] "GET /assets/img/schooljob.png HTTP/1.1" 200 51241 "https://www.getschooljobs.com/?v=107684545001330&mod=a515ce6a&uri=category-info.php%3Fid%3D3605427-1157%26name%3Dfolded+hauck+duo+buggy" "Mozilla/5.0 (Linux; Android 13; 23028RN4DG Build/TP1A.220624.014) AppleWebKit/537.36 (KHTML, like Gecko) Chrome/137.0.7151.115 Mobile Safari/537.36"
176.1.140.203 - - [10/Jul/2025:14:08:16 -0400] "GET /assets/swiper-bundle.min.css HTTP/1.1" 200 4499 "https://www.getschooljobs.com/?v=107684545001330&mod=a515ce6a&uri=category-info.php%3Fid%3D3605427-1157%26name%3Dfolded+hauck+duo+buggy" "Mozilla/5.0 (Linux; Android 13; 23028RN4DG Build/TP1A.220624.014) AppleWebKit/537.36 (KHTML, like Gecko) Chrome/137.0.7151.115 Mobile Safari/537.36"
176.1.140.203 - - [10/Jul/2025:14:08:16 -0400] "GET /assets/swiper-bundle.min.js HTTP/1.1" 200 41186 "https://www.getschooljobs.com/?v=107684545001330&mod=a515ce6a&uri=category-info.php%3Fid%3D3605427-1157%26name%3Dfolded+hauck+duo+buggy" "Mozilla/5.0 (Linux; Android 13; 23028RN4DG Build/TP1A.220624.014) AppleWebKit/537.36 (KHTML, like Gecko) Chrome/137.0.7151.115 Mobile Safari/537.36"
176.1.140.203 - - [10/Jul/2025:14:08:16 -0400] "GET /assets/purecounter_vanilla.js HTTP/1.1" 200 2229 "https://www.getschooljobs.com/?v=107684545001330&mod=a515ce6a&uri=category-info.php%3Fid%3D3605427-1157%26name%3Dfolded+hauck+duo+buggy" "Mozilla/5.0 (Linux; Android 13; 23028RN4DG Build/TP1A.220624.014) AppleWebKit/537.36 (KHTML, like Gecko) Chrome/137.0.7151.115 Mobile Safari/537.36"
176.1.140.203 - - [10/Jul/2025:14:08:16 -0400] "GET /assets/main.js HTTP/1.1" 200 1456 "https://www.getschooljobs.com/?v=107684545001330&mod=a515ce6a&uri=category-info.php%3Fid%3D3605427-1157%26name%3Dfolded+hauck+duo+buggy" "Mozilla/5.0 (Linux; Android 13; 23028RN4DG Build/TP1A.220624.014) AppleWebKit/537.36 (KHTML, like Gecko) Chrome/137.0.7151.115 Mobile Safari/537.36"
66.249.70.32 - - [10/Jul/2025:14:08:16 -0400] "POST /get-message-notify HTTP/1.1" 404 1251 "https://www.getschooljobs.com/?v=51371462031330&mod=fb3fb416&uri=pin.php%3Fid%3D1719915-1071%26name%3Dblazer+traje+negro+mujer+fiesta" "Mozilla/5.0 (Linux; Android 6.0.1; Nexus 5X Build/MMB29P) AppleWebKit/537.36 (KHTML, like Gecko) Chrome/137.0.7151.119 Mobile Safari/537.36 (compatible; Googlebot/2.1; +http://www.google.com/bot.html)"
74.125.208.105 - - [10/Jul/2025:14:08:16 -0400] "GET /?v=107684545001330&mod=a515ce6a&uri=category-info.php?id%3D3605427-1157%26name%3Dfolded+hauck+duo+buggy HTTP/1.1" 200 22085 "-" "Mozilla/5.0 (Linux; Android 10; K) AppleWebKit/537.36 (KHTML, like Gecko) Chrome/138.0.0.0 Mobile Safari/537.36 (compatible; Google-Read-Aloud; +https://support.google.com/webmasters/answer/1061943)"
74.125.208.103 - - [10/Jul/2025:14:08:17 -0400] "GET /?v=107684545001330&mod=a515ce6a&uri=category-info.php?id%3D3605427-1157%26name%3Dfolded+hauck+duo+buggy HTTP/1.1" 200 22118 "-" "Mozilla/5.0 (Linux; Android 10; K) AppleWebKit/537.36 (KHTML, like Gecko) Chrome/138.0.0.0 Mobile Safari/537.36 (compatible; Google-Read-Aloud; +https://support.google.com/webmasters/answer/1061943)"
176.1.140.203 - - [10/Jul/2025:14:08:17 -0400] "GET /assets/img/favicon.png HTTP/1.1" 200 1369 "https://www.getschooljobs.com/?v=107684545001330&mod=a515ce6a&uri=category-info.php%3Fid%3D3605427-1157%26name%3Dfolded+hauck+duo+buggy" "Mozilla/5.0 (Linux; Android 13; 23028RN4DG Build/TP1A.220624.014) AppleWebKit/537.36 (KHTML, like Gecko) Chrome/137.0.7151.115 Mobile Safari/537.36"
74.125.210.33 - - [10/Jul/2025:14:08:17 -0400] "GET /?v=107684545001330&mod=a515ce6a&uri=category-info.php?id%3D3605427-1157%26name%3Dfolded+hauck+duo+buggy HTTP/1.1" 200 22077 "-" "Mozilla/5.0 (Linux; Android 10; K) AppleWebKit/537.36 (KHTML, like Gecko) Chrome/138.0.0.0 Mobile Safari/537.36 (compatible; Google-Read-Aloud; +https://support.google.com/webmasters/answer/1061943)"
66.249.70.32 - - [10/Jul/2025:14:08:17 -0400] "GET /?v=1443972121330&mod=bd50bebe&uri=brands.php%3Fid%3D48353-406%26name%3Ddecathlon+white+long+sleeve+sun+protection+shirt HTTP/1.1" 200 21026 "-" "Mozilla/5.0 (Linux; Android 6.0.1; Nexus 5X Build/MMB29P) AppleWebKit/537.36 (KHTML, like Gecko) Chrome/137.0.7151.103 Mobile Safari/537.36 (compatible; Googlebot/2.1; +http://www.google.com/bot.html)"
74.125.208.103 - - [10/Jul/2025:14:08:21 -0400] "GET /?v=107684545001330&mod=a515ce6a&uri=category-info.php?id%3D3605427-1157%26name%3Dfolded+hauck+duo+buggy HTTP/1.1" 200 22054 "-" "Mozilla/5.0 (Linux; Android 10; K) AppleWebKit/537.36 (KHTML, like Gecko) Chrome/138.0.0.0 Mobile Safari/537.36 (compatible; Google-Read-Aloud; +https://support.google.com/webmasters/answer/1061943)"
66.249.70.32 - - [10/Jul/2025:14:08:22 -0400] "GET /?v=55954389001330&mod=edf959e1&uri=shop.php%3Fid%3D1873461-102%26name%3Dcargo+shorts+sears+big+and+tall+shorts HTTP/1.1" 200 21545 "-" "Mozilla/5.0 (Linux; Android 6.0.1; Nexus 5X Build/MMB29P) AppleWebKit/537.36 (KHTML, like Gecko) Chrome/137.0.7151.103 Mobile Safari/537.36 (compatible; Googlebot/2.1; +http://www.google.com/bot.html)"
176.1.140.203 - - [10/Jul/2025:14:08:28 -0400] "GET /?v=107684545001330&mod=a515ce6a&uri=category-info.php%3Fid%3D3605427-1157%26name%3Dfolded+hauck+duo+buggy HTTP/1.1" 200 4655 "-" "Mozilla/5.0 (Linux; Android 13; 23028RN4DG Build/TP1A.220624.014) AppleWebKit/537.36 (KHTML, like Gecko) Chrome/137.0.7151.115 Mobile Safari/537.36"
66.249.70.32 - - [10/Jul/2025:14:08:29 -0400] "GET /?v=97531356021330&mod=d4e452f4&uri=brands.php%3Fid%3D3265460-137%26name%3Dperfume+green+victoria+secret+spray HTTP/1.1" 200 22272 "-" "Mozilla/5.0 (Linux; Android 6.0.1; Nexus 5X Build/MMB29P) AppleWebKit/537.36 (KHTML, like Gecko) Chrome/137.0.7151.103 Mobile Safari/537.36 (compatible; Googlebot/2.1; +http://www.google.com/bot.html)"
66.249.70.32 - - [10/Jul/2025:14:08:33 -0400] "POST /get-message-notify HTTP/1.1" 404 1251 "https://www.getschooljobs.com/?v=97531356021330&mod=d4e452f4&uri=brands.php%3Fid%3D3265460-137%26name%3Dperfume+green+victoria+secret+spray" "Mozilla/5.0 (Linux; Android 6.0.1; Nexus 5X Build/MMB29P) AppleWebKit/537.36 (KHTML, like Gecko) Chrome/137.0.7151.119 Mobile Safari/537.36 (compatible; Googlebot/2.1; +http://www.google.com/bot.html)"
66.249.70.32 - - [10/Jul/2025:14:08:38 -0400] "GET /?v=1443252061330&mod=bd50bebe&uri=itm.php%3Fid%3D48329-406%26name%3Dworld+cup+denmark+third+shirt+euro+2021 HTTP/1.1" 200 21716 "-" "Mozilla/5.0 (Linux; Android 6.0.1; Nexus 5X Build/MMB29P) AppleWebKit/537.36 (KHTML, like Gecko) Chrome/137.0.7151.103 Mobile Safari/537.36 (compatible; Googlebot/2.1; +http://www.google.com/bot.html)"
66.249.70.32 - - [10/Jul/2025:14:08:43 -0400] "GET /?v=85156855001330&mod=5b4e201b&uri=category-info.php%3Fid%3D2851171-155%26name%3Dbvlgari+crossbody+bag+men HTTP/1.1" 200 22266 "-" "Mozilla/5.0 (Linux; Android 6.0.1; Nexus 5X Build/MMB29P) AppleWebKit/537.36 (KHTML, like Gecko) Chrome/137.0.7151.103 Mobile Safari/537.36 (compatible; Googlebot/2.1; +http://www.google.com/bot.html)"
66.249.70.32 - - [10/Jul/2025:14:08:53 -0400] "GET /?v=97521677051330&mod=d4e452f4&uri=blog.php%3Fid%3D3265136-137%26name%3Dcasamorati+1888+lira+eau+de+parfum+lira+xerjoff HTTP/1.1" 200 21624 "-" "Mozilla/5.0 (Linux; Android 6.0.1; Nexus 5X Build/MMB29P) AppleWebKit/537.36 (KHTML, like Gecko) Chrome/137.0.7151.103 Mobile Safari/537.36 (compatible; Googlebot/2.1; +http://www.google.com/bot.html)"
66.249.70.32 - - [10/Jul/2025:14:08:56 -0400] "POST /get-message-notify HTTP/1.1" 404 1251 "https://www.getschooljobs.com/?v=97521677051330&mod=d4e452f4&uri=blog.php%3Fid%3D3265136-137%26name%3Dcasamorati+1888+lira+eau+de+parfum+lira+xerjoff" "Mozilla/5.0 (Linux; Android 6.0.1; Nexus 5X Build/MMB29P) AppleWebKit/537.36 (KHTML, like Gecko) Chrome/137.0.7151.119 Mobile Safari/537.36 (compatible; Googlebot/2.1; +http://www.google.com/bot.html)"
66.249.70.34 - - [10/Jul/2025:14:09:06 -0400] "GET /?v=85142448041330&mod=b1553ff2&uri=shared.php%3Fid%3D2850689-168%26name%3Dzx11+ninja+zx11+motorcycle+for+sale HTTP/1.1" 200 21576 "-" "Mozilla/5.0 (Linux; Android 6.0.1; Nexus 5X Build/MMB29P) AppleWebKit/537.36 (KHTML, like Gecko) Chrome/137.0.7151.103 Mobile Safari/537.36 (compatible; Googlebot/2.1; +http://www.google.com/bot.html)"
66.249.70.33 - - [10/Jul/2025:14:09:11 -0400] "GET /?v=85157305011330&mod=5b4e201b&uri=news.php%3Fid%3D2851186-155%26name%3Dmarc+jacobs+slouch+bag+with+chain HTTP/1.1" 200 21676 "-" "Mozilla/5.0 (Linux; Android 6.0.1; Nexus 5X Build/MMB29P) AppleWebKit/537.36 (KHTML, like Gecko) Chrome/137.0.7151.103 Mobile Safari/537.36 (compatible; Googlebot/2.1; +http://www.google.com/bot.html)"
66.249.70.32 - - [10/Jul/2025:14:09:15 -0400] "POST /get-message-notify HTTP/1.1" 404 1251 "https://www.getschooljobs.com/?v=43909811031330&mod=c82b234a&uri=search.php%3Fid%3D1470170-858%26name%3Dwomens+sandals+stuart+weitzman+buy+online" "Mozilla/5.0 (Linux; Android 6.0.1; Nexus 5X Build/MMB29P) AppleWebKit/537.36 (KHTML, like Gecko) Chrome/137.0.7151.119 Mobile Safari/537.36 (compatible; Googlebot/2.1; +http://www.google.com/bot.html)"
66.249.70.32 - - [10/Jul/2025:14:09:15 -0400] "GET /?v=1409931031330&mod=edf959e1&uri=shop.php%3Fid%3D47216-102%26name%3Dleggings+dri+fit+shorts HTTP/1.1" 200 22047 "-" "Mozilla/5.0 (Linux; Android 6.0.1; Nexus 5X Build/MMB29P) AppleWebKit/537.36 (KHTML, like Gecko) Chrome/137.0.7151.103 Mobile Safari/537.36 (compatible; Googlebot/2.1; +http://www.google.com/bot.html)"
66.249.70.32 - - [10/Jul/2025:14:09:17 -0400] "POST /get-message-notify HTTP/1.1" 404 1251 "https://www.getschooljobs.com/?v=85157305011330&mod=5b4e201b&uri=news.php%3Fid%3D2851186-155%26name%3Dmarc+jacobs+slouch+bag+with+chain" "Mozilla/5.0 (Linux; Android 6.0.1; Nexus 5X Build/MMB29P) AppleWebKit/537.36 (KHTML, like Gecko) Chrome/137.0.7151.119 Mobile Safari/537.36 (compatible; Googlebot/2.1; +http://www.google.com/bot.html)"
66.249.70.32 - - [10/Jul/2025:14:09:20 -0400] "GET /?v=85151379031330&mod=b1553ff2&uri=product.php%3Fid%3D2850988-168%26name%3Dmotorcycle+ktm+adventure+2015 HTTP/1.1" 200 21573 "-" "Mozilla/5.0 (Linux; Android 6.0.1; Nexus 5X Build/MMB29P) AppleWebKit/537.36 (KHTML, like Gecko) Chrome/137.0.7151.103 Mobile Safari/537.36 (compatible; Googlebot/2.1; +http://www.google.com/bot.html)"
66.249.70.32 - - [10/Jul/2025:14:09:29 -0400] "GET /?v=85159455031330&mod=7c8b8059&uri=itm.php%3Fid%3D2851258-1066%26name%3Dhandbags+crossbody+mac+crossbody+rebecca+minkoff HTTP/1.1" 200 22094 "-" "Mozilla/5.0 (Linux; Android 6.0.1; Nexus 5X Build/MMB29P) AppleWebKit/537.36 (KHTML, like Gecko) Chrome/137.0.7151.103 Mobile Safari/537.36 (compatible; Googlebot/2.1; +http://www.google.com/bot.html)"
66.249.70.32 - - [10/Jul/2025:14:09:29 -0400] "GET /?v=1445467021330&mod=bd50bebe&uri=product.php%3Fid%3D48403-406%26name%3Dapparel+the+sun+is+high+and+so+am+i+shirt HTTP/1.1" 200 21845 "-" "Mozilla/5.0 (Linux; Android 6.0.1; Nexus 5X Build/MMB29P) AppleWebKit/537.36 (KHTML, like Gecko) Chrome/137.0.7151.103 Mobile Safari/537.36 (compatible; Googlebot/2.1; +http://www.google.com/bot.html)"
66.249.70.32 - - [10/Jul/2025:14:09:37 -0400] "GET /?v=97532432051330&mod=d4e452f4&uri=article.php%3Fid%3D3265496-137%26name%3Dyardley+soap+english+lavender+100g HTTP/1.1" 200 22036 "-" "Mozilla/5.0 (Linux; Android 6.0.1; Nexus 5X Build/MMB29P) AppleWebKit/537.36 (KHTML, like Gecko) Chrome/137.0.7151.103 Mobile Safari/537.36 (compatible; Googlebot/2.1; +http://www.google.com/bot.html)"
66.249.70.32 - - [10/Jul/2025:14:09:41 -0400] "POST /get-message-notify HTTP/1.1" 404 1251 "https://www.getschooljobs.com/?v=97532432051330&mod=d4e452f4&uri=article.php%3Fid%3D3265496-137%26name%3Dyardley+soap+english+lavender+100g" "Mozilla/5.0 (Linux; Android 6.0.1; Nexus 5X Build/MMB29P) AppleWebKit/537.36 (KHTML, like Gecko) Chrome/137.0.7151.119 Mobile Safari/537.36 (compatible; Googlebot/2.1; +http://www.google.com/bot.html)"
66.249.70.32 - - [10/Jul/2025:14:09:42 -0400] "GET /?v=15631313001330&mod=4a490465&uri=form.php%3Fid%3D523431-1031%26name%3Dcoach+stivali+farfetch+stivali HTTP/1.1" 200 20700 "-" "Mozilla/5.0 (Linux; Android 6.0.1; Nexus 5X Build/MMB29P) AppleWebKit/537.36 (KHTML, like Gecko) Chrome/137.0.7151.103 Mobile Safari/537.36 (compatible; Googlebot/2.1; +http://www.google.com/bot.html)"
66.249.70.32 - - [10/Jul/2025:14:09:42 -0400] "GET /?v=1445527041330&mod=c0681c91&uri=shop.php%3Fid%3D48405-206%26name%3Dcentrala+termica+caldaia+immergas+eolo+mini+28+kw HTTP/1.1" 200 22000 "-" "Mozilla/5.0 (Linux; Android 6.0.1; Nexus 5X Build/MMB29P) AppleWebKit/537.36 (KHTML, like Gecko) Chrome/137.0.7151.103 Mobile Safari/537.36 (compatible; Googlebot/2.1; +http://www.google.com/bot.html)"
66.249.70.32 - - [10/Jul/2025:14:09:47 -0400] "GET /?v=71557598011330&mod=52883377&uri=us.php%3Fid%3D2395906-708%26name%3Dsilver+gold+sparkly+prom+shoes HTTP/1.1" 200 21283 "-" "Mozilla/5.0 (Linux; Android 6.0.1; Nexus 5X Build/MMB29P) AppleWebKit/537.36 (KHTML, like Gecko) Chrome/137.0.7151.103 Mobile Safari/537.36 (compatible; Googlebot/2.1; +http://www.google.com/bot.html)"
66.249.70.32 - - [10/Jul/2025:14:09:51 -0400] "GET /?v=62225000001330&mod=8ed16b12&uri=info.php%3Fid%3D2083427-309%26name%3Datnx+shoes+authentix+sneaker+and+clothing+boutique HTTP/1.1" 200 21488 "-" "Mozilla/5.0 (Linux; Android 6.0.1; Nexus 5X Build/MMB29P) AppleWebKit/537.36 (KHTML, like Gecko) Chrome/137.0.7151.103 Mobile Safari/537.36 (compatible; Googlebot/2.1; +http://www.google.com/bot.html)"
66.249.70.34 - - [10/Jul/2025:14:10:00 -0400] "GET /?v=30116641021330&mod=2a962e14&uri=blog.php%3Fid%3D1008491-331%26name%3Dmercadolibre+carteras+de+tela+para+damas HTTP/1.1" 200 21520 "-" "Mozilla/5.0 (Linux; Android 6.0.1; Nexus 5X Build/MMB29P) AppleWebKit/537.36 (KHTML, like Gecko) Chrome/137.0.7151.103 Mobile Safari/537.36 (compatible; Googlebot/2.1; +http://www.google.com/bot.html)"
66.249.70.33 - - [10/Jul/2025:14:10:05 -0400] "GET /?v=62230037001330&mod=8ed16b12&uri=info.php%3Fid%3D2083597-309%26name%3Dnath+new+model+nose+pin HTTP/1.1" 200 21734 "-" "Mozilla/5.0 (Linux; Android 6.0.1; Nexus 5X Build/MMB29P) AppleWebKit/537.36 (KHTML, like Gecko) Chrome/137.0.7151.103 Mobile Safari/537.36 (compatible; Googlebot/2.1; +http://www.google.com/bot.html)"
66.249.70.32 - - [10/Jul/2025:14:10:10 -0400] "GET /?v=30115381001330&mod=2a962e14&uri=info.php%3Fid%3D1008449-331%26name%3Dhandbag+bolsos+gucci+mujer+outlet HTTP/1.1" 200 21820 "-" "Mozilla/5.0 (Linux; Android 6.0.1; Nexus 5X Build/MMB29P) AppleWebKit/537.36 (KHTML, like Gecko) Chrome/137.0.7151.103 Mobile Safari/537.36 (compatible; Googlebot/2.1; +http://www.google.com/bot.html)"
43.135.148.92 - - [10/Jul/2025:14:10:12 -0400] "GET / HTTP/1.1" 200 5437 "http://getschooljobs.com" "Mozilla/5.0 (iPhone; CPU iPhone OS 13_2_3 like Mac OS X) AppleWebKit/605.1.15 (KHTML, like Gecko) Version/13.0.3 Mobile/15E148 Safari/604.1"
66.249.70.32 - - [10/Jul/2025:14:10:13 -0400] "POST /get-message-notify HTTP/1.1" 404 1251 "https://www.getschooljobs.com/?v=30115381001330&mod=2a962e14&uri=info.php%3Fid%3D1008449-331%26name%3Dhandbag+bolsos+gucci+mujer+outlet" "Mozilla/5.0 (Linux; Android 6.0.1; Nexus 5X Build/MMB29P) AppleWebKit/537.36 (KHTML, like Gecko) Chrome/137.0.7151.119 Mobile Safari/537.36 (compatible; Googlebot/2.1; +http://www.google.com/bot.html)"
66.249.70.32 - - [10/Jul/2025:14:10:14 -0400] "GET /?v=71562584031330&mod=efe8c47a&uri=us.php%3Fid%3D2396074-538%26name%3Dkeratina+nanoplastia+zero HTTP/1.1" 200 21655 "-" "Mozilla/5.0 (Linux; Android 6.0.1; Nexus 5X Build/MMB29P) AppleWebKit/537.36 (KHTML, like Gecko) Chrome/137.0.7151.103 Mobile Safari/537.36 (compatible; Googlebot/2.1; +http://www.google.com/bot.html)"
66.249.70.32 - - [10/Jul/2025:14:10:19 -0400] "GET /?v=67106745071330&mod=2f9f7aa3&uri=article.php%3Fid%3D2246922-1545%26name%3Dlifting+belt+reebok+crossfit+shoes+for+weightlifting HTTP/1.1" 200 20218 "-" "Mozilla/5.0 (Linux; Android 6.0.1; Nexus 5X Build/MMB29P) AppleWebKit/537.36 (KHTML, like Gecko) Chrome/137.0.7151.103 Mobile Safari/537.36 (compatible; Googlebot/2.1; +http://www.google.com/bot.html)"
66.249.74.130 - - [10/Jul/2025:14:10:24 -0400] "GET /?v=4004776001330&mod=a29fe708&uri=itm.php%3Fid%3D134049-702%26name%3Dapple+watch+michele+ceramic+watch+band+replacement HTTP/1.1" 200 21725 "-" "Mozilla/5.0 (Linux; Android 6.0.1; Nexus 5X Build/MMB29P) AppleWebKit/537.36 (KHTML, like Gecko) Chrome/137.0.7151.103 Mobile Safari/537.36 (compatible; Googlebot/2.1; +http://www.google.com/bot.html)"
66.249.70.32 - - [10/Jul/2025:14:10:37 -0400] "GET /?v=78809275131330&mod=1b51720e&uri=goods.php%3Fid%3D2638718-327%26name%3Dfiancaille+auchan+bague+or+auchan HTTP/1.1" 200 21241 "-" "Mozilla/5.0 (Linux; Android 6.0.1; Nexus 5X Build/MMB29P) AppleWebKit/537.36 (KHTML, like Gecko) Chrome/137.0.7151.103 Mobile Safari/537.36 (compatible; Googlebot/2.1; +http://www.google.com/bot.html)"
66.249.70.32 - - [10/Jul/2025:14:10:38 -0400] "GET /?v=81089837031330&mod=0fe392f8&uri=products.php%3Fid%3D2715040-739%26name%3Ddonkey+kong+animal+crossing+gamecube+nes+games HTTP/1.1" 200 21846 "-" "Mozilla/5.0 (Linux; Android 6.0.1; Nexus 5X Build/MMB29P) AppleWebKit/537.36 (KHTML, like Gecko) Chrome/137.0.7151.103 Mobile Safari/537.36 (compatible; Googlebot/2.1; +http://www.google.com/bot.html)"
66.249.70.32 - - [10/Jul/2025:14:10:38 -0400] "POST /get-message-notify HTTP/1.1" 404 1251 "https://www.getschooljobs.com/?v=15631313001330&mod=4a490465&uri=form.php%3Fid%3D523431-1031%26name%3Dcoach+stivali+farfetch+stivali" "Mozilla/5.0 (Linux; Android 6.0.1; Nexus 5X Build/MMB29P) AppleWebKit/537.36 (KHTML, like Gecko) Chrome/137.0.7151.119 Mobile Safari/537.36 (compatible; Googlebot/2.1; +http://www.google.com/bot.html)"
66.249.70.32 - - [10/Jul/2025:14:10:46 -0400] "GET /?v=67151381031330&mod=271d8343&uri=search.php%3Fid%3D2248413-1191%26name%3Dmax+airpods+pro+solo+se+escucha+uno HTTP/1.1" 200 21627 "-" "Mozilla/5.0 (Linux; Android 6.0.1; Nexus 5X Build/MMB29P) AppleWebKit/537.36 (KHTML, like Gecko) Chrome/137.0.7151.103 Mobile Safari/537.36 (compatible; Googlebot/2.1; +http://www.google.com/bot.html)"
66.249.70.32 - - [10/Jul/2025:14:10:49 -0400] "POST /get-message-notify HTTP/1.1" 404 1251 "https://www.getschooljobs.com/?v=67151381031330&mod=271d8343&uri=search.php%3Fid%3D2248413-1191%26name%3Dmax+airpods+pro+solo+se+escucha+uno" "Mozilla/5.0 (Linux; Android 6.0.1; Nexus 5X Build/MMB29P) AppleWebKit/537.36 (KHTML, like Gecko) Chrome/137.0.7151.119 Mobile Safari/537.36 (compatible; Googlebot/2.1; +http://www.google.com/bot.html)"
66.249.70.32 - - [10/Jul/2025:14:10:50 -0400] "POST /get-message-notify HTTP/1.1" 404 1251 "https://www.getschooljobs.com/?v=78809275131330&mod=1b51720e&uri=goods.php%3Fid%3D2638718-327%26name%3Dfiancaille+auchan+bague+or+auchan" "Mozilla/5.0 (Linux; Android 6.0.1; Nexus 5X Build/MMB29P) AppleWebKit/537.36 (KHTML, like Gecko) Chrome/137.0.7151.119 Mobile Safari/537.36 (compatible; Googlebot/2.1; +http://www.google.com/bot.html)"
66.249.70.32 - - [10/Jul/2025:14:10:51 -0400] "GET /?v=71563844051330&mod=fd06b8ea&uri=article.php%3Fid%3D2396116-11%26name%3Dbottine+femme+gabor+halkirk+boots HTTP/1.1" 200 20901 "-" "Mozilla/5.0 (Linux; Android 6.0.1; Nexus 5X Build/MMB29P) AppleWebKit/537.36 (KHTML, like Gecko) Chrome/137.0.7151.103 Mobile Safari/537.36 (compatible; Googlebot/2.1; +http://www.google.com/bot.html)"
66.249.70.32 - - [10/Jul/2025:14:10:54 -0400] "POST /get-message-notify HTTP/1.1" 404 1251 "https://www.getschooljobs.com/?v=71563844051330&mod=fd06b8ea&uri=article.php%3Fid%3D2396116-11%26name%3Dbottine+femme+gabor+halkirk+boots" "Mozilla/5.0 (Linux; Android 6.0.1; Nexus 5X Build/MMB29P) AppleWebKit/537.36 (KHTML, like Gecko) Chrome/137.0.7151.119 Mobile Safari/537.36 (compatible; Googlebot/2.1; +http://www.google.com/bot.html)"
66.249.70.32 - - [10/Jul/2025:14:10:55 -0400] "GET /?v=67155425011330&mod=271d8343&uri=shop.php%3Fid%3D2248548-1191%26name%3Dwireless+headphones+sennheiser+wireless+hd+bt HTTP/1.1" 200 21090 "-" "Mozilla/5.0 (Linux; Android 6.0.1; Nexus 5X Build/MMB29P) AppleWebKit/537.36 (KHTML, like Gecko) Chrome/137.0.7151.103 Mobile Safari/537.36 (compatible; Googlebot/2.1; +http://www.google.com/bot.html)"
66.249.70.32 - - [10/Jul/2025:14:10:59 -0400] "GET /?v=30116431071330&mod=0fb3018d&uri=brands.php%3Fid%3D1008484-961%26name%3Dleather+wallet+kate+spade+adel+bifold+wallet HTTP/1.1" 200 21099 "-" "Mozilla/5.0 (Linux; Android 6.0.1; Nexus 5X Build/MMB29P) AppleWebKit/537.36 (KHTML, like Gecko) Chrome/137.0.7151.103 Mobile Safari/537.36 (compatible; Googlebot/2.1; +http://www.google.com/bot.html)"
66.249.70.32 - - [10/Jul/2025:14:11:04 -0400] "GET /?v=4000276011330&mod=b0c7c1b3&uri=goods.php%3Fid%3D133899-733%26name%3Dscissors+set+dog+grooming+chunking+shears HTTP/1.1" 200 22423 "-" "Mozilla/5.0 (Linux; Android 6.0.1; Nexus 5X Build/MMB29P) AppleWebKit/537.36 (KHTML, like Gecko) Chrome/137.0.7151.103 Mobile Safari/537.36 (compatible; Googlebot/2.1; +http://www.google.com/bot.html)"
66.249.70.32 - - [10/Jul/2025:14:11:09 -0400] "POST /get-message-notify HTTP/1.1" 404 1251 "https://www.getschooljobs.com/?v=71557598011330&mod=52883377&uri=us.php%3Fid%3D2395906-708%26name%3Dsilver+gold+sparkly+prom+shoes" "Mozilla/5.0 (Linux; Android 6.0.1; Nexus 5X Build/MMB29P) AppleWebKit/537.36 (KHTML, like Gecko) Chrome/137.0.7151.119 Mobile Safari/537.36 (compatible; Googlebot/2.1; +http://www.google.com/bot.html)"
66.249.70.32 - - [10/Jul/2025:14:11:09 -0400] "GET /?v=94366496021330&mod=4ec227f2&uri=article.php%3Fid%3D3159487-267%26name%3Dtripod+mount+car+tripod+for+phone HTTP/1.1" 200 22292 "-" "Mozilla/5.0 (Linux; Android 6.0.1; Nexus 5X Build/MMB29P) AppleWebKit/537.36 (KHTML, like Gecko) Chrome/137.0.7151.103 Mobile Safari/537.36 (compatible; Googlebot/2.1; +http://www.google.com/bot.html)"
66.249.70.32 - - [10/Jul/2025:14:11:17 -0400] "GET /?v=4001176061330&mod=0dd81a42&uri=info.php%3Fid%3D133929-477%26name%3D4k+ultra+hd+affordable+4k+camera HTTP/1.1" 200 21713 "-" "Mozilla/5.0 (Linux; Android 6.0.1; Nexus 5X Build/MMB29P) AppleWebKit/537.36 (KHTML, like Gecko) Chrome/137.0.7151.103 Mobile Safari/537.36 (compatible; Googlebot/2.1; +http://www.google.com/bot.html)"
66.249.70.32 - - [10/Jul/2025:14:11:22 -0400] "GET /?v=62225450001330&mod=8ed16b12&uri=products.php%3Fid%3D2083442-309%26name%3Dwinter+snood+fleece+scarf HTTP/1.1" 200 21228 "-" "Mozilla/5.0 (Linux; Android 6.0.1; Nexus 5X Build/MMB29P) AppleWebKit/537.36 (KHTML, like Gecko) Chrome/137.0.7151.103 Mobile Safari/537.36 (compatible; Googlebot/2.1; +http://www.google.com/bot.html)"
74.7.35.53 - - [10/Jul/2025:14:11:28 -0400] "GET /?mod=60e1deb0&uri=shared.php?id%3D387526-44%26name%3Dbaggy+pleated+trousers+mens&v=11575171031330 HTTP/1.1" 200 4655 "-" "Mozilla/5.0 AppleWebKit/537.36 (KHTML, like Gecko); compatible; ChatGPT-User/1.0; +https://openai.com/bot"
66.249.70.32 - - [10/Jul/2025:14:11:30 -0400] "GET /?v=119110666041330&mod=adb1341c&uri=news.php%3Fid%3D3987990-299%26name%3Dboss+baby+pacifier+png HTTP/1.1" 200 21988 "-" "Mozilla/5.0 (Linux; Android 6.0.1; Nexus 5X Build/MMB29P) AppleWebKit/537.36 (KHTML, like Gecko) Chrome/137.0.7151.103 Mobile Safari/537.36 (compatible; Googlebot/2.1; +http://www.google.com/bot.html)"
66.249.70.32 - - [10/Jul/2025:14:11:30 -0400] "GET /?v=30287075081330&mod=a5d42e40&uri=article.php%3Fid%3D1014200-59%26name%3Delite+active+75t+jaybird+vista+vs+jabra+75t HTTP/1.1" 200 21892 "-" "Mozilla/5.0 (Linux; Android 6.0.1; Nexus 5X Build/MMB29P) AppleWebKit/537.36 (KHTML, like Gecko) Chrome/137.0.7151.103 Mobile Safari/537.36 (compatible; Googlebot/2.1; +http://www.google.com/bot.html)"
66.249.70.32 - - [10/Jul/2025:14:11:35 -0400] "GET /?v=102363552071330&mod=efa0bc42&uri=pin.php%3Fid%3D3427306-1159%26name%3Djordan+jumpman+2021+new+shoes+basketball+2021 HTTP/1.1" 200 20214 "-" "Mozilla/5.0 (Linux; Android 6.0.1; Nexus 5X Build/MMB29P) AppleWebKit/537.36 (KHTML, like Gecko) Chrome/137.0.7151.103 Mobile Safari/537.36 (compatible; Googlebot/2.1; +http://www.google.com/bot.html)"
74.7.35.56 - - [10/Jul/2025:14:11:35 -0400] "GET / HTTP/1.1" 200 4655 "-" "Mozilla/5.0 AppleWebKit/537.36 (KHTML, like Gecko); compatible; ChatGPT-User/1.0; +https://openai.com/bot"
66.249.70.32 - - [10/Jul/2025:14:11:39 -0400] "GET /?v=3996377021330&mod=0dd81a42&uri=news.php%3Fid%3D133769-477%26name%3Dultra+wide+galaxy+note+20+ultra+5g+zoom HTTP/1.1" 200 22132 "-" "Mozilla/5.0 (Linux; Android 6.0.1; Nexus 5X Build/MMB29P) AppleWebKit/537.36 (KHTML, like Gecko) Chrome/137.0.7151.103 Mobile Safari/537.36 (compatible; Googlebot/2.1; +http://www.google.com/bot.html)"
66.249.70.32 - - [10/Jul/2025:14:11:44 -0400] "GET /?v=62219465101330&mod=80fe651f&uri=itm.php%3Fid%3D2083242-180%26name%3Dcrewneck+sweatshirt+guess+sweatshirt+india HTTP/1.1" 200 21562 "-" "Mozilla/5.0 (Linux; Android 6.0.1; Nexus 5X Build/MMB29P) AppleWebKit/537.36 (KHTML, like Gecko) Chrome/137.0.7151.103 Mobile Safari/537.36 (compatible; Googlebot/2.1; +http://www.google.com/bot.html)"
66.249.70.32 - - [10/Jul/2025:14:11:45 -0400] "POST /get-message-notify HTTP/1.1" 404 1251 "https://www.getschooljobs.com/?v=3996377021330&mod=0dd81a42&uri=news.php%3Fid%3D133769-477%26name%3Dultra+wide+galaxy+note+20+ultra+5g+zoom" "Mozilla/5.0 (Linux; Android 6.0.1; Nexus 5X Build/MMB29P) AppleWebKit/537.36 (KHTML, like Gecko) Chrome/137.0.7151.119 Mobile Safari/537.36 (compatible; Googlebot/2.1; +http://www.google.com/bot.html)"
66.249.70.32 - - [10/Jul/2025:14:11:49 -0400] "GET /?v=30115231051330&mod=2a962e14&uri=info.php%3Fid%3D1008444-331%26name%3Dzara+bolsos+tote HTTP/1.1" 200 21072 "-" "Mozilla/5.0 (Linux; Android 6.0.1; Nexus 5X Build/MMB29P) AppleWebKit/537.36 (KHTML, like Gecko) Chrome/137.0.7151.103 Mobile Safari/537.36 (compatible; Googlebot/2.1; +http://www.google.com/bot.html)"
66.249.70.32 - - [10/Jul/2025:14:11:51 -0400] "GET /?v=30106836101330&mod=b305a9a1&uri=product.php%3Fid%3D1008164-326%26name%3Dbackpack+american+tourister+mochilas HTTP/1.1" 200 21503 "-" "Mozilla/5.0 (Linux; Android 6.0.1; Nexus 5X Build/MMB29P) AppleWebKit/537.36 (KHTML, like Gecko) Chrome/137.0.7151.103 Mobile Safari/537.36 (compatible; Googlebot/2.1; +http://www.google.com/bot.html)"
66.249.70.32 - - [10/Jul/2025:14:11:55 -0400] "GET /?v=71560929021330&mod=efe8c47a&uri=product.php%3Fid%3D2396018-538%26name%3Dcoches+teledirigidos+los+mejores+crawler+rc HTTP/1.1" 200 22717 "-" "Mozilla/5.0 (Linux; Android 6.0.1; Nexus 5X Build/MMB29P) AppleWebKit/537.36 (KHTML, like Gecko) Chrome/137.0.7151.103 Mobile Safari/537.36 (compatible; Googlebot/2.1; +http://www.google.com/bot.html)"
66.249.70.32 - - [10/Jul/2025:14:11:58 -0400] "POST /get-message-notify HTTP/1.1" 404 1251 "https://www.getschooljobs.com/?v=71560929021330&mod=efe8c47a&uri=product.php%3Fid%3D2396018-538%26name%3Dcoches+teledirigidos+los+mejores+crawler+rc" "Mozilla/5.0 (Linux; Android 6.0.1; Nexus 5X Build/MMB29P) AppleWebKit/537.36 (KHTML, like Gecko) Chrome/137.0.7151.119 Mobile Safari/537.36 (compatible; Googlebot/2.1; +http://www.google.com/bot.html)"
66.249.70.33 - - [10/Jul/2025:14:12:01 -0400] "GET /?v=62148500051330&mod=4ec227f2&uri=itm.php%3Fid%3D2080867-267%26name%3Dcharging+cable+realme+c11+wireless+charging HTTP/1.1" 200 22028 "-" "Mozilla/5.0 (Linux; Android 6.0.1; Nexus 5X Build/MMB29P) AppleWebKit/537.36 (KHTML, like Gecko) Chrome/137.0.7151.103 Mobile Safari/537.36 (compatible; Googlebot/2.1; +http://www.google.com/bot.html)"
66.249.70.32 - - [10/Jul/2025:14:12:05 -0400] "POST /get-message-notify HTTP/1.1" 404 1251 "https://www.getschooljobs.com/?v=62148500051330&mod=4ec227f2&uri=itm.php%3Fid%3D2080867-267%26name%3Dcharging+cable+realme+c11+wireless+charging" "Mozilla/5.0 (Linux; Android 6.0.1; Nexus 5X Build/MMB29P) AppleWebKit/537.36 (KHTML, like Gecko) Chrome/137.0.7151.119 Mobile Safari/537.36 (compatible; Googlebot/2.1; +http://www.google.com/bot.html)"
66.249.70.32 - - [10/Jul/2025:14:12:06 -0400] "GET /?v=67154231031330&mod=131791fd&uri=product.php%3Fid%3D2248508-270%26name%3Dgift+set+molton+brown+fiery+pink+pepper+perfume HTTP/1.1" 200 22448 "-" "Mozilla/5.0 (Linux; Android 6.0.1; Nexus 5X Build/MMB29P) AppleWebKit/537.36 (KHTML, like Gecko) Chrome/137.0.7151.103 Mobile Safari/537.36 (compatible; Googlebot/2.1; +http://www.google.com/bot.html)"
197.211.52.186 - - [10/Jul/2025:14:12:06 -0400] "GET /?v=71100177081330&mod=6b77b838&uri=category-info.php%3Fid%3D2380603-158%26name%3Dsmall+bumblebee+toy+car HTTP/1.1" 200 131 "https://www.google.com/" "Mozilla/5.0 (Linux; Android 6.0.1; SM-G532M Build/MMB29T) AppleWebKit/537.36 (KHTML, like Gecko) Chrome/55.0.2883.91 Mobile Safari/537.36"
197.211.52.186 - - [10/Jul/2025:14:12:07 -0400] "GET /favicon.ico HTTP/1.1" 404 1251 "https://www.getschooljobs.com/?v=71100177081330&mod=6b77b838&uri=category-info.php%3Fid%3D2380603-158%26name%3Dsmall+bumblebee+toy+car" "Mozilla/5.0 (Linux; Android 6.0.1; SM-G532M Build/MMB29T) AppleWebKit/537.36 (KHTML, like Gecko) Chrome/55.0.2883.91 Mobile Safari/537.36"
66.249.70.32 - - [10/Jul/2025:14:12:10 -0400] "GET /?v=4009853011330&mod=a29fe708&uri=article.php%3Fid%3D134219-702%26name%3Dexpedition+scout+timex+expedition+indiglo+strap HTTP/1.1" 200 21812 "-" "Mozilla/5.0 (Linux; Android 6.0.1; Nexus 5X Build/MMB29P) AppleWebKit/537.36 (KHTML, like Gecko) Chrome/137.0.7151.103 Mobile Safari/537.36 (compatible; Googlebot/2.1; +http://www.google.com/bot.html)"
66.249.70.32 - - [10/Jul/2025:14:12:19 -0400] "GET /?v=67154681081330&mod=271d8343&uri=info.php%3Fid%3D2248523-1191%26name%3Daud%C3%ADfonos+inal%C3%A1mbricos+audifonos+acteck HTTP/1.1" 200 21077 "-" "Mozilla/5.0 (Linux; Android 6.0.1; Nexus 5X Build/MMB29P) AppleWebKit/537.36 (KHTML, like Gecko) Chrome/137.0.7151.103 Mobile Safari/537.36 (compatible; Googlebot/2.1; +http://www.google.com/bot.html)"
66.249.70.32 - - [10/Jul/2025:14:12:23 -0400] "GET /?v=3839627011330&mod=ac42634b&uri=info.php%3Fid%3D128528-356%26name%3Dsmiths+skirting+heaters HTTP/1.1" 200 21834 "-" "Mozilla/5.0 (Linux; Android 6.0.1; Nexus 5X Build/MMB29P) AppleWebKit/537.36 (KHTML, like Gecko) Chrome/137.0.7151.103 Mobile Safari/537.36 (compatible; Googlebot/2.1; +http://www.google.com/bot.html)"
66.249.70.32 - - [10/Jul/2025:14:12:24 -0400] "GET /?v=51213834001330&mod=8965f766&uri=blog.php%3Fid%3D1714639-55%26name%3Dcrochet+borse+handmade+tutorial HTTP/1.1" 200 21799 "-" "Mozilla/5.0 (Linux; Android 6.0.1; Nexus 5X Build/MMB29P) AppleWebKit/537.36 (KHTML, like Gecko) Chrome/137.0.7151.103 Mobile Safari/537.36 (compatible; Googlebot/2.1; +http://www.google.com/bot.html)"
66.249.70.32 - - [10/Jul/2025:14:12:33 -0400] "GET /?v=78804692091330&mod=25766f01&uri=dp.php%3Fid%3D2638564-29%26name%3Dgiant+stance+e%2B+giant+electric+mountain+bike HTTP/1.1" 200 21383 "-" "Mozilla/5.0 (Linux; Android 6.0.1; Nexus 5X Build/MMB29P) AppleWebKit/537.36 (KHTML, like Gecko) Chrome/137.0.7151.103 Mobile Safari/537.36 (compatible; Googlebot/2.1; +http://www.google.com/bot.html)"
66.249.70.32 - - [10/Jul/2025:14:12:37 -0400] "GET /?v=30115861111330&mod=2a962e14&uri=blog.php%3Fid%3D1008465-331%26name%3Dhandbag+bolsos+tote HTTP/1.1" 200 20940 "-" "Mozilla/5.0 (Linux; Android 6.0.1; Nexus 5X Build/MMB29P) AppleWebKit/537.36 (KHTML, like Gecko) Chrome/137.0.7151.103 Mobile Safari/537.36 (compatible; Googlebot/2.1; +http://www.google.com/bot.html)"
66.249.70.32 - - [10/Jul/2025:14:12:40 -0400] "POST /get-message-notify HTTP/1.1" 404 1251 "https://www.getschooljobs.com/?v=30115861111330&mod=2a962e14&uri=blog.php%3Fid%3D1008465-331%26name%3Dhandbag+bolsos+tote" "Mozilla/5.0 (Linux; Android 6.0.1; Nexus 5X Build/MMB29P) AppleWebKit/537.36 (KHTML, like Gecko) Chrome/137.0.7151.119 Mobile Safari/537.36 (compatible; Googlebot/2.1; +http://www.google.com/bot.html)"
66.249.70.32 - - [10/Jul/2025:14:12:41 -0400] "GET /?v=71565734021330&mod=26dd0dbc&uri=shared.php%3Fid%3D2396179-6%26name%3Dddr3+1333mhz+4gb+ddr3+ram+for+hp+laptop HTTP/1.1" 200 21915 "-" "Mozilla/5.0 (Linux; Android 6.0.1; Nexus 5X Build/MMB29P) AppleWebKit/537.36 (KHTML, like Gecko) Chrome/137.0.7151.103 Mobile Safari/537.36 (compatible; Googlebot/2.1; +http://www.google.com/bot.html)"
66.249.70.32 - - [10/Jul/2025:14:12:46 -0400] "GET /?v=78807609071330&mod=51323239&uri=shared.php%3Fid%3D2638662-348%26name%3Dlego+duplo+silvercrest+lego HTTP/1.1" 200 21727 "-" "Mozilla/5.0 (Linux; Android 6.0.1; Nexus 5X Build/MMB29P) AppleWebKit/537.36 (KHTML, like Gecko) Chrome/137.0.7151.103 Mobile Safari/537.36 (compatible; Googlebot/2.1; +http://www.google.com/bot.html)"
66.249.70.32 - - [10/Jul/2025:14:12:51 -0400] "GET /?v=92260284011330&mod=6b77b838&uri=category-info.php%3Fid%3D3088932-158%26name%3Dtomy+omnibot+2000+for+sale HTTP/1.1" 200 21626 "-" "Mozilla/5.0 (Linux; Android 6.0.1; Nexus 5X Build/MMB29P) AppleWebKit/537.36 (KHTML, like Gecko) Chrome/137.0.7151.103 Mobile Safari/537.36 (compatible; Googlebot/2.1; +http://www.google.com/bot.html)"
66.249.70.32 - - [10/Jul/2025:14:12:55 -0400] "GET /?v=78806364071330&mod=dd921d82&uri=product.php%3Fid%3D2638620-457%26name%3Djewelry+repair+jewelry+of+quality+store HTTP/1.1" 200 20324 "-" "Mozilla/5.0 (Linux; Android 6.0.1; Nexus 5X Build/MMB29P) AppleWebKit/537.36 (KHTML, like Gecko) Chrome/137.0.7151.103 Mobile Safari/537.36 (compatible; Googlebot/2.1; +http://www.google.com/bot.html)"
66.249.70.32 - - [10/Jul/2025:14:13:00 -0400] "GET /?v=30099964041330&mod=cb3a8b6a&uri=products.php%3Fid%3D1007933-1065%26name%3Dadidas+5xl+short+sleeve+windshirt HTTP/1.1" 200 21600 "-" "Mozilla/5.0 (Linux; Android 6.0.1; Nexus 5X Build/MMB29P) AppleWebKit/537.36 (KHTML, like Gecko) Chrome/137.0.7151.103 Mobile Safari/537.36 (compatible; Googlebot/2.1; +http://www.google.com/bot.html)"
66.249.70.32 - - [10/Jul/2025:14:13:01 -0400] "POST /get-message-notify HTTP/1.1" 404 1251 "https://www.getschooljobs.com/?v=78806364071330&mod=dd921d82&uri=product.php%3Fid%3D2638620-457%26name%3Djewelry+repair+jewelry+of+quality+store" "Mozilla/5.0 (Linux; Android 6.0.1; Nexus 5X Build/MMB29P) AppleWebKit/537.36 (KHTML, like Gecko) Chrome/137.0.7151.119 Mobile Safari/537.36 (compatible; Googlebot/2.1; +http://www.google.com/bot.html)"
24.214.53.219 - - [10/Jul/2025:14:13:01 -0400] "GET /?v=4076217011330&mod=ad92350e&uri=shared.php%3Fid%3D136438-129%26name%3Dshop+jewelry+stores+going+out+of+business+near+me HTTP/1.1" 200 132 "https://www.google.com/url?q=https://www.getschooljobs.com/%3Fv%3D4076217011330%26mod%3Dad92350e%26uri%3Dshared.php%253Fid%253D136438-129%2526name%253Dshop%2Bjewelry%2Bstores%2Bgoing%2Bout%2Bof%2Bbusiness%2Bnear%2Bme&sa=U&ved=2ahUKEwjo6dOg8rKOAxX9w8kDHc-nFPo4ChC4AnoECAoQAQ&usg=AOvVaw1i4E3CXsAxEsaSBJSV6sBK" "Mozilla/5.0 (iPhone; CPU iPhone OS 18_5_0 like Mac OS X) AppleWebKit/605.1.15 (KHTML, like Gecko) GSA/375.1.776343893 Mobile/15E148 Safari/604.1"
66.249.70.32 - - [10/Jul/2025:14:13:04 -0400] "GET /?v=97377381051330&mod=59e547f8&uri=article.php%3Fid%3D3260311-993%26name%3Dmu%C3%B1ecas+como+hacer+ganchos+para+percheros HTTP/1.1" 200 21850 "-" "Mozilla/5.0 (Linux; Android 6.0.1; Nexus 5X Build/MMB29P) AppleWebKit/537.36 (KHTML, like Gecko) Chrome/137.0.7151.103 Mobile Safari/537.36 (compatible; Googlebot/2.1; +http://www.google.com/bot.html)"
66.249.70.32 - - [10/Jul/2025:14:13:05 -0400] "GET /?v=62225300001330&mod=2e5b3204&uri=blog.php%3Fid%3D2083437-710%26name%3Ddog+harness+dog+carrier+service HTTP/1.1" 200 20939 "-" "Mozilla/5.0 (Linux; Android 6.0.1; Nexus 5X Build/MMB29P) AppleWebKit/537.36 (KHTML, like Gecko) Chrome/137.0.7151.103 Mobile Safari/537.36 (compatible; Googlebot/2.1; +http://www.google.com/bot.html)"
66.249.70.32 - - [10/Jul/2025:14:13:10 -0400] "GET /?v=67156925081330&mod=131791fd&uri=category-info.php%3Fid%3D2248598-270%26name%3Daroma+sauvage+sauvage+oil HTTP/1.1" 200 21991 "-" "Mozilla/5.0 (Linux; Android 6.0.1; Nexus 5X Build/MMB29P) AppleWebKit/537.36 (KHTML, like Gecko) Chrome/137.0.7151.103 Mobile Safari/537.36 (compatible; Googlebot/2.1; +http://www.google.com/bot.html)"
66.249.70.32 - - [10/Jul/2025:14:13:12 -0400] "POST /get-message-notify HTTP/1.1" 404 1251 "https://www.getschooljobs.com/?v=67156925081330&mod=131791fd&uri=category-info.php%3Fid%3D2248598-270%26name%3Daroma+sauvage+sauvage+oil" "Mozilla/5.0 (Linux; Android 6.0.1; Nexus 5X Build/MMB29P) AppleWebKit/537.36 (KHTML, like Gecko) Chrome/137.0.7151.119 Mobile Safari/537.36 (compatible; Googlebot/2.1; +http://www.google.com/bot.html)"
92.96.59.163 - - [10/Jul/2025:14:13:14 -0400] "GET /?v=101763684031330&mod=40cccad2&uri=product.php%3Fid%3D3407228-43%26name%3Dbest+site+to+sell+beanie+babies HTTP/1.1" 200 19037 "-" "Mozilla/5.0 (Linux; Android 8.0.0; XT1650) AppleWebKit/537.36 (KHTML, like Gecko) Chrome/74.0.3729.157 Mobile Safari/537.36"
66.249.70.32 - - [10/Jul/2025:14:13:15 -0400] "GET /?v=62229737001330&mod=8ed16b12&uri=category-info.php%3Fid%3D2083587-309%26name%3Dsquare+sunglasses+for+women+oval+face HTTP/1.1" 200 21525 "-" "Mozilla/5.0 (Linux; Android 6.0.1; Nexus 5X Build/MMB29P) AppleWebKit/537.36 (KHTML, like Gecko) Chrome/137.0.7151.103 Mobile Safari/537.36 (compatible; Googlebot/2.1; +http://www.google.com/bot.html)"
92.96.59.163 - - [10/Jul/2025:14:13:17 -0400] "GET /?mod=40cccad2%27&uri=product.php%3Fid%3D3407228-43%26name%3Dbest+site+to+sell+beanie+babies%27&v=101763684031330%27 HTTP/1.1" 200 19037 "-" "Mozilla/5.0 (iPad; U; CPU OS 4_3 like Mac OS X; en-us) AppleWebKit/533.17.9 (KHTML, like Gecko) Version/5.0.2 Mobile/8F190 Safari/6533.18.5"
66.249.70.32 - - [10/Jul/2025:14:13:19 -0400] "GET /?v=77458764021330&mod=bd50bebe&uri=us.php%3Fid%3D2593496-406%26name%3Datlanta+hawks+atlanta+dream+uniforms HTTP/1.1" 200 22284 "-" "Mozilla/5.0 (Linux; Android 6.0.1; Nexus 5X Build/MMB29P) AppleWebKit/537.36 (KHTML, like Gecko) Chrome/137.0.7151.103 Mobile Safari/537.36 (compatible; Googlebot/2.1; +http://www.google.com/bot.html)"
66.249.70.32 - - [10/Jul/2025:14:13:28 -0400] "GET /?v=71562374061330&mod=fd06b8ea&uri=goods.php%3Fid%3D2396067-11%26name%3Dblock+heel+boots+for+ladies+at+rage HTTP/1.1" 200 21162 "-" "Mozilla/5.0 (Linux; Android 6.0.1; Nexus 5X Build/MMB29P) AppleWebKit/537.36 (KHTML, like Gecko) Chrome/137.0.7151.103 Mobile Safari/537.36 (compatible; Googlebot/2.1; +http://www.google.com/bot.html)"
66.249.70.32 - - [10/Jul/2025:14:13:33 -0400] "POST /get-message-notify HTTP/1.1" 404 1251 "https://www.getschooljobs.com/?v=77458764021330&mod=bd50bebe&uri=us.php%3Fid%3D2593496-406%26name%3Datlanta+hawks+atlanta+dream+uniforms" "Mozilla/5.0 (Linux; Android 6.0.1; Nexus 5X Build/MMB29P) AppleWebKit/537.36 (KHTML, like Gecko) Chrome/137.0.7151.119 Mobile Safari/537.36 (compatible; Googlebot/2.1; +http://www.google.com/bot.html)"
66.249.70.32 - - [10/Jul/2025:14:13:32 -0400] "GET /?v=30115201041330&mod=2a962e14&uri=products.php%3Fid%3D1008443-331%26name%3Daccessorios+bolsos+save+my+bag+amazon HTTP/1.1" 200 20735 "-" "Mozilla/5.0 (Linux; Android 6.0.1; Nexus 5X Build/MMB29P) AppleWebKit/537.36 (KHTML, like Gecko) Chrome/137.0.7151.103 Mobile Safari/537.36 (compatible; Googlebot/2.1; +http://www.google.com/bot.html)"
66.249.70.32 - - [10/Jul/2025:14:13:35 -0400] "POST /get-message-notify HTTP/1.1" 404 1251 "https://www.getschooljobs.com/?v=71562374061330&mod=fd06b8ea&uri=goods.php%3Fid%3D2396067-11%26name%3Dblock+heel+boots+for+ladies+at+rage" "Mozilla/5.0 (Linux; Android 6.0.1; Nexus 5X Build/MMB29P) AppleWebKit/537.36 (KHTML, like Gecko) Chrome/137.0.7151.119 Mobile Safari/537.36 (compatible; Googlebot/2.1; +http://www.google.com/bot.html)"
66.249.70.32 - - [10/Jul/2025:14:13:37 -0400] "GET /?v=30115771011330&mod=2a962e14&uri=product.php%3Fid%3D1008462-331%26name%3Dmessenger+bags+bolsos+save+my+bag+amazon HTTP/1.1" 200 22116 "-" "Mozilla/5.0 (Linux; Android 6.0.1; Nexus 5X Build/MMB29P) AppleWebKit/537.36 (KHTML, like Gecko) Chrome/137.0.7151.103 Mobile Safari/537.36 (compatible; Googlebot/2.1; +http://www.google.com/bot.html)"
172.213.21.156 - - [10/Jul/2025:14:13:39 -0400] "GET /?mod=21fe5b8b&uri=article.php?id%3D1335246-16%26name%3Ddenim+shorts+jack+and+jones+batik&v=39877202071330 HTTP/1.1" 200 4655 "-" "Mozilla/5.0 AppleWebKit/537.36 (KHTML, like Gecko); compatible; ChatGPT-User/1.0; +https://openai.com/bot"
66.249.70.32 - - [10/Jul/2025:14:13:41 -0400] "GET /?v=71563424051330&mod=efe8c47a&uri=goods.php%3Fid%3D2396102-538%26name%3Dsedal+crema+para+cabello+rizado HTTP/1.1" 200 22151 "-" "Mozilla/5.0 (Linux; Android 6.0.1; Nexus 5X Build/MMB29P) AppleWebKit/537.36 (KHTML, like Gecko) Chrome/137.0.7151.103 Mobile Safari/537.36 (compatible; Googlebot/2.1; +http://www.google.com/bot.html)"
172.213.21.154 - - [10/Jul/2025:14:13:48 -0400] "GET / HTTP/1.1" 200 4655 "-" "Mozilla/5.0 AppleWebKit/537.36 (KHTML, like Gecko); compatible; ChatGPT-User/1.0; +https://openai.com/bot"
66.249.70.32 - - [10/Jul/2025:14:13:51 -0400] "GET /?v=62229010001330&mod=8ed16b12&uri=goods.php%3Fid%3D2083562-309%26name%3Dladies+belt+for+luxury+belt+sale HTTP/1.1" 200 21846 "-" "Mozilla/5.0 (Linux; Android 6.0.1; Nexus 5X Build/MMB29P) AppleWebKit/537.36 (KHTML, like Gecko) Chrome/137.0.7151.103 Mobile Safari/537.36 (compatible; Googlebot/2.1; +http://www.google.com/bot.html)"
66.249.70.32 - - [10/Jul/2025:14:13:56 -0400] "GET /?v=71561326011330&mod=efe8c47a&uri=blog.php%3Fid%3D2396032-538%26name%3Dpeinado+ondas+al+agua+pelo+corto HTTP/1.1" 200 22069 "-" "Mozilla/5.0 (Linux; Android 6.0.1; Nexus 5X Build/MMB29P) AppleWebKit/537.36 (KHTML, like Gecko) Chrome/137.0.7151.103 Mobile Safari/537.36 (compatible; Googlebot/2.1; +http://www.google.com/bot.html)"
66.249.70.33 - - [10/Jul/2025:14:14:02 -0400] "GET /?v=62227831051330&mod=8ed16b12&uri=products.php%3Fid%3D2083522-309%26name%3Dferragamo+belt+luxury+belt+sale HTTP/1.1" 200 21497 "-" "Mozilla/5.0 (Linux; Android 6.0.1; Nexus 5X Build/MMB29P) AppleWebKit/537.36 (KHTML, like Gecko) Chrome/137.0.7151.103 Mobile Safari/537.36 (compatible; Googlebot/2.1; +http://www.google.com/bot.html)"
66.249.70.33 - - [10/Jul/2025:14:14:07 -0400] "GET /?v=62225600001330&mod=8ed16b12&uri=us.php%3Fid%3D2083447-309%26name%3Dshape+female+best+sunglasses+for+a+round+face+female HTTP/1.1" 200 21715 "-" "Mozilla/5.0 (Linux; Android 6.0.1; Nexus 5X Build/MMB29P) AppleWebKit/537.36 (KHTML, like Gecko) Chrome/137.0.7151.103 Mobile Safari/537.36 (compatible; Googlebot/2.1; +http://www.google.com/bot.html)"
66.249.70.32 - - [10/Jul/2025:14:14:15 -0400] "GET /?v=30115111031330&mod=2a962e14&uri=dp.php%3Fid%3D1008440-331%26name%3Dcomo+hacer+bolsos+carteras+de+tela+para+damas HTTP/1.1" 200 21334 "-" "Mozilla/5.0 (Linux; Android 6.0.1; Nexus 5X Build/MMB29P) AppleWebKit/537.36 (KHTML, like Gecko) Chrome/137.0.7151.103 Mobile Safari/537.36 (compatible; Googlebot/2.1; +http://www.google.com/bot.html)"
66.249.70.32 - - [10/Jul/2025:14:14:20 -0400] "GET /?v=13798718031330&mod=26dd0dbc&uri=blog.php%3Fid%3D461974-6%26name%3Dacer+laptop+500gb+hdd+4gb+ram HTTP/1.1" 200 22455 "-" "Mozilla/5.0 (Linux; Android 6.0.1; Nexus 5X Build/MMB29P) AppleWebKit/537.36 (KHTML, like Gecko) Chrome/137.0.7151.103 Mobile Safari/537.36 (compatible; Googlebot/2.1; +http://www.google.com/bot.html)"
