66.249.70.32 - - [10/Jul/2025:08:31:29 -0400] "GET /?v=116707794001330&mod=40cccad2&uri=search.php%3Fid%3D3907463-43%26name%3Dstorage+bins+wooden+toy+box+bunnings HTTP/1.1" 200 21575 "-" "Mozilla/5.0 (Linux; Android 6.0.1; Nexus 5X Build/MMB29P) AppleWebKit/537.36 (KHTML, like Gecko) Chrome/137.0.7151.103 Mobile Safari/537.36 (compatible; Googlebot/2.1; +http://www.google.com/bot.html)"
66.249.70.32 - - [10/Jul/2025:08:31:32 -0400] "GET /?v=30098509021330&mod=bd50bebe&uri=product.php%3Fid%3D1007883-406%26name%3Dfederazione+italiana+fidaf+football HTTP/1.1" 200 21881 "-" "Mozilla/5.0 (Linux; Android 6.0.1; Nexus 5X Build/MMB29P) AppleWebKit/537.36 (KHTML, like Gecko) Chrome/137.0.7151.103 Mobile Safari/537.36 (compatible; Googlebot/2.1; +http://www.google.com/bot.html)"
66.249.70.32 - - [10/Jul/2025:08:31:39 -0400] "GET /?v=67067788051330&mod=66480bd2&uri=product.php%3Fid%3D2245616-890%26name%3Ddog+suit+equafleece+ltd HTTP/1.1" 200 20470 "-" "Mozilla/5.0 (Linux; Android 6.0.1; Nexus 5X Build/MMB29P) AppleWebKit/537.36 (KHTML, like Gecko) Chrome/137.0.7151.103 Mobile Safari/537.36 (compatible; Googlebot/2.1; +http://www.google.com/bot.html)"
66.249.70.32 - - [10/Jul/2025:08:31:43 -0400] "GET /?v=32598463121330&mod=2f67635b&uri=shared.php%3Fid%3D1091572-459%26name%3Dblack+magliette+uomo+prada HTTP/1.1" 200 20857 "-" "Mozilla/5.0 (compatible; Googlebot/2.1; +http://www.google.com/bot.html)"
66.249.70.32 - - [10/Jul/2025:08:31:45 -0400] "GET /?v=100106723041330&mod=cb41f167&uri=search.php%3Fid%3D3351729-56%26name%3Dhigh+back+genuine+leather+task+chair HTTP/1.1" 200 21798 "-" "Mozilla/5.0 (Linux; Android 6.0.1; Nexus 5X Build/MMB29P) AppleWebKit/537.36 (KHTML, like Gecko) Chrome/137.0.7151.103 Mobile Safari/537.36 (compatible; Googlebot/2.1; +http://www.google.com/bot.html)"
66.249.70.32 - - [10/Jul/2025:08:31:48 -0400] "POST /get-message-notify HTTP/1.1" 404 1251 "https://www.getschooljobs.com/?v=30098509021330&mod=bd50bebe&uri=product.php%3Fid%3D1007883-406%26name%3Dfederazione+italiana+fidaf+football" "Mozilla/5.0 (Linux; Android 6.0.1; Nexus 5X Build/MMB29P) AppleWebKit/537.36 (KHTML, like Gecko) Chrome/137.0.7151.119 Mobile Safari/537.36 (compatible; Googlebot/2.1; +http://www.google.com/bot.html)"
66.249.70.32 - - [10/Jul/2025:08:31:59 -0400] "POST /get-message-notify HTTP/1.1" 404 1251 "https://www.getschooljobs.com/?v=67153181061330&mod=271d8343&uri=goods.php%3Fid%3D2248473-1191%26name%3Dairdots+xiaomi+redmi+air2s" "Mozilla/5.0 (Linux; Android 6.0.1; Nexus 5X Build/MMB29P) AppleWebKit/537.36 (KHTML, like Gecko) Chrome/137.0.7151.119 Mobile Safari/537.36 (compatible; Googlebot/2.1; +http://www.google.com/bot.html)"
66.249.70.32 - - [10/Jul/2025:08:31:59 -0400] "GET /favicon.ico HTTP/1.1" 404 1251 "https://www.getschooljobs.com/?v=32598463121330&mod=2f67635b&uri=shared.php%3Fid%3D1091572-459%26name%3Dblack+magliette+uomo+prada" "Mozilla/5.0 (compatible; Googlebot/2.1; +http://www.google.com/bot.html)"
66.249.70.32 - - [10/Jul/2025:08:31:59 -0400] "GET /?v=93813360041330&mod=cb41f167&uri=blog.php%3Fid%3D3140969-56%26name%3Dteak+octagonal+dining+table+and+chairs HTTP/1.1" 200 21446 "-" "Mozilla/5.0 (Linux; Android 6.0.1; Nexus 5X Build/MMB29P) AppleWebKit/537.36 (KHTML, like Gecko) Chrome/137.0.7151.103 Mobile Safari/537.36 (compatible; Googlebot/2.1; +http://www.google.com/bot.html)"
66.249.70.32 - - [10/Jul/2025:08:32:01 -0400] "GET /?v=26039857031330&mod=8c8a9c8f&uri=category-info.php%3Fid%3D871960-738%26name%3Dvestido+largo+vestido+tul+dama+de+honor HTTP/1.1" 200 22020 "-" "Mozilla/5.0 (Linux; Android 6.0.1; Nexus 5X Build/MMB29P) AppleWebKit/537.36 (KHTML, like Gecko) Chrome/137.0.7151.103 Mobile Safari/537.36 (compatible; Googlebot/2.1; +http://www.google.com/bot.html)"
66.249.70.32 - - [10/Jul/2025:08:32:09 -0400] "GET /?v=71448395051330&mod=6b88dbe7&uri=news.php%3Fid%3D2392250-1397%26name%3Dpuma+2023+zapatos+puma+nuevos+modelos+imagenes HTTP/1.1" 200 20962 "-" "Mozilla/5.0 (Linux; Android 6.0.1; Nexus 5X Build/MMB29P) AppleWebKit/537.36 (KHTML, like Gecko) Chrome/137.0.7151.103 Mobile Safari/537.36 (compatible; Googlebot/2.1; +http://www.google.com/bot.html)"
66.249.70.32 - - [10/Jul/2025:08:32:16 -0400] "GET /?v=26037697031330&mod=6b77b838&uri=us.php%3Fid%3D871888-158%26name%3Dvtech+toys+vtech+kidi+superstar+microphone HTTP/1.1" 200 22203 "-" "Mozilla/5.0 (Linux; Android 6.0.1; Nexus 5X Build/MMB29P) AppleWebKit/537.36 (KHTML, like Gecko) Chrome/137.0.7151.103 Mobile Safari/537.36 (compatible; Googlebot/2.1; +http://www.google.com/bot.html)"
66.249.70.32 - - [10/Jul/2025:08:32:21 -0400] "POST /get-message-notify HTTP/1.1" 404 1251 "https://www.getschooljobs.com/?v=26037697031330&mod=6b77b838&uri=us.php%3Fid%3D871888-158%26name%3Dvtech+toys+vtech+kidi+superstar+microphone" "Mozilla/5.0 (Linux; Android 6.0.1; Nexus 5X Build/MMB29P) AppleWebKit/537.36 (KHTML, like Gecko) Chrome/137.0.7151.119 Mobile Safari/537.36 (compatible; Googlebot/2.1; +http://www.google.com/bot.html)"
66.249.70.32 - - [10/Jul/2025:08:32:31 -0400] "GET /?v=26037337011330&mod=6b77b838&uri=news.php%3Fid%3D871876-158%26name%3D12th+birthday+gifts+for+12+yo+boys HTTP/1.1" 200 21634 "-" "Mozilla/5.0 (Linux; Android 6.0.1; Nexus 5X Build/MMB29P) AppleWebKit/537.36 (KHTML, like Gecko) Chrome/137.0.7151.103 Mobile Safari/537.36 (compatible; Googlebot/2.1; +http://www.google.com/bot.html)"
66.249.70.32 - - [10/Jul/2025:08:32:34 -0400] "GET /?v=26017533081330&mod=3bf4dd42&uri=article.php%3Fid%3D871213-920%26name%3Drunning+shoes+adidas+ultra+boost+best+price+usa HTTP/1.1" 200 20603 "-" "Mozilla/5.0 (Linux; Android 6.0.1; Nexus 5X Build/MMB29P) AppleWebKit/537.36 (KHTML, like Gecko) Chrome/137.0.7151.103 Mobile Safari/537.36 (compatible; Googlebot/2.1; +http://www.google.com/bot.html)"
66.249.70.32 - - [10/Jul/2025:08:32:42 -0400] "GET /?v=85183787001330&mod=b1553ff2&uri=brands.php%3Fid%3D2852073-168%26name%3Dfat+tire+fast+mini+bike+for+sale HTTP/1.1" 200 21697 "-" "Mozilla/5.0 (Linux; Android 6.0.1; Nexus 5X Build/MMB29P) AppleWebKit/537.36 (KHTML, like Gecko) Chrome/137.0.7151.103 Mobile Safari/537.36 (compatible; Googlebot/2.1; +http://www.google.com/bot.html)"
66.249.70.32 - - [10/Jul/2025:08:32:52 -0400] "POST /get-message-notify HTTP/1.1" 404 1251 "https://www.getschooljobs.com/?v=85183787001330&mod=b1553ff2&uri=brands.php%3Fid%3D2852073-168%26name%3Dfat+tire+fast+mini+bike+for+sale" "Mozilla/5.0 (Linux; Android 6.0.1; Nexus 5X Build/MMB29P) AppleWebKit/537.36 (KHTML, like Gecko) Chrome/137.0.7151.119 Mobile Safari/537.36 (compatible; Googlebot/2.1; +http://www.google.com/bot.html)"
66.249.70.32 - - [10/Jul/2025:08:32:53 -0400] "GET /?v=85190488091330&mod=b1553ff2&uri=search.php%3Fid%3D2852298-168%26name%3Dmotorcycle+dragstar+125+for+sale HTTP/1.1" 200 22020 "-" "Mozilla/5.0 (Linux; Android 6.0.1; Nexus 5X Build/MMB29P) AppleWebKit/537.36 (KHTML, like Gecko) Chrome/137.0.7151.103 Mobile Safari/537.36 (compatible; Googlebot/2.1; +http://www.google.com/bot.html)"
66.249.70.32 - - [10/Jul/2025:08:33:02 -0400] "GET /?v=26036977141330&mod=8c8a9c8f&uri=category-info.php%3Fid%3D871864-738%26name%3Dvestimenta+formal+ropa+informal+para+fiesta+mujer HTTP/1.1" 200 21556 "-" "Mozilla/5.0 (Linux; Android 6.0.1; Nexus 5X Build/MMB29P) AppleWebKit/537.36 (KHTML, like Gecko) Chrome/137.0.7151.103 Mobile Safari/537.36 (compatible; Googlebot/2.1; +http://www.google.com/bot.html)"
66.249.70.34 - - [10/Jul/2025:08:33:02 -0400] "GET /?v=41133324121330&mod=16396618&uri=news.php%3Fid%3D1377275-502%26name%3Dobi+armadio+da+esterno+plastica HTTP/1.1" 200 21037 "-" "Mozilla/5.0 (Linux; Android 6.0.1; Nexus 5X Build/MMB29P) AppleWebKit/537.36 (KHTML, like Gecko) Chrome/137.0.7151.103 Mobile Safari/537.36 (compatible; Googlebot/2.1; +http://www.google.com/bot.html)"
66.249.70.34 - - [10/Jul/2025:08:33:04 -0400] "GET /?v=102336179001330&mod=25766f01&uri=products.php%3Fid%3D3426391-29%26name%3Dsemi+integrated+canyon+aeroad+internal+cable+routing HTTP/1.1" 200 22148 "-" "Mozilla/5.0 (Linux; Android 6.0.1; Nexus 5X Build/MMB29P) AppleWebKit/537.36 (KHTML, like Gecko) Chrome/137.0.7151.103 Mobile Safari/537.36 (compatible; Googlebot/2.1; +http://www.google.com/bot.html)"
66.249.70.33 - - [10/Jul/2025:08:33:13 -0400] "POST /get-message-notify HTTP/1.1" 404 1251 "https://www.getschooljobs.com/?v=41133324121330&mod=16396618&uri=news.php%3Fid%3D1377275-502%26name%3Dobi+armadio+da+esterno+plastica" "Mozilla/5.0 (Linux; Android 6.0.1; Nexus 5X Build/MMB29P) AppleWebKit/537.36 (KHTML, like Gecko) Chrome/137.0.7151.119 Mobile Safari/537.36 (compatible; Googlebot/2.1; +http://www.google.com/bot.html)"
66.249.70.32 - - [10/Jul/2025:08:33:13 -0400] "GET /?v=85182287041330&mod=b1553ff2&uri=article.php%3Fid%3D2852023-168%26name%3Dktm+motorcycles+ktm+adventure+590 HTTP/1.1" 200 21564 "-" "Mozilla/5.0 (Linux; Android 6.0.1; Nexus 5X Build/MMB29P) AppleWebKit/537.36 (KHTML, like Gecko) Chrome/137.0.7151.103 Mobile Safari/537.36 (compatible; Googlebot/2.1; +http://www.google.com/bot.html)"
66.249.70.32 - - [10/Jul/2025:08:33:14 -0400] "POST /get-message-notify HTTP/1.1" 404 1251 "https://www.getschooljobs.com/?v=102336179001330&mod=25766f01&uri=products.php%3Fid%3D3426391-29%26name%3Dsemi+integrated+canyon+aeroad+internal+cable+routing" "Mozilla/5.0 (Linux; Android 6.0.1; Nexus 5X Build/MMB29P) AppleWebKit/537.36 (KHTML, like Gecko) Chrome/137.0.7151.119 Mobile Safari/537.36 (compatible; Googlebot/2.1; +http://www.google.com/bot.html)"
66.249.70.33 - - [10/Jul/2025:08:33:14 -0400] "GET /?v=26040097011330&mod=8c8a9c8f&uri=article.php%3Fid%3D871968-738%26name%3Dni%C3%B1a+vestido+tul+dama+de+honor HTTP/1.1" 200 21161 "-" "Mozilla/5.0 (Linux; Android 6.0.1; Nexus 5X Build/MMB29P) AppleWebKit/537.36 (KHTML, like Gecko) Chrome/137.0.7151.103 Mobile Safari/537.36 (compatible; Googlebot/2.1; +http://www.google.com/bot.html)"
66.249.70.32 - - [10/Jul/2025:08:33:19 -0400] "POST /get-message-notify HTTP/1.1" 404 1251 "https://www.getschooljobs.com/?v=26040097011330&mod=8c8a9c8f&uri=article.php%3Fid%3D871968-738%26name%3Dni%C3%B1a+vestido+tul+dama+de+honor" "Mozilla/5.0 (Linux; Android 6.0.1; Nexus 5X Build/MMB29P) AppleWebKit/537.36 (KHTML, like Gecko) Chrome/137.0.7151.119 Mobile Safari/537.36 (compatible; Googlebot/2.1; +http://www.google.com/bot.html)"
66.249.70.32 - - [10/Jul/2025:08:33:21 -0400] "GET /?v=103669384081330&mod=33574f6e&uri=product.php%3Fid%3D3471007-994%26name%3Dair+optix+colors+lentes+de+contacto+true+sapphire HTTP/1.1" 200 22180 "-" "Mozilla/5.0 (Linux; Android 6.0.1; Nexus 5X Build/MMB29P) AppleWebKit/537.36 (KHTML, like Gecko) Chrome/137.0.7151.103 Mobile Safari/537.36 (compatible; Googlebot/2.1; +http://www.google.com/bot.html)"
66.249.70.32 - - [10/Jul/2025:08:33:29 -0400] "GET /?v=103651157101330&mod=33574f6e&uri=products.php%3Fid%3D3470394-994%26name%3Dgafa+sol+gafas+de+proteccion+en+ingles HTTP/1.1" 200 21274 "-" "Mozilla/5.0 (Linux; Android 6.0.1; Nexus 5X Build/MMB29P) AppleWebKit/537.36 (KHTML, like Gecko) Chrome/137.0.7151.103 Mobile Safari/537.36 (compatible; Googlebot/2.1; +http://www.google.com/bot.html)"
66.249.70.32 - - [10/Jul/2025:08:33:32 -0400] "POST /get-message-notify HTTP/1.1" 404 1251 "https://www.getschooljobs.com/?v=103651157101330&mod=33574f6e&uri=products.php%3Fid%3D3470394-994%26name%3Dgafa+sol+gafas+de+proteccion+en+ingles" "Mozilla/5.0 (Linux; Android 6.0.1; Nexus 5X Build/MMB29P) AppleWebKit/537.36 (KHTML, like Gecko) Chrome/137.0.7151.119 Mobile Safari/537.36 (compatible; Googlebot/2.1; +http://www.google.com/bot.html)"
66.249.70.32 - - [10/Jul/2025:08:33:36 -0400] "GET /?v=85189738091330&mod=07c65274&uri=article.php%3Fid%3D2852273-543%26name%3Djogging+stroller+stroller+tyre+repair HTTP/1.1" 200 20104 "-" "Mozilla/5.0 (Linux; Android 6.0.1; Nexus 5X Build/MMB29P) AppleWebKit/537.36 (KHTML, like Gecko) Chrome/137.0.7151.103 Mobile Safari/537.36 (compatible; Googlebot/2.1; +http://www.google.com/bot.html)"
66.249.70.32 - - [10/Jul/2025:08:33:48 -0400] "GET /?v=89961632031330&mod=214a515a&uri=article.php%3Fid%3D3011994-1533%26name%3Dadidas+superstar+adidas+xeno+pro+model HTTP/1.1" 200 21028 "-" "Mozilla/5.0 (Linux; Android 6.0.1; Nexus 5X Build/MMB29P) AppleWebKit/537.36 (KHTML, like Gecko) Chrome/137.0.7151.103 Mobile Safari/537.36 (compatible; Googlebot/2.1; +http://www.google.com/bot.html)"
66.249.70.32 - - [10/Jul/2025:08:33:48 -0400] "GET /?v=91829521011330&mod=8965f766&uri=goods.php%3Fid%3D3074508-55%26name%3Dbackpack+gabs+black HTTP/1.1" 200 20950 "-" "Mozilla/5.0 (Linux; Android 6.0.1; Nexus 5X Build/MMB29P) AppleWebKit/537.36 (KHTML, like Gecko) Chrome/137.0.7151.103 Mobile Safari/537.36 (compatible; Googlebot/2.1; +http://www.google.com/bot.html)"
66.249.70.32 - - [10/Jul/2025:08:33:55 -0400] "GET /?v=89960552031330&mod=317d17f1&uri=dp.php%3Fid%3D3011958-60%26name%3Den+pagne+les+robe+de+soir%C3%83%C2%A9e+2020 HTTP/1.1" 200 21303 "-" "Mozilla/5.0 (Linux; Android 6.0.1; Nexus 5X Build/MMB29P) AppleWebKit/537.36 (KHTML, like Gecko) Chrome/137.0.7151.103 Mobile Safari/537.36 (compatible; Googlebot/2.1; +http://www.google.com/bot.html)"
66.249.70.32 - - [10/Jul/2025:08:33:56 -0400] "GET /?v=26033497031330&mod=6b77b838&uri=goods.php%3Fid%3D871748-158%26name%3Dmerry+go+round+push+and+spin+carousel HTTP/1.1" 200 21552 "-" "Mozilla/5.0 (Linux; Android 6.0.1; Nexus 5X Build/MMB29P) AppleWebKit/537.36 (KHTML, like Gecko) Chrome/137.0.7151.103 Mobile Safari/537.36 (compatible; Googlebot/2.1; +http://www.google.com/bot.html)"
66.249.70.32 - - [10/Jul/2025:08:33:59 -0400] "POST /get-message-notify HTTP/1.1" 404 1251 "https://www.getschooljobs.com/?v=89960552031330&mod=317d17f1&uri=dp.php%3Fid%3D3011958-60%26name%3Den+pagne+les+robe+de+soir%C3%83%C2%A9e+2020" "Mozilla/5.0 (Linux; Android 6.0.1; Nexus 5X Build/MMB29P) AppleWebKit/537.36 (KHTML, like Gecko) Chrome/137.0.7151.119 Mobile Safari/537.36 (compatible; Googlebot/2.1; +http://www.google.com/bot.html)"
66.249.70.32 - - [10/Jul/2025:08:33:59 -0400] "GET /?v=102421971031330&mod=c5df4f4e&uri=goods.php%3Fid%3D3429262-61%26name%3Djewelry+art+deco+aquamarine+earrings HTTP/1.1" 200 21150 "-" "Mozilla/5.0 (Linux; Android 6.0.1; Nexus 5X Build/MMB29P) AppleWebKit/537.36 (KHTML, like Gecko) Chrome/137.0.7151.103 Mobile Safari/537.36 (compatible; Googlebot/2.1; +http://www.google.com/bot.html)"
66.249.70.32 - - [10/Jul/2025:08:34:02 -0400] "POST /get-message-notify HTTP/1.1" 404 1251 "https://www.getschooljobs.com/?v=26033497031330&mod=6b77b838&uri=goods.php%3Fid%3D871748-158%26name%3Dmerry+go+round+push+and+spin+carousel" "Mozilla/5.0 (Linux; Android 6.0.1; Nexus 5X Build/MMB29P) AppleWebKit/537.36 (KHTML, like Gecko) Chrome/137.0.7151.119 Mobile Safari/537.36 (compatible; Googlebot/2.1; +http://www.google.com/bot.html)"
66.249.70.32 - - [10/Jul/2025:08:34:03 -0400] "GET /?v=109745662011330&mod=ccc92ab8&uri=blog.php%3Fid%3D3674398-1039%26name%3Dfashion+fall+statement+necklaces HTTP/1.1" 200 21923 "-" "Mozilla/5.0 (Linux; Android 6.0.1; Nexus 5X Build/MMB29P) AppleWebKit/537.36 (KHTML, like Gecko) Chrome/137.0.7151.103 Mobile Safari/537.36 (compatible; Googlebot/2.1; +http://www.google.com/bot.html)"
20.105.137.134 - - [10/Jul/2025:08:34:05 -0400] "GET / HTTP/1.1" 200 5437 "-" "curl/8.6.0"
66.249.70.32 - - [10/Jul/2025:08:34:06 -0400] "GET /?v=36208224051330&mod=e0f7a4d0&uri=itm.php%3Fid%3D1212456-22%26name%3Dorange+bic+cristal+grip HTTP/1.1" 200 21568 "-" "Mozilla/5.0 (Linux; Android 6.0.1; Nexus 5X Build/MMB29P) AppleWebKit/537.36 (KHTML, like Gecko) Chrome/137.0.7151.103 Mobile Safari/537.36 (compatible; Googlebot/2.1; +http://www.google.com/bot.html)"
66.249.70.32 - - [10/Jul/2025:08:34:10 -0400] "GET /?v=109744942131330&mod=ccc92ab8&uri=products.php%3Fid%3D3674374-1039%26name%3Dpin+noj+ring+design HTTP/1.1" 200 21233 "-" "Mozilla/5.0 (Linux; Android 6.0.1; Nexus 5X Build/MMB29P) AppleWebKit/537.36 (KHTML, like Gecko) Chrome/137.0.7151.103 Mobile Safari/537.36 (compatible; Googlebot/2.1; +http://www.google.com/bot.html)"
66.249.70.32 - - [10/Jul/2025:08:34:13 -0400] "GET /?v=68403239031330&mod=3e450e4a&uri=blog.php%3Fid%3D2290324-501%26name%3Drobe+32+degrees+hooded+lounger HTTP/1.1" 200 21677 "-" "Mozilla/5.0 (Linux; Android 6.0.1; Nexus 5X Build/MMB29P) AppleWebKit/537.36 (KHTML, like Gecko) Chrome/137.0.7151.103 Mobile Safari/537.36 (compatible; Googlebot/2.1; +http://www.google.com/bot.html)"
66.249.70.32 - - [10/Jul/2025:08:34:17 -0400] "POST /get-message-notify HTTP/1.1" 404 1251 "https://www.getschooljobs.com/?v=68403239031330&mod=3e450e4a&uri=blog.php%3Fid%3D2290324-501%26name%3Drobe+32+degrees+hooded+lounger" "Mozilla/5.0 (Linux; Android 6.0.1; Nexus 5X Build/MMB29P) AppleWebKit/537.36 (KHTML, like Gecko) Chrome/137.0.7151.119 Mobile Safari/537.36 (compatible; Googlebot/2.1; +http://www.google.com/bot.html)"
66.249.70.32 - - [10/Jul/2025:08:34:17 -0400] "POST /get-message-notify HTTP/1.1" 404 1251 "https://www.getschooljobs.com/?v=36208224051330&mod=e0f7a4d0&uri=itm.php%3Fid%3D1212456-22%26name%3Dorange+bic+cristal+grip" "Mozilla/5.0 (Linux; Android 6.0.1; Nexus 5X Build/MMB29P) AppleWebKit/537.36 (KHTML, like Gecko) Chrome/137.0.7151.119 Mobile Safari/537.36 (compatible; Googlebot/2.1; +http://www.google.com/bot.html)"
66.249.70.32 - - [10/Jul/2025:08:34:19 -0400] "GET /?v=68400018021330&mod=3e450e4a&uri=us.php%3Fid%3D2290216-501%26name%3Dkidley+premium+kidley+sweatshirt HTTP/1.1" 200 22057 "-" "Mozilla/5.0 (Linux; Android 6.0.1; Nexus 5X Build/MMB29P) AppleWebKit/537.36 (KHTML, like Gecko) Chrome/137.0.7151.103 Mobile Safari/537.36 (compatible; Googlebot/2.1; +http://www.google.com/bot.html)"
66.249.70.32 - - [10/Jul/2025:08:34:26 -0400] "GET /?v=68398401011330&mod=3e450e4a&uri=goods.php%3Fid%3D2290162-501%26name%3Dmen+sweatshirt+kidley+sweatshirt HTTP/1.1" 200 22022 "-" "Mozilla/5.0 (Linux; Android 6.0.1; Nexus 5X Build/MMB29P) AppleWebKit/537.36 (KHTML, like Gecko) Chrome/137.0.7151.103 Mobile Safari/537.36 (compatible; Googlebot/2.1; +http://www.google.com/bot.html)"
66.249.70.32 - - [10/Jul/2025:08:34:37 -0400] "GET /?v=68405931051330&mod=3e450e4a&uri=info.php%3Fid%3D2290414-501%26name%3Dzip+hoodie+i+saw+it+first+free+hoodie HTTP/1.1" 200 21539 "-" "Mozilla/5.0 (Linux; Android 6.0.1; Nexus 5X Build/MMB29P) AppleWebKit/537.36 (KHTML, like Gecko) Chrome/137.0.7151.103 Mobile Safari/537.36 (compatible; Googlebot/2.1; +http://www.google.com/bot.html)"
66.249.70.32 - - [10/Jul/2025:08:34:47 -0400] "POST /get-message-notify HTTP/1.1" 404 1251 "https://www.getschooljobs.com/?v=26040097011330&mod=8c8a9c8f&uri=article.php%3Fid%3D871968-738%26name%3Dni%C3%B1a+vestido+tul+dama+de+honor" "Mozilla/5.0 (Linux; Android 6.0.1; Nexus 5X Build/MMB29P) AppleWebKit/537.36 (KHTML, like Gecko) Chrome/137.0.7151.119 Mobile Safari/537.36 (compatible; Googlebot/2.1; +http://www.google.com/bot.html)"
66.249.70.32 - - [10/Jul/2025:08:34:50 -0400] "GET /?v=68399301031330&mod=3e450e4a&uri=product.php%3Fid%3D2290192-501%26name%3Dcotton+sweatshirt+kidley+sweatshirt HTTP/1.1" 200 21933 "-" "Mozilla/5.0 (Linux; Android 6.0.1; Nexus 5X Build/MMB29P) AppleWebKit/537.36 (KHTML, like Gecko) Chrome/137.0.7151.103 Mobile Safari/537.36 (compatible; Googlebot/2.1; +http://www.google.com/bot.html)"
66.249.70.32 - - [10/Jul/2025:08:34:55 -0400] "POST /get-message-notify HTTP/1.1" 404 1251 "https://www.getschooljobs.com/?v=68399301031330&mod=3e450e4a&uri=product.php%3Fid%3D2290192-501%26name%3Dcotton+sweatshirt+kidley+sweatshirt" "Mozilla/5.0 (Linux; Android 6.0.1; Nexus 5X Build/MMB29P) AppleWebKit/537.36 (KHTML, like Gecko) Chrome/137.0.7151.119 Mobile Safari/537.36 (compatible; Googlebot/2.1; +http://www.google.com/bot.html)"
66.249.70.32 - - [10/Jul/2025:08:34:55 -0400] "GET /?v=24415162021330&mod=298f5874&uri=us.php%3Fid%3D817591-39%26name%3Dwatch+appraisal+rolex+valuation+for+insurance HTTP/1.1" 200 21385 "-" "Mozilla/5.0 (compatible; Googlebot/2.1; +http://www.google.com/bot.html)"
173.208.198.210 - - [10/Jul/2025:08:34:57 -0400] "GET /?testPage HTTP/1.1" 200 63 "-" "Mozilla/5.0 (compatible; Googlebot/2.1; +http://www.google.com/bot.html)"
66.249.70.32 - - [10/Jul/2025:08:34:58 -0400] "GET /?v=68303309091330&mod=5c14de2d&uri=shared.php%3Fid%3D2286981-525%26name%3Dcrossbody+bag+anello+10+pocket+shoulder+bag HTTP/1.1" 200 21038 "-" "Mozilla/5.0 (Linux; Android 6.0.1; Nexus 5X Build/MMB29P) AppleWebKit/537.36 (KHTML, like Gecko) Chrome/137.0.7151.103 Mobile Safari/537.36 (compatible; Googlebot/2.1; +http://www.google.com/bot.html)"
173.208.198.210 - - [10/Jul/2025:08:34:59 -0400] "GET /?testPage HTTP/1.1" 200 4655 "-" "Mozilla/5.0 (Windows NT 10.0; Win64; x64) AppleWebKit/537.36 (KHTML, like Gecko) Chrome/125.0.0.0 Safari/537.36"
66.249.70.33 - - [10/Jul/2025:08:35:03 -0400] "GET /?v=68399121021330&mod=17106160&uri=category-info.php%3Fid%3D2290186-369%26name%3Dt+shirt+thrasher+still+watchin HTTP/1.1" 200 21982 "-" "Mozilla/5.0 (Linux; Android 6.0.1; Nexus 5X Build/MMB29P) AppleWebKit/537.36 (KHTML, like Gecko) Chrome/137.0.7151.103 Mobile Safari/537.36 (compatible; Googlebot/2.1; +http://www.google.com/bot.html)"
66.249.70.32 - - [10/Jul/2025:08:35:11 -0400] "GET /?v=115279624011330&mod=5c14de2d&uri=dp.php%3Fid%3D3859665-525%26name%3Dalyx+leather+shoulder+bag HTTP/1.1" 200 21369 "-" "Mozilla/5.0 (Linux; Android 6.0.1; Nexus 5X Build/MMB29P) AppleWebKit/537.36 (KHTML, like Gecko) Chrome/137.0.7151.103 Mobile Safari/537.36 (compatible; Googlebot/2.1; +http://www.google.com/bot.html)"
66.249.70.32 - - [10/Jul/2025:08:35:18 -0400] "GET /?v=68401619011330&mod=b7f0b1c1&uri=shared.php%3Fid%3D2290270-251%26name%3Dbotas+agua+botas+mujer+numero+43 HTTP/1.1" 200 22267 "-" "Mozilla/5.0 (Linux; Android 6.0.1; Nexus 5X Build/MMB29P) AppleWebKit/537.36 (KHTML, like Gecko) Chrome/137.0.7151.103 Mobile Safari/537.36 (compatible; Googlebot/2.1; +http://www.google.com/bot.html)"
81.71.5.172 - - [10/Jul/2025:08:35:22 -0400] "GET /?v=42200829001330&mod=4ec227f2&uri=goods.php?id=1412997-267&name=huawei+mate+does+p40+support+wireless+charging HTTP/1.1" 200 4655 "-" "Mozilla/5.0 (Windows NT 6.0; Win64; x64) AppleWebKit/537.36 (KHTML, like Gecko) Chrome/112.0.5615 Safari/537.36"
66.249.70.32 - - [10/Jul/2025:08:35:32 -0400] "GET /?v=119002657041330&mod=aabc3012&uri=goods.php%3Fid%3D3984379-187%26name%3Dmezclilla+mono+con+overol HTTP/1.1" 200 22537 "-" "Mozilla/5.0 (Linux; Android 6.0.1; Nexus 5X Build/MMB29P) AppleWebKit/537.36 (KHTML, like Gecko) Chrome/137.0.7151.103 Mobile Safari/537.36 (compatible; Googlebot/2.1; +http://www.google.com/bot.html)"
66.249.70.32 - - [10/Jul/2025:08:35:40 -0400] "GET /?v=115587774041330&mod=5c14de2d&uri=itm.php%3Fid%3D3869965-525%26name%3Dbag+thirty+one+large+packing+cube HTTP/1.1" 200 21692 "-" "Mozilla/5.0 (Linux; Android 6.0.1; Nexus 5X Build/MMB29P) AppleWebKit/537.36 (KHTML, like Gecko) Chrome/137.0.7151.103 Mobile Safari/537.36 (compatible; Googlebot/2.1; +http://www.google.com/bot.html)"
66.249.70.32 - - [10/Jul/2025:08:35:49 -0400] "POST /get-message-notify HTTP/1.1" 404 1251 "https://www.getschooljobs.com/?v=68399121021330&mod=17106160&uri=category-info.php%3Fid%3D2290186-369%26name%3Dt+shirt+thrasher+still+watchin" "Mozilla/5.0 (Linux; Android 6.0.1; Nexus 5X Build/MMB29P) AppleWebKit/537.36 (KHTML, like Gecko) Chrome/137.0.7151.119 Mobile Safari/537.36 (compatible; Googlebot/2.1; +http://www.google.com/bot.html)"
66.249.70.32 - - [10/Jul/2025:08:35:54 -0400] "GET /?v=90771827041330&mod=8c8a9c8f&uri=news.php%3Fid%3D3039135-738%26name%3Dwaist+jeans+jeans+zara+marine+straight HTTP/1.1" 200 21916 "-" "Mozilla/5.0 (Linux; Android 6.0.1; Nexus 5X Build/MMB29P) AppleWebKit/537.36 (KHTML, like Gecko) Chrome/137.0.7151.103 Mobile Safari/537.36 (compatible; Googlebot/2.1; +http://www.google.com/bot.html)"
66.249.70.32 - - [10/Jul/2025:08:35:57 -0400] "GET /?v=84328803031330&mod=4b8d5e5e&uri=shop.php%3Fid%3D2823452-223%26name%3Dplaystation+hits+dragon+ball+xenoverse+ps4+digital HTTP/1.1" 200 21845 "-" "Mozilla/5.0 (compatible; Googlebot/2.1; +http://www.google.com/bot.html)"
66.249.70.32 - - [10/Jul/2025:08:35:57 -0400] "GET /?v=91733366011330&mod=032d9c7d&uri=info.php%3Fid%3D3071296-116%26name%3Dt+force+xtreem+ddr4+3600+cl14+32gb HTTP/1.1" 200 22218 "-" "Mozilla/5.0 (Linux; Android 6.0.1; Nexus 5X Build/MMB29P) AppleWebKit/537.36 (KHTML, like Gecko) Chrome/137.0.7151.103 Mobile Safari/537.36 (compatible; Googlebot/2.1; +http://www.google.com/bot.html)"
66.249.70.33 - - [10/Jul/2025:08:36:02 -0400] "GET /?v=118383772021330&mod=8c8a9c8f&uri=shared.php%3Fid%3D3963613-738%26name%3Dellesse+brand+canguro+ellesse HTTP/1.1" 200 21518 "-" "Mozilla/5.0 (Linux; Android 6.0.1; Nexus 5X Build/MMB29P) AppleWebKit/537.36 (KHTML, like Gecko) Chrome/137.0.7151.103 Mobile Safari/537.36 (compatible; Googlebot/2.1; +http://www.google.com/bot.html)"
66.249.70.34 - - [10/Jul/2025:08:36:04 -0400] "GET /?v=118384522121330&mod=8c8a9c8f&uri=news.php%3Fid%3D3963638-738%26name%3Dvaqueros+flare+vaqueros+acampanados+stradivarius HTTP/1.1" 200 21608 "-" "Mozilla/5.0 (Linux; Android 6.0.1; Nexus 5X Build/MMB29P) AppleWebKit/537.36 (KHTML, like Gecko) Chrome/137.0.7151.103 Mobile Safari/537.36 (compatible; Googlebot/2.1; +http://www.google.com/bot.html)"
66.249.70.33 - - [10/Jul/2025:08:36:08 -0400] "GET /?v=91723918061330&mod=31163fed&uri=article.php%3Fid%3D3070981-300%26name%3Dstrickpullover+pullover+alba+moda+damen+pullover HTTP/1.1" 200 22088 "-" "Mozilla/5.0 (Linux; Android 6.0.1; Nexus 5X Build/MMB29P) AppleWebKit/537.36 (KHTML, like Gecko) Chrome/137.0.7151.103 Mobile Safari/537.36 (compatible; Googlebot/2.1; +http://www.google.com/bot.html)"
66.249.70.33 - - [10/Jul/2025:08:36:10 -0400] "POST /get-message-notify HTTP/1.1" 404 1251 "https://www.getschooljobs.com/?v=118384522121330&mod=8c8a9c8f&uri=news.php%3Fid%3D3963638-738%26name%3Dvaqueros+flare+vaqueros+acampanados+stradivarius" "Mozilla/5.0 (Linux; Android 6.0.1; Nexus 5X Build/MMB29P) AppleWebKit/537.36 (KHTML, like Gecko) Chrome/137.0.7151.119 Mobile Safari/537.36 (compatible; Googlebot/2.1; +http://www.google.com/bot.html)"
66.249.70.33 - - [10/Jul/2025:08:36:11 -0400] "GET /?v=91733516061330&mod=032d9c7d&uri=blog.php%3Fid%3D3071301-116%26name%3Dsamsung+ssd+2tb+sata HTTP/1.1" 200 21399 "-" "Mozilla/5.0 (Linux; Android 6.0.1; Nexus 5X Build/MMB29P) AppleWebKit/537.36 (KHTML, like Gecko) Chrome/137.0.7151.103 Mobile Safari/537.36 (compatible; Googlebot/2.1; +http://www.google.com/bot.html)"
66.249.70.32 - - [10/Jul/2025:08:36:16 -0400] "GET /?v=91728568011330&mod=032d9c7d&uri=blog.php%3Fid%3D3071136-116%26name%3D4tb+wd+black+hdd+review HTTP/1.1" 200 21392 "-" "Mozilla/5.0 (Linux; Android 6.0.1; Nexus 5X Build/MMB29P) AppleWebKit/537.36 (KHTML, like Gecko) Chrome/137.0.7151.103 Mobile Safari/537.36 (compatible; Googlebot/2.1; +http://www.google.com/bot.html)"
66.249.70.32 - - [10/Jul/2025:08:36:17 -0400] "POST /get-message-notify HTTP/1.1" 404 1251 "https://www.getschooljobs.com/?v=91733516061330&mod=032d9c7d&uri=blog.php%3Fid%3D3071301-116%26name%3Dsamsung+ssd+2tb+sata" "Mozilla/5.0 (Linux; Android 6.0.1; Nexus 5X Build/MMB29P) AppleWebKit/537.36 (KHTML, like Gecko) Chrome/137.0.7151.119 Mobile Safari/537.36 (compatible; Googlebot/2.1; +http://www.google.com/bot.html)"
66.249.70.32 - - [10/Jul/2025:08:36:22 -0400] "GET /?v=91645578011330&mod=d5fab51e&uri=shop.php%3Fid%3D3068356-1127%26name%3Dsweat+capuche+sweat+reebok+femme+bordeaux HTTP/1.1" 200 21519 "-" "Mozilla/5.0 (Linux; Android 6.0.1; Nexus 5X Build/MMB29P) AppleWebKit/537.36 (KHTML, like Gecko) Chrome/137.0.7151.103 Mobile Safari/537.36 (compatible; Googlebot/2.1; +http://www.google.com/bot.html)"
66.249.70.32 - - [10/Jul/2025:08:36:28 -0400] "GET /?v=118384462101330&mod=8c8a9c8f&uri=pin.php%3Fid%3D3963636-738%26name%3Dparka+precio+de+chamarras+the+north+face HTTP/1.1" 200 21724 "-" "Mozilla/5.0 (Linux; Android 6.0.1; Nexus 5X Build/MMB29P) AppleWebKit/537.36 (KHTML, like Gecko) Chrome/137.0.7151.103 Mobile Safari/537.36 (compatible; Googlebot/2.1; +http://www.google.com/bot.html)"
66.249.70.32 - - [10/Jul/2025:08:36:32 -0400] "GET /?v=71299295041330&mod=c164729e&uri=brands.php%3Fid%3D2387255-650%26name%3Dalhudapk+com+judicial+power+of+president HTTP/1.1" 200 21776 "-" "Mozilla/5.0 (compatible; Googlebot/2.1; +http://www.google.com/bot.html)"
66.249.70.32 - - [10/Jul/2025:08:36:38 -0400] "GET /?v=37340782051330&mod=d5fab51e&uri=form.php%3Fid%3D1250380-1127%26name%3Dnike+pull+reebok+homme+violet HTTP/1.1" 200 21134 "-" "Mozilla/5.0 (Linux; Android 6.0.1; Nexus 5X Build/MMB29P) AppleWebKit/537.36 (KHTML, like Gecko) Chrome/137.0.7151.103 Mobile Safari/537.36 (compatible; Googlebot/2.1; +http://www.google.com/bot.html)"
66.249.70.32 - - [10/Jul/2025:08:36:47 -0400] "GET /?v=91649729001330&mod=d5fab51e&uri=us.php%3Fid%3D3068495-1127%26name%3Dhomme+jaune+sweat+reebok+homme+orange HTTP/1.1" 200 20746 "-" "Mozilla/5.0 (Linux; Android 6.0.1; Nexus 5X Build/MMB29P) AppleWebKit/537.36 (KHTML, like Gecko) Chrome/137.0.7151.103 Mobile Safari/537.36 (compatible; Googlebot/2.1; +http://www.google.com/bot.html)"
66.249.70.32 - - [10/Jul/2025:08:36:53 -0400] "POST /get-message-notify HTTP/1.1" 404 1251 "https://www.getschooljobs.com/?v=91649729001330&mod=d5fab51e&uri=us.php%3Fid%3D3068495-1127%26name%3Dhomme+jaune+sweat+reebok+homme+orange" "Mozilla/5.0 (Linux; Android 6.0.1; Nexus 5X Build/MMB29P) AppleWebKit/537.36 (KHTML, like Gecko) Chrome/137.0.7151.119 Mobile Safari/537.36 (compatible; Googlebot/2.1; +http://www.google.com/bot.html)"
66.249.70.32 - - [10/Jul/2025:08:36:56 -0400] "GET /favicon.ico HTTP/1.1" 404 1251 "https://www.getschooljobs.com/?v=71299295041330&mod=c164729e&uri=brands.php%3Fid%3D2387255-650%26name%3Dalhudapk+com+judicial+power+of+president" "Mozilla/5.0 (compatible; Googlebot/2.1; +http://www.google.com/bot.html)"
66.249.70.34 - - [10/Jul/2025:08:37:01 -0400] "GET /?v=91648897081330&mod=d5fab51e&uri=info.php%3Fid%3D3068467-1127%26name%3Dreebok+ers+brassiere+reebok+2015 HTTP/1.1" 200 20825 "-" "Mozilla/5.0 (Linux; Android 6.0.1; Nexus 5X Build/MMB29P) AppleWebKit/537.36 (KHTML, like Gecko) Chrome/137.0.7151.103 Mobile Safari/537.36 (compatible; Googlebot/2.1; +http://www.google.com/bot.html)"
66.249.70.34 - - [10/Jul/2025:08:37:04 -0400] "GET /?v=99546554051330&mod=db5f7dfd&uri=form.php%3Fid%3D3332948-1183%26name%3Dcraft+gift+ideas+for+mom+on+valentine%27s+day HTTP/1.1" 200 21917 "-" "Mozilla/5.0 (Linux; Android 6.0.1; Nexus 5X Build/MMB29P) AppleWebKit/537.36 (KHTML, like Gecko) Chrome/137.0.7151.103 Mobile Safari/537.36 (compatible; Googlebot/2.1; +http://www.google.com/bot.html)"
66.249.70.32 - - [10/Jul/2025:08:37:08 -0400] "GET /?v=99546404061330&mod=ea2e4496&uri=shared.php%3Fid%3D3332943-178%26name%3Dgolf+polo+gti+mk1 HTTP/1.1" 200 22018 "-" "Mozilla/5.0 (Linux; Android 6.0.1; Nexus 5X Build/MMB29P) AppleWebKit/537.36 (KHTML, like Gecko) Chrome/137.0.7151.103 Mobile Safari/537.36 (compatible; Googlebot/2.1; +http://www.google.com/bot.html)"
43.163.102.56 - - [10/Jul/2025:08:37:13 -0400] "GET /listing/chemistry-teacher-j6b4z5 HTTP/1.1" 200 3879 "-" "Mozilla/5.0 (Windows NT 10.0; Win64; x64) AppleWebKit/537.36 (KHTML, like Gecko) Chrome/110.0.0.0 Safari/537.36"
43.153.214.66 - - [10/Jul/2025:08:37:13 -0400] "GET /listing/security-guard-6o5z3f HTTP/1.1" 200 4428 "https://google.com" "Mozilla/5.0 (Macintosh; Intel Mac OS X 10_15_7) AppleWebKit/537.36 (KHTML, like Gecko) Chrome/119.0.0.0 Safari/537.36"
43.128.89.170 - - [10/Jul/2025:08:37:15 -0400] "GET /aboutus HTTP/1.1" 200 5453 "-" "Mozilla/5.0 (Linux; Android 12; Pixel 6) AppleWebKit/537.36 (KHTML, like Gecko) Chrome/99.0.4844.58 Mobile Safari/537.36"
66.249.70.32 - - [10/Jul/2025:08:37:16 -0400] "GET /?v=99452647011330&mod=dcad82b6&uri=search.php%3Fid%3D3329802-697%26name%3Dcollo+alto+scarpe+fila+come+calzano HTTP/1.1" 200 21908 "-" "Mozilla/5.0 (Linux; Android 6.0.1; Nexus 5X Build/MMB29P) AppleWebKit/537.36 (KHTML, like Gecko) Chrome/137.0.7151.103 Mobile Safari/537.36 (compatible; Googlebot/2.1; +http://www.google.com/bot.html)"
43.156.36.74 - - [10/Jul/2025:08:37:17 -0400] "GET /signup HTTP/1.1" 200 2606 "https://google.com" "Mozilla/5.0 (Macintosh; Intel Mac OS X 10_15_7) AppleWebKit/537.36 (KHTML, like Gecko) Chrome/120.0.0.0 Safari/537.36"
43.134.105.98 - - [10/Jul/2025:08:37:17 -0400] "GET /searchjobs HTTP/1.1" 200 4194 "-" "Mozilla/5.0 (Windows NT 10.0; Win64; x64) AppleWebKit/537.36 (KHTML, like Gecko) Chrome/99.0.4844.51 Safari/537.36"
66.249.70.32 - - [10/Jul/2025:08:37:17 -0400] "GET /?v=114293670001330&mod=b8d7b007&uri=news.php%3Fid%3D3826681-831%26name%3Dohaila+khan+emerald+green+chiffon+blouse HTTP/1.1" 200 22410 "-" "Mozilla/5.0 (Linux; Android 6.0.1; Nexus 5X Build/MMB29P) AppleWebKit/537.36 (KHTML, like Gecko) Chrome/137.0.7151.103 Mobile Safari/537.36 (compatible; Googlebot/2.1; +http://www.google.com/bot.html)"
43.156.176.76 - - [10/Jul/2025:08:37:17 -0400] "GET /listing/english-teacher-yvkdre HTTP/1.1" 200 3390 "https://google.com" "Mozilla/5.0 (Linux; Android 12; Pixel 6) AppleWebKit/537.36 (KHTML, like Gecko) Chrome/99.0.4844.58 Mobile Safari/537.36"
43.134.118.145 - - [10/Jul/2025:08:37:19 -0400] "GET /postjob HTTP/1.1" 302 4149 "https://google.com" "Mozilla/5.0 (Windows NT 10.0; Win64; x64) AppleWebKit/537.36 (KHTML, like Gecko) Chrome/110.0.0.0 Safari/537.36"
43.134.118.145 - - [10/Jul/2025:08:37:19 -0400] "GET /login HTTP/1.1" 200 2442 "https://google.com" "Mozilla/5.0 (Windows NT 10.0; Win64; x64) AppleWebKit/537.36 (KHTML, like Gecko) Chrome/110.0.0.0 Safari/537.36"
66.249.70.32 - - [10/Jul/2025:08:32:50 -0400] "GET /?v=102418561081330&mod=c5df4f4e&uri=brands.php%3Fid%3D3429147-61%26name%3Dhappy+birthday+cake+pandora+charm HTTP/1.1" 200 21083 "-" "Mozilla/5.0 (Linux; Android 6.0.1; Nexus 5X Build/MMB29P) AppleWebKit/537.36 (KHTML, like Gecko) Chrome/137.0.7151.103 Mobile Safari/537.36 (compatible; Googlebot/2.1; +http://www.google.com/bot.html)"
66.249.70.32 - - [10/Jul/2025:08:32:52 -0400] "GET /?v=85158745031330&mod=5b4e201b&uri=shared.php%3Fid%3D2851234-155%26name%3Dbriefcase+bvlgari+men+bag HTTP/1.1" 200 21964 "-" "Mozilla/5.0 (Linux; Android 6.0.1; Nexus 5X Build/MMB29P) AppleWebKit/537.36 (KHTML, like Gecko) Chrome/137.0.7151.103 Mobile Safari/537.36 (compatible; Googlebot/2.1; +http://www.google.com/bot.html)"
43.128.96.254 - - [10/Jul/2025:08:37:19 -0400] "GET /login HTTP/1.1" 200 2442 "-" "Mozilla/5.0 (Windows NT 10.0; Win64; x64) AppleWebKit/537.36 (KHTML, like Gecko) Chrome/101.0.4951.67 Safari/537.36"
66.249.70.32 - - [10/Jul/2025:08:37:21 -0400] "POST /get-message-notify HTTP/1.1" 404 1251 "https://www.getschooljobs.com/?v=114293670001330&mod=b8d7b007&uri=news.php%3Fid%3D3826681-831%26name%3Dohaila+khan+emerald+green+chiffon+blouse" "Mozilla/5.0 (Linux; Android 6.0.1; Nexus 5X Build/MMB29P) AppleWebKit/537.36 (KHTML, like Gecko) Chrome/137.0.7151.119 Mobile Safari/537.36 (compatible; Googlebot/2.1; +http://www.google.com/bot.html)"
66.249.70.32 - - [10/Jul/2025:08:37:24 -0400] "GET /?v=99541459011330&mod=527490f0&uri=shared.php%3Fid%3D3332778-130%26name%3Dair+jordan+peuter+nikes HTTP/1.1" 200 22763 "-" "Mozilla/5.0 (Linux; Android 6.0.1; Nexus 5X Build/MMB29P) AppleWebKit/537.36 (KHTML, like Gecko) Chrome/137.0.7151.103 Mobile Safari/537.36 (compatible; Googlebot/2.1; +http://www.google.com/bot.html)"
66.249.70.32 - - [10/Jul/2025:08:37:24 -0400] "GET /?v=118693209011330&mod=df1d7cf1&uri=shop.php%3Fid%3D3973980-478%26name%3Dabc+watch+cable+tv+online HTTP/1.1" 200 21647 "-" "Mozilla/5.0 (Linux; Android 6.0.1; Nexus 5X Build/MMB29P) AppleWebKit/537.36 (KHTML, like Gecko) Chrome/137.0.7151.103 Mobile Safari/537.36 (compatible; Googlebot/2.1; +http://www.google.com/bot.html)"
135.181.178.242 - - [10/Jul/2025:08:37:27 -0400] "GET /?v=95607737011330%27&mod=d13d560f&uri=article.php?id=3201036-442&name=south+canterbury+champs+website+down HTTP/1.1" 200 19037 "-" "Mozilla/5.0 (Windows NT 10.0; Win64; x64) AppleWebKit/537.36 (KHTML, like Gecko) Chrome/126.0.0.0 Safari/537.36"
135.181.178.242 - - [10/Jul/2025:08:37:27 -0400] "GET /?v=95607737011330&mod=d13d560f%27&uri=article.php?id=3201036-442&name=south+canterbury+champs+website+down HTTP/1.1" 200 19037 "-" "Mozilla/5.0 (Windows NT 10.0; Win64; x64) AppleWebKit/537.36 (KHTML, like Gecko) Chrome/126.0.0.0 Safari/537.36"
135.181.178.242 - - [10/Jul/2025:08:37:27 -0400] "GET /?v=95607737011330&mod=d13d560f&uri=article.php?id=3201036-442%27&name=south+canterbury+champs+website+down HTTP/1.1" 200 19037 "-" "Mozilla/5.0 (Windows NT 10.0; Win64; x64) AppleWebKit/537.36 (KHTML, like Gecko) Chrome/126.0.0.0 Safari/537.36"
135.181.178.242 - - [10/Jul/2025:08:37:27 -0400] "GET /?v=95607737011330&mod=d13d560f&uri=article.php?id=3201036-442&name=south+canterbury+champs+website+down%27 HTTP/1.1" 200 19037 "-" "Mozilla/5.0 (Windows NT 10.0; Win64; x64) AppleWebKit/537.36 (KHTML, like Gecko) Chrome/126.0.0.0 Safari/537.36"
66.249.70.32 - - [10/Jul/2025:08:37:30 -0400] "POST /get-message-notify HTTP/1.1" 404 1251 "https://www.getschooljobs.com/?v=118693209011330&mod=df1d7cf1&uri=shop.php%3Fid%3D3973980-478%26name%3Dabc+watch+cable+tv+online" "Mozilla/5.0 (Linux; Android 6.0.1; Nexus 5X Build/MMB29P) AppleWebKit/537.36 (KHTML, like Gecko) Chrome/137.0.7151.119 Mobile Safari/537.36 (compatible; Googlebot/2.1; +http://www.google.com/bot.html)"
66.249.70.32 - - [10/Jul/2025:08:37:32 -0400] "GET /?v=99546854051330&mod=cf9113ad&uri=pin.php%3Fid%3D3332958-493%26name%3Ddiscovery+season+star+trek+timelines+bridge+crew HTTP/1.1" 200 22325 "-" "Mozilla/5.0 (Linux; Android 6.0.1; Nexus 5X Build/MMB29P) AppleWebKit/537.36 (KHTML, like Gecko) Chrome/137.0.7151.103 Mobile Safari/537.36 (compatible; Googlebot/2.1; +http://www.google.com/bot.html)"
66.249.70.32 - - [10/Jul/2025:08:37:33 -0400] "GET /?v=89482611061330&mod=73b379bf&uri=product.php%3Fid%3D2995944-744%26name%3Dmontagne+doudoune+randonnee+compressible+homme HTTP/1.1" 200 20960 "-" "Mozilla/5.0 (compatible; Googlebot/2.1; +http://www.google.com/bot.html)"
66.249.70.32 - - [10/Jul/2025:08:37:34 -0400] "GET /?v=85156315031330&mod=25766f01&uri=form.php%3Fid%3D2851153-29%26name%3Dsanta+cruz+bike+nomad+cc HTTP/1.1" 200 21493 "-" "Mozilla/5.0 (Linux; Android 6.0.1; Nexus 5X Build/MMB29P) AppleWebKit/537.36 (KHTML, like Gecko) Chrome/137.0.7151.103 Mobile Safari/537.36 (compatible; Googlebot/2.1; +http://www.google.com/bot.html)"
66.249.70.32 - - [10/Jul/2025:08:37:36 -0400] "POST /get-message-notify HTTP/1.1" 404 1251 "https://www.getschooljobs.com/?v=99546854051330&mod=cf9113ad&uri=pin.php%3Fid%3D3332958-493%26name%3Ddiscovery+season+star+trek+timelines+bridge+crew" "Mozilla/5.0 (Linux; Android 6.0.1; Nexus 5X Build/MMB29P) AppleWebKit/537.36 (KHTML, like Gecko) Chrome/137.0.7151.119 Mobile Safari/537.36 (compatible; Googlebot/2.1; +http://www.google.com/bot.html)"
66.249.70.32 - - [10/Jul/2025:08:37:36 -0400] "GET /?v=99549681001330&mod=ea2e4496&uri=category-info.php%3Fid%3D3333053-178%26name%3Dvauxhall+polo+corsa HTTP/1.1" 200 22441 "-" "Mozilla/5.0 (Linux; Android 6.0.1; Nexus 5X Build/MMB29P) AppleWebKit/537.36 (KHTML, like Gecko) Chrome/137.0.7151.103 Mobile Safari/537.36 (compatible; Googlebot/2.1; +http://www.google.com/bot.html)"
66.249.70.32 - - [10/Jul/2025:08:37:44 -0400] "GET /?v=99550545021330&mod=ea2e4496&uri=shared.php%3Fid%3D3333083-178%26name%3Dpolo+mk4+polo+9nz HTTP/1.1" 200 22438 "-" "Mozilla/5.0 (Linux; Android 6.0.1; Nexus 5X Build/MMB29P) AppleWebKit/537.36 (KHTML, like Gecko) Chrome/137.0.7151.103 Mobile Safari/537.36 (compatible; Googlebot/2.1; +http://www.google.com/bot.html)"
66.249.70.32 - - [10/Jul/2025:08:37:52 -0400] "GET /?v=99543704041330&mod=247411fa&uri=products.php%3Fid%3D3332853-98%26name%3Dsneaker+running+lab+westgate HTTP/1.1" 200 21685 "-" "Mozilla/5.0 (Linux; Android 6.0.1; Nexus 5X Build/MMB29P) AppleWebKit/537.36 (KHTML, like Gecko) Chrome/137.0.7151.103 Mobile Safari/537.36 (compatible; Googlebot/2.1; +http://www.google.com/bot.html)"
66.249.70.34 - - [10/Jul/2025:08:38:01 -0400] "GET /?v=99463397011330&mod=dcad82b6&uri=category-info.php%3Fid%3D3330162-697%26name%3Ddiadora+basket+scarpe+diadora+brillantini HTTP/1.1" 200 20987 "-" "Mozilla/5.0 (Linux; Android 6.0.1; Nexus 5X Build/MMB29P) AppleWebKit/537.36 (KHTML, like Gecko) Chrome/137.0.7151.103 Mobile Safari/537.36 (compatible; Googlebot/2.1; +http://www.google.com/bot.html)"
66.249.70.33 - - [10/Jul/2025:08:38:08 -0400] "POST /get-message-notify HTTP/1.1" 404 1251 "https://www.getschooljobs.com/?v=99549681001330&mod=ea2e4496&uri=category-info.php%3Fid%3D3333053-178%26name%3Dvauxhall+polo+corsa" "Mozilla/5.0 (Linux; Android 6.0.1; Nexus 5X Build/MMB29P) AppleWebKit/537.36 (KHTML, like Gecko) Chrome/137.0.7151.119 Mobile Safari/537.36 (compatible; Googlebot/2.1; +http://www.google.com/bot.html)"
66.249.70.32 - - [10/Jul/2025:08:38:13 -0400] "GET /?v=99545654051330&mod=ea2e4496&uri=article.php%3Fid%3D3332918-178%26name%3Dg60+vw+golf+g40 HTTP/1.1" 200 21784 "-" "Mozilla/5.0 (Linux; Android 6.0.1; Nexus 5X Build/MMB29P) AppleWebKit/537.36 (KHTML, like Gecko) Chrome/137.0.7151.103 Mobile Safari/537.36 (compatible; Googlebot/2.1; +http://www.google.com/bot.html)"
106.55.52.57 - - [10/Jul/2025:08:38:21 -0400] "GET /listing/preschool-teacher-joalsc HTTP/1.1" 200 4504 "https://google.com" "Mozilla/5.0 (Macintosh; Intel Mac OS X 10_10_6) AppleWebKit/537.36 (KHTML, like Gecko) Chrome/115.0.5790 Safari/537.36"
106.52.69.80 - - [10/Jul/2025:08:38:23 -0400] "GET /listing/english-language-teacher-9f1g7x HTTP/1.1" 200 4247 "https://google.com" "Mozilla/5.0 (Macintosh; Intel Mac OS X 10_12_3) AppleWebKit/537.36 (KHTML, like Gecko) Chrome/108.0.5359 Safari/537.36"
193.112.221.177 - - [10/Jul/2025:08:38:22 -0400] "GET / HTTP/1.1" 200 4655 "https://google.com" "Mozilla/5.0 (X11; Linux x86_64) AppleWebKit/537.36 (KHTML, like Gecko) Chrome/118.0.5993 Safari/537.36"
66.249.70.32 - - [10/Jul/2025:08:38:26 -0400] "GET /?v=103659809031330&mod=33574f6e&uri=form.php%3Fid%3D3470684-994%26name%3Dlente+tipos+de+lupa+de+aumento HTTP/1.1" 200 21859 "-" "Mozilla/5.0 (Linux; Android 6.0.1; Nexus 5X Build/MMB29P) AppleWebKit/537.36 (KHTML, like Gecko) Chrome/137.0.7151.103 Mobile Safari/537.36 (compatible; Googlebot/2.1; +http://www.google.com/bot.html)"
66.249.70.32 - - [10/Jul/2025:08:38:26 -0400] "GET /?v=99550245001330&mod=f88c38d9&uri=blog.php%3Fid%3D3333073-269%26name%3Dchurch+street+cheap+flats+to+rent+in+woolwich HTTP/1.1" 200 21367 "-" "Mozilla/5.0 (Linux; Android 6.0.1; Nexus 5X Build/MMB29P) AppleWebKit/537.36 (KHTML, like Gecko) Chrome/137.0.7151.103 Mobile Safari/537.36 (compatible; Googlebot/2.1; +http://www.google.com/bot.html)"
66.249.70.32 - - [10/Jul/2025:08:38:26 -0400] "GET /?v=116724647061330&mod=40cccad2&uri=article.php%3Fid%3D3908027-43%26name%3Dg1+reissue+walmart+g1+soundwave+release+date HTTP/1.1" 200 20972 "-" "Mozilla/5.0 (Linux; Android 6.0.1; Nexus 5X Build/MMB29P) AppleWebKit/537.36 (KHTML, like Gecko) Chrome/137.0.7151.103 Mobile Safari/537.36 (compatible; Googlebot/2.1; +http://www.google.com/bot.html)"
66.249.70.32 - - [10/Jul/2025:08:38:28 -0400] "GET /?v=85159195091330&mod=5b4e201b&uri=form.php%3Fid%3D2851249-155%26name%3Dleather+bag+camouflage+purses+and+handbags HTTP/1.1" 200 21848 "-" "Mozilla/5.0 (Linux; Android 6.0.1; Nexus 5X Build/MMB29P) AppleWebKit/537.36 (KHTML, like Gecko) Chrome/137.0.7151.103 Mobile Safari/537.36 (compatible; Googlebot/2.1; +http://www.google.com/bot.html)"
66.249.70.32 - - [10/Jul/2025:08:38:30 -0400] "POST /get-message-notify HTTP/1.1" 404 1251 "https://www.getschooljobs.com/?v=103659809031330&mod=33574f6e&uri=form.php%3Fid%3D3470684-994%26name%3Dlente+tipos+de+lupa+de+aumento" "Mozilla/5.0 (Linux; Android 6.0.1; Nexus 5X Build/MMB29P) AppleWebKit/537.36 (KHTML, like Gecko) Chrome/137.0.7151.119 Mobile Safari/537.36 (compatible; Googlebot/2.1; +http://www.google.com/bot.html)"
66.249.70.32 - - [10/Jul/2025:08:38:30 -0400] "GET /?v=99547454001330&mod=527490f0&uri=info.php%3Fid%3D3332978-130%26name%3Dled+schoenen+goud+gouden+sneakers+heren HTTP/1.1" 200 21359 "-" "Mozilla/5.0 (Linux; Android 6.0.1; Nexus 5X Build/MMB29P) AppleWebKit/537.36 (KHTML, like Gecko) Chrome/137.0.7151.103 Mobile Safari/537.36 (compatible; Googlebot/2.1; +http://www.google.com/bot.html)"
66.249.70.32 - - [10/Jul/2025:08:38:31 -0400] "POST /get-message-notify HTTP/1.1" 404 1251 "https://www.getschooljobs.com/?v=116724647061330&mod=40cccad2&uri=article.php%3Fid%3D3908027-43%26name%3Dg1+reissue+walmart+g1+soundwave+release+date" "Mozilla/5.0 (Linux; Android 6.0.1; Nexus 5X Build/MMB29P) AppleWebKit/537.36 (KHTML, like Gecko) Chrome/137.0.7151.119 Mobile Safari/537.36 (compatible; Googlebot/2.1; +http://www.google.com/bot.html)"
216.73.216.181 - - [10/Jul/2025:08:38:33 -0400] "GET /robots.txt HTTP/1.1" 404 1251 "-" "Mozilla/5.0 AppleWebKit/537.36 (KHTML, like Gecko; compatible; ClaudeBot/1.0; +claudebot@anthropic.com)"
216.73.216.181 - - [10/Jul/2025:08:38:33 -0400] "GET /sitemap.xml HTTP/1.1" 404 1251 "-" "Mozilla/5.0 AppleWebKit/537.36 (KHTML, like Gecko; compatible; ClaudeBot/1.0; +claudebot@anthropic.com)"
66.249.70.32 - - [10/Jul/2025:08:38:35 -0400] "POST /get-message-notify HTTP/1.1" 404 1251 "https://www.getschooljobs.com/?v=85159195091330&mod=5b4e201b&uri=form.php%3Fid%3D2851249-155%26name%3Dleather+bag+camouflage+purses+and+handbags" "Mozilla/5.0 (Linux; Android 6.0.1; Nexus 5X Build/MMB29P) AppleWebKit/537.36 (KHTML, like Gecko) Chrome/137.0.7151.119 Mobile Safari/537.36 (compatible; Googlebot/2.1; +http://www.google.com/bot.html)"
66.249.70.32 - - [10/Jul/2025:08:38:37 -0400] "GET /?v=99542059001330&mod=ea2e4496&uri=category-info.php%3Fid%3D3332798-178%26name%3Dpolo+6n+breaks HTTP/1.1" 200 21823 "-" "Mozilla/5.0 (Linux; Android 6.0.1; Nexus 5X Build/MMB29P) AppleWebKit/537.36 (KHTML, like Gecko) Chrome/137.0.7151.103 Mobile Safari/537.36 (compatible; Googlebot/2.1; +http://www.google.com/bot.html)"
66.249.70.32 - - [10/Jul/2025:08:38:48 -0400] "GET /?v=42362760011330&mod=a5d42e40&uri=news.php%3Fid%3D1418409-59%26name%3Dlogitech+wireless+gaming+headphones+pc HTTP/1.1" 200 22187 "-" "Mozilla/5.0 (Linux; Android 6.0.1; Nexus 5X Build/MMB29P) AppleWebKit/537.36 (KHTML, like Gecko) Chrome/137.0.7151.103 Mobile Safari/537.36 (compatible; Googlebot/2.1; +http://www.google.com/bot.html)"
66.249.70.32 - - [10/Jul/2025:08:38:52 -0400] "GET /?v=99670292021330&mod=608bf6a0&uri=news.php%3Fid%3D3337130-682%26name%3Dvs+adidas+gazelle+unterschied+samba+og+und+samba+leather HTTP/1.1" 200 21105 "-" "Mozilla/5.0 (Linux; Android 6.0.1; Nexus 5X Build/MMB29P) AppleWebKit/537.36 (KHTML, like Gecko) Chrome/137.0.7151.103 Mobile Safari/537.36 (compatible; Googlebot/2.1; +http://www.google.com/bot.html)"
66.249.70.32 - - [10/Jul/2025:08:38:53 -0400] "GET /?v=66133874001330&mod=d845e2d9&uri=pin.php%3Fid%3D2214363-413%26name%3Dchicago+aj1+defiant+skate HTTP/1.1" 200 20957 "-" "Mozilla/5.0 (Linux; Android 6.0.1; Nexus 5X Build/MMB29P) AppleWebKit/537.36 (KHTML, like Gecko) Chrome/137.0.7151.103 Mobile Safari/537.36 (compatible; Googlebot/2.1; +http://www.google.com/bot.html)"
66.249.70.32 - - [10/Jul/2025:08:38:53 -0400] "GET /?v=103417222001330&mod=0a16c20a&uri=search.php%3Fid%3D3462573-235%26name%3Dsmall+patio+sofa HTTP/1.1" 200 22225 "-" "Mozilla/5.0 (Linux; Android 6.0.1; Nexus 5X Build/MMB29P) AppleWebKit/537.36 (KHTML, like Gecko) Chrome/137.0.7151.103 Mobile Safari/537.36 (compatible; Googlebot/2.1; +http://www.google.com/bot.html)"
66.249.70.32 - - [10/Jul/2025:08:38:56 -0400] "POST /get-message-notify HTTP/1.1" 404 1251 "https://www.getschooljobs.com/?v=99670292021330&mod=608bf6a0&uri=news.php%3Fid%3D3337130-682%26name%3Dvs+adidas+gazelle+unterschied+samba+og+und+samba+leather" "Mozilla/5.0 (Linux; Android 6.0.1; Nexus 5X Build/MMB29P) AppleWebKit/537.36 (KHTML, like Gecko) Chrome/137.0.7151.119 Mobile Safari/537.36 (compatible; Googlebot/2.1; +http://www.google.com/bot.html)"
66.249.70.32 - - [10/Jul/2025:08:38:57 -0400] "POST /get-message-notify HTTP/1.1" 404 1251 "https://www.getschooljobs.com/?v=66133874001330&mod=d845e2d9&uri=pin.php%3Fid%3D2214363-413%26name%3Dchicago+aj1+defiant+skate" "Mozilla/5.0 (Linux; Android 6.0.1; Nexus 5X Build/MMB29P) AppleWebKit/537.36 (KHTML, like Gecko) Chrome/137.0.7151.119 Mobile Safari/537.36 (compatible; Googlebot/2.1; +http://www.google.com/bot.html)"
66.249.70.33 - - [10/Jul/2025:08:39:01 -0400] "GET /?v=99661921091330&mod=608bf6a0&uri=product.php%3Fid%3D3336842-682%26name%3Dfechtschuhe+adidas HTTP/1.1" 200 21365 "-" "Mozilla/5.0 (Linux; Android 6.0.1; Nexus 5X Build/MMB29P) AppleWebKit/537.36 (KHTML, like Gecko) Chrome/137.0.7151.103 Mobile Safari/537.36 (compatible; Googlebot/2.1; +http://www.google.com/bot.html)"
66.249.70.32 - - [10/Jul/2025:08:39:01 -0400] "GET /?v=115420157001330&mod=b7bc2a2f&uri=article.php%3Fid%3D3864360-333%26name%3Dlace+trim+maxi+nightdress+uk HTTP/1.1" 200 20739 "-" "Mozilla/5.0 (Linux; Android 6.0.1; Nexus 5X Build/MMB29P) AppleWebKit/537.36 (KHTML, like Gecko) Chrome/137.0.7151.103 Mobile Safari/537.36 (compatible; Googlebot/2.1; +http://www.google.com/bot.html)"
66.249.70.32 - - [10/Jul/2025:08:39:06 -0400] "POST /get-message-notify HTTP/1.1" 404 1251 "https://www.getschooljobs.com/?v=37340782051330&mod=d5fab51e&uri=form.php%3Fid%3D1250380-1127%26name%3Dnike+pull+reebok+homme+violet" "Mozilla/5.0 (Linux; Android 6.0.1; Nexus 5X Build/MMB29P) AppleWebKit/537.36 (KHTML, like Gecko) Chrome/137.0.7151.119 Mobile Safari/537.36 (compatible; Googlebot/2.1; +http://www.google.com/bot.html)"
66.249.70.32 - - [10/Jul/2025:08:39:10 -0400] "POST /get-message-notify HTTP/1.1" 404 1251 "https://www.getschooljobs.com/?v=115420157001330&mod=b7bc2a2f&uri=article.php%3Fid%3D3864360-333%26name%3Dlace+trim+maxi+nightdress+uk" "Mozilla/5.0 (Linux; Android 6.0.1; Nexus 5X Build/MMB29P) AppleWebKit/537.36 (KHTML, like Gecko) Chrome/137.0.7151.119 Mobile Safari/537.36 (compatible; Googlebot/2.1; +http://www.google.com/bot.html)"
