38.78.226.189 - - [10/Jul/2025:11:46:44 -0400] "GET /assets/main.js HTTP/1.1" 200 1456 "https://www.getschooljobs.com/?mod=5029a54e&uri=search.php%3Fid%3D3194243-672%26name%3Dbelt+extension+2013+ford+focus+seat+belt+buckle&v=95404825021330" "Mozilla/5.0 (X11; Linux x86_64) AppleWebKit/537.36 (KHTML, like Gecko) HeadlessChrome/138.0.7204.23 Safari/537.36"
38.18.1.46 - - [10/Jul/2025:11:46:47 -0400] "GET /?mod=5029a54e&uri=search.php%3Fid%3D3194243-672%26name%3Dbelt+extension+2013+ford+focus+seat+belt+buckle&v=95404825021330 HTTP/1.1" 200 5437 "-" "Mozilla/5.0 (Macintosh; Intel Mac OS X 10_15_7) AppleWebKit/537.36 (KHTML, like Gecko) Chrome/124.0.0.0 Safari/537.36"
154.47.78.22 - - [10/Jul/2025:11:46:48 -0400] "GET /assets/img/apple-touch-icon.png HTTP/1.1" 200 1369 "-" "Mozilla/5.0 (Macintosh; Intel Mac OS X 10_15_7) AppleWebKit/537.36 (KHTML, like Gecko) Chrome/124.0.0.0 Safari/537.36"
38.18.24.110 - - [10/Jul/2025:11:46:49 -0400] "GET /assets/img/favicon.png HTTP/1.1" 200 1369 "-" "Mozilla/5.0 (Macintosh; Intel Mac OS X 10_15_7) AppleWebKit/537.36 (KHTML, like Gecko) Chrome/124.0.0.0 Safari/537.36"
107.173.172.216 - - [10/Jul/2025:11:46:50 -0400] "GET /favicon.ico HTTP/1.1" 404 1251 "-" "Mozilla/5.0 (Macintosh; Intel Mac OS X 10_15_7) AppleWebKit/537.36 (KHTML, like Gecko) Chrome/124.0.0.0 Safari/537.36"
66.249.70.33 - - [10/Jul/2025:11:47:05 -0400] "GET /?v=115659710031330&mod=efa0bc42&uri=shop.php%3Fid%3D3872369-1159%26name%3Dzoom+air+nike+tempo+next+percent+price HTTP/1.1" 200 21526 "-" "Mozilla/5.0 (Linux; Android 6.0.1; Nexus 5X Build/MMB29P) AppleWebKit/537.36 (KHTML, like Gecko) Chrome/137.0.7151.103 Mobile Safari/537.36 (compatible; Googlebot/2.1; +http://www.google.com/bot.html)"
94.139.233.20 - - [10/Jul/2025:11:47:09 -0400] "GET /?mod=077efd55&uri=info.php%3Fid%3D2807979-216%26name%3Dexpressvpn+geforce+now+ipv6&v=83866339051330 HTTP/1.1" 200 4655 "-" "Mozilla/5.0 (X11; Linux x86_64; rv:140.0) Gecko/20100101 Firefox/140.0"
66.249.70.32 - - [10/Jul/2025:11:47:20 -0400] "GET /?v=119174122031330&mod=625cbb43&uri=pin.php%3Fid%3D3990129-383%26name%3Dankle+boots+fancy+leather+boots HTTP/1.1" 200 20487 "-" "Mozilla/5.0 (Linux; Android 6.0.1; Nexus 5X Build/MMB29P) AppleWebKit/537.36 (KHTML, like Gecko) Chrome/137.0.7151.103 Mobile Safari/537.36 (compatible; Googlebot/2.1; +http://www.google.com/bot.html)"
66.249.70.33 - - [10/Jul/2025:11:47:20 -0400] "GET /?v=116766826101330&mod=6357ee83&uri=shop.php%3Fid%3D3909439-616%26name%3Dtenis+converse+chuck+70+zapatilla+urbana+hombre HTTP/1.1" 200 20652 "-" "Mozilla/5.0 (Linux; Android 6.0.1; Nexus 5X Build/MMB29P) AppleWebKit/537.36 (KHTML, like Gecko) Chrome/137.0.7151.103 Mobile Safari/537.36 (compatible; Googlebot/2.1; +http://www.google.com/bot.html)"
66.249.70.33 - - [10/Jul/2025:11:47:21 -0400] "GET /?v=119154020071330&mod=1dcf5a99&uri=article.php%3Fid%3D3989456-714%26name%3Dseiko+prospex+seiko+men%27s+wrist+watches HTTP/1.1" 200 20796 "-" "Mozilla/5.0 (Linux; Android 6.0.1; Nexus 5X Build/MMB29P) AppleWebKit/537.36 (KHTML, like Gecko) Chrome/137.0.7151.103 Mobile Safari/537.36 (compatible; Googlebot/2.1; +http://www.google.com/bot.html)"
66.249.70.32 - - [10/Jul/2025:11:47:22 -0400] "GET /?v=91724368011330&mod=31163fed&uri=news.php%3Fid%3D3070996-300%26name%3Dtextured+rosa+blazer+zara HTTP/1.1" 200 21652 "-" "Mozilla/5.0 (Linux; Android 6.0.1; Nexus 5X Build/MMB29P) AppleWebKit/537.36 (KHTML, like Gecko) Chrome/137.0.7151.103 Mobile Safari/537.36 (compatible; Googlebot/2.1; +http://www.google.com/bot.html)"
66.249.70.33 - - [10/Jul/2025:11:47:23 -0400] "GET /?v=92573577001330&mod=41071a14&uri=category-info.php%3Fid%3D3099405-48%26name%3Dsodimm+ddr3+12800+mhz HTTP/1.1" 200 22407 "-" "Mozilla/5.0 (Linux; Android 6.0.1; Nexus 5X Build/MMB29P) AppleWebKit/537.36 (KHTML, like Gecko) Chrome/137.0.7151.103 Mobile Safari/537.36 (compatible; Googlebot/2.1; +http://www.google.com/bot.html)"
66.249.70.32 - - [10/Jul/2025:11:47:28 -0400] "POST /get-message-notify HTTP/1.1" 404 1251 "https://www.getschooljobs.com/?v=92573577001330&mod=41071a14&uri=category-info.php%3Fid%3D3099405-48%26name%3Dsodimm+ddr3+12800+mhz" "Mozilla/5.0 (Linux; Android 6.0.1; Nexus 5X Build/MMB29P) AppleWebKit/537.36 (KHTML, like Gecko) Chrome/137.0.7151.119 Mobile Safari/537.36 (compatible; Googlebot/2.1; +http://www.google.com/bot.html)"
66.249.70.32 - - [10/Jul/2025:11:47:54 -0400] "POST /get-message-notify HTTP/1.1" 404 1251 "https://www.getschooljobs.com/?v=119174122031330&mod=625cbb43&uri=pin.php%3Fid%3D3990129-383%26name%3Dankle+boots+fancy+leather+boots" "Mozilla/5.0 (Linux; Android 6.0.1; Nexus 5X Build/MMB29P) AppleWebKit/537.36 (KHTML, like Gecko) Chrome/137.0.7151.119 Mobile Safari/537.36 (compatible; Googlebot/2.1; +http://www.google.com/bot.html)"
5.161.249.30 - - [10/Jul/2025:11:48:18 -0400] "GET /?v=66517401071330&mod=ae91b05c&uri=form.php?id%3D2227198-321&name=hair+comb+abalone+turtle HTTP/1.1" 200 4656 "-" "Mozilla/5.0 (Windows NT 10.0; Win64; x64) AppleWebKit/537.36 (KHTML, like Gecko) Chrome/84.0.4147.105 Safari/537.36"
66.249.70.32 - - [10/Jul/2025:11:49:02 -0400] "GET /?v=85870736041330&mod=6e7f6c38&uri=shop.php%3Fid%3D2875063-136%26name%3Dthree+wheel+bike+schwinn+rear+wheel HTTP/1.1" 200 21861 "-" "Mozilla/5.0 (Linux; Android 6.0.1; Nexus 5X Build/MMB29P) AppleWebKit/537.36 (KHTML, like Gecko) Chrome/137.0.7151.103 Mobile Safari/537.36 (compatible; Googlebot/2.1; +http://www.google.com/bot.html)"
66.249.70.32 - - [10/Jul/2025:11:49:02 -0400] "GET /?v=26169772091330&mod=a98af636&uri=itm.php%3Fid%3D876345-790%26name%3Dprada+mens+penny+loafers HTTP/1.1" 200 20230 "-" "Mozilla/5.0 (Linux; Android 6.0.1; Nexus 5X Build/MMB29P) AppleWebKit/537.36 (KHTML, like Gecko) Chrome/137.0.7151.103 Mobile Safari/537.36 (compatible; Googlebot/2.1; +http://www.google.com/bot.html)"
66.249.70.32 - - [10/Jul/2025:11:49:16 -0400] "GET /?v=115506596031330&mod=633cc4cf&uri=product.php%3Fid%3D3867248-542%26name%3Dspeedex+ss+baby+feeding+bottle HTTP/1.1" 200 21647 "-" "Mozilla/5.0 (Linux; Android 6.0.1; Nexus 5X Build/MMB29P) AppleWebKit/537.36 (KHTML, like Gecko) Chrome/137.0.7151.103 Mobile Safari/537.36 (compatible; Googlebot/2.1; +http://www.google.com/bot.html)"
66.249.70.33 - - [10/Jul/2025:11:49:16 -0400] "POST /get-message-notify HTTP/1.1" 404 1251 "https://www.getschooljobs.com/?v=85870736041330&mod=6e7f6c38&uri=shop.php%3Fid%3D2875063-136%26name%3Dthree+wheel+bike+schwinn+rear+wheel" "Mozilla/5.0 (Linux; Android 6.0.1; Nexus 5X Build/MMB29P) AppleWebKit/537.36 (KHTML, like Gecko) Chrome/137.0.7151.119 Mobile Safari/537.36 (compatible; Googlebot/2.1; +http://www.google.com/bot.html)"
66.249.70.32 - - [10/Jul/2025:11:49:29 -0400] "GET /?v=89761865021330&mod=aed6ee9a&uri=brands.php%3Fid%3D3005309-791%26name%3Dzapatillas+talle+uk+adidas HTTP/1.1" 200 21465 "-" "Mozilla/5.0 (Linux; Android 6.0.1; Nexus 5X Build/MMB29P) AppleWebKit/537.36 (KHTML, like Gecko) Chrome/137.0.7151.103 Mobile Safari/537.36 (compatible; Googlebot/2.1; +http://www.google.com/bot.html)"
92.184.98.93 - - [10/Jul/2025:11:49:47 -0400] "GET /?v=97183976041330&mod=dd2384b0&uri=info.php%3Fid%3D3253839-775%26name%3Drobe+chemise+robe+longue+derhy HTTP/1.1" 200 133 "https://www.google.com/" "Mozilla/5.0 (Linux; Android 10; K) AppleWebKit/537.36 (KHTML, like Gecko) Chrome/138.0.0.0 Mobile Safari/537.36"
66.249.70.34 - - [10/Jul/2025:11:50:13 -0400] "GET /?v=22300924031330&mod=a8ae1046&uri=goods.php%3Fid%3D746747-123%26name%3Draiders+ravens+vs+patriots+live+stream+reddit HTTP/1.1" 200 22068 "-" "Mozilla/5.0 (Linux; Android 6.0.1; Nexus 5X Build/MMB29P) AppleWebKit/537.36 (KHTML, like Gecko) Chrome/137.0.7151.103 Mobile Safari/537.36 (compatible; Googlebot/2.1; +http://www.google.com/bot.html)"
172.213.11.157 - - [10/Jul/2025:11:50:26 -0400] "GET /?mod=a0c65819&uri=article.php?id%3D3994489-582%26name%3Dusb+c+to+lightning+adapter+walmart&v=119304799061330 HTTP/1.1" 200 4655 "-" "Mozilla/5.0 AppleWebKit/537.36 (KHTML, like Gecko); compatible; ChatGPT-User/1.0; +https://openai.com/bot"
66.249.70.32 - - [10/Jul/2025:11:50:30 -0400] "POST /get-message-notify HTTP/1.1" 404 1251 "https://www.getschooljobs.com/?v=119154020071330&mod=1dcf5a99&uri=article.php%3Fid%3D3989456-714%26name%3Dseiko+prospex+seiko+men%27s+wrist+watches" "Mozilla/5.0 (Linux; Android 6.0.1; Nexus 5X Build/MMB29P) AppleWebKit/537.36 (KHTML, like Gecko) Chrome/137.0.7151.119 Mobile Safari/537.36 (compatible; Googlebot/2.1; +http://www.google.com/bot.html)"
66.249.70.32 - - [10/Jul/2025:11:50:41 -0400] "GET /?v=107867652031330&mod=e71c1ca6&uri=article.php%3Fid%3D3611550-315%26name%3Doppo+a53+mobile+back+cover+glitter HTTP/1.1" 200 21449 "-" "Mozilla/5.0 (Linux; Android 6.0.1; Nexus 5X Build/MMB29P) AppleWebKit/537.36 (KHTML, like Gecko) Chrome/137.0.7151.103 Mobile Safari/537.36 (compatible; Googlebot/2.1; +http://www.google.com/bot.html)"
66.249.70.32 - - [10/Jul/2025:11:50:56 -0400] "GET /?v=26152762131330&mod=a9c325a1&uri=blog.php%3Fid%3D875778-869%26name%3Dpaseo+con+mu%C3%83%C2%B1eca+con+carrito+que+saca+burbujas HTTP/1.1" 200 21411 "-" "Mozilla/5.0 (Linux; Android 6.0.1; Nexus 5X Build/MMB29P) AppleWebKit/537.36 (KHTML, like Gecko) Chrome/137.0.7151.103 Mobile Safari/537.36 (compatible; Googlebot/2.1; +http://www.google.com/bot.html)"
66.249.70.33 - - [10/Jul/2025:11:51:01 -0400] "POST /get-message-notify HTTP/1.1" 404 1251 "https://www.getschooljobs.com/?v=26152762131330&mod=a9c325a1&uri=blog.php%3Fid%3D875778-869%26name%3Dpaseo+con+mu%C3%83%C2%B1eca+con+carrito+que+saca+burbujas" "Mozilla/5.0 (Linux; Android 6.0.1; Nexus 5X Build/MMB29P) AppleWebKit/537.36 (KHTML, like Gecko) Chrome/137.0.7151.119 Mobile Safari/537.36 (compatible; Googlebot/2.1; +http://www.google.com/bot.html)"
20.14.99.110 - - [10/Jul/2025:11:51:47 -0400] "GET /?mod=a0c65819&uri=article.php%3Fid%3D3994489-582%26name%3Dusb+c+to+lightning+adapter+walmart&v=119304799061330 HTTP/1.1" 200 4655 "-" "Mozilla/5.0 (Macintosh; Intel Mac OS X 10_15_7) AppleWebKit/537.36 (KHTML, like Gecko) Chrome/131.0.0.0 Safari/537.36; compatible; OAI-SearchBot/1.0; +https://openai.com/searchbot"
52.225.75.216 - - [10/Jul/2025:11:51:56 -0400] "GET /?mod=e12adf20&uri=pin.php?id%3D2228370-250%26name%3Dwaybill+aramex+bags+pick+n+pay&v=66552426011330 HTTP/1.1" 200 4655 "-" "Mozilla/5.0 AppleWebKit/537.36 (KHTML, like Gecko); compatible; ChatGPT-User/1.0; +https://openai.com/bot"
66.249.70.34 - - [10/Jul/2025:11:52:03 -0400] "GET /?v=26049577101330&mod=75d121c8&uri=form.php%3Fid%3D872295-810%26name%3Depisode+watch+rpdr+all+stars HTTP/1.1" 200 21609 "-" "Mozilla/5.0 (Linux; Android 6.0.1; Nexus 5X Build/MMB29P) AppleWebKit/537.36 (KHTML, like Gecko) Chrome/137.0.7151.103 Mobile Safari/537.36 (compatible; Googlebot/2.1; +http://www.google.com/bot.html)"
66.249.70.32 - - [10/Jul/2025:11:52:06 -0400] "GET /?v=102081365121330&mod=9274a5a0&uri=blog.php%3Fid%3D3417857-166%26name%3Dyour+dog+dog+barks+at+night+when+alone HTTP/1.1" 200 21851 "-" "Mozilla/5.0 (Linux; Android 6.0.1; Nexus 5X Build/MMB29P) AppleWebKit/537.36 (KHTML, like Gecko) Chrome/137.0.7151.103 Mobile Safari/537.36 (compatible; Googlebot/2.1; +http://www.google.com/bot.html)"
66.249.70.32 - - [10/Jul/2025:11:52:11 -0400] "POST /get-message-notify HTTP/1.1" 404 1251 "https://www.getschooljobs.com/?v=102081365121330&mod=9274a5a0&uri=blog.php%3Fid%3D3417857-166%26name%3Dyour+dog+dog+barks+at+night+when+alone" "Mozilla/5.0 (Linux; Android 6.0.1; Nexus 5X Build/MMB29P) AppleWebKit/537.36 (KHTML, like Gecko) Chrome/137.0.7151.119 Mobile Safari/537.36 (compatible; Googlebot/2.1; +http://www.google.com/bot.html)"
66.249.70.32 - - [10/Jul/2025:11:52:34 -0400] "GET /?v=116656537001330&mod=f07e351c&uri=shared.php%3Fid%3D3905747-1106%26name%3Dladies+sandals+diamond+wrap+around+sandals HTTP/1.1" 200 21043 "-" "Mozilla/5.0 (Linux; Android 6.0.1; Nexus 5X Build/MMB29P) AppleWebKit/537.36 (KHTML, like Gecko) Chrome/137.0.7151.103 Mobile Safari/537.36 (compatible; Googlebot/2.1; +http://www.google.com/bot.html)"
172.182.209.215 - - [10/Jul/2025:11:52:47 -0400] "GET /?mod=e12adf20&uri=pin.php%3Fid%3D2228370-250%26name%3Dwaybill+aramex+bags+pick+n+pay&v=66552426011330 HTTP/1.1" 200 4656 "-" "Mozilla/5.0 (Macintosh; Intel Mac OS X 10_15_7) AppleWebKit/537.36 (KHTML, like Gecko) Chrome/131.0.0.0 Safari/537.36; compatible; OAI-SearchBot/1.0; +https://openai.com/searchbot"
66.249.70.32 - - [10/Jul/2025:11:52:52 -0400] "GET /?v=4460567051330&mod=dcad82b6&uri=info.php%3Fid%3D149332-697%26name%3Dall+star+converse+platform+in+saldo HTTP/1.1" 200 21799 "-" "Mozilla/5.0 (Linux; Android 6.0.1; Nexus 5X Build/MMB29P) AppleWebKit/537.36 (KHTML, like Gecko) Chrome/137.0.7151.103 Mobile Safari/537.36 (compatible; Googlebot/2.1; +http://www.google.com/bot.html)"
66.249.70.34 - - [10/Jul/2025:11:53:01 -0400] "POST /get-message-notify HTTP/1.1" 404 1251 "https://www.getschooljobs.com/?v=89761865021330&mod=aed6ee9a&uri=brands.php%3Fid%3D3005309-791%26name%3Dzapatillas+talle+uk+adidas" "Mozilla/5.0 (Linux; Android 6.0.1; Nexus 5X Build/MMB29P) AppleWebKit/537.36 (KHTML, like Gecko) Chrome/137.0.7151.119 Mobile Safari/537.36 (compatible; Googlebot/2.1; +http://www.google.com/bot.html)"
66.249.70.32 - - [10/Jul/2025:11:53:09 -0400] "GET /?v=209222011330&mod=5d461a9f&uri=news.php%3Fid%3D7001-104%26name%3Dbalmain+kidswear+balmain+jumper+kids HTTP/1.1" 200 21657 "-" "Mozilla/5.0 (Linux; Android 6.0.1; Nexus 5X Build/MMB29P) AppleWebKit/537.36 (KHTML, like Gecko) Chrome/137.0.7151.103 Mobile Safari/537.36 (compatible; Googlebot/2.1; +http://www.google.com/bot.html)"
66.249.70.32 - - [10/Jul/2025:11:53:42 -0400] "GET /?v=26149197041330&mod=fc01bb05&uri=shop.php%3Fid%3D875659-581%26name%3Dcge+pro+mount+celestron+cge+mount HTTP/1.1" 200 21164 "-" "Mozilla/5.0 (Linux; Android 6.0.1; Nexus 5X Build/MMB29P) AppleWebKit/537.36 (KHTML, like Gecko) Chrome/137.0.7151.103 Mobile Safari/537.36 (compatible; Googlebot/2.1; +http://www.google.com/bot.html)"
66.249.70.32 - - [10/Jul/2025:11:53:42 -0400] "GET /?v=439097021330&mod=34113f84&uri=products.php%3Fid%3D14693-135%26name%3D3t+exploro+bicicletta+bmw+usata HTTP/1.1" 200 22076 "-" "Mozilla/5.0 (Linux; Android 6.0.1; Nexus 5X Build/MMB29P) AppleWebKit/537.36 (KHTML, like Gecko) Chrome/137.0.7151.103 Mobile Safari/537.36 (compatible; Googlebot/2.1; +http://www.google.com/bot.html)"
66.249.70.32 - - [10/Jul/2025:11:53:59 -0400] "GET /?v=109083056021330&mod=7c8b8059&uri=pin.php%3Fid%3D3652221-1066%26name%3Dmotorcycle+helmet+motogp+riding+gear+price HTTP/1.1" 200 21495 "-" "Mozilla/5.0 (Linux; Android 6.0.1; Nexus 5X Build/MMB29P) AppleWebKit/537.36 (KHTML, like Gecko) Chrome/137.0.7151.103 Mobile Safari/537.36 (compatible; Googlebot/2.1; +http://www.google.com/bot.html)"
66.249.70.32 - - [10/Jul/2025:11:54:05 -0400] "POST /get-message-notify HTTP/1.1" 404 1251 "https://www.getschooljobs.com/?v=109083056021330&mod=7c8b8059&uri=pin.php%3Fid%3D3652221-1066%26name%3Dmotorcycle+helmet+motogp+riding+gear+price" "Mozilla/5.0 (Linux; Android 6.0.1; Nexus 5X Build/MMB29P) AppleWebKit/537.36 (KHTML, like Gecko) Chrome/137.0.7151.119 Mobile Safari/537.36 (compatible; Googlebot/2.1; +http://www.google.com/bot.html)"
66.249.70.32 - - [10/Jul/2025:11:54:13 -0400] "GET /?v=51107415031330&mod=40cccad2&uri=us.php%3Fid%3D1711076-43%26name%3Dartificial+intelligence+recommendation+engine+deep+learning HTTP/1.1" 200 21468 "-" "Mozilla/5.0 (Linux; Android 6.0.1; Nexus 5X Build/MMB29P) AppleWebKit/537.36 (KHTML, like Gecko) Chrome/137.0.7151.103 Mobile Safari/537.36 (compatible; Googlebot/2.1; +http://www.google.com/bot.html)"
66.249.70.32 - - [10/Jul/2025:11:54:15 -0400] "GET /?v=84497096091330&mod=dce58de1&uri=search.php%3Fid%3D2829093-537%26name%3Dpurple+nike+max+air+vapor+backpack+for+sale HTTP/1.1" 200 21517 "-" "Mozilla/5.0 (Linux; Android 6.0.1; Nexus 5X Build/MMB29P) AppleWebKit/537.36 (KHTML, like Gecko) Chrome/137.0.7151.103 Mobile Safari/537.36 (compatible; Googlebot/2.1; +http://www.google.com/bot.html)"
66.249.70.32 - - [10/Jul/2025:11:54:21 -0400] "POST /get-message-notify HTTP/1.1" 404 1251 "https://www.getschooljobs.com/?v=51107415031330&mod=40cccad2&uri=us.php%3Fid%3D1711076-43%26name%3Dartificial+intelligence+recommendation+engine+deep+learning" "Mozilla/5.0 (Linux; Android 6.0.1; Nexus 5X Build/MMB29P) AppleWebKit/537.36 (KHTML, like Gecko) Chrome/137.0.7151.119 Mobile Safari/537.36 (compatible; Googlebot/2.1; +http://www.google.com/bot.html)"
66.249.70.32 - - [10/Jul/2025:11:54:56 -0400] "GET /?v=31520393061330&mod=6b77b838&uri=products.php%3Fid%3D1055497-158%26name%3Dbraids+carrera+slot+car+replacement+brushes HTTP/1.1" 200 21977 "-" "Mozilla/5.0 (Linux; Android 6.0.1; Nexus 5X Build/MMB29P) AppleWebKit/537.36 (KHTML, like Gecko) Chrome/137.0.7151.103 Mobile Safari/537.36 (compatible; Googlebot/2.1; +http://www.google.com/bot.html)"
66.249.70.33 - - [10/Jul/2025:11:55:35 -0400] "GET /?v=55316356001330&mod=caa89215&uri=blog.php%3Fid%3D1852033-53%26name%3Dsuzuki+intruder+weight HTTP/1.1" 200 21728 "-" "Mozilla/5.0 (Linux; Android 6.0.1; Nexus 5X Build/MMB29P) AppleWebKit/537.36 (KHTML, like Gecko) Chrome/137.0.7151.103 Mobile Safari/537.36 (compatible; Googlebot/2.1; +http://www.google.com/bot.html)"
66.249.70.32 - - [10/Jul/2025:11:55:51 -0400] "GET /?v=119149029031330&mod=1dcf5a99&uri=blog.php%3Fid%3D3989287-714%26name%3Dfull+movie+harry+potter+and+deathly+hallows+part+hindi HTTP/1.1" 200 20401 "-" "Mozilla/5.0 (Linux; Android 6.0.1; Nexus 5X Build/MMB29P) AppleWebKit/537.36 (KHTML, like Gecko) Chrome/137.0.7151.103 Mobile Safari/537.36 (compatible; Googlebot/2.1; +http://www.google.com/bot.html)"
66.249.70.32 - - [10/Jul/2025:11:55:56 -0400] "POST /get-message-notify HTTP/1.1" 404 1251 "https://www.getschooljobs.com/?v=55316356001330&mod=caa89215&uri=blog.php%3Fid%3D1852033-53%26name%3Dsuzuki+intruder+weight" "Mozilla/5.0 (Linux; Android 6.0.1; Nexus 5X Build/MMB29P) AppleWebKit/537.36 (KHTML, like Gecko) Chrome/137.0.7151.119 Mobile Safari/537.36 (compatible; Googlebot/2.1; +http://www.google.com/bot.html)"
66.249.70.32 - - [10/Jul/2025:11:57:56 -0400] "GET /?v=115701455031330&mod=a5d42e40&uri=search.php%3Fid%3D3873766-59%26name%3Diconx+gear+buds+plus HTTP/1.1" 200 21950 "-" "Mozilla/5.0 (Linux; Android 6.0.1; Nexus 5X Build/MMB29P) AppleWebKit/537.36 (KHTML, like Gecko) Chrome/137.0.7151.103 Mobile Safari/537.36 (compatible; Googlebot/2.1; +http://www.google.com/bot.html)"
66.249.70.33 - - [10/Jul/2025:11:57:56 -0400] "GET /?v=85972604041330&mod=0dccb2cd&uri=shared.php%3Fid%3D2878467-1003%26name%3Duniqlo+ultra+hybrid+down+ultra+warm+short+coat HTTP/1.1" 200 21727 "-" "Mozilla/5.0 (Linux; Android 6.0.1; Nexus 5X Build/MMB29P) AppleWebKit/537.36 (KHTML, like Gecko) Chrome/137.0.7151.103 Mobile Safari/537.36 (compatible; Googlebot/2.1; +http://www.google.com/bot.html)"
66.249.70.34 - - [10/Jul/2025:11:58:01 -0400] "POST /get-message-notify HTTP/1.1" 404 1251 "https://www.getschooljobs.com/?v=85972604041330&mod=0dccb2cd&uri=shared.php%3Fid%3D2878467-1003%26name%3Duniqlo+ultra+hybrid+down+ultra+warm+short+coat" "Mozilla/5.0 (Linux; Android 6.0.1; Nexus 5X Build/MMB29P) AppleWebKit/537.36 (KHTML, like Gecko) Chrome/137.0.7151.119 Mobile Safari/537.36 (compatible; Googlebot/2.1; +http://www.google.com/bot.html)"
66.249.70.32 - - [10/Jul/2025:11:58:42 -0400] "GET /?v=89961752131330&mod=dd397459&uri=blog.php%3Fid%3D3011998-286%26name%3Ddoraemon+episodes+doraemon+full+in+tamil HTTP/1.1" 200 21497 "-" "Mozilla/5.0 (Linux; Android 6.0.1; Nexus 5X Build/MMB29P) AppleWebKit/537.36 (KHTML, like Gecko) Chrome/137.0.7151.103 Mobile Safari/537.36 (compatible; Googlebot/2.1; +http://www.google.com/bot.html)"
66.249.70.32 - - [10/Jul/2025:11:58:58 -0400] "GET /?v=89762405081330&mod=aed6ee9a&uri=products.php%3Fid%3D3005327-791%26name%3Danimal+print+vans+era+grape HTTP/1.1" 200 21921 "-" "Mozilla/5.0 (Linux; Android 6.0.1; Nexus 5X Build/MMB29P) AppleWebKit/537.36 (KHTML, like Gecko) Chrome/137.0.7151.103 Mobile Safari/537.36 (compatible; Googlebot/2.1; +http://www.google.com/bot.html)"
66.249.70.32 - - [10/Jul/2025:11:59:02 -0400] "POST /get-message-notify HTTP/1.1" 404 1251 "https://www.getschooljobs.com/?v=89762405081330&mod=aed6ee9a&uri=products.php%3Fid%3D3005327-791%26name%3Danimal+print+vans+era+grape" "Mozilla/5.0 (Linux; Android 6.0.1; Nexus 5X Build/MMB29P) AppleWebKit/537.36 (KHTML, like Gecko) Chrome/137.0.7151.119 Mobile Safari/537.36 (compatible; Googlebot/2.1; +http://www.google.com/bot.html)"
129.0.76.41 - - [10/Jul/2025:11:59:22 -0400] "GET /?v=116537058041330&mod=633cc4cf&uri=itm.php%3Fid%3D3901738-542%26name%3Dnan+infant+milk HTTP/1.1" 200 134 "https://www.google.com/" "Mozilla/5.0 (Linux; Android 10; K) AppleWebKit/537.36 (KHTML, like Gecko) Chrome/138.0.0.0 Mobile Safari/537.36"
66.249.70.32 - - [10/Jul/2025:11:59:25 -0400] "GET /?v=68896580011330&mod=7221e5c8&uri=shop.php%3Fid%3D2306824-31%26name%3D1200+watts+jbl+12+inch+subs HTTP/1.1" 200 21974 "-" "Mozilla/5.0 (Linux; Android 6.0.1; Nexus 5X Build/MMB29P) AppleWebKit/537.36 (KHTML, like Gecko) Chrome/137.0.7151.103 Mobile Safari/537.36 (compatible; Googlebot/2.1; +http://www.google.com/bot.html)"
74.7.36.102 - - [10/Jul/2025:11:59:25 -0400] "GET /?mod=b305a9a1&uri=news.php?id%3D2338766-326%26name%3D55+litros+alpes+outdoor+mochilas&v=69850529071330 HTTP/1.1" 200 4655 "-" "Mozilla/5.0 AppleWebKit/537.36 (KHTML, like Gecko); compatible; ChatGPT-User/1.0; +https://openai.com/bot"
66.249.70.32 - - [10/Jul/2025:11:59:25 -0400] "GET /?v=43977732021330&mod=26c0eb74&uri=dp.php%3Fid%3D1472439-1054%26name%3Ddeals+sudadera+comprar+sudaderas+nike+baratas HTTP/1.1" 200 21562 "-" "Mozilla/5.0 (Linux; Android 6.0.1; Nexus 5X Build/MMB29P) AppleWebKit/537.36 (KHTML, like Gecko) Chrome/137.0.7151.103 Mobile Safari/537.36 (compatible; Googlebot/2.1; +http://www.google.com/bot.html)"
2.122.33.235 - - [10/Jul/2025:12:00:03 -0400] "GET /?v=44736987021330&mod=7aa7b774&uri=products.php%3Fid%3D1497875-81%26name%3Dsports+pink+gaa+jerseys HTTP/1.1" 200 133 "https://www.google.com/" "Mozilla/5.0 (Macintosh; Intel Mac OS X 10_15_7) AppleWebKit/605.1.15 (KHTML, like Gecko) Version/17.2 Safari/605.1.15"
38.19.8.75 - - [10/Jul/2025:12:00:10 -0400] "GET /?v=99566625071330&mod=64d52e08&uri=us.php%3Fid%3D3333620-37%26name%3Dreloj+inteligente+relojes+you HTTP/1.1" 200 133 "https://www.google.com/" "Mozilla/5.0 (Windows NT 10.0; Win64; x64) AppleWebKit/537.36 (KHTML, like Gecko) Chrome/138.0.0.0 Safari/537.36"
66.249.70.33 - - [10/Jul/2025:12:00:13 -0400] "GET /?v=92423293001330&mod=01227e94&uri=search.php%3Fid%3D3094387-941%26name%3Dhuarache+run+reebok+style+huarache HTTP/1.1" 200 21430 "-" "Mozilla/5.0 (Linux; Android 6.0.1; Nexus 5X Build/MMB29P) AppleWebKit/537.36 (KHTML, like Gecko) Chrome/137.0.7151.103 Mobile Safari/537.36 (compatible; Googlebot/2.1; +http://www.google.com/bot.html)"
66.249.70.33 - - [10/Jul/2025:12:00:20 -0400] "POST /get-message-notify HTTP/1.1" 404 1251 "https://www.getschooljobs.com/?v=92423293001330&mod=01227e94&uri=search.php%3Fid%3D3094387-941%26name%3Dhuarache+run+reebok+style+huarache" "Mozilla/5.0 (Linux; Android 6.0.1; Nexus 5X Build/MMB29P) AppleWebKit/537.36 (KHTML, like Gecko) Chrome/137.0.7151.119 Mobile Safari/537.36 (compatible; Googlebot/2.1; +http://www.google.com/bot.html)"
66.249.70.32 - - [10/Jul/2025:12:00:54 -0400] "GET /?v=33034666021330&mod=99064ba6&uri=goods.php%3Fid%3D1106179-51%26name%3Delha+laser+depilaci%C3%83%C2%B3n+l%C3%83%C2%A1ser+cuerpo+completo+mujer HTTP/1.1" 200 22016 "-" "Mozilla/5.0 (Linux; Android 6.0.1; Nexus 5X Build/MMB29P) AppleWebKit/537.36 (KHTML, like Gecko) Chrome/137.0.7151.103 Mobile Safari/537.36 (compatible; Googlebot/2.1; +http://www.google.com/bot.html)"
66.249.70.32 - - [10/Jul/2025:12:00:56 -0400] "GET /?v=99657858071330&mod=4a91f731&uri=search.php%3Fid%3D3336698-506%26name%3Damazon+alexa+app HTTP/1.1" 200 21168 "-" "Mozilla/5.0 (Linux; Android 6.0.1; Nexus 5X Build/MMB29P) AppleWebKit/537.36 (KHTML, like Gecko) Chrome/137.0.7151.103 Mobile Safari/537.36 (compatible; Googlebot/2.1; +http://www.google.com/bot.html)"
66.249.70.34 - - [10/Jul/2025:12:01:02 -0400] "GET /?v=55331916031330&mod=4fa53be9&uri=form.php%3Fid%3D1852556-17%26name%3Druote+valore+tensione+raggi+bici HTTP/1.1" 200 21459 "-" "Mozilla/5.0 (Linux; Android 6.0.1; Nexus 5X Build/MMB29P) AppleWebKit/537.36 (KHTML, like Gecko) Chrome/137.0.7151.103 Mobile Safari/537.36 (compatible; Googlebot/2.1; +http://www.google.com/bot.html)"
66.249.70.33 - - [10/Jul/2025:12:01:28 -0400] "GET /?v=43980882021330&mod=a5d42e40&uri=product.php%3Fid%3D1472544-59%26name%3Dconnect+airpods+airpods+for+samsung+a70 HTTP/1.1" 200 22281 "-" "Mozilla/5.0 (Linux; Android 6.0.1; Nexus 5X Build/MMB29P) AppleWebKit/537.36 (KHTML, like Gecko) Chrome/137.0.7151.103 Mobile Safari/537.36 (compatible; Googlebot/2.1; +http://www.google.com/bot.html)"
66.249.70.32 - - [10/Jul/2025:12:01:56 -0400] "GET /?v=109741965031330&mod=6a70a091&uri=category-info.php%3Fid%3D3674274-186%26name%3Dbenchmark+rx+580+crossfire+vs+1080 HTTP/1.1" 200 20555 "-" "Mozilla/5.0 (Linux; Android 6.0.1; Nexus 5X Build/MMB29P) AppleWebKit/537.36 (KHTML, like Gecko) Chrome/137.0.7151.103 Mobile Safari/537.36 (compatible; Googlebot/2.1; +http://www.google.com/bot.html)"
66.249.70.34 - - [10/Jul/2025:12:02:01 -0400] "POST /get-message-notify HTTP/1.1" 404 1251 "https://www.getschooljobs.com/?v=109741965031330&mod=6a70a091&uri=category-info.php%3Fid%3D3674274-186%26name%3Dbenchmark+rx+580+crossfire+vs+1080" "Mozilla/5.0 (Linux; Android 6.0.1; Nexus 5X Build/MMB29P) AppleWebKit/537.36 (KHTML, like Gecko) Chrome/137.0.7151.119 Mobile Safari/537.36 (compatible; Googlebot/2.1; +http://www.google.com/bot.html)"
178.156.169.147 - - [10/Jul/2025:12:02:04 -0400] "GET /?v=118433424031330&mod=ae3eff66&uri=shared.php?id%3D3965278-967&name=canadian+tire+botte+dakota+equipeur HTTP/1.1" 200 4655 "-" "Mozilla/5.0 (Windows NT 10.0; Win64; x64) AppleWebKit/537.36 (KHTML, like Gecko) Chrome/84.0.4147.105 Safari/537.36"
66.249.70.32 - - [10/Jul/2025:12:02:45 -0400] "GET /?v=208862041330&mod=0b7e4125&uri=product.php%3Fid%3D6989-125%26name%3Dderbe+schwarze+softshelljacke+damen HTTP/1.1" 200 22118 "-" "Mozilla/5.0 (Linux; Android 6.0.1; Nexus 5X Build/MMB29P) AppleWebKit/537.36 (KHTML, like Gecko) Chrome/137.0.7151.103 Mobile Safari/537.36 (compatible; Googlebot/2.1; +http://www.google.com/bot.html)"
66.249.70.32 - - [10/Jul/2025:12:02:50 -0400] "POST /get-message-notify HTTP/1.1" 404 1251 "https://www.getschooljobs.com/?v=208862041330&mod=0b7e4125&uri=product.php%3Fid%3D6989-125%26name%3Dderbe+schwarze+softshelljacke+damen" "Mozilla/5.0 (Linux; Android 6.0.1; Nexus 5X Build/MMB29P) AppleWebKit/537.36 (KHTML, like Gecko) Chrome/137.0.7151.119 Mobile Safari/537.36 (compatible; Googlebot/2.1; +http://www.google.com/bot.html)"
66.249.70.34 - - [10/Jul/2025:12:03:13 -0400] "GET /?v=43977282071330&mod=c2fcb7ed&uri=shop.php%3Fid%3D1472424-564%26name%3Dsoccer+jersey+1986+leeds+united+shirt HTTP/1.1" 200 20880 "-" "Mozilla/5.0 (Linux; Android 6.0.1; Nexus 5X Build/MMB29P) AppleWebKit/537.36 (KHTML, like Gecko) Chrome/137.0.7151.103 Mobile Safari/537.36 (compatible; Googlebot/2.1; +http://www.google.com/bot.html)"
66.249.70.33 - - [10/Jul/2025:12:03:17 -0400] "POST /get-message-notify HTTP/1.1" 404 1251 "https://www.getschooljobs.com/?v=43977282071330&mod=c2fcb7ed&uri=shop.php%3Fid%3D1472424-564%26name%3Dsoccer+jersey+1986+leeds+united+shirt" "Mozilla/5.0 (Linux; Android 6.0.1; Nexus 5X Build/MMB29P) AppleWebKit/537.36 (KHTML, like Gecko) Chrome/137.0.7151.119 Mobile Safari/537.36 (compatible; Googlebot/2.1; +http://www.google.com/bot.html)"
66.249.70.32 - - [10/Jul/2025:12:04:13 -0400] "GET /?v=116726927021330&mod=40cccad2&uri=info.php%3Fid%3D3908103-43%26name%3Dtransformers+legacy+united+gen+optimus+prime HTTP/1.1" 200 21895 "-" "Mozilla/5.0 (Linux; Android 6.0.1; Nexus 5X Build/MMB29P) AppleWebKit/537.36 (KHTML, like Gecko) Chrome/137.0.7151.103 Mobile Safari/537.36 (compatible; Googlebot/2.1; +http://www.google.com/bot.html)"
66.249.70.33 - - [10/Jul/2025:12:04:14 -0400] "GET /?v=66070508021330&mod=2a4bba50&uri=form.php%3Fid%3D2212243-1241%26name%3Dcorsair+vengeance+ddr4+2933+sodimm HTTP/1.1" 200 21063 "-" "Mozilla/5.0 (Linux; Android 6.0.1; Nexus 5X Build/MMB29P) AppleWebKit/537.36 (KHTML, like Gecko) Chrome/137.0.7151.103 Mobile Safari/537.36 (compatible; Googlebot/2.1; +http://www.google.com/bot.html)"
66.249.70.33 - - [10/Jul/2025:12:04:29 -0400] "GET /?v=44468997021330&mod=8c8a9c8f&uri=search.php%3Fid%3D1488905-738%26name%3Dsale+lenceria+casa+sol+lenceria+en+once HTTP/1.1" 200 22432 "-" "Mozilla/5.0 (Linux; Android 6.0.1; Nexus 5X Build/MMB29P) AppleWebKit/537.36 (KHTML, like Gecko) Chrome/137.0.7151.103 Mobile Safari/537.36 (compatible; Googlebot/2.1; +http://www.google.com/bot.html)"
66.249.70.32 - - [10/Jul/2025:12:04:31 -0400] "GET /?v=30116011011330&mod=2a962e14&uri=shared.php%3Fid%3D1008470-331%26name%3Dtachuelas+mercules+mercules+outlet HTTP/1.1" 200 20730 "-" "Mozilla/5.0 (Linux; Android 6.0.1; Nexus 5X Build/MMB29P) AppleWebKit/537.36 (KHTML, like Gecko) Chrome/137.0.7151.103 Mobile Safari/537.36 (compatible; Googlebot/2.1; +http://www.google.com/bot.html)"
66.249.70.32 - - [10/Jul/2025:12:06:02 -0400] "GET /?v=42413282011330&mod=04f7ff09&uri=goods.php%3Fid%3D1420102-922%26name%3Dfull+sleeves+banarsi+blouse+designs HTTP/1.1" 200 20932 "-" "Mozilla/5.0 (Linux; Android 6.0.1; Nexus 5X Build/MMB29P) AppleWebKit/537.36 (KHTML, like Gecko) Chrome/137.0.7151.103 Mobile Safari/537.36 (compatible; Googlebot/2.1; +http://www.google.com/bot.html)"
66.249.70.33 - - [10/Jul/2025:12:06:05 -0400] "GET /?v=9091883041330&mod=083dba1e&uri=itm.php%3Fid%3D304385-1019%26name%3Dreversible+quilted+veste+reversible+lacoste HTTP/1.1" 200 21631 "-" "Mozilla/5.0 (Linux; Android 6.0.1; Nexus 5X Build/MMB29P) AppleWebKit/537.36 (KHTML, like Gecko) Chrome/137.0.7151.103 Mobile Safari/537.36 (compatible; Googlebot/2.1; +http://www.google.com/bot.html)"
66.249.70.33 - - [10/Jul/2025:12:06:05 -0400] "GET /?v=3856836081330&mod=b05445d6&uri=shared.php%3Fid%3D129104-296%26name%3Dchaqueta+rebajas+highly+preppy HTTP/1.1" 200 21564 "-" "Mozilla/5.0 (Linux; Android 6.0.1; Nexus 5X Build/MMB29P) AppleWebKit/537.36 (KHTML, like Gecko) Chrome/137.0.7151.103 Mobile Safari/537.36 (compatible; Googlebot/2.1; +http://www.google.com/bot.html)"
66.249.70.32 - - [10/Jul/2025:12:06:07 -0400] "GET /?v=4457889031330&mod=633cc4cf&uri=blog.php%3Fid%3D149242-542%26name%3Dfeeding+bottle+sippy+spout+for+bottles HTTP/1.1" 200 21651 "-" "Mozilla/5.0 (Linux; Android 6.0.1; Nexus 5X Build/MMB29P) AppleWebKit/537.36 (KHTML, like Gecko) Chrome/137.0.7151.103 Mobile Safari/537.36 (compatible; Googlebot/2.1; +http://www.google.com/bot.html)"
66.249.70.33 - - [10/Jul/2025:12:06:09 -0400] "POST /get-message-notify HTTP/1.1" 404 1251 "https://www.getschooljobs.com/?v=3856836081330&mod=b05445d6&uri=shared.php%3Fid%3D129104-296%26name%3Dchaqueta+rebajas+highly+preppy" "Mozilla/5.0 (Linux; Android 6.0.1; Nexus 5X Build/MMB29P) AppleWebKit/537.36 (KHTML, like Gecko) Chrome/137.0.7151.119 Mobile Safari/537.36 (compatible; Googlebot/2.1; +http://www.google.com/bot.html)"
66.249.70.33 - - [10/Jul/2025:12:06:10 -0400] "GET /?v=55331559011330&mod=4fa53be9&uri=itm.php%3Fid%3D1852544-17%26name%3Dexhaust+piaggio+180+2t HTTP/1.1" 200 21377 "-" "Mozilla/5.0 (Linux; Android 6.0.1; Nexus 5X Build/MMB29P) AppleWebKit/537.36 (KHTML, like Gecko) Chrome/137.0.7151.103 Mobile Safari/537.36 (compatible; Googlebot/2.1; +http://www.google.com/bot.html)"
66.249.70.32 - - [10/Jul/2025:12:06:17 -0400] "POST /get-message-notify HTTP/1.1" 404 1251 "https://www.getschooljobs.com/?v=55331559011330&mod=4fa53be9&uri=itm.php%3Fid%3D1852544-17%26name%3Dexhaust+piaggio+180+2t" "Mozilla/5.0 (Linux; Android 6.0.1; Nexus 5X Build/MMB29P) AppleWebKit/537.36 (KHTML, like Gecko) Chrome/137.0.7151.119 Mobile Safari/537.36 (compatible; Googlebot/2.1; +http://www.google.com/bot.html)"
172.56.166.62 - - [10/Jul/2025:12:06:31 -0400] "GET /?v=95547016011330&mod=fe434d59&uri=news.php%3Fid%3D3199006-160%26name%3Dsilk+press+straighten+short+natural+hair HTTP/1.1" 200 133 "https://www.google.com/" "Mozilla/5.0 (Linux; Android 10; K) AppleWebKit/537.36 (KHTML, like Gecko) Chrome/138.0.0.0 Mobile Safari/537.36"
66.249.70.32 - - [10/Jul/2025:12:07:06 -0400] "GET /?v=69948199061330&mod=e692dd94&uri=blog.php%3Fid%3D2342035-880%26name%3Dquechua+nh100+mid+wp+decathlon+quechua+trekking+shoes HTTP/1.1" 200 20252 "-" "Mozilla/5.0 (Linux; Android 6.0.1; Nexus 5X Build/MMB29P) AppleWebKit/537.36 (KHTML, like Gecko) Chrome/137.0.7151.103 Mobile Safari/537.36 (compatible; Googlebot/2.1; +http://www.google.com/bot.html)"
66.249.70.34 - - [10/Jul/2025:12:07:10 -0400] "POST /get-message-notify HTTP/1.1" 404 1251 "https://www.getschooljobs.com/?v=69948199061330&mod=e692dd94&uri=blog.php%3Fid%3D2342035-880%26name%3Dquechua+nh100+mid+wp+decathlon+quechua+trekking+shoes" "Mozilla/5.0 (Linux; Android 6.0.1; Nexus 5X Build/MMB29P) AppleWebKit/537.36 (KHTML, like Gecko) Chrome/137.0.7151.119 Mobile Safari/537.36 (compatible; Googlebot/2.1; +http://www.google.com/bot.html)"
39.46.78.109 - - [10/Jul/2025:12:07:19 -0400] "GET /?v=91461727021330&mod=7221e5c8&uri=category-info.php%3Fid%3D3062207-31%26name%3Danker+soundbuds+anker+soundcore+spirit+pro+reddit HTTP/1.1" 200 133 "https://www.google.com/" "Mozilla/5.0 (Windows NT 10.0; Win64; x64) AppleWebKit/537.36 (KHTML, like Gecko) Chrome/138.0.0.0 Safari/537.36"
39.46.78.109 - - [10/Jul/2025:12:07:19 -0400] "GET /?v=91461727021330&mod=7221e5c8&uri=category-info.php%3Fid%3D3062207-31%26name%3Danker+soundbuds+anker+soundcore+spirit+pro+reddit HTTP/1.1" 200 133 "https://www.google.com/" "Mozilla/5.0 (Windows NT 10.0; Win64; x64) AppleWebKit/537.36 (KHTML, like Gecko) Chrome/138.0.0.0 Safari/537.36"
5.161.75.70 - - [10/Jul/2025:12:07:20 -0400] "GET /?v=95048484011330&mod=108f4324&uri=product.php?id%3D3182320-1479&name=plaid+skirt+rue+21+plus+size+skirts HTTP/1.1" 200 4655 "-" "Mozilla/5.0 (Windows NT 10.0; Win64; x64) AppleWebKit/537.36 (KHTML, like Gecko) Chrome/84.0.4147.105 Safari/537.36"
66.249.70.33 - - [10/Jul/2025:12:07:24 -0400] "GET /?v=26034217121330&mod=6b77b838&uri=products.php%3Fid%3D871772-158%26name%3Dsmall+blow+up+jet+ski+for+pool HTTP/1.1" 200 21324 "-" "Mozilla/5.0 (Linux; Android 6.0.1; Nexus 5X Build/MMB29P) AppleWebKit/537.36 (KHTML, like Gecko) Chrome/137.0.7151.103 Mobile Safari/537.36 (compatible; Googlebot/2.1; +http://www.google.com/bot.html)"
66.249.70.32 - - [10/Jul/2025:12:07:39 -0400] "GET /?v=91729466011330&mod=31163fed&uri=news.php%3Fid%3D3071166-300%26name%3Dcashmere+blend+valentino+sweater+herren HTTP/1.1" 200 22378 "-" "Mozilla/5.0 (Linux; Android 6.0.1; Nexus 5X Build/MMB29P) AppleWebKit/537.36 (KHTML, like Gecko) Chrome/137.0.7151.103 Mobile Safari/537.36 (compatible; Googlebot/2.1; +http://www.google.com/bot.html)"
66.249.70.32 - - [10/Jul/2025:12:07:55 -0400] "GET /?v=40785775011330&mod=c167000c&uri=category-info.php%3Fid%3D1365642-1472%26name%3Dbras+thirdlove+plunge HTTP/1.1" 200 20843 "-" "Mozilla/5.0 (Linux; Android 6.0.1; Nexus 5X Build/MMB29P) AppleWebKit/537.36 (KHTML, like Gecko) Chrome/137.0.7151.103 Mobile Safari/537.36 (compatible; Googlebot/2.1; +http://www.google.com/bot.html)"
66.249.70.32 - - [10/Jul/2025:12:07:57 -0400] "GET /?v=80386021330&mod=f5f3b8d7&uri=products.php%3Fid%3D2691-58%26name%3Dwoman+discount+designer+eyeglasses+online HTTP/1.1" 200 21228 "-" "Mozilla/5.0 (Linux; Android 6.0.1; Nexus 5X Build/MMB29P) AppleWebKit/537.36 (KHTML, like Gecko) Chrome/137.0.7151.103 Mobile Safari/537.36 (compatible; Googlebot/2.1; +http://www.google.com/bot.html)"
66.249.70.32 - - [10/Jul/2025:12:07:58 -0400] "GET /?v=115504204031330&mod=59089496&uri=pin.php%3Fid%3D3867168-280%26name%3Dosmo+pocket+polar+pro+osmo HTTP/1.1" 200 21400 "-" "Mozilla/5.0 (Linux; Android 6.0.1; Nexus 5X Build/MMB29P) AppleWebKit/537.36 (KHTML, like Gecko) Chrome/137.0.7151.103 Mobile Safari/537.36 (compatible; Googlebot/2.1; +http://www.google.com/bot.html)"
66.249.70.32 - - [10/Jul/2025:12:08:04 -0400] "POST /get-message-notify HTTP/1.1" 404 1251 "https://www.getschooljobs.com/?v=80386021330&mod=f5f3b8d7&uri=products.php%3Fid%3D2691-58%26name%3Dwoman+discount+designer+eyeglasses+online" "Mozilla/5.0 (Linux; Android 6.0.1; Nexus 5X Build/MMB29P) AppleWebKit/537.36 (KHTML, like Gecko) Chrome/137.0.7151.119 Mobile Safari/537.36 (compatible; Googlebot/2.1; +http://www.google.com/bot.html)"
66.249.70.32 - - [10/Jul/2025:12:08:05 -0400] "POST /get-message-notify HTTP/1.1" 404 1251 "https://www.getschooljobs.com/?v=115504204031330&mod=59089496&uri=pin.php%3Fid%3D3867168-280%26name%3Dosmo+pocket+polar+pro+osmo" "Mozilla/5.0 (Linux; Android 6.0.1; Nexus 5X Build/MMB29P) AppleWebKit/537.36 (KHTML, like Gecko) Chrome/137.0.7151.119 Mobile Safari/537.36 (compatible; Googlebot/2.1; +http://www.google.com/bot.html)"
66.249.70.32 - - [10/Jul/2025:12:08:16 -0400] "GET /?v=68450197021330&mod=6201006c&uri=search.php%3Fid%3D2291900-627%26name%3Dpurple+adidas+de+erupt+son+gohan HTTP/1.1" 200 21309 "-" "Mozilla/5.0 (Linux; Android 6.0.1; Nexus 5X Build/MMB29P) AppleWebKit/537.36 (KHTML, like Gecko) Chrome/137.0.7151.103 Mobile Safari/537.36 (compatible; Googlebot/2.1; +http://www.google.com/bot.html)"
172.213.21.159 - - [10/Jul/2025:12:08:45 -0400] "GET /?mod=5b4e201b&uri=dp.php?id%3D3997412-155%26name%3Dbriefcase+leathario+leather+bags&v=119392282051330 HTTP/1.1" 200 4655 "-" "Mozilla/5.0 AppleWebKit/537.36 (KHTML, like Gecko); compatible; ChatGPT-User/1.0; +https://openai.com/bot"
66.249.70.32 - - [10/Jul/2025:12:08:57 -0400] "GET /?v=36659602091330&mod=e33af099&uri=product.php%3Fid%3D1227584-736%26name%3Dmarinade+recipe+marinate+frozen+steak HTTP/1.1" 200 20527 "-" "Mozilla/5.0 (Linux; Android 6.0.1; Nexus 5X Build/MMB29P) AppleWebKit/537.36 (KHTML, like Gecko) Chrome/137.0.7151.103 Mobile Safari/537.36 (compatible; Googlebot/2.1; +http://www.google.com/bot.html)"
66.249.70.33 - - [10/Jul/2025:12:09:25 -0400] "GET /?v=40786375051330&mod=e692dd94&uri=product.php%3Fid%3D1365662-880%26name%3Dpreschool+shoe+nike+air+max+extreme+270+junior HTTP/1.1" 200 22302 "-" "Mozilla/5.0 (Linux; Android 6.0.1; Nexus 5X Build/MMB29P) AppleWebKit/537.36 (KHTML, like Gecko) Chrome/137.0.7151.103 Mobile Safari/537.36 (compatible; Googlebot/2.1; +http://www.google.com/bot.html)"
66.249.70.33 - - [10/Jul/2025:12:09:31 -0400] "POST /get-message-notify HTTP/1.1" 404 1251 "https://www.getschooljobs.com/?v=40786375051330&mod=e692dd94&uri=product.php%3Fid%3D1365662-880%26name%3Dpreschool+shoe+nike+air+max+extreme+270+junior" "Mozilla/5.0 (Linux; Android 6.0.1; Nexus 5X Build/MMB29P) AppleWebKit/537.36 (KHTML, like Gecko) Chrome/137.0.7151.119 Mobile Safari/537.36 (compatible; Googlebot/2.1; +http://www.google.com/bot.html)"
52.230.163.37 - - [10/Jul/2025:12:09:43 -0400] "GET /?mod=7221e5c8&uri=article.php?id%3D2760221-31%26name%3Dmounting+bracket+universal+soundbar&v=82439565061330 HTTP/1.1" 200 4655 "-" "Mozilla/5.0 AppleWebKit/537.36 (KHTML, like Gecko); compatible; ChatGPT-User/1.0; +https://openai.com/bot"
66.249.70.33 - - [10/Jul/2025:12:10:20 -0400] "GET /?v=92261712051330&mod=6b77b838&uri=brands.php%3Fid%3D3088980-158%26name%3Dubuy+tinkamo+smart+building+blocks HTTP/1.1" 200 21728 "-" "Mozilla/5.0 (Linux; Android 6.0.1; Nexus 5X Build/MMB29P) AppleWebKit/537.36 (KHTML, like Gecko) Chrome/137.0.7151.103 Mobile Safari/537.36 (compatible; Googlebot/2.1; +http://www.google.com/bot.html)"
66.249.70.34 - - [10/Jul/2025:12:10:24 -0400] "GET /?v=92337921021330&mod=41de57ab&uri=shop.php%3Fid%3D3091526-190%26name%3Dfashion+female+long+coats HTTP/1.1" 200 22428 "-" "Mozilla/5.0 (Linux; Android 6.0.1; Nexus 5X Build/MMB29P) AppleWebKit/537.36 (KHTML, like Gecko) Chrome/137.0.7151.103 Mobile Safari/537.36 (compatible; Googlebot/2.1; +http://www.google.com/bot.html)"
66.249.70.32 - - [10/Jul/2025:12:10:24 -0400] "GET /?v=65301473021330&mod=08cc5f2a&uri=shop.php%3Fid%3D2186463-577%26name%3Dfluor+jersey+punto+soft+zara HTTP/1.1" 200 21263 "-" "Mozilla/5.0 (Linux; Android 6.0.1; Nexus 5X Build/MMB29P) AppleWebKit/537.36 (KHTML, like Gecko) Chrome/137.0.7151.103 Mobile Safari/537.36 (compatible; Googlebot/2.1; +http://www.google.com/bot.html)"
66.249.70.33 - - [10/Jul/2025:12:10:28 -0400] "POST /get-message-notify HTTP/1.1" 404 1251 "https://www.getschooljobs.com/?v=65301473021330&mod=08cc5f2a&uri=shop.php%3Fid%3D2186463-577%26name%3Dfluor+jersey+punto+soft+zara" "Mozilla/5.0 (Linux; Android 6.0.1; Nexus 5X Build/MMB29P) AppleWebKit/537.36 (KHTML, like Gecko) Chrome/137.0.7151.119 Mobile Safari/537.36 (compatible; Googlebot/2.1; +http://www.google.com/bot.html)"
66.249.70.32 - - [10/Jul/2025:12:11:00 -0400] "GET /?v=40785625121330&mod=c167000c&uri=article.php%3Fid%3D1365637-1472%26name%3Dvictoria%27s+secret+thirdlove+concept+store HTTP/1.1" 200 20548 "-" "Mozilla/5.0 (Linux; Android 6.0.1; Nexus 5X Build/MMB29P) AppleWebKit/537.36 (KHTML, like Gecko) Chrome/137.0.7151.103 Mobile Safari/537.36 (compatible; Googlebot/2.1; +http://www.google.com/bot.html)"
86.200.70.160 - - [10/Jul/2025:12:11:21 -0400] "GET /?v=118425207081330&mod=ae3eff66&uri=category-info.php%3Fid%3D3965003-967%26name%3Dlacet+2025+lacet+rapide+decathlon HTTP/1.1" 200 134 "https://www.google.com/" "Mozilla/5.0 (Windows NT 10.0; Win64; x64) AppleWebKit/537.36 (KHTML, like Gecko) Chrome/138.0.0.0 Safari/537.36 Edg/138.0.0.0"
66.249.70.32 - - [10/Jul/2025:12:11:38 -0400] "GET /?v=92340821061330&mod=41de57ab&uri=info.php%3Fid%3D3091623-190%26name%3Dsafran+aerosystems+air+cruisers+life+vest HTTP/1.1" 200 21661 "-" "Mozilla/5.0 (Linux; Android 6.0.1; Nexus 5X Build/MMB29P) AppleWebKit/537.36 (KHTML, like Gecko) Chrome/137.0.7151.103 Mobile Safari/537.36 (compatible; Googlebot/2.1; +http://www.google.com/bot.html)"
172.182.193.94 - - [10/Jul/2025:12:11:45 -0400] "GET /?mod=7221e5c8&uri=article.php%3Fid%3D2760221-31%26name%3Dmounting+bracket+universal+soundbar&v=82439565061330 HTTP/1.1" 200 4655 "-" "Mozilla/5.0 (Macintosh; Intel Mac OS X 10_15_7) AppleWebKit/537.36 (KHTML, like Gecko) Chrome/131.0.0.0 Safari/537.36; compatible; OAI-SearchBot/1.0; +https://openai.com/searchbot"
66.249.70.32 - - [10/Jul/2025:12:11:52 -0400] "GET /?v=68447587051330&mod=a8e67cd4&uri=shared.php%3Fid%3D2291813-851%26name%3Dstylish+blazer+kapda+blazer HTTP/1.1" 200 20571 "-" "Mozilla/5.0 (Linux; Android 6.0.1; Nexus 5X Build/MMB29P) AppleWebKit/537.36 (KHTML, like Gecko) Chrome/137.0.7151.103 Mobile Safari/537.36 (compatible; Googlebot/2.1; +http://www.google.com/bot.html)"
66.249.70.32 - - [10/Jul/2025:12:11:52 -0400] "GET /?v=42362760031330&mod=a5d42e40&uri=brands.php%3Fid%3D1418409-59%26name%3Dlogitech+wireless+gaming+headphones+pc HTTP/1.1" 200 22229 "-" "Mozilla/5.0 (Linux; Android 6.0.1; Nexus 5X Build/MMB29P) AppleWebKit/537.36 (KHTML, like Gecko) Chrome/137.0.7151.103 Mobile Safari/537.36 (compatible; Googlebot/2.1; +http://www.google.com/bot.html)"
66.249.70.33 - - [10/Jul/2025:12:12:06 -0400] "GET /?v=40787335091330&mod=c167000c&uri=goods.php%3Fid%3D1365694-1472%26name%3Dpush+up+thirdlove+plunge HTTP/1.1" 200 20787 "-" "Mozilla/5.0 (Linux; Android 6.0.1; Nexus 5X Build/MMB29P) AppleWebKit/537.36 (KHTML, like Gecko) Chrome/137.0.7151.103 Mobile Safari/537.36 (compatible; Googlebot/2.1; +http://www.google.com/bot.html)"
66.249.70.32 - - [10/Jul/2025:12:12:06 -0400] "GET /?v=14517510001330&mod=a5d42e40&uri=products.php%3Fid%3D486105-59%26name%3Diem+kz+es4+cable HTTP/1.1" 200 21901 "-" "Mozilla/5.0 (Linux; Android 6.0.1; Nexus 5X Build/MMB29P) AppleWebKit/537.36 (KHTML, like Gecko) Chrome/137.0.7151.103 Mobile Safari/537.36 (compatible; Googlebot/2.1; +http://www.google.com/bot.html)"
66.249.70.32 - - [10/Jul/2025:12:12:21 -0400] "POST /get-message-notify HTTP/1.1" 404 1251 "https://www.getschooljobs.com/?v=68447587051330&mod=a8e67cd4&uri=shared.php%3Fid%3D2291813-851%26name%3Dstylish+blazer+kapda+blazer" "Mozilla/5.0 (Linux; Android 6.0.1; Nexus 5X Build/MMB29P) AppleWebKit/537.36 (KHTML, like Gecko) Chrome/137.0.7151.119 Mobile Safari/537.36 (compatible; Googlebot/2.1; +http://www.google.com/bot.html)"
40.84.221.220 - - [10/Jul/2025:12:12:23 -0400] "GET /?mod=5c1b482b&uri=info.php?id%3D2893645-1150%26name%3Dchristmas+edgars+baby+girl+clothes&v=86426126021330 HTTP/1.1" 200 4655 "-" "Mozilla/5.0 AppleWebKit/537.36 (KHTML, like Gecko); compatible; ChatGPT-User/1.0; +https://openai.com/bot"
66.249.70.32 - - [10/Jul/2025:12:12:36 -0400] "GET /?v=99535930061330&mod=ea2e4496&uri=itm.php%3Fid%3D3332593-178%26name%3Dvoitures+volkswagen+volkswagen+polo+r+line+2012 HTTP/1.1" 200 22072 "-" "Mozilla/5.0 (Linux; Android 6.0.1; Nexus 5X Build/MMB29P) AppleWebKit/537.36 (KHTML, like Gecko) Chrome/137.0.7151.103 Mobile Safari/537.36 (compatible; Googlebot/2.1; +http://www.google.com/bot.html)"
79.116.140.129 - - [10/Jul/2025:12:12:40 -0400] "GET /?v=40639794041330&mod=8cc29eac&uri=pin.php%3Fid%3D1360755-1018%26name%3Dazul+rey+pantalon+cargo+recto+mujer HTTP/1.1" 200 133 "https://www.google.com/" "Mozilla/5.0 (Linux; Android 10; K) AppleWebKit/537.36 (KHTML, like Gecko) Chrome/138.0.0.0 Mobile Safari/537.36"
73.30.93.88 - - [10/Jul/2025:12:13:35 -0400] "GET /?v=92002357051330&mod=e6dbc8ad&uri=shared.php%3Fid%3D3080290-184%26name%3Dkitchen+drew+barrymore+toaster+oven HTTP/1.1" 200 133 "https://www.google.com/" "Mozilla/5.0 (Linux; Android 10; K) AppleWebKit/537.36 (KHTML, like Gecko) Chrome/138.0.0.0 Mobile Safari/537.36"
66.249.70.33 - - [10/Jul/2025:12:13:41 -0400] "GET /?v=4497371041330&mod=3ebb1ef3&uri=brands.php%3Fid%3D150565-617%26name%3Drumble+match+wwe+royal+rumble+free HTTP/1.1" 200 21221 "-" "Mozilla/5.0 (Linux; Android 6.0.1; Nexus 5X Build/MMB29P) AppleWebKit/537.36 (KHTML, like Gecko) Chrome/137.0.7151.103 Mobile Safari/537.36 (compatible; Googlebot/2.1; +http://www.google.com/bot.html)"
66.249.88.198 - - [10/Jul/2025:12:13:43 -0400] "GET /.well-known/traffic-advice HTTP/1.1" 302 771 "-" "Chrome Privacy Preserving Prefetch Proxy"
66.249.88.198 - - [10/Jul/2025:12:13:44 -0400] "GET /.well-known/traffic-advice HTTP/1.1" 302 771 "-" "Chrome Privacy Preserving Prefetch Proxy"
162.120.186.87 - - [10/Jul/2025:12:13:44 -0400] "GET /?v=119304229031330&mod=c59a7295&uri=brands.php%3Fid%3D3994470-435%26name%3Dmidi+canelado+cropped+com+saia+midi HTTP/1.1" 200 134 "https://www.google.com/" "Mozilla/5.0 (Linux; Android 10; K) AppleWebKit/537.36 (KHTML, like Gecko) Chrome/138.0.0.0 Mobile Safari/537.36"
20.171.53.228 - - [10/Jul/2025:12:13:49 -0400] "GET /?mod=5c1b482b&uri=info.php%3Fid%3D2893645-1150%26name%3Dchristmas+edgars+baby+girl+clothes&v=86426126021330 HTTP/1.1" 200 4655 "-" "Mozilla/5.0 (Macintosh; Intel Mac OS X 10_15_7) AppleWebKit/537.36 (KHTML, like Gecko) Chrome/131.0.0.0 Safari/537.36; compatible; OAI-SearchBot/1.0; +https://openai.com/searchbot"
66.249.70.32 - - [10/Jul/2025:12:13:57 -0400] "GET /?v=72584538051330&mod=40cccad2&uri=itm.php%3Fid%3D2430302-43%26name%3Dlove+miniso+block+series HTTP/1.1" 200 21523 "-" "Mozilla/5.0 (Linux; Android 6.0.1; Nexus 5X Build/MMB29P) AppleWebKit/537.36 (KHTML, like Gecko) Chrome/137.0.7151.103 Mobile Safari/537.36 (compatible; Googlebot/2.1; +http://www.google.com/bot.html)"
66.249.70.33 - - [10/Jul/2025:12:15:15 -0400] "GET /?v=10550125081330&mod=5aa280f5&uri=news.php%3Fid%3D353199-465%26name%3D10mm+alphabet+beads HTTP/1.1" 200 21788 "-" "Mozilla/5.0 (Linux; Android 6.0.1; Nexus 5X Build/MMB29P) AppleWebKit/537.36 (KHTML, like Gecko) Chrome/137.0.7151.103 Mobile Safari/537.36 (compatible; Googlebot/2.1; +http://www.google.com/bot.html)"
107.77.203.186 - - [10/Jul/2025:12:15:43 -0400] "GET /?v=98707300091330&mod=c48b74bf&uri=shop.php%3Fid%3D3304852-1118%26name%3Deve+wall+e+wiki HTTP/1.1" 200 133 "https://www.google.com/url?q=https://www.getschooljobs.com/%3Fv%3D98707300091330%26mod%3Dc48b74bf%26uri%3Dshop.php%253Fid%253D3304852-1118%2526name%253Deve%2Bwall%2Be%2Bwiki&sa=U&ved=2ahUKEwj__biI2LKOAxXBFVkFHYUyCC84MhC4AnoECAQQAQ&usg=AOvVaw2YXLl4fdmbbnQKZvWsKFzA" "Mozilla/5.0 (iPad; CPU OS 16_3_1 like Mac OS X) AppleWebKit/605.1.15 (KHTML, like Gecko) GSA/376.0.777690323 Mobile/15E148 Safari/604.1"
66.249.70.32 - - [10/Jul/2025:12:15:54 -0400] "GET /?v=72615739001330&mod=cb41f167&uri=products.php%3Fid%3D2431347-56%26name%3Dchildren%27s+desk+desk+chair+light+grey HTTP/1.1" 200 21916 "-" "Mozilla/5.0 (Linux; Android 6.0.1; Nexus 5X Build/MMB29P) AppleWebKit/537.36 (KHTML, like Gecko) Chrome/137.0.7151.103 Mobile Safari/537.36 (compatible; Googlebot/2.1; +http://www.google.com/bot.html)"
66.249.70.34 - - [10/Jul/2025:12:16:10 -0400] "GET /?v=99548781001330&mod=527490f0&uri=dp.php%3Fid%3D3333023-130%26name%3Dreebok+excel+light+veiligheidsschoenen+reebok HTTP/1.1" 200 22485 "-" "Mozilla/5.0 (Linux; Android 6.0.1; Nexus 5X Build/MMB29P) AppleWebKit/537.36 (KHTML, like Gecko) Chrome/137.0.7151.103 Mobile Safari/537.36 (compatible; Googlebot/2.1; +http://www.google.com/bot.html)"
66.249.70.32 - - [10/Jul/2025:12:16:23 -0400] "GET /?v=40767386061330&mod=40cccad2&uri=form.php%3Fid%3D1365027-43%26name%3Dtransformers+custom+scourge+combiner+wars HTTP/1.1" 200 22128 "-" "Mozilla/5.0 (Linux; Android 6.0.1; Nexus 5X Build/MMB29P) AppleWebKit/537.36 (KHTML, like Gecko) Chrome/137.0.7151.103 Mobile Safari/537.36 (compatible; Googlebot/2.1; +http://www.google.com/bot.html)"
66.249.70.32 - - [10/Jul/2025:12:16:52 -0400] "GET /?v=51353664001330&mod=edb636f6&uri=product.php%3Fid%3D1719318-243%26name%3Dcamisa+estampada+camisas+y+blusas+mujer+cortefiel HTTP/1.1" 200 21806 "-" "Mozilla/5.0 (Linux; Android 6.0.1; Nexus 5X Build/MMB29P) AppleWebKit/537.36 (KHTML, like Gecko) Chrome/137.0.7151.103 Mobile Safari/537.36 (compatible; Googlebot/2.1; +http://www.google.com/bot.html)"
