66.249.70.33 - - [10/Jul/2025:14:39:55 -0400] "GET /?v=30135504011330&mod=db8419f4&uri=dp.php%3Fid%3D1009122-49%26name%3Dfrosted+rose+asics+gel+kayano+rosse HTTP/1.1" 200 20766 "-" "Mozilla/5.0 (Linux; Android 6.0.1; Nexus 5X Build/MMB29P) AppleWebKit/537.36 (KHTML, like Gecko) Chrome/137.0.7151.103 Mobile Safari/537.36 (compatible; Googlebot/2.1; +http://www.google.com/bot.html)"
66.249.70.32 - - [10/Jul/2025:14:40:01 -0400] "GET /?v=99656912031330&mod=25766f01&uri=pin.php%3Fid%3D3336666-29%26name%3Dmounting+bracket+shimano+claris+derailleur+hanger HTTP/1.1" 200 21594 "-" "Mozilla/5.0 (Linux; Android 6.0.1; Nexus 5X Build/MMB29P) AppleWebKit/537.36 (KHTML, like Gecko) Chrome/137.0.7151.103 Mobile Safari/537.36 (compatible; Googlebot/2.1; +http://www.google.com/bot.html)"
66.249.70.32 - - [10/Jul/2025:14:40:05 -0400] "GET /?v=99658543071330&mod=4a91f731&uri=dp.php%3Fid%3D3336722-506%26name%3Dclock+alexa+4ta+generacion HTTP/1.1" 200 21411 "-" "Mozilla/5.0 (Linux; Android 6.0.1; Nexus 5X Build/MMB29P) AppleWebKit/537.36 (KHTML, like Gecko) Chrome/137.0.7151.103 Mobile Safari/537.36 (compatible; Googlebot/2.1; +http://www.google.com/bot.html)"
66.249.70.32 - - [10/Jul/2025:14:40:10 -0400] "GET /?v=99659219031330&mod=4a91f731&uri=product.php%3Fid%3D3336746-506%26name%3Dasistentes+virtuales+precio+del+dispositivo+alexa HTTP/1.1" 200 21038 "-" "Mozilla/5.0 (Linux; Android 6.0.1; Nexus 5X Build/MMB29P) AppleWebKit/537.36 (KHTML, like Gecko) Chrome/137.0.7151.103 Mobile Safari/537.36 (compatible; Googlebot/2.1; +http://www.google.com/bot.html)"
66.249.70.32 - - [10/Jul/2025:14:40:14 -0400] "GET /?v=41926974031330&mod=a5d42e40&uri=search.php%3Fid%3D1403836-59%26name%3Dtrue+wireless+earphones+mi+new+earphone HTTP/1.1" 200 21992 "-" "Mozilla/5.0 (Linux; Android 6.0.1; Nexus 5X Build/MMB29P) AppleWebKit/537.36 (KHTML, like Gecko) Chrome/137.0.7151.103 Mobile Safari/537.36 (compatible; Googlebot/2.1; +http://www.google.com/bot.html)"
66.249.70.32 - - [10/Jul/2025:14:40:19 -0400] "GET /?v=44012222011330&mod=ec43638b&uri=form.php%3Fid%3D1473594-323%26name%3Dunicorn+little+backpack+keychain HTTP/1.1" 200 22227 "-" "Mozilla/5.0 (Linux; Android 6.0.1; Nexus 5X Build/MMB29P) AppleWebKit/537.36 (KHTML, like Gecko) Chrome/137.0.7151.103 Mobile Safari/537.36 (compatible; Googlebot/2.1; +http://www.google.com/bot.html)"
66.249.70.32 - - [10/Jul/2025:14:40:19 -0400] "GET /?v=42330922041330&mod=a5d42e40&uri=goods.php%3Fid%3D1417345-59%26name%3Dhd+450bt+sennheiser+hd+bt+wire HTTP/1.1" 200 22144 "-" "Mozilla/5.0 (Linux; Android 6.0.1; Nexus 5X Build/MMB29P) AppleWebKit/537.36 (KHTML, like Gecko) Chrome/137.0.7151.103 Mobile Safari/537.36 (compatible; Googlebot/2.1; +http://www.google.com/bot.html)"
66.249.70.32 - - [10/Jul/2025:14:40:19 -0400] "GET /?v=119306989061330&mod=476fe5cc&uri=shop.php%3Fid%3D3994562-1502%26name%3Dplay+comme+des+garcons+logo+png HTTP/1.1" 200 20465 "-" "Mozilla/5.0 (Linux; Android 6.0.1; Nexus 5X Build/MMB29P) AppleWebKit/537.36 (KHTML, like Gecko) Chrome/137.0.7151.103 Mobile Safari/537.36 (compatible; Googlebot/2.1; +http://www.google.com/bot.html)"
66.249.70.32 - - [10/Jul/2025:14:40:28 -0400] "GET /?v=99667962021330&mod=4a91f731&uri=dp.php%3Fid%3D3337050-506%26name%3Dcosta+rica+venta+de+carros+a+control+remoto+a+gasolina HTTP/1.1" 200 21425 "-" "Mozilla/5.0 (Linux; Android 6.0.1; Nexus 5X Build/MMB29P) AppleWebKit/537.36 (KHTML, like Gecko) Chrome/137.0.7151.103 Mobile Safari/537.36 (compatible; Googlebot/2.1; +http://www.google.com/bot.html)"
66.249.70.32 - - [10/Jul/2025:14:40:32 -0400] "GET /?v=42352228021330&mod=a5d42e40&uri=itm.php%3Fid%3D1418057-59%26name%3Dbest+earphones+bluetooth+headset+below+500 HTTP/1.1" 200 22316 "-" "Mozilla/5.0 (Linux; Android 6.0.1; Nexus 5X Build/MMB29P) AppleWebKit/537.36 (KHTML, like Gecko) Chrome/137.0.7151.103 Mobile Safari/537.36 (compatible; Googlebot/2.1; +http://www.google.com/bot.html)"
66.249.70.32 - - [10/Jul/2025:14:40:37 -0400] "GET /?v=99668652011330&mod=4a91f731&uri=info.php%3Fid%3D3337074-506%26name%3Ddigital+assistant+alexa+windows+10 HTTP/1.1" 200 22051 "-" "Mozilla/5.0 (Linux; Android 6.0.1; Nexus 5X Build/MMB29P) AppleWebKit/537.36 (KHTML, like Gecko) Chrome/137.0.7151.103 Mobile Safari/537.36 (compatible; Googlebot/2.1; +http://www.google.com/bot.html)"
66.249.70.32 - - [10/Jul/2025:14:40:45 -0400] "GET /?v=99655327071330&mod=608bf6a0&uri=shop.php%3Fid%3D3336610-682%26name%3Dadidas+shoes+kaptir+super+schuh HTTP/1.1" 200 20845 "-" "Mozilla/5.0 (Linux; Android 6.0.1; Nexus 5X Build/MMB29P) AppleWebKit/537.36 (KHTML, like Gecko) Chrome/137.0.7151.103 Mobile Safari/537.36 (compatible; Googlebot/2.1; +http://www.google.com/bot.html)"
66.249.70.32 - - [10/Jul/2025:14:40:48 -0400] "POST /get-message-notify HTTP/1.1" 404 1251 "https://www.getschooljobs.com/?v=99655327071330&mod=608bf6a0&uri=shop.php%3Fid%3D3336610-682%26name%3Dadidas+shoes+kaptir+super+schuh" "Mozilla/5.0 (Linux; Android 6.0.1; Nexus 5X Build/MMB29P) AppleWebKit/537.36 (KHTML, like Gecko) Chrome/137.0.7151.119 Mobile Safari/537.36 (compatible; Googlebot/2.1; +http://www.google.com/bot.html)"
66.249.70.32 - - [10/Jul/2025:14:40:50 -0400] "GET /?v=99661687061330&mod=4a91f731&uri=us.php%3Fid%3D3336834-506%26name%3Dbarbie+coloring+dibujar+barbie+facil HTTP/1.1" 200 20718 "-" "Mozilla/5.0 (Linux; Android 6.0.1; Nexus 5X Build/MMB29P) AppleWebKit/537.36 (KHTML, like Gecko) Chrome/137.0.7151.103 Mobile Safari/537.36 (compatible; Googlebot/2.1; +http://www.google.com/bot.html)"
66.249.70.32 - - [10/Jul/2025:14:40:54 -0400] "GET /?v=42356419021330&mod=a5d42e40&uri=goods.php%3Fid%3D1418197-59%26name%3Dbass+sound+pure+bass+zero+cables+jbl+tune+500 HTTP/1.1" 200 21299 "-" "Mozilla/5.0 (Linux; Android 6.0.1; Nexus 5X Build/MMB29P) AppleWebKit/537.36 (KHTML, like Gecko) Chrome/137.0.7151.103 Mobile Safari/537.36 (compatible; Googlebot/2.1; +http://www.google.com/bot.html)"
66.249.70.32 - - [10/Jul/2025:14:40:57 -0400] "POST /get-message-notify HTTP/1.1" 404 1251 "https://www.getschooljobs.com/?v=42356419021330&mod=a5d42e40&uri=goods.php%3Fid%3D1418197-59%26name%3Dbass+sound+pure+bass+zero+cables+jbl+tune+500" "Mozilla/5.0 (Linux; Android 6.0.1; Nexus 5X Build/MMB29P) AppleWebKit/537.36 (KHTML, like Gecko) Chrome/137.0.7151.119 Mobile Safari/537.36 (compatible; Googlebot/2.1; +http://www.google.com/bot.html)"
66.249.70.32 - - [10/Jul/2025:14:40:59 -0400] "GET /?v=99661035021330&mod=608bf6a0&uri=form.php%3Fid%3D3336810-682%26name%3Dadidas+supernova+adidas+joggingschuhe+test HTTP/1.1" 200 21767 "-" "Mozilla/5.0 (Linux; Android 6.0.1; Nexus 5X Build/MMB29P) AppleWebKit/537.36 (KHTML, like Gecko) Chrome/137.0.7151.103 Mobile Safari/537.36 (compatible; Googlebot/2.1; +http://www.google.com/bot.html)"
66.249.70.32 - - [10/Jul/2025:14:40:59 -0400] "GET /?v=44248222071330&mod=652c208b&uri=blog.php%3Fid%3D1481494-111%26name%3Dtulle+dress+homecoming+dresses+with+long+sleeves HTTP/1.1" 200 21684 "-" "Mozilla/5.0 (Linux; Android 6.0.1; Nexus 5X Build/MMB29P) AppleWebKit/537.36 (KHTML, like Gecko) Chrome/137.0.7151.103 Mobile Safari/537.36 (compatible; Googlebot/2.1; +http://www.google.com/bot.html)"
66.249.70.32 - - [10/Jul/2025:14:41:03 -0400] "POST /get-message-notify HTTP/1.1" 404 1251 "https://www.getschooljobs.com/?v=44248222071330&mod=652c208b&uri=blog.php%3Fid%3D1481494-111%26name%3Dtulle+dress+homecoming+dresses+with+long+sleeves" "Mozilla/5.0 (Linux; Android 6.0.1; Nexus 5X Build/MMB29P) AppleWebKit/537.36 (KHTML, like Gecko) Chrome/137.0.7151.119 Mobile Safari/537.36 (compatible; Googlebot/2.1; +http://www.google.com/bot.html)"
66.249.70.33 - - [10/Jul/2025:14:41:04 -0400] "GET /?v=9145448071330&mod=5eb2a86c&uri=blog.php%3Fid%3D306182-91%26name%3Dridgid+drill+ridgid+brushless+gen5x+impact+wrench HTTP/1.1" 200 21637 "-" "Mozilla/5.0 (Linux; Android 6.0.1; Nexus 5X Build/MMB29P) AppleWebKit/537.36 (KHTML, like Gecko) Chrome/137.0.7151.103 Mobile Safari/537.36 (compatible; Googlebot/2.1; +http://www.google.com/bot.html)"
66.249.70.34 - - [10/Jul/2025:14:41:04 -0400] "GET /?v=99662152071330&mod=4a91f731&uri=us.php%3Fid%3D3336850-506%26name%3D5ta+generaci%C3%B3n+alexa+3ra+generacion+vs+4ta+generacion HTTP/1.1" 200 20602 "-" "Mozilla/5.0 (Linux; Android 6.0.1; Nexus 5X Build/MMB29P) AppleWebKit/537.36 (KHTML, like Gecko) Chrome/137.0.7151.103 Mobile Safari/537.36 (compatible; Googlebot/2.1; +http://www.google.com/bot.html)"
66.249.70.34 - - [10/Jul/2025:14:41:06 -0400] "GET /?v=99662868011330&mod=4a91f731&uri=search.php%3Fid%3D3336874-506%26name%3Dpantalla+inteligente+comprar+alexa+con+pantalla HTTP/1.1" 200 21249 "-" "Mozilla/5.0 (Linux; Android 6.0.1; Nexus 5X Build/MMB29P) AppleWebKit/537.36 (KHTML, like Gecko) Chrome/137.0.7151.103 Mobile Safari/537.36 (compatible; Googlebot/2.1; +http://www.google.com/bot.html)"
66.249.70.33 - - [10/Jul/2025:14:41:07 -0400] "GET /?v=44637874061330&mod=c59a7295&uri=shop.php%3Fid%3D1494559-435%26name%3Dfloral+rosa+saia+lapis+floral HTTP/1.1" 200 21881 "-" "Mozilla/5.0 (Linux; Android 6.0.1; Nexus 5X Build/MMB29P) AppleWebKit/537.36 (KHTML, like Gecko) Chrome/137.0.7151.103 Mobile Safari/537.36 (compatible; Googlebot/2.1; +http://www.google.com/bot.html)"
66.249.70.33 - - [10/Jul/2025:14:41:08 -0400] "GET /?v=99659403011330&mod=608bf6a0&uri=us.php%3Fid%3D3336754-682%26name%3Dsuperstar+shoes+adidas+superstar+gestalten HTTP/1.1" 200 21041 "-" "Mozilla/5.0 (Linux; Android 6.0.1; Nexus 5X Build/MMB29P) AppleWebKit/537.36 (KHTML, like Gecko) Chrome/137.0.7151.103 Mobile Safari/537.36 (compatible; Googlebot/2.1; +http://www.google.com/bot.html)"
66.249.70.32 - - [10/Jul/2025:14:41:10 -0400] "POST /get-message-notify HTTP/1.1" 404 1251 "https://www.getschooljobs.com/?v=99662868011330&mod=4a91f731&uri=search.php%3Fid%3D3336874-506%26name%3Dpantalla+inteligente+comprar+alexa+con+pantalla" "Mozilla/5.0 (Linux; Android 6.0.1; Nexus 5X Build/MMB29P) AppleWebKit/537.36 (KHTML, like Gecko) Chrome/137.0.7151.119 Mobile Safari/537.36 (compatible; Googlebot/2.1; +http://www.google.com/bot.html)"
66.249.70.32 - - [10/Jul/2025:14:41:13 -0400] "GET /?v=99669357001330&mod=4a91f731&uri=news.php%3Fid%3D3337098-506%26name%3Dtriciclo+el%C3%A9ctrico+scooter+electrico+tres+ruedas+plegable HTTP/1.1" 200 21487 "-" "Mozilla/5.0 (Linux; Android 6.0.1; Nexus 5X Build/MMB29P) AppleWebKit/537.36 (KHTML, like Gecko) Chrome/137.0.7151.103 Mobile Safari/537.36 (compatible; Googlebot/2.1; +http://www.google.com/bot.html)"
66.249.70.32 - - [10/Jul/2025:14:41:18 -0400] "GET /?v=99666793051330&mod=4a91f731&uri=brands.php%3Fid%3D3337010-506%26name%3Doffice+depot+alexa+en+amazon+precio HTTP/1.1" 200 20880 "-" "Mozilla/5.0 (Linux; Android 6.0.1; Nexus 5X Build/MMB29P) AppleWebKit/537.36 (KHTML, like Gecko) Chrome/137.0.7151.103 Mobile Safari/537.36 (compatible; Googlebot/2.1; +http://www.google.com/bot.html)"
66.249.70.32 - - [10/Jul/2025:14:41:19 -0400] "POST /get-message-notify HTTP/1.1" 404 1251 "https://www.getschooljobs.com/?v=99669357001330&mod=4a91f731&uri=news.php%3Fid%3D3337098-506%26name%3Dtriciclo+el%C3%A9ctrico+scooter+electrico+tres+ruedas+plegable" "Mozilla/5.0 (Linux; Android 6.0.1; Nexus 5X Build/MMB29P) AppleWebKit/537.36 (KHTML, like Gecko) Chrome/137.0.7151.119 Mobile Safari/537.36 (compatible; Googlebot/2.1; +http://www.google.com/bot.html)"
66.249.70.32 - - [10/Jul/2025:14:41:23 -0400] "GET /?v=99541609001330&mod=ea2e4496&uri=form.php%3Fid%3D3332783-178%26name%3Dcar+polo+gti+4x4 HTTP/1.1" 200 21469 "-" "Mozilla/5.0 (Linux; Android 6.0.1; Nexus 5X Build/MMB29P) AppleWebKit/537.36 (KHTML, like Gecko) Chrome/137.0.7151.103 Mobile Safari/537.36 (compatible; Googlebot/2.1; +http://www.google.com/bot.html)"
66.249.70.32 - - [10/Jul/2025:14:41:31 -0400] "GET /?v=99531407031330&mod=a5d42e40&uri=blog.php%3Fid%3D3332441-59%26name%3Dxiaomi+mi+mi+true+wireless+earphones+lite+review HTTP/1.1" 200 21916 "-" "Mozilla/5.0 (Linux; Android 6.0.1; Nexus 5X Build/MMB29P) AppleWebKit/537.36 (KHTML, like Gecko) Chrome/137.0.7151.103 Mobile Safari/537.36 (compatible; Googlebot/2.1; +http://www.google.com/bot.html)"
66.249.70.32 - - [10/Jul/2025:14:41:36 -0400] "GET /?v=42358830051330&mod=a5d42e40&uri=products.php%3Fid%3D1418278-59%26name%3Dear+headphones+pure+bass+zero+cables+jbl+tune+500 HTTP/1.1" 200 22061 "-" "Mozilla/5.0 (Linux; Android 6.0.1; Nexus 5X Build/MMB29P) AppleWebKit/537.36 (KHTML, like Gecko) Chrome/137.0.7151.103 Mobile Safari/537.36 (compatible; Googlebot/2.1; +http://www.google.com/bot.html)"
66.249.70.32 - - [10/Jul/2025:14:41:40 -0400] "POST /get-message-notify HTTP/1.1" 404 1251 "https://www.getschooljobs.com/?v=42358830051330&mod=a5d42e40&uri=products.php%3Fid%3D1418278-59%26name%3Dear+headphones+pure+bass+zero+cables+jbl+tune+500" "Mozilla/5.0 (Linux; Android 6.0.1; Nexus 5X Build/MMB29P) AppleWebKit/537.36 (KHTML, like Gecko) Chrome/137.0.7151.119 Mobile Safari/537.36 (compatible; Googlebot/2.1; +http://www.google.com/bot.html)"
66.249.70.32 - - [10/Jul/2025:14:41:41 -0400] "GET /?v=60939801021330&mod=4ab7331b&uri=products.php%3Fid%3D2040413-244%26name%3Dstainless+steel+canadian+tire+patio+heater+cover HTTP/1.1" 200 22142 "-" "Mozilla/5.0 (Linux; Android 6.0.1; Nexus 5X Build/MMB29P) AppleWebKit/537.36 (KHTML, like Gecko) Chrome/137.0.7151.103 Mobile Safari/537.36 (compatible; Googlebot/2.1; +http://www.google.com/bot.html)"
66.249.70.32 - - [10/Jul/2025:14:41:45 -0400] "GET /?v=118986550121330&mod=4ab7331b&uri=brands.php%3Fid%3D3983836-244%26name%3Dpower+outage+i+have+electric+heat+in+my+house HTTP/1.1" 200 21569 "-" "Mozilla/5.0 (Linux; Android 6.0.1; Nexus 5X Build/MMB29P) AppleWebKit/537.36 (KHTML, like Gecko) Chrome/137.0.7151.103 Mobile Safari/537.36 (compatible; Googlebot/2.1; +http://www.google.com/bot.html)"
66.249.70.32 - - [10/Jul/2025:14:41:48 -0400] "POST /get-message-notify HTTP/1.1" 404 1251 "https://www.getschooljobs.com/?v=60939801021330&mod=4ab7331b&uri=products.php%3Fid%3D2040413-244%26name%3Dstainless+steel+canadian+tire+patio+heater+cover" "Mozilla/5.0 (Linux; Android 6.0.1; Nexus 5X Build/MMB29P) AppleWebKit/537.36 (KHTML, like Gecko) Chrome/137.0.7151.119 Mobile Safari/537.36 (compatible; Googlebot/2.1; +http://www.google.com/bot.html)"
66.249.70.32 - - [10/Jul/2025:14:41:50 -0400] "GET /?v=73667234001330&mod=4ab7331b&uri=pin.php%3Fid%3D2466609-244%26name%3Dwhykaren+webasto+thermo+top+c+for+sale HTTP/1.1" 200 22043 "-" "Mozilla/5.0 (Linux; Android 6.0.1; Nexus 5X Build/MMB29P) AppleWebKit/537.36 (KHTML, like Gecko) Chrome/137.0.7151.103 Mobile Safari/537.36 (compatible; Googlebot/2.1; +http://www.google.com/bot.html)"
45.39.54.184 - - [10/Jul/2025:14:41:52 -0400] "GET /?v=95681251071330&mod=6b77b838&uri=product.php?id=3203496-158&name=toddler+basketball+hoop+vtech+soccer+basketball%27 HTTP/1.1" 200 19037 "-" "Mozilla/5.0 (Windows NT 10.0; Win64; x64) AppleWebKit/537.36 (KHTML, like Gecko) Chrome/126.0.0.0 Safari/537.36"
45.39.54.184 - - [10/Jul/2025:14:41:52 -0400] "GET /?v=95681251071330%27&mod=6b77b838&uri=product.php?id=3203496-158&name=toddler+basketball+hoop+vtech+soccer+basketball HTTP/1.1" 200 19037 "-" "Mozilla/5.0 (Windows NT 10.0; Win64; x64) AppleWebKit/537.36 (KHTML, like Gecko) Chrome/126.0.0.0 Safari/537.36"
45.39.54.184 - - [10/Jul/2025:14:41:52 -0400] "GET /?v=95681251071330&mod=6b77b838%27&uri=product.php?id=3203496-158&name=toddler+basketball+hoop+vtech+soccer+basketball HTTP/1.1" 200 19037 "-" "Mozilla/5.0 (Windows NT 10.0; Win64; x64) AppleWebKit/537.36 (KHTML, like Gecko) Chrome/126.0.0.0 Safari/537.36"
45.39.54.184 - - [10/Jul/2025:14:41:53 -0400] "GET /?v=95681251071330&mod=6b77b838&uri=product.php?id=3203496-158%27&name=toddler+basketball+hoop+vtech+soccer+basketball HTTP/1.1" 200 19037 "-" "Mozilla/5.0 (Windows NT 10.0; Win64; x64) AppleWebKit/537.36 (KHTML, like Gecko) Chrome/126.0.0.0 Safari/537.36"
66.249.70.32 - - [10/Jul/2025:14:41:54 -0400] "GET /?v=119147563041330&mod=c0271cbe&uri=itm.php%3Fid%3D3989237-1186%26name%3Dv2+cinder+adidas+yeezy+350+v2+ph%C3%A1%C2%BA%C2%A3n+quang HTTP/1.1" 200 20710 "-" "Mozilla/5.0 (Linux; Android 6.0.1; Nexus 5X Build/MMB29P) AppleWebKit/537.36 (KHTML, like Gecko) Chrome/137.0.7151.103 Mobile Safari/537.36 (compatible; Googlebot/2.1; +http://www.google.com/bot.html)"
66.249.70.32 - - [10/Jul/2025:14:41:55 -0400] "GET /?v=119115185071330&mod=68224d30&uri=brands.php%3Fid%3D3988142-813%26name%3Dcapospalla+bambino+giubbotti+primigi+bambina HTTP/1.1" 200 21353 "-" "Mozilla/5.0 (Linux; Android 6.0.1; Nexus 5X Build/MMB29P) AppleWebKit/537.36 (KHTML, like Gecko) Chrome/137.0.7151.103 Mobile Safari/537.36 (compatible; Googlebot/2.1; +http://www.google.com/bot.html)"
66.249.70.32 - - [10/Jul/2025:14:41:56 -0400] "POST /get-message-notify HTTP/1.1" 404 1251 "https://www.getschooljobs.com/?v=55237627001330&mod=25766f01&uri=dp.php%3Fid%3D1849399-29%26name%3Ddisc+road+cannondale+caad13+ultegra+2021" "Mozilla/5.0 (Linux; Android 6.0.1; Nexus 5X Build/MMB29P) AppleWebKit/537.36 (KHTML, like Gecko) Chrome/137.0.7151.119 Mobile Safari/537.36 (compatible; Googlebot/2.1; +http://www.google.com/bot.html)"
66.249.70.33 - - [10/Jul/2025:14:42:03 -0400] "GET /?v=60501845071330&mod=4ab7331b&uri=us.php%3Fid%3D2025776-244%26name%3Dwayfair+1500w+electric+heater+btu HTTP/1.1" 200 21855 "-" "Mozilla/5.0 (Linux; Android 6.0.1; Nexus 5X Build/MMB29P) AppleWebKit/537.36 (KHTML, like Gecko) Chrome/137.0.7151.103 Mobile Safari/537.36 (compatible; Googlebot/2.1; +http://www.google.com/bot.html)"
66.249.70.32 - - [10/Jul/2025:14:42:08 -0400] "GET /?v=119150799031330&mod=1dcf5a99&uri=pin.php%3Fid%3D3989347-714%26name%3Dpotter+movies+harry+potter+and+deathly+hallows+part+hindi HTTP/1.1" 200 21330 "-" "Mozilla/5.0 (Linux; Android 6.0.1; Nexus 5X Build/MMB29P) AppleWebKit/537.36 (KHTML, like Gecko) Chrome/137.0.7151.103 Mobile Safari/537.36 (compatible; Googlebot/2.1; +http://www.google.com/bot.html)"
66.249.70.32 - - [10/Jul/2025:14:42:12 -0400] "GET /?v=119032724041330&mod=3b13b1eb&uri=info.php%3Fid%3D3985383-109%26name%3Dmango+habana+pantalon+negro+cenizo HTTP/1.1" 200 21997 "-" "Mozilla/5.0 (Linux; Android 6.0.1; Nexus 5X Build/MMB29P) AppleWebKit/537.36 (KHTML, like Gecko) Chrome/137.0.7151.103 Mobile Safari/537.36 (compatible; Googlebot/2.1; +http://www.google.com/bot.html)"
66.249.70.32 - - [10/Jul/2025:14:42:17 -0400] "GET /?v=119146665081330&mod=1dcf5a99&uri=us.php%3Fid%3D3989207-714%26name%3Dwill+smith+bad+boys+prime HTTP/1.1" 200 20067 "-" "Mozilla/5.0 (Linux; Android 6.0.1; Nexus 5X Build/MMB29P) AppleWebKit/537.36 (KHTML, like Gecko) Chrome/137.0.7151.103 Mobile Safari/537.36 (compatible; Googlebot/2.1; +http://www.google.com/bot.html)"
66.249.70.32 - - [10/Jul/2025:14:42:21 -0400] "GET /?v=119147839041330&mod=1dcf5a99&uri=shared.php%3Fid%3D3989247-714%26name%3Dhulu+philo+news+channels HTTP/1.1" 200 20501 "-" "Mozilla/5.0 (Linux; Android 6.0.1; Nexus 5X Build/MMB29P) AppleWebKit/537.36 (KHTML, like Gecko) Chrome/137.0.7151.103 Mobile Safari/537.36 (compatible; Googlebot/2.1; +http://www.google.com/bot.html)"
99.250.116.237 - - [10/Jul/2025:14:42:23 -0400] "GET /?v=13679785101330&mod=7221e5c8&uri=goods.php%3Fid%3D457995-31%26name%3Dcamden+square+polk+audio+wireless+speakers HTTP/1.1" 200 133 "https://www.google.com/" "Mozilla/5.0 (Linux; Android 10; K) AppleWebKit/537.36 (KHTML, like Gecko) Chrome/138.0.0.0 Mobile Safari/537.36"
66.249.70.32 - - [10/Jul/2025:14:42:30 -0400] "GET /?v=119145488031330&mod=1dcf5a99&uri=form.php%3Fid%3D3989167-714%26name%3Damazon+prime+video+watch+euphoria+part HTTP/1.1" 200 21646 "-" "Mozilla/5.0 (Linux; Android 6.0.1; Nexus 5X Build/MMB29P) AppleWebKit/537.36 (KHTML, like Gecko) Chrome/137.0.7151.103 Mobile Safari/537.36 (compatible; Googlebot/2.1; +http://www.google.com/bot.html)"
66.249.70.32 - - [10/Jul/2025:14:42:34 -0400] "GET /?v=119144594031330&mod=0070fbf1&uri=article.php%3Fid%3D3989137-699%26name%3Dpencil+skirt+leopard+print+skirt+size+12 HTTP/1.1" 200 21970 "-" "Mozilla/5.0 (Linux; Android 6.0.1; Nexus 5X Build/MMB29P) AppleWebKit/537.36 (KHTML, like Gecko) Chrome/137.0.7151.103 Mobile Safari/537.36 (compatible; Googlebot/2.1; +http://www.google.com/bot.html)"
66.249.70.32 - - [10/Jul/2025:14:42:39 -0400] "GET /?v=119145194081330&mod=1dcf5a99&uri=search.php%3Fid%3D3989157-714%26name%3Dhallmark+channel+philo+news+channels HTTP/1.1" 200 20694 "-" "Mozilla/5.0 (Linux; Android 6.0.1; Nexus 5X Build/MMB29P) AppleWebKit/537.36 (KHTML, like Gecko) Chrome/137.0.7151.103 Mobile Safari/537.36 (compatible; Googlebot/2.1; +http://www.google.com/bot.html)"
66.249.70.32 - - [10/Jul/2025:14:42:41 -0400] "POST /get-message-notify HTTP/1.1" 404 1251 "https://www.getschooljobs.com/?v=119146665081330&mod=1dcf5a99&uri=us.php%3Fid%3D3989207-714%26name%3Dwill+smith+bad+boys+prime" "Mozilla/5.0 (Linux; Android 6.0.1; Nexus 5X Build/MMB29P) AppleWebKit/537.36 (KHTML, like Gecko) Chrome/137.0.7151.119 Mobile Safari/537.36 (compatible; Googlebot/2.1; +http://www.google.com/bot.html)"
66.249.70.32 - - [10/Jul/2025:14:42:46 -0400] "GET /?v=119144013131330&mod=a8ae1046&uri=us.php%3Fid%3D3989117-123%26name%3Dstreaming+prime+video+app+download+for+smart+tv HTTP/1.1" 200 21526 "-" "Mozilla/5.0 (Linux; Android 6.0.1; Nexus 5X Build/MMB29P) AppleWebKit/537.36 (KHTML, like Gecko) Chrome/137.0.7151.103 Mobile Safari/537.36 (compatible; Googlebot/2.1; +http://www.google.com/bot.html)"
66.249.70.32 - - [10/Jul/2025:14:42:48 -0400] "GET /?v=119146365031330&mod=1dcf5a99&uri=shared.php%3Fid%3D3989197-714%26name%3Davengers+endgame+iron+man+tamilyogi HTTP/1.1" 200 21171 "-" "Mozilla/5.0 (Linux; Android 6.0.1; Nexus 5X Build/MMB29P) AppleWebKit/537.36 (KHTML, like Gecko) Chrome/137.0.7151.103 Mobile Safari/537.36 (compatible; Googlebot/2.1; +http://www.google.com/bot.html)"
66.249.70.32 - - [10/Jul/2025:14:42:51 -0400] "POST /get-message-notify HTTP/1.1" 404 1251 "https://www.getschooljobs.com/?v=119146365031330&mod=1dcf5a99&uri=shared.php%3Fid%3D3989197-714%26name%3Davengers+endgame+iron+man+tamilyogi" "Mozilla/5.0 (Linux; Android 6.0.1; Nexus 5X Build/MMB29P) AppleWebKit/537.36 (KHTML, like Gecko) Chrome/137.0.7151.119 Mobile Safari/537.36 (compatible; Googlebot/2.1; +http://www.google.com/bot.html)"
66.249.70.32 - - [10/Jul/2025:14:42:52 -0400] "GET /?v=119143420031330&mod=c0271cbe&uri=category-info.php%3Fid%3D3989097-1186%26name%3Dkenzo+store+kenzo+quirigua+argentina HTTP/1.1" 200 20769 "-" "Mozilla/5.0 (Linux; Android 6.0.1; Nexus 5X Build/MMB29P) AppleWebKit/537.36 (KHTML, like Gecko) Chrome/137.0.7151.103 Mobile Safari/537.36 (compatible; Googlebot/2.1; +http://www.google.com/bot.html)"
66.249.70.32 - - [10/Jul/2025:14:42:57 -0400] "GET /?v=77757742021330&mod=4ab7331b&uri=blog.php%3Fid%3D2603516-244%26name%3Dstainless+steel+truck+hitch+rod+holder HTTP/1.1" 200 21216 "-" "Mozilla/5.0 (Linux; Android 6.0.1; Nexus 5X Build/MMB29P) AppleWebKit/537.36 (KHTML, like Gecko) Chrome/137.0.7151.103 Mobile Safari/537.36 (compatible; Googlebot/2.1; +http://www.google.com/bot.html)"
66.249.70.32 - - [10/Jul/2025:14:42:57 -0400] "POST /get-message-notify HTTP/1.1" 404 1251 "https://www.getschooljobs.com/?v=119143420031330&mod=c0271cbe&uri=category-info.php%3Fid%3D3989097-1186%26name%3Dkenzo+store+kenzo+quirigua+argentina" "Mozilla/5.0 (Linux; Android 6.0.1; Nexus 5X Build/MMB29P) AppleWebKit/537.36 (KHTML, like Gecko) Chrome/137.0.7151.119 Mobile Safari/537.36 (compatible; Googlebot/2.1; +http://www.google.com/bot.html)"
66.249.70.32 - - [10/Jul/2025:14:42:58 -0400] "GET /?v=42410042031330&mod=8f15f399&uri=itm.php%3Fid%3D1419994-894%26name%3Doutfits+botas+texanas+2021 HTTP/1.1" 200 21094 "-" "Mozilla/5.0 (Linux; Android 6.0.1; Nexus 5X Build/MMB29P) AppleWebKit/537.36 (KHTML, like Gecko) Chrome/137.0.7151.103 Mobile Safari/537.36 (compatible; Googlebot/2.1; +http://www.google.com/bot.html)"
66.249.70.34 - - [10/Jul/2025:14:43:02 -0400] "GET /?v=75100529061330&mod=07c65274&uri=products.php%3Fid%3D2514573-543%26name%3Dstroller+parasol+silver+cross+parasol+linen HTTP/1.1" 200 22024 "-" "Mozilla/5.0 (Linux; Android 6.0.1; Nexus 5X Build/MMB29P) AppleWebKit/537.36 (KHTML, like Gecko) Chrome/137.0.7151.103 Mobile Safari/537.36 (compatible; Googlebot/2.1; +http://www.google.com/bot.html)"
66.249.70.32 - - [10/Jul/2025:14:43:07 -0400] "GET /?v=118993030081330&mod=fbaad9d7&uri=search.php%3Fid%3D3984057-573%26name%3Dcamisas+poleras+de+parejas+enamoradas HTTP/1.1" 200 21568 "-" "Mozilla/5.0 (Linux; Android 6.0.1; Nexus 5X Build/MMB29P) AppleWebKit/537.36 (KHTML, like Gecko) Chrome/137.0.7151.103 Mobile Safari/537.36 (compatible; Googlebot/2.1; +http://www.google.com/bot.html)"
66.249.70.32 - - [10/Jul/2025:14:43:10 -0400] "POST /get-message-notify HTTP/1.1" 404 1251 "https://www.getschooljobs.com/?v=118993030081330&mod=fbaad9d7&uri=search.php%3Fid%3D3984057-573%26name%3Dcamisas+poleras+de+parejas+enamoradas" "Mozilla/5.0 (Linux; Android 6.0.1; Nexus 5X Build/MMB29P) AppleWebKit/537.36 (KHTML, like Gecko) Chrome/137.0.7151.119 Mobile Safari/537.36 (compatible; Googlebot/2.1; +http://www.google.com/bot.html)"
66.249.70.32 - - [10/Jul/2025:14:43:11 -0400] "GET /?v=119145765061330&mod=1dcf5a99&uri=shared.php%3Fid%3D3989177-714%26name%3Dipl+2021+hotstar+ipl+recharge+airtel HTTP/1.1" 200 20756 "-" "Mozilla/5.0 (Linux; Android 6.0.1; Nexus 5X Build/MMB29P) AppleWebKit/537.36 (KHTML, like Gecko) Chrome/137.0.7151.103 Mobile Safari/537.36 (compatible; Googlebot/2.1; +http://www.google.com/bot.html)"
66.249.70.32 - - [10/Jul/2025:14:43:17 -0400] "GET /?v=119026106031330&mod=3b13b1eb&uri=goods.php%3Fid%3D3985162-109%26name%3Dpantalon+de+lino+negro HTTP/1.1" 200 22286 "-" "Mozilla/5.0 (Linux; Android 6.0.1; Nexus 5X Build/MMB29P) AppleWebKit/537.36 (KHTML, like Gecko) Chrome/137.0.7151.103 Mobile Safari/537.36 (compatible; Googlebot/2.1; +http://www.google.com/bot.html)"
66.249.70.32 - - [10/Jul/2025:14:43:19 -0400] "POST /get-message-notify HTTP/1.1" 404 1251 "https://www.getschooljobs.com/?v=119026106031330&mod=3b13b1eb&uri=goods.php%3Fid%3D3985162-109%26name%3Dpantalon+de+lino+negro" "Mozilla/5.0 (Linux; Android 6.0.1; Nexus 5X Build/MMB29P) AppleWebKit/537.36 (KHTML, like Gecko) Chrome/137.0.7151.119 Mobile Safari/537.36 (compatible; Googlebot/2.1; +http://www.google.com/bot.html)"
66.249.70.32 - - [10/Jul/2025:14:43:23 -0400] "GET /?v=119272488021330&mod=ec151b6e&uri=pin.php%3Fid%3D3993411-265%26name%3Dretro+jersey+manchester+jersey+online+india HTTP/1.1" 200 21410 "-" "Mozilla/5.0 (Linux; Android 6.0.1; Nexus 5X Build/MMB29P) AppleWebKit/537.36 (KHTML, like Gecko) Chrome/137.0.7151.103 Mobile Safari/537.36 (compatible; Googlebot/2.1; +http://www.google.com/bot.html)"
66.249.70.32 - - [10/Jul/2025:14:43:30 -0400] "GET /?v=119142520031330&mod=0070fbf1&uri=dp.php%3Fid%3D3989067-699%26name%3Ddenim+midi+skirt+leopard+print+skirt+denim HTTP/1.1" 200 21563 "-" "Mozilla/5.0 (Linux; Android 6.0.1; Nexus 5X Build/MMB29P) AppleWebKit/537.36 (KHTML, like Gecko) Chrome/137.0.7151.103 Mobile Safari/537.36 (compatible; Googlebot/2.1; +http://www.google.com/bot.html)"
66.249.70.32 - - [10/Jul/2025:14:43:32 -0400] "GET /?v=76972295041330&mod=4ab7331b&uri=goods.php%3Fid%3D2577221-244%26name%3Dceramic+heater+small+heater+argos HTTP/1.1" 200 21353 "-" "Mozilla/5.0 (Linux; Android 6.0.1; Nexus 5X Build/MMB29P) AppleWebKit/537.36 (KHTML, like Gecko) Chrome/137.0.7151.103 Mobile Safari/537.36 (compatible; Googlebot/2.1; +http://www.google.com/bot.html)"
66.249.70.32 - - [10/Jul/2025:14:43:36 -0400] "POST /get-message-notify HTTP/1.1" 404 1251 "https://www.getschooljobs.com/?v=76972295041330&mod=4ab7331b&uri=goods.php%3Fid%3D2577221-244%26name%3Dceramic+heater+small+heater+argos" "Mozilla/5.0 (Linux; Android 6.0.1; Nexus 5X Build/MMB29P) AppleWebKit/537.36 (KHTML, like Gecko) Chrome/137.0.7151.119 Mobile Safari/537.36 (compatible; Googlebot/2.1; +http://www.google.com/bot.html)"
66.249.70.32 - - [10/Jul/2025:14:43:36 -0400] "GET /?v=113592994081330&mod=51323239&uri=news.php%3Fid%3D3803196-348%26name%3Df1+v10+lego+renault+f1 HTTP/1.1" 200 21593 "-" "Mozilla/5.0 (Linux; Android 6.0.1; Nexus 5X Build/MMB29P) AppleWebKit/537.36 (KHTML, like Gecko) Chrome/137.0.7151.103 Mobile Safari/537.36 (compatible; Googlebot/2.1; +http://www.google.com/bot.html)"
20.171.53.227 - - [10/Jul/2025:14:43:37 -0400] "GET /?mod=6d70794a&uri=shared.php%3Fid%3D2561363-638%26name%3Dde+toilette+bleu+aquatic+perfume&v=76497955071330 HTTP/1.1" 200 4655 "-" "Mozilla/5.0 (Macintosh; Intel Mac OS X 10_15_7) AppleWebKit/537.36 (KHTML, like Gecko) Chrome/131.0.0.0 Safari/537.36; compatible; OAI-SearchBot/1.0; +https://openai.com/searchbot"
66.249.70.32 - - [10/Jul/2025:14:43:42 -0400] "POST /get-message-notify HTTP/1.1" 404 1251 "https://www.getschooljobs.com/?v=113592994081330&mod=51323239&uri=news.php%3Fid%3D3803196-348%26name%3Df1+v10+lego+renault+f1" "Mozilla/5.0 (Linux; Android 6.0.1; Nexus 5X Build/MMB29P) AppleWebKit/537.36 (KHTML, like Gecko) Chrome/137.0.7151.119 Mobile Safari/537.36 (compatible; Googlebot/2.1; +http://www.google.com/bot.html)"
66.249.70.32 - - [10/Jul/2025:14:43:46 -0400] "GET /?v=113599851131330&mod=a0c65819&uri=us.php%3Fid%3D3803426-582%26name%3Dapple+carplay+90+degree+iphone+charger HTTP/1.1" 200 21835 "-" "Mozilla/5.0 (Linux; Android 6.0.1; Nexus 5X Build/MMB29P) AppleWebKit/537.36 (KHTML, like Gecko) Chrome/137.0.7151.103 Mobile Safari/537.36 (compatible; Googlebot/2.1; +http://www.google.com/bot.html)"
66.249.70.32 - - [10/Jul/2025:14:43:53 -0400] "GET /?v=113601940081330&mod=90d5b3b7&uri=info.php%3Fid%3D3803496-530%26name%3Dyellow+cost+of+ikkat+pattu+sarees HTTP/1.1" 200 20898 "-" "Mozilla/5.0 (Linux; Android 6.0.1; Nexus 5X Build/MMB29P) AppleWebKit/537.36 (KHTML, like Gecko) Chrome/137.0.7151.103 Mobile Safari/537.36 (compatible; Googlebot/2.1; +http://www.google.com/bot.html)"
66.249.70.32 - - [10/Jul/2025:14:43:56 -0400] "POST /get-message-notify HTTP/1.1" 404 1251 "https://www.getschooljobs.com/?v=113601940081330&mod=90d5b3b7&uri=info.php%3Fid%3D3803496-530%26name%3Dyellow+cost+of+ikkat+pattu+sarees" "Mozilla/5.0 (Linux; Android 6.0.1; Nexus 5X Build/MMB29P) AppleWebKit/537.36 (KHTML, like Gecko) Chrome/137.0.7151.119 Mobile Safari/537.36 (compatible; Googlebot/2.1; +http://www.google.com/bot.html)"
66.249.70.32 - - [10/Jul/2025:14:43:56 -0400] "GET /?v=113597775031330&mod=02d9ece9&uri=brands.php%3Fid%3D3803356-635%26name%3Dstore+adidas+adidas+alphabounce+bianche+e+oro+prezzo HTTP/1.1" 200 20989 "-" "Mozilla/5.0 (Linux; Android 6.0.1; Nexus 5X Build/MMB29P) AppleWebKit/537.36 (KHTML, like Gecko) Chrome/137.0.7151.103 Mobile Safari/537.36 (compatible; Googlebot/2.1; +http://www.google.com/bot.html)"
66.249.70.33 - - [10/Jul/2025:14:44:01 -0400] "GET /?v=113600590021330&mod=e2e08c19&uri=info.php%3Fid%3D3803451-1068%26name%3Dman+ez+up+shelters HTTP/1.1" 200 21578 "-" "Mozilla/5.0 (Linux; Android 6.0.1; Nexus 5X Build/MMB29P) AppleWebKit/537.36 (KHTML, like Gecko) Chrome/137.0.7151.103 Mobile Safari/537.36 (compatible; Googlebot/2.1; +http://www.google.com/bot.html)"
66.249.70.33 - - [10/Jul/2025:14:44:02 -0400] "POST /get-message-notify HTTP/1.1" 404 1251 "https://www.getschooljobs.com/?v=113597775031330&mod=02d9ece9&uri=brands.php%3Fid%3D3803356-635%26name%3Dstore+adidas+adidas+alphabounce+bianche+e+oro+prezzo" "Mozilla/5.0 (Linux; Android 6.0.1; Nexus 5X Build/MMB29P) AppleWebKit/537.36 (KHTML, like Gecko) Chrome/137.0.7151.119 Mobile Safari/537.36 (compatible; Googlebot/2.1; +http://www.google.com/bot.html)"
66.249.70.32 - - [10/Jul/2025:14:44:06 -0400] "GET /?v=111429972011330&mod=5b4e201b&uri=shop.php%3Fid%3D3730744-155%26name%3Dleather+backpack+mr+porter+backpacks HTTP/1.1" 200 22084 "-" "Mozilla/5.0 (Linux; Android 6.0.1; Nexus 5X Build/MMB29P) AppleWebKit/537.36 (KHTML, like Gecko) Chrome/137.0.7151.103 Mobile Safari/537.36 (compatible; Googlebot/2.1; +http://www.google.com/bot.html)"
31.94.12.35 - - [10/Jul/2025:14:44:08 -0400] "GET /?v=91270469041330&mod=cb41f167&uri=search.php%3Fid%3D3055810-56%26name%3Dround+table+amalfi+seater+dining+set HTTP/1.1" 200 133 "https://www.google.com/" "Mozilla/5.0 (iPhone; CPU iPhone OS 18_5 like Mac OS X) AppleWebKit/605.1.15 (KHTML, like Gecko) Version/18.5 Mobile/15E148 Safari/604.1"
66.249.70.32 - - [10/Jul/2025:14:44:16 -0400] "GET /?v=63661127051330&mod=c59a7295&uri=category-info.php%3Fid%3D2131522-435%26name%3Dvestido+infantil+vestido+de+festa+para+recem+nascido HTTP/1.1" 200 22248 "-" "Mozilla/5.0 (Linux; Android 6.0.1; Nexus 5X Build/MMB29P) AppleWebKit/537.36 (KHTML, like Gecko) Chrome/137.0.7151.103 Mobile Safari/537.36 (compatible; Googlebot/2.1; +http://www.google.com/bot.html)"
66.249.70.32 - - [10/Jul/2025:14:44:18 -0400] "POST /get-message-notify HTTP/1.1" 404 1251 "https://www.getschooljobs.com/?v=63661127051330&mod=c59a7295&uri=category-info.php%3Fid%3D2131522-435%26name%3Dvestido+infantil+vestido+de+festa+para+recem+nascido" "Mozilla/5.0 (Linux; Android 6.0.1; Nexus 5X Build/MMB29P) AppleWebKit/537.36 (KHTML, like Gecko) Chrome/137.0.7151.119 Mobile Safari/537.36 (compatible; Googlebot/2.1; +http://www.google.com/bot.html)"
68.221.75.21 - - [10/Jul/2025:14:44:18 -0400] "GET /?mod=25766f01&uri=shop.php?id%3D3737271-29%26name%3Dworld+cup+canyon+mtb+cross+country&v=111624823021330 HTTP/1.1" 200 4655 "-" "Mozilla/5.0 AppleWebKit/537.36 (KHTML, like Gecko); compatible; ChatGPT-User/1.0; +https://openai.com/bot"
66.249.70.32 - - [10/Jul/2025:14:44:21 -0400] "GET /?v=63659634031330&mod=4a91f731&uri=news.php%3Fid%3D2131472-506%26name%3Dmasha+and+juguetes+de+macha+y+el+oso HTTP/1.1" 200 21453 "-" "Mozilla/5.0 (Linux; Android 6.0.1; Nexus 5X Build/MMB29P) AppleWebKit/537.36 (KHTML, like Gecko) Chrome/137.0.7151.103 Mobile Safari/537.36 (compatible; Googlebot/2.1; +http://www.google.com/bot.html)"
68.221.75.24 - - [10/Jul/2025:14:44:22 -0400] "GET / HTTP/1.1" 200 4655 "-" "Mozilla/5.0 AppleWebKit/537.36 (KHTML, like Gecko); compatible; ChatGPT-User/1.0; +https://openai.com/bot"
66.249.70.32 - - [10/Jul/2025:14:44:26 -0400] "GET /?v=63660534091330&mod=151c79ac&uri=brands.php%3Fid%3D2131502-246%26name%3Dcoach+turnlock+chain+crossbody+in+calf+leather HTTP/1.1" 200 21473 "-" "Mozilla/5.0 (Linux; Android 6.0.1; Nexus 5X Build/MMB29P) AppleWebKit/537.36 (KHTML, like Gecko) Chrome/137.0.7151.103 Mobile Safari/537.36 (compatible; Googlebot/2.1; +http://www.google.com/bot.html)"
66.249.70.32 - - [10/Jul/2025:14:44:31 -0400] "GET /?v=111442644031330&mod=0fd7b7d8&uri=pin.php%3Fid%3D3731168-902%26name%3Driverside+roue+gravel+decathlon HTTP/1.1" 200 21831 "-" "Mozilla/5.0 (Linux; Android 6.0.1; Nexus 5X Build/MMB29P) AppleWebKit/537.36 (KHTML, like Gecko) Chrome/137.0.7151.103 Mobile Safari/537.36 (compatible; Googlebot/2.1; +http://www.google.com/bot.html)"
66.249.70.32 - - [10/Jul/2025:14:44:41 -0400] "GET /?v=23843734021330&mod=6e7f6c38&uri=form.php%3Fid%3D798455-136%26name%3Dbeautiful+outlet+ballet+beautiful+outer+thigh+workout HTTP/1.1" 200 21777 "-" "Mozilla/5.0 (Linux; Android 6.0.1; Nexus 5X Build/MMB29P) AppleWebKit/537.36 (KHTML, like Gecko) Chrome/137.0.7151.103 Mobile Safari/537.36 (compatible; Googlebot/2.1; +http://www.google.com/bot.html)"
66.249.70.32 - - [10/Jul/2025:14:44:44 -0400] "POST /get-message-notify HTTP/1.1" 404 1251 "https://www.getschooljobs.com/?v=63660534091330&mod=151c79ac&uri=brands.php%3Fid%3D2131502-246%26name%3Dcoach+turnlock+chain+crossbody+in+calf+leather" "Mozilla/5.0 (Linux; Android 6.0.1; Nexus 5X Build/MMB29P) AppleWebKit/537.36 (KHTML, like Gecko) Chrome/137.0.7151.119 Mobile Safari/537.36 (compatible; Googlebot/2.1; +http://www.google.com/bot.html)"
66.249.70.32 - - [10/Jul/2025:14:44:49 -0400] "GET /?v=85918668021330&mod=42d0689d&uri=shop.php%3Fid%3D2876663-1179%26name%3Dnike+air+jordans+jordans+womens+size HTTP/1.1" 200 21271 "-" "Mozilla/5.0 (Linux; Android 6.0.1; Nexus 5X Build/MMB29P) AppleWebKit/537.36 (KHTML, like Gecko) Chrome/137.0.7151.103 Mobile Safari/537.36 (compatible; Googlebot/2.1; +http://www.google.com/bot.html)"
66.249.70.32 - - [10/Jul/2025:14:44:53 -0400] "GET /?v=91828621061330&mod=8965f766&uri=brands.php%3Fid%3D3074478-55%26name%3Dgreta+gabs+black HTTP/1.1" 200 21366 "-" "Mozilla/5.0 (Linux; Android 6.0.1; Nexus 5X Build/MMB29P) AppleWebKit/537.36 (KHTML, like Gecko) Chrome/137.0.7151.103 Mobile Safari/537.36 (compatible; Googlebot/2.1; +http://www.google.com/bot.html)"
66.249.70.32 - - [10/Jul/2025:14:44:58 -0400] "POST /get-message-notify HTTP/1.1" 404 1251 "https://www.getschooljobs.com/?v=85918668021330&mod=42d0689d&uri=shop.php%3Fid%3D2876663-1179%26name%3Dnike+air+jordans+jordans+womens+size" "Mozilla/5.0 (Linux; Android 6.0.1; Nexus 5X Build/MMB29P) AppleWebKit/537.36 (KHTML, like Gecko) Chrome/137.0.7151.119 Mobile Safari/537.36 (compatible; Googlebot/2.1; +http://www.google.com/bot.html)"
66.249.70.32 - - [10/Jul/2025:14:44:58 -0400] "GET /?v=63660832011330&mod=4a91f731&uri=blog.php%3Fid%3D2131512-506%26name%3Dde+juguete+amazon+cunas+mu%C3%83%C2%B1ecas HTTP/1.1" 200 21498 "-" "Mozilla/5.0 (Linux; Android 6.0.1; Nexus 5X Build/MMB29P) AppleWebKit/537.36 (KHTML, like Gecko) Chrome/137.0.7151.103 Mobile Safari/537.36 (compatible; Googlebot/2.1; +http://www.google.com/bot.html)"
66.249.70.32 - - [10/Jul/2025:14:45:03 -0400] "GET /?v=111441804031330&mod=a5d42e40&uri=brands.php%3Fid%3D3731140-59%26name%3Drig+600+pro+rig+500+pro+gamestop HTTP/1.1" 200 21771 "-" "Mozilla/5.0 (Linux; Android 6.0.1; Nexus 5X Build/MMB29P) AppleWebKit/537.36 (KHTML, like Gecko) Chrome/137.0.7151.103 Mobile Safari/537.36 (compatible; Googlebot/2.1; +http://www.google.com/bot.html)"
66.249.70.32 - - [10/Jul/2025:14:45:07 -0400] "GET /?v=116656657081330&mod=5eb2a86c&uri=info.php%3Fid%3D3905751-91%26name%3D20v+max+dewalt+lithium+battery+adapter HTTP/1.1" 200 22002 "-" "Mozilla/5.0 (Linux; Android 6.0.1; Nexus 5X Build/MMB29P) AppleWebKit/537.36 (KHTML, like Gecko) Chrome/137.0.7151.103 Mobile Safari/537.36 (compatible; Googlebot/2.1; +http://www.google.com/bot.html)"
66.249.70.32 - - [10/Jul/2025:14:45:08 -0400] "GET /?v=63660234091330&mod=4a91f731&uri=products.php%3Fid%3D2131492-506%26name%3Dlego+furgoneta+volkswagen HTTP/1.1" 200 21638 "-" "Mozilla/5.0 (Linux; Android 6.0.1; Nexus 5X Build/MMB29P) AppleWebKit/537.36 (KHTML, like Gecko) Chrome/137.0.7151.103 Mobile Safari/537.36 (compatible; Googlebot/2.1; +http://www.google.com/bot.html)"
66.249.70.33 - - [10/Jul/2025:14:45:11 -0400] "POST /get-message-notify HTTP/1.1" 404 1251 "https://www.getschooljobs.com/?v=116656657081330&mod=5eb2a86c&uri=info.php%3Fid%3D3905751-91%26name%3D20v+max+dewalt+lithium+battery+adapter" "Mozilla/5.0 (Linux; Android 6.0.1; Nexus 5X Build/MMB29P) AppleWebKit/537.36 (KHTML, like Gecko) Chrome/137.0.7151.119 Mobile Safari/537.36 (compatible; Googlebot/2.1; +http://www.google.com/bot.html)"
66.249.70.32 - - [10/Jul/2025:14:45:12 -0400] "GET /?v=63659334141330&mod=151c79ac&uri=category-info.php%3Fid%3D2131462-246%26name%3Dvoyager+tote+michael+kors+30h7gv6t8l HTTP/1.1" 200 21281 "-" "Mozilla/5.0 (Linux; Android 6.0.1; Nexus 5X Build/MMB29P) AppleWebKit/537.36 (KHTML, like Gecko) Chrome/137.0.7151.103 Mobile Safari/537.36 (compatible; Googlebot/2.1; +http://www.google.com/bot.html)"
66.249.70.32 - - [10/Jul/2025:14:45:18 -0400] "GET /?v=63661427031330&mod=6b77b838&uri=products.php%3Fid%3D2131532-158%26name%3Dcostco+hotsell+costco+magnetic+tiles HTTP/1.1" 200 21916 "-" "Mozilla/5.0 (Linux; Android 6.0.1; Nexus 5X Build/MMB29P) AppleWebKit/537.36 (KHTML, like Gecko) Chrome/137.0.7151.103 Mobile Safari/537.36 (compatible; Googlebot/2.1; +http://www.google.com/bot.html)"
66.249.70.32 - - [10/Jul/2025:14:45:26 -0400] "GET /?v=22905560021330&mod=6e7f6c38&uri=blog.php%3Fid%3D766989-136%26name%3Dprogression+dragonfly+sit+up HTTP/1.1" 200 21596 "-" "Mozilla/5.0 (Linux; Android 6.0.1; Nexus 5X Build/MMB29P) AppleWebKit/537.36 (KHTML, like Gecko) Chrome/137.0.7151.103 Mobile Safari/537.36 (compatible; Googlebot/2.1; +http://www.google.com/bot.html)"
66.249.70.32 - - [10/Jul/2025:14:45:27 -0400] "POST /get-message-notify HTTP/1.1" 404 1251 "https://www.getschooljobs.com/?v=63659334141330&mod=151c79ac&uri=category-info.php%3Fid%3D2131462-246%26name%3Dvoyager+tote+michael+kors+30h7gv6t8l" "Mozilla/5.0 (Linux; Android 6.0.1; Nexus 5X Build/MMB29P) AppleWebKit/537.36 (KHTML, like Gecko) Chrome/137.0.7151.119 Mobile Safari/537.36 (compatible; Googlebot/2.1; +http://www.google.com/bot.html)"
66.249.70.32 - - [10/Jul/2025:14:45:31 -0400] "GET /?v=85906329001330&mod=093c0162&uri=itm.php%3Fid%3D2876251-1772%26name%3Dnike+sneaker+air+flight+huarache+mens+uk HTTP/1.1" 200 20602 "-" "Mozilla/5.0 (Linux; Android 6.0.1; Nexus 5X Build/MMB29P) AppleWebKit/537.36 (KHTML, like Gecko) Chrome/137.0.7151.103 Mobile Safari/537.36 (compatible; Googlebot/2.1; +http://www.google.com/bot.html)"
66.249.70.32 - - [10/Jul/2025:14:45:36 -0400] "GET /?v=24970811061330&mod=6e7f6c38&uri=itm.php%3Fid%3D836177-136%26name%3Dbigger+traps+exercises+to+grow+traps HTTP/1.1" 200 21880 "-" "Mozilla/5.0 (Linux; Android 6.0.1; Nexus 5X Build/MMB29P) AppleWebKit/537.36 (KHTML, like Gecko) Chrome/137.0.7151.103 Mobile Safari/537.36 (compatible; Googlebot/2.1; +http://www.google.com/bot.html)"
66.249.70.32 - - [10/Jul/2025:14:45:36 -0400] "GET /?v=30115681061330&mod=0fb3018d&uri=goods.php%3Fid%3D1008459-961%26name%3Ddpm+plce+side+pocket HTTP/1.1" 200 21545 "-" "Mozilla/5.0 (Linux; Android 6.0.1; Nexus 5X Build/MMB29P) AppleWebKit/537.36 (KHTML, like Gecko) Chrome/137.0.7151.103 Mobile Safari/537.36 (compatible; Googlebot/2.1; +http://www.google.com/bot.html)"
20.171.53.228 - - [10/Jul/2025:14:45:40 -0400] "GET /?mod=25766f01&uri=shop.php%3Fid%3D3737271-29%26name%3Dworld+cup+canyon+mtb+cross+country&v=111624823021330 HTTP/1.1" 200 4655 "-" "Mozilla/5.0 (Macintosh; Intel Mac OS X 10_15_7) AppleWebKit/537.36 (KHTML, like Gecko) Chrome/131.0.0.0 Safari/537.36; compatible; OAI-SearchBot/1.0; +https://openai.com/searchbot"
66.249.70.32 - - [10/Jul/2025:14:45:41 -0400] "GET /?v=21594739061330&mod=6e7f6c38&uri=itm.php%3Fid%3D723093-136%26name%3Dgarage+gym+flooring+tractor+supply+4x6+rubber+mats HTTP/1.1" 200 22080 "-" "Mozilla/5.0 (Linux; Android 6.0.1; Nexus 5X Build/MMB29P) AppleWebKit/537.36 (KHTML, like Gecko) Chrome/137.0.7151.103 Mobile Safari/537.36 (compatible; Googlebot/2.1; +http://www.google.com/bot.html)"
66.249.70.32 - - [10/Jul/2025:14:45:45 -0400] "GET /?v=85951150041330&mod=8ac92e33&uri=us.php%3Fid%3D2877751-771%26name%3Dsummer+kpop+concert+outfits HTTP/1.1" 200 21416 "-" "Mozilla/5.0 (Linux; Android 6.0.1; Nexus 5X Build/MMB29P) AppleWebKit/537.36 (KHTML, like Gecko) Chrome/137.0.7151.103 Mobile Safari/537.36 (compatible; Googlebot/2.1; +http://www.google.com/bot.html)"
66.249.70.32 - - [10/Jul/2025:14:45:50 -0400] "GET /?v=107864786011330&mod=9c80c2b5&uri=info.php%3Fid%3D3611454-774%26name%3Dsmartwatch+amazon+montre+podometre HTTP/1.1" 200 21718 "-" "Mozilla/5.0 (Linux; Android 6.0.1; Nexus 5X Build/MMB29P) AppleWebKit/537.36 (KHTML, like Gecko) Chrome/137.0.7151.103 Mobile Safari/537.36 (compatible; Googlebot/2.1; +http://www.google.com/bot.html)"
66.249.70.32 - - [10/Jul/2025:14:45:54 -0400] "GET /?v=107864306051330&mod=e71c1ca6&uri=shared.php%3Fid%3D3611438-315%26name%3Dxr+yellow+ip+xr+gold HTTP/1.1" 200 21794 "-" "Mozilla/5.0 (Linux; Android 6.0.1; Nexus 5X Build/MMB29P) AppleWebKit/537.36 (KHTML, like Gecko) Chrome/137.0.7151.103 Mobile Safari/537.36 (compatible; Googlebot/2.1; +http://www.google.com/bot.html)"
66.249.70.32 - - [10/Jul/2025:14:45:57 -0400] "POST /get-message-notify HTTP/1.1" 404 1251 "https://www.getschooljobs.com/?v=63660832011330&mod=4a91f731&uri=blog.php%3Fid%3D2131512-506%26name%3Dde+juguete+amazon+cunas+mu%C3%83%C2%B1ecas" "Mozilla/5.0 (Linux; Android 6.0.1; Nexus 5X Build/MMB29P) AppleWebKit/537.36 (KHTML, like Gecko) Chrome/137.0.7151.119 Mobile Safari/537.36 (compatible; Googlebot/2.1; +http://www.google.com/bot.html)"
66.249.70.32 - - [10/Jul/2025:14:45:59 -0400] "GET /?v=115624185031330&mod=6e7f6c38&uri=search.php%3Fid%3D3871182-136%26name%3Dexercise+jtx+rower+review HTTP/1.1" 200 22036 "-" "Mozilla/5.0 (Linux; Android 6.0.1; Nexus 5X Build/MMB29P) AppleWebKit/537.36 (KHTML, like Gecko) Chrome/137.0.7151.103 Mobile Safari/537.36 (compatible; Googlebot/2.1; +http://www.google.com/bot.html)"
198.145.49.152 - - [10/Jul/2025:14:46:02 -0400] "GET /?v=76610292051330&mod=7ff17e7a&uri=product.php?id=2565114-358&name=fur+collar+pale+pink+long+coat%27 HTTP/1.1" 200 19037 "-" "Mozilla/5.0 (Windows NT 10.0; Win64; x64) AppleWebKit/537.36 (KHTML, like Gecko) Chrome/126.0.0.0 Safari/537.36"
198.145.49.152 - - [10/Jul/2025:14:46:02 -0400] "GET /?v=76610292051330&mod=7ff17e7a%27&uri=product.php?id=2565114-358&name=fur+collar+pale+pink+long+coat HTTP/1.1" 200 19037 "-" "Mozilla/5.0 (Windows NT 10.0; Win64; x64) AppleWebKit/537.36 (KHTML, like Gecko) Chrome/126.0.0.0 Safari/537.36"
198.145.49.152 - - [10/Jul/2025:14:46:02 -0400] "GET /?v=76610292051330%27&mod=7ff17e7a&uri=product.php?id=2565114-358&name=fur+collar+pale+pink+long+coat HTTP/1.1" 200 19037 "-" "Mozilla/5.0 (Windows NT 10.0; Win64; x64) AppleWebKit/537.36 (KHTML, like Gecko) Chrome/126.0.0.0 Safari/537.36"
198.145.49.152 - - [10/Jul/2025:14:46:02 -0400] "GET /?v=76610292051330&mod=7ff17e7a&uri=product.php?id=2565114-358%27&name=fur+collar+pale+pink+long+coat HTTP/1.1" 200 19037 "-" "Mozilla/5.0 (Windows NT 10.0; Win64; x64) AppleWebKit/537.36 (KHTML, like Gecko) Chrome/126.0.0.0 Safari/537.36"
66.249.70.32 - - [10/Jul/2025:14:46:03 -0400] "GET /?v=115622934021330&mod=6e7f6c38&uri=itm.php%3Fid%3D3871140-136%26name%3Dgs6+parabody+fitness+equipment HTTP/1.1" 200 21795 "-" "Mozilla/5.0 (Linux; Android 6.0.1; Nexus 5X Build/MMB29P) AppleWebKit/537.36 (KHTML, like Gecko) Chrome/137.0.7151.103 Mobile Safari/537.36 (compatible; Googlebot/2.1; +http://www.google.com/bot.html)"
66.249.70.33 - - [10/Jul/2025:14:46:07 -0400] "POST /get-message-notify HTTP/1.1" 404 1251 "https://www.getschooljobs.com/?v=115622934021330&mod=6e7f6c38&uri=itm.php%3Fid%3D3871140-136%26name%3Dgs6+parabody+fitness+equipment" "Mozilla/5.0 (Linux; Android 6.0.1; Nexus 5X Build/MMB29P) AppleWebKit/537.36 (KHTML, like Gecko) Chrome/137.0.7151.119 Mobile Safari/537.36 (compatible; Googlebot/2.1; +http://www.google.com/bot.html)"
66.249.70.32 - - [10/Jul/2025:14:46:08 -0400] "GET /?v=115620029091330&mod=0e3537cf&uri=news.php%3Fid%3D3871042-225%26name%3Dalhudapk+com+daddy%27s+home+amazon+prime HTTP/1.1" 200 21604 "-" "Mozilla/5.0 (Linux; Android 6.0.1; Nexus 5X Build/MMB29P) AppleWebKit/537.36 (KHTML, like Gecko) Chrome/137.0.7151.103 Mobile Safari/537.36 (compatible; Googlebot/2.1; +http://www.google.com/bot.html)"
66.249.70.32 - - [10/Jul/2025:14:46:12 -0400] "GET /?v=107862881021330&mod=e71c1ca6&uri=shared.php%3Fid%3D3611390-315%26name%3Dj4%2B+covers+samsung+galaxy+j4+plus+ka+cover HTTP/1.1" 200 21313 "-" "Mozilla/5.0 (Linux; Android 6.0.1; Nexus 5X Build/MMB29P) AppleWebKit/537.36 (KHTML, like Gecko) Chrome/137.0.7151.103 Mobile Safari/537.36 (compatible; Googlebot/2.1; +http://www.google.com/bot.html)"
66.249.70.32 - - [10/Jul/2025:14:46:17 -0400] "GET /?v=30231112071330&mod=90918ccd&uri=itm.php%3Fid%3D1012330-89%26name%3Drunning+shoes+new+balance+512+orange HTTP/1.1" 200 21393 "-" "Mozilla/5.0 (Linux; Android 6.0.1; Nexus 5X Build/MMB29P) AppleWebKit/537.36 (KHTML, like Gecko) Chrome/137.0.7151.103 Mobile Safari/537.36 (compatible; Googlebot/2.1; +http://www.google.com/bot.html)"
66.249.70.32 - - [10/Jul/2025:14:46:17 -0400] "GET /?v=115623564031330&mod=0e3537cf&uri=info.php%3Fid%3D3871161-225%26name%3Dhugh+jackman+real+steel+amazon+prime HTTP/1.1" 200 22045 "-" "Mozilla/5.0 (Linux; Android 6.0.1; Nexus 5X Build/MMB29P) AppleWebKit/537.36 (KHTML, like Gecko) Chrome/137.0.7151.103 Mobile Safari/537.36 (compatible; Googlebot/2.1; +http://www.google.com/bot.html)"
66.249.70.32 - - [10/Jul/2025:14:46:20 -0400] "POST /get-message-notify HTTP/1.1" 404 1251 "https://www.getschooljobs.com/?v=30231112071330&mod=90918ccd&uri=itm.php%3Fid%3D1012330-89%26name%3Drunning+shoes+new+balance+512+orange" "Mozilla/5.0 (Linux; Android 6.0.1; Nexus 5X Build/MMB29P) AppleWebKit/537.36 (KHTML, like Gecko) Chrome/137.0.7151.119 Mobile Safari/537.36 (compatible; Googlebot/2.1; +http://www.google.com/bot.html)"
66.249.70.32 - - [10/Jul/2025:14:46:22 -0400] "GET /?v=115621269011330&mod=6e7f6c38&uri=news.php%3Fid%3D3871084-136%26name%3Dex350+parabody+fitness+equipment HTTP/1.1" 200 22156 "-" "Mozilla/5.0 (Linux; Android 6.0.1; Nexus 5X Build/MMB29P) AppleWebKit/537.36 (KHTML, like Gecko) Chrome/137.0.7151.103 Mobile Safari/537.36 (compatible; Googlebot/2.1; +http://www.google.com/bot.html)"
66.249.70.32 - - [10/Jul/2025:14:46:26 -0400] "GET /?v=107864546011330&mod=e71c1ca6&uri=form.php%3Fid%3D3611446-315%26name%3Dphone+case+army+green+iphone+12 HTTP/1.1" 200 22018 "-" "Mozilla/5.0 (Linux; Android 6.0.1; Nexus 5X Build/MMB29P) AppleWebKit/537.36 (KHTML, like Gecko) Chrome/137.0.7151.103 Mobile Safari/537.36 (compatible; Googlebot/2.1; +http://www.google.com/bot.html)"
66.249.70.32 - - [10/Jul/2025:14:46:36 -0400] "GET /?v=107868012031330&mod=e71c1ca6&uri=brands.php%3Fid%3D3611562-315%26name%3Dback+cover+j7+max+screen+guard HTTP/1.1" 200 21222 "-" "Mozilla/5.0 (Linux; Android 6.0.1; Nexus 5X Build/MMB29P) AppleWebKit/537.36 (KHTML, like Gecko) Chrome/137.0.7151.103 Mobile Safari/537.36 (compatible; Googlebot/2.1; +http://www.google.com/bot.html)"
66.249.70.32 - - [10/Jul/2025:14:46:40 -0400] "GET /?v=115621059041330&mod=0e3537cf&uri=pin.php%3Fid%3D3871077-225%26name%3Dbrittany+snow+pitch+perfect+amazon+prime HTTP/1.1" 200 22100 "-" "Mozilla/5.0 (Linux; Android 6.0.1; Nexus 5X Build/MMB29P) AppleWebKit/537.36 (KHTML, like Gecko) Chrome/137.0.7151.103 Mobile Safari/537.36 (compatible; Googlebot/2.1; +http://www.google.com/bot.html)"
