66.249.70.32 - - [10/Jul/2025:15:45:29 -0400] "POST /get-message-notify HTTP/1.1" 404 1251 "https://www.getschooljobs.com/?v=30132061001330&mod=db8419f4&uri=product.php%3Fid%3D1009007-49%26name%3Dasics+men+asics+gel+noosa+tri+grigio" "Mozilla/5.0 (Linux; Android 6.0.1; Nexus 5X Build/MMB29P) AppleWebKit/537.36 (KHTML, like Gecko) Chrome/137.0.7151.119 Mobile Safari/537.36 (compatible; Googlebot/2.1; +http://www.google.com/bot.html)"
66.249.70.32 - - [10/Jul/2025:15:45:30 -0400] "POST /get-message-notify HTTP/1.1" 404 1251 "https://www.getschooljobs.com/?v=30131641001330&mod=4b8d5e5e&uri=info.php%3Fid%3D1008993-223%26name%3Dxbox+one+with+forza+horizon+bundle" "Mozilla/5.0 (Linux; Android 6.0.1; Nexus 5X Build/MMB29P) AppleWebKit/537.36 (KHTML, like Gecko) Chrome/137.0.7151.119 Mobile Safari/537.36 (compatible; Googlebot/2.1; +http://www.google.com/bot.html)"
66.249.70.32 - - [10/Jul/2025:15:45:35 -0400] "GET /?v=30131821001330&mod=7b71aa33&uri=news.php%3Fid%3D1008999-729%26name%3Dsaucony+guide+saucony+hurricane+13+mens+orange HTTP/1.1" 200 20728 "-" "Mozilla/5.0 (Linux; Android 6.0.1; Nexus 5X Build/MMB29P) AppleWebKit/537.36 (KHTML, like Gecko) Chrome/137.0.7151.103 Mobile Safari/537.36 (compatible; Googlebot/2.1; +http://www.google.com/bot.html)"
66.249.70.32 - - [10/Jul/2025:15:45:42 -0400] "GET /?v=30131311001330&mod=4b8d5e5e&uri=news.php%3Fid%3D1008982-223%26name%3Dmicrosoft+xbox+game+pass+for+xbox HTTP/1.1" 200 22613 "-" "Mozilla/5.0 (Linux; Android 6.0.1; Nexus 5X Build/MMB29P) AppleWebKit/537.36 (KHTML, like Gecko) Chrome/137.0.7151.103 Mobile Safari/537.36 (compatible; Googlebot/2.1; +http://www.google.com/bot.html)"
66.249.70.32 - - [10/Jul/2025:15:45:45 -0400] "GET /?v=30132421021330&mod=db8419f4&uri=dp.php%3Fid%3D1009019-49%26name%3Dsale+asics+asics+gel+pulse+donna+marroni HTTP/1.1" 200 20930 "-" "Mozilla/5.0 (Linux; Android 6.0.1; Nexus 5X Build/MMB29P) AppleWebKit/537.36 (KHTML, like Gecko) Chrome/137.0.7151.103 Mobile Safari/537.36 (compatible; Googlebot/2.1; +http://www.google.com/bot.html)"
66.249.70.32 - - [10/Jul/2025:15:45:48 -0400] "GET /?v=30132781141330&mod=25ca7e95&uri=shop.php%3Fid%3D1009031-281%26name%3Dbracciale+donna+migliori+bracciali+tennis HTTP/1.1" 200 21339 "-" "Mozilla/5.0 (Linux; Android 6.0.1; Nexus 5X Build/MMB29P) AppleWebKit/537.36 (KHTML, like Gecko) Chrome/137.0.7151.103 Mobile Safari/537.36 (compatible; Googlebot/2.1; +http://www.google.com/bot.html)"
66.249.70.32 - - [10/Jul/2025:15:45:49 -0400] "GET /?v=85873412111330&mod=6e7f6c38&uri=article.php%3Fid%3D2875153-136%26name%3Dindoor+cycling+cardio+equipment+rental HTTP/1.1" 200 21279 "-" "Mozilla/5.0 (Linux; Android 6.0.1; Nexus 5X Build/MMB29P) AppleWebKit/537.36 (KHTML, like Gecko) Chrome/137.0.7151.103 Mobile Safari/537.36 (compatible; Googlebot/2.1; +http://www.google.com/bot.html)"
66.249.70.32 - - [10/Jul/2025:15:45:50 -0400] "POST /get-message-notify HTTP/1.1" 404 1251 "https://www.getschooljobs.com/?v=30131311001330&mod=4b8d5e5e&uri=news.php%3Fid%3D1008982-223%26name%3Dmicrosoft+xbox+game+pass+for+xbox" "Mozilla/5.0 (Linux; Android 6.0.1; Nexus 5X Build/MMB29P) AppleWebKit/537.36 (KHTML, like Gecko) Chrome/137.0.7151.119 Mobile Safari/537.36 (compatible; Googlebot/2.1; +http://www.google.com/bot.html)"
66.249.70.33 - - [10/Jul/2025:15:45:55 -0400] "GET /?v=30132211011330&mod=db8419f4&uri=us.php%3Fid%3D1009012-49%26name%3Dsale+asics+asics+gel+pulse+donna+marroni HTTP/1.1" 200 20449 "-" "Mozilla/5.0 (Linux; Android 6.0.1; Nexus 5X Build/MMB29P) AppleWebKit/537.36 (KHTML, like Gecko) Chrome/137.0.7151.103 Mobile Safari/537.36 (compatible; Googlebot/2.1; +http://www.google.com/bot.html)"
66.249.70.32 - - [10/Jul/2025:15:46:02 -0400] "GET /?v=30115141041330&mod=b305a9a1&uri=article.php%3Fid%3D1008441-326%26name%3Dwalmart+mochila+hello+kitty+peluche HTTP/1.1" 200 22169 "-" "Mozilla/5.0 (Linux; Android 6.0.1; Nexus 5X Build/MMB29P) AppleWebKit/537.36 (KHTML, like Gecko) Chrome/137.0.7151.103 Mobile Safari/537.36 (compatible; Googlebot/2.1; +http://www.google.com/bot.html)"
66.249.70.33 - - [10/Jul/2025:15:46:08 -0400] "GET /?v=30132511051330&mod=db8419f4&uri=info.php%3Fid%3D1009022-49%26name%3Dgoldwaterindia+asics+gel+kinsei+nere HTTP/1.1" 200 20080 "-" "Mozilla/5.0 (Linux; Android 6.0.1; Nexus 5X Build/MMB29P) AppleWebKit/537.36 (KHTML, like Gecko) Chrome/137.0.7151.103 Mobile Safari/537.36 (compatible; Googlebot/2.1; +http://www.google.com/bot.html)"
66.249.70.32 - - [10/Jul/2025:15:46:11 -0400] "GET /?v=30133164051330&mod=db8419f4&uri=shared.php%3Fid%3D1009044-49%26name%3Drunning+trainers+asics+gel+kayano+22+uomo+2014 HTTP/1.1" 200 20634 "-" "Mozilla/5.0 (Linux; Android 6.0.1; Nexus 5X Build/MMB29P) AppleWebKit/537.36 (KHTML, like Gecko) Chrome/137.0.7151.103 Mobile Safari/537.36 (compatible; Googlebot/2.1; +http://www.google.com/bot.html)"
66.249.70.32 - - [10/Jul/2025:15:46:14 -0400] "POST /get-message-notify HTTP/1.1" 404 1251 "https://www.getschooljobs.com/?v=30133164051330&mod=db8419f4&uri=shared.php%3Fid%3D1009044-49%26name%3Drunning+trainers+asics+gel+kayano+22+uomo+2014" "Mozilla/5.0 (Linux; Android 6.0.1; Nexus 5X Build/MMB29P) AppleWebKit/537.36 (KHTML, like Gecko) Chrome/137.0.7151.119 Mobile Safari/537.36 (compatible; Googlebot/2.1; +http://www.google.com/bot.html)"
66.249.70.32 - - [10/Jul/2025:15:46:17 -0400] "GET /?v=63981308011330&mod=b305a9a1&uri=form.php%3Fid%3D2142238-326%26name%3Dmochila+distroller+mochilas+en+bodega+aurrera+2020 HTTP/1.1" 200 21456 "-" "Mozilla/5.0 (Linux; Android 6.0.1; Nexus 5X Build/MMB29P) AppleWebKit/537.36 (KHTML, like Gecko) Chrome/137.0.7151.103 Mobile Safari/537.36 (compatible; Googlebot/2.1; +http://www.google.com/bot.html)"
66.249.70.32 - - [10/Jul/2025:15:46:21 -0400] "GET /?v=30131761101330&mod=5c6c2cbf&uri=product.php%3Fid%3D1008997-872%26name%3Djouets+montessori+jouet+bain+b%C3%83%C2%A9b%C3%83%C2%A9 HTTP/1.1" 200 21428 "-" "Mozilla/5.0 (Linux; Android 6.0.1; Nexus 5X Build/MMB29P) AppleWebKit/537.36 (KHTML, like Gecko) Chrome/137.0.7151.103 Mobile Safari/537.36 (compatible; Googlebot/2.1; +http://www.google.com/bot.html)"
66.249.70.32 - - [10/Jul/2025:15:46:22 -0400] "POST /get-message-notify HTTP/1.1" 404 1251 "https://www.getschooljobs.com/?v=63981308011330&mod=b305a9a1&uri=form.php%3Fid%3D2142238-326%26name%3Dmochila+distroller+mochilas+en+bodega+aurrera+2020" "Mozilla/5.0 (Linux; Android 6.0.1; Nexus 5X Build/MMB29P) AppleWebKit/537.36 (KHTML, like Gecko) Chrome/137.0.7151.119 Mobile Safari/537.36 (compatible; Googlebot/2.1; +http://www.google.com/bot.html)"
66.249.70.32 - - [10/Jul/2025:15:46:24 -0400] "GET /?v=68520315011330&mod=3aa8139d&uri=us.php%3Fid%3D2294246-1245%26name%3Dpaille+sac+cuir+ete+2021 HTTP/1.1" 200 22520 "-" "Mozilla/5.0 (Linux; Android 6.0.1; Nexus 5X Build/MMB29P) AppleWebKit/537.36 (KHTML, like Gecko) Chrome/137.0.7151.103 Mobile Safari/537.36 (compatible; Googlebot/2.1; +http://www.google.com/bot.html)"
66.249.70.32 - - [10/Jul/2025:15:46:25 -0400] "GET /?v=30132661041330&mod=db8419f4&uri=search.php%3Fid%3D1009027-49%26name%3Drunning+trainers+asics+gel+pulse+bianche HTTP/1.1" 200 20971 "-" "Mozilla/5.0 (Linux; Android 6.0.1; Nexus 5X Build/MMB29P) AppleWebKit/537.36 (KHTML, like Gecko) Chrome/137.0.7151.103 Mobile Safari/537.36 (compatible; Googlebot/2.1; +http://www.google.com/bot.html)"
66.249.70.32 - - [10/Jul/2025:15:46:25 -0400] "GET /?v=4438918071330&mod=47718c70&uri=form.php%3Fid%3D148608-756%26name%3Dpuffer+jacket+nike+tech+pack+hooded+jacket HTTP/1.1" 200 22016 "-" "Mozilla/5.0 (Linux; Android 6.0.1; Nexus 5X Build/MMB29P) AppleWebKit/537.36 (KHTML, like Gecko) Chrome/137.0.7151.103 Mobile Safari/537.36 (compatible; Googlebot/2.1; +http://www.google.com/bot.html)"
66.249.70.32 - - [10/Jul/2025:15:46:29 -0400] "POST /get-message-notify HTTP/1.1" 404 1251 "https://www.getschooljobs.com/?v=30132661041330&mod=db8419f4&uri=search.php%3Fid%3D1009027-49%26name%3Drunning+trainers+asics+gel+pulse+bianche" "Mozilla/5.0 (Linux; Android 6.0.1; Nexus 5X Build/MMB29P) AppleWebKit/537.36 (KHTML, like Gecko) Chrome/137.0.7151.119 Mobile Safari/537.36 (compatible; Googlebot/2.1; +http://www.google.com/bot.html)"
66.249.70.32 - - [10/Jul/2025:15:46:29 -0400] "GET /?v=30131881141330&mod=db8419f4&uri=shared.php%3Fid%3D1009001-49%26name%3Drunning+shoe+asics+gel+noosa+tri+grigio HTTP/1.1" 200 20655 "-" "Mozilla/5.0 (Linux; Android 6.0.1; Nexus 5X Build/MMB29P) AppleWebKit/537.36 (KHTML, like Gecko) Chrome/137.0.7151.103 Mobile Safari/537.36 (compatible; Googlebot/2.1; +http://www.google.com/bot.html)"
66.249.70.32 - - [10/Jul/2025:15:46:29 -0400] "GET /?v=115676490031330&mod=559aa4b9&uri=info.php%3Fid%3D3872929-472%26name%3Dauthentic+dior+saddle+bag+strap HTTP/1.1" 200 21881 "-" "Mozilla/5.0 (Linux; Android 6.0.1; Nexus 5X Build/MMB29P) AppleWebKit/537.36 (KHTML, like Gecko) Chrome/137.0.7151.103 Mobile Safari/537.36 (compatible; Googlebot/2.1; +http://www.google.com/bot.html)"
66.249.70.32 - - [10/Jul/2025:15:46:33 -0400] "GET /?v=30131941011330&mod=1ecb6468&uri=dp.php%3Fid%3D1009003-209%26name%3Dbeauty+case+pochette+mare+amazon HTTP/1.1" 200 22518 "-" "Mozilla/5.0 (Linux; Android 6.0.1; Nexus 5X Build/MMB29P) AppleWebKit/537.36 (KHTML, like Gecko) Chrome/137.0.7151.103 Mobile Safari/537.36 (compatible; Googlebot/2.1; +http://www.google.com/bot.html)"
66.249.70.32 - - [10/Jul/2025:15:46:36 -0400] "POST /get-message-notify HTTP/1.1" 404 1251 "https://www.getschooljobs.com/?v=30131941011330&mod=1ecb6468&uri=dp.php%3Fid%3D1009003-209%26name%3Dbeauty+case+pochette+mare+amazon" "Mozilla/5.0 (Linux; Android 6.0.1; Nexus 5X Build/MMB29P) AppleWebKit/537.36 (KHTML, like Gecko) Chrome/137.0.7151.119 Mobile Safari/537.36 (compatible; Googlebot/2.1; +http://www.google.com/bot.html)"
66.249.70.32 - - [10/Jul/2025:15:46:38 -0400] "GET /?v=30133374041330&mod=db8419f4&uri=dp.php%3Fid%3D1009051-49%26name%3Drunning+shoe+asics+gel+kinsei+uomo+2014 HTTP/1.1" 200 20366 "-" "Mozilla/5.0 (Linux; Android 6.0.1; Nexus 5X Build/MMB29P) AppleWebKit/537.36 (KHTML, like Gecko) Chrome/137.0.7151.103 Mobile Safari/537.36 (compatible; Googlebot/2.1; +http://www.google.com/bot.html)"
66.249.70.32 - - [10/Jul/2025:15:46:41 -0400] "GET /?v=30110256071330&mod=b305a9a1&uri=news.php%3Fid%3D1008278-326%26name%3Dfunda+capazo+bolsos+para+bugaboo+fox HTTP/1.1" 200 21647 "-" "Mozilla/5.0 (Linux; Android 6.0.1; Nexus 5X Build/MMB29P) AppleWebKit/537.36 (KHTML, like Gecko) Chrome/137.0.7151.103 Mobile Safari/537.36 (compatible; Googlebot/2.1; +http://www.google.com/bot.html)"
66.249.70.32 - - [10/Jul/2025:15:46:44 -0400] "POST /get-message-notify HTTP/1.1" 404 1251 "https://www.getschooljobs.com/?v=30133374041330&mod=db8419f4&uri=dp.php%3Fid%3D1009051-49%26name%3Drunning+shoe+asics+gel+kinsei+uomo+2014" "Mozilla/5.0 (Linux; Android 6.0.1; Nexus 5X Build/MMB29P) AppleWebKit/537.36 (KHTML, like Gecko) Chrome/137.0.7151.119 Mobile Safari/537.36 (compatible; Googlebot/2.1; +http://www.google.com/bot.html)"
66.249.70.32 - - [10/Jul/2025:15:46:44 -0400] "GET /?v=30132361001330&mod=db8419f4&uri=category-info.php%3Fid%3D1009017-49%26name%3Dclearance+asics+asics+gel+kinsei+nere HTTP/1.1" 200 19996 "-" "Mozilla/5.0 (Linux; Android 6.0.1; Nexus 5X Build/MMB29P) AppleWebKit/537.36 (KHTML, like Gecko) Chrome/137.0.7151.103 Mobile Safari/537.36 (compatible; Googlebot/2.1; +http://www.google.com/bot.html)"
66.249.70.32 - - [10/Jul/2025:15:46:45 -0400] "POST /get-message-notify HTTP/1.1" 404 1251 "https://www.getschooljobs.com/?v=30110256071330&mod=b305a9a1&uri=news.php%3Fid%3D1008278-326%26name%3Dfunda+capazo+bolsos+para+bugaboo+fox" "Mozilla/5.0 (Linux; Android 6.0.1; Nexus 5X Build/MMB29P) AppleWebKit/537.36 (KHTML, like Gecko) Chrome/137.0.7151.119 Mobile Safari/537.36 (compatible; Googlebot/2.1; +http://www.google.com/bot.html)"
66.249.70.33 - - [10/Jul/2025:15:46:50 -0400] "GET /?v=30115621041330&mod=b305a9a1&uri=itm.php%3Fid%3D1008457-326%26name%3Dkilumio+mochila+hello+kitty+peluche HTTP/1.1" 200 21577 "-" "Mozilla/5.0 (Linux; Android 6.0.1; Nexus 5X Build/MMB29P) AppleWebKit/537.36 (KHTML, like Gecko) Chrome/137.0.7151.103 Mobile Safari/537.36 (compatible; Googlebot/2.1; +http://www.google.com/bot.html)"
66.249.70.33 - - [10/Jul/2025:15:46:52 -0400] "GET /?v=30133051011330&mod=db8419f4&uri=product.php%3Fid%3D1009040-49%26name%3Drunning+shoes+asics+gel+kinsei+donna+prezzo HTTP/1.1" 200 20525 "-" "Mozilla/5.0 (Linux; Android 6.0.1; Nexus 5X Build/MMB29P) AppleWebKit/537.36 (KHTML, like Gecko) Chrome/137.0.7151.103 Mobile Safari/537.36 (compatible; Googlebot/2.1; +http://www.google.com/bot.html)"
66.249.70.32 - - [10/Jul/2025:15:46:53 -0400] "GET /?v=30133021041330&mod=db8419f4&uri=goods.php%3Fid%3D1009039-49%26name%3Dmens+skincare+asics+gel+pulse+donna+2018 HTTP/1.1" 200 21107 "-" "Mozilla/5.0 (Linux; Android 6.0.1; Nexus 5X Build/MMB29P) AppleWebKit/537.36 (KHTML, like Gecko) Chrome/137.0.7151.103 Mobile Safari/537.36 (compatible; Googlebot/2.1; +http://www.google.com/bot.html)"
66.249.70.32 - - [10/Jul/2025:15:46:55 -0400] "GET /?v=30132811001330&mod=db8419f4&uri=shared.php%3Fid%3D1009032-49%26name%3Dasics+men+asics+gel+kinsei+blu HTTP/1.1" 200 20844 "-" "Mozilla/5.0 (Linux; Android 6.0.1; Nexus 5X Build/MMB29P) AppleWebKit/537.36 (KHTML, like Gecko) Chrome/137.0.7151.103 Mobile Safari/537.36 (compatible; Googlebot/2.1; +http://www.google.com/bot.html)"
66.249.70.32 - - [10/Jul/2025:15:46:56 -0400] "POST /get-message-notify HTTP/1.1" 404 1251 "https://www.getschooljobs.com/?v=30133021041330&mod=db8419f4&uri=goods.php%3Fid%3D1009039-49%26name%3Dmens+skincare+asics+gel+pulse+donna+2018" "Mozilla/5.0 (Linux; Android 6.0.1; Nexus 5X Build/MMB29P) AppleWebKit/537.36 (KHTML, like Gecko) Chrome/137.0.7151.119 Mobile Safari/537.36 (compatible; Googlebot/2.1; +http://www.google.com/bot.html)"
66.249.70.32 - - [10/Jul/2025:15:46:57 -0400] "GET /?v=30131521021330&mod=4b8d5e5e&uri=products.php%3Fid%3D1008989-223%26name%3Dconsole+xbox+one+s+com+game+pass HTTP/1.1" 200 22167 "-" "Mozilla/5.0 (Linux; Android 6.0.1; Nexus 5X Build/MMB29P) AppleWebKit/537.36 (KHTML, like Gecko) Chrome/137.0.7151.103 Mobile Safari/537.36 (compatible; Googlebot/2.1; +http://www.google.com/bot.html)"
66.249.70.34 - - [10/Jul/2025:15:47:03 -0400] "GET /?v=30133344031330&mod=db8419f4&uri=form.php%3Fid%3D1009050-49%26name%3Drose+gold+asics+gel+kayano+rosse HTTP/1.1" 200 20623 "-" "Mozilla/5.0 (Linux; Android 6.0.1; Nexus 5X Build/MMB29P) AppleWebKit/537.36 (KHTML, like Gecko) Chrome/137.0.7151.103 Mobile Safari/537.36 (compatible; Googlebot/2.1; +http://www.google.com/bot.html)"
66.249.70.32 - - [10/Jul/2025:15:47:06 -0400] "GET /?v=30131551031330&mod=4b8d5e5e&uri=info.php%3Fid%3D1008990-223%26name%3Dcontroller+xbox+one+x+2k20+bundle+white HTTP/1.1" 200 21407 "-" "Mozilla/5.0 (Linux; Android 6.0.1; Nexus 5X Build/MMB29P) AppleWebKit/537.36 (KHTML, like Gecko) Chrome/137.0.7151.103 Mobile Safari/537.36 (compatible; Googlebot/2.1; +http://www.google.com/bot.html)"
66.249.70.33 - - [10/Jul/2025:15:47:09 -0400] "GET /?v=23487446001330&mod=b305a9a1&uri=products.php%3Fid%3D786495-326%26name%3Dmonedero+billetera+loewe HTTP/1.1" 200 22238 "-" "Mozilla/5.0 (Linux; Android 6.0.1; Nexus 5X Build/MMB29P) AppleWebKit/537.36 (KHTML, like Gecko) Chrome/137.0.7151.103 Mobile Safari/537.36 (compatible; Googlebot/2.1; +http://www.google.com/bot.html)"
66.249.70.32 - - [10/Jul/2025:15:47:15 -0400] "GET /?v=30132151051330&mod=db8419f4&uri=shared.php%3Fid%3D1009010-49%26name%3Dotrain+asics+gel+pulse+donna+vendita HTTP/1.1" 200 21241 "-" "Mozilla/5.0 (Linux; Android 6.0.1; Nexus 5X Build/MMB29P) AppleWebKit/537.36 (KHTML, like Gecko) Chrome/137.0.7151.103 Mobile Safari/537.36 (compatible; Googlebot/2.1; +http://www.google.com/bot.html)"
66.249.70.32 - - [10/Jul/2025:15:47:18 -0400] "GET /?v=36557529031330&mod=b305a9a1&uri=brands.php%3Fid%3D1224150-326%26name%3Dchanel+sale+chanel+billeteras HTTP/1.1" 200 21127 "-" "Mozilla/5.0 (Linux; Android 6.0.1; Nexus 5X Build/MMB29P) AppleWebKit/537.36 (KHTML, like Gecko) Chrome/137.0.7151.103 Mobile Safari/537.36 (compatible; Googlebot/2.1; +http://www.google.com/bot.html)"
66.249.70.32 - - [10/Jul/2025:15:47:21 -0400] "GET /?v=30131371021330&mod=7b71aa33&uri=blog.php%3Fid%3D1008984-729%26name%3Dsaucony+grid+saucony+hurricane+13+womens+2016 HTTP/1.1" 200 20983 "-" "Mozilla/5.0 (Linux; Android 6.0.1; Nexus 5X Build/MMB29P) AppleWebKit/537.36 (KHTML, like Gecko) Chrome/137.0.7151.103 Mobile Safari/537.36 (compatible; Googlebot/2.1; +http://www.google.com/bot.html)"
66.249.70.32 - - [10/Jul/2025:15:47:28 -0400] "POST /get-message-notify HTTP/1.1" 404 1251 "https://www.getschooljobs.com/?v=30131371021330&mod=7b71aa33&uri=blog.php%3Fid%3D1008984-729%26name%3Dsaucony+grid+saucony+hurricane+13+womens+2016" "Mozilla/5.0 (Linux; Android 6.0.1; Nexus 5X Build/MMB29P) AppleWebKit/537.36 (KHTML, like Gecko) Chrome/137.0.7151.119 Mobile Safari/537.36 (compatible; Googlebot/2.1; +http://www.google.com/bot.html)"
66.249.70.32 - - [10/Jul/2025:15:47:30 -0400] "GET /?v=23497246001330&mod=b305a9a1&uri=shared.php%3Fid%3D786825-326%26name%3Dbolsa+carteras+cafe HTTP/1.1" 200 21543 "-" "Mozilla/5.0 (Linux; Android 6.0.1; Nexus 5X Build/MMB29P) AppleWebKit/537.36 (KHTML, like Gecko) Chrome/137.0.7151.103 Mobile Safari/537.36 (compatible; Googlebot/2.1; +http://www.google.com/bot.html)"
66.249.70.32 - - [10/Jul/2025:15:47:33 -0400] "POST /get-message-notify HTTP/1.1" 404 1251 "https://www.getschooljobs.com/?v=23497246001330&mod=b305a9a1&uri=shared.php%3Fid%3D786825-326%26name%3Dbolsa+carteras+cafe" "Mozilla/5.0 (Linux; Android 6.0.1; Nexus 5X Build/MMB29P) AppleWebKit/537.36 (KHTML, like Gecko) Chrome/137.0.7151.119 Mobile Safari/537.36 (compatible; Googlebot/2.1; +http://www.google.com/bot.html)"
66.249.70.32 - - [10/Jul/2025:15:47:33 -0400] "GET /?v=115701515011330&mod=a5d42e40&uri=search.php%3Fid%3D3873768-59%26name%3Dmeta+quest+oculus+vs+vr+ps4 HTTP/1.1" 200 21854 "-" "Mozilla/5.0 (Linux; Android 6.0.1; Nexus 5X Build/MMB29P) AppleWebKit/537.36 (KHTML, like Gecko) Chrome/137.0.7151.103 Mobile Safari/537.36 (compatible; Googlebot/2.1; +http://www.google.com/bot.html)"
66.249.70.32 - - [10/Jul/2025:15:47:36 -0400] "GET /?v=1475375041330&mod=80a9eda1&uri=article.php%3Fid%3D49403-438%26name%3Dbold+tr90+movado+men%27s+swiss+bold HTTP/1.1" 200 22419 "-" "Mozilla/5.0 (Linux; Android 6.0.1; Nexus 5X Build/MMB29P) AppleWebKit/537.36 (KHTML, like Gecko) Chrome/137.0.7151.103 Mobile Safari/537.36 (compatible; Googlebot/2.1; +http://www.google.com/bot.html)"
66.249.70.32 - - [10/Jul/2025:15:47:43 -0400] "GET /?v=115702355091330&mod=aa538133&uri=news.php%3Fid%3D3873796-1391%26name%3Dmens+shoes+gel+lyte+v+white+white HTTP/1.1" 200 21197 "-" "Mozilla/5.0 (Linux; Android 6.0.1; Nexus 5X Build/MMB29P) AppleWebKit/537.36 (KHTML, like Gecko) Chrome/137.0.7151.103 Mobile Safari/537.36 (compatible; Googlebot/2.1; +http://www.google.com/bot.html)"
66.249.70.32 - - [10/Jul/2025:15:47:46 -0400] "GET /?v=115701935001330&mod=559aa4b9&uri=info.php%3Fid%3D3873782-472%26name%3Dshoulder+bag+everyday+messenger+v1 HTTP/1.1" 200 22206 "-" "Mozilla/5.0 (Linux; Android 6.0.1; Nexus 5X Build/MMB29P) AppleWebKit/537.36 (KHTML, like Gecko) Chrome/137.0.7151.103 Mobile Safari/537.36 (compatible; Googlebot/2.1; +http://www.google.com/bot.html)"
66.249.70.32 - - [10/Jul/2025:15:47:49 -0400] "POST /get-message-notify HTTP/1.1" 404 1251 "https://www.getschooljobs.com/?v=115702355091330&mod=aa538133&uri=news.php%3Fid%3D3873796-1391%26name%3Dmens+shoes+gel+lyte+v+white+white" "Mozilla/5.0 (Linux; Android 6.0.1; Nexus 5X Build/MMB29P) AppleWebKit/537.36 (KHTML, like Gecko) Chrome/137.0.7151.119 Mobile Safari/537.36 (compatible; Googlebot/2.1; +http://www.google.com/bot.html)"
66.249.70.32 - - [10/Jul/2025:15:47:50 -0400] "GET /?v=115701815031330&mod=e6dbc8ad&uri=goods.php%3Fid%3D3873778-184%26name%3Dubuy+blackstone+28+grill+box HTTP/1.1" 200 22366 "-" "Mozilla/5.0 (Linux; Android 6.0.1; Nexus 5X Build/MMB29P) AppleWebKit/537.36 (KHTML, like Gecko) Chrome/137.0.7151.103 Mobile Safari/537.36 (compatible; Googlebot/2.1; +http://www.google.com/bot.html)"
54.36.148.107 - - [10/Jul/2025:15:47:51 -0400] "GET /?v=111723730001330&mod=5c14de2d&uri=blog.php%3Fid%3D3740580-525%26name%3Dbeach+bags+straw+purses+nordstrom HTTP/1.1" 200 4655 "-" "Mozilla/5.0 (compatible; AhrefsBot/7.0; +http://ahrefs.com/robot/)"
66.249.70.32 - - [10/Jul/2025:15:47:56 -0400] "GET /?v=115702175031330&mod=5e84ebf9&uri=dp.php%3Fid%3D3873790-1011%26name%3Dsale+puma+puma+thunder+electric+femme+beige HTTP/1.1" 200 20708 "-" "Mozilla/5.0 (Linux; Android 6.0.1; Nexus 5X Build/MMB29P) AppleWebKit/537.36 (KHTML, like Gecko) Chrome/137.0.7151.103 Mobile Safari/537.36 (compatible; Googlebot/2.1; +http://www.google.com/bot.html)"
92.236.9.203 - - [10/Jul/2025:15:48:00 -0400] "GET /?v=103618940021330&mod=af0a991f&uri=shop.php%3Fid%3D3469317-128%26name%3Dbicycle+2020+defy+advanced+pro HTTP/1.1" 200 134 "https://www.google.com/" "Mozilla/5.0 (Windows NT 10.0; Win64; x64) AppleWebKit/537.36 (KHTML, like Gecko) Chrome/138.0.0.0 Safari/537.36"
66.249.70.32 - - [10/Jul/2025:15:48:01 -0400] "GET /?v=97519879051330&mod=a91af177&uri=shop.php%3Fid%3D3265076-34%26name%3Dmaman+chat+tee+shirt+avec+des+chats HTTP/1.1" 200 20534 "-" "Mozilla/5.0 (Linux; Android 6.0.1; Nexus 5X Build/MMB29P) AppleWebKit/537.36 (KHTML, like Gecko) Chrome/137.0.7151.103 Mobile Safari/537.36 (compatible; Googlebot/2.1; +http://www.google.com/bot.html)"
66.249.70.34 - - [10/Jul/2025:15:48:04 -0400] "POST /get-message-notify HTTP/1.1" 404 1251 "https://www.getschooljobs.com/?v=97519879051330&mod=a91af177&uri=shop.php%3Fid%3D3265076-34%26name%3Dmaman+chat+tee+shirt+avec+des+chats" "Mozilla/5.0 (Linux; Android 6.0.1; Nexus 5X Build/MMB29P) AppleWebKit/537.36 (KHTML, like Gecko) Chrome/137.0.7151.119 Mobile Safari/537.36 (compatible; Googlebot/2.1; +http://www.google.com/bot.html)"
66.249.70.32 - - [10/Jul/2025:15:48:04 -0400] "GET /?v=97527624041330&mod=d4e452f4&uri=search.php%3Fid%3D3265335-137%26name%3Deau+de+toilette+calvin+klein+blossom+perfume HTTP/1.1" 200 22079 "-" "Mozilla/5.0 (Linux; Android 6.0.1; Nexus 5X Build/MMB29P) AppleWebKit/537.36 (KHTML, like Gecko) Chrome/137.0.7151.103 Mobile Safari/537.36 (compatible; Googlebot/2.1; +http://www.google.com/bot.html)"
23.21.227.240 - - [10/Jul/2025:15:48:04 -0400] "GET /?mod=d4e452f4&uri=goods.php?id%3D1471984-137%26name%3Ddior%20fragrance%20ispahan%20oud%20christian%20dior&v=43964161031330 HTTP/1.1" 200 5437 "-" "Mozilla/5.0 AppleWebKit/537.36 (KHTML, like Gecko; compatible; Amazonbot/0.1; +https://developer.amazon.com/support/amazonbot) Chrome/119.0.6045.214 Safari/537.36"
66.249.70.33 - - [10/Jul/2025:15:48:05 -0400] "POST /get-message-notify HTTP/1.1" 404 1251 "https://www.getschooljobs.com/?v=115701935001330&mod=559aa4b9&uri=info.php%3Fid%3D3873782-472%26name%3Dshoulder+bag+everyday+messenger+v1" "Mozilla/5.0 (Linux; Android 6.0.1; Nexus 5X Build/MMB29P) AppleWebKit/537.36 (KHTML, like Gecko) Chrome/137.0.7151.119 Mobile Safari/537.36 (compatible; Googlebot/2.1; +http://www.google.com/bot.html)"
66.249.70.33 - - [10/Jul/2025:15:48:07 -0400] "GET /?v=97660305011330&mod=6b77b838&uri=shop.php%3Fid%3D3269772-158%26name%3Dtransformers+beast+wars+shark+transformer+toy HTTP/1.1" 200 21705 "-" "Mozilla/5.0 (Linux; Android 6.0.1; Nexus 5X Build/MMB29P) AppleWebKit/537.36 (KHTML, like Gecko) Chrome/137.0.7151.103 Mobile Safari/537.36 (compatible; Googlebot/2.1; +http://www.google.com/bot.html)"
66.102.6.101 - - [10/Jul/2025:15:48:11 -0400] "GET /.well-known/traffic-advice HTTP/1.1" 302 771 "-" "Chrome Privacy Preserving Prefetch Proxy"
162.120.186.98 - - [10/Jul/2025:15:48:12 -0400] "GET /?v=99731700011330&mod=9493def6&uri=search.php%3Fid%3D3339186-436%26name%3Dcombinar+falda+cafe+outfit+falda+camel+corta HTTP/1.1" 200 133 "https://www.google.com/" "Mozilla/5.0 (Linux; Android 10; K) AppleWebKit/537.36 (KHTML, like Gecko) Chrome/138.0.0.0 Mobile Safari/537.36"
66.249.70.32 - - [10/Jul/2025:15:48:12 -0400] "GET /?v=103103221011330&mod=a91af177&uri=info.php%3Fid%3D3452062-34%26name%3Dgreen+kuyichi+t+shirt HTTP/1.1" 200 20839 "-" "Mozilla/5.0 (Linux; Android 6.0.1; Nexus 5X Build/MMB29P) AppleWebKit/537.36 (KHTML, like Gecko) Chrome/137.0.7151.103 Mobile Safari/537.36 (compatible; Googlebot/2.1; +http://www.google.com/bot.html)"
66.249.70.32 - - [10/Jul/2025:15:48:13 -0400] "GET /?v=116438819051330&mod=5f9e5400&uri=brands.php%3Fid%3D3898452-602%26name%3Dpink+white+sb+laces HTTP/1.1" 200 21312 "-" "Mozilla/5.0 (Linux; Android 6.0.1; Nexus 5X Build/MMB29P) AppleWebKit/537.36 (KHTML, like Gecko) Chrome/137.0.7151.103 Mobile Safari/537.36 (compatible; Googlebot/2.1; +http://www.google.com/bot.html)"
66.249.70.32 - - [10/Jul/2025:15:48:14 -0400] "GET /?v=97519253031330&mod=a91af177&uri=itm.php%3Fid%3D3265055-34%26name%3Dshirt+supreme+t+shirt+ntm+amazon HTTP/1.1" 200 21171 "-" "Mozilla/5.0 (Linux; Android 6.0.1; Nexus 5X Build/MMB29P) AppleWebKit/537.36 (KHTML, like Gecko) Chrome/137.0.7151.103 Mobile Safari/537.36 (compatible; Googlebot/2.1; +http://www.google.com/bot.html)"
66.249.74.130 - - [10/Jul/2025:15:48:23 -0400] "GET /?v=51117390001330&mod=ac42634b&uri=article.php%3Fid%3D1711412-356%26name%3Dpcb+brivis+sp623 HTTP/1.1" 200 21566 "-" "Mozilla/5.0 (Linux; Android 6.0.1; Nexus 5X Build/MMB29P) AppleWebKit/537.36 (KHTML, like Gecko) Chrome/137.0.7151.103 Mobile Safari/537.36 (compatible; Googlebot/2.1; +http://www.google.com/bot.html)"
66.249.70.32 - - [10/Jul/2025:15:48:23 -0400] "GET /?v=115701575071330&mod=5e84ebf9&uri=itm.php%3Fid%3D3873770-1011%26name%3Dheart+patent+asos+puma+heart HTTP/1.1" 200 20117 "-" "Mozilla/5.0 (Linux; Android 6.0.1; Nexus 5X Build/MMB29P) AppleWebKit/537.36 (KHTML, like Gecko) Chrome/137.0.7151.103 Mobile Safari/537.36 (compatible; Googlebot/2.1; +http://www.google.com/bot.html)"
66.249.70.32 - - [10/Jul/2025:15:48:26 -0400] "GET /?v=115701395071330&mod=aa538133&uri=news.php%3Fid%3D3873764-1391%26name%3Dsanvispinning+asics+gel+lyte+crane HTTP/1.1" 200 20430 "-" "Mozilla/5.0 (Linux; Android 6.0.1; Nexus 5X Build/MMB29P) AppleWebKit/537.36 (KHTML, like Gecko) Chrome/137.0.7151.103 Mobile Safari/537.36 (compatible; Googlebot/2.1; +http://www.google.com/bot.html)"
66.249.70.32 - - [10/Jul/2025:15:48:29 -0400] "GET /?v=80445638061330&mod=b055fc7d&uri=article.php%3Fid%3D2693479-425%26name%3Ddress+chicwish+jupe HTTP/1.1" 200 21668 "-" "Mozilla/5.0 (Linux; Android 6.0.1; Nexus 5X Build/MMB29P) AppleWebKit/537.36 (KHTML, like Gecko) Chrome/137.0.7151.103 Mobile Safari/537.36 (compatible; Googlebot/2.1; +http://www.google.com/bot.html)"
66.249.70.32 - - [10/Jul/2025:15:48:33 -0400] "GET /?v=97664269081330&mod=5eb2a86c&uri=category-info.php%3Fid%3D3269907-91%26name%3Dtroy+bilt+craftsman+triple+bagger HTTP/1.1" 200 21609 "-" "Mozilla/5.0 (Linux; Android 6.0.1; Nexus 5X Build/MMB29P) AppleWebKit/537.36 (KHTML, like Gecko) Chrome/137.0.7151.103 Mobile Safari/537.36 (compatible; Googlebot/2.1; +http://www.google.com/bot.html)"
66.249.70.32 - - [10/Jul/2025:15:48:37 -0400] "GET /?v=70869609001330&mod=089a2337&uri=article.php%3Fid%3D2372865-1573%26name%3Dotrain+fila+fila+disruptor+2020 HTTP/1.1" 200 21519 "-" "Mozilla/5.0 (Linux; Android 6.0.1; Nexus 5X Build/MMB29P) AppleWebKit/537.36 (KHTML, like Gecko) Chrome/137.0.7151.103 Mobile Safari/537.36 (compatible; Googlebot/2.1; +http://www.google.com/bot.html)"
66.249.70.32 - - [10/Jul/2025:15:48:38 -0400] "GET /?v=97523014061330&mod=d4e452f4&uri=shared.php%3Fid%3D3265181-137%26name%3Dfragrance+serge+lutens+nuit+de+cellophane+eau+de+parfum HTTP/1.1" 200 21408 "-" "Mozilla/5.0 (Linux; Android 6.0.1; Nexus 5X Build/MMB29P) AppleWebKit/537.36 (KHTML, like Gecko) Chrome/137.0.7151.103 Mobile Safari/537.36 (compatible; Googlebot/2.1; +http://www.google.com/bot.html)"
66.249.70.32 - - [10/Jul/2025:15:48:38 -0400] "POST /get-message-notify HTTP/1.1" 404 1251 "https://www.getschooljobs.com/?v=97664269081330&mod=5eb2a86c&uri=category-info.php%3Fid%3D3269907-91%26name%3Dtroy+bilt+craftsman+triple+bagger" "Mozilla/5.0 (Linux; Android 6.0.1; Nexus 5X Build/MMB29P) AppleWebKit/537.36 (KHTML, like Gecko) Chrome/137.0.7151.119 Mobile Safari/537.36 (compatible; Googlebot/2.1; +http://www.google.com/bot.html)"
66.249.70.32 - - [10/Jul/2025:15:48:42 -0400] "POST /get-message-notify HTTP/1.1" 404 1251 "https://www.getschooljobs.com/?v=97519253031330&mod=a91af177&uri=itm.php%3Fid%3D3265055-34%26name%3Dshirt+supreme+t+shirt+ntm+amazon" "Mozilla/5.0 (Linux; Android 6.0.1; Nexus 5X Build/MMB29P) AppleWebKit/537.36 (KHTML, like Gecko) Chrome/137.0.7151.119 Mobile Safari/537.36 (compatible; Googlebot/2.1; +http://www.google.com/bot.html)"
66.249.70.32 - - [10/Jul/2025:15:48:46 -0400] "GET /?v=97539146021330&mod=d4e452f4&uri=product.php%3Fid%3D3265721-137%26name%3Ddesigner+fragrances+foschini+male+perfumes HTTP/1.1" 200 21256 "-" "Mozilla/5.0 (Linux; Android 6.0.1; Nexus 5X Build/MMB29P) AppleWebKit/537.36 (KHTML, like Gecko) Chrome/137.0.7151.103 Mobile Safari/537.36 (compatible; Googlebot/2.1; +http://www.google.com/bot.html)"
66.249.70.33 - - [10/Jul/2025:15:48:48 -0400] "GET /?v=97682870031330&mod=5eb2a86c&uri=dp.php%3Fid%3D3270528-91%26name%3Dyamaha+integrated+audio+system+isx+800 HTTP/1.1" 200 21517 "-" "Mozilla/5.0 (Linux; Android 6.0.1; Nexus 5X Build/MMB29P) AppleWebKit/537.36 (KHTML, like Gecko) Chrome/137.0.7151.103 Mobile Safari/537.36 (compatible; Googlebot/2.1; +http://www.google.com/bot.html)"
66.249.70.33 - - [10/Jul/2025:15:48:51 -0400] "GET /?v=97663459031330&mod=5eb2a86c&uri=form.php%3Fid%3D3269880-91%26name%3Dkids+zero+turn+lawn+mower HTTP/1.1" 200 21995 "-" "Mozilla/5.0 (Linux; Android 6.0.1; Nexus 5X Build/MMB29P) AppleWebKit/537.36 (KHTML, like Gecko) Chrome/137.0.7151.103 Mobile Safari/537.36 (compatible; Googlebot/2.1; +http://www.google.com/bot.html)"
66.249.70.32 - - [10/Jul/2025:15:48:55 -0400] "GET /?v=97544531021330&mod=f0a7ef3a&uri=category-info.php%3Fid%3D3265901-1509%26name%3Dponcho+cape+beige+femme HTTP/1.1" 200 21528 "-" "Mozilla/5.0 (Linux; Android 6.0.1; Nexus 5X Build/MMB29P) AppleWebKit/537.36 (KHTML, like Gecko) Chrome/137.0.7151.103 Mobile Safari/537.36 (compatible; Googlebot/2.1; +http://www.google.com/bot.html)"
66.249.70.33 - - [10/Jul/2025:15:48:58 -0400] "GET /?v=109814967001330&mod=019d385e&uri=itm.php%3Fid%3D3676713-4%26name%3Dcorduroy+shearling+jacket HTTP/1.1" 200 21348 "-" "Mozilla/5.0 (Linux; Android 6.0.1; Nexus 5X Build/MMB29P) AppleWebKit/537.36 (KHTML, like Gecko) Chrome/137.0.7151.103 Mobile Safari/537.36 (compatible; Googlebot/2.1; +http://www.google.com/bot.html)"
66.249.70.33 - - [10/Jul/2025:15:48:59 -0400] "POST /get-message-notify HTTP/1.1" 404 1251 "https://www.getschooljobs.com/?v=97544531021330&mod=f0a7ef3a&uri=category-info.php%3Fid%3D3265901-1509%26name%3Dponcho+cape+beige+femme" "Mozilla/5.0 (Linux; Android 6.0.1; Nexus 5X Build/MMB29P) AppleWebKit/537.36 (KHTML, like Gecko) Chrome/137.0.7151.119 Mobile Safari/537.36 (compatible; Googlebot/2.1; +http://www.google.com/bot.html)"
66.249.70.32 - - [10/Jul/2025:15:48:58 -0400] "GET /?v=97523014031330&mod=d4e452f4&uri=pin.php%3Fid%3D3265181-137%26name%3Dfragrance+serge+lutens+nuit+de+cellophane+eau+de+parfum HTTP/1.1" 200 22076 "-" "Mozilla/5.0 (Linux; Android 6.0.1; Nexus 5X Build/MMB29P) AppleWebKit/537.36 (KHTML, like Gecko) Chrome/137.0.7151.103 Mobile Safari/537.36 (compatible; Googlebot/2.1; +http://www.google.com/bot.html)"
34.221.166.139 - - [10/Jul/2025:15:48:58 -0400] "GET /?v=80288444021330&mod=5c6ccef0&uri=info.php%253Fid%253D2688217-426%2526name%253Dpond+floating+weir HTTP/1.1" 200 19037 "-" "Mozilla/5.0 (Windows NT 10.0; Win64; x64) AppleWebKit/537.36 (KHTML, like Gecko) Chrome/113.0.0.0 Safari/537.36"
66.249.70.33 - - [10/Jul/2025:15:49:00 -0400] "GET /?v=92742123041330&mod=d4e452f4&uri=us.php%3Fid%3D3105058-137%26name%3Dfor+men+perfume+all+burberry+colognes HTTP/1.1" 200 21389 "-" "Mozilla/5.0 (Linux; Android 6.0.1; Nexus 5X Build/MMB29P) AppleWebKit/537.36 (KHTML, like Gecko) Chrome/137.0.7151.103 Mobile Safari/537.36 (compatible; Googlebot/2.1; +http://www.google.com/bot.html)"
66.249.70.33 - - [10/Jul/2025:15:49:01 -0400] "POST /get-message-notify HTTP/1.1" 404 1251 "https://www.getschooljobs.com/?v=109814967001330&mod=019d385e&uri=itm.php%3Fid%3D3676713-4%26name%3Dcorduroy+shearling+jacket" "Mozilla/5.0 (Linux; Android 6.0.1; Nexus 5X Build/MMB29P) AppleWebKit/537.36 (KHTML, like Gecko) Chrome/137.0.7151.119 Mobile Safari/537.36 (compatible; Googlebot/2.1; +http://www.google.com/bot.html)"
66.249.70.34 - - [10/Jul/2025:15:49:02 -0400] "GET /?v=97549914021330&mod=f0a7ef3a&uri=info.php%3Fid%3D3266081-1509%26name%3Daide+soignante+tunique+medicale+manche+longue HTTP/1.1" 200 20978 "-" "Mozilla/5.0 (Linux; Android 6.0.1; Nexus 5X Build/MMB29P) AppleWebKit/537.36 (KHTML, like Gecko) Chrome/137.0.7151.103 Mobile Safari/537.36 (compatible; Googlebot/2.1; +http://www.google.com/bot.html)"
66.249.70.33 - - [10/Jul/2025:15:49:02 -0400] "POST /get-message-notify HTTP/1.1" 404 1251 "https://www.getschooljobs.com/?v=97523014061330&mod=d4e452f4&uri=shared.php%3Fid%3D3265181-137%26name%3Dfragrance+serge+lutens+nuit+de+cellophane+eau+de+parfum" "Mozilla/5.0 (Linux; Android 6.0.1; Nexus 5X Build/MMB29P) AppleWebKit/537.36 (KHTML, like Gecko) Chrome/137.0.7151.119 Mobile Safari/537.36 (compatible; Googlebot/2.1; +http://www.google.com/bot.html)"
66.249.70.33 - - [10/Jul/2025:15:49:08 -0400] "GET /?v=94629994021330&mod=d4e452f4&uri=brands.php%3Fid%3D3168305-137%26name%3Dla+rive+paco+rabanne+invictus+dm HTTP/1.1" 200 21734 "-" "Mozilla/5.0 (Linux; Android 6.0.1; Nexus 5X Build/MMB29P) AppleWebKit/537.36 (KHTML, like Gecko) Chrome/137.0.7151.103 Mobile Safari/537.36 (compatible; Googlebot/2.1; +http://www.google.com/bot.html)"
66.249.70.32 - - [10/Jul/2025:15:49:10 -0400] "POST /get-message-notify HTTP/1.1" 404 1251 "https://www.getschooljobs.com/?v=97663459031330&mod=5eb2a86c&uri=form.php%3Fid%3D3269880-91%26name%3Dkids+zero+turn+lawn+mower" "Mozilla/5.0 (Linux; Android 6.0.1; Nexus 5X Build/MMB29P) AppleWebKit/537.36 (KHTML, like Gecko) Chrome/137.0.7151.119 Mobile Safari/537.36 (compatible; Googlebot/2.1; +http://www.google.com/bot.html)"
66.249.70.33 - - [10/Jul/2025:15:49:10 -0400] "GET /?v=97684490031330&mod=859681cf&uri=product.php%3Fid%3D3270582-1034%26name%3Dnew+balance+880+navy+blue HTTP/1.1" 200 20905 "-" "Mozilla/5.0 (Linux; Android 6.0.1; Nexus 5X Build/MMB29P) AppleWebKit/537.36 (KHTML, like Gecko) Chrome/137.0.7151.103 Mobile Safari/537.36 (compatible; Googlebot/2.1; +http://www.google.com/bot.html)"
66.249.70.32 - - [10/Jul/2025:15:49:15 -0400] "GET /?v=109780664021330&mod=c14a716b&uri=category-info.php%3Fid%3D3675567-451%26name%3Dnew+air+force+2018 HTTP/1.1" 200 22088 "-" "Mozilla/5.0 (Linux; Android 6.0.1; Nexus 5X Build/MMB29P) AppleWebKit/537.36 (KHTML, like Gecko) Chrome/137.0.7151.103 Mobile Safari/537.36 (compatible; Googlebot/2.1; +http://www.google.com/bot.html)"
66.249.70.32 - - [10/Jul/2025:15:49:17 -0400] "GET /?v=97530666001330&mod=d4e452f4&uri=info.php%3Fid%3D3265437-137%26name%3Dpure+alfred+sung+perfume+price HTTP/1.1" 200 22359 "-" "Mozilla/5.0 (Linux; Android 6.0.1; Nexus 5X Build/MMB29P) AppleWebKit/537.36 (KHTML, like Gecko) Chrome/137.0.7151.103 Mobile Safari/537.36 (compatible; Googlebot/2.1; +http://www.google.com/bot.html)"
66.249.70.32 - - [10/Jul/2025:15:49:20 -0400] "GET /?v=97683140021330&mod=40cccad2&uri=pin.php%3Fid%3D3270537-43%26name%3Dstrike+elite+precision+strike+nerf+raptorstrike+gun HTTP/1.1" 200 22157 "-" "Mozilla/5.0 (Linux; Android 6.0.1; Nexus 5X Build/MMB29P) AppleWebKit/537.36 (KHTML, like Gecko) Chrome/137.0.7151.103 Mobile Safari/537.36 (compatible; Googlebot/2.1; +http://www.google.com/bot.html)"
66.249.70.32 - - [10/Jul/2025:15:49:23 -0400] "GET /?v=97533782021330&mod=d4e452f4&uri=search.php%3Fid%3D3265541-137%26name%3Dfragrance+ajmal+raindrops+edt HTTP/1.1" 200 21596 "-" "Mozilla/5.0 (Linux; Android 6.0.1; Nexus 5X Build/MMB29P) AppleWebKit/537.36 (KHTML, like Gecko) Chrome/137.0.7151.103 Mobile Safari/537.36 (compatible; Googlebot/2.1; +http://www.google.com/bot.html)"
66.249.70.32 - - [10/Jul/2025:15:49:29 -0400] "GET /?v=97571418021330&mod=d4e452f4&uri=news.php%3Fid%3D3266801-137%26name%3Dmillion+royal+one+million+250ml HTTP/1.1" 200 21486 "-" "Mozilla/5.0 (Linux; Android 6.0.1; Nexus 5X Build/MMB29P) AppleWebKit/537.36 (KHTML, like Gecko) Chrome/137.0.7151.103 Mobile Safari/537.36 (compatible; Googlebot/2.1; +http://www.google.com/bot.html)"
66.249.70.32 - - [10/Jul/2025:15:49:32 -0400] "GET /?v=97517130001330&mod=d4e452f4&uri=shared.php%3Fid%3D3264983-137%26name%3Dbourbon+vanilla+yves+rocher+vanille+blanche HTTP/1.1" 200 21973 "-" "Mozilla/5.0 (Linux; Android 6.0.1; Nexus 5X Build/MMB29P) AppleWebKit/537.36 (KHTML, like Gecko) Chrome/137.0.7151.103 Mobile Safari/537.36 (compatible; Googlebot/2.1; +http://www.google.com/bot.html)"
66.249.70.32 - - [10/Jul/2025:15:49:35 -0400] "POST /get-message-notify HTTP/1.1" 404 1251 "https://www.getschooljobs.com/?v=97684490031330&mod=859681cf&uri=product.php%3Fid%3D3270582-1034%26name%3Dnew+balance+880+navy+blue" "Mozilla/5.0 (Linux; Android 6.0.1; Nexus 5X Build/MMB29P) AppleWebKit/537.36 (KHTML, like Gecko) Chrome/137.0.7151.119 Mobile Safari/537.36 (compatible; Googlebot/2.1; +http://www.google.com/bot.html)"
66.249.70.32 - - [10/Jul/2025:15:49:38 -0400] "GET /?v=97308571001330&mod=d4e452f4&uri=shop.php%3Fid%3D3258009-137%26name%3Dparfum+aldi+freesia+and+pear+perfume HTTP/1.1" 200 21528 "-" "Mozilla/5.0 (Linux; Android 6.0.1; Nexus 5X Build/MMB29P) AppleWebKit/537.36 (KHTML, like Gecko) Chrome/137.0.7151.103 Mobile Safari/537.36 (compatible; Googlebot/2.1; +http://www.google.com/bot.html)"
66.249.70.32 - - [10/Jul/2025:15:49:43 -0400] "POST /get-message-notify HTTP/1.1" 404 1251 "https://www.getschooljobs.com/?v=97549914021330&mod=f0a7ef3a&uri=info.php%3Fid%3D3266081-1509%26name%3Daide+soignante+tunique+medicale+manche+longue" "Mozilla/5.0 (Linux; Android 6.0.1; Nexus 5X Build/MMB29P) AppleWebKit/537.36 (KHTML, like Gecko) Chrome/137.0.7151.119 Mobile Safari/537.36 (compatible; Googlebot/2.1; +http://www.google.com/bot.html)"
66.249.70.32 - - [10/Jul/2025:15:49:44 -0400] "GET /?v=94618940031330&mod=d4e452f4&uri=itm.php%3Fid%3D3167934-137%26name%3Dmilestone+perfume+petals HTTP/1.1" 200 21905 "-" "Mozilla/5.0 (Linux; Android 6.0.1; Nexus 5X Build/MMB29P) AppleWebKit/537.36 (KHTML, like Gecko) Chrome/137.0.7151.103 Mobile Safari/537.36 (compatible; Googlebot/2.1; +http://www.google.com/bot.html)"
66.249.70.32 - - [10/Jul/2025:15:49:44 -0400] "POST /get-message-notify HTTP/1.1" 404 1251 "https://www.getschooljobs.com/?v=97308571001330&mod=d4e452f4&uri=shop.php%3Fid%3D3258009-137%26name%3Dparfum+aldi+freesia+and+pear+perfume" "Mozilla/5.0 (Linux; Android 6.0.1; Nexus 5X Build/MMB29P) AppleWebKit/537.36 (KHTML, like Gecko) Chrome/137.0.7151.119 Mobile Safari/537.36 (compatible; Googlebot/2.1; +http://www.google.com/bot.html)"
66.249.70.32 - - [10/Jul/2025:15:49:50 -0400] "GET /?v=52673880061330&mod=f7e0b956&uri=dp.php%3Fid%3D1763509-23%26name%3Ddork+disc+bike+cassette+guard HTTP/1.1" 200 21889 "-" "Mozilla/5.0 (Linux; Android 6.0.1; Nexus 5X Build/MMB29P) AppleWebKit/537.36 (KHTML, like Gecko) Chrome/137.0.7151.103 Mobile Safari/537.36 (compatible; Googlebot/2.1; +http://www.google.com/bot.html)"
66.249.70.32 - - [10/Jul/2025:15:49:53 -0400] "GET /?v=52673610001330&mod=6e7f6c38&uri=article.php%3Fid%3D1763500-136%26name%3Dfat+tire+schwinn+big+wheel+bike HTTP/1.1" 200 22236 "-" "Mozilla/5.0 (Linux; Android 6.0.1; Nexus 5X Build/MMB29P) AppleWebKit/537.36 (KHTML, like Gecko) Chrome/137.0.7151.103 Mobile Safari/537.36 (compatible; Googlebot/2.1; +http://www.google.com/bot.html)"
66.249.70.33 - - [10/Jul/2025:15:49:56 -0400] "GET /?v=52669562001330&mod=a882a532&uri=product.php%3Fid%3D1763365-1276%26name%3Dvans+men+vans+super+sk8+hi HTTP/1.1" 200 21116 "-" "Mozilla/5.0 (Linux; Android 6.0.1; Nexus 5X Build/MMB29P) AppleWebKit/537.36 (KHTML, like Gecko) Chrome/137.0.7151.103 Mobile Safari/537.36 (compatible; Googlebot/2.1; +http://www.google.com/bot.html)"
66.249.70.33 - - [10/Jul/2025:15:49:59 -0400] "POST /get-message-notify HTTP/1.1" 404 1251 "https://www.getschooljobs.com/?v=52669562001330&mod=a882a532&uri=product.php%3Fid%3D1763365-1276%26name%3Dvans+men+vans+super+sk8+hi" "Mozilla/5.0 (Linux; Android 6.0.1; Nexus 5X Build/MMB29P) AppleWebKit/537.36 (KHTML, like Gecko) Chrome/137.0.7151.119 Mobile Safari/537.36 (compatible; Googlebot/2.1; +http://www.google.com/bot.html)"
66.249.70.34 - - [10/Jul/2025:15:50:01 -0400] "GET /?v=52673430041330&mod=f7e0b956&uri=dp.php%3Fid%3D1763494-23%26name%3Drear+shock+fox+dhx2+250x70 HTTP/1.1" 200 21476 "-" "Mozilla/5.0 (Linux; Android 6.0.1; Nexus 5X Build/MMB29P) AppleWebKit/537.36 (KHTML, like Gecko) Chrome/137.0.7151.103 Mobile Safari/537.36 (compatible; Googlebot/2.1; +http://www.google.com/bot.html)"
66.249.70.32 - - [10/Jul/2025:15:50:07 -0400] "GET /?v=52673970071330&mod=6e7f6c38&uri=products.php%3Fid%3D1763512-136%26name%3D20+inch+schwinn+big+wheel+bike HTTP/1.1" 200 21522 "-" "Mozilla/5.0 (Linux; Android 6.0.1; Nexus 5X Build/MMB29P) AppleWebKit/537.36 (KHTML, like Gecko) Chrome/137.0.7151.103 Mobile Safari/537.36 (compatible; Googlebot/2.1; +http://www.google.com/bot.html)"
66.249.70.33 - - [10/Jul/2025:15:50:10 -0400] "POST /get-message-notify HTTP/1.1" 404 1251 "https://www.getschooljobs.com/?v=52673430041330&mod=f7e0b956&uri=dp.php%3Fid%3D1763494-23%26name%3Drear+shock+fox+dhx2+250x70" "Mozilla/5.0 (Linux; Android 6.0.1; Nexus 5X Build/MMB29P) AppleWebKit/537.36 (KHTML, like Gecko) Chrome/137.0.7151.119 Mobile Safari/537.36 (compatible; Googlebot/2.1; +http://www.google.com/bot.html)"
66.249.70.33 - - [10/Jul/2025:15:50:10 -0400] "GET /?v=52669022041330&mod=73b379bf&uri=info.php%3Fid%3D1763347-744%26name%3Dwakesurf+board+habit+surf HTTP/1.1" 200 21724 "-" "Mozilla/5.0 (Linux; Android 6.0.1; Nexus 5X Build/MMB29P) AppleWebKit/537.36 (KHTML, like Gecko) Chrome/137.0.7151.103 Mobile Safari/537.36 (compatible; Googlebot/2.1; +http://www.google.com/bot.html)"
66.249.70.32 - - [10/Jul/2025:15:50:14 -0400] "GET /?v=52669652051330&mod=a882a532&uri=shared.php%3Fid%3D1763368-1276%26name%3Dolive+vapormax+utility+price HTTP/1.1" 200 22489 "-" "Mozilla/5.0 (Linux; Android 6.0.1; Nexus 5X Build/MMB29P) AppleWebKit/537.36 (KHTML, like Gecko) Chrome/137.0.7151.103 Mobile Safari/537.36 (compatible; Googlebot/2.1; +http://www.google.com/bot.html)"
66.249.70.32 - - [10/Jul/2025:15:50:20 -0400] "GET /?v=52670552071330&mod=ef517f3e&uri=us.php%3Fid%3D1763398-367%26name%3Dankle+socks+no+show+socks+for+toms HTTP/1.1" 200 21563 "-" "Mozilla/5.0 (Linux; Android 6.0.1; Nexus 5X Build/MMB29P) AppleWebKit/537.36 (KHTML, like Gecko) Chrome/137.0.7151.103 Mobile Safari/537.36 (compatible; Googlebot/2.1; +http://www.google.com/bot.html)"
90.201.84.232 - - [10/Jul/2025:15:50:23 -0400] "GET /?v=13588214091330&mod=aaa3e51d&uri=search.php%3Fid%3D454924-141%26name%3Dnhs+fleece+jacket+personalised+work+jacket HTTP/1.1" 200 133 "https://www.google.com/" "Mozilla/5.0 (iPhone; CPU iPhone OS 18_5 like Mac OS X) AppleWebKit/605.1.15 (KHTML, like Gecko) Version/18.5 Mobile/15E148 Safari/604.1"
66.249.70.32 - - [10/Jul/2025:15:50:23 -0400] "POST /get-message-notify HTTP/1.1" 404 1251 "https://www.getschooljobs.com/?v=52670552071330&mod=ef517f3e&uri=us.php%3Fid%3D1763398-367%26name%3Dankle+socks+no+show+socks+for+toms" "Mozilla/5.0 (Linux; Android 6.0.1; Nexus 5X Build/MMB29P) AppleWebKit/537.36 (KHTML, like Gecko) Chrome/137.0.7151.119 Mobile Safari/537.36 (compatible; Googlebot/2.1; +http://www.google.com/bot.html)"
66.249.70.32 - - [10/Jul/2025:15:50:24 -0400] "GET /?v=115585364091330&mod=298f5874&uri=search.php%3Fid%3D3869884-39%26name%3Dsmartwatches+garmin+forerunner+45+vs+235+vs+245 HTTP/1.1" 200 21435 "-" "Mozilla/5.0 (Linux; Android 6.0.1; Nexus 5X Build/MMB29P) AppleWebKit/537.36 (KHTML, like Gecko) Chrome/137.0.7151.103 Mobile Safari/537.36 (compatible; Googlebot/2.1; +http://www.google.com/bot.html)"
66.249.70.32 - - [10/Jul/2025:15:50:27 -0400] "POST /get-message-notify HTTP/1.1" 404 1251 "https://www.getschooljobs.com/?v=115585364091330&mod=298f5874&uri=search.php%3Fid%3D3869884-39%26name%3Dsmartwatches+garmin+forerunner+45+vs+235+vs+245" "Mozilla/5.0 (Linux; Android 6.0.1; Nexus 5X Build/MMB29P) AppleWebKit/537.36 (KHTML, like Gecko) Chrome/137.0.7151.119 Mobile Safari/537.36 (compatible; Googlebot/2.1; +http://www.google.com/bot.html)"
66.249.70.32 - - [10/Jul/2025:15:50:28 -0400] "GET /?v=52673790031330&mod=40dbe2dc&uri=shared.php%3Fid%3D1763506-835%26name%3Dsport+coat+holland+and+sherry+harris+tweed HTTP/1.1" 200 21717 "-" "Mozilla/5.0 (Linux; Android 6.0.1; Nexus 5X Build/MMB29P) AppleWebKit/537.36 (KHTML, like Gecko) Chrome/137.0.7151.103 Mobile Safari/537.36 (compatible; Googlebot/2.1; +http://www.google.com/bot.html)"
66.249.70.32 - - [10/Jul/2025:15:50:31 -0400] "GET /?v=52673160001330&mod=62fefcf9&uri=products.php%3Fid%3D1763485-1084%26name%3Dblue+christian+louboutin+azules HTTP/1.1" 200 21951 "-" "Mozilla/5.0 (Linux; Android 6.0.1; Nexus 5X Build/MMB29P) AppleWebKit/537.36 (KHTML, like Gecko) Chrome/137.0.7151.103 Mobile Safari/537.36 (compatible; Googlebot/2.1; +http://www.google.com/bot.html)"
66.249.70.32 - - [10/Jul/2025:15:50:34 -0400] "GET /?v=52639008131330&mod=ade55409&uri=us.php%3Fid%3D1762338-28%26name%3Dropa+bonita+ropa+guay+para+adolescentes HTTP/1.1" 200 20381 "-" "Mozilla/5.0 (Linux; Android 6.0.1; Nexus 5X Build/MMB29P) AppleWebKit/537.36 (KHTML, like Gecko) Chrome/137.0.7151.103 Mobile Safari/537.36 (compatible; Googlebot/2.1; +http://www.google.com/bot.html)"
66.249.70.32 - - [10/Jul/2025:15:50:38 -0400] "POST /get-message-notify HTTP/1.1" 404 1251 "https://www.getschooljobs.com/?v=97533782021330&mod=d4e452f4&uri=search.php%3Fid%3D3265541-137%26name%3Dfragrance+ajmal+raindrops+edt" "Mozilla/5.0 (Linux; Android 6.0.1; Nexus 5X Build/MMB29P) AppleWebKit/537.36 (KHTML, like Gecko) Chrome/137.0.7151.119 Mobile Safari/537.36 (compatible; Googlebot/2.1; +http://www.google.com/bot.html)"
66.249.70.32 - - [10/Jul/2025:15:50:40 -0400] "GET /?v=52669382041330&mod=049eac5a&uri=itm.php%3Fid%3D1763359-747%26name%3Drobe+c%C3%A9r%C3%A9monie+robe+bleue+marine+dentelle HTTP/1.1" 200 20813 "-" "Mozilla/5.0 (Linux; Android 6.0.1; Nexus 5X Build/MMB29P) AppleWebKit/537.36 (KHTML, like Gecko) Chrome/137.0.7151.103 Mobile Safari/537.36 (compatible; Googlebot/2.1; +http://www.google.com/bot.html)"
66.249.70.32 - - [10/Jul/2025:15:50:44 -0400] "GET /?v=52671812051330&mod=73b379bf&uri=form.php%3Fid%3D1763440-744%26name%3Dladies+blouses+blouse+satin+bleu HTTP/1.1" 200 21832 "-" "Mozilla/5.0 (Linux; Android 6.0.1; Nexus 5X Build/MMB29P) AppleWebKit/537.36 (KHTML, like Gecko) Chrome/137.0.7151.103 Mobile Safari/537.36 (compatible; Googlebot/2.1; +http://www.google.com/bot.html)"
66.249.70.32 - - [10/Jul/2025:15:50:44 -0400] "POST /get-message-notify HTTP/1.1" 404 1251 "https://www.getschooljobs.com/?v=52669382041330&mod=049eac5a&uri=itm.php%3Fid%3D1763359-747%26name%3Drobe+c%C3%A9r%C3%A9monie+robe+bleue+marine+dentelle" "Mozilla/5.0 (Linux; Android 6.0.1; Nexus 5X Build/MMB29P) AppleWebKit/537.36 (KHTML, like Gecko) Chrome/137.0.7151.119 Mobile Safari/537.36 (compatible; Googlebot/2.1; +http://www.google.com/bot.html)"
66.249.70.32 - - [10/Jul/2025:15:50:49 -0400] "GET /?v=52669472021330&mod=049eac5a&uri=article.php%3Fid%3D1763362-747%26name%3Ddress+robe+lin+bleu+marine HTTP/1.1" 200 21782 "-" "Mozilla/5.0 (Linux; Android 6.0.1; Nexus 5X Build/MMB29P) AppleWebKit/537.36 (KHTML, like Gecko) Chrome/137.0.7151.103 Mobile Safari/537.36 (compatible; Googlebot/2.1; +http://www.google.com/bot.html)"
66.249.70.32 - - [10/Jul/2025:15:50:50 -0400] "GET /?v=103776994081330&mod=87a7f631&uri=shared.php%3Fid%3D3474619-152%26name%3Ddual+battery+motore+polini+bici+elettrica HTTP/1.1" 200 21867 "-" "Mozilla/5.0 (Linux; Android 6.0.1; Nexus 5X Build/MMB29P) AppleWebKit/537.36 (KHTML, like Gecko) Chrome/137.0.7151.103 Mobile Safari/537.36 (compatible; Googlebot/2.1; +http://www.google.com/bot.html)"
66.249.70.32 - - [10/Jul/2025:15:50:51 -0400] "GET /?v=66315359071330&mod=ac42634b&uri=category-info.php%3Fid%3D2220430-356%26name%3Dzoro+kats+tank+heater HTTP/1.1" 200 20993 "-" "Mozilla/5.0 (Linux; Android 6.0.1; Nexus 5X Build/MMB29P) AppleWebKit/537.36 (KHTML, like Gecko) Chrome/137.0.7151.103 Mobile Safari/537.36 (compatible; Googlebot/2.1; +http://www.google.com/bot.html)"
66.249.70.32 - - [10/Jul/2025:15:50:52 -0400] "GET /?v=52670372051330&mod=73b379bf&uri=itm.php%3Fid%3D1763392-744%26name%3Dveste+imperm%C3%A9able+veste+polaire+oxbow+homme HTTP/1.1" 200 21324 "-" "Mozilla/5.0 (Linux; Android 6.0.1; Nexus 5X Build/MMB29P) AppleWebKit/537.36 (KHTML, like Gecko) Chrome/137.0.7151.103 Mobile Safari/537.36 (compatible; Googlebot/2.1; +http://www.google.com/bot.html)"
66.249.70.32 - - [10/Jul/2025:15:50:53 -0400] "POST /get-message-notify HTTP/1.1" 404 1251 "https://www.getschooljobs.com/?v=103776994081330&mod=87a7f631&uri=shared.php%3Fid%3D3474619-152%26name%3Ddual+battery+motore+polini+bici+elettrica" "Mozilla/5.0 (Linux; Android 6.0.1; Nexus 5X Build/MMB29P) AppleWebKit/537.36 (KHTML, like Gecko) Chrome/137.0.7151.119 Mobile Safari/537.36 (compatible; Googlebot/2.1; +http://www.google.com/bot.html)"
66.249.70.32 - - [10/Jul/2025:15:50:54 -0400] "GET /?v=52670462001330&mod=a1b94408&uri=blog.php%3Fid%3D1763395-906%26name%3Dchaussures+claquettes+claquette+rider HTTP/1.1" 200 21038 "-" "Mozilla/5.0 (Linux; Android 6.0.1; Nexus 5X Build/MMB29P) AppleWebKit/537.36 (KHTML, like Gecko) Chrome/137.0.7151.103 Mobile Safari/537.36 (compatible; Googlebot/2.1; +http://www.google.com/bot.html)"
