66.249.70.32 - - [10/Jul/2025:08:16:49 -0400] "GET /?v=26962184011330&mod=1ecb6468&uri=goods.php%3Fid%3D902860-209%26name%3Dhandbag+borsa+tracolla+polo+ralph+lauren HTTP/1.1" 200 21006 "-" "Mozilla/5.0 (Linux; Android 6.0.1; Nexus 5X Build/MMB29P) AppleWebKit/537.36 (KHTML, like Gecko) Chrome/137.0.7151.103 Mobile Safari/537.36 (compatible; Googlebot/2.1; +http://www.google.com/bot.html)"
66.249.70.32 - - [10/Jul/2025:08:16:50 -0400] "GET /?v=24415162021330&mod=298f5874&uri=us.php%3Fid%3D817591-39%26name%3Dwatch+appraisal+rolex+valuation+for+insurance HTTP/1.1" 200 21345 "-" "Mozilla/5.0 (compatible; Googlebot/2.1; +http://www.google.com/bot.html)"
66.249.70.32 - - [10/Jul/2025:08:16:51 -0400] "GET /?v=84328803031330&mod=4b8d5e5e&uri=shop.php%3Fid%3D2823452-223%26name%3Dplaystation+hits+dragon+ball+xenoverse+ps4+digital HTTP/1.1" 200 21869 "-" "Mozilla/5.0 (compatible; Googlebot/2.1; +http://www.google.com/bot.html)"
66.249.70.32 - - [10/Jul/2025:08:16:59 -0400] "GET /?v=24415162021330&mod=298f5874&uri=us.php%3Fid%3D817591-39%26name%3Dwatch+appraisal+rolex+valuation+for+insurance HTTP/1.1" 200 21341 "-" "Mozilla/5.0 (compatible; Googlebot/2.1; +http://www.google.com/bot.html)"
66.249.70.32 - - [10/Jul/2025:08:17:11 -0400] "GET /?v=67067128011330&mod=66480bd2&uri=shared.php%3Fid%3D2245594-890%26name%3Dpet+clothing+dog+christmas+jumper+matalan HTTP/1.1" 200 20939 "-" "Mozilla/5.0 (Linux; Android 6.0.1; Nexus 5X Build/MMB29P) AppleWebKit/537.36 (KHTML, like Gecko) Chrome/137.0.7151.103 Mobile Safari/537.36 (compatible; Googlebot/2.1; +http://www.google.com/bot.html)"
66.249.70.33 - - [10/Jul/2025:08:17:30 -0400] "POST /get-message-notify HTTP/1.1" 404 1251 "https://www.getschooljobs.com/?v=67067128011330&mod=66480bd2&uri=shared.php%3Fid%3D2245594-890%26name%3Dpet+clothing+dog+christmas+jumper+matalan" "Mozilla/5.0 (Linux; Android 6.0.1; Nexus 5X Build/MMB29P) AppleWebKit/537.36 (KHTML, like Gecko) Chrome/137.0.7151.119 Mobile Safari/537.36 (compatible; Googlebot/2.1; +http://www.google.com/bot.html)"
66.249.70.32 - - [10/Jul/2025:08:17:33 -0400] "GET /?v=72582918011330&mod=1a9735bb&uri=shared.php%3Fid%3D2430248-915%26name%3Ddri+fit+buzo+medio+cierre+nike HTTP/1.1" 200 20807 "-" "Mozilla/5.0 (Linux; Android 6.0.1; Nexus 5X Build/MMB29P) AppleWebKit/537.36 (KHTML, like Gecko) Chrome/137.0.7151.103 Mobile Safari/537.36 (compatible; Googlebot/2.1; +http://www.google.com/bot.html)"
66.249.70.33 - - [10/Jul/2025:08:18:04 -0400] "GET /?v=89482611061330&mod=73b379bf&uri=product.php%3Fid%3D2995944-744%26name%3Dmontagne+doudoune+randonnee+compressible+homme HTTP/1.1" 200 20946 "-" "Mozilla/5.0 (compatible; Googlebot/2.1; +http://www.google.com/bot.html)"
66.249.70.32 - - [10/Jul/2025:08:18:15 -0400] "GET /?v=65951676041330&mod=531a377c&uri=products.php%3Fid%3D2208269-599%26name%3Dcapture+flint+d4p HTTP/1.1" 200 21722 "-" "Mozilla/5.0 (Linux; Android 6.0.1; Nexus 5X Build/MMB29P) AppleWebKit/537.36 (KHTML, like Gecko) Chrome/137.0.7151.103 Mobile Safari/537.36 (compatible; Googlebot/2.1; +http://www.google.com/bot.html)"
66.249.70.32 - - [10/Jul/2025:08:18:24 -0400] "GET /favicon.ico HTTP/1.1" 404 1251 "https://www.getschooljobs.com/?v=30264357031330&mod=51323239&uri=product.php%3Fid%3D1013441-348%26name%3Dbionicle+bohrok+bionicle+8563" "Mozilla/5.0 (compatible; Googlebot/2.1; +http://www.google.com/bot.html)"
66.249.70.32 - - [10/Jul/2025:08:18:49 -0400] "POST /get-message-notify HTTP/1.1" 404 1251 "https://www.getschooljobs.com/?v=65951676041330&mod=531a377c&uri=products.php%3Fid%3D2208269-599%26name%3Dcapture+flint+d4p" "Mozilla/5.0 (Linux; Android 6.0.1; Nexus 5X Build/MMB29P) AppleWebKit/537.36 (KHTML, like Gecko) Chrome/137.0.7151.119 Mobile Safari/537.36 (compatible; Googlebot/2.1; +http://www.google.com/bot.html)"
66.249.70.33 - - [10/Jul/2025:08:19:41 -0400] "GET /?v=118523849021330&mod=f8f7aa63&uri=category-info.php%3Fid%3D3968307-460%26name%3Dtempered+glass+mi+note+back+camera+glass HTTP/1.1" 200 21845 "-" "Mozilla/5.0 (Linux; Android 6.0.1; Nexus 5X Build/MMB29P) AppleWebKit/537.36 (KHTML, like Gecko) Chrome/137.0.7151.103 Mobile Safari/537.36 (compatible; Googlebot/2.1; +http://www.google.com/bot.html)"
84.9.216.82 - - [10/Jul/2025:08:19:43 -0400] "GET /?v=82533685031330&mod=559aa4b9&uri=products.php%3Fid%3D2763371-472%26name%3Dfood+waste+replacement+recycling+bags HTTP/1.1" 200 133 "https://www.google.com/" "Mozilla/5.0 (iPhone; CPU iPhone OS 18_5 like Mac OS X) AppleWebKit/605.1.15 (KHTML, like Gecko) Version/18.5 Mobile/15E148 Safari/604.1"
66.249.70.33 - - [10/Jul/2025:08:19:55 -0400] "GET /?v=77176050061330&mod=8b4c814c&uri=info.php%3Fid%3D2584037-754%26name%3Dabito+denny+denny+rose+vestiti+lunghi HTTP/1.1" 200 21808 "-" "Mozilla/5.0 (Linux; Android 6.0.1; Nexus 5X Build/MMB29P) AppleWebKit/537.36 (KHTML, like Gecko) Chrome/137.0.7151.103 Mobile Safari/537.36 (compatible; Googlebot/2.1; +http://www.google.com/bot.html)"
66.249.70.33 - - [10/Jul/2025:08:19:59 -0400] "POST /get-message-notify HTTP/1.1" 404 1251 "https://www.getschooljobs.com/?v=77176050061330&mod=8b4c814c&uri=info.php%3Fid%3D2584037-754%26name%3Dabito+denny+denny+rose+vestiti+lunghi" "Mozilla/5.0 (Linux; Android 6.0.1; Nexus 5X Build/MMB29P) AppleWebKit/537.36 (KHTML, like Gecko) Chrome/137.0.7151.119 Mobile Safari/537.36 (compatible; Googlebot/2.1; +http://www.google.com/bot.html)"
66.249.70.32 - - [10/Jul/2025:08:20:02 -0400] "GET /?v=77178690121330&mod=8b4c814c&uri=form.php%3Fid%3D2584125-754%26name%3Druggine+vestito+lungo+asos HTTP/1.1" 200 21449 "-" "Mozilla/5.0 (Linux; Android 6.0.1; Nexus 5X Build/MMB29P) AppleWebKit/537.36 (KHTML, like Gecko) Chrome/137.0.7151.103 Mobile Safari/537.36 (compatible; Googlebot/2.1; +http://www.google.com/bot.html)"
1.152.28.186 - - [10/Jul/2025:08:20:08 -0400] "GET /?v=82545579061330&mod=92755a67&uri=article.php%3Fid%3D2763774-456%26name%3Dpeluches+mu%C3%83%C2%B1ecos+freddy HTTP/1.1" 200 133 "https://www.google.com/" "Mozilla/5.0 (iPhone; CPU iPhone OS 18_5_0 like Mac OS X) AppleWebKit/605.1.15 (KHTML, like Gecko) CriOS/138.0.7204.119 Mobile/15E148 Safari/604.1"
1.152.28.186 - - [10/Jul/2025:08:20:09 -0400] "GET /favicon.ico HTTP/1.1" 404 1251 "-" "Mozilla/5.0 (iPhone; CPU iPhone OS 18_5_0 like Mac OS X) AppleWebKit/605.1.15 (KHTML, like Gecko) CriOS/138.0.7204.119 Mobile/15E148 Safari/604.1"
66.249.70.32 - - [10/Jul/2025:08:20:16 -0400] "GET /?v=6615380041330&mod=e0f7a4d0&uri=info.php%3Fid%3D221447-22%26name%3Dfaber+castell+charcoal+sketch+set HTTP/1.1" 200 21735 "-" "Mozilla/5.0 (Linux; Android 6.0.1; Nexus 5X Build/MMB29P) AppleWebKit/537.36 (KHTML, like Gecko) Chrome/137.0.7151.103 Mobile Safari/537.36 (compatible; Googlebot/2.1; +http://www.google.com/bot.html)"
66.249.70.32 - - [10/Jul/2025:08:20:30 -0400] "GET /?v=65647249041330&mod=566cf8f5&uri=info.php%3Fid%3D2198037-539%26name%3Dglobal+shutter+high+speed+camera+1000+fps+price HTTP/1.1" 200 22398 "-" "Mozilla/5.0 (Linux; Android 6.0.1; Nexus 5X Build/MMB29P) AppleWebKit/537.36 (KHTML, like Gecko) Chrome/137.0.7151.103 Mobile Safari/537.36 (compatible; Googlebot/2.1; +http://www.google.com/bot.html)"
52.230.163.40 - - [10/Jul/2025:08:20:38 -0400] "GET /?mod=cf95cbe5&uri=brands.php?id%3D1484269-1680%26name%3Dlunar+pro+lte+smartwatch+gear+watch+esim&v=44330733011330 HTTP/1.1" 200 4655 "-" "Mozilla/5.0 AppleWebKit/537.36 (KHTML, like Gecko); compatible; ChatGPT-User/1.0; +https://openai.com/bot"
66.249.70.32 - - [10/Jul/2025:08:20:48 -0400] "GET /?v=118582788011330&mod=25766f01&uri=form.php%3Fid%3D3970282-29%26name%3Dhardtail+marin+29er+mountain+bike HTTP/1.1" 200 22071 "-" "Mozilla/5.0 (Linux; Android 6.0.1; Nexus 5X Build/MMB29P) AppleWebKit/537.36 (KHTML, like Gecko) Chrome/137.0.7151.103 Mobile Safari/537.36 (compatible; Googlebot/2.1; +http://www.google.com/bot.html)"
66.249.70.32 - - [10/Jul/2025:08:21:01 -0400] "GET /?v=63551180041330&mod=37e01843&uri=shared.php%3Fid%3D2127832-121%26name%3Dfisheye+lens+sony+handycam+vx1000 HTTP/1.1" 200 22348 "-" "Mozilla/5.0 (Linux; Android 6.0.1; Nexus 5X Build/MMB29P) AppleWebKit/537.36 (KHTML, like Gecko) Chrome/137.0.7151.103 Mobile Safari/537.36 (compatible; Googlebot/2.1; +http://www.google.com/bot.html)"
20.97.189.110 - - [10/Jul/2025:08:21:07 -0400] "GET /?mod=4b8d5e5e&uri=category-info.php?id%3D247485-223%26name%3Dpsp+3000+box+contents&v=7392898001330 HTTP/1.1" 200 4655 "-" "Mozilla/5.0 AppleWebKit/537.36 (KHTML, like Gecko); compatible; ChatGPT-User/1.0; +https://openai.com/bot"
66.249.70.32 - - [10/Jul/2025:08:21:19 -0400] "GET /?v=77173904021330&mod=b0886cdc&uri=form.php%3Fid%3D2583965-1024%26name%3Dbota+militar+bota+do+exercito HTTP/1.1" 200 22182 "-" "Mozilla/5.0 (Linux; Android 6.0.1; Nexus 5X Build/MMB29P) AppleWebKit/537.36 (KHTML, like Gecko) Chrome/137.0.7151.103 Mobile Safari/537.36 (compatible; Googlebot/2.1; +http://www.google.com/bot.html)"
74.7.36.80 - - [10/Jul/2025:08:21:27 -0400] "GET /?mod=17356c1b&uri=brands.php?id%3D3084461-926%26name%3Dside+sleepers+best+hybrid+cooling+mattress&v=92126747021330 HTTP/1.1" 200 4655 "-" "Mozilla/5.0 AppleWebKit/537.36 (KHTML, like Gecko); compatible; ChatGPT-User/1.0; +https://openai.com/bot"
66.249.70.32 - - [10/Jul/2025:08:21:32 -0400] "GET /?v=33292648021330&mod=92755a67&uri=pin.php%3Fid%3D1114818-456%26name%3Dlive+action+dragon+alfa+juguete HTTP/1.1" 200 22753 "-" "Mozilla/5.0 (Linux; Android 6.0.1; Nexus 5X Build/MMB29P) AppleWebKit/537.36 (KHTML, like Gecko) Chrome/137.0.7151.103 Mobile Safari/537.36 (compatible; Googlebot/2.1; +http://www.google.com/bot.html)"
66.249.70.32 - - [10/Jul/2025:08:21:32 -0400] "GET /?v=109868547021330&mod=8ad042a4&uri=search.php%3Fid%3D3678505-886%26name%3Delectric+gooseneck+kettle+krups+premium+stainless+steel+kettle HTTP/1.1" 200 21260 "-" "Mozilla/5.0 (Linux; Android 6.0.1; Nexus 5X Build/MMB29P) AppleWebKit/537.36 (KHTML, like Gecko) Chrome/137.0.7151.103 Mobile Safari/537.36 (compatible; Googlebot/2.1; +http://www.google.com/bot.html)"
66.249.70.32 - - [10/Jul/2025:08:21:38 -0400] "POST /get-message-notify HTTP/1.1" 404 1251 "https://www.getschooljobs.com/?v=33292648021330&mod=92755a67&uri=pin.php%3Fid%3D1114818-456%26name%3Dlive+action+dragon+alfa+juguete" "Mozilla/5.0 (Linux; Android 6.0.1; Nexus 5X Build/MMB29P) AppleWebKit/537.36 (KHTML, like Gecko) Chrome/137.0.7151.119 Mobile Safari/537.36 (compatible; Googlebot/2.1; +http://www.google.com/bot.html)"
66.249.70.32 - - [10/Jul/2025:08:21:39 -0400] "GET /?v=33227887021330&mod=11e416e7&uri=article.php%3Fid%3D1112653-1306%26name%3Dnasa+2025+nasa+air+max+720 HTTP/1.1" 200 20610 "-" "Mozilla/5.0 (Linux; Android 6.0.1; Nexus 5X Build/MMB29P) AppleWebKit/537.36 (KHTML, like Gecko) Chrome/137.0.7151.103 Mobile Safari/537.36 (compatible; Googlebot/2.1; +http://www.google.com/bot.html)"
20.25.151.234 - - [10/Jul/2025:08:21:41 -0400] "GET /?mod=cf95cbe5&uri=brands.php%3Fid%3D1484269-1680%26name%3Dlunar+pro+lte+smartwatch+gear+watch+esim&v=44330733011330 HTTP/1.1" 200 4655 "-" "Mozilla/5.0 (Macintosh; Intel Mac OS X 10_15_7) AppleWebKit/537.36 (KHTML, like Gecko) Chrome/131.0.0.0 Safari/537.36; compatible; OAI-SearchBot/1.0; +https://openai.com/searchbot"
66.249.70.32 - - [10/Jul/2025:08:21:42 -0400] "POST /get-message-notify HTTP/1.1" 404 1251 "https://www.getschooljobs.com/?v=33227887021330&mod=11e416e7&uri=article.php%3Fid%3D1112653-1306%26name%3Dnasa+2025+nasa+air+max+720" "Mozilla/5.0 (Linux; Android 6.0.1; Nexus 5X Build/MMB29P) AppleWebKit/537.36 (KHTML, like Gecko) Chrome/137.0.7151.119 Mobile Safari/537.36 (compatible; Googlebot/2.1; +http://www.google.com/bot.html)"
66.249.70.32 - - [10/Jul/2025:08:21:42 -0400] "GET /?v=66364205021330&mod=566cf8f5&uri=shared.php%3Fid%3D2222065-539%26name%3Ddigital+camera+camera+london+drugs HTTP/1.1" 200 21251 "-" "Mozilla/5.0 (Linux; Android 6.0.1; Nexus 5X Build/MMB29P) AppleWebKit/537.36 (KHTML, like Gecko) Chrome/137.0.7151.103 Mobile Safari/537.36 (compatible; Googlebot/2.1; +http://www.google.com/bot.html)"
66.249.70.32 - - [10/Jul/2025:08:21:46 -0400] "POST /get-message-notify HTTP/1.1" 404 1251 "https://www.getschooljobs.com/?v=66364205021330&mod=566cf8f5&uri=shared.php%3Fid%3D2222065-539%26name%3Ddigital+camera+camera+london+drugs" "Mozilla/5.0 (Linux; Android 6.0.1; Nexus 5X Build/MMB29P) AppleWebKit/537.36 (KHTML, like Gecko) Chrome/137.0.7151.119 Mobile Safari/537.36 (compatible; Googlebot/2.1; +http://www.google.com/bot.html)"
66.249.70.32 - - [10/Jul/2025:08:21:52 -0400] "GET /?v=13656123031330&mod=907353ea&uri=products.php%3Fid%3D457202-374%26name%3Dpolice+car+argos+electric+police+bike HTTP/1.1" 200 21649 "-" "Mozilla/5.0 (compatible; Googlebot/2.1; +http://www.google.com/bot.html)"
66.249.70.32 - - [10/Jul/2025:08:21:55 -0400] "GET /?v=33291808041330&mod=92755a67&uri=blog.php%3Fid%3D1114790-456%26name%3Dbandai+figuras+littlest+pet+shop HTTP/1.1" 200 21927 "-" "Mozilla/5.0 (Linux; Android 6.0.1; Nexus 5X Build/MMB29P) AppleWebKit/537.36 (KHTML, like Gecko) Chrome/137.0.7151.103 Mobile Safari/537.36 (compatible; Googlebot/2.1; +http://www.google.com/bot.html)"
66.249.70.32 - - [10/Jul/2025:08:21:59 -0400] "POST /get-message-notify HTTP/1.1" 404 1251 "https://www.getschooljobs.com/?v=33291808041330&mod=92755a67&uri=blog.php%3Fid%3D1114790-456%26name%3Dbandai+figuras+littlest+pet+shop" "Mozilla/5.0 (Linux; Android 6.0.1; Nexus 5X Build/MMB29P) AppleWebKit/537.36 (KHTML, like Gecko) Chrome/137.0.7151.119 Mobile Safari/537.36 (compatible; Googlebot/2.1; +http://www.google.com/bot.html)"
66.249.70.34 - - [10/Jul/2025:08:22:09 -0400] "GET /?v=69765863021330&mod=d4254a0e&uri=article.php%3Fid%3D2335922-93%26name%3Dloafers+valentino+suede+shoes HTTP/1.1" 200 22146 "-" "Mozilla/5.0 (Linux; Android 6.0.1; Nexus 5X Build/MMB29P) AppleWebKit/537.36 (KHTML, like Gecko) Chrome/137.0.7151.103 Mobile Safari/537.36 (compatible; Googlebot/2.1; +http://www.google.com/bot.html)"
66.249.70.33 - - [10/Jul/2025:08:22:10 -0400] "GET /?v=89482611061330&mod=73b379bf&uri=product.php%3Fid%3D2995944-744%26name%3Dmontagne+doudoune+randonnee+compressible+homme HTTP/1.1" 200 20965 "-" "Mozilla/5.0 (compatible; Googlebot/2.1; +http://www.google.com/bot.html)"
66.249.70.33 - - [10/Jul/2025:08:22:16 -0400] "GET /?v=33297389031330&mod=92755a67&uri=blog.php%3Fid%3D1114978-456%26name%3Djard%C3%ADn+casita+infantil+palets HTTP/1.1" 200 21666 "-" "Mozilla/5.0 (Linux; Android 6.0.1; Nexus 5X Build/MMB29P) AppleWebKit/537.36 (KHTML, like Gecko) Chrome/137.0.7151.103 Mobile Safari/537.36 (compatible; Googlebot/2.1; +http://www.google.com/bot.html)"
66.249.70.33 - - [10/Jul/2025:08:22:17 -0400] "GET /favicon.ico HTTP/1.1" 404 1251 "https://www.getschooljobs.com/?v=13656123031330&mod=907353ea&uri=products.php%3Fid%3D457202-374%26name%3Dpolice+car+argos+electric+police+bike" "Mozilla/5.0 (compatible; Googlebot/2.1; +http://www.google.com/bot.html)"
66.249.70.32 - - [10/Jul/2025:08:22:20 -0400] "GET /?v=89482611061330&mod=73b379bf&uri=product.php%3Fid%3D2995944-744%26name%3Dmontagne+doudoune+randonnee+compressible+homme HTTP/1.1" 200 20972 "-" "Mozilla/5.0 (compatible; Googlebot/2.1; +http://www.google.com/bot.html)"
66.249.70.32 - - [10/Jul/2025:08:22:29 -0400] "GET /?v=107796381041330&mod=3a1fb708&uri=brands.php%3Fid%3D3609164-820%26name%3Dchanel+classic+flap+belt+bag HTTP/1.1" 200 22385 "-" "Mozilla/5.0 (Linux; Android 6.0.1; Nexus 5X Build/MMB29P) AppleWebKit/537.36 (KHTML, like Gecko) Chrome/137.0.7151.103 Mobile Safari/537.36 (compatible; Googlebot/2.1; +http://www.google.com/bot.html)"
66.249.70.32 - - [10/Jul/2025:08:22:34 -0400] "GET /?v=103693377131330&mod=f508d4e4&uri=category-info.php%3Fid%3D3471811-722%26name%3Dnursing+skechers+white+sneakers HTTP/1.1" 200 21188 "-" "Mozilla/5.0 (Linux; Android 6.0.1; Nexus 5X Build/MMB29P) AppleWebKit/537.36 (KHTML, like Gecko) Chrome/137.0.7151.103 Mobile Safari/537.36 (compatible; Googlebot/2.1; +http://www.google.com/bot.html)"
66.249.70.32 - - [10/Jul/2025:08:22:35 -0400] "GET /?v=43768072001330&mod=16c63498&uri=product.php%3Fid%3D1465423-817%26name%3Dbicicleta+est%C3%A1tica+bicicleta+est%C3%83%C2%A1tica+e+10+ultimate+fitness HTTP/1.1" 200 22129 "-" "Mozilla/5.0 (Linux; Android 6.0.1; Nexus 5X Build/MMB29P) AppleWebKit/537.36 (KHTML, like Gecko) Chrome/137.0.7151.103 Mobile Safari/537.36 (compatible; Googlebot/2.1; +http://www.google.com/bot.html)"
20.14.99.110 - - [10/Jul/2025:08:22:46 -0400] "GET /?mod=4b8d5e5e&uri=category-info.php%3Fid%3D247485-223%26name%3Dpsp+3000+box+contents&v=7392898001330 HTTP/1.1" 200 4655 "-" "Mozilla/5.0 (Macintosh; Intel Mac OS X 10_15_7) AppleWebKit/537.36 (KHTML, like Gecko) Chrome/131.0.0.0 Safari/537.36; compatible; OAI-SearchBot/1.0; +https://openai.com/searchbot"
66.249.70.32 - - [10/Jul/2025:08:22:54 -0400] "GET /?v=62992443041330&mod=d5644957&uri=dp.php%3Fid%3D2109121-1248%26name%3Dwhite+nehru+jacket+with+pant+shirt HTTP/1.1" 200 20788 "-" "Mozilla/5.0 (Linux; Android 6.0.1; Nexus 5X Build/MMB29P) AppleWebKit/537.36 (KHTML, like Gecko) Chrome/137.0.7151.103 Mobile Safari/537.36 (compatible; Googlebot/2.1; +http://www.google.com/bot.html)"
66.249.70.34 - - [10/Jul/2025:08:23:01 -0400] "GET /?v=47209308001330&mod=71a4cab7&uri=info.php%3Fid%3D1580601-1361%26name%3Drolex+datejust+rolex+oyster+perpetual+green+36 HTTP/1.1" 200 21162 "-" "Mozilla/5.0 (Linux; Android 6.0.1; Nexus 5X Build/MMB29P) AppleWebKit/537.36 (KHTML, like Gecko) Chrome/137.0.7151.103 Mobile Safari/537.36 (compatible; Googlebot/2.1; +http://www.google.com/bot.html)"
66.249.70.33 - - [10/Jul/2025:08:23:08 -0400] "POST /get-message-notify HTTP/1.1" 404 1251 "https://www.getschooljobs.com/?v=47209308001330&mod=71a4cab7&uri=info.php%3Fid%3D1580601-1361%26name%3Drolex+datejust+rolex+oyster+perpetual+green+36" "Mozilla/5.0 (Linux; Android 6.0.1; Nexus 5X Build/MMB29P) AppleWebKit/537.36 (KHTML, like Gecko) Chrome/137.0.7151.119 Mobile Safari/537.36 (compatible; Googlebot/2.1; +http://www.google.com/bot.html)"
66.249.70.32 - - [10/Jul/2025:08:23:13 -0400] "GET /?v=63944683051330&mod=39834a24&uri=category-info.php%3Fid%3D2141008-1791%26name%3Dnina+shoes+electric+blue+heeled+sandals HTTP/1.1" 200 20406 "-" "Mozilla/5.0 (Linux; Android 6.0.1; Nexus 5X Build/MMB29P) AppleWebKit/537.36 (KHTML, like Gecko) Chrome/137.0.7151.103 Mobile Safari/537.36 (compatible; Googlebot/2.1; +http://www.google.com/bot.html)"
66.249.70.32 - - [10/Jul/2025:08:23:33 -0400] "GET /?v=119411210051330&mod=d3752ddf&uri=goods.php%3Fid%3D3998046-788%26name%3Dmini+dress+crossover+neck+dress HTTP/1.1" 200 20558 "-" "Mozilla/5.0 (Linux; Android 6.0.1; Nexus 5X Build/MMB29P) AppleWebKit/537.36 (KHTML, like Gecko) Chrome/137.0.7151.103 Mobile Safari/537.36 (compatible; Googlebot/2.1; +http://www.google.com/bot.html)"
20.97.189.110 - - [10/Jul/2025:08:23:38 -0400] "GET /?mod=86a45a44&uri=category-info.php?id%3D451158-433%26name%3Dbrushless+dc+motor+3000w+72v&v=13475623041330 HTTP/1.1" 200 4655 "-" "Mozilla/5.0 AppleWebKit/537.36 (KHTML, like Gecko); compatible; ChatGPT-User/1.0; +https://openai.com/bot"
66.249.70.32 - - [10/Jul/2025:08:23:42 -0400] "GET /?v=6790866061330&mod=25766f01&uri=form.php%3Fid%3D227319-29%26name%3Dvans+29+tyres HTTP/1.1" 200 21646 "-" "Mozilla/5.0 (Linux; Android 6.0.1; Nexus 5X Build/MMB29P) AppleWebKit/537.36 (KHTML, like Gecko) Chrome/137.0.7151.103 Mobile Safari/537.36 (compatible; Googlebot/2.1; +http://www.google.com/bot.html)"
66.249.70.32 - - [10/Jul/2025:08:23:42 -0400] "GET /?v=50426977041330&mod=26d16017&uri=dp.php%3Fid%3D1688303-284%26name%3Dchaussures+blanches+des+baskets+noires HTTP/1.1" 200 20687 "-" "Mozilla/5.0 (Linux; Android 6.0.1; Nexus 5X Build/MMB29P) AppleWebKit/537.36 (KHTML, like Gecko) Chrome/137.0.7151.103 Mobile Safari/537.36 (compatible; Googlebot/2.1; +http://www.google.com/bot.html)"
66.249.70.32 - - [10/Jul/2025:08:23:53 -0400] "GET /?v=43771203011330&mod=16c63498&uri=search.php%3Fid%3D1465531-817%26name%3Dbicicleta+cl%C3%A1sica+bicicleta+holandesa+ligera HTTP/1.1" 200 22070 "-" "Mozilla/5.0 (Linux; Android 6.0.1; Nexus 5X Build/MMB29P) AppleWebKit/537.36 (KHTML, like Gecko) Chrome/137.0.7151.103 Mobile Safari/537.36 (compatible; Googlebot/2.1; +http://www.google.com/bot.html)"
66.249.70.34 - - [10/Jul/2025:08:24:07 -0400] "GET /?v=116728656011330&mod=40cccad2&uri=news.php%3Fid%3D3908161-43%26name%3Dwooden+storage+chest+handmade+wooden+toy+boxes+for+sale HTTP/1.1" 200 21932 "-" "Mozilla/5.0 (Linux; Android 6.0.1; Nexus 5X Build/MMB29P) AppleWebKit/537.36 (KHTML, like Gecko) Chrome/137.0.7151.103 Mobile Safari/537.36 (compatible; Googlebot/2.1; +http://www.google.com/bot.html)"
66.249.70.32 - - [10/Jul/2025:08:24:33 -0400] "GET /?v=119121626001330&mod=e70f03cb&uri=article.php%3Fid%3D3988358-732%26name%3Drhinestone+silver+lace+up+stilettos HTTP/1.1" 200 21323 "-" "Mozilla/5.0 (Linux; Android 6.0.1; Nexus 5X Build/MMB29P) AppleWebKit/537.36 (KHTML, like Gecko) Chrome/137.0.7151.103 Mobile Safari/537.36 (compatible; Googlebot/2.1; +http://www.google.com/bot.html)"
66.249.70.32 - - [10/Jul/2025:08:24:41 -0400] "GET /?v=112401926041330&mod=57895ee8&uri=goods.php%3Fid%3D3763311-1903%26name%3Dstan+smith+pink HTTP/1.1" 200 20803 "-" "Mozilla/5.0 (Linux; Android 6.0.1; Nexus 5X Build/MMB29P) AppleWebKit/537.36 (KHTML, like Gecko) Chrome/137.0.7151.103 Mobile Safari/537.36 (compatible; Googlebot/2.1; +http://www.google.com/bot.html)"
66.249.70.32 - - [10/Jul/2025:08:24:46 -0400] "POST /get-message-notify HTTP/1.1" 404 1251 "https://www.getschooljobs.com/?v=112401926041330&mod=57895ee8&uri=goods.php%3Fid%3D3763311-1903%26name%3Dstan+smith+pink" "Mozilla/5.0 (Linux; Android 6.0.1; Nexus 5X Build/MMB29P) AppleWebKit/537.36 (KHTML, like Gecko) Chrome/137.0.7151.119 Mobile Safari/537.36 (compatible; Googlebot/2.1; +http://www.google.com/bot.html)"
66.249.70.34 - - [10/Jul/2025:08:25:02 -0400] "GET /?v=34551456041330&mod=82bc092d&uri=dp.php%3Fid%3D1156985-879%26name%3Djeans+industry+tee+shirt+gaze+de+coton HTTP/1.1" 200 21212 "-" "Mozilla/5.0 (Linux; Android 6.0.1; Nexus 5X Build/MMB29P) AppleWebKit/537.36 (KHTML, like Gecko) Chrome/137.0.7151.103 Mobile Safari/537.36 (compatible; Googlebot/2.1; +http://www.google.com/bot.html)"
66.249.70.33 - - [10/Jul/2025:08:25:09 -0400] "GET /?v=90940564061330&mod=ef2ee09e&uri=category-info.php%3Fid%3D3044778-69%26name%3Dpat+patrouille+voiture+porteur+cars HTTP/1.1" 200 20734 "-" "Mozilla/5.0 (Linux; Android 6.0.1; Nexus 5X Build/MMB29P) AppleWebKit/537.36 (KHTML, like Gecko) Chrome/137.0.7151.103 Mobile Safari/537.36 (compatible; Googlebot/2.1; +http://www.google.com/bot.html)"
66.249.70.32 - - [10/Jul/2025:08:25:28 -0400] "GET /?v=56265928011330&mod=72cf9f34&uri=news.php%3Fid%3D1883886-189%26name%3Dhd+wallpaper+devdas+picture+full+hd HTTP/1.1" 200 21574 "-" "Mozilla/5.0 (Linux; Android 6.0.1; Nexus 5X Build/MMB29P) AppleWebKit/537.36 (KHTML, like Gecko) Chrome/137.0.7151.103 Mobile Safari/537.36 (compatible; Googlebot/2.1; +http://www.google.com/bot.html)"
66.249.70.32 - - [10/Jul/2025:08:25:36 -0400] "GET /?v=23026625011330&mod=012d5d97&uri=search.php%3Fid%3D771047-1440%26name%3Dtacos+zapatos+para+fiesta+de+egresados HTTP/1.1" 200 20916 "-" "Mozilla/5.0 (Linux; Android 6.0.1; Nexus 5X Build/MMB29P) AppleWebKit/537.36 (KHTML, like Gecko) Chrome/137.0.7151.103 Mobile Safari/537.36 (compatible; Googlebot/2.1; +http://www.google.com/bot.html)"
66.249.70.33 - - [10/Jul/2025:08:26:31 -0400] "GET /?v=63547670021330&mod=37e01843&uri=shared.php%3Fid%3D2127715-121%26name%3Dpanasonic+nx100+camera+video HTTP/1.1" 200 21299 "-" "Mozilla/5.0 (Linux; Android 6.0.1; Nexus 5X Build/MMB29P) AppleWebKit/537.36 (KHTML, like Gecko) Chrome/137.0.7151.103 Mobile Safari/537.36 (compatible; Googlebot/2.1; +http://www.google.com/bot.html)"
66.249.70.33 - - [10/Jul/2025:08:26:32 -0400] "GET /?v=51318326031330&mod=db5f7dfd&uri=blog.php%3Fid%3D1718138-1183%26name%3Dmother+inlaw+what+to+buy+my+mother+in+law HTTP/1.1" 200 22360 "-" "Mozilla/5.0 (Linux; Android 6.0.1; Nexus 5X Build/MMB29P) AppleWebKit/537.36 (KHTML, like Gecko) Chrome/137.0.7151.103 Mobile Safari/537.36 (compatible; Googlebot/2.1; +http://www.google.com/bot.html)"
74.7.35.115 - - [10/Jul/2025:08:26:39 -0400] "GET /?mod=a5d42e40&uri=search.php?id%3D1502149-59%26name%3Dsri+lanka+pro+earphones&v=44864688011330 HTTP/1.1" 200 4655 "-" "Mozilla/5.0 AppleWebKit/537.36 (KHTML, like Gecko); compatible; ChatGPT-User/1.0; +https://openai.com/bot"
66.249.70.32 - - [10/Jul/2025:08:26:40 -0400] "GET /?v=21841449021330&mod=370788cc&uri=blog.php%3Fid%3D731357-231%26name%3Dlaw+cole+haan+c24673 HTTP/1.1" 200 21740 "-" "Mozilla/5.0 (Linux; Android 6.0.1; Nexus 5X Build/MMB29P) AppleWebKit/537.36 (KHTML, like Gecko) Chrome/137.0.7151.103 Mobile Safari/537.36 (compatible; Googlebot/2.1; +http://www.google.com/bot.html)"
66.249.70.32 - - [10/Jul/2025:08:26:45 -0400] "POST /get-message-notify HTTP/1.1" 404 1251 "https://www.getschooljobs.com/?v=21841449021330&mod=370788cc&uri=blog.php%3Fid%3D731357-231%26name%3Dlaw+cole+haan+c24673" "Mozilla/5.0 (Linux; Android 6.0.1; Nexus 5X Build/MMB29P) AppleWebKit/537.36 (KHTML, like Gecko) Chrome/137.0.7151.119 Mobile Safari/537.36 (compatible; Googlebot/2.1; +http://www.google.com/bot.html)"
74.7.35.120 - - [10/Jul/2025:08:26:44 -0400] "GET / HTTP/1.1" 200 4655 "-" "Mozilla/5.0 AppleWebKit/537.36 (KHTML, like Gecko); compatible; ChatGPT-User/1.0; +https://openai.com/bot"
154.22.50.204 - - [10/Jul/2025:08:26:58 -0400] "GET /?v=43801654031330&mod=869346de&uri=category-info.php%3Fid%3D1466552-1119%26name%3Dnew+yorkie+t+shirt HTTP/1.0" 200 19037 "https://www.getschooljobs.com/?v=43801654031330&mod=869346de&uri=category-info.php%3Fid%3D1466552-1119%26name%3Dnew+yorkie+t+shirt" "Mozilla/5.0 (Windows NT 10.0; Win64; x64) AppleWebKit/537.36 (KHTML, like Gecko) Chrome/130.0.0.0 Safari/537.36 CCleaner/130.0.0.0"
66.249.70.33 - - [10/Jul/2025:08:27:12 -0400] "GET /?v=86553860031330&mod=30aaa428&uri=search.php%3Fid%3D2897915-84%26name%3Dsecurity+camera+ezviz+c3n+datasheet HTTP/1.1" 200 21599 "-" "Mozilla/5.0 (Linux; Android 6.0.1; Nexus 5X Build/MMB29P) AppleWebKit/537.36 (KHTML, like Gecko) Chrome/137.0.7151.103 Mobile Safari/537.36 (compatible; Googlebot/2.1; +http://www.google.com/bot.html)"
66.249.70.34 - - [10/Jul/2025:08:27:15 -0400] "GET /?v=96589586091330&mod=f5f3b8d7&uri=article.php%3Fid%3D3233906-58%26name%3Dwayfarer+rb2140+the+wayfarer+sunglasses HTTP/1.1" 200 20980 "-" "Mozilla/5.0 (Linux; Android 6.0.1; Nexus 5X Build/MMB29P) AppleWebKit/537.36 (KHTML, like Gecko) Chrome/137.0.7151.103 Mobile Safari/537.36 (compatible; Googlebot/2.1; +http://www.google.com/bot.html)"
66.249.70.34 - - [10/Jul/2025:08:27:15 -0400] "POST /get-message-notify HTTP/1.1" 404 1251 "https://www.getschooljobs.com/?v=86553860031330&mod=30aaa428&uri=search.php%3Fid%3D2897915-84%26name%3Dsecurity+camera+ezviz+c3n+datasheet" "Mozilla/5.0 (Linux; Android 6.0.1; Nexus 5X Build/MMB29P) AppleWebKit/537.36 (KHTML, like Gecko) Chrome/137.0.7151.119 Mobile Safari/537.36 (compatible; Googlebot/2.1; +http://www.google.com/bot.html)"
66.249.70.32 - - [10/Jul/2025:08:27:33 -0400] "GET /?v=118747783001330&mod=4fa53be9&uri=search.php%3Fid%3D3975803-17%26name%3Dyellow+stripe+ef07 HTTP/1.1" 200 21767 "-" "Mozilla/5.0 (Linux; Android 6.0.1; Nexus 5X Build/MMB29P) AppleWebKit/537.36 (KHTML, like Gecko) Chrome/137.0.7151.103 Mobile Safari/537.36 (compatible; Googlebot/2.1; +http://www.google.com/bot.html)"
20.171.53.227 - - [10/Jul/2025:08:27:50 -0400] "GET /?mod=a5d42e40&uri=search.php%3Fid%3D1502149-59%26name%3Dsri+lanka+pro+earphones&v=44864688011330 HTTP/1.1" 200 4655 "-" "Mozilla/5.0 (Macintosh; Intel Mac OS X 10_15_7) AppleWebKit/537.36 (KHTML, like Gecko) Chrome/131.0.0.0 Safari/537.36; compatible; OAI-SearchBot/1.0; +https://openai.com/searchbot"
66.249.70.32 - - [10/Jul/2025:08:27:51 -0400] "GET /?v=85190938041330&mod=b1553ff2&uri=product.php%3Fid%3D2852313-168%26name%3D1983+honda+cr125r+for+sale HTTP/1.1" 200 21188 "-" "Mozilla/5.0 (Linux; Android 6.0.1; Nexus 5X Build/MMB29P) AppleWebKit/537.36 (KHTML, like Gecko) Chrome/137.0.7151.103 Mobile Safari/537.36 (compatible; Googlebot/2.1; +http://www.google.com/bot.html)"
66.249.70.32 - - [10/Jul/2025:08:27:52 -0400] "GET /?v=99545504101330&mod=ea2e4496&uri=article.php%3Fid%3D3332913-178%26name%3Dautomobile+polo+plus+volkswagen HTTP/1.1" 200 21509 "-" "Mozilla/5.0 (Linux; Android 6.0.1; Nexus 5X Build/MMB29P) AppleWebKit/537.36 (KHTML, like Gecko) Chrome/137.0.7151.103 Mobile Safari/537.36 (compatible; Googlebot/2.1; +http://www.google.com/bot.html)"
66.249.70.33 - - [10/Jul/2025:08:28:03 -0400] "GET /?v=118760647031330&mod=fb3fb416&uri=itm.php%3Fid%3D3976233-1071%26name%3Dcat%C3%A1logo+andrea+moda+2019+oto%C3%83%C2%B1o+invierno HTTP/1.1" 200 21200 "-" "Mozilla/5.0 (Linux; Android 6.0.1; Nexus 5X Build/MMB29P) AppleWebKit/537.36 (KHTML, like Gecko) Chrome/137.0.7151.103 Mobile Safari/537.36 (compatible; Googlebot/2.1; +http://www.google.com/bot.html)"
180.150.38.165 - - [10/Jul/2025:08:28:05 -0400] "GET /?v=11086537001330&mod=da927c22&uri=goods.php%3Fid%3D371169-1139%26name%3Dtresor+perfume+tester+tresor+lancome HTTP/1.1" 200 133 "https://www.google.com.au/" "Mozilla/5.0 (Macintosh; Intel Mac OS X 10_15_7) AppleWebKit/605.1.15 (KHTML, like Gecko) Version/16.6.1 Safari/605.1.15"
66.249.70.32 - - [10/Jul/2025:08:28:06 -0400] "GET /?v=39886877011330&mod=21fe5b8b&uri=brands.php%3Fid%3D1335570-16%26name%3Dwool+sweater+pullover+gucci+damen HTTP/1.1" 200 21879 "-" "Mozilla/5.0 (Linux; Android 6.0.1; Nexus 5X Build/MMB29P) AppleWebKit/537.36 (KHTML, like Gecko) Chrome/137.0.7151.103 Mobile Safari/537.36 (compatible; Googlebot/2.1; +http://www.google.com/bot.html)"
193.186.4.189 - - [10/Jul/2025:08:28:25 -0400] "GET /?v=118189391051330&mod=b515e49e&uri=article.php%3Fid%3D3957107-232%26name%3Ddaily+quiz+flipkart+live+quiz+answers+today HTTP/1.1" 200 134 "https://www.google.com/" "Mozilla/5.0 (Linux; Android 10; K) AppleWebKit/537.36 (KHTML, like Gecko) Chrome/138.0.0.0 Mobile Safari/537.36"
66.249.70.33 - - [10/Jul/2025:08:28:25 -0400] "GET /?v=85157395001330&mod=dd397459&uri=brands.php%3Fid%3D2851189-286%26name%3Dsmart+watch+circle HTTP/1.1" 200 22248 "-" "Mozilla/5.0 (Linux; Android 6.0.1; Nexus 5X Build/MMB29P) AppleWebKit/537.36 (KHTML, like Gecko) Chrome/137.0.7151.103 Mobile Safari/537.36 (compatible; Googlebot/2.1; +http://www.google.com/bot.html)"
66.249.70.33 - - [10/Jul/2025:08:28:27 -0400] "GET /?v=24415162021330&mod=298f5874&uri=us.php%3Fid%3D817591-39%26name%3Dwatch+appraisal+rolex+valuation+for+insurance HTTP/1.1" 200 21358 "-" "Mozilla/5.0 (compatible; Googlebot/2.1; +http://www.google.com/bot.html)"
66.249.70.32 - - [10/Jul/2025:08:28:32 -0400] "GET /?v=108480251041330&mod=db5f7dfd&uri=dp.php%3Fid%3D3632049-1183%26name%3Dtumbler+step+dad+gifts HTTP/1.1" 200 21500 "-" "Mozilla/5.0 (Linux; Android 6.0.1; Nexus 5X Build/MMB29P) AppleWebKit/537.36 (KHTML, like Gecko) Chrome/137.0.7151.103 Mobile Safari/537.36 (compatible; Googlebot/2.1; +http://www.google.com/bot.html)"
66.249.70.32 - - [10/Jul/2025:08:28:33 -0400] "GET /?v=77455974041330&mod=bd50bebe&uri=product.php%3Fid%3D2593403-406%26name%3Dthird+kit+2021+best+football+kits HTTP/1.1" 200 21684 "-" "Mozilla/5.0 (Linux; Android 6.0.1; Nexus 5X Build/MMB29P) AppleWebKit/537.36 (KHTML, like Gecko) Chrome/137.0.7151.103 Mobile Safari/537.36 (compatible; Googlebot/2.1; +http://www.google.com/bot.html)"
66.249.70.32 - - [10/Jul/2025:08:28:36 -0400] "GET /?v=68896940031330&mod=7221e5c8&uri=products.php%3Fid%3D2306836-31%26name%3Dsoundbar+2024+soundbar+best+in+test HTTP/1.1" 200 22078 "-" "Mozilla/5.0 (Linux; Android 6.0.1; Nexus 5X Build/MMB29P) AppleWebKit/537.36 (KHTML, like Gecko) Chrome/137.0.7151.103 Mobile Safari/537.36 (compatible; Googlebot/2.1; +http://www.google.com/bot.html)"
66.249.70.32 - - [10/Jul/2025:08:28:37 -0400] "GET /?v=24415162021330&mod=298f5874&uri=us.php%3Fid%3D817591-39%26name%3Dwatch+appraisal+rolex+valuation+for+insurance HTTP/1.1" 200 21363 "-" "Mozilla/5.0 (compatible; Googlebot/2.1; +http://www.google.com/bot.html)"
66.249.70.33 - - [10/Jul/2025:08:24:12 -0400] "POST /get-message-notify HTTP/1.1" 404 1251 "https://www.getschooljobs.com/?v=116728656011330&mod=40cccad2&uri=news.php%3Fid%3D3908161-43%26name%3Dwooden+storage+chest+handmade+wooden+toy+boxes+for+sale" "Mozilla/5.0 (Linux; Android 6.0.1; Nexus 5X Build/MMB29P) AppleWebKit/537.36 (KHTML, like Gecko) Chrome/137.0.7151.119 Mobile Safari/537.36 (compatible; Googlebot/2.1; +http://www.google.com/bot.html)"
66.249.70.32 - - [10/Jul/2025:08:24:20 -0400] "GET /?v=50341617011330&mod=fc01bb05&uri=dp.php%3Fid%3D1685450-581%26name%3Dyellow+bushnell+binoculars HTTP/1.1" 200 21126 "-" "Mozilla/5.0 (Linux; Android 6.0.1; Nexus 5X Build/MMB29P) AppleWebKit/537.36 (KHTML, like Gecko) Chrome/137.0.7151.103 Mobile Safari/537.36 (compatible; Googlebot/2.1; +http://www.google.com/bot.html)"
66.249.70.32 - - [10/Jul/2025:08:28:45 -0400] "POST /get-message-notify HTTP/1.1" 404 1251 "https://www.getschooljobs.com/?v=85157395001330&mod=dd397459&uri=brands.php%3Fid%3D2851189-286%26name%3Dsmart+watch+circle" "Mozilla/5.0 (Linux; Android 6.0.1; Nexus 5X Build/MMB29P) AppleWebKit/537.36 (KHTML, like Gecko) Chrome/137.0.7151.119 Mobile Safari/537.36 (compatible; Googlebot/2.1; +http://www.google.com/bot.html)"
66.249.70.32 - - [10/Jul/2025:08:28:46 -0400] "GET /?v=108479771041330&mod=db5f7dfd&uri=itm.php%3Fid%3D3632033-1183%26name%3Dpregnant+woman+gifts+for+expecting+mothers HTTP/1.1" 200 21897 "-" "Mozilla/5.0 (Linux; Android 6.0.1; Nexus 5X Build/MMB29P) AppleWebKit/537.36 (KHTML, like Gecko) Chrome/137.0.7151.103 Mobile Safari/537.36 (compatible; Googlebot/2.1; +http://www.google.com/bot.html)"
66.249.70.32 - - [10/Jul/2025:08:28:50 -0400] "GET /?v=1451377051330&mod=bd50bebe&uri=blog.php%3Fid%3D48600-406%26name%3Dsuns+nba+phoenix+suns+t+shirts+near+me HTTP/1.1" 200 21132 "-" "Mozilla/5.0 (Linux; Android 6.0.1; Nexus 5X Build/MMB29P) AppleWebKit/537.36 (KHTML, like Gecko) Chrome/137.0.7151.103 Mobile Safari/537.36 (compatible; Googlebot/2.1; +http://www.google.com/bot.html)"
66.249.70.32 - - [10/Jul/2025:08:28:55 -0400] "GET /?v=4013111041330&mod=a29fe708&uri=category-info.php%3Fid%3D134329-702%26name%3Diwatch+band+i+watch+bands+apple HTTP/1.1" 200 22071 "-" "Mozilla/5.0 (Linux; Android 6.0.1; Nexus 5X Build/MMB29P) AppleWebKit/537.36 (KHTML, like Gecko) Chrome/137.0.7151.103 Mobile Safari/537.36 (compatible; Googlebot/2.1; +http://www.google.com/bot.html)"
66.249.70.32 - - [10/Jul/2025:08:29:05 -0400] "GET /?v=13795282081330&mod=26dd0dbc&uri=pin.php%3Fid%3D461859-6%26name%3Dcore+i9+10+gb+ram+pc+price HTTP/1.1" 200 22000 "-" "Mozilla/5.0 (Linux; Android 6.0.1; Nexus 5X Build/MMB29P) AppleWebKit/537.36 (KHTML, like Gecko) Chrome/137.0.7151.103 Mobile Safari/537.36 (compatible; Googlebot/2.1; +http://www.google.com/bot.html)"
74.7.35.123 - - [10/Jul/2025:08:29:16 -0400] "GET /?mod=5eb2a86c&uri=shop.php?id%3D1115255-91%26name%3D18v+one%2B+ryobi+lithium+ion+battery&v=33305697061330 HTTP/1.1" 200 4655 "-" "Mozilla/5.0 AppleWebKit/537.36 (KHTML, like Gecko); compatible; ChatGPT-User/1.0; +https://openai.com/bot"
66.249.70.32 - - [10/Jul/2025:08:29:17 -0400] "GET /?v=77505259071330&mod=ac42634b&uri=products.php%3Fid%3D2595050-356%26name%3Dair+conditioner+gas+furnace+maintenance+near+me HTTP/1.1" 200 21400 "-" "Mozilla/5.0 (Linux; Android 6.0.1; Nexus 5X Build/MMB29P) AppleWebKit/537.36 (KHTML, like Gecko) Chrome/137.0.7151.103 Mobile Safari/537.36 (compatible; Googlebot/2.1; +http://www.google.com/bot.html)"
66.249.70.32 - - [10/Jul/2025:08:29:26 -0400] "GET /?v=1445407061330&mod=95bf5763&uri=goods.php%3Fid%3D48401-370%26name%3Dpastel+m%C3%A1gico+tarta+wizies HTTP/1.1" 200 21896 "-" "Mozilla/5.0 (Linux; Android 6.0.1; Nexus 5X Build/MMB29P) AppleWebKit/537.36 (KHTML, like Gecko) Chrome/137.0.7151.103 Mobile Safari/537.36 (compatible; Googlebot/2.1; +http://www.google.com/bot.html)"
66.249.70.32 - - [10/Jul/2025:08:29:29 -0400] "GET /?v=1441392011330&mod=95bf5763&uri=article.php%3Fid%3D48267-370%26name%3Dmindstorms+education+ev3+piezas+de+ev3 HTTP/1.1" 200 22334 "-" "Mozilla/5.0 (Linux; Android 6.0.1; Nexus 5X Build/MMB29P) AppleWebKit/537.36 (KHTML, like Gecko) Chrome/137.0.7151.103 Mobile Safari/537.36 (compatible; Googlebot/2.1; +http://www.google.com/bot.html)"
66.249.70.32 - - [10/Jul/2025:08:29:36 -0400] "POST /get-message-notify HTTP/1.1" 404 1251 "https://www.getschooljobs.com/?v=1441392011330&mod=95bf5763&uri=article.php%3Fid%3D48267-370%26name%3Dmindstorms+education+ev3+piezas+de+ev3" "Mozilla/5.0 (Linux; Android 6.0.1; Nexus 5X Build/MMB29P) AppleWebKit/537.36 (KHTML, like Gecko) Chrome/137.0.7151.119 Mobile Safari/537.36 (compatible; Googlebot/2.1; +http://www.google.com/bot.html)"
66.249.70.32 - - [10/Jul/2025:08:29:36 -0400] "GET /?v=4006253011330&mod=a29fe708&uri=itm.php%3Fid%3D134099-702%26name%3Dsmart+watch+fit+huawei+watch+band+replacement HTTP/1.1" 200 22714 "-" "Mozilla/5.0 (Linux; Android 6.0.1; Nexus 5X Build/MMB29P) AppleWebKit/537.36 (KHTML, like Gecko) Chrome/137.0.7151.103 Mobile Safari/537.36 (compatible; Googlebot/2.1; +http://www.google.com/bot.html)"
66.249.70.32 - - [10/Jul/2025:08:29:37 -0400] "GET /?v=1444927141330&mod=e1654211&uri=brands.php%3Fid%3D48385-2%26name%3Dmattel+hot+wheels+desafio+de+la+ruleta+precio HTTP/1.1" 200 21450 "-" "Mozilla/5.0 (Linux; Android 6.0.1; Nexus 5X Build/MMB29P) AppleWebKit/537.36 (KHTML, like Gecko) Chrome/137.0.7151.103 Mobile Safari/537.36 (compatible; Googlebot/2.1; +http://www.google.com/bot.html)"
66.249.70.32 - - [10/Jul/2025:08:29:41 -0400] "GET /?v=4016998061330&mod=fe5ed0c3&uri=us.php%3Fid%3D134459-734%26name%3Doverall+dress+plus+size+corduroy+skirt+dresses HTTP/1.1" 200 21225 "-" "Mozilla/5.0 (Linux; Android 6.0.1; Nexus 5X Build/MMB29P) AppleWebKit/537.36 (KHTML, like Gecko) Chrome/137.0.7151.103 Mobile Safari/537.36 (compatible; Googlebot/2.1; +http://www.google.com/bot.html)"
66.249.70.32 - - [10/Jul/2025:08:29:41 -0400] "POST /get-message-notify HTTP/1.1" 404 1251 "https://www.getschooljobs.com/?v=4006253011330&mod=a29fe708&uri=itm.php%3Fid%3D134099-702%26name%3Dsmart+watch+fit+huawei+watch+band+replacement" "Mozilla/5.0 (Linux; Android 6.0.1; Nexus 5X Build/MMB29P) AppleWebKit/537.36 (KHTML, like Gecko) Chrome/137.0.7151.119 Mobile Safari/537.36 (compatible; Googlebot/2.1; +http://www.google.com/bot.html)"
66.249.70.32 - - [10/Jul/2025:08:29:42 -0400] "POST /get-message-notify HTTP/1.1" 404 1251 "https://www.getschooljobs.com/?v=1444927141330&mod=e1654211&uri=brands.php%3Fid%3D48385-2%26name%3Dmattel+hot+wheels+desafio+de+la+ruleta+precio" "Mozilla/5.0 (Linux; Android 6.0.1; Nexus 5X Build/MMB29P) AppleWebKit/537.36 (KHTML, like Gecko) Chrome/137.0.7151.119 Mobile Safari/537.36 (compatible; Googlebot/2.1; +http://www.google.com/bot.html)"
18.97.9.96 - - [10/Jul/2025:08:29:43 -0400] "GET /robots.txt HTTP/1.1" 404 1251 "-" "Mozilla/5.0 AppleWebKit/537.36 (KHTML, like Gecko; compatible; PerplexityBot/1.0; +https://perplexity.ai/perplexitybot)"
66.249.70.32 - - [10/Jul/2025:08:29:43 -0400] "GET /?v=1444987001330&mod=c0681c91&uri=article.php%3Fid%3D48387-206%26name%3Dpantaloni+pantaloncini+nike+da+calcio HTTP/1.1" 200 22373 "-" "Mozilla/5.0 (Linux; Android 6.0.1; Nexus 5X Build/MMB29P) AppleWebKit/537.36 (KHTML, like Gecko) Chrome/137.0.7151.103 Mobile Safari/537.36 (compatible; Googlebot/2.1; +http://www.google.com/bot.html)"
18.97.9.101 - - [10/Jul/2025:08:29:43 -0400] "GET /?v=101033545041330&mod=25766f01&uri=article.php?id=3382763-29&name=alhudapk+com+mach+city+bicycle+price HTTP/1.1" 200 5437 "-" "Mozilla/5.0 AppleWebKit/537.36 (KHTML, like Gecko; compatible; PerplexityBot/1.0; +https://perplexity.ai/perplexitybot)"
66.249.70.32 - - [10/Jul/2025:08:29:47 -0400] "GET /?v=1444092011330&mod=bd50bebe&uri=shop.php%3Fid%3D48357-406%26name%3Dnational+football+team+denmark+third+shirt+euro+2021 HTTP/1.1" 200 22429 "-" "Mozilla/5.0 (Linux; Android 6.0.1; Nexus 5X Build/MMB29P) AppleWebKit/537.36 (KHTML, like Gecko) Chrome/137.0.7151.103 Mobile Safari/537.36 (compatible; Googlebot/2.1; +http://www.google.com/bot.html)"
66.249.70.32 - - [10/Jul/2025:08:29:59 -0400] "GET /?v=26040337031330&mod=8c8a9c8f&uri=news.php%3Fid%3D871976-738%26name%3Dazul+cielo+vestido+tul+dama+de+honor HTTP/1.1" 200 20982 "-" "Mozilla/5.0 (Linux; Android 6.0.1; Nexus 5X Build/MMB29P) AppleWebKit/537.36 (KHTML, like Gecko) Chrome/137.0.7151.103 Mobile Safari/537.36 (compatible; Googlebot/2.1; +http://www.google.com/bot.html)"
66.249.70.32 - - [10/Jul/2025:08:30:05 -0400] "POST /get-message-notify HTTP/1.1" 404 1251 "https://www.getschooljobs.com/?v=26040337031330&mod=8c8a9c8f&uri=news.php%3Fid%3D871976-738%26name%3Dazul+cielo+vestido+tul+dama+de+honor" "Mozilla/5.0 (Linux; Android 6.0.1; Nexus 5X Build/MMB29P) AppleWebKit/537.36 (KHTML, like Gecko) Chrome/137.0.7151.119 Mobile Safari/537.36 (compatible; Googlebot/2.1; +http://www.google.com/bot.html)"
66.249.70.32 - - [10/Jul/2025:08:30:05 -0400] "GET /?v=84328803031330&mod=4b8d5e5e&uri=shop.php%3Fid%3D2823452-223%26name%3Dplaystation+hits+dragon+ball+xenoverse+ps4+digital HTTP/1.1" 200 21879 "-" "Mozilla/5.0 (compatible; Googlebot/2.1; +http://www.google.com/bot.html)"
66.249.70.32 - - [10/Jul/2025:08:30:06 -0400] "GET /?v=26039017071330&mod=6b77b838&uri=info.php%3Fid%3D871932-158%26name%3Dfor+kids+no+toy+gift+ideas HTTP/1.1" 200 21835 "-" "Mozilla/5.0 (Linux; Android 6.0.1; Nexus 5X Build/MMB29P) AppleWebKit/537.36 (KHTML, like Gecko) Chrome/137.0.7151.103 Mobile Safari/537.36 (compatible; Googlebot/2.1; +http://www.google.com/bot.html)"
66.249.70.32 - - [10/Jul/2025:08:30:16 -0400] "POST /get-message-notify HTTP/1.1" 404 1251 "https://www.getschooljobs.com/?v=26039017071330&mod=6b77b838&uri=info.php%3Fid%3D871932-158%26name%3Dfor+kids+no+toy+gift+ideas" "Mozilla/5.0 (Linux; Android 6.0.1; Nexus 5X Build/MMB29P) AppleWebKit/537.36 (KHTML, like Gecko) Chrome/137.0.7151.119 Mobile Safari/537.36 (compatible; Googlebot/2.1; +http://www.google.com/bot.html)"
66.249.70.32 - - [10/Jul/2025:08:30:16 -0400] "GET /?v=30116071031330&mod=2a962e14&uri=form.php%3Fid%3D1008472-331%26name%3Dpatrones+bolsos+de+tela+jeans+reciclada HTTP/1.1" 200 22514 "-" "Mozilla/5.0 (Linux; Android 6.0.1; Nexus 5X Build/MMB29P) AppleWebKit/537.36 (KHTML, like Gecko) Chrome/137.0.7151.103 Mobile Safari/537.36 (compatible; Googlebot/2.1; +http://www.google.com/bot.html)"
66.249.70.32 - - [10/Jul/2025:08:30:17 -0400] "GET /?v=84328803031330&mod=4b8d5e5e&uri=shop.php%3Fid%3D2823452-223%26name%3Dplaystation+hits+dragon+ball+xenoverse+ps4+digital HTTP/1.1" 200 21880 "-" "Mozilla/5.0 (compatible; Googlebot/2.1; +http://www.google.com/bot.html)"
66.249.70.32 - - [10/Jul/2025:08:30:29 -0400] "GET /?v=115499461031330&mod=07c65274&uri=itm.php%3Fid%3D3867008-543%26name%3Dfirst+cry+baby+cradle HTTP/1.1" 200 21697 "-" "Mozilla/5.0 (Linux; Android 6.0.1; Nexus 5X Build/MMB29P) AppleWebKit/537.36 (KHTML, like Gecko) Chrome/137.0.7151.103 Mobile Safari/537.36 (compatible; Googlebot/2.1; +http://www.google.com/bot.html)"
66.249.70.32 - - [10/Jul/2025:08:30:30 -0400] "GET /?v=26039497031330&mod=6b77b838&uri=itm.php%3Fid%3D871948-158%26name%3Dhuina+1580+huina+580+full+metal+price HTTP/1.1" 200 22033 "-" "Mozilla/5.0 (Linux; Android 6.0.1; Nexus 5X Build/MMB29P) AppleWebKit/537.36 (KHTML, like Gecko) Chrome/137.0.7151.103 Mobile Safari/537.36 (compatible; Googlebot/2.1; +http://www.google.com/bot.html)"
66.249.70.32 - - [10/Jul/2025:08:30:34 -0400] "GET /?v=26036497031330&mod=6b77b838&uri=product.php%3Fid%3D871848-158%26name%3Dcritter+clinic+toy+b+toys+vet HTTP/1.1" 200 21625 "-" "Mozilla/5.0 (Linux; Android 6.0.1; Nexus 5X Build/MMB29P) AppleWebKit/537.36 (KHTML, like Gecko) Chrome/137.0.7151.103 Mobile Safari/537.36 (compatible; Googlebot/2.1; +http://www.google.com/bot.html)"
66.249.70.32 - - [10/Jul/2025:08:30:35 -0400] "POST /get-message-notify HTTP/1.1" 404 1251 "https://www.getschooljobs.com/?v=26039497031330&mod=6b77b838&uri=itm.php%3Fid%3D871948-158%26name%3Dhuina+1580+huina+580+full+metal+price" "Mozilla/5.0 (Linux; Android 6.0.1; Nexus 5X Build/MMB29P) AppleWebKit/537.36 (KHTML, like Gecko) Chrome/137.0.7151.119 Mobile Safari/537.36 (compatible; Googlebot/2.1; +http://www.google.com/bot.html)"
66.249.70.32 - - [10/Jul/2025:08:30:36 -0400] "GET /?v=89482611061330&mod=73b379bf&uri=product.php%3Fid%3D2995944-744%26name%3Dmontagne+doudoune+randonnee+compressible+homme HTTP/1.1" 200 20959 "-" "Mozilla/5.0 (compatible; Googlebot/2.1; +http://www.google.com/bot.html)"
66.249.70.32 - - [10/Jul/2025:08:30:37 -0400] "GET /?v=26038657031330&mod=6b77b838&uri=shop.php%3Fid%3D871920-158%26name%3Dbaby+play+gym+diy+wooden+baby+toys HTTP/1.1" 200 22101 "-" "Mozilla/5.0 (Linux; Android 6.0.1; Nexus 5X Build/MMB29P) AppleWebKit/537.36 (KHTML, like Gecko) Chrome/137.0.7151.103 Mobile Safari/537.36 (compatible; Googlebot/2.1; +http://www.google.com/bot.html)"
66.249.70.32 - - [10/Jul/2025:08:30:38 -0400] "POST /get-message-notify HTTP/1.1" 404 1251 "https://www.getschooljobs.com/?v=26036497031330&mod=6b77b838&uri=product.php%3Fid%3D871848-158%26name%3Dcritter+clinic+toy+b+toys+vet" "Mozilla/5.0 (Linux; Android 6.0.1; Nexus 5X Build/MMB29P) AppleWebKit/537.36 (KHTML, like Gecko) Chrome/137.0.7151.119 Mobile Safari/537.36 (compatible; Googlebot/2.1; +http://www.google.com/bot.html)"
66.249.70.32 - - [10/Jul/2025:08:30:41 -0400] "GET /?v=26039377091330&mod=6b77b838&uri=product.php%3Fid%3D871944-158%26name%3Dbrushless+wltoys+v950+upgrade HTTP/1.1" 200 21953 "-" "Mozilla/5.0 (Linux; Android 6.0.1; Nexus 5X Build/MMB29P) AppleWebKit/537.36 (KHTML, like Gecko) Chrome/137.0.7151.103 Mobile Safari/537.36 (compatible; Googlebot/2.1; +http://www.google.com/bot.html)"
66.249.70.32 - - [10/Jul/2025:08:30:44 -0400] "GET /?v=71567204021330&mod=fd06b8ea&uri=us.php%3Fid%3D2396228-11%26name%3Dargyle+knit+ugg+australia+knit+boots HTTP/1.1" 200 20661 "-" "Mozilla/5.0 (Linux; Android 6.0.1; Nexus 5X Build/MMB29P) AppleWebKit/537.36 (KHTML, like Gecko) Chrome/137.0.7151.103 Mobile Safari/537.36 (compatible; Googlebot/2.1; +http://www.google.com/bot.html)"
66.249.70.32 - - [10/Jul/2025:08:30:48 -0400] "POST /get-message-notify HTTP/1.1" 404 1251 "https://www.getschooljobs.com/?v=71567204021330&mod=fd06b8ea&uri=us.php%3Fid%3D2396228-11%26name%3Dargyle+knit+ugg+australia+knit+boots" "Mozilla/5.0 (Linux; Android 6.0.1; Nexus 5X Build/MMB29P) AppleWebKit/537.36 (KHTML, like Gecko) Chrome/137.0.7151.119 Mobile Safari/537.36 (compatible; Googlebot/2.1; +http://www.google.com/bot.html)"
66.249.70.32 - - [10/Jul/2025:08:30:49 -0400] "GET /?v=26041537011330&mod=aa4d2cc9&uri=blog.php%3Fid%3D872016-567%26name%3Dshoes+270+coral HTTP/1.1" 200 20755 "-" "Mozilla/5.0 (Linux; Android 6.0.1; Nexus 5X Build/MMB29P) AppleWebKit/537.36 (KHTML, like Gecko) Chrome/137.0.7151.103 Mobile Safari/537.36 (compatible; Googlebot/2.1; +http://www.google.com/bot.html)"
66.249.70.32 - - [10/Jul/2025:08:30:54 -0400] "GET /?v=89482611061330&mod=73b379bf&uri=product.php%3Fid%3D2995944-744%26name%3Dmontagne+doudoune+randonnee+compressible+homme HTTP/1.1" 200 20957 "-" "Mozilla/5.0 (compatible; Googlebot/2.1; +http://www.google.com/bot.html)"
66.249.70.32 - - [10/Jul/2025:08:30:55 -0400] "POST /get-message-notify HTTP/1.1" 404 1251 "https://www.getschooljobs.com/?v=26039377091330&mod=6b77b838&uri=product.php%3Fid%3D871944-158%26name%3Dbrushless+wltoys+v950+upgrade" "Mozilla/5.0 (Linux; Android 6.0.1; Nexus 5X Build/MMB29P) AppleWebKit/537.36 (KHTML, like Gecko) Chrome/137.0.7151.119 Mobile Safari/537.36 (compatible; Googlebot/2.1; +http://www.google.com/bot.html)"
66.249.70.32 - - [10/Jul/2025:08:30:56 -0400] "GET /?v=26040817011330&mod=6b77b838&uri=us.php%3Fid%3D871992-158%26name%3Dcar+diy+wooden+baby+toys HTTP/1.1" 200 22072 "-" "Mozilla/5.0 (Linux; Android 6.0.1; Nexus 5X Build/MMB29P) AppleWebKit/537.36 (KHTML, like Gecko) Chrome/137.0.7151.103 Mobile Safari/537.36 (compatible; Googlebot/2.1; +http://www.google.com/bot.html)"
20.171.123.64 - - [10/Jul/2025:08:30:57 -0400] "GET /?mod=5eb2a86c&uri=shop.php%3Fid%3D1115255-91%26name%3D18v+one%2B+ryobi+lithium+ion+battery&v=33305697061330 HTTP/1.1" 200 4655 "-" "Mozilla/5.0 (Macintosh; Intel Mac OS X 10_15_7) AppleWebKit/537.36 (KHTML, like Gecko) Chrome/131.0.0.0 Safari/537.36; compatible; OAI-SearchBot/1.0; +https://openai.com/searchbot"
66.249.70.33 - - [10/Jul/2025:08:31:03 -0400] "GET /?v=67153181061330&mod=271d8343&uri=goods.php%3Fid%3D2248473-1191%26name%3Dairdots+xiaomi+redmi+air2s HTTP/1.1" 200 21379 "-" "Mozilla/5.0 (Linux; Android 6.0.1; Nexus 5X Build/MMB29P) AppleWebKit/537.36 (KHTML, like Gecko) Chrome/137.0.7151.103 Mobile Safari/537.36 (compatible; Googlebot/2.1; +http://www.google.com/bot.html)"
66.249.70.33 - - [10/Jul/2025:08:31:15 -0400] "GET /?v=26034577091330&mod=6b77b838&uri=category-info.php%3Fid%3D871784-158%26name%3Dunderwater+camera+kids+action+cam HTTP/1.1" 200 21816 "-" "Mozilla/5.0 (Linux; Android 6.0.1; Nexus 5X Build/MMB29P) AppleWebKit/537.36 (KHTML, like Gecko) Chrome/137.0.7151.103 Mobile Safari/537.36 (compatible; Googlebot/2.1; +http://www.google.com/bot.html)"
66.249.70.32 - - [10/Jul/2025:08:31:24 -0400] "GET /?v=26040577141330&mod=625cbb43&uri=brands.php%3Fid%3D871984-383%26name%3Dmens+boots+bates+usmc+steel+toe+boots HTTP/1.1" 200 20937 "-" "Mozilla/5.0 (Linux; Android 6.0.1; Nexus 5X Build/MMB29P) AppleWebKit/537.36 (KHTML, like Gecko) Chrome/137.0.7151.103 Mobile Safari/537.36 (compatible; Googlebot/2.1; +http://www.google.com/bot.html)"
66.249.70.32 - - [10/Jul/2025:08:31:27 -0400] "GET /?v=67093821021330&mod=2f9f7aa3&uri=products.php%3Fid%3D2246487-1545%26name%3Dzapatillas+reebok+reebok+gl+6000+for+sale HTTP/1.1" 200 20456 "-" "Mozilla/5.0 (Linux; Android 6.0.1; Nexus 5X Build/MMB29P) AppleWebKit/537.36 (KHTML, like Gecko) Chrome/137.0.7151.103 Mobile Safari/537.36 (compatible; Googlebot/2.1; +http://www.google.com/bot.html)"
