66.249.70.33 - - [10/Jul/2025:08:57:19 -0400] "GET /?v=9099598021330&mod=ccc92ab8&uri=article.php%3Fid%3D304643-1039%26name%3Dkundan+stone+dhwani+earrings+online HTTP/1.1" 200 20131 "-" "Mozilla/5.0 (Linux; Android 6.0.1; Nexus 5X Build/MMB29P) AppleWebKit/537.36 (KHTML, like Gecko) Chrome/137.0.7151.103 Mobile Safari/537.36 (compatible; Googlebot/2.1; +http://www.google.com/bot.html)"
66.249.70.33 - - [10/Jul/2025:08:57:22 -0400] "POST /get-message-notify HTTP/1.1" 404 1251 "https://www.getschooljobs.com/?v=9099598021330&mod=ccc92ab8&uri=article.php%3Fid%3D304643-1039%26name%3Dkundan+stone+dhwani+earrings+online" "Mozilla/5.0 (Linux; Android 6.0.1; Nexus 5X Build/MMB29P) AppleWebKit/537.36 (KHTML, like Gecko) Chrome/137.0.7151.119 Mobile Safari/537.36 (compatible; Googlebot/2.1; +http://www.google.com/bot.html)"
2a06:98c0:3600::103 - - [10/Jul/2025:08:57:31 -0400] "GET /wordpress/wp-admin/setup-config.php HTTP/1.1" 302 771 "-" "Mozilla/5.0 (Windows NT 10.0; Win64; x64) AppleWebKit/537.36 (KHTML, like Gecko) Chrome/137.0.0.0 Safari/537.36"
2a06:98c0:3600::103 - - [10/Jul/2025:08:57:31 -0400] "GET /wordpress/wp-admin/setup-config HTTP/1.1" 404 1251 "-" "Mozilla/5.0 (Windows NT 10.0; Win64; x64) AppleWebKit/537.36 (KHTML, like Gecko) Chrome/137.0.0.0 Safari/537.36"
66.249.70.32 - - [10/Jul/2025:08:57:37 -0400] "GET /?v=92308751031330&mod=9f6bcebe&uri=dp.php%3Fid%3D3090549-784%26name%3Dconcord+retro+11+blanco HTTP/1.1" 200 21187 "-" "Mozilla/5.0 (Linux; Android 6.0.1; Nexus 5X Build/MMB29P) AppleWebKit/537.36 (KHTML, like Gecko) Chrome/137.0.7151.103 Mobile Safari/537.36 (compatible; Googlebot/2.1; +http://www.google.com/bot.html)"
66.249.70.32 - - [10/Jul/2025:08:57:45 -0400] "GET /?v=109743922031330&mod=ccc92ab8&uri=shared.php%3Fid%3D3674340-1039%26name%3Djewellery+tanishq+latest+designs HTTP/1.1" 200 21510 "-" "Mozilla/5.0 (Linux; Android 6.0.1; Nexus 5X Build/MMB29P) AppleWebKit/537.36 (KHTML, like Gecko) Chrome/137.0.7151.103 Mobile Safari/537.36 (compatible; Googlebot/2.1; +http://www.google.com/bot.html)"
66.249.70.32 - - [10/Jul/2025:08:57:51 -0400] "GET /?v=92312311081330&mod=9f6bcebe&uri=info.php%3Fid%3D3090669-784%26name%3Dcuero+botas+pantuflas+bamers HTTP/1.1" 200 21258 "-" "Mozilla/5.0 (Linux; Android 6.0.1; Nexus 5X Build/MMB29P) AppleWebKit/537.36 (KHTML, like Gecko) Chrome/137.0.7151.103 Mobile Safari/537.36 (compatible; Googlebot/2.1; +http://www.google.com/bot.html)"
66.249.70.34 - - [10/Jul/2025:08:58:11 -0400] "POST /get-message-notify HTTP/1.1" 404 1251 "https://www.getschooljobs.com/?v=109743922031330&mod=ccc92ab8&uri=shared.php%3Fid%3D3674340-1039%26name%3Djewellery+tanishq+latest+designs" "Mozilla/5.0 (Linux; Android 6.0.1; Nexus 5X Build/MMB29P) AppleWebKit/537.36 (KHTML, like Gecko) Chrome/137.0.7151.119 Mobile Safari/537.36 (compatible; Googlebot/2.1; +http://www.google.com/bot.html)"
66.249.70.34 - - [10/Jul/2025:08:58:11 -0400] "GET /?v=92307791061330&mod=9f6bcebe&uri=goods.php%3Fid%3D3090517-784%26name%3Dpremium+outlets+nike+outlet+punta+norte HTTP/1.1" 200 21643 "-" "Mozilla/5.0 (Linux; Android 6.0.1; Nexus 5X Build/MMB29P) AppleWebKit/537.36 (KHTML, like Gecko) Chrome/137.0.7151.103 Mobile Safari/537.36 (compatible; Googlebot/2.1; +http://www.google.com/bot.html)"
2a06:98c0:3600::103 - - [10/Jul/2025:08:58:15 -0400] "GET /wordpress/wp-admin/setup-config.php HTTP/1.1" 302 771 "-" "Mozilla/5.0 (Windows NT 10.0; Win64; x64) AppleWebKit/537.36 (KHTML, like Gecko) Chrome/137.0.0.0 Safari/537.36"
2a06:98c0:3600::103 - - [10/Jul/2025:08:58:15 -0400] "GET /wordpress/wp-admin/setup-config HTTP/1.1" 404 1251 "-" "Mozilla/5.0 (Windows NT 10.0; Win64; x64) AppleWebKit/537.36 (KHTML, like Gecko) Chrome/137.0.0.0 Safari/537.36"
66.249.70.32 - - [10/Jul/2025:08:58:34 -0400] "GET /?v=92305391021330&mod=90d53407&uri=info.php%3Fid%3D3090437-622%26name%3Djuguetes+de+toy+story+betty HTTP/1.1" 200 21098 "-" "Mozilla/5.0 (Linux; Android 6.0.1; Nexus 5X Build/MMB29P) AppleWebKit/537.36 (KHTML, like Gecko) Chrome/137.0.7151.103 Mobile Safari/537.36 (compatible; Googlebot/2.1; +http://www.google.com/bot.html)"
66.249.70.33 - - [10/Jul/2025:08:58:36 -0400] "POST /get-message-notify HTTP/1.1" 404 1251 "https://www.getschooljobs.com/?v=92307791061330&mod=9f6bcebe&uri=goods.php%3Fid%3D3090517-784%26name%3Dpremium+outlets+nike+outlet+punta+norte" "Mozilla/5.0 (Linux; Android 6.0.1; Nexus 5X Build/MMB29P) AppleWebKit/537.36 (KHTML, like Gecko) Chrome/137.0.7151.119 Mobile Safari/537.36 (compatible; Googlebot/2.1; +http://www.google.com/bot.html)"
2a06:98c0:3600::103 - - [10/Jul/2025:08:58:44 -0400] "GET /wp-admin/setup-config.php HTTP/1.1" 302 771 "-" "Mozilla/5.0 (Windows NT 10.0; Win64; x64) AppleWebKit/537.36 (KHTML, like Gecko) Chrome/137.0.0.0 Safari/537.36"
2a06:98c0:3600::103 - - [10/Jul/2025:08:58:44 -0400] "GET /wp-admin/setup-config HTTP/1.1" 404 1251 "-" "Mozilla/5.0 (Windows NT 10.0; Win64; x64) AppleWebKit/537.36 (KHTML, like Gecko) Chrome/137.0.0.0 Safari/537.36"
119.45.20.16 - - [10/Jul/2025:08:59:03 -0400] "GET / HTTP/1.1" 200 5437 "http://getschooljobs.com" "Mozilla/5.0 (iPhone; CPU iPhone OS 13_2_3 like Mac OS X) AppleWebKit/605.1.15 (KHTML, like Gecko) Version/13.0.3 Mobile/15E148 Safari/604.1"
66.249.70.34 - - [10/Jul/2025:08:59:07 -0400] "GET /?v=68445078111330&mod=e0f7a4d0&uri=itm.php%3Fid%3D2291729-22%26name%3Dart+marker+waterproof+sketch+pens HTTP/1.1" 200 21590 "-" "Mozilla/5.0 (Linux; Android 6.0.1; Nexus 5X Build/MMB29P) AppleWebKit/537.36 (KHTML, like Gecko) Chrome/137.0.7151.103 Mobile Safari/537.36 (compatible; Googlebot/2.1; +http://www.google.com/bot.html)"
66.249.70.33 - - [10/Jul/2025:08:59:19 -0400] "POST /get-message-notify HTTP/1.1" 404 1251 "https://www.getschooljobs.com/?v=15187534041330&mod=3e450e4a&uri=dp.php%3Fid%3D508571-501%26name%3Dhoodie+mom+jumper" "Mozilla/5.0 (Linux; Android 6.0.1; Nexus 5X Build/MMB29P) AppleWebKit/537.36 (KHTML, like Gecko) Chrome/137.0.7151.119 Mobile Safari/537.36 (compatible; Googlebot/2.1; +http://www.google.com/bot.html)"
103.131.71.162 - - [10/Jul/2025:08:59:19 -0400] "GET /robots.txt HTTP/1.1" 404 1251 "-" "Mozilla/5.0 (compatible; coccocbot-web/1.0; +http://help.coccoc.com/searchengine)"
66.249.70.33 - - [10/Jul/2025:08:59:21 -0400] "GET /?v=92318937011330&mod=9f6bcebe&uri=dp.php%3Fid%3D3090891-784%26name%3Dbotas+trekking+botas+goodyear+impermeables HTTP/1.1" 200 21875 "-" "Mozilla/5.0 (Linux; Android 6.0.1; Nexus 5X Build/MMB29P) AppleWebKit/537.36 (KHTML, like Gecko) Chrome/137.0.7151.103 Mobile Safari/537.36 (compatible; Googlebot/2.1; +http://www.google.com/bot.html)"
176.249.124.146 - - [10/Jul/2025:08:59:25 -0400] "GET /?v=13656123031330&mod=907353ea&uri=products.php%3Fid%3D457202-374%26name%3Dpolice+car+argos+electric+police+bike HTTP/1.1" 200 133 "https://www.google.com/url?q=https://www.getschooljobs.com/%3Fv%3D13656123031330%26mod%3D907353ea%26uri%3Dproducts.php%253Fid%253D457202-374%2526name%253Dpolice%2Bcar%2Bargos%2Belectric%2Bpolice%2Bbike&sa=U&ved=2ahUKEwjS0r6WrLKOAxUlXUEAHSixHlYQuAJ6BAgVEAE&usg=AOvVaw2DThT1ZcHMmMSKkYoN9Kpy" "Mozilla/5.0 (iPhone; CPU iPhone OS 18_4_1 like Mac OS X) AppleWebKit/605.1.15 (KHTML, like Gecko) GSA/368.0.756386193 Mobile/15E148 Safari/604.1"
66.249.70.32 - - [10/Jul/2025:08:59:28 -0400] "POST /get-message-notify HTTP/1.1" 404 1251 "https://www.getschooljobs.com/?v=92318937011330&mod=9f6bcebe&uri=dp.php%3Fid%3D3090891-784%26name%3Dbotas+trekking+botas+goodyear+impermeables" "Mozilla/5.0 (Linux; Android 6.0.1; Nexus 5X Build/MMB29P) AppleWebKit/537.36 (KHTML, like Gecko) Chrome/137.0.7151.119 Mobile Safari/537.36 (compatible; Googlebot/2.1; +http://www.google.com/bot.html)"
66.249.70.32 - - [10/Jul/2025:08:59:33 -0400] "GET /?v=92319027051330&mod=9f6bcebe&uri=shop.php%3Fid%3D3090894-784%26name%3Dblanco+pantalon+buzo+mujer+nike HTTP/1.1" 200 21580 "-" "Mozilla/5.0 (Linux; Android 6.0.1; Nexus 5X Build/MMB29P) AppleWebKit/537.36 (KHTML, like Gecko) Chrome/137.0.7151.103 Mobile Safari/537.36 (compatible; Googlebot/2.1; +http://www.google.com/bot.html)"
66.249.70.32 - - [10/Jul/2025:08:59:54 -0400] "GET /?v=115302272121330&mod=bd0ea6a3&uri=article.php%3Fid%3D3860421-1209%26name%3Dfashionable+jacket+rsd+ramone+jacket HTTP/1.1" 200 21532 "-" "Mozilla/5.0 (Linux; Android 6.0.1; Nexus 5X Build/MMB29P) AppleWebKit/537.36 (KHTML, like Gecko) Chrome/137.0.7151.103 Mobile Safari/537.36 (compatible; Googlebot/2.1; +http://www.google.com/bot.html)"
66.249.70.32 - - [10/Jul/2025:08:59:57 -0400] "POST /get-message-notify HTTP/1.1" 404 1251 "https://www.getschooljobs.com/?v=115302272121330&mod=bd0ea6a3&uri=article.php%3Fid%3D3860421-1209%26name%3Dfashionable+jacket+rsd+ramone+jacket" "Mozilla/5.0 (Linux; Android 6.0.1; Nexus 5X Build/MMB29P) AppleWebKit/537.36 (KHTML, like Gecko) Chrome/137.0.7151.119 Mobile Safari/537.36 (compatible; Googlebot/2.1; +http://www.google.com/bot.html)"
66.249.70.33 - - [10/Jul/2025:09:00:09 -0400] "GET /?v=119146305041330&mod=1dcf5a99&uri=search.php%3Fid%3D3989195-714%26name%3Dreloj+casio+casio+pulsecheck HTTP/1.1" 200 21024 "-" "Mozilla/5.0 (Linux; Android 6.0.1; Nexus 5X Build/MMB29P) AppleWebKit/537.36 (KHTML, like Gecko) Chrome/137.0.7151.103 Mobile Safari/537.36 (compatible; Googlebot/2.1; +http://www.google.com/bot.html)"
66.249.70.33 - - [10/Jul/2025:09:00:27 -0400] "GET /?v=43928171131330&mod=70d85f35&uri=product.php%3Fid%3D1470782-94%26name%3Dexcessive+pronation+how+to+fix+foot+pronation HTTP/1.1" 200 21336 "-" "Mozilla/5.0 (Linux; Android 6.0.1; Nexus 5X Build/MMB29P) AppleWebKit/537.36 (KHTML, like Gecko) Chrome/137.0.7151.103 Mobile Safari/537.36 (compatible; Googlebot/2.1; +http://www.google.com/bot.html)"
66.249.70.32 - - [10/Jul/2025:09:00:28 -0400] "GET /?v=119162863141330&mod=625cbb43&uri=dp.php%3Fid%3D3989753-383%26name%3Dhiking+boot+tibet+gtx+ws HTTP/1.1" 200 21066 "-" "Mozilla/5.0 (Linux; Android 6.0.1; Nexus 5X Build/MMB29P) AppleWebKit/537.36 (KHTML, like Gecko) Chrome/137.0.7151.103 Mobile Safari/537.36 (compatible; Googlebot/2.1; +http://www.google.com/bot.html)"
66.249.70.32 - - [10/Jul/2025:09:00:33 -0400] "POST /get-message-notify HTTP/1.1" 404 1251 "https://www.getschooljobs.com/?v=43928171131330&mod=70d85f35&uri=product.php%3Fid%3D1470782-94%26name%3Dexcessive+pronation+how+to+fix+foot+pronation" "Mozilla/5.0 (Linux; Android 6.0.1; Nexus 5X Build/MMB29P) AppleWebKit/537.36 (KHTML, like Gecko) Chrome/137.0.7151.119 Mobile Safari/537.36 (compatible; Googlebot/2.1; +http://www.google.com/bot.html)"
66.249.70.32 - - [10/Jul/2025:09:00:34 -0400] "POST /get-message-notify HTTP/1.1" 404 1251 "https://www.getschooljobs.com/?v=119146305041330&mod=1dcf5a99&uri=search.php%3Fid%3D3989195-714%26name%3Dreloj+casio+casio+pulsecheck" "Mozilla/5.0 (Linux; Android 6.0.1; Nexus 5X Build/MMB29P) AppleWebKit/537.36 (KHTML, like Gecko) Chrome/137.0.7151.119 Mobile Safari/537.36 (compatible; Googlebot/2.1; +http://www.google.com/bot.html)"
66.249.70.32 - - [10/Jul/2025:09:00:48 -0400] "POST /get-message-notify HTTP/1.1" 404 1251 "https://www.getschooljobs.com/?v=119162863141330&mod=625cbb43&uri=dp.php%3Fid%3D3989753-383%26name%3Dhiking+boot+tibet+gtx+ws" "Mozilla/5.0 (Linux; Android 6.0.1; Nexus 5X Build/MMB29P) AppleWebKit/537.36 (KHTML, like Gecko) Chrome/137.0.7151.119 Mobile Safari/537.36 (compatible; Googlebot/2.1; +http://www.google.com/bot.html)"
66.249.70.32 - - [10/Jul/2025:09:00:53 -0400] "GET /?v=119157468141330&mod=625cbb43&uri=shop.php%3Fid%3D3989573-383%26name%3Dcarpathian+leather+dr+martens+1461+black+carpathian HTTP/1.1" 200 20731 "-" "Mozilla/5.0 (Linux; Android 6.0.1; Nexus 5X Build/MMB29P) AppleWebKit/537.36 (KHTML, like Gecko) Chrome/137.0.7151.103 Mobile Safari/537.36 (compatible; Googlebot/2.1; +http://www.google.com/bot.html)"
178.156.157.234 - - [10/Jul/2025:09:01:00 -0400] "GET /?v=86695368041330&mod=f624e655&uri=form.php?id%3D2902645-305&name=lascal+skate+poussette+maclaren HTTP/1.1" 200 4655 "-" "Mozilla/5.0 (Windows NT 10.0; Win64; x64) AppleWebKit/537.36 (KHTML, like Gecko) Chrome/84.0.4147.105 Safari/537.36"
66.249.70.34 - - [10/Jul/2025:09:01:05 -0400] "GET /?v=67193334041330&mod=a0c65819&uri=products.php%3Fid%3D2249817-582%26name%3Dporsche+cayenne+porsche+911+wireless+charging HTTP/1.1" 200 21808 "-" "Mozilla/5.0 (Linux; Android 6.0.1; Nexus 5X Build/MMB29P) AppleWebKit/537.36 (KHTML, like Gecko) Chrome/137.0.7151.103 Mobile Safari/537.36 (compatible; Googlebot/2.1; +http://www.google.com/bot.html)"
66.249.70.32 - - [10/Jul/2025:09:01:20 -0400] "GET /?v=1504721081330&mod=05703941&uri=blog.php%3Fid%3D50382-293%26name%3Dwhite+north+face+women%27s+cragmont HTTP/1.1" 200 20927 "-" "Mozilla/5.0 (Linux; Android 6.0.1; Nexus 5X Build/MMB29P) AppleWebKit/537.36 (KHTML, like Gecko) Chrome/137.0.7151.103 Mobile Safari/537.36 (compatible; Googlebot/2.1; +http://www.google.com/bot.html)"
66.249.70.32 - - [10/Jul/2025:09:01:25 -0400] "POST /get-message-notify HTTP/1.1" 404 1251 "https://www.getschooljobs.com/?v=67193334041330&mod=a0c65819&uri=products.php%3Fid%3D2249817-582%26name%3Dporsche+cayenne+porsche+911+wireless+charging" "Mozilla/5.0 (Linux; Android 6.0.1; Nexus 5X Build/MMB29P) AppleWebKit/537.36 (KHTML, like Gecko) Chrome/137.0.7151.119 Mobile Safari/537.36 (compatible; Googlebot/2.1; +http://www.google.com/bot.html)"
70.143.63.229 - - [10/Jul/2025:09:01:29 -0400] "GET /?v=95684911001330&mod=6b77b838&uri=blog.php%3Fid%3D3203618-158%26name%3Dbubble+blower+gazillion+bubbles+tornado+machine HTTP/1.1" 200 133 "https://www.google.com/" "Mozilla/5.0 (Macintosh; Intel Mac OS X 10_15_7) AppleWebKit/537.36 (KHTML, like Gecko) Chrome/138.0.0.0 Safari/537.36"
66.249.70.32 - - [10/Jul/2025:09:01:35 -0400] "GET /?v=1569087051330&mod=56a8da1d&uri=info.php%3Fid%3D52534-45%26name%3Dtvs+scooter+nytro+scooty+price HTTP/1.1" 200 20942 "-" "Mozilla/5.0 (Linux; Android 6.0.1; Nexus 5X Build/MMB29P) AppleWebKit/537.36 (KHTML, like Gecko) Chrome/137.0.7151.103 Mobile Safari/537.36 (compatible; Googlebot/2.1; +http://www.google.com/bot.html)"
66.249.70.32 - - [10/Jul/2025:09:01:50 -0400] "GET /?v=1477745011330&mod=f9195e75&uri=search.php%3Fid%3D49482-424%26name%3Dbasketball+shoes+reebok+dmx+schuhe HTTP/1.1" 200 21053 "-" "Mozilla/5.0 (Linux; Android 6.0.1; Nexus 5X Build/MMB29P) AppleWebKit/537.36 (KHTML, like Gecko) Chrome/137.0.7151.103 Mobile Safari/537.36 (compatible; Googlebot/2.1; +http://www.google.com/bot.html)"
66.249.70.34 - - [10/Jul/2025:09:02:06 -0400] "GET /?v=26091162011330&mod=25766f01&uri=itm.php%3Fid%3D873718-29%26name%3Dmtb+jump+hopper+bike+ramp HTTP/1.1" 200 21398 "-" "Mozilla/5.0 (Linux; Android 6.0.1; Nexus 5X Build/MMB29P) AppleWebKit/537.36 (KHTML, like Gecko) Chrome/137.0.7151.103 Mobile Safari/537.36 (compatible; Googlebot/2.1; +http://www.google.com/bot.html)"
66.249.70.33 - - [10/Jul/2025:09:02:15 -0400] "GET /?v=92306831041330&mod=9f6bcebe&uri=goods.php%3Fid%3D3090485-784%26name%3Dbotas+tacticas+botas+lowa+coyote HTTP/1.1" 200 21819 "-" "Mozilla/5.0 (Linux; Android 6.0.1; Nexus 5X Build/MMB29P) AppleWebKit/537.36 (KHTML, like Gecko) Chrome/137.0.7151.103 Mobile Safari/537.36 (compatible; Googlebot/2.1; +http://www.google.com/bot.html)"
66.249.70.32 - - [10/Jul/2025:09:02:35 -0400] "GET /?v=119205105041330&mod=c164729e&uri=info.php%3Fid%3D3991163-650%26name%3Dultrasonic+testing+stussy+reflect+tee HTTP/1.1" 200 21658 "-" "Mozilla/5.0 (Linux; Android 6.0.1; Nexus 5X Build/MMB29P) AppleWebKit/537.36 (KHTML, like Gecko) Chrome/137.0.7151.103 Mobile Safari/537.36 (compatible; Googlebot/2.1; +http://www.google.com/bot.html)"
5.161.48.222 - - [10/Jul/2025:09:02:48 -0400] "GET /?v=101993186031330&mod=0fe392f8&uri=category-info.php?id%3D3414905-739&name=3rd+generation+airpods+apple+shopee HTTP/1.1" 200 4655 "-" "Mozilla/5.0 (Windows NT 10.0; Win64; x64) AppleWebKit/537.36 (KHTML, like Gecko) Chrome/84.0.4147.105 Safari/537.36"
66.249.70.32 - - [10/Jul/2025:09:02:50 -0400] "POST /get-message-notify HTTP/1.1" 404 1251 "https://www.getschooljobs.com/?v=92306831041330&mod=9f6bcebe&uri=goods.php%3Fid%3D3090485-784%26name%3Dbotas+tacticas+botas+lowa+coyote" "Mozilla/5.0 (Linux; Android 6.0.1; Nexus 5X Build/MMB29P) AppleWebKit/537.36 (KHTML, like Gecko) Chrome/137.0.7151.119 Mobile Safari/537.36 (compatible; Googlebot/2.1; +http://www.google.com/bot.html)"
66.249.70.32 - - [10/Jul/2025:09:02:55 -0400] "GET /?v=81092237051330&mod=4ab7331b&uri=itm.php%3Fid%3D2715120-244%26name%3Dfly+fishing+fishing+shop+armadale HTTP/1.1" 200 21762 "-" "Mozilla/5.0 (Linux; Android 6.0.1; Nexus 5X Build/MMB29P) AppleWebKit/537.36 (KHTML, like Gecko) Chrome/137.0.7151.103 Mobile Safari/537.36 (compatible; Googlebot/2.1; +http://www.google.com/bot.html)"
66.249.70.34 - - [10/Jul/2025:09:03:04 -0400] "POST /get-message-notify HTTP/1.1" 404 1251 "https://www.getschooljobs.com/?v=119205105041330&mod=c164729e&uri=info.php%3Fid%3D3991163-650%26name%3Dultrasonic+testing+stussy+reflect+tee" "Mozilla/5.0 (Linux; Android 6.0.1; Nexus 5X Build/MMB29P) AppleWebKit/537.36 (KHTML, like Gecko) Chrome/137.0.7151.119 Mobile Safari/537.36 (compatible; Googlebot/2.1; +http://www.google.com/bot.html)"
66.249.70.32 - - [10/Jul/2025:09:03:10 -0400] "GET /?v=118986550061330&mod=4ab7331b&uri=pin.php%3Fid%3D3983836-244%26name%3Dpower+outage+i+have+electric+heat+in+my+house HTTP/1.1" 200 21931 "-" "Mozilla/5.0 (Linux; Android 6.0.1; Nexus 5X Build/MMB29P) AppleWebKit/537.36 (KHTML, like Gecko) Chrome/137.0.7151.103 Mobile Safari/537.36 (compatible; Googlebot/2.1; +http://www.google.com/bot.html)"
66.249.70.32 - - [10/Jul/2025:09:03:25 -0400] "GET /?v=119147263031330&mod=1dcf5a99&uri=shop.php%3Fid%3D3989227-714%26name%3Dhindi+dubbed+tamilyogi+anniyan HTTP/1.1" 200 20081 "-" "Mozilla/5.0 (Linux; Android 6.0.1; Nexus 5X Build/MMB29P) AppleWebKit/537.36 (KHTML, like Gecko) Chrome/137.0.7151.103 Mobile Safari/537.36 (compatible; Googlebot/2.1; +http://www.google.com/bot.html)"
66.249.70.32 - - [10/Jul/2025:09:03:40 -0400] "GET /?v=60928965021330&mod=4ab7331b&uri=blog.php%3Fid%3D2040051-244%26name%3Ddelonghi+electric+convection+delonghi+portable+convector+heater+2000w HTTP/1.1" 200 22014 "-" "Mozilla/5.0 (Linux; Android 6.0.1; Nexus 5X Build/MMB29P) AppleWebKit/537.36 (KHTML, like Gecko) Chrome/137.0.7151.103 Mobile Safari/537.36 (compatible; Googlebot/2.1; +http://www.google.com/bot.html)"
66.249.70.32 - - [10/Jul/2025:09:03:57 -0400] "GET /?v=206343041330&mod=56e48d30&uri=products.php%3Fid%3D6905-119%26name%3Dtoe+raiser+boot+toe+stretcher HTTP/1.1" 200 21161 "-" "Mozilla/5.0 (Linux; Android 6.0.1; Nexus 5X Build/MMB29P) AppleWebKit/537.36 (KHTML, like Gecko) Chrome/137.0.7151.103 Mobile Safari/537.36 (compatible; Googlebot/2.1; +http://www.google.com/bot.html)"
66.249.70.32 - - [10/Jul/2025:09:04:11 -0400] "GET /?v=209915061330&mod=5d461a9f&uri=shop.php%3Fid%3D7025-104%26name%3Dhelmut+lang+black+archives HTTP/1.1" 200 21300 "-" "Mozilla/5.0 (Linux; Android 6.0.1; Nexus 5X Build/MMB29P) AppleWebKit/537.36 (KHTML, like Gecko) Chrome/137.0.7151.103 Mobile Safari/537.36 (compatible; Googlebot/2.1; +http://www.google.com/bot.html)"
66.249.70.32 - - [10/Jul/2025:09:04:31 -0400] "GET /?v=27784747021330&mod=032d9c7d&uri=products.php%3Fid%3D930415-116%26name%3Dspace+gray+macbook+pro+touch+bar+128gb+2019 HTTP/1.1" 200 21497 "-" "Mozilla/5.0 (Linux; Android 6.0.1; Nexus 5X Build/MMB29P) AppleWebKit/537.36 (KHTML, like Gecko) Chrome/137.0.7151.103 Mobile Safari/537.36 (compatible; Googlebot/2.1; +http://www.google.com/bot.html)"
66.249.70.32 - - [10/Jul/2025:09:04:46 -0400] "GET /?v=68473149001330&mod=5c1b482b&uri=search.php%3Fid%3D2292667-1150%26name%3Dcotton+cargo+wildcraft+cargo+pants+online HTTP/1.1" 200 22217 "-" "Mozilla/5.0 (Linux; Android 6.0.1; Nexus 5X Build/MMB29P) AppleWebKit/537.36 (KHTML, like Gecko) Chrome/137.0.7151.103 Mobile Safari/537.36 (compatible; Googlebot/2.1; +http://www.google.com/bot.html)"
66.249.70.32 - - [10/Jul/2025:09:04:54 -0400] "GET /?v=30115411051330&mod=0fb3018d&uri=news.php%3Fid%3D1008450-961%26name%3Dcanvas+crossbody+bag HTTP/1.1" 200 21741 "-" "Mozilla/5.0 (Linux; Android 6.0.1; Nexus 5X Build/MMB29P) AppleWebKit/537.36 (KHTML, like Gecko) Chrome/137.0.7151.103 Mobile Safari/537.36 (compatible; Googlebot/2.1; +http://www.google.com/bot.html)"
66.249.70.33 - - [10/Jul/2025:09:05:04 -0400] "GET /?v=68468595061330&mod=5c1b482b&uri=dp.php%3Fid%3D2292515-1150%26name%3Dwinter+fleece+low+rise+fleece+lined+leggings HTTP/1.1" 200 22226 "-" "Mozilla/5.0 (Linux; Android 6.0.1; Nexus 5X Build/MMB29P) AppleWebKit/537.36 (KHTML, like Gecko) Chrome/137.0.7151.103 Mobile Safari/537.36 (compatible; Googlebot/2.1; +http://www.google.com/bot.html)"
66.249.70.32 - - [10/Jul/2025:09:05:09 -0400] "POST /get-message-notify HTTP/1.1" 404 1251 "https://www.getschooljobs.com/?v=30115411051330&mod=0fb3018d&uri=news.php%3Fid%3D1008450-961%26name%3Dcanvas+crossbody+bag" "Mozilla/5.0 (Linux; Android 6.0.1; Nexus 5X Build/MMB29P) AppleWebKit/537.36 (KHTML, like Gecko) Chrome/137.0.7151.119 Mobile Safari/537.36 (compatible; Googlebot/2.1; +http://www.google.com/bot.html)"
66.249.70.32 - - [10/Jul/2025:09:05:09 -0400] "POST /get-message-notify HTTP/1.1" 404 1251 "https://www.getschooljobs.com/?v=68468595061330&mod=5c1b482b&uri=dp.php%3Fid%3D2292515-1150%26name%3Dwinter+fleece+low+rise+fleece+lined+leggings" "Mozilla/5.0 (Linux; Android 6.0.1; Nexus 5X Build/MMB29P) AppleWebKit/537.36 (KHTML, like Gecko) Chrome/137.0.7151.119 Mobile Safari/537.36 (compatible; Googlebot/2.1; +http://www.google.com/bot.html)"
66.249.70.33 - - [10/Jul/2025:09:05:11 -0400] "GET /?v=68468355001330&mod=8f795c7a&uri=product.php%3Fid%3D2292507-968%26name%3Dburberry+coat+wool+cashmere+coat+mens HTTP/1.1" 200 21169 "-" "Mozilla/5.0 (Linux; Android 6.0.1; Nexus 5X Build/MMB29P) AppleWebKit/537.36 (KHTML, like Gecko) Chrome/137.0.7151.103 Mobile Safari/537.36 (compatible; Googlebot/2.1; +http://www.google.com/bot.html)"
66.249.70.32 - - [10/Jul/2025:09:05:17 -0400] "GET /?v=68473029061330&mod=5c1b482b&uri=news.php%3Fid%3D2292663-1150%26name%3Dcargo+sweatpants+haband+mens+cargo+pants HTTP/1.1" 200 21368 "-" "Mozilla/5.0 (Linux; Android 6.0.1; Nexus 5X Build/MMB29P) AppleWebKit/537.36 (KHTML, like Gecko) Chrome/137.0.7151.103 Mobile Safari/537.36 (compatible; Googlebot/2.1; +http://www.google.com/bot.html)"
66.249.70.32 - - [10/Jul/2025:09:05:41 -0400] "GET /?v=68476269061330&mod=21fe5b8b&uri=itm.php%3Fid%3D2292771-16%26name%3Dkapuzenpullover+halloween+sweatshirt+damen HTTP/1.1" 200 22556 "-" "Mozilla/5.0 (Linux; Android 6.0.1; Nexus 5X Build/MMB29P) AppleWebKit/537.36 (KHTML, like Gecko) Chrome/137.0.7151.103 Mobile Safari/537.36 (compatible; Googlebot/2.1; +http://www.google.com/bot.html)"
66.249.70.33 - - [10/Jul/2025:09:06:09 -0400] "GET /?v=25113199021330&mod=3e450e4a&uri=itm.php%3Fid%3D840941-501%26name%3Dtie+dye+white+poetic+justice+hoodie HTTP/1.1" 200 21847 "-" "Mozilla/5.0 (Linux; Android 6.0.1; Nexus 5X Build/MMB29P) AppleWebKit/537.36 (KHTML, like Gecko) Chrome/137.0.7151.103 Mobile Safari/537.36 (compatible; Googlebot/2.1; +http://www.google.com/bot.html)"
5.146.251.128 - - [10/Jul/2025:09:06:41 -0400] "GET /?v=39810327051330&mod=3b0de458&uri=article.php%3Fid%3D1333004-285%26name%3Dalpina+test+occhiali+da+sole HTTP/1.1" 200 133 "https://www.google.com/" "Mozilla/5.0 (Windows NT 10.0; Win64; x64; rv:140.0) Gecko/20100101 Firefox/140.0"
66.249.70.34 - - [10/Jul/2025:09:07:27 -0400] "GET /?v=26125924021330&mod=e3eb4194&uri=us.php%3Fid%3D874881-76%26name%3Dmount+tammany+trail+map+best+hikes+delaware+water+gap HTTP/1.1" 200 21228 "-" "Mozilla/5.0 (Linux; Android 6.0.1; Nexus 5X Build/MMB29P) AppleWebKit/537.36 (KHTML, like Gecko) Chrome/137.0.7151.103 Mobile Safari/537.36 (compatible; Googlebot/2.1; +http://www.google.com/bot.html)"
66.249.70.33 - - [10/Jul/2025:09:07:38 -0400] "POST /get-message-notify HTTP/1.1" 404 1251 "https://www.getschooljobs.com/?v=26125924021330&mod=e3eb4194&uri=us.php%3Fid%3D874881-76%26name%3Dmount+tammany+trail+map+best+hikes+delaware+water+gap" "Mozilla/5.0 (Linux; Android 6.0.1; Nexus 5X Build/MMB29P) AppleWebKit/537.36 (KHTML, like Gecko) Chrome/137.0.7151.119 Mobile Safari/537.36 (compatible; Googlebot/2.1; +http://www.google.com/bot.html)"
66.249.70.34 - - [10/Jul/2025:09:08:24 -0400] "GET /?v=68477109021330&mod=8f795c7a&uri=pin.php%3Fid%3D2292799-968%26name%3Dfancy+childrens+jean+jackets HTTP/1.1" 200 21114 "-" "Mozilla/5.0 (Linux; Android 6.0.1; Nexus 5X Build/MMB29P) AppleWebKit/537.36 (KHTML, like Gecko) Chrome/137.0.7151.103 Mobile Safari/537.36 (compatible; Googlebot/2.1; +http://www.google.com/bot.html)"
66.249.70.32 - - [10/Jul/2025:09:09:28 -0400] "POST /get-message-notify HTTP/1.1" 404 1251 "https://www.getschooljobs.com/?v=209915061330&mod=5d461a9f&uri=shop.php%3Fid%3D7025-104%26name%3Dhelmut+lang+black+archives" "Mozilla/5.0 (Linux; Android 6.0.1; Nexus 5X Build/MMB29P) AppleWebKit/537.36 (KHTML, like Gecko) Chrome/137.0.7151.119 Mobile Safari/537.36 (compatible; Googlebot/2.1; +http://www.google.com/bot.html)"
66.249.70.33 - - [10/Jul/2025:09:09:51 -0400] "GET /?v=26120119071330&mod=5d50ce11&uri=info.php%3Fid%3D874686-563%26name%3Dspeed+cadence+sensor+magene+gemini+210+zwift HTTP/1.1" 200 20720 "-" "Mozilla/5.0 (Linux; Android 6.0.1; Nexus 5X Build/MMB29P) AppleWebKit/537.36 (KHTML, like Gecko) Chrome/137.0.7151.103 Mobile Safari/537.36 (compatible; Googlebot/2.1; +http://www.google.com/bot.html)"
66.249.70.33 - - [10/Jul/2025:09:09:53 -0400] "GET /?v=4434855071330&mod=8965f766&uri=form.php%3Fid%3D148472-55%26name%3Dsacchetti+shopper+porta+pizza HTTP/1.1" 200 21452 "-" "Mozilla/5.0 (Linux; Android 6.0.1; Nexus 5X Build/MMB29P) AppleWebKit/537.36 (KHTML, like Gecko) Chrome/137.0.7151.103 Mobile Safari/537.36 (compatible; Googlebot/2.1; +http://www.google.com/bot.html)"
20.215.214.25 - - [10/Jul/2025:09:10:01 -0400] "GET /?mod=8eda503d&uri=pin.php?id%3D3584903-473%26name%3Dcubic+zirconia+earrings+simply+silver+earrings&v=107071585001330 HTTP/1.1" 200 4655 "-" "Mozilla/5.0 AppleWebKit/537.36 (KHTML, like Gecko); compatible; ChatGPT-User/1.0; +https://openai.com/bot"
66.249.70.33 - - [10/Jul/2025:09:10:02 -0400] "POST /get-message-notify HTTP/1.1" 404 1251 "https://www.getschooljobs.com/?v=4434855071330&mod=8965f766&uri=form.php%3Fid%3D148472-55%26name%3Dsacchetti+shopper+porta+pizza" "Mozilla/5.0 (Linux; Android 6.0.1; Nexus 5X Build/MMB29P) AppleWebKit/537.36 (KHTML, like Gecko) Chrome/137.0.7151.119 Mobile Safari/537.36 (compatible; Googlebot/2.1; +http://www.google.com/bot.html)"
66.249.70.32 - - [10/Jul/2025:09:10:22 -0400] "GET /?v=192923121330&mod=ba530cdf&uri=info.php%3Fid%3D6457-113%26name%3Dmaxi+skirt+nordstrom+striped+skirt HTTP/1.1" 200 20365 "-" "Mozilla/5.0 (Linux; Android 6.0.1; Nexus 5X Build/MMB29P) AppleWebKit/537.36 (KHTML, like Gecko) Chrome/137.0.7151.103 Mobile Safari/537.36 (compatible; Googlebot/2.1; +http://www.google.com/bot.html)"
66.249.70.32 - - [10/Jul/2025:09:10:25 -0400] "POST /get-message-notify HTTP/1.1" 404 1251 "https://www.getschooljobs.com/?v=192923121330&mod=ba530cdf&uri=info.php%3Fid%3D6457-113%26name%3Dmaxi+skirt+nordstrom+striped+skirt" "Mozilla/5.0 (Linux; Android 6.0.1; Nexus 5X Build/MMB29P) AppleWebKit/537.36 (KHTML, like Gecko) Chrome/137.0.7151.119 Mobile Safari/537.36 (compatible; Googlebot/2.1; +http://www.google.com/bot.html)"
147.91.1.41 - - [10/Jul/2025:09:11:20 -0400] "GET /wp-login.php HTTP/1.1" 302 771 "-" "Mozilla/5.0 (Windows NT 10.0; WOW64; Trident/7.0; rv:11.0) like Gecko"
147.91.1.41 - - [10/Jul/2025:09:11:20 -0400] "GET /wp-login HTTP/1.1" 404 1251 "-" "Mozilla/5.0 (Windows NT 10.0; WOW64; Trident/7.0; rv:11.0) like Gecko"
147.91.1.41 - - [10/Jul/2025:09:11:20 -0400] "GET /xmlrpc.php HTTP/1.1" 302 771 "-" "Mozilla/5.0 (Windows NT 10.0; WOW64; Trident/7.0; rv:11.0) like Gecko"
147.91.1.41 - - [10/Jul/2025:09:11:20 -0400] "GET /xmlrpc HTTP/1.1" 404 1251 "-" "Mozilla/5.0 (Windows NT 10.0; WOW64; Trident/7.0; rv:11.0) like Gecko"
147.91.1.41 - - [10/Jul/2025:09:11:21 -0400] "GET /wp-login.php HTTP/1.1" 302 771 "-" "Mozilla/5.0 (Windows NT 10.0; WOW64; Trident/7.0; rv:11.0) like Gecko"
147.91.1.41 - - [10/Jul/2025:09:11:21 -0400] "GET /wp-login HTTP/1.1" 404 1251 "-" "Mozilla/5.0 (Windows NT 10.0; WOW64; Trident/7.0; rv:11.0) like Gecko"
147.91.1.41 - - [10/Jul/2025:09:11:21 -0400] "GET /xmlrpc.php HTTP/1.1" 302 771 "-" "Mozilla/5.0 (Windows NT 10.0; WOW64; Trident/7.0; rv:11.0) like Gecko"
147.91.1.41 - - [10/Jul/2025:09:11:21 -0400] "GET /xmlrpc HTTP/1.1" 404 1251 "-" "Mozilla/5.0 (Windows NT 10.0; WOW64; Trident/7.0; rv:11.0) like Gecko"
66.249.70.33 - - [10/Jul/2025:09:11:30 -0400] "GET /?v=26119219011330&mod=5d50ce11&uri=products.php%3Fid%3D874656-563%26name%3Delectric+scooter+ancheer+350w+electric+bike+review HTTP/1.1" 200 21922 "-" "Mozilla/5.0 (Linux; Android 6.0.1; Nexus 5X Build/MMB29P) AppleWebKit/537.36 (KHTML, like Gecko) Chrome/137.0.7151.103 Mobile Safari/537.36 (compatible; Googlebot/2.1; +http://www.google.com/bot.html)"
172.182.209.215 - - [10/Jul/2025:09:11:35 -0400] "GET /?mod=8eda503d&uri=pin.php%3Fid%3D3584903-473%26name%3Dcubic+zirconia+earrings+simply+silver+earrings&v=107071585001330 HTTP/1.1" 200 4655 "-" "Mozilla/5.0 (Macintosh; Intel Mac OS X 10_15_7) AppleWebKit/537.36 (KHTML, like Gecko) Chrome/131.0.0.0 Safari/537.36; compatible; OAI-SearchBot/1.0; +https://openai.com/searchbot"
66.249.70.33 - - [10/Jul/2025:09:11:51 -0400] "POST /get-message-notify HTTP/1.1" 404 1251 "https://www.getschooljobs.com/?v=26119219011330&mod=5d50ce11&uri=products.php%3Fid%3D874656-563%26name%3Delectric+scooter+ancheer+350w+electric+bike+review" "Mozilla/5.0 (Linux; Android 6.0.1; Nexus 5X Build/MMB29P) AppleWebKit/537.36 (KHTML, like Gecko) Chrome/137.0.7151.119 Mobile Safari/537.36 (compatible; Googlebot/2.1; +http://www.google.com/bot.html)"
66.249.70.33 - - [10/Jul/2025:09:12:52 -0400] "GET /?v=91645548001330&mod=d5fab51e&uri=goods.php%3Fid%3D3068355-1127%26name%3Dsweatshirts+reebok+sweat+reebok+enfant+deepblue HTTP/1.1" 200 21415 "-" "Mozilla/5.0 (Linux; Android 6.0.1; Nexus 5X Build/MMB29P) AppleWebKit/537.36 (KHTML, like Gecko) Chrome/137.0.7151.103 Mobile Safari/537.36 (compatible; Googlebot/2.1; +http://www.google.com/bot.html)"
66.249.70.32 - - [10/Jul/2025:09:12:53 -0400] "GET /?v=63491523001330&mod=31163fed&uri=itm.php%3Fid%3D2125837-300%26name%3Dmotorcycle+jacket+motorradjacke+12xl HTTP/1.1" 200 22459 "-" "Mozilla/5.0 (Linux; Android 6.0.1; Nexus 5X Build/MMB29P) AppleWebKit/537.36 (KHTML, like Gecko) Chrome/137.0.7151.103 Mobile Safari/537.36 (compatible; Googlebot/2.1; +http://www.google.com/bot.html)"
66.249.70.33 - - [10/Jul/2025:09:12:56 -0400] "POST /get-message-notify HTTP/1.1" 404 1251 "https://www.getschooljobs.com/?v=63491523001330&mod=31163fed&uri=itm.php%3Fid%3D2125837-300%26name%3Dmotorcycle+jacket+motorradjacke+12xl" "Mozilla/5.0 (Linux; Android 6.0.1; Nexus 5X Build/MMB29P) AppleWebKit/537.36 (KHTML, like Gecko) Chrome/137.0.7151.119 Mobile Safari/537.36 (compatible; Googlebot/2.1; +http://www.google.com/bot.html)"
66.249.70.32 - - [10/Jul/2025:09:13:19 -0400] "GET /?v=26175052051330&mod=a98af636&uri=product.php%3Fid%3D876521-790%26name%3Dplatform+sneakers+all+star+lift+white HTTP/1.1" 200 20369 "-" "Mozilla/5.0 (Linux; Android 6.0.1; Nexus 5X Build/MMB29P) AppleWebKit/537.36 (KHTML, like Gecko) Chrome/137.0.7151.103 Mobile Safari/537.36 (compatible; Googlebot/2.1; +http://www.google.com/bot.html)"
66.249.70.33 - - [10/Jul/2025:09:13:27 -0400] "POST /get-message-notify HTTP/1.1" 404 1251 "https://www.getschooljobs.com/?v=26175052051330&mod=a98af636&uri=product.php%3Fid%3D876521-790%26name%3Dplatform+sneakers+all+star+lift+white" "Mozilla/5.0 (Linux; Android 6.0.1; Nexus 5X Build/MMB29P) AppleWebKit/537.36 (KHTML, like Gecko) Chrome/137.0.7151.119 Mobile Safari/537.36 (compatible; Googlebot/2.1; +http://www.google.com/bot.html)"
23.98.142.185 - - [10/Jul/2025:09:13:37 -0400] "GET /?mod=dce58de1&uri=brands.php?id%3D78157-537%26name%3Dhardside+luggage+rockland+carry+on+luggage+review&v=2334491091330 HTTP/1.1" 200 4656 "-" "Mozilla/5.0 AppleWebKit/537.36 (KHTML, like Gecko); compatible; ChatGPT-User/1.0; +https://openai.com/bot"
54.225.81.20 - - [10/Jul/2025:09:13:58 -0400] "GET /robots.txt HTTP/1.1" 404 1251 "-" "Mozilla/5.0 AppleWebKit/537.36 (KHTML, like Gecko; compatible; Amazonbot/0.1; +https://developer.amazon.com/support/amazonbot) Chrome/119.0.6045.214 Safari/537.36"
23.21.225.190 - - [10/Jul/2025:09:14:00 -0400] "GET /?mod=5029a54e&uri=product.php?id%3D3193844-672%26name%3Dkia%20carnival%20kia%20carens%20child%20seats&v=95392898031330 HTTP/1.1" 200 5437 "-" "Mozilla/5.0 AppleWebKit/537.36 (KHTML, like Gecko; compatible; Amazonbot/0.1; +https://developer.amazon.com/support/amazonbot) Chrome/119.0.6045.214 Safari/537.36"
66.249.70.33 - - [10/Jul/2025:09:14:01 -0400] "GET /?v=26165932051330&mod=2c8672aa&uri=goods.php%3Fid%3D876217-470%26name%3Dankle+strap+black+patent+mary+jane+flats HTTP/1.1" 200 20784 "-" "Mozilla/5.0 (Linux; Android 6.0.1; Nexus 5X Build/MMB29P) AppleWebKit/537.36 (KHTML, like Gecko) Chrome/137.0.7151.103 Mobile Safari/537.36 (compatible; Googlebot/2.1; +http://www.google.com/bot.html)"
5.161.43.150 - - [10/Jul/2025:09:14:10 -0400] "GET /?v=3834312091330&mod=ac42634b&uri=info.php?id%3D128350-356&name=rheem+water+heater+leaking+from+drain HTTP/1.1" 200 4655 "-" "Mozilla/5.0 (Windows NT 10.0; Win64; x64) AppleWebKit/537.36 (KHTML, like Gecko) Chrome/84.0.4147.105 Safari/537.36"
66.249.70.32 - - [10/Jul/2025:09:14:55 -0400] "GET /?v=117055442021330&mod=c0681c91&uri=info.php%3Fid%3D3919119-206%26name%3Dschemi+gratis+scarpine+neonato+lana+uncinetto HTTP/1.1" 200 21866 "-" "Mozilla/5.0 (Linux; Android 6.0.1; Nexus 5X Build/MMB29P) AppleWebKit/537.36 (KHTML, like Gecko) Chrome/137.0.7151.103 Mobile Safari/537.36 (compatible; Googlebot/2.1; +http://www.google.com/bot.html)"
5.161.61.91 - - [10/Jul/2025:09:15:24 -0400] "GET /?v=13689758061330&mod=b2330fc4&uri=news.php?id%3D458329-41&name=folding+rack+rml+3w+rogue HTTP/1.1" 200 4655 "-" "Mozilla/5.0 (Windows NT 10.0; Win64; x64) AppleWebKit/537.36 (KHTML, like Gecko) Chrome/84.0.4147.105 Safari/537.36"
66.249.70.32 - - [10/Jul/2025:09:15:34 -0400] "GET /?v=26071657021330&mod=9d4b60fb&uri=brands.php%3Fid%3D873067-649%26name%3Draul+garcia+garcia+jeans+jacket HTTP/1.1" 200 21715 "-" "Mozilla/5.0 (Linux; Android 6.0.1; Nexus 5X Build/MMB29P) AppleWebKit/537.36 (KHTML, like Gecko) Chrome/137.0.7151.103 Mobile Safari/537.36 (compatible; Googlebot/2.1; +http://www.google.com/bot.html)"
5.161.254.200 - - [10/Jul/2025:09:15:37 -0400] "GET /?v=119192044021330&mod=c164729e&uri=search.php?id%3D3990727-650&name=hotel+kalinga+golden+goose+cow+print+sneakers HTTP/1.1" 200 4655 "-" "Mozilla/5.0 (Windows NT 10.0; Win64; x64) AppleWebKit/537.36 (KHTML, like Gecko) Chrome/84.0.4147.105 Safari/537.36"
66.249.70.32 - - [10/Jul/2025:09:15:38 -0400] "POST /get-message-notify HTTP/1.1" 404 1251 "https://www.getschooljobs.com/?v=26071657021330&mod=9d4b60fb&uri=brands.php%3Fid%3D873067-649%26name%3Draul+garcia+garcia+jeans+jacket" "Mozilla/5.0 (Linux; Android 6.0.1; Nexus 5X Build/MMB29P) AppleWebKit/537.36 (KHTML, like Gecko) Chrome/137.0.7151.119 Mobile Safari/537.36 (compatible; Googlebot/2.1; +http://www.google.com/bot.html)"
66.249.70.33 - - [10/Jul/2025:09:16:14 -0400] "GET /?v=69943386081330&mod=8160a40c&uri=search.php%3Fid%3D2341874-579%26name%3Dhockey+winnipeg+jets+aboriginal+logo HTTP/1.1" 200 21394 "-" "Mozilla/5.0 (Linux; Android 6.0.1; Nexus 5X Build/MMB29P) AppleWebKit/537.36 (KHTML, like Gecko) Chrome/137.0.7151.103 Mobile Safari/537.36 (compatible; Googlebot/2.1; +http://www.google.com/bot.html)"
66.249.70.32 - - [10/Jul/2025:09:17:36 -0400] "GET /?v=116762089001330&mod=4747f5ca&uri=shop.php%3Fid%3D3909279-78%26name%3Dnight+guard+boxing+mouthpiece+for+braces HTTP/1.1" 200 20856 "-" "Mozilla/5.0 (Linux; Android 6.0.1; Nexus 5X Build/MMB29P) AppleWebKit/537.36 (KHTML, like Gecko) Chrome/137.0.7151.103 Mobile Safari/537.36 (compatible; Googlebot/2.1; +http://www.google.com/bot.html)"
66.249.70.33 - - [10/Jul/2025:09:19:07 -0400] "GET /?v=26122969001330&mod=76e58a9d&uri=us.php%3Fid%3D874781-1487%26name%3Ddragon+osprey+kestrel+58l HTTP/1.1" 200 21117 "-" "Mozilla/5.0 (Linux; Android 6.0.1; Nexus 5X Build/MMB29P) AppleWebKit/537.36 (KHTML, like Gecko) Chrome/137.0.7151.103 Mobile Safari/537.36 (compatible; Googlebot/2.1; +http://www.google.com/bot.html)"
66.249.70.33 - - [10/Jul/2025:09:19:21 -0400] "GET /?v=43923311011330&mod=70d85f35&uri=blog.php%3Fid%3D1470620-94%26name%3Dwaterproof+shoes+walking+trainers+uk HTTP/1.1" 200 21265 "-" "Mozilla/5.0 (Linux; Android 6.0.1; Nexus 5X Build/MMB29P) AppleWebKit/537.36 (KHTML, like Gecko) Chrome/137.0.7151.103 Mobile Safari/537.36 (compatible; Googlebot/2.1; +http://www.google.com/bot.html)"
151.82.212.101 - - [10/Jul/2025:09:20:22 -0400] "GET /?v=100528075061330&mod=16396618&uri=us.php%3Fid%3D3365853-502%26name%3Dmobile+angolare+mobile+sala+in+legno HTTP/1.1" 200 134 "https://www.google.com/" "Mozilla/5.0 (iPhone; CPU iPhone OS 18_5 like Mac OS X) AppleWebKit/605.1.15 (KHTML, like Gecko) Version/18.5 Mobile/15E148 Safari/604.1"
66.249.70.34 - - [10/Jul/2025:09:20:28 -0400] "GET /?v=116763386141330&mod=db8634c5&uri=brands.php%3Fid%3D3909323-541%26name%3Dstainless+steel+rolex+oyster+perpetual+date+precio+usado HTTP/1.1" 200 20320 "-" "Mozilla/5.0 (Linux; Android 6.0.1; Nexus 5X Build/MMB29P) AppleWebKit/537.36 (KHTML, like Gecko) Chrome/137.0.7151.103 Mobile Safari/537.36 (compatible; Googlebot/2.1; +http://www.google.com/bot.html)"
66.249.70.34 - - [10/Jul/2025:09:20:28 -0400] "GET /?v=72796670021330&mod=7bd1d4fb&uri=brands.php%3Fid%3D2437407-445%26name%3Dcaprice+black+glass+bar+table HTTP/1.1" 200 22301 "-" "Mozilla/5.0 (Linux; Android 6.0.1; Nexus 5X Build/MMB29P) AppleWebKit/537.36 (KHTML, like Gecko) Chrome/137.0.7151.103 Mobile Safari/537.36 (compatible; Googlebot/2.1; +http://www.google.com/bot.html)"
66.249.70.32 - - [10/Jul/2025:09:20:33 -0400] "POST /get-message-notify HTTP/1.1" 404 1251 "https://www.getschooljobs.com/?v=72796670021330&mod=7bd1d4fb&uri=brands.php%3Fid%3D2437407-445%26name%3Dcaprice+black+glass+bar+table" "Mozilla/5.0 (Linux; Android 6.0.1; Nexus 5X Build/MMB29P) AppleWebKit/537.36 (KHTML, like Gecko) Chrome/137.0.7151.119 Mobile Safari/537.36 (compatible; Googlebot/2.1; +http://www.google.com/bot.html)"
40.84.221.232 - - [10/Jul/2025:09:20:40 -0400] "GET /?mod=8419b83d&uri=info.php?id%3D3331188-1164%26name%3Dvuitton+monogram+eclipse+m43186+louis+vuitton&v=99494030051330 HTTP/1.1" 200 4655 "-" "Mozilla/5.0 AppleWebKit/537.36 (KHTML, like Gecko); compatible; ChatGPT-User/1.0; +https://openai.com/bot"
40.84.221.235 - - [10/Jul/2025:09:20:46 -0400] "GET / HTTP/1.1" 200 4655 "-" "Mozilla/5.0 AppleWebKit/537.36 (KHTML, like Gecko); compatible; ChatGPT-User/1.0; +https://openai.com/bot"
66.249.70.32 - - [10/Jul/2025:09:20:55 -0400] "GET /?v=51177288031330&mod=78a7f120&uri=product.php%3Fid%3D1713416-875%26name%3Dwallapop+mantas+bebe+zara HTTP/1.1" 200 21466 "-" "Mozilla/5.0 (Linux; Android 6.0.1; Nexus 5X Build/MMB29P) AppleWebKit/537.36 (KHTML, like Gecko) Chrome/137.0.7151.103 Mobile Safari/537.36 (compatible; Googlebot/2.1; +http://www.google.com/bot.html)"
66.249.70.32 - - [10/Jul/2025:09:20:57 -0400] "GET /?v=26125044001330&mod=76e58a9d&uri=shared.php%3Fid%3D874851-1487%26name%3D30l+haglofs+backpacks HTTP/1.1" 200 20673 "-" "Mozilla/5.0 (Linux; Android 6.0.1; Nexus 5X Build/MMB29P) AppleWebKit/537.36 (KHTML, like Gecko) Chrome/137.0.7151.103 Mobile Safari/537.36 (compatible; Googlebot/2.1; +http://www.google.com/bot.html)"
66.249.70.32 - - [10/Jul/2025:09:20:59 -0400] "POST /get-message-notify HTTP/1.1" 404 1251 "https://www.getschooljobs.com/?v=51177288031330&mod=78a7f120&uri=product.php%3Fid%3D1713416-875%26name%3Dwallapop+mantas+bebe+zara" "Mozilla/5.0 (Linux; Android 6.0.1; Nexus 5X Build/MMB29P) AppleWebKit/537.36 (KHTML, like Gecko) Chrome/137.0.7151.119 Mobile Safari/537.36 (compatible; Googlebot/2.1; +http://www.google.com/bot.html)"
103.131.71.81 - - [10/Jul/2025:09:21:11 -0400] "GET /robots.txt HTTP/1.1" 404 1251 "-" "Mozilla/5.0 (compatible; coccocbot-web/1.0; +http://help.coccoc.com/searchengine)"
103.131.71.92 - - [10/Jul/2025:09:21:13 -0400] "GET /?v=21040772031330&mod=c91aef64&uri=dp.php%3Fid%3D704565-870%26name%3Dbadminton+racket+hendra+setiawan+mizuno+racket HTTP/1.1" 200 5437 "-" "Mozilla/5.0 (compatible; coccocbot-web/1.0; +http://help.coccoc.com/searchengine)"
66.249.70.33 - - [10/Jul/2025:09:21:37 -0400] "GET /?v=68476149001330&mod=5c1b482b&uri=pin.php%3Fid%3D2292767-1150%26name%3Dcasual+grey+cargo+pants HTTP/1.1" 200 21925 "-" "Mozilla/5.0 (Linux; Android 6.0.1; Nexus 5X Build/MMB29P) AppleWebKit/537.36 (KHTML, like Gecko) Chrome/137.0.7151.103 Mobile Safari/537.36 (compatible; Googlebot/2.1; +http://www.google.com/bot.html)"
66.249.70.34 - - [10/Jul/2025:09:22:05 -0400] "GET /?v=26120719001330&mod=5d50ce11&uri=article.php%3Fid%3D874706-563%26name%3Dspeed+sensor+magene+gemini+210+zwift HTTP/1.1" 200 21385 "-" "Mozilla/5.0 (Linux; Android 6.0.1; Nexus 5X Build/MMB29P) AppleWebKit/537.36 (KHTML, like Gecko) Chrome/137.0.7151.103 Mobile Safari/537.36 (compatible; Googlebot/2.1; +http://www.google.com/bot.html)"
66.249.70.32 - - [10/Jul/2025:09:22:08 -0400] "POST /get-message-notify HTTP/1.1" 404 1251 "https://www.getschooljobs.com/?v=26120719001330&mod=5d50ce11&uri=article.php%3Fid%3D874706-563%26name%3Dspeed+sensor+magene+gemini+210+zwift" "Mozilla/5.0 (Linux; Android 6.0.1; Nexus 5X Build/MMB29P) AppleWebKit/537.36 (KHTML, like Gecko) Chrome/137.0.7151.119 Mobile Safari/537.36 (compatible; Googlebot/2.1; +http://www.google.com/bot.html)"
83.50.152.171 - - [10/Jul/2025:09:22:18 -0400] "GET /?v=107114261001330&mod=c36f00ab&uri=pin.php%3Fid%3D3586331-1304%26name%3Dmadrinas+precios+vestido+fiesta+rosa+clara+2021 HTTP/1.1" 200 4655 "-" "Mozilla/5.0 (Linux; Android 10; K) AppleWebKit/537.36 (KHTML, like Gecko) SamsungBrowser/28.0 Chrome/130.0.0.0 Mobile Safari/537.36"
83.50.152.171 - - [10/Jul/2025:09:22:19 -0400] "GET /assets/bootstrap.min.css HTTP/1.1" 200 28266 "https://www.getschooljobs.com/?v=107114261001330&mod=c36f00ab&uri=pin.php%3Fid%3D3586331-1304%26name%3Dmadrinas+precios+vestido+fiesta+rosa+clara+2021" "Mozilla/5.0 (Linux; Android 10; K) AppleWebKit/537.36 (KHTML, like Gecko) SamsungBrowser/28.0 Chrome/130.0.0.0 Mobile Safari/537.36"
83.50.152.171 - - [10/Jul/2025:09:22:19 -0400] "GET /assets/swiper-bundle.min.css HTTP/1.1" 200 4499 "https://www.getschooljobs.com/?v=107114261001330&mod=c36f00ab&uri=pin.php%3Fid%3D3586331-1304%26name%3Dmadrinas+precios+vestido+fiesta+rosa+clara+2021" "Mozilla/5.0 (Linux; Android 10; K) AppleWebKit/537.36 (KHTML, like Gecko) SamsungBrowser/28.0 Chrome/130.0.0.0 Mobile Safari/537.36"
83.50.152.171 - - [10/Jul/2025:09:22:19 -0400] "GET /assets/main.css HTTP/1.1" 200 7933 "https://www.getschooljobs.com/?v=107114261001330&mod=c36f00ab&uri=pin.php%3Fid%3D3586331-1304%26name%3Dmadrinas+precios+vestido+fiesta+rosa+clara+2021" "Mozilla/5.0 (Linux; Android 10; K) AppleWebKit/537.36 (KHTML, like Gecko) SamsungBrowser/28.0 Chrome/130.0.0.0 Mobile Safari/537.36"
83.50.152.171 - - [10/Jul/2025:09:22:19 -0400] "GET /assets/img/schooljob.png HTTP/1.1" 200 51241 "https://www.getschooljobs.com/?v=107114261001330&mod=c36f00ab&uri=pin.php%3Fid%3D3586331-1304%26name%3Dmadrinas+precios+vestido+fiesta+rosa+clara+2021" "Mozilla/5.0 (Linux; Android 10; K) AppleWebKit/537.36 (KHTML, like Gecko) SamsungBrowser/28.0 Chrome/130.0.0.0 Mobile Safari/537.36"
83.50.152.171 - - [10/Jul/2025:09:22:19 -0400] "GET /assets/img/about-21.webp HTTP/1.1" 200 78192 "https://www.getschooljobs.com/?v=107114261001330&mod=c36f00ab&uri=pin.php%3Fid%3D3586331-1304%26name%3Dmadrinas+precios+vestido+fiesta+rosa+clara+2021" "Mozilla/5.0 (Linux; Android 10; K) AppleWebKit/537.36 (KHTML, like Gecko) SamsungBrowser/28.0 Chrome/130.0.0.0 Mobile Safari/537.36"
83.50.152.171 - - [10/Jul/2025:09:22:19 -0400] "GET /assets/bootstrap.bundle.min.js HTTP/1.1" 200 22944 "https://www.getschooljobs.com/?v=107114261001330&mod=c36f00ab&uri=pin.php%3Fid%3D3586331-1304%26name%3Dmadrinas+precios+vestido+fiesta+rosa+clara+2021" "Mozilla/5.0 (Linux; Android 10; K) AppleWebKit/537.36 (KHTML, like Gecko) SamsungBrowser/28.0 Chrome/130.0.0.0 Mobile Safari/537.36"
83.50.152.171 - - [10/Jul/2025:09:22:19 -0400] "GET /assets/purecounter_vanilla.js HTTP/1.1" 200 2229 "https://www.getschooljobs.com/?v=107114261001330&mod=c36f00ab&uri=pin.php%3Fid%3D3586331-1304%26name%3Dmadrinas+precios+vestido+fiesta+rosa+clara+2021" "Mozilla/5.0 (Linux; Android 10; K) AppleWebKit/537.36 (KHTML, like Gecko) SamsungBrowser/28.0 Chrome/130.0.0.0 Mobile Safari/537.36"
83.50.152.171 - - [10/Jul/2025:09:22:19 -0400] "GET /assets/swiper-bundle.min.js HTTP/1.1" 200 41186 "https://www.getschooljobs.com/?v=107114261001330&mod=c36f00ab&uri=pin.php%3Fid%3D3586331-1304%26name%3Dmadrinas+precios+vestido+fiesta+rosa+clara+2021" "Mozilla/5.0 (Linux; Android 10; K) AppleWebKit/537.36 (KHTML, like Gecko) SamsungBrowser/28.0 Chrome/130.0.0.0 Mobile Safari/537.36"
83.50.152.171 - - [10/Jul/2025:09:22:19 -0400] "GET /assets/main.js HTTP/1.1" 200 1456 "https://www.getschooljobs.com/?v=107114261001330&mod=c36f00ab&uri=pin.php%3Fid%3D3586331-1304%26name%3Dmadrinas+precios+vestido+fiesta+rosa+clara+2021" "Mozilla/5.0 (Linux; Android 10; K) AppleWebKit/537.36 (KHTML, like Gecko) SamsungBrowser/28.0 Chrome/130.0.0.0 Mobile Safari/537.36"
83.50.152.171 - - [10/Jul/2025:09:22:20 -0400] "GET /assets/img/favicon.png HTTP/1.1" 200 1369 "https://www.getschooljobs.com/?v=107114261001330&mod=c36f00ab&uri=pin.php%3Fid%3D3586331-1304%26name%3Dmadrinas+precios+vestido+fiesta+rosa+clara+2021" "Mozilla/5.0 (Linux; Android 10; K) AppleWebKit/537.36 (KHTML, like Gecko) SamsungBrowser/28.0 Chrome/130.0.0.0 Mobile Safari/537.36"
83.50.152.171 - - [10/Jul/2025:09:22:20 -0400] "GET /assets/img/apple-touch-icon.png HTTP/1.1" 200 1369 "https://www.getschooljobs.com/?v=107114261001330&mod=c36f00ab&uri=pin.php%3Fid%3D3586331-1304%26name%3Dmadrinas+precios+vestido+fiesta+rosa+clara+2021" "Mozilla/5.0 (Linux; Android 10; K) AppleWebKit/537.36 (KHTML, like Gecko) SamsungBrowser/28.0 Chrome/130.0.0.0 Mobile Safari/537.36"
20.14.99.110 - - [10/Jul/2025:09:22:36 -0400] "GET /?mod=8419b83d&uri=info.php%3Fid%3D3331188-1164%26name%3Dvuitton+monogram+eclipse+m43186+louis+vuitton&v=99494030051330 HTTP/1.1" 200 4655 "-" "Mozilla/5.0 (Macintosh; Intel Mac OS X 10_15_7) AppleWebKit/537.36 (KHTML, like Gecko) Chrome/131.0.0.0 Safari/537.36; compatible; OAI-SearchBot/1.0; +https://openai.com/searchbot"
135.181.178.242 - - [10/Jul/2025:09:22:42 -0400] "GET /?v=91594384081330%27&mod=5a316367&uri=product.php?id=3066645-1860&name=stella+york+relaxed+bridal+dresses HTTP/1.1" 200 19037 "-" "Mozilla/5.0 (Windows NT 10.0; Win64; x64) AppleWebKit/537.36 (KHTML, like Gecko) Chrome/126.0.0.0 Safari/537.36"
135.181.178.242 - - [10/Jul/2025:09:22:42 -0400] "GET /?v=91594384081330&mod=5a316367&uri=product.php?id=3066645-1860&name=stella+york+relaxed+bridal+dresses%27 HTTP/1.1" 200 19037 "-" "Mozilla/5.0 (Windows NT 10.0; Win64; x64) AppleWebKit/537.36 (KHTML, like Gecko) Chrome/126.0.0.0 Safari/537.36"
135.181.178.242 - - [10/Jul/2025:09:22:42 -0400] "GET /?v=91594384081330&mod=5a316367%27&uri=product.php?id=3066645-1860&name=stella+york+relaxed+bridal+dresses HTTP/1.1" 200 19037 "-" "Mozilla/5.0 (Windows NT 10.0; Win64; x64) AppleWebKit/537.36 (KHTML, like Gecko) Chrome/126.0.0.0 Safari/537.36"
135.181.178.242 - - [10/Jul/2025:09:22:42 -0400] "GET /?v=91594384081330&mod=5a316367&uri=product.php?id=3066645-1860%27&name=stella+york+relaxed+bridal+dresses HTTP/1.1" 200 19037 "-" "Mozilla/5.0 (Windows NT 10.0; Win64; x64) AppleWebKit/537.36 (KHTML, like Gecko) Chrome/126.0.0.0 Safari/537.36"
66.249.70.32 - - [10/Jul/2025:09:22:54 -0400] "GET /?v=72642669121330&mod=0bff2aa0&uri=blog.php%3Fid%3D2432248-318%26name%3Dgold+necklace+baptism+jewellery HTTP/1.1" 200 21794 "-" "Mozilla/5.0 (Linux; Android 6.0.1; Nexus 5X Build/MMB29P) AppleWebKit/537.36 (KHTML, like Gecko) Chrome/137.0.7151.103 Mobile Safari/537.36 (compatible; Googlebot/2.1; +http://www.google.com/bot.html)"
66.249.70.32 - - [10/Jul/2025:09:22:54 -0400] "GET /?v=3937349041330&mod=0b7e4125&uri=news.php%3Fid%3D131795-125%26name%3Dfleece+jumper+jack+wolfskin+cordjacke HTTP/1.1" 200 22447 "-" "Mozilla/5.0 (Linux; Android 6.0.1; Nexus 5X Build/MMB29P) AppleWebKit/537.36 (KHTML, like Gecko) Chrome/137.0.7151.103 Mobile Safari/537.36 (compatible; Googlebot/2.1; +http://www.google.com/bot.html)"
66.249.70.32 - - [10/Jul/2025:09:23:01 -0400] "POST /get-message-notify HTTP/1.1" 404 1251 "https://www.getschooljobs.com/?v=72642669121330&mod=0bff2aa0&uri=blog.php%3Fid%3D2432248-318%26name%3Dgold+necklace+baptism+jewellery" "Mozilla/5.0 (Linux; Android 6.0.1; Nexus 5X Build/MMB29P) AppleWebKit/537.36 (KHTML, like Gecko) Chrome/137.0.7151.119 Mobile Safari/537.36 (compatible; Googlebot/2.1; +http://www.google.com/bot.html)"
66.249.70.33 - - [10/Jul/2025:09:23:02 -0400] "POST /get-message-notify HTTP/1.1" 404 1251 "https://www.getschooljobs.com/?v=3937349041330&mod=0b7e4125&uri=news.php%3Fid%3D131795-125%26name%3Dfleece+jumper+jack+wolfskin+cordjacke" "Mozilla/5.0 (Linux; Android 6.0.1; Nexus 5X Build/MMB29P) AppleWebKit/537.36 (KHTML, like Gecko) Chrome/137.0.7151.119 Mobile Safari/537.36 (compatible; Googlebot/2.1; +http://www.google.com/bot.html)"
66.249.70.33 - - [10/Jul/2025:09:24:07 -0400] "GET /?v=71360812021330&mod=ecf0d07e&uri=brands.php%3Fid%3D2389314-452%26name%3Dgold+damen+uhren+esprit HTTP/1.1" 200 21045 "-" "Mozilla/5.0 (Linux; Android 6.0.1; Nexus 5X Build/MMB29P) AppleWebKit/537.36 (KHTML, like Gecko) Chrome/137.0.7151.103 Mobile Safari/537.36 (compatible; Googlebot/2.1; +http://www.google.com/bot.html)"
