66.249.70.32 - - [10/Jul/2025:15:28:04 -0400] "POST /get-message-notify HTTP/1.1" 404 1251 "https://www.getschooljobs.com/?v=109776404041330&mod=e562cd9c&uri=us.php%3Fid%3D3675425-63%26name%3Dz370+pc+coffee+lake+lga+1151" "Mozilla/5.0 (Linux; Android 6.0.1; Nexus 5X Build/MMB29P) AppleWebKit/537.36 (KHTML, like Gecko) Chrome/137.0.7151.119 Mobile Safari/537.36 (compatible; Googlebot/2.1; +http://www.google.com/bot.html)"
66.249.70.32 - - [10/Jul/2025:15:28:06 -0400] "POST /get-message-notify HTTP/1.1" 404 1251 "https://www.getschooljobs.com/?v=109780604021330&mod=566cf8f5&uri=shared.php%3Fid%3D3675565-539%26name%3Dbattery+grip+rig+sony+a6000" "Mozilla/5.0 (Linux; Android 6.0.1; Nexus 5X Build/MMB29P) AppleWebKit/537.36 (KHTML, like Gecko) Chrome/137.0.7151.119 Mobile Safari/537.36 (compatible; Googlebot/2.1; +http://www.google.com/bot.html)"
66.249.70.32 - - [10/Jul/2025:15:28:06 -0400] "GET /?v=118504385051330&mod=dafcf0ad&uri=category-info.php%3Fid%3D3967658-758%26name%3Dwomens+jacket+waterproof+jacket+and+trousers HTTP/1.1" 200 21256 "-" "Mozilla/5.0 (Linux; Android 6.0.1; Nexus 5X Build/MMB29P) AppleWebKit/537.36 (KHTML, like Gecko) Chrome/137.0.7151.103 Mobile Safari/537.36 (compatible; Googlebot/2.1; +http://www.google.com/bot.html)"
66.249.70.32 - - [10/Jul/2025:15:28:10 -0400] "GET /?v=109819077051330&mod=019d385e&uri=shop.php%3Fid%3D3676850-4%26name%3Dbefore+vent+cleaners HTTP/1.1" 200 21428 "-" "Mozilla/5.0 (Linux; Android 6.0.1; Nexus 5X Build/MMB29P) AppleWebKit/537.36 (KHTML, like Gecko) Chrome/137.0.7151.103 Mobile Safari/537.36 (compatible; Googlebot/2.1; +http://www.google.com/bot.html)"
66.249.70.32 - - [10/Jul/2025:15:28:13 -0400] "GET /?v=26075977101330&mod=298f5874&uri=category-info.php%3Fid%3D873211-39%26name%3Dandroid+set+up+iwatch+to+new+phone HTTP/1.1" 200 22032 "-" "Mozilla/5.0 (Linux; Android 6.0.1; Nexus 5X Build/MMB29P) AppleWebKit/537.36 (KHTML, like Gecko) Chrome/137.0.7151.103 Mobile Safari/537.36 (compatible; Googlebot/2.1; +http://www.google.com/bot.html)"
66.249.70.32 - - [10/Jul/2025:15:28:19 -0400] "GET /?v=109772816041330&mod=e562cd9c&uri=pin.php%3Fid%3D3675305-63%26name%3Dsabertooth+motherboard+asus+tuf+sabertooth+z170+s HTTP/1.1" 200 21514 "-" "Mozilla/5.0 (Linux; Android 6.0.1; Nexus 5X Build/MMB29P) AppleWebKit/537.36 (KHTML, like Gecko) Chrome/137.0.7151.103 Mobile Safari/537.36 (compatible; Googlebot/2.1; +http://www.google.com/bot.html)"
66.249.70.32 - - [10/Jul/2025:15:28:23 -0400] "GET /?v=109812567031330&mod=019d385e&uri=us.php%3Fid%3D3676633-4%26name%3Dlyrics+boomplay+down+with+the+sickness+mp3+download HTTP/1.1" 200 22058 "-" "Mozilla/5.0 (Linux; Android 6.0.1; Nexus 5X Build/MMB29P) AppleWebKit/537.36 (KHTML, like Gecko) Chrome/137.0.7151.103 Mobile Safari/537.36 (compatible; Googlebot/2.1; +http://www.google.com/bot.html)"
66.249.70.32 - - [10/Jul/2025:15:28:29 -0400] "GET /?v=109808028061330&mod=566cf8f5&uri=category-info.php%3Fid%3D3676481-539%26name%3Dlogitech+c920+best+webcam+under+200 HTTP/1.1" 200 21257 "-" "Mozilla/5.0 (Linux; Android 6.0.1; Nexus 5X Build/MMB29P) AppleWebKit/537.36 (KHTML, like Gecko) Chrome/137.0.7151.103 Mobile Safari/537.36 (compatible; Googlebot/2.1; +http://www.google.com/bot.html)"
66.249.70.32 - - [10/Jul/2025:15:28:32 -0400] "POST /get-message-notify HTTP/1.1" 404 1251 "https://www.getschooljobs.com/?v=109808028061330&mod=566cf8f5&uri=category-info.php%3Fid%3D3676481-539%26name%3Dlogitech+c920+best+webcam+under+200" "Mozilla/5.0 (Linux; Android 6.0.1; Nexus 5X Build/MMB29P) AppleWebKit/537.36 (KHTML, like Gecko) Chrome/137.0.7151.119 Mobile Safari/537.36 (compatible; Googlebot/2.1; +http://www.google.com/bot.html)"
66.249.70.32 - - [10/Jul/2025:15:28:32 -0400] "GET /?v=118505225071330&mod=0f409d74&uri=us.php%3Fid%3D3967686-1109%26name%3Dicon+eau+police+icon+125ml HTTP/1.1" 200 20407 "-" "Mozilla/5.0 (Linux; Android 6.0.1; Nexus 5X Build/MMB29P) AppleWebKit/537.36 (KHTML, like Gecko) Chrome/137.0.7151.103 Mobile Safari/537.36 (compatible; Googlebot/2.1; +http://www.google.com/bot.html)"
51.222.253.14 - - [10/Jul/2025:15:28:34 -0400] "GET /robots.txt HTTP/1.1" 404 1251 "-" "Mozilla/5.0 (compatible; AhrefsBot/7.0; +http://ahrefs.com/robot/)"
66.249.70.32 - - [10/Jul/2025:15:28:35 -0400] "GET /?v=118505855061330&mod=0f409d74&uri=news.php%3Fid%3D3967707-1109%26name%3Dicon+perfume+police+icon+125ml HTTP/1.1" 200 20340 "-" "Mozilla/5.0 (Linux; Android 6.0.1; Nexus 5X Build/MMB29P) AppleWebKit/537.36 (KHTML, like Gecko) Chrome/137.0.7151.103 Mobile Safari/537.36 (compatible; Googlebot/2.1; +http://www.google.com/bot.html)"
54.36.149.65 - - [10/Jul/2025:15:28:35 -0400] "GET / HTTP/1.1" 200 4655 "-" "Mozilla/5.0 (compatible; AhrefsBot/7.0; +http://ahrefs.com/robot/)"
66.249.70.32 - - [10/Jul/2025:15:28:39 -0400] "GET /?v=109864407001330&mod=c7876d6b&uri=info.php%3Fid%3D3678367-134%26name%3Drel%C3%B3gio+casio+como+saber+si+g+shock+es+original HTTP/1.1" 200 21628 "-" "Mozilla/5.0 (Linux; Android 6.0.1; Nexus 5X Build/MMB29P) AppleWebKit/537.36 (KHTML, like Gecko) Chrome/137.0.7151.103 Mobile Safari/537.36 (compatible; Googlebot/2.1; +http://www.google.com/bot.html)"
66.249.70.32 - - [10/Jul/2025:15:28:42 -0400] "GET /?v=109865037071330&mod=c7876d6b&uri=dp.php%3Fid%3D3678388-134%26name%3Dwatch4+bluetooth+40mm+smartwatch+galaxy+watch4+40mm HTTP/1.1" 200 21498 "-" "Mozilla/5.0 (Linux; Android 6.0.1; Nexus 5X Build/MMB29P) AppleWebKit/537.36 (KHTML, like Gecko) Chrome/137.0.7151.103 Mobile Safari/537.36 (compatible; Googlebot/2.1; +http://www.google.com/bot.html)"
66.249.70.32 - - [10/Jul/2025:15:28:49 -0400] "GET /?v=109825257031330&mod=019d385e&uri=shop.php%3Fid%3D3677056-4%26name%3Dnike+550+down+fill HTTP/1.1" 200 21084 "-" "Mozilla/5.0 (Linux; Android 6.0.1; Nexus 5X Build/MMB29P) AppleWebKit/537.36 (KHTML, like Gecko) Chrome/137.0.7151.103 Mobile Safari/537.36 (compatible; Googlebot/2.1; +http://www.google.com/bot.html)"
66.249.70.32 - - [10/Jul/2025:15:28:54 -0400] "GET /?v=26081887021330&mod=25766f01&uri=form.php%3Fid%3D873408-29%26name%3Dlakh+sports+bike+highest+price HTTP/1.1" 200 21789 "-" "Mozilla/5.0 (Linux; Android 6.0.1; Nexus 5X Build/MMB29P) AppleWebKit/537.36 (KHTML, like Gecko) Chrome/137.0.7151.103 Mobile Safari/537.36 (compatible; Googlebot/2.1; +http://www.google.com/bot.html)"
66.249.70.32 - - [10/Jul/2025:15:28:58 -0400] "GET /?v=85357148001330&mod=92755a67&uri=info.php%3Fid%3D2857879-456%26name%3Dblaster+dardos+para+nerf+rebelle HTTP/1.1" 200 21756 "-" "Mozilla/5.0 (Linux; Android 6.0.1; Nexus 5X Build/MMB29P) AppleWebKit/537.36 (KHTML, like Gecko) Chrome/137.0.7151.103 Mobile Safari/537.36 (compatible; Googlebot/2.1; +http://www.google.com/bot.html)"
66.249.70.34 - - [10/Jul/2025:15:29:04 -0400] "GET /?v=85359845001330&mod=92755a67&uri=shared.php%3Fid%3D2857969-456%26name%3Dgatos+alfombra+gel+refrescante+mascotas HTTP/1.1" 200 22447 "-" "Mozilla/5.0 (Linux; Android 6.0.1; Nexus 5X Build/MMB29P) AppleWebKit/537.36 (KHTML, like Gecko) Chrome/137.0.7151.103 Mobile Safari/537.36 (compatible; Googlebot/2.1; +http://www.google.com/bot.html)"
66.249.70.33 - - [10/Jul/2025:15:29:08 -0400] "GET /?v=85365779051330&mod=92755a67&uri=news.php%3Fid%3D2858169-456%26name%3Dcooling+pad+alfombra+gel+refrescante+mascotas HTTP/1.1" 200 21667 "-" "Mozilla/5.0 (Linux; Android 6.0.1; Nexus 5X Build/MMB29P) AppleWebKit/537.36 (KHTML, like Gecko) Chrome/137.0.7151.103 Mobile Safari/537.36 (compatible; Googlebot/2.1; +http://www.google.com/bot.html)"
66.249.70.32 - - [10/Jul/2025:15:29:11 -0400] "GET /?v=85360745001330&mod=92755a67&uri=shop.php%3Fid%3D2857999-456%26name%3Damazon+muchos+juguetes+de+my+little+pony HTTP/1.1" 200 22373 "-" "Mozilla/5.0 (Linux; Android 6.0.1; Nexus 5X Build/MMB29P) AppleWebKit/537.36 (KHTML, like Gecko) Chrome/137.0.7151.103 Mobile Safari/537.36 (compatible; Googlebot/2.1; +http://www.google.com/bot.html)"
66.249.70.32 - - [10/Jul/2025:15:29:12 -0400] "POST /get-message-notify HTTP/1.1" 404 1251 "https://www.getschooljobs.com/?v=85365779051330&mod=92755a67&uri=news.php%3Fid%3D2858169-456%26name%3Dcooling+pad+alfombra+gel+refrescante+mascotas" "Mozilla/5.0 (Linux; Android 6.0.1; Nexus 5X Build/MMB29P) AppleWebKit/537.36 (KHTML, like Gecko) Chrome/137.0.7151.119 Mobile Safari/537.36 (compatible; Googlebot/2.1; +http://www.google.com/bot.html)"
66.249.70.33 - - [10/Jul/2025:15:29:15 -0400] "GET /?v=85358645001330&mod=e6dbc8ad&uri=goods.php%3Fid%3D2857929-184%26name%3Dsteak+sauce+recipe+montreal+seasoning+marinade+recipe HTTP/1.1" 200 22346 "-" "Mozilla/5.0 (Linux; Android 6.0.1; Nexus 5X Build/MMB29P) AppleWebKit/537.36 (KHTML, like Gecko) Chrome/137.0.7151.103 Mobile Safari/537.36 (compatible; Googlebot/2.1; +http://www.google.com/bot.html)"
66.249.70.32 - - [10/Jul/2025:15:29:19 -0400] "POST /get-message-notify HTTP/1.1" 404 1251 "https://www.getschooljobs.com/?v=85359845001330&mod=92755a67&uri=shared.php%3Fid%3D2857969-456%26name%3Dgatos+alfombra+gel+refrescante+mascotas" "Mozilla/5.0 (Linux; Android 6.0.1; Nexus 5X Build/MMB29P) AppleWebKit/537.36 (KHTML, like Gecko) Chrome/137.0.7151.119 Mobile Safari/537.36 (compatible; Googlebot/2.1; +http://www.google.com/bot.html)"
66.249.70.32 - - [10/Jul/2025:15:29:21 -0400] "POST /get-message-notify HTTP/1.1" 404 1251 "https://www.getschooljobs.com/?v=26081887021330&mod=25766f01&uri=form.php%3Fid%3D873408-29%26name%3Dlakh+sports+bike+highest+price" "Mozilla/5.0 (Linux; Android 6.0.1; Nexus 5X Build/MMB29P) AppleWebKit/537.36 (KHTML, like Gecko) Chrome/137.0.7151.119 Mobile Safari/537.36 (compatible; Googlebot/2.1; +http://www.google.com/bot.html)"
66.249.70.32 - - [10/Jul/2025:15:29:21 -0400] "GET /?v=85367554021330&mod=e6dbc8ad&uri=itm.php%3Fid%3D2858229-184%26name%3Dskirt+steak+recipe+easy+steak+marinade+without+worcestershire HTTP/1.1" 200 21859 "-" "Mozilla/5.0 (Linux; Android 6.0.1; Nexus 5X Build/MMB29P) AppleWebKit/537.36 (KHTML, like Gecko) Chrome/137.0.7151.103 Mobile Safari/537.36 (compatible; Googlebot/2.1; +http://www.google.com/bot.html)"
66.249.70.32 - - [10/Jul/2025:15:29:25 -0400] "GET /?v=85364579041330&mod=3e5ede0a&uri=goods.php%3Fid%3D2858129-656%26name%3Dsuperdry+harrington+red+jacket HTTP/1.1" 200 21884 "-" "Mozilla/5.0 (Linux; Android 6.0.1; Nexus 5X Build/MMB29P) AppleWebKit/537.36 (KHTML, like Gecko) Chrome/137.0.7151.103 Mobile Safari/537.36 (compatible; Googlebot/2.1; +http://www.google.com/bot.html)"
66.249.70.32 - - [10/Jul/2025:15:29:28 -0400] "GET /?v=85366954001330&mod=92755a67&uri=category-info.php%3Fid%3D2858209-456%26name%3Dcon+alexa+como+conectar+un+foco+lloyds+a+alexa HTTP/1.1" 200 22118 "-" "Mozilla/5.0 (Linux; Android 6.0.1; Nexus 5X Build/MMB29P) AppleWebKit/537.36 (KHTML, like Gecko) Chrome/137.0.7151.103 Mobile Safari/537.36 (compatible; Googlebot/2.1; +http://www.google.com/bot.html)"
66.249.70.32 - - [10/Jul/2025:15:29:30 -0400] "GET /?v=85363390001330&mod=92755a67&uri=news.php%3Fid%3D2858089-456%26name%3Dmejores+armas+todas+las+armas+nerf+que+existen HTTP/1.1" 200 22248 "-" "Mozilla/5.0 (Linux; Android 6.0.1; Nexus 5X Build/MMB29P) AppleWebKit/537.36 (KHTML, like Gecko) Chrome/137.0.7151.103 Mobile Safari/537.36 (compatible; Googlebot/2.1; +http://www.google.com/bot.html)"
66.249.70.32 - - [10/Jul/2025:15:29:33 -0400] "GET /?v=85364879001330&mod=92755a67&uri=shared.php%3Fid%3D2858139-456%26name%3Dplaydoh+set+play+doh+monta%C3%83%C2%B1a+de+colores+precio HTTP/1.1" 200 22224 "-" "Mozilla/5.0 (Linux; Android 6.0.1; Nexus 5X Build/MMB29P) AppleWebKit/537.36 (KHTML, like Gecko) Chrome/137.0.7151.103 Mobile Safari/537.36 (compatible; Googlebot/2.1; +http://www.google.com/bot.html)"
66.249.70.32 - - [10/Jul/2025:15:29:34 -0400] "GET /?v=85364279001330&mod=e6dbc8ad&uri=pin.php%3Fid%3D2858119-184%26name%3Dwok+simple+beef+marinade+for+stir+fry HTTP/1.1" 200 22483 "-" "Mozilla/5.0 (Linux; Android 6.0.1; Nexus 5X Build/MMB29P) AppleWebKit/537.36 (KHTML, like Gecko) Chrome/137.0.7151.103 Mobile Safari/537.36 (compatible; Googlebot/2.1; +http://www.google.com/bot.html)"
66.249.70.32 - - [10/Jul/2025:15:29:36 -0400] "GET /?v=30132601081330&mod=db8419f4&uri=news.php%3Fid%3D1009025-49%26name%3Dscarpe+running+asics+gel+kinsei+uomo+vendita HTTP/1.1" 200 20767 "-" "Mozilla/5.0 (Linux; Android 6.0.1; Nexus 5X Build/MMB29P) AppleWebKit/537.36 (KHTML, like Gecko) Chrome/137.0.7151.103 Mobile Safari/537.36 (compatible; Googlebot/2.1; +http://www.google.com/bot.html)"
66.249.70.32 - - [10/Jul/2025:15:29:39 -0400] "GET /?v=30132031011330&mod=db8419f4&uri=product.php%3Fid%3D1009006-49%26name%3Drunning+asics+asics+gel+kayano+rosse HTTP/1.1" 200 20803 "-" "Mozilla/5.0 (Linux; Android 6.0.1; Nexus 5X Build/MMB29P) AppleWebKit/537.36 (KHTML, like Gecko) Chrome/137.0.7151.103 Mobile Safari/537.36 (compatible; Googlebot/2.1; +http://www.google.com/bot.html)"
66.249.70.32 - - [10/Jul/2025:15:29:41 -0400] "GET /?v=30131341111330&mod=4b8d5e5e&uri=shop.php%3Fid%3D1008983-223%26name%3Dxbox+coming+next+gen+xbox+console+release+date HTTP/1.1" 200 21518 "-" "Mozilla/5.0 (Linux; Android 6.0.1; Nexus 5X Build/MMB29P) AppleWebKit/537.36 (KHTML, like Gecko) Chrome/137.0.7151.103 Mobile Safari/537.36 (compatible; Googlebot/2.1; +http://www.google.com/bot.html)"
66.249.70.32 - - [10/Jul/2025:15:29:47 -0400] "POST /get-message-notify HTTP/1.1" 404 1251 "https://www.getschooljobs.com/?v=30131341111330&mod=4b8d5e5e&uri=shop.php%3Fid%3D1008983-223%26name%3Dxbox+coming+next+gen+xbox+console+release+date" "Mozilla/5.0 (Linux; Android 6.0.1; Nexus 5X Build/MMB29P) AppleWebKit/537.36 (KHTML, like Gecko) Chrome/137.0.7151.119 Mobile Safari/537.36 (compatible; Googlebot/2.1; +http://www.google.com/bot.html)"
66.249.70.32 - - [10/Jul/2025:15:29:47 -0400] "GET /?v=30131401031330&mod=4b8d5e5e&uri=itm.php%3Fid%3D1008985-223%26name%3D1tb+xbox+one+x+battlefield+bundle HTTP/1.1" 200 22120 "-" "Mozilla/5.0 (Linux; Android 6.0.1; Nexus 5X Build/MMB29P) AppleWebKit/537.36 (KHTML, like Gecko) Chrome/137.0.7151.103 Mobile Safari/537.36 (compatible; Googlebot/2.1; +http://www.google.com/bot.html)"
66.249.70.32 - - [10/Jul/2025:15:29:50 -0400] "POST /get-message-notify HTTP/1.1" 404 1251 "https://www.getschooljobs.com/?v=30131401031330&mod=4b8d5e5e&uri=itm.php%3Fid%3D1008985-223%26name%3D1tb+xbox+one+x+battlefield+bundle" "Mozilla/5.0 (Linux; Android 6.0.1; Nexus 5X Build/MMB29P) AppleWebKit/537.36 (KHTML, like Gecko) Chrome/137.0.7151.119 Mobile Safari/537.36 (compatible; Googlebot/2.1; +http://www.google.com/bot.html)"
66.249.70.33 - - [10/Jul/2025:15:29:52 -0400] "GET /?v=30133081021330&mod=db8419f4&uri=goods.php%3Fid%3D1009041-49%26name%3Dasics+womens+asics+gel+kinsei+donna+prezzo HTTP/1.1" 200 20407 "-" "Mozilla/5.0 (Linux; Android 6.0.1; Nexus 5X Build/MMB29P) AppleWebKit/537.36 (KHTML, like Gecko) Chrome/137.0.7151.103 Mobile Safari/537.36 (compatible; Googlebot/2.1; +http://www.google.com/bot.html)"
66.249.70.33 - - [10/Jul/2025:15:29:54 -0400] "GET /?v=30132691111330&mod=db8419f4&uri=itm.php%3Fid%3D1009028-49%26name%3Dsale+asics+asics+gel+kinsei+donna+verde HTTP/1.1" 200 19894 "-" "Mozilla/5.0 (Linux; Android 6.0.1; Nexus 5X Build/MMB29P) AppleWebKit/537.36 (KHTML, like Gecko) Chrome/137.0.7151.103 Mobile Safari/537.36 (compatible; Googlebot/2.1; +http://www.google.com/bot.html)"
54.36.149.28 - - [10/Jul/2025:15:29:57 -0400] "GET /assets/img/schooljob.png HTTP/1.1" 200 51241 "-" "Mozilla/5.0 (compatible; AhrefsBot/7.0; +http://ahrefs.com/robot/)"
66.249.70.32 - - [10/Jul/2025:15:29:59 -0400] "GET /?v=30132391031330&mod=db8419f4&uri=dp.php%3Fid%3D1009018-49%26name%3Dathletic+shoes+asics+gel+kinsei+nere HTTP/1.1" 200 20583 "-" "Mozilla/5.0 (Linux; Android 6.0.1; Nexus 5X Build/MMB29P) AppleWebKit/537.36 (KHTML, like Gecko) Chrome/137.0.7151.103 Mobile Safari/537.36 (compatible; Googlebot/2.1; +http://www.google.com/bot.html)"
66.249.70.33 - - [10/Jul/2025:15:30:02 -0400] "GET /?v=52673340111330&mod=73b379bf&uri=products.php%3Fid%3D1763491-744%26name%3Dcoupe+vent+doudoune+femme+doubl%C3%83%C2%A9e+polaire HTTP/1.1" 200 21336 "-" "Mozilla/5.0 (Linux; Android 6.0.1; Nexus 5X Build/MMB29P) AppleWebKit/537.36 (KHTML, like Gecko) Chrome/137.0.7151.103 Mobile Safari/537.36 (compatible; Googlebot/2.1; +http://www.google.com/bot.html)"
66.249.70.32 - - [10/Jul/2025:15:30:06 -0400] "GET /?v=119110373051330&mod=68224d30&uri=product.php%3Fid%3D3987980-813%26name%3Dsandali+crocs+modelli HTTP/1.1" 200 22350 "-" "Mozilla/5.0 (Linux; Android 6.0.1; Nexus 5X Build/MMB29P) AppleWebKit/537.36 (KHTML, like Gecko) Chrome/137.0.7151.103 Mobile Safari/537.36 (compatible; Googlebot/2.1; +http://www.google.com/bot.html)"
66.249.70.32 - - [10/Jul/2025:15:30:07 -0400] "POST /get-message-notify HTTP/1.1" 404 1251 "https://www.getschooljobs.com/?v=30132391031330&mod=db8419f4&uri=dp.php%3Fid%3D1009018-49%26name%3Dathletic+shoes+asics+gel+kinsei+nere" "Mozilla/5.0 (Linux; Android 6.0.1; Nexus 5X Build/MMB29P) AppleWebKit/537.36 (KHTML, like Gecko) Chrome/137.0.7151.119 Mobile Safari/537.36 (compatible; Googlebot/2.1; +http://www.google.com/bot.html)"
66.249.70.32 - - [10/Jul/2025:15:30:09 -0400] "POST /get-message-notify HTTP/1.1" 404 1251 "https://www.getschooljobs.com/?v=30132691111330&mod=db8419f4&uri=itm.php%3Fid%3D1009028-49%26name%3Dsale+asics+asics+gel+kinsei+donna+verde" "Mozilla/5.0 (Linux; Android 6.0.1; Nexus 5X Build/MMB29P) AppleWebKit/537.36 (KHTML, like Gecko) Chrome/137.0.7151.119 Mobile Safari/537.36 (compatible; Googlebot/2.1; +http://www.google.com/bot.html)"
66.249.70.32 - - [10/Jul/2025:15:30:12 -0400] "GET /?v=119306089011330&mod=a0c65819&uri=info.php%3Fid%3D3994532-582%26name%3Doblio+wireless+charger+lexon+oblio+how+to+use HTTP/1.1" 200 21469 "-" "Mozilla/5.0 (Linux; Android 6.0.1; Nexus 5X Build/MMB29P) AppleWebKit/537.36 (KHTML, like Gecko) Chrome/137.0.7151.103 Mobile Safari/537.36 (compatible; Googlebot/2.1; +http://www.google.com/bot.html)"
66.249.70.32 - - [10/Jul/2025:15:30:14 -0400] "GET /?v=119303389011330&mod=a0c65819&uri=itm.php%3Fid%3D3994442-582%26name%3Dqi+wireless+ihome+apple+charger HTTP/1.1" 200 22325 "-" "Mozilla/5.0 (Linux; Android 6.0.1; Nexus 5X Build/MMB29P) AppleWebKit/537.36 (KHTML, like Gecko) Chrome/137.0.7151.103 Mobile Safari/537.36 (compatible; Googlebot/2.1; +http://www.google.com/bot.html)"
66.249.70.32 - - [10/Jul/2025:15:30:17 -0400] "GET /?v=119305789111330&mod=a0c65819&uri=info.php%3Fid%3D3994522-582%26name%3Dlaptop+charger+macbook+charger+pin HTTP/1.1" 200 21769 "-" "Mozilla/5.0 (Linux; Android 6.0.1; Nexus 5X Build/MMB29P) AppleWebKit/537.36 (KHTML, like Gecko) Chrome/137.0.7151.103 Mobile Safari/537.36 (compatible; Googlebot/2.1; +http://www.google.com/bot.html)"
66.249.70.32 - - [10/Jul/2025:15:30:20 -0400] "GET /?v=119315989011330&mod=a0c65819&uri=category-info.php%3Fid%3D3994862-582%26name%3Drealme+18w+usb+power+adapter HTTP/1.1" 200 22324 "-" "Mozilla/5.0 (Linux; Android 6.0.1; Nexus 5X Build/MMB29P) AppleWebKit/537.36 (KHTML, like Gecko) Chrome/137.0.7151.103 Mobile Safari/537.36 (compatible; Googlebot/2.1; +http://www.google.com/bot.html)"
66.249.70.32 - - [10/Jul/2025:15:30:29 -0400] "GET /?v=119306689111330&mod=a0c65819&uri=article.php%3Fid%3D3994552-582%26name%3Ddual+usb+ihome+10000mah HTTP/1.1" 200 21828 "-" "Mozilla/5.0 (Linux; Android 6.0.1; Nexus 5X Build/MMB29P) AppleWebKit/537.36 (KHTML, like Gecko) Chrome/137.0.7151.103 Mobile Safari/537.36 (compatible; Googlebot/2.1; +http://www.google.com/bot.html)"
176.203.46.148 - - [10/Jul/2025:15:30:30 -0400] "GET /?v=72049984051330&mod=e3501130&uri=goods.php%3Fid%3D2412388-127%26name%3Dlady+dior+dior+caro+jeans HTTP/1.1" 200 131 "https://www.google.com/url?q=https://www.getschooljobs.com/%3Fv%3D72049984051330%26mod%3De3501130%26uri%3Dgoods.php%253Fid%253D2412388-127%2526name%253Dlady%2Bdior%2Bdior%2Bcaro%2Bjeans&sa=U&ved=2ahUKEwjXhN3Ng7OOAxXcywIHHayTGAoQuAJ6BAgNEAE&usg=AOvVaw32xN5y0KQLkTSI9_EHc8qM" "Mozilla/5.0 (iPhone; CPU iPhone OS 18_1_1 like Mac OS X) AppleWebKit/605.1.15 (KHTML, like Gecko) GSA/375.1.776343893 Mobile/15E148 Safari/604.1"
66.249.70.32 - - [10/Jul/2025:15:30:32 -0400] "GET /?v=119309689051330&mod=a0c65819&uri=shared.php%3Fid%3D3994652-582%26name%3Dwall+charger+best+power+adapter+for+iphone HTTP/1.1" 200 22337 "-" "Mozilla/5.0 (Linux; Android 6.0.1; Nexus 5X Build/MMB29P) AppleWebKit/537.36 (KHTML, like Gecko) Chrome/137.0.7151.103 Mobile Safari/537.36 (compatible; Googlebot/2.1; +http://www.google.com/bot.html)"
66.249.70.32 - - [10/Jul/2025:15:30:36 -0400] "GET /?v=119313889011330&mod=a0c65819&uri=shared.php%3Fid%3D3994792-582%26name%3Dapple+ipad+air+ipad+pro+c+charger HTTP/1.1" 200 22032 "-" "Mozilla/5.0 (Linux; Android 6.0.1; Nexus 5X Build/MMB29P) AppleWebKit/537.36 (KHTML, like Gecko) Chrome/137.0.7151.103 Mobile Safari/537.36 (compatible; Googlebot/2.1; +http://www.google.com/bot.html)"
66.249.70.32 - - [10/Jul/2025:15:30:39 -0400] "GET /?v=119307589111330&mod=a0c65819&uri=form.php%3Fid%3D3994582-582%26name%3Dmagsafe+mac+ac+adapter HTTP/1.1" 200 19331 "-" "Mozilla/5.0 (Linux; Android 6.0.1; Nexus 5X Build/MMB29P) AppleWebKit/537.36 (KHTML, like Gecko) Chrome/137.0.7151.103 Mobile Safari/537.36 (compatible; Googlebot/2.1; +http://www.google.com/bot.html)"
66.249.70.32 - - [10/Jul/2025:15:30:43 -0400] "POST /get-message-notify HTTP/1.1" 404 1251 "https://www.getschooljobs.com/?v=119313889011330&mod=a0c65819&uri=shared.php%3Fid%3D3994792-582%26name%3Dapple+ipad+air+ipad+pro+c+charger" "Mozilla/5.0 (Linux; Android 6.0.1; Nexus 5X Build/MMB29P) AppleWebKit/537.36 (KHTML, like Gecko) Chrome/137.0.7151.119 Mobile Safari/537.36 (compatible; Googlebot/2.1; +http://www.google.com/bot.html)"
66.249.70.32 - - [10/Jul/2025:15:30:45 -0400] "GET /?v=111442889021330&mod=0fd7b7d8&uri=blog.php%3Fid%3D3731177-902%26name%3Dtriban+roue+gravel+decathlon HTTP/1.1" 200 21743 "-" "Mozilla/5.0 (Linux; Android 6.0.1; Nexus 5X Build/MMB29P) AppleWebKit/537.36 (KHTML, like Gecko) Chrome/137.0.7151.103 Mobile Safari/537.36 (compatible; Googlebot/2.1; +http://www.google.com/bot.html)"
66.249.70.32 - - [10/Jul/2025:15:30:48 -0400] "GET /?v=111441654001330&mod=25766f01&uri=info.php%3Fid%3D3731135-29%26name%3Dcarbon+fiber+29er+full+suspension+mountain+bike+frame HTTP/1.1" 200 22269 "-" "Mozilla/5.0 (Linux; Android 6.0.1; Nexus 5X Build/MMB29P) AppleWebKit/537.36 (KHTML, like Gecko) Chrome/137.0.7151.103 Mobile Safari/537.36 (compatible; Googlebot/2.1; +http://www.google.com/bot.html)"
66.249.70.32 - - [10/Jul/2025:15:30:55 -0400] "GET /?v=111441469031330&mod=c59a7295&uri=article.php%3Fid%3D3731128-435%26name%3Droupinhas+roupa+infantil+de+fabrica HTTP/1.1" 200 22137 "-" "Mozilla/5.0 (Linux; Android 6.0.1; Nexus 5X Build/MMB29P) AppleWebKit/537.36 (KHTML, like Gecko) Chrome/137.0.7151.103 Mobile Safari/537.36 (compatible; Googlebot/2.1; +http://www.google.com/bot.html)"
66.249.70.32 - - [10/Jul/2025:15:30:58 -0400] "GET /?v=44248042011330&mod=059bff08&uri=products.php%3Fid%3D1481488-416%26name%3Dservice+manual+pdf+saeco+xsmall+plus+manual HTTP/1.1" 200 21685 "-" "Mozilla/5.0 (Linux; Android 6.0.1; Nexus 5X Build/MMB29P) AppleWebKit/537.36 (KHTML, like Gecko) Chrome/137.0.7151.103 Mobile Safari/537.36 (compatible; Googlebot/2.1; +http://www.google.com/bot.html)"
66.249.70.33 - - [10/Jul/2025:15:31:05 -0400] "GET /?v=44178090061330&mod=e049d626&uri=form.php%3Fid%3D1479148-982%26name%3Drugzak+bargain+rugzak+nomad HTTP/1.1" 200 21477 "-" "Mozilla/5.0 (Linux; Android 6.0.1; Nexus 5X Build/MMB29P) AppleWebKit/537.36 (KHTML, like Gecko) Chrome/137.0.7151.103 Mobile Safari/537.36 (compatible; Googlebot/2.1; +http://www.google.com/bot.html)"
5.161.73.175 - - [10/Jul/2025:15:31:06 -0400] "GET /?v=118193734041330&mod=7221e5c8&uri=shared.php?id%3D3957253-31&name=theater+system+acoustimass+10+series+iii HTTP/1.1" 200 4655 "-" "Mozilla/5.0 (Windows NT 10.0; Win64; x64) AppleWebKit/537.36 (KHTML, like Gecko) Chrome/84.0.4147.105 Safari/537.36"
66.249.70.32 - - [10/Jul/2025:15:31:08 -0400] "GET /?v=44176470071330&mod=b9b31874&uri=category-info.php%3Fid%3D1479094-889%26name%3Drate+monitor+garmin+forerunner+235+heart+rate+not+working HTTP/1.1" 200 21017 "-" "Mozilla/5.0 (Linux; Android 6.0.1; Nexus 5X Build/MMB29P) AppleWebKit/537.36 (KHTML, like Gecko) Chrome/137.0.7151.103 Mobile Safari/537.36 (compatible; Googlebot/2.1; +http://www.google.com/bot.html)"
66.249.70.33 - - [10/Jul/2025:15:31:09 -0400] "POST /get-message-notify HTTP/1.1" 404 1251 "https://www.getschooljobs.com/?v=44178090061330&mod=e049d626&uri=form.php%3Fid%3D1479148-982%26name%3Drugzak+bargain+rugzak+nomad" "Mozilla/5.0 (Linux; Android 6.0.1; Nexus 5X Build/MMB29P) AppleWebKit/537.36 (KHTML, like Gecko) Chrome/137.0.7151.119 Mobile Safari/537.36 (compatible; Googlebot/2.1; +http://www.google.com/bot.html)"
66.249.70.32 - - [10/Jul/2025:15:31:18 -0400] "GET /?v=44181532031330&mod=b9b31874&uri=search.php%3Fid%3D1479265-889%26name%3Dhr+sensor+garmin+forerunner+235+heart+rate+not+working HTTP/1.1" 200 20590 "-" "Mozilla/5.0 (Linux; Android 6.0.1; Nexus 5X Build/MMB29P) AppleWebKit/537.36 (KHTML, like Gecko) Chrome/137.0.7151.103 Mobile Safari/537.36 (compatible; Googlebot/2.1; +http://www.google.com/bot.html)"
66.249.70.32 - - [10/Jul/2025:15:31:19 -0400] "GET /?v=26265748031330&mod=95bf5763&uri=info.php%3Fid%3D879552-370%26name%3Dlego+marvel+juegos+de+los+increibles+lego HTTP/1.1" 200 21643 "-" "Mozilla/5.0 (Linux; Android 6.0.1; Nexus 5X Build/MMB29P) AppleWebKit/537.36 (KHTML, like Gecko) Chrome/137.0.7151.103 Mobile Safari/537.36 (compatible; Googlebot/2.1; +http://www.google.com/bot.html)"
66.249.70.32 - - [10/Jul/2025:15:31:23 -0400] "GET /?v=26266288011330&mod=95bf5763&uri=goods.php%3Fid%3D879570-370%26name%3Dbeb%C3%A9+reborn+juguetes+de+lindea+y+ben HTTP/1.1" 200 21772 "-" "Mozilla/5.0 (Linux; Android 6.0.1; Nexus 5X Build/MMB29P) AppleWebKit/537.36 (KHTML, like Gecko) Chrome/137.0.7151.103 Mobile Safari/537.36 (compatible; Googlebot/2.1; +http://www.google.com/bot.html)"
66.249.70.32 - - [10/Jul/2025:15:31:25 -0400] "POST /get-message-notify HTTP/1.1" 404 1251 "https://www.getschooljobs.com/?v=26266288011330&mod=95bf5763&uri=goods.php%3Fid%3D879570-370%26name%3Dbeb%C3%A9+reborn+juguetes+de+lindea+y+ben" "Mozilla/5.0 (Linux; Android 6.0.1; Nexus 5X Build/MMB29P) AppleWebKit/537.36 (KHTML, like Gecko) Chrome/137.0.7151.119 Mobile Safari/537.36 (compatible; Googlebot/2.1; +http://www.google.com/bot.html)"
66.249.70.32 - - [10/Jul/2025:15:31:28 -0400] "GET /?v=115874959051330&mod=67d01a0c&uri=form.php%3Fid%3D3879566-234%26name%3Dturnschuhe+g%C3%83%C2%BCnstige+gute+laufschuhe HTTP/1.1" 200 21704 "-" "Mozilla/5.0 (Linux; Android 6.0.1; Nexus 5X Build/MMB29P) AppleWebKit/537.36 (KHTML, like Gecko) Chrome/137.0.7151.103 Mobile Safari/537.36 (compatible; Googlebot/2.1; +http://www.google.com/bot.html)"
66.249.70.32 - - [10/Jul/2025:15:31:29 -0400] "GET /?v=109782921081330&mod=566cf8f5&uri=search.php%3Fid%3D3675643-539%26name%3Dnikon+28ti+flickr HTTP/1.1" 200 21329 "-" "Mozilla/5.0 (Linux; Android 6.0.1; Nexus 5X Build/MMB29P) AppleWebKit/537.36 (KHTML, like Gecko) Chrome/137.0.7151.103 Mobile Safari/537.36 (compatible; Googlebot/2.1; +http://www.google.com/bot.html)"
66.249.70.32 - - [10/Jul/2025:15:31:30 -0400] "GET /?v=119143713031330&mod=1dcf5a99&uri=info.php%3Fid%3D3989107-714%26name%3Dpotter+film+harry+potter+part+in+hindi HTTP/1.1" 200 20794 "-" "Mozilla/5.0 (Linux; Android 6.0.1; Nexus 5X Build/MMB29P) AppleWebKit/537.36 (KHTML, like Gecko) Chrome/137.0.7151.103 Mobile Safari/537.36 (compatible; Googlebot/2.1; +http://www.google.com/bot.html)"
66.249.70.32 - - [10/Jul/2025:15:31:30 -0400] "GET /?v=5024296011330&mod=0e3537cf&uri=shop.php%3Fid%3D168190-225%26name%3Dfc+bayern+bundesliga+which+channel HTTP/1.1" 200 21113 "-" "Mozilla/5.0 (Linux; Android 6.0.1; Nexus 5X Build/MMB29P) AppleWebKit/537.36 (KHTML, like Gecko) Chrome/137.0.7151.103 Mobile Safari/537.36 (compatible; Googlebot/2.1; +http://www.google.com/bot.html)"
66.249.70.32 - - [10/Jul/2025:15:31:33 -0400] "GET /?v=115627221061330&mod=0e3537cf&uri=category-info.php%3Fid%3D3871284-225%26name%3Dyugioh+season+yu+gi+oh+duel+monsters+crunchyroll HTTP/1.1" 200 21667 "-" "Mozilla/5.0 (Linux; Android 6.0.1; Nexus 5X Build/MMB29P) AppleWebKit/537.36 (KHTML, like Gecko) Chrome/137.0.7151.103 Mobile Safari/537.36 (compatible; Googlebot/2.1; +http://www.google.com/bot.html)"
66.249.70.32 - - [10/Jul/2025:15:31:36 -0400] "GET /?v=115567543041330&mod=298f5874&uri=goods.php%3Fid%3D3869289-39%26name%3D645+music+difference+between+garmin+forerunner+245+and+245+music HTTP/1.1" 200 21852 "-" "Mozilla/5.0 (Linux; Android 6.0.1; Nexus 5X Build/MMB29P) AppleWebKit/537.36 (KHTML, like Gecko) Chrome/137.0.7151.103 Mobile Safari/537.36 (compatible; Googlebot/2.1; +http://www.google.com/bot.html)"
66.249.70.32 - - [10/Jul/2025:15:31:40 -0400] "GET /?v=42548039011330&mod=3018a824&uri=info.php%3Fid%3D1424608-1132%26name%3Dheadband+gucci+blooms+print HTTP/1.1" 200 21304 "-" "Mozilla/5.0 (Linux; Android 6.0.1; Nexus 5X Build/MMB29P) AppleWebKit/537.36 (KHTML, like Gecko) Chrome/137.0.7151.103 Mobile Safari/537.36 (compatible; Googlebot/2.1; +http://www.google.com/bot.html)"
66.249.70.32 - - [10/Jul/2025:15:31:46 -0400] "GET /?v=81613774111330&mod=47bd94cb&uri=article.php%3Fid%3D2732591-1410%26name%3Dsweat+shirts+le+coq+sportif+israel+instagram HTTP/1.1" 200 20781 "-" "Mozilla/5.0 (Linux; Android 6.0.1; Nexus 5X Build/MMB29P) AppleWebKit/537.36 (KHTML, like Gecko) Chrome/137.0.7151.103 Mobile Safari/537.36 (compatible; Googlebot/2.1; +http://www.google.com/bot.html)"
66.249.70.32 - - [10/Jul/2025:15:31:50 -0400] "GET /?v=81611624141330&mod=4b8d5e5e&uri=itm.php%3Fid%3D2732519-223%26name%3Ddualsense+controller+dualshock+apple+tv+4k HTTP/1.1" 200 21682 "-" "Mozilla/5.0 (Linux; Android 6.0.1; Nexus 5X Build/MMB29P) AppleWebKit/537.36 (KHTML, like Gecko) Chrome/137.0.7151.103 Mobile Safari/537.36 (compatible; Googlebot/2.1; +http://www.google.com/bot.html)"
66.249.70.32 - - [10/Jul/2025:15:31:53 -0400] "POST /get-message-notify HTTP/1.1" 404 1251 "https://www.getschooljobs.com/?v=115567543041330&mod=298f5874&uri=goods.php%3Fid%3D3869289-39%26name%3D645+music+difference+between+garmin+forerunner+245+and+245+music" "Mozilla/5.0 (Linux; Android 6.0.1; Nexus 5X Build/MMB29P) AppleWebKit/537.36 (KHTML, like Gecko) Chrome/137.0.7151.119 Mobile Safari/537.36 (compatible; Googlebot/2.1; +http://www.google.com/bot.html)"
66.249.70.33 - - [10/Jul/2025:15:31:56 -0400] "GET /?v=81615209141330&mod=4b8d5e5e&uri=article.php%3Fid%3D2732639-223%26name%3Dsony+playstation+playstation+charging+stand HTTP/1.1" 200 21361 "-" "Mozilla/5.0 (Linux; Android 6.0.1; Nexus 5X Build/MMB29P) AppleWebKit/537.36 (KHTML, like Gecko) Chrome/137.0.7151.103 Mobile Safari/537.36 (compatible; Googlebot/2.1; +http://www.google.com/bot.html)"
66.249.70.33 - - [10/Jul/2025:15:31:59 -0400] "GET /?v=81612704041330&mod=40dbe2dc&uri=search.php%3Fid%3D2732555-835%26name%3Dsleeka+jacket HTTP/1.1" 200 22118 "-" "Mozilla/5.0 (Linux; Android 6.0.1; Nexus 5X Build/MMB29P) AppleWebKit/537.36 (KHTML, like Gecko) Chrome/137.0.7151.103 Mobile Safari/537.36 (compatible; Googlebot/2.1; +http://www.google.com/bot.html)"
66.249.70.32 - - [10/Jul/2025:15:32:03 -0400] "GET /?v=81614129031330&mod=07f2d8db&uri=info.php%3Fid%3D2732603-381%26name%3Dadidas+goodyear+adi+chaussure+adidas+adi+racer+low HTTP/1.1" 200 21193 "-" "Mozilla/5.0 (Linux; Android 6.0.1; Nexus 5X Build/MMB29P) AppleWebKit/537.36 (KHTML, like Gecko) Chrome/137.0.7151.103 Mobile Safari/537.36 (compatible; Googlebot/2.1; +http://www.google.com/bot.html)"
66.249.70.32 - - [10/Jul/2025:15:32:05 -0400] "POST /get-message-notify HTTP/1.1" 404 1251 "https://www.getschooljobs.com/?v=81614129031330&mod=07f2d8db&uri=info.php%3Fid%3D2732603-381%26name%3Dadidas+goodyear+adi+chaussure+adidas+adi+racer+low" "Mozilla/5.0 (Linux; Android 6.0.1; Nexus 5X Build/MMB29P) AppleWebKit/537.36 (KHTML, like Gecko) Chrome/137.0.7151.119 Mobile Safari/537.36 (compatible; Googlebot/2.1; +http://www.google.com/bot.html)"
66.249.70.32 - - [10/Jul/2025:15:32:13 -0400] "GET /?v=81611924091330&mod=4747f5ca&uri=info.php%3Fid%3D2732529-78%26name%3Dwinter+gloves+choko+claw+gloves HTTP/1.1" 200 20747 "-" "Mozilla/5.0 (Linux; Android 6.0.1; Nexus 5X Build/MMB29P) AppleWebKit/537.36 (KHTML, like Gecko) Chrome/137.0.7151.103 Mobile Safari/537.36 (compatible; Googlebot/2.1; +http://www.google.com/bot.html)"
66.249.70.32 - - [10/Jul/2025:15:32:16 -0400] "POST /get-message-notify HTTP/1.1" 404 1251 "https://www.getschooljobs.com/?v=81611924091330&mod=4747f5ca&uri=info.php%3Fid%3D2732529-78%26name%3Dwinter+gloves+choko+claw+gloves" "Mozilla/5.0 (Linux; Android 6.0.1; Nexus 5X Build/MMB29P) AppleWebKit/537.36 (KHTML, like Gecko) Chrome/137.0.7151.119 Mobile Safari/537.36 (compatible; Googlebot/2.1; +http://www.google.com/bot.html)"
66.249.70.32 - - [10/Jul/2025:15:32:16 -0400] "GET /?v=81615749021330&mod=4dd7ef09&uri=pin.php%3Fid%3D2732657-1743%26name%3Dazura+multi+saucony+azura+negras HTTP/1.1" 200 21171 "-" "Mozilla/5.0 (Linux; Android 6.0.1; Nexus 5X Build/MMB29P) AppleWebKit/537.36 (KHTML, like Gecko) Chrome/137.0.7151.103 Mobile Safari/537.36 (compatible; Googlebot/2.1; +http://www.google.com/bot.html)"
66.249.70.32 - - [10/Jul/2025:15:32:19 -0400] "GET /?v=81613714061330&mod=4a303c99&uri=news.php%3Fid%3D2732589-1171%26name%3Dbicicleta+estatica+lahsen+hm+1540 HTTP/1.1" 200 21375 "-" "Mozilla/5.0 (Linux; Android 6.0.1; Nexus 5X Build/MMB29P) AppleWebKit/537.36 (KHTML, like Gecko) Chrome/137.0.7151.103 Mobile Safari/537.36 (compatible; Googlebot/2.1; +http://www.google.com/bot.html)"
66.249.70.32 - - [10/Jul/2025:15:32:21 -0400] "POST /get-message-notify HTTP/1.1" 404 1251 "https://www.getschooljobs.com/?v=81611624141330&mod=4b8d5e5e&uri=itm.php%3Fid%3D2732519-223%26name%3Ddualsense+controller+dualshock+apple+tv+4k" "Mozilla/5.0 (Linux; Android 6.0.1; Nexus 5X Build/MMB29P) AppleWebKit/537.36 (KHTML, like Gecko) Chrome/137.0.7151.119 Mobile Safari/537.36 (compatible; Googlebot/2.1; +http://www.google.com/bot.html)"
66.249.70.32 - - [10/Jul/2025:15:32:26 -0400] "GET /?v=81611804001330&mod=47bd94cb&uri=search.php%3Fid%3D2732525-1410%26name%3Damazon+converse+converse+2019+mujer+originales HTTP/1.1" 200 21377 "-" "Mozilla/5.0 (Linux; Android 6.0.1; Nexus 5X Build/MMB29P) AppleWebKit/537.36 (KHTML, like Gecko) Chrome/137.0.7151.103 Mobile Safari/537.36 (compatible; Googlebot/2.1; +http://www.google.com/bot.html)"
66.249.70.32 - - [10/Jul/2025:15:32:27 -0400] "GET /?v=81611564061330&mod=9c7cc2cd&uri=pin.php%3Fid%3D2732517-1223%26name%3Dadidas+adizero+cheap+quality+adidas+shoes HTTP/1.1" 200 20772 "-" "Mozilla/5.0 (Linux; Android 6.0.1; Nexus 5X Build/MMB29P) AppleWebKit/537.36 (KHTML, like Gecko) Chrome/137.0.7151.103 Mobile Safari/537.36 (compatible; Googlebot/2.1; +http://www.google.com/bot.html)"
66.249.70.32 - - [10/Jul/2025:15:32:29 -0400] "GET /?v=99673334051330&mod=86a45a44&uri=form.php%3Fid%3D3337232-433%26name%3Dmotorcycle+honda+cb1000r+neo+sports HTTP/1.1" 200 21688 "-" "Mozilla/5.0 (Linux; Android 6.0.1; Nexus 5X Build/MMB29P) AppleWebKit/537.36 (KHTML, like Gecko) Chrome/137.0.7151.103 Mobile Safari/537.36 (compatible; Googlebot/2.1; +http://www.google.com/bot.html)"
66.249.70.32 - - [10/Jul/2025:15:32:32 -0400] "GET /?v=84103613071330&mod=6b77b838&uri=search.php%3Fid%3D2815920-158%26name%3Dsunset+tegu+magnetic+blocks+14+piece HTTP/1.1" 200 21499 "-" "Mozilla/5.0 (Linux; Android 6.0.1; Nexus 5X Build/MMB29P) AppleWebKit/537.36 (KHTML, like Gecko) Chrome/137.0.7151.103 Mobile Safari/537.36 (compatible; Googlebot/2.1; +http://www.google.com/bot.html)"
66.249.70.32 - - [10/Jul/2025:15:32:33 -0400] "GET /?v=84102893081330&mod=25b70f9c&uri=products.php%3Fid%3D2815896-1763%26name%3Dprice+ralph+lauren+outfits HTTP/1.1" 200 20463 "-" "Mozilla/5.0 (Linux; Android 6.0.1; Nexus 5X Build/MMB29P) AppleWebKit/537.36 (KHTML, like Gecko) Chrome/137.0.7151.103 Mobile Safari/537.36 (compatible; Googlebot/2.1; +http://www.google.com/bot.html)"
66.249.70.32 - - [10/Jul/2025:15:32:35 -0400] "GET /?v=84101213031330&mod=17356c1b&uri=shared.php%3Fid%3D2815840-926%26name%3Dlittle+beast+aqua+collar HTTP/1.1" 200 20935 "-" "Mozilla/5.0 (Linux; Android 6.0.1; Nexus 5X Build/MMB29P) AppleWebKit/537.36 (KHTML, like Gecko) Chrome/137.0.7151.103 Mobile Safari/537.36 (compatible; Googlebot/2.1; +http://www.google.com/bot.html)"
66.249.70.32 - - [10/Jul/2025:15:32:38 -0400] "GET /?v=84105277011330&mod=6b77b838&uri=us.php%3Fid%3D2815976-158%26name%3D7th+birthday+gifts+for+baby+girl+age HTTP/1.1" 200 21702 "-" "Mozilla/5.0 (Linux; Android 6.0.1; Nexus 5X Build/MMB29P) AppleWebKit/537.36 (KHTML, like Gecko) Chrome/137.0.7151.103 Mobile Safari/537.36 (compatible; Googlebot/2.1; +http://www.google.com/bot.html)"
66.249.70.32 - - [10/Jul/2025:15:32:44 -0400] "GET /?v=84100020021330&mod=5aa280f5&uri=products.php%3Fid%3D2815800-465%26name%3Dsoufeel+2025+soufeel+phone+case HTTP/1.1" 200 22098 "-" "Mozilla/5.0 (Linux; Android 6.0.1; Nexus 5X Build/MMB29P) AppleWebKit/537.36 (KHTML, like Gecko) Chrome/137.0.7151.103 Mobile Safari/537.36 (compatible; Googlebot/2.1; +http://www.google.com/bot.html)"
66.249.70.32 - - [10/Jul/2025:15:32:47 -0400] "GET /?v=84108350071330&mod=1c4196d0&uri=dp.php%3Fid%3D2816080-464%26name%3Dconnect+ticwatch+tic+watch+iphone HTTP/1.1" 200 21576 "-" "Mozilla/5.0 (Linux; Android 6.0.1; Nexus 5X Build/MMB29P) AppleWebKit/537.36 (KHTML, like Gecko) Chrome/137.0.7151.103 Mobile Safari/537.36 (compatible; Googlebot/2.1; +http://www.google.com/bot.html)"
66.249.70.33 - - [10/Jul/2025:15:32:53 -0400] "GET /?v=83986287001330&mod=5aa280f5&uri=product.php%3Fid%3D2811993-465%26name%3Dhowlite+stone+red HTTP/1.1" 200 22122 "-" "Mozilla/5.0 (Linux; Android 6.0.1; Nexus 5X Build/MMB29P) AppleWebKit/537.36 (KHTML, like Gecko) Chrome/137.0.7151.103 Mobile Safari/537.36 (compatible; Googlebot/2.1; +http://www.google.com/bot.html)"
66.249.70.33 - - [10/Jul/2025:15:32:55 -0400] "POST /get-message-notify HTTP/1.1" 404 1251 "https://www.getschooljobs.com/?v=84103613071330&mod=6b77b838&uri=search.php%3Fid%3D2815920-158%26name%3Dsunset+tegu+magnetic+blocks+14+piece" "Mozilla/5.0 (Linux; Android 6.0.1; Nexus 5X Build/MMB29P) AppleWebKit/537.36 (KHTML, like Gecko) Chrome/137.0.7151.119 Mobile Safari/537.36 (compatible; Googlebot/2.1; +http://www.google.com/bot.html)"
66.249.70.32 - - [10/Jul/2025:15:32:56 -0400] "POST /get-message-notify HTTP/1.1" 404 1251 "https://www.getschooljobs.com/?v=83986287001330&mod=5aa280f5&uri=product.php%3Fid%3D2811993-465%26name%3Dhowlite+stone+red" "Mozilla/5.0 (Linux; Android 6.0.1; Nexus 5X Build/MMB29P) AppleWebKit/537.36 (KHTML, like Gecko) Chrome/137.0.7151.119 Mobile Safari/537.36 (compatible; Googlebot/2.1; +http://www.google.com/bot.html)"
66.249.70.33 - - [10/Jul/2025:15:32:56 -0400] "GET /?v=33339977011330&mod=7f9cb4c5&uri=news.php%3Fid%3D1116404-1387%26name%3Dgel+kayano+zapatillas+running+asics+gel+nimbus+17 HTTP/1.1" 200 20901 "-" "Mozilla/5.0 (Linux; Android 6.0.1; Nexus 5X Build/MMB29P) AppleWebKit/537.36 (KHTML, like Gecko) Chrome/137.0.7151.103 Mobile Safari/537.36 (compatible; Googlebot/2.1; +http://www.google.com/bot.html)"
66.249.70.33 - - [10/Jul/2025:15:32:59 -0400] "POST /get-message-notify HTTP/1.1" 404 1251 "https://www.getschooljobs.com/?v=33339977011330&mod=7f9cb4c5&uri=news.php%3Fid%3D1116404-1387%26name%3Dgel+kayano+zapatillas+running+asics+gel+nimbus+17" "Mozilla/5.0 (Linux; Android 6.0.1; Nexus 5X Build/MMB29P) AppleWebKit/537.36 (KHTML, like Gecko) Chrome/137.0.7151.119 Mobile Safari/537.36 (compatible; Googlebot/2.1; +http://www.google.com/bot.html)"
66.249.70.33 - - [10/Jul/2025:15:33:02 -0400] "GET /?v=33338777011330&mod=7f9cb4c5&uri=info.php%3Fid%3D1116364-1387%26name%3Dyellow+onitsuka+tiger+mexico+66+argentina HTTP/1.1" 200 20538 "-" "Mozilla/5.0 (Linux; Android 6.0.1; Nexus 5X Build/MMB29P) AppleWebKit/537.36 (KHTML, like Gecko) Chrome/137.0.7151.103 Mobile Safari/537.36 (compatible; Googlebot/2.1; +http://www.google.com/bot.html)"
66.249.70.32 - - [10/Jul/2025:15:33:05 -0400] "POST /get-message-notify HTTP/1.1" 404 1251 "https://www.getschooljobs.com/?v=33338777011330&mod=7f9cb4c5&uri=info.php%3Fid%3D1116364-1387%26name%3Dyellow+onitsuka+tiger+mexico+66+argentina" "Mozilla/5.0 (Linux; Android 6.0.1; Nexus 5X Build/MMB29P) AppleWebKit/537.36 (KHTML, like Gecko) Chrome/137.0.7151.119 Mobile Safari/537.36 (compatible; Googlebot/2.1; +http://www.google.com/bot.html)"
66.249.70.32 - - [10/Jul/2025:15:33:07 -0400] "GET /?v=33339797051330&mod=37e01843&uri=search.php%3Fid%3D1116398-121%26name%3Dfull+frame+pana+s1r HTTP/1.1" 200 21489 "-" "Mozilla/5.0 (Linux; Android 6.0.1; Nexus 5X Build/MMB29P) AppleWebKit/537.36 (KHTML, like Gecko) Chrome/137.0.7151.103 Mobile Safari/537.36 (compatible; Googlebot/2.1; +http://www.google.com/bot.html)"
45.196.45.40 - - [10/Jul/2025:15:33:07 -0400] "GET /?v=26235383021330%27&mod=3d8c34ed&uri=news.php?id=878539-106&name=frigo+gio+style+abbigliamento HTTP/1.1" 200 19037 "-" "Mozilla/5.0 (Windows NT 10.0; Win64; x64) AppleWebKit/537.36 (KHTML, like Gecko) Chrome/126.0.0.0 Safari/537.36"
45.196.45.40 - - [10/Jul/2025:15:33:07 -0400] "GET /?v=26235383021330&mod=3d8c34ed&uri=news.php?id=878539-106&name=frigo+gio+style+abbigliamento%27 HTTP/1.1" 200 19037 "-" "Mozilla/5.0 (Windows NT 10.0; Win64; x64) AppleWebKit/537.36 (KHTML, like Gecko) Chrome/126.0.0.0 Safari/537.36"
45.196.45.40 - - [10/Jul/2025:15:33:07 -0400] "GET /?v=26235383021330&mod=3d8c34ed&uri=news.php?id=878539-106%27&name=frigo+gio+style+abbigliamento HTTP/1.1" 200 19037 "-" "Mozilla/5.0 (Windows NT 10.0; Win64; x64) AppleWebKit/537.36 (KHTML, like Gecko) Chrome/126.0.0.0 Safari/537.36"
45.196.45.40 - - [10/Jul/2025:15:33:07 -0400] "GET /?v=26235383021330&mod=3d8c34ed%27&uri=news.php?id=878539-106&name=frigo+gio+style+abbigliamento HTTP/1.1" 200 19037 "-" "Mozilla/5.0 (Windows NT 10.0; Win64; x64) AppleWebKit/537.36 (KHTML, like Gecko) Chrome/126.0.0.0 Safari/537.36"
66.249.70.32 - - [10/Jul/2025:15:33:10 -0400] "GET /?v=25910109011330&mod=a0c65819&uri=info.php%3Fid%3D867620-582%26name%3Damazon+moto+e5+supra+case HTTP/1.1" 200 21563 "-" "Mozilla/5.0 (Linux; Android 6.0.1; Nexus 5X Build/MMB29P) AppleWebKit/537.36 (KHTML, like Gecko) Chrome/137.0.7151.103 Mobile Safari/537.36 (compatible; Googlebot/2.1; +http://www.google.com/bot.html)"
66.249.70.32 - - [10/Jul/2025:15:33:14 -0400] "GET /?v=44180182031330&mod=d4e4e52a&uri=blog.php%3Fid%3D1479220-434%26name%3Dann+perkins+watch+parks+and+rec+season HTTP/1.1" 200 21814 "-" "Mozilla/5.0 (Linux; Android 6.0.1; Nexus 5X Build/MMB29P) AppleWebKit/537.36 (KHTML, like Gecko) Chrome/137.0.7151.103 Mobile Safari/537.36 (compatible; Googlebot/2.1; +http://www.google.com/bot.html)"
66.249.70.32 - - [10/Jul/2025:15:33:15 -0400] "GET /?v=25909809061330&mod=a0c65819&uri=itm.php%3Fid%3D867610-582%26name%3Dsamsung+25w+charger+best+type+c+charger+for+samsung HTTP/1.1" 200 21913 "-" "Mozilla/5.0 (Linux; Android 6.0.1; Nexus 5X Build/MMB29P) AppleWebKit/537.36 (KHTML, like Gecko) Chrome/137.0.7151.103 Mobile Safari/537.36 (compatible; Googlebot/2.1; +http://www.google.com/bot.html)"
66.249.70.32 - - [10/Jul/2025:15:33:17 -0400] "GET /?v=42452459041330&mod=c78cd617&uri=search.php%3Fid%3D1421413-913%26name%3Dmens+vest+patagonia+vest+with+dress+shirt HTTP/1.1" 200 21832 "-" "Mozilla/5.0 (Linux; Android 6.0.1; Nexus 5X Build/MMB29P) AppleWebKit/537.36 (KHTML, like Gecko) Chrome/137.0.7151.103 Mobile Safari/537.36 (compatible; Googlebot/2.1; +http://www.google.com/bot.html)"
45.196.59.141 - - [10/Jul/2025:15:33:19 -0400] "GET /?v=871458021330&mod=60793eb1&uri=product.php?id=29193-337&name=open+farm+highest+rated+dry+dog+food%27 HTTP/1.1" 200 19037 "-" "Mozilla/5.0 (Windows NT 10.0; Win64; x64) AppleWebKit/537.36 (KHTML, like Gecko) Chrome/126.0.0.0 Safari/537.36"
45.196.59.141 - - [10/Jul/2025:15:33:19 -0400] "GET /?v=871458021330%27&mod=60793eb1&uri=product.php?id=29193-337&name=open+farm+highest+rated+dry+dog+food HTTP/1.1" 200 19037 "-" "Mozilla/5.0 (Windows NT 10.0; Win64; x64) AppleWebKit/537.36 (KHTML, like Gecko) Chrome/126.0.0.0 Safari/537.36"
45.196.59.141 - - [10/Jul/2025:15:33:19 -0400] "GET /?v=871458021330&mod=60793eb1%27&uri=product.php?id=29193-337&name=open+farm+highest+rated+dry+dog+food HTTP/1.1" 200 19037 "-" "Mozilla/5.0 (Windows NT 10.0; Win64; x64) AppleWebKit/537.36 (KHTML, like Gecko) Chrome/126.0.0.0 Safari/537.36"
45.196.59.141 - - [10/Jul/2025:15:33:19 -0400] "GET /?v=871458021330&mod=60793eb1&uri=product.php?id=29193-337%27&name=open+farm+highest+rated+dry+dog+food HTTP/1.1" 200 19037 "-" "Mozilla/5.0 (Windows NT 10.0; Win64; x64) AppleWebKit/537.36 (KHTML, like Gecko) Chrome/126.0.0.0 Safari/537.36"
66.249.70.32 - - [10/Jul/2025:15:33:23 -0400] "GET /?v=25912029031330&mod=fbaad9d7&uri=products.php%3Fid%3D867684-573%26name%3Dbarbas+chamarra+de+barbitas HTTP/1.1" 200 22184 "-" "Mozilla/5.0 (Linux; Android 6.0.1; Nexus 5X Build/MMB29P) AppleWebKit/537.36 (KHTML, like Gecko) Chrome/137.0.7151.103 Mobile Safari/537.36 (compatible; Googlebot/2.1; +http://www.google.com/bot.html)"
66.249.70.32 - - [10/Jul/2025:15:33:25 -0400] "GET /?v=25909629051330&mod=a0c65819&uri=shared.php%3Fid%3D867604-582%26name%3Dgalaxy+s24+galaxy+tab+s7+super+fast+charging HTTP/1.1" 200 21821 "-" "Mozilla/5.0 (Linux; Android 6.0.1; Nexus 5X Build/MMB29P) AppleWebKit/537.36 (KHTML, like Gecko) Chrome/137.0.7151.103 Mobile Safari/537.36 (compatible; Googlebot/2.1; +http://www.google.com/bot.html)"
66.249.70.32 - - [10/Jul/2025:15:33:33 -0400] "GET /?v=86524992091330&mod=527490f0&uri=product.php%3Fid%3D2896950-130%26name%3Dsneaker+trends+heren+sneakers+winter+2021 HTTP/1.1" 200 21424 "-" "Mozilla/5.0 (Linux; Android 6.0.1; Nexus 5X Build/MMB29P) AppleWebKit/537.36 (KHTML, like Gecko) Chrome/137.0.7151.103 Mobile Safari/537.36 (compatible; Googlebot/2.1; +http://www.google.com/bot.html)"
66.249.70.32 - - [10/Jul/2025:15:33:36 -0400] "GET /?v=69712360041330&mod=a5d42e40&uri=category-info.php%3Fid%3D2334129-59%26name%3Dverizon+wireless+wireless+zone+warwick HTTP/1.1" 200 22015 "-" "Mozilla/5.0 (Linux; Android 6.0.1; Nexus 5X Build/MMB29P) AppleWebKit/537.36 (KHTML, like Gecko) Chrome/137.0.7151.103 Mobile Safari/537.36 (compatible; Googlebot/2.1; +http://www.google.com/bot.html)"
66.249.70.32 - - [10/Jul/2025:15:33:39 -0400] "POST /get-message-notify HTTP/1.1" 404 1251 "https://www.getschooljobs.com/?v=25912029031330&mod=fbaad9d7&uri=products.php%3Fid%3D867684-573%26name%3Dbarbas+chamarra+de+barbitas" "Mozilla/5.0 (Linux; Android 6.0.1; Nexus 5X Build/MMB29P) AppleWebKit/537.36 (KHTML, like Gecko) Chrome/137.0.7151.119 Mobile Safari/537.36 (compatible; Googlebot/2.1; +http://www.google.com/bot.html)"
66.249.70.32 - - [10/Jul/2025:15:33:40 -0400] "GET /?v=69680155001330&mod=b7f0b1c1&uri=product.php%3Fid%3D2333052-251%26name%3Dtropic+tenis+panam+de+tela HTTP/1.1" 200 22414 "-" "Mozilla/5.0 (Linux; Android 6.0.1; Nexus 5X Build/MMB29P) AppleWebKit/537.36 (KHTML, like Gecko) Chrome/137.0.7151.103 Mobile Safari/537.36 (compatible; Googlebot/2.1; +http://www.google.com/bot.html)"
66.249.70.32 - - [10/Jul/2025:15:33:43 -0400] "GET /?v=55476288001330&mod=dd397459&uri=blog.php%3Fid%3D1857405-286%26name%3Dmovies+2024+horror+movies+on+amazon+prime+for+free HTTP/1.1" 200 22186 "-" "Mozilla/5.0 (Linux; Android 6.0.1; Nexus 5X Build/MMB29P) AppleWebKit/537.36 (KHTML, like Gecko) Chrome/137.0.7151.103 Mobile Safari/537.36 (compatible; Googlebot/2.1; +http://www.google.com/bot.html)"
66.249.70.32 - - [10/Jul/2025:15:33:49 -0400] "GET /?v=55474868031330&mod=51323239&uri=goods.php%3Fid%3D1857357-348%26name%3Dcoruscant+clone+wars+episode+full+battle+of+coruscant HTTP/1.1" 200 21175 "-" "Mozilla/5.0 (Linux; Android 6.0.1; Nexus 5X Build/MMB29P) AppleWebKit/537.36 (KHTML, like Gecko) Chrome/137.0.7151.103 Mobile Safari/537.36 (compatible; Googlebot/2.1; +http://www.google.com/bot.html)"
66.249.70.32 - - [10/Jul/2025:15:33:53 -0400] "GET /?v=55475568021330&mod=51323239&uri=shared.php%3Fid%3D1857381-348%26name%3Dworld+legend+lego+jurassic+world+videos HTTP/1.1" 200 22154 "-" "Mozilla/5.0 (Linux; Android 6.0.1; Nexus 5X Build/MMB29P) AppleWebKit/537.36 (KHTML, like Gecko) Chrome/137.0.7151.103 Mobile Safari/537.36 (compatible; Googlebot/2.1; +http://www.google.com/bot.html)"
66.249.70.32 - - [10/Jul/2025:15:33:56 -0400] "POST /get-message-notify HTTP/1.1" 404 1251 "https://www.getschooljobs.com/?v=55475568021330&mod=51323239&uri=shared.php%3Fid%3D1857381-348%26name%3Dworld+legend+lego+jurassic+world+videos" "Mozilla/5.0 (Linux; Android 6.0.1; Nexus 5X Build/MMB29P) AppleWebKit/537.36 (KHTML, like Gecko) Chrome/137.0.7151.119 Mobile Safari/537.36 (compatible; Googlebot/2.1; +http://www.google.com/bot.html)"
66.249.70.33 - - [10/Jul/2025:15:34:01 -0400] "GET /?v=49841699041330&mod=d4ab2732&uri=products.php%3Fid%3D1668723-792%26name%3Dnike+air+jordan+jordan+10+suela HTTP/1.1" 200 21552 "-" "Mozilla/5.0 (Linux; Android 6.0.1; Nexus 5X Build/MMB29P) AppleWebKit/537.36 (KHTML, like Gecko) Chrome/137.0.7151.103 Mobile Safari/537.36 (compatible; Googlebot/2.1; +http://www.google.com/bot.html)"
66.249.70.32 - - [10/Jul/2025:15:34:05 -0400] "POST /get-message-notify HTTP/1.1" 404 1251 "https://www.getschooljobs.com/?v=69680155001330&mod=b7f0b1c1&uri=product.php%3Fid%3D2333052-251%26name%3Dtropic+tenis+panam+de+tela" "Mozilla/5.0 (Linux; Android 6.0.1; Nexus 5X Build/MMB29P) AppleWebKit/537.36 (KHTML, like Gecko) Chrome/137.0.7151.119 Mobile Safari/537.36 (compatible; Googlebot/2.1; +http://www.google.com/bot.html)"
66.249.70.32 - - [10/Jul/2025:15:34:06 -0400] "GET /?v=49840169041330&mod=bb38b68d&uri=products.php%3Fid%3D1668672-589%26name%3Dtenis+yeezy+yeezy+que+van+a+salir HTTP/1.1" 200 22954 "-" "Mozilla/5.0 (Linux; Android 6.0.1; Nexus 5X Build/MMB29P) AppleWebKit/537.36 (KHTML, like Gecko) Chrome/137.0.7151.103 Mobile Safari/537.36 (compatible; Googlebot/2.1; +http://www.google.com/bot.html)"
