66.249.70.32 - - [10/Jul/2025:08:42:39 -0400] "POST /get-message-notify HTTP/1.1" 404 1251 "https://www.getschooljobs.com/?v=4459089031330&mod=fbc4bc53&uri=goods.php%3Fid%3D149282-170%26name%3Dsmartwatch+ofertas+viceroy+mujer" "Mozilla/5.0 (Linux; Android 6.0.1; Nexus 5X Build/MMB29P) AppleWebKit/537.36 (KHTML, like Gecko) Chrome/137.0.7151.119 Mobile Safari/537.36 (compatible; Googlebot/2.1; +http://www.google.com/bot.html)"
66.249.70.32 - - [10/Jul/2025:08:42:45 -0400] "GET /?v=4463867031330&mod=633cc4cf&uri=news.php%3Fid%3D149442-542%26name%3Dmee+mee+glass+feeder+bottle+glass+feeding+bottle+price HTTP/1.1" 200 21993 "-" "Mozilla/5.0 (Linux; Android 6.0.1; Nexus 5X Build/MMB29P) AppleWebKit/537.36 (KHTML, like Gecko) Chrome/137.0.7151.103 Mobile Safari/537.36 (compatible; Googlebot/2.1; +http://www.google.com/bot.html)"
66.249.70.32 - - [10/Jul/2025:08:47:30 -0400] "GET /?v=96982999011330&mod=51323239&uri=shop.php%3Fid%3D3247094-348%26name%3Dcalismasi+araci+lego+city+60284 HTTP/1.1" 200 21347 "-" "Mozilla/5.0 (Linux; Android 6.0.1; Nexus 5X Build/MMB29P) AppleWebKit/537.36 (KHTML, like Gecko) Chrome/137.0.7151.103 Mobile Safari/537.36 (compatible; Googlebot/2.1; +http://www.google.com/bot.html)"
66.249.70.32 - - [10/Jul/2025:08:47:33 -0400] "GET /?v=103417852051330&mod=77c68297&uri=article.php%3Fid%3D3462594-555%26name%3Dkada+men%27s+bangles+design HTTP/1.1" 200 21935 "-" "Mozilla/5.0 (Linux; Android 6.0.1; Nexus 5X Build/MMB29P) AppleWebKit/537.36 (KHTML, like Gecko) Chrome/137.0.7151.103 Mobile Safari/537.36 (compatible; Googlebot/2.1; +http://www.google.com/bot.html)"
66.249.70.32 - - [10/Jul/2025:08:47:34 -0400] "POST /get-message-notify HTTP/1.1" 404 1251 "https://www.getschooljobs.com/?v=103420259021330&mod=77c68297&uri=news.php%3Fid%3D3462675-555%26name%3Dbutterfly+jewelry+blue+swallowtail+butterfly+charm+bangle" "Mozilla/5.0 (Linux; Android 6.0.1; Nexus 5X Build/MMB29P) AppleWebKit/537.36 (KHTML, like Gecko) Chrome/137.0.7151.119 Mobile Safari/537.36 (compatible; Googlebot/2.1; +http://www.google.com/bot.html)"
66.249.70.32 - - [10/Jul/2025:08:47:37 -0400] "GET /?v=103419269031330&mod=77c68297&uri=brands.php%3Fid%3D3462642-555%26name%3Duae+malabar+gold+bangles+designs+in+dubai HTTP/1.1" 200 21228 "-" "Mozilla/5.0 (Linux; Android 6.0.1; Nexus 5X Build/MMB29P) AppleWebKit/537.36 (KHTML, like Gecko) Chrome/137.0.7151.103 Mobile Safari/537.36 (compatible; Googlebot/2.1; +http://www.google.com/bot.html)"
66.249.70.32 - - [10/Jul/2025:08:47:40 -0400] "GET /?v=103380258071330&mod=6e7f6c38&uri=products.php%3Fid%3D3461336-136%26name%3Dhome+gym+all+fitness+machines HTTP/1.1" 200 21573 "-" "Mozilla/5.0 (Linux; Android 6.0.1; Nexus 5X Build/MMB29P) AppleWebKit/537.36 (KHTML, like Gecko) Chrome/137.0.7151.103 Mobile Safari/537.36 (compatible; Googlebot/2.1; +http://www.google.com/bot.html)"
66.249.70.32 - - [10/Jul/2025:08:47:45 -0400] "POST /get-message-notify HTTP/1.1" 404 1251 "https://www.getschooljobs.com/?v=103380258071330&mod=6e7f6c38&uri=products.php%3Fid%3D3461336-136%26name%3Dhome+gym+all+fitness+machines" "Mozilla/5.0 (Linux; Android 6.0.1; Nexus 5X Build/MMB29P) AppleWebKit/537.36 (KHTML, like Gecko) Chrome/137.0.7151.119 Mobile Safari/537.36 (compatible; Googlebot/2.1; +http://www.google.com/bot.html)"
66.249.70.32 - - [10/Jul/2025:08:47:48 -0400] "GET /?v=4435515131330&mod=47718c70&uri=us.php%3Fid%3D148494-756%26name%3Dnike+tech+pack+woven+hooded+jacket HTTP/1.1" 200 21622 "-" "Mozilla/5.0 (Linux; Android 6.0.1; Nexus 5X Build/MMB29P) AppleWebKit/537.36 (KHTML, like Gecko) Chrome/137.0.7151.103 Mobile Safari/537.36 (compatible; Googlebot/2.1; +http://www.google.com/bot.html)"
66.249.70.32 - - [10/Jul/2025:08:47:48 -0400] "GET /?v=116726507021330&mod=40cccad2&uri=us.php%3Fid%3D3908089-43%26name%3Dstorage+cabinet+amazon+wooden+toy+box HTTP/1.1" 200 22248 "-" "Mozilla/5.0 (Linux; Android 6.0.1; Nexus 5X Build/MMB29P) AppleWebKit/537.36 (KHTML, like Gecko) Chrome/137.0.7151.103 Mobile Safari/537.36 (compatible; Googlebot/2.1; +http://www.google.com/bot.html)"
66.249.70.32 - - [10/Jul/2025:08:47:51 -0400] "GET /?v=116727107001330&mod=40cccad2&uri=search.php%3Fid%3D3908109-43%26name%3Dtoybox+extra+large+wooden+toy+chest HTTP/1.1" 200 22099 "-" "Mozilla/5.0 (Linux; Android 6.0.1; Nexus 5X Build/MMB29P) AppleWebKit/537.36 (KHTML, like Gecko) Chrome/137.0.7151.103 Mobile Safari/537.36 (compatible; Googlebot/2.1; +http://www.google.com/bot.html)"
66.249.70.32 - - [10/Jul/2025:08:47:53 -0400] "POST /get-message-notify HTTP/1.1" 404 1251 "https://www.getschooljobs.com/?v=116726507021330&mod=40cccad2&uri=us.php%3Fid%3D3908089-43%26name%3Dstorage+cabinet+amazon+wooden+toy+box" "Mozilla/5.0 (Linux; Android 6.0.1; Nexus 5X Build/MMB29P) AppleWebKit/537.36 (KHTML, like Gecko) Chrome/137.0.7151.119 Mobile Safari/537.36 (compatible; Googlebot/2.1; +http://www.google.com/bot.html)"
66.249.70.33 - - [10/Jul/2025:08:47:59 -0400] "GET /?v=51373529011330&mod=30aaa428&uri=shop.php%3Fid%3D1719984-84%26name%3Dnp+fw50+battery+for+batre+sony+a6000 HTTP/1.1" 200 21814 "-" "Mozilla/5.0 (Linux; Android 6.0.1; Nexus 5X Build/MMB29P) AppleWebKit/537.36 (KHTML, like Gecko) Chrome/137.0.7151.103 Mobile Safari/537.36 (compatible; Googlebot/2.1; +http://www.google.com/bot.html)"
66.249.70.32 - - [10/Jul/2025:08:48:05 -0400] "GET /?v=51370832011330&mod=edb636f6&uri=article.php%3Fid%3D1719894-243%26name%3Dmoda+vestidos+paula+echevarria+2020 HTTP/1.1" 200 21568 "-" "Mozilla/5.0 (Linux; Android 6.0.1; Nexus 5X Build/MMB29P) AppleWebKit/537.36 (KHTML, like Gecko) Chrome/137.0.7151.103 Mobile Safari/537.36 (compatible; Googlebot/2.1; +http://www.google.com/bot.html)"
66.249.70.33 - - [10/Jul/2025:08:48:06 -0400] "POST /get-message-notify HTTP/1.1" 404 1251 "https://www.getschooljobs.com/?v=51373529011330&mod=30aaa428&uri=shop.php%3Fid%3D1719984-84%26name%3Dnp+fw50+battery+for+batre+sony+a6000" "Mozilla/5.0 (Linux; Android 6.0.1; Nexus 5X Build/MMB29P) AppleWebKit/537.36 (KHTML, like Gecko) Chrome/137.0.7151.119 Mobile Safari/537.36 (compatible; Googlebot/2.1; +http://www.google.com/bot.html)"
66.249.70.32 - - [10/Jul/2025:08:48:11 -0400] "GET /?v=51373352011330&mod=30aaa428&uri=itm.php%3Fid%3D1719978-84%26name%3Ddash+cam+micam+gps HTTP/1.1" 200 21686 "-" "Mozilla/5.0 (Linux; Android 6.0.1; Nexus 5X Build/MMB29P) AppleWebKit/537.36 (KHTML, like Gecko) Chrome/137.0.7151.103 Mobile Safari/537.36 (compatible; Googlebot/2.1; +http://www.google.com/bot.html)"
66.249.70.32 - - [10/Jul/2025:08:48:18 -0400] "GET /?v=51369752011330&mod=6e7f6c38&uri=dp.php%3Fid%3D1719858-136%26name%3Dstep+platform+plastic+aerobic+step HTTP/1.1" 200 22411 "-" "Mozilla/5.0 (Linux; Android 6.0.1; Nexus 5X Build/MMB29P) AppleWebKit/537.36 (KHTML, like Gecko) Chrome/137.0.7151.103 Mobile Safari/537.36 (compatible; Googlebot/2.1; +http://www.google.com/bot.html)"
66.249.70.32 - - [10/Jul/2025:08:48:22 -0400] "POST /get-message-notify HTTP/1.1" 404 1251 "https://www.getschooljobs.com/?v=51369752011330&mod=6e7f6c38&uri=dp.php%3Fid%3D1719858-136%26name%3Dstep+platform+plastic+aerobic+step" "Mozilla/5.0 (Linux; Android 6.0.1; Nexus 5X Build/MMB29P) AppleWebKit/537.36 (KHTML, like Gecko) Chrome/137.0.7151.119 Mobile Safari/537.36 (compatible; Googlebot/2.1; +http://www.google.com/bot.html)"
66.249.70.32 - - [10/Jul/2025:08:48:24 -0400] "GET /?v=51370022101330&mod=6e7f6c38&uri=itm.php%3Fid%3D1719867-136%26name%3Dtrx+registration+band+gym HTTP/1.1" 200 21633 "-" "Mozilla/5.0 (Linux; Android 6.0.1; Nexus 5X Build/MMB29P) AppleWebKit/537.36 (KHTML, like Gecko) Chrome/137.0.7151.103 Mobile Safari/537.36 (compatible; Googlebot/2.1; +http://www.google.com/bot.html)"
66.249.70.32 - - [10/Jul/2025:08:48:31 -0400] "GET /?v=51371822021330&mod=fb3fb416&uri=article.php%3Fid%3D1719927-1071%26name%3Dabrigo+traje+negro+mujer+fiesta HTTP/1.1" 200 20643 "-" "Mozilla/5.0 (Linux; Android 6.0.1; Nexus 5X Build/MMB29P) AppleWebKit/537.36 (KHTML, like Gecko) Chrome/137.0.7151.103 Mobile Safari/537.36 (compatible; Googlebot/2.1; +http://www.google.com/bot.html)"
52.159.227.40 - - [10/Jul/2025:08:48:33 -0400] "GET /?mod=dce58de1&uri=info.php?id%3D3435736-537%26name%3Dlavender+purple+luggage+sets&v=102615335071330 HTTP/1.1" 200 4655 "-" "Mozilla/5.0 AppleWebKit/537.36 (KHTML, like Gecko); compatible; ChatGPT-User/1.0; +https://openai.com/bot"
66.249.70.32 - - [10/Jul/2025:08:48:39 -0400] "GET /?v=51371732021330&mod=6e7f6c38&uri=blog.php%3Fid%3D1719924-136%26name%3Dcorepower+yoga+best+corepower+on+demand+classes HTTP/1.1" 200 22230 "-" "Mozilla/5.0 (Linux; Android 6.0.1; Nexus 5X Build/MMB29P) AppleWebKit/537.36 (KHTML, like Gecko) Chrome/137.0.7151.103 Mobile Safari/537.36 (compatible; Googlebot/2.1; +http://www.google.com/bot.html)"
66.249.70.32 - - [10/Jul/2025:08:48:44 -0400] "POST /get-message-notify HTTP/1.1" 404 1251 "https://www.getschooljobs.com/?v=51371732021330&mod=6e7f6c38&uri=blog.php%3Fid%3D1719924-136%26name%3Dcorepower+yoga+best+corepower+on+demand+classes" "Mozilla/5.0 (Linux; Android 6.0.1; Nexus 5X Build/MMB29P) AppleWebKit/537.36 (KHTML, like Gecko) Chrome/137.0.7151.119 Mobile Safari/537.36 (compatible; Googlebot/2.1; +http://www.google.com/bot.html)"
66.249.70.32 - - [10/Jul/2025:08:48:47 -0400] "GET /?v=67178662001330&mod=e049d626&uri=product.php%3Fid%3D2249327-982%26name%3D20l+dakine+rugzak+kind HTTP/1.1" 200 21641 "-" "Mozilla/5.0 (Linux; Android 6.0.1; Nexus 5X Build/MMB29P) AppleWebKit/537.36 (KHTML, like Gecko) Chrome/137.0.7151.103 Mobile Safari/537.36 (compatible; Googlebot/2.1; +http://www.google.com/bot.html)"
66.249.70.32 - - [10/Jul/2025:08:48:55 -0400] "GET /?v=67209171021330&mod=71bba973&uri=shop.php%3Fid%3D2250349-642%26name%3Doval+sunglasses+gucci+diamante+glasses HTTP/1.1" 200 22040 "-" "Mozilla/5.0 (Linux; Android 6.0.1; Nexus 5X Build/MMB29P) AppleWebKit/537.36 (KHTML, like Gecko) Chrome/137.0.7151.103 Mobile Safari/537.36 (compatible; Googlebot/2.1; +http://www.google.com/bot.html)"
66.249.70.32 - - [10/Jul/2025:08:48:58 -0400] "POST /get-message-notify HTTP/1.1" 404 1251 "https://www.getschooljobs.com/?v=67209171021330&mod=71bba973&uri=shop.php%3Fid%3D2250349-642%26name%3Doval+sunglasses+gucci+diamante+glasses" "Mozilla/5.0 (Linux; Android 6.0.1; Nexus 5X Build/MMB29P) AppleWebKit/537.36 (KHTML, like Gecko) Chrome/137.0.7151.119 Mobile Safari/537.36 (compatible; Googlebot/2.1; +http://www.google.com/bot.html)"
66.249.70.32 - - [10/Jul/2025:08:49:01 -0400] "GET /?v=67193934051330&mod=a0c65819&uri=pin.php%3Fid%3D2249837-582%26name%3Diphone+12+pro+max+leather+sleeve HTTP/1.1" 200 21869 "-" "Mozilla/5.0 (Linux; Android 6.0.1; Nexus 5X Build/MMB29P) AppleWebKit/537.36 (KHTML, like Gecko) Chrome/137.0.7151.103 Mobile Safari/537.36 (compatible; Googlebot/2.1; +http://www.google.com/bot.html)"
66.249.70.32 - - [10/Jul/2025:08:49:02 -0400] "GET /?v=115576258031330&mod=25766f01&uri=info.php%3Fid%3D3869580-29%26name%3Dmotorcycle+headlight+bajaj+avenger+headlight+assembly+price HTTP/1.1" 200 21983 "-" "Mozilla/5.0 (Linux; Android 6.0.1; Nexus 5X Build/MMB29P) AppleWebKit/537.36 (KHTML, like Gecko) Chrome/137.0.7151.103 Mobile Safari/537.36 (compatible; Googlebot/2.1; +http://www.google.com/bot.html)"
66.249.70.33 - - [10/Jul/2025:08:49:02 -0400] "GET /?v=86548685091330&mod=30aaa428&uri=category-info.php%3Fid%3D2897742-84%26name%3Dnikon+tokina+400mm+mirror+lens HTTP/1.1" 200 21449 "-" "Mozilla/5.0 (Linux; Android 6.0.1; Nexus 5X Build/MMB29P) AppleWebKit/537.36 (KHTML, like Gecko) Chrome/137.0.7151.103 Mobile Safari/537.36 (compatible; Googlebot/2.1; +http://www.google.com/bot.html)"
66.249.70.32 - - [10/Jul/2025:08:49:05 -0400] "POST /get-message-notify HTTP/1.1" 404 1251 "https://www.getschooljobs.com/?v=115576258031330&mod=25766f01&uri=info.php%3Fid%3D3869580-29%26name%3Dmotorcycle+headlight+bajaj+avenger+headlight+assembly+price" "Mozilla/5.0 (Linux; Android 6.0.1; Nexus 5X Build/MMB29P) AppleWebKit/537.36 (KHTML, like Gecko) Chrome/137.0.7151.119 Mobile Safari/537.36 (compatible; Googlebot/2.1; +http://www.google.com/bot.html)"
66.249.70.34 - - [10/Jul/2025:08:49:05 -0400] "GET /?v=67203950061330&mod=71bba973&uri=goods.php%3Fid%3D2250173-642%26name%3Dbutterfly+sunglasses+gucci+sunglasses+gg0471s HTTP/1.1" 200 21084 "-" "Mozilla/5.0 (Linux; Android 6.0.1; Nexus 5X Build/MMB29P) AppleWebKit/537.36 (KHTML, like Gecko) Chrome/137.0.7151.103 Mobile Safari/537.36 (compatible; Googlebot/2.1; +http://www.google.com/bot.html)"
66.249.70.32 - - [10/Jul/2025:08:49:08 -0400] "GET /?v=67098990021330&mod=2f9f7aa3&uri=pin.php%3Fid%3D2246661-1545%26name%3Dworkout+shoes+reebok+crossfit+nano+wide HTTP/1.1" 200 21081 "-" "Mozilla/5.0 (Linux; Android 6.0.1; Nexus 5X Build/MMB29P) AppleWebKit/537.36 (KHTML, like Gecko) Chrome/137.0.7151.103 Mobile Safari/537.36 (compatible; Googlebot/2.1; +http://www.google.com/bot.html)"
66.249.70.32 - - [10/Jul/2025:08:49:14 -0400] "GET /?v=67134323051330&mod=2ed80260&uri=products.php%3Fid%3D2247844-842%26name%3Dorbea+bikes+orbea+mx+30+29er HTTP/1.1" 200 21021 "-" "Mozilla/5.0 (Linux; Android 6.0.1; Nexus 5X Build/MMB29P) AppleWebKit/537.36 (KHTML, like Gecko) Chrome/137.0.7151.103 Mobile Safari/537.36 (compatible; Googlebot/2.1; +http://www.google.com/bot.html)"
66.249.70.32 - - [10/Jul/2025:08:49:33 -0400] "GET /?v=30225712091330&mod=5b4e201b&uri=search.php%3Fid%3D1012150-155%26name%3Damazon+mcm+stark+backpack+40 HTTP/1.1" 200 21407 "-" "Mozilla/5.0 (Linux; Android 6.0.1; Nexus 5X Build/MMB29P) AppleWebKit/537.36 (KHTML, like Gecko) Chrome/137.0.7151.103 Mobile Safari/537.36 (compatible; Googlebot/2.1; +http://www.google.com/bot.html)"
66.249.70.32 - - [10/Jul/2025:08:49:41 -0400] "GET /?v=91822621011330&mod=8965f766&uri=category-info.php%3Fid%3D3074278-55%26name%3Dshopping+bag+buste+tnt+personalizzate HTTP/1.1" 200 20763 "-" "Mozilla/5.0 (Linux; Android 6.0.1; Nexus 5X Build/MMB29P) AppleWebKit/537.36 (KHTML, like Gecko) Chrome/137.0.7151.103 Mobile Safari/537.36 (compatible; Googlebot/2.1; +http://www.google.com/bot.html)"
172.182.209.215 - - [10/Jul/2025:08:49:42 -0400] "GET /?mod=dce58de1&uri=info.php%3Fid%3D3435736-537%26name%3Dlavender+purple+luggage+sets&v=102615335071330 HTTP/1.1" 200 4655 "-" "Mozilla/5.0 (Macintosh; Intel Mac OS X 10_15_7) AppleWebKit/537.36 (KHTML, like Gecko) Chrome/131.0.0.0 Safari/537.36; compatible; OAI-SearchBot/1.0; +https://openai.com/searchbot"
66.249.70.32 - - [10/Jul/2025:08:49:48 -0400] "GET /?v=91707965071330&mod=31163fed&uri=search.php%3Fid%3D3070444-300%26name%3Dsweatshirt+pulli+von+snipes HTTP/1.1" 200 21532 "-" "Mozilla/5.0 (Linux; Android 6.0.1; Nexus 5X Build/MMB29P) AppleWebKit/537.36 (KHTML, like Gecko) Chrome/137.0.7151.103 Mobile Safari/537.36 (compatible; Googlebot/2.1; +http://www.google.com/bot.html)"
66.249.70.32 - - [10/Jul/2025:08:49:49 -0400] "GET /?v=95357218011330&mod=dce58de1&uri=brands.php%3Fid%3D3192650-537%26name%3Dhardside+luggage+samsonite+cerene HTTP/1.1" 200 22123 "-" "Mozilla/5.0 (Linux; Android 6.0.1; Nexus 5X Build/MMB29P) AppleWebKit/537.36 (KHTML, like Gecko) Chrome/137.0.7151.103 Mobile Safari/537.36 (compatible; Googlebot/2.1; +http://www.google.com/bot.html)"
66.249.70.32 - - [10/Jul/2025:08:49:55 -0400] "GET /?v=92242417011330&mod=2a4bba50&uri=news.php%3Fid%3D3088336-1241%26name%3Dv+gen+ram+8gb+ddr4+2400mhz+sodimm HTTP/1.1" 200 21252 "-" "Mozilla/5.0 (Linux; Android 6.0.1; Nexus 5X Build/MMB29P) AppleWebKit/537.36 (KHTML, like Gecko) Chrome/137.0.7151.103 Mobile Safari/537.36 (compatible; Googlebot/2.1; +http://www.google.com/bot.html)"
66.249.70.32 - - [10/Jul/2025:08:49:55 -0400] "GET /?v=91835489071330&mod=311cfa45&uri=shop.php%3Fid%3D3074708-427%26name%3Dvestidos+cortos+vestidos+largos+fiesta+tallas+grandes+baratos HTTP/1.1" 200 18968 "-" "Mozilla/5.0 (Linux; Android 6.0.1; Nexus 5X Build/MMB29P) AppleWebKit/537.36 (KHTML, like Gecko) Chrome/137.0.7151.103 Mobile Safari/537.36 (compatible; Googlebot/2.1; +http://www.google.com/bot.html)"
66.249.70.32 - - [10/Jul/2025:08:49:56 -0400] "GET /?v=69978897021330&mod=b0a19223&uri=itm.php%3Fid%3D2343061-801%26name%3Dtableau+pointure+pointure+chaussure+b%C3%83%C2%A9b%C3%83%C2%A9+en+cm HTTP/1.1" 200 21425 "-" "Mozilla/5.0 (Linux; Android 6.0.1; Nexus 5X Build/MMB29P) AppleWebKit/537.36 (KHTML, like Gecko) Chrome/137.0.7151.103 Mobile Safari/537.36 (compatible; Googlebot/2.1; +http://www.google.com/bot.html)"
187.202.243.82 - - [10/Jul/2025:08:50:00 -0400] "GET /?v=92163640061330&mod=08cc5f2a&uri=shared.php%3Fid%3D3085695-577%26name%3Dcentro+cdmx+vestidos+de+noche+en+mixcalco HTTP/1.1" 200 133 "https://www.google.com/" "Mozilla/5.0 (Linux; Android 10; K) AppleWebKit/537.36 (KHTML, like Gecko) Chrome/138.0.0.0 Mobile Safari/537.36"
66.249.70.32 - - [10/Jul/2025:08:50:02 -0400] "GET /?v=30222716041330&mod=5b4e201b&uri=shop.php%3Fid%3D1012050-155%26name%3Dsnapshot+crossbody+marc+jacobs+all+white+snapshot+bag HTTP/1.1" 200 22277 "-" "Mozilla/5.0 (Linux; Android 6.0.1; Nexus 5X Build/MMB29P) AppleWebKit/537.36 (KHTML, like Gecko) Chrome/137.0.7151.103 Mobile Safari/537.36 (compatible; Googlebot/2.1; +http://www.google.com/bot.html)"
66.249.70.32 - - [10/Jul/2025:08:50:08 -0400] "GET /?v=91834289011330&mod=8965f766&uri=news.php%3Fid%3D3074668-55%26name%3Doutlet+braccialini+bauletto HTTP/1.1" 200 20761 "-" "Mozilla/5.0 (Linux; Android 6.0.1; Nexus 5X Build/MMB29P) AppleWebKit/537.36 (KHTML, like Gecko) Chrome/137.0.7151.103 Mobile Safari/537.36 (compatible; Googlebot/2.1; +http://www.google.com/bot.html)"
66.249.70.32 - - [10/Jul/2025:08:50:14 -0400] "GET /?v=30148392071330&mod=907353ea&uri=news.php%3Fid%3D1009553-374%26name%3Dreview+giant+atx+mountain+bike+2020 HTTP/1.1" 200 21300 "-" "Mozilla/5.0 (Linux; Android 6.0.1; Nexus 5X Build/MMB29P) AppleWebKit/537.36 (KHTML, like Gecko) Chrome/137.0.7151.103 Mobile Safari/537.36 (compatible; Googlebot/2.1; +http://www.google.com/bot.html)"
66.249.70.32 - - [10/Jul/2025:08:50:21 -0400] "GET /?v=91835189011330&mod=e7896283&uri=pin.php%3Fid%3D3074698-193%26name%3Dwater+intake+how+long+can+a+dog+go+without+water+in+the+heat HTTP/1.1" 200 22656 "-" "Mozilla/5.0 (Linux; Android 6.0.1; Nexus 5X Build/MMB29P) AppleWebKit/537.36 (KHTML, like Gecko) Chrome/137.0.7151.103 Mobile Safari/537.36 (compatible; Googlebot/2.1; +http://www.google.com/bot.html)"
66.249.70.32 - - [10/Jul/2025:08:50:27 -0400] "POST /get-message-notify HTTP/1.1" 404 1251 "https://www.getschooljobs.com/?v=91834289011330&mod=8965f766&uri=news.php%3Fid%3D3074668-55%26name%3Doutlet+braccialini+bauletto" "Mozilla/5.0 (Linux; Android 6.0.1; Nexus 5X Build/MMB29P) AppleWebKit/537.36 (KHTML, like Gecko) Chrome/137.0.7151.119 Mobile Safari/537.36 (compatible; Googlebot/2.1; +http://www.google.com/bot.html)"
66.249.70.32 - - [10/Jul/2025:08:50:34 -0400] "GET /?v=30222266041330&mod=25766f01&uri=us.php%3Fid%3D1012035-29%26name%3Dgravel+bike+jual+giant+revolt HTTP/1.1" 200 21844 "-" "Mozilla/5.0 (Linux; Android 6.0.1; Nexus 5X Build/MMB29P) AppleWebKit/537.36 (KHTML, like Gecko) Chrome/137.0.7151.103 Mobile Safari/537.36 (compatible; Googlebot/2.1; +http://www.google.com/bot.html)"
66.249.70.32 - - [10/Jul/2025:08:50:34 -0400] "GET /?v=72643179041330&mod=0bff2aa0&uri=pin.php%3Fid%3D2432265-318%26name%3Dportuguese+baptism+jewellery HTTP/1.1" 200 21694 "-" "Mozilla/5.0 (Linux; Android 6.0.1; Nexus 5X Build/MMB29P) AppleWebKit/537.36 (KHTML, like Gecko) Chrome/137.0.7151.103 Mobile Safari/537.36 (compatible; Googlebot/2.1; +http://www.google.com/bot.html)"
66.249.70.32 - - [10/Jul/2025:08:50:38 -0400] "GET /?v=91835789061330&mod=6e7f6c38&uri=blog.php%3Fid%3D3074718-136%26name%3Dtoy+story+disney+foam+floor+tiles HTTP/1.1" 200 21774 "-" "Mozilla/5.0 (Linux; Android 6.0.1; Nexus 5X Build/MMB29P) AppleWebKit/537.36 (KHTML, like Gecko) Chrome/137.0.7151.103 Mobile Safari/537.36 (compatible; Googlebot/2.1; +http://www.google.com/bot.html)"
66.249.70.32 - - [10/Jul/2025:08:50:41 -0400] "GET /?v=91665858011330&mod=d5fab51e&uri=pin.php%3Fid%3D3069037-1127%26name%3Dsale+reebok+reebok+lx+8500+homme+verte HTTP/1.1" 200 20850 "-" "Mozilla/5.0 (Linux; Android 6.0.1; Nexus 5X Build/MMB29P) AppleWebKit/537.36 (KHTML, like Gecko) Chrome/137.0.7151.103 Mobile Safari/537.36 (compatible; Googlebot/2.1; +http://www.google.com/bot.html)"
66.249.70.32 - - [10/Jul/2025:08:50:45 -0400] "GET /?v=30232012051330&mod=25766f01&uri=news.php%3Fid%3D1012360-29%26name%3Dmountain+bike+magna+silver+canyon+26 HTTP/1.1" 200 21943 "-" "Mozilla/5.0 (Linux; Android 6.0.1; Nexus 5X Build/MMB29P) AppleWebKit/537.36 (KHTML, like Gecko) Chrome/137.0.7151.103 Mobile Safari/537.36 (compatible; Googlebot/2.1; +http://www.google.com/bot.html)"
66.249.70.32 - - [10/Jul/2025:08:50:49 -0400] "POST /get-message-notify HTTP/1.1" 404 1251 "https://www.getschooljobs.com/?v=30232012051330&mod=25766f01&uri=news.php%3Fid%3D1012360-29%26name%3Dmountain+bike+magna+silver+canyon+26" "Mozilla/5.0 (Linux; Android 6.0.1; Nexus 5X Build/MMB29P) AppleWebKit/537.36 (KHTML, like Gecko) Chrome/137.0.7151.119 Mobile Safari/537.36 (compatible; Googlebot/2.1; +http://www.google.com/bot.html)"
66.249.70.32 - - [10/Jul/2025:08:50:52 -0400] "GET /?v=91764085031330&mod=51323239&uri=news.php%3Fid%3D3072320-348%26name%3Dmedical+devices+lego+technic+8259 HTTP/1.1" 200 21410 "-" "Mozilla/5.0 (Linux; Android 6.0.1; Nexus 5X Build/MMB29P) AppleWebKit/537.36 (KHTML, like Gecko) Chrome/137.0.7151.103 Mobile Safari/537.36 (compatible; Googlebot/2.1; +http://www.google.com/bot.html)"
66.249.70.32 - - [10/Jul/2025:08:50:53 -0400] "POST /get-message-notify HTTP/1.1" 404 1251 "https://www.getschooljobs.com/?v=72643179041330&mod=0bff2aa0&uri=pin.php%3Fid%3D2432265-318%26name%3Dportuguese+baptism+jewellery" "Mozilla/5.0 (Linux; Android 6.0.1; Nexus 5X Build/MMB29P) AppleWebKit/537.36 (KHTML, like Gecko) Chrome/137.0.7151.119 Mobile Safari/537.36 (compatible; Googlebot/2.1; +http://www.google.com/bot.html)"
69.46.65.27 - - [10/Jul/2025:08:50:57 -0400] "GET /?v=95607737011330&mod=d13d560f%27&uri=article.php?id=3201036-442&name=south+canterbury+champs+website+down HTTP/1.1" 200 19037 "-" "Mozilla/5.0 (Windows NT 10.0; Win64; x64) AppleWebKit/537.36 (KHTML, like Gecko) Chrome/126.0.0.0 Safari/537.36"
69.46.65.27 - - [10/Jul/2025:08:50:57 -0400] "GET /?v=95607737011330&mod=d13d560f&uri=article.php?id=3201036-442&name=south+canterbury+champs+website+down%27 HTTP/1.1" 200 19037 "-" "Mozilla/5.0 (Windows NT 10.0; Win64; x64) AppleWebKit/537.36 (KHTML, like Gecko) Chrome/126.0.0.0 Safari/537.36"
69.46.65.27 - - [10/Jul/2025:08:50:57 -0400] "GET /?v=95607737011330%27&mod=d13d560f&uri=article.php?id=3201036-442&name=south+canterbury+champs+website+down HTTP/1.1" 200 19037 "-" "Mozilla/5.0 (Windows NT 10.0; Win64; x64) AppleWebKit/537.36 (KHTML, like Gecko) Chrome/126.0.0.0 Safari/537.36"
69.46.65.27 - - [10/Jul/2025:08:50:57 -0400] "GET /?v=95607737011330&mod=d13d560f&uri=article.php?id=3201036-442%27&name=south+canterbury+champs+website+down HTTP/1.1" 200 19037 "-" "Mozilla/5.0 (Windows NT 10.0; Win64; x64) AppleWebKit/537.36 (KHTML, like Gecko) Chrome/126.0.0.0 Safari/537.36"
66.249.70.32 - - [10/Jul/2025:08:51:03 -0400] "POST /get-message-notify HTTP/1.1" 404 1251 "https://www.getschooljobs.com/?v=92242417011330&mod=2a4bba50&uri=news.php%3Fid%3D3088336-1241%26name%3Dv+gen+ram+8gb+ddr4+2400mhz+sodimm" "Mozilla/5.0 (Linux; Android 6.0.1; Nexus 5X Build/MMB29P) AppleWebKit/537.36 (KHTML, like Gecko) Chrome/137.0.7151.119 Mobile Safari/537.36 (compatible; Googlebot/2.1; +http://www.google.com/bot.html)"
66.249.70.33 - - [10/Jul/2025:08:51:04 -0400] "GET /?v=91834889011330&mod=e7896283&uri=form.php%3Fid%3D3074688-193%26name%3Dbulldog+mix+leopard+french+bulldog HTTP/1.1" 200 22302 "-" "Mozilla/5.0 (Linux; Android 6.0.1; Nexus 5X Build/MMB29P) AppleWebKit/537.36 (KHTML, like Gecko) Chrome/137.0.7151.103 Mobile Safari/537.36 (compatible; Googlebot/2.1; +http://www.google.com/bot.html)"
66.249.70.32 - - [10/Jul/2025:08:51:10 -0400] "GET /?v=91836089011330&mod=8965f766&uri=products.php%3Fid%3D3074728-55%26name%3Dsatchel+borse+michael+kors+prezzo+outlet HTTP/1.1" 200 21946 "-" "Mozilla/5.0 (Linux; Android 6.0.1; Nexus 5X Build/MMB29P) AppleWebKit/537.36 (KHTML, like Gecko) Chrome/137.0.7151.103 Mobile Safari/537.36 (compatible; Googlebot/2.1; +http://www.google.com/bot.html)"
66.249.70.33 - - [10/Jul/2025:08:51:14 -0400] "POST /get-message-notify HTTP/1.1" 404 1251 "https://www.getschooljobs.com/?v=91834889011330&mod=e7896283&uri=form.php%3Fid%3D3074688-193%26name%3Dbulldog+mix+leopard+french+bulldog" "Mozilla/5.0 (Linux; Android 6.0.1; Nexus 5X Build/MMB29P) AppleWebKit/537.36 (KHTML, like Gecko) Chrome/137.0.7151.119 Mobile Safari/537.36 (compatible; Googlebot/2.1; +http://www.google.com/bot.html)"
66.249.70.32 - - [10/Jul/2025:08:51:16 -0400] "GET /?v=91832498011330&mod=8965f766&uri=product.php%3Fid%3D3074608-55%26name%3Dbag+armani+borse+2021 HTTP/1.1" 200 20249 "-" "Mozilla/5.0 (Linux; Android 6.0.1; Nexus 5X Build/MMB29P) AppleWebKit/537.36 (KHTML, like Gecko) Chrome/137.0.7151.103 Mobile Safari/537.36 (compatible; Googlebot/2.1; +http://www.google.com/bot.html)"
66.249.70.32 - - [10/Jul/2025:08:51:22 -0400] "GET /?v=30229162041330&mod=25766f01&uri=itm.php%3Fid%3D1012265-29%26name%3Dbike+reviews+commencal+ramones+2019 HTTP/1.1" 200 21416 "-" "Mozilla/5.0 (Linux; Android 6.0.1; Nexus 5X Build/MMB29P) AppleWebKit/537.36 (KHTML, like Gecko) Chrome/137.0.7151.103 Mobile Safari/537.36 (compatible; Googlebot/2.1; +http://www.google.com/bot.html)"
66.249.70.32 - - [10/Jul/2025:08:51:22 -0400] "GET /?v=92242537031330&mod=6b77b838&uri=itm.php%3Fid%3D3088340-158%26name%3Dbaby+musical+fisher+price+musical+friends+jumperoo HTTP/1.1" 200 21559 "-" "Mozilla/5.0 (Linux; Android 6.0.1; Nexus 5X Build/MMB29P) AppleWebKit/537.36 (KHTML, like Gecko) Chrome/137.0.7151.103 Mobile Safari/537.36 (compatible; Googlebot/2.1; +http://www.google.com/bot.html)"
66.249.70.32 - - [10/Jul/2025:08:51:30 -0400] "GET /?v=91837889011330&mod=cb41f167&uri=category-info.php%3Fid%3D3074788-56%26name%3Drattan+furniture+small+garden+table+chairs HTTP/1.1" 200 21498 "-" "Mozilla/5.0 (Linux; Android 6.0.1; Nexus 5X Build/MMB29P) AppleWebKit/537.36 (KHTML, like Gecko) Chrome/137.0.7151.103 Mobile Safari/537.36 (compatible; Googlebot/2.1; +http://www.google.com/bot.html)"
66.249.70.32 - - [10/Jul/2025:08:51:32 -0400] "POST /get-message-notify HTTP/1.1" 404 1251 "https://www.getschooljobs.com/?v=30229162041330&mod=25766f01&uri=itm.php%3Fid%3D1012265-29%26name%3Dbike+reviews+commencal+ramones+2019" "Mozilla/5.0 (Linux; Android 6.0.1; Nexus 5X Build/MMB29P) AppleWebKit/537.36 (KHTML, like Gecko) Chrome/137.0.7151.119 Mobile Safari/537.36 (compatible; Googlebot/2.1; +http://www.google.com/bot.html)"
66.249.70.32 - - [10/Jul/2025:08:51:32 -0400] "GET /?v=26040937051330&mod=6b77b838&uri=dp.php%3Fid%3D871996-158%26name%3Dvtech+explore+and+crawl+learning+cub HTTP/1.1" 200 21733 "-" "Mozilla/5.0 (Linux; Android 6.0.1; Nexus 5X Build/MMB29P) AppleWebKit/537.36 (KHTML, like Gecko) Chrome/137.0.7151.103 Mobile Safari/537.36 (compatible; Googlebot/2.1; +http://www.google.com/bot.html)"
66.249.70.32 - - [10/Jul/2025:08:51:34 -0400] "GET /?v=91831607011330&mod=8965f766&uri=shop.php%3Fid%3D3074578-55%26name%3Dborse+carpisa+zaino+carpisa+saldi HTTP/1.1" 200 21147 "-" "Mozilla/5.0 (Linux; Android 6.0.1; Nexus 5X Build/MMB29P) AppleWebKit/537.36 (KHTML, like Gecko) Chrome/137.0.7151.103 Mobile Safari/537.36 (compatible; Googlebot/2.1; +http://www.google.com/bot.html)"
66.249.70.32 - - [10/Jul/2025:08:51:41 -0400] "GET /?v=30229912051330&mod=ec151b6e&uri=search.php%3Fid%3D1012290-265%26name%3Dnike+jerseys+custom+chelsea+soccer+jerseys HTTP/1.1" 200 21039 "-" "Mozilla/5.0 (Linux; Android 6.0.1; Nexus 5X Build/MMB29P) AppleWebKit/537.36 (KHTML, like Gecko) Chrome/137.0.7151.103 Mobile Safari/537.36 (compatible; Googlebot/2.1; +http://www.google.com/bot.html)"
66.249.70.32 - - [10/Jul/2025:08:51:55 -0400] "GET /?v=30222116041330&mod=bd50bebe&uri=products.php%3Fid%3D1012030-406%26name%3Dbaseball+cap+ncaa+shop+baseball HTTP/1.1" 200 21972 "-" "Mozilla/5.0 (Linux; Android 6.0.1; Nexus 5X Build/MMB29P) AppleWebKit/537.36 (KHTML, like Gecko) Chrome/137.0.7151.103 Mobile Safari/537.36 (compatible; Googlebot/2.1; +http://www.google.com/bot.html)"
66.249.70.33 - - [10/Jul/2025:08:52:04 -0400] "GET /?v=27055050011330&mod=db8419f4&uri=dp.php%3Fid%3D905966-49%26name%3Dcumulus+running+asics+gel+cumulus+20+donna+porpora HTTP/1.1" 200 21177 "-" "Mozilla/5.0 (Linux; Android 6.0.1; Nexus 5X Build/MMB29P) AppleWebKit/537.36 (KHTML, like Gecko) Chrome/137.0.7151.103 Mobile Safari/537.36 (compatible; Googlebot/2.1; +http://www.google.com/bot.html)"
66.249.70.33 - - [10/Jul/2025:08:52:12 -0400] "GET /?v=30226012091330&mod=ec151b6e&uri=product.php%3Fid%3D1012160-265%26name%3Dsoccer+jerseys+lfc+away+shirt HTTP/1.1" 200 20771 "-" "Mozilla/5.0 (Linux; Android 6.0.1; Nexus 5X Build/MMB29P) AppleWebKit/537.36 (KHTML, like Gecko) Chrome/137.0.7151.103 Mobile Safari/537.36 (compatible; Googlebot/2.1; +http://www.google.com/bot.html)"
66.249.70.32 - - [10/Jul/2025:08:52:18 -0400] "GET /?v=116710854061330&mod=ad22427c&uri=blog.php%3Fid%3D3907565-1727%26name%3Dblack+friday+payless+coupons+march+2019 HTTP/1.1" 200 20412 "-" "Mozilla/5.0 (Linux; Android 6.0.1; Nexus 5X Build/MMB29P) AppleWebKit/537.36 (KHTML, like Gecko) Chrome/137.0.7151.103 Mobile Safari/537.36 (compatible; Googlebot/2.1; +http://www.google.com/bot.html)"
66.249.70.32 - - [10/Jul/2025:08:52:21 -0400] "POST /get-message-notify HTTP/1.1" 404 1251 "https://www.getschooljobs.com/?v=116710854061330&mod=ad22427c&uri=blog.php%3Fid%3D3907565-1727%26name%3Dblack+friday+payless+coupons+march+2019" "Mozilla/5.0 (Linux; Android 6.0.1; Nexus 5X Build/MMB29P) AppleWebKit/537.36 (KHTML, like Gecko) Chrome/137.0.7151.119 Mobile Safari/537.36 (compatible; Googlebot/2.1; +http://www.google.com/bot.html)"
66.249.70.32 - - [10/Jul/2025:08:52:30 -0400] "GET /?v=116696875091330&mod=cf9113ad&uri=shared.php%3Fid%3D3907098-493%26name%3Dfighter+star+wars+squadrons+vr+epic+games HTTP/1.1" 200 21525 "-" "Mozilla/5.0 (Linux; Android 6.0.1; Nexus 5X Build/MMB29P) AppleWebKit/537.36 (KHTML, like Gecko) Chrome/137.0.7151.103 Mobile Safari/537.36 (compatible; Googlebot/2.1; +http://www.google.com/bot.html)"
66.249.70.32 - - [10/Jul/2025:08:52:32 -0400] "GET /?v=78363665041330&mod=4747f5ca&uri=goods.php%3Fid%3D2623801-78%26name%3Dmitts+black+diamond+solano HTTP/1.1" 200 22243 "-" "Mozilla/5.0 (Linux; Android 6.0.1; Nexus 5X Build/MMB29P) AppleWebKit/537.36 (KHTML, like Gecko) Chrome/137.0.7151.103 Mobile Safari/537.36 (compatible; Googlebot/2.1; +http://www.google.com/bot.html)"
66.249.70.32 - - [10/Jul/2025:08:52:34 -0400] "GET /?v=116645970001330&mod=5eb2a86c&uri=form.php%3Fid%3D3905394-91%26name%3Dv+snap+on+volt+battery HTTP/1.1" 200 21913 "-" "Mozilla/5.0 (Linux; Android 6.0.1; Nexus 5X Build/MMB29P) AppleWebKit/537.36 (KHTML, like Gecko) Chrome/137.0.7151.103 Mobile Safari/537.36 (compatible; Googlebot/2.1; +http://www.google.com/bot.html)"
66.249.70.32 - - [10/Jul/2025:08:52:42 -0400] "POST /get-message-notify HTTP/1.1" 404 1251 "https://www.getschooljobs.com/?v=116696875091330&mod=cf9113ad&uri=shared.php%3Fid%3D3907098-493%26name%3Dfighter+star+wars+squadrons+vr+epic+games" "Mozilla/5.0 (Linux; Android 6.0.1; Nexus 5X Build/MMB29P) AppleWebKit/537.36 (KHTML, like Gecko) Chrome/137.0.7151.119 Mobile Safari/537.36 (compatible; Googlebot/2.1; +http://www.google.com/bot.html)"
66.249.70.32 - - [10/Jul/2025:08:52:42 -0400] "GET /?v=116637437011330&mod=032d9c7d&uri=article.php%3Fid%3D3905108-116%26name%3Dlenovo+laptop+lenovo+flex+81x2005dhv HTTP/1.1" 200 21475 "-" "Mozilla/5.0 (Linux; Android 6.0.1; Nexus 5X Build/MMB29P) AppleWebKit/537.36 (KHTML, like Gecko) Chrome/137.0.7151.103 Mobile Safari/537.36 (compatible; Googlebot/2.1; +http://www.google.com/bot.html)"
66.249.70.32 - - [10/Jul/2025:08:52:47 -0400] "POST /get-message-notify HTTP/1.1" 404 1251 "https://www.getschooljobs.com/?v=91831607011330&mod=8965f766&uri=shop.php%3Fid%3D3074578-55%26name%3Dborse+carpisa+zaino+carpisa+saldi" "Mozilla/5.0 (Linux; Android 6.0.1; Nexus 5X Build/MMB29P) AppleWebKit/537.36 (KHTML, like Gecko) Chrome/137.0.7151.119 Mobile Safari/537.36 (compatible; Googlebot/2.1; +http://www.google.com/bot.html)"
66.249.70.32 - - [10/Jul/2025:08:52:49 -0400] "GET /?v=15168104081330&mod=78a7f120&uri=dp.php%3Fid%3D507921-875%26name%3Dpato+lucas+disfraces+de+halloween+con+pantalon HTTP/1.1" 200 21328 "-" "Mozilla/5.0 (Linux; Android 6.0.1; Nexus 5X Build/MMB29P) AppleWebKit/537.36 (KHTML, like Gecko) Chrome/137.0.7151.103 Mobile Safari/537.36 (compatible; Googlebot/2.1; +http://www.google.com/bot.html)"
66.249.70.32 - - [10/Jul/2025:08:53:19 -0400] "GET /?v=15178834081330&mod=1b230c2e&uri=product.php%3Fid%3D508281-551%26name%3Dcalvin+klein+perfume+para+hombres+marcas HTTP/1.1" 200 21496 "-" "Mozilla/5.0 (Linux; Android 6.0.1; Nexus 5X Build/MMB29P) AppleWebKit/537.36 (KHTML, like Gecko) Chrome/137.0.7151.103 Mobile Safari/537.36 (compatible; Googlebot/2.1; +http://www.google.com/bot.html)"
66.249.70.32 - - [10/Jul/2025:08:53:27 -0400] "GET /?v=15177934081330&mod=1b230c2e&uri=shop.php%3Fid%3D508251-551%26name%3Dfragancias+perfume+hombre+50+a%C3%83%C2%B1os HTTP/1.1" 200 21853 "-" "Mozilla/5.0 (Linux; Android 6.0.1; Nexus 5X Build/MMB29P) AppleWebKit/537.36 (KHTML, like Gecko) Chrome/137.0.7151.103 Mobile Safari/537.36 (compatible; Googlebot/2.1; +http://www.google.com/bot.html)"
66.249.70.32 - - [10/Jul/2025:08:53:36 -0400] "GET /?v=83046026071330&mod=dce58de1&uri=article.php%3Fid%3D2780518-537%26name%3Dfrequent+flyer+amazon+victorinox+luggage HTTP/1.1" 200 21604 "-" "Mozilla/5.0 (Linux; Android 6.0.1; Nexus 5X Build/MMB29P) AppleWebKit/537.36 (KHTML, like Gecko) Chrome/137.0.7151.103 Mobile Safari/537.36 (compatible; Googlebot/2.1; +http://www.google.com/bot.html)"
66.249.70.32 - - [10/Jul/2025:08:53:44 -0400] "GET /?v=15187534041330&mod=3e450e4a&uri=dp.php%3Fid%3D508571-501%26name%3Dhoodie+mom+jumper HTTP/1.1" 200 21817 "-" "Mozilla/5.0 (Linux; Android 6.0.1; Nexus 5X Build/MMB29P) AppleWebKit/537.36 (KHTML, like Gecko) Chrome/137.0.7151.103 Mobile Safari/537.36 (compatible; Googlebot/2.1; +http://www.google.com/bot.html)"
66.249.70.32 - - [10/Jul/2025:08:53:56 -0400] "GET /?v=15179134031330&mod=fa94c844&uri=pin.php%3Fid%3D508291-844%26name%3Dmoissanite+necklace+aliexpress+gold+necklace HTTP/1.1" 200 20681 "-" "Mozilla/5.0 (Linux; Android 6.0.1; Nexus 5X Build/MMB29P) AppleWebKit/537.36 (KHTML, like Gecko) Chrome/137.0.7151.103 Mobile Safari/537.36 (compatible; Googlebot/2.1; +http://www.google.com/bot.html)"
66.249.70.33 - - [10/Jul/2025:08:54:04 -0400] "GET /?v=108938267001330&mod=86a45a44&uri=category-info.php%3Fid%3D3647383-433%26name%3Drear+scooty+without+gear HTTP/1.1" 200 21990 "-" "Mozilla/5.0 (Linux; Android 6.0.1; Nexus 5X Build/MMB29P) AppleWebKit/537.36 (KHTML, like Gecko) Chrome/137.0.7151.103 Mobile Safari/537.36 (compatible; Googlebot/2.1; +http://www.google.com/bot.html)"
66.249.70.33 - - [10/Jul/2025:08:54:04 -0400] "GET /?v=15169279031330&mod=78a7f120&uri=itm.php%3Fid%3D507961-875%26name%3Dtrona+beb%C3%A9+trona+de+viaje+carrefour HTTP/1.1" 200 21785 "-" "Mozilla/5.0 (Linux; Android 6.0.1; Nexus 5X Build/MMB29P) AppleWebKit/537.36 (KHTML, like Gecko) Chrome/137.0.7151.103 Mobile Safari/537.36 (compatible; Googlebot/2.1; +http://www.google.com/bot.html)"
66.249.70.32 - - [10/Jul/2025:08:54:07 -0400] "GET /?v=15183634021330&mod=1b230c2e&uri=products.php%3Fid%3D508441-551%26name%3Ddiscos+olimpicos+como+hacer+discos+pesas+caseras HTTP/1.1" 200 21663 "-" "Mozilla/5.0 (Linux; Android 6.0.1; Nexus 5X Build/MMB29P) AppleWebKit/537.36 (KHTML, like Gecko) Chrome/137.0.7151.103 Mobile Safari/537.36 (compatible; Googlebot/2.1; +http://www.google.com/bot.html)"
66.249.70.32 - - [10/Jul/2025:08:54:10 -0400] "POST /get-message-notify HTTP/1.1" 404 1251 "https://www.getschooljobs.com/?v=108938267001330&mod=86a45a44&uri=category-info.php%3Fid%3D3647383-433%26name%3Drear+scooty+without+gear" "Mozilla/5.0 (Linux; Android 6.0.1; Nexus 5X Build/MMB29P) AppleWebKit/537.36 (KHTML, like Gecko) Chrome/137.0.7151.119 Mobile Safari/537.36 (compatible; Googlebot/2.1; +http://www.google.com/bot.html)"
66.249.70.33 - - [10/Jul/2025:08:54:10 -0400] "GET /?v=86442586041330&mod=ef517f3e&uri=brands.php%3Fid%3D2894195-367%26name%3D90th+anniversary+collection+9th+anniversary+mickey+mouse+vans HTTP/1.1" 200 21794 "-" "Mozilla/5.0 (Linux; Android 6.0.1; Nexus 5X Build/MMB29P) AppleWebKit/537.36 (KHTML, like Gecko) Chrome/137.0.7151.103 Mobile Safari/537.36 (compatible; Googlebot/2.1; +http://www.google.com/bot.html)"
66.249.70.32 - - [10/Jul/2025:08:54:11 -0400] "GET /?v=15030899091330&mod=eeeacf96&uri=article.php%3Fid%3D503332-546%26name%3Done+shoulder+silk+scarf+crop+top HTTP/1.1" 200 21463 "-" "Mozilla/5.0 (Linux; Android 6.0.1; Nexus 5X Build/MMB29P) AppleWebKit/537.36 (KHTML, like Gecko) Chrome/137.0.7151.103 Mobile Safari/537.36 (compatible; Googlebot/2.1; +http://www.google.com/bot.html)"
66.249.70.32 - - [10/Jul/2025:08:54:14 -0400] "GET /?v=15168404031330&mod=78a7f120&uri=goods.php%3Fid%3D507931-875%26name%3Dunited+colors+chaleco+plumas+benetton HTTP/1.1" 200 21499 "-" "Mozilla/5.0 (Linux; Android 6.0.1; Nexus 5X Build/MMB29P) AppleWebKit/537.36 (KHTML, like Gecko) Chrome/137.0.7151.103 Mobile Safari/537.36 (compatible; Googlebot/2.1; +http://www.google.com/bot.html)"
66.249.70.32 - - [10/Jul/2025:08:54:25 -0400] "POST /get-message-notify HTTP/1.1" 404 1251 "https://www.getschooljobs.com/?v=15183634021330&mod=1b230c2e&uri=products.php%3Fid%3D508441-551%26name%3Ddiscos+olimpicos+como+hacer+discos+pesas+caseras" "Mozilla/5.0 (Linux; Android 6.0.1; Nexus 5X Build/MMB29P) AppleWebKit/537.36 (KHTML, like Gecko) Chrome/137.0.7151.119 Mobile Safari/537.36 (compatible; Googlebot/2.1; +http://www.google.com/bot.html)"
66.249.70.32 - - [10/Jul/2025:08:54:28 -0400] "GET /?v=15008944031330&mod=dce58de1&uri=news.php%3Fid%3D502600-537%26name%3Dfoldable+duffle+collapsible+travel+duffel+bags HTTP/1.1" 200 22320 "-" "Mozilla/5.0 (Linux; Android 6.0.1; Nexus 5X Build/MMB29P) AppleWebKit/537.36 (KHTML, like Gecko) Chrome/137.0.7151.103 Mobile Safari/537.36 (compatible; Googlebot/2.1; +http://www.google.com/bot.html)"
66.249.70.32 - - [10/Jul/2025:08:54:35 -0400] "GET /?v=15171355001330&mod=1b230c2e&uri=dp.php%3Fid%3D508031-551%26name%3Deau+de+toilette+rive+gauche+perfume+hombre HTTP/1.1" 200 21888 "-" "Mozilla/5.0 (Linux; Android 6.0.1; Nexus 5X Build/MMB29P) AppleWebKit/537.36 (KHTML, like Gecko) Chrome/137.0.7151.103 Mobile Safari/537.36 (compatible; Googlebot/2.1; +http://www.google.com/bot.html)"
66.249.70.32 - - [10/Jul/2025:08:54:41 -0400] "POST /get-message-notify HTTP/1.1" 404 1251 "https://www.getschooljobs.com/?v=15168404031330&mod=78a7f120&uri=goods.php%3Fid%3D507931-875%26name%3Dunited+colors+chaleco+plumas+benetton" "Mozilla/5.0 (Linux; Android 6.0.1; Nexus 5X Build/MMB29P) AppleWebKit/537.36 (KHTML, like Gecko) Chrome/137.0.7151.119 Mobile Safari/537.36 (compatible; Googlebot/2.1; +http://www.google.com/bot.html)"
66.249.70.32 - - [10/Jul/2025:08:54:42 -0400] "GET /?v=15166004131330&mod=bb4968ed&uri=product.php%3Fid%3D507851-453%26name%3Dpark+city+amanda+capri+jeans HTTP/1.1" 200 20802 "-" "Mozilla/5.0 (Linux; Android 6.0.1; Nexus 5X Build/MMB29P) AppleWebKit/537.36 (KHTML, like Gecko) Chrome/137.0.7151.103 Mobile Safari/537.36 (compatible; Googlebot/2.1; +http://www.google.com/bot.html)"
66.249.70.32 - - [10/Jul/2025:08:54:50 -0400] "GET /?v=94106768011330&mod=dce58de1&uri=news.php%3Fid%3D3150794-537%26name%3Dschool+bag+price+flycon+ka+bag HTTP/1.1" 200 21628 "-" "Mozilla/5.0 (Linux; Android 6.0.1; Nexus 5X Build/MMB29P) AppleWebKit/537.36 (KHTML, like Gecko) Chrome/137.0.7151.103 Mobile Safari/537.36 (compatible; Googlebot/2.1; +http://www.google.com/bot.html)"
66.249.70.32 - - [10/Jul/2025:08:54:50 -0400] "GET /?v=1444272071330&mod=86a45a44&uri=article.php%3Fid%3D48363-433%26name%3D125+bs6+activa+scooty+emi HTTP/1.1" 200 21553 "-" "Mozilla/5.0 (Linux; Android 6.0.1; Nexus 5X Build/MMB29P) AppleWebKit/537.36 (KHTML, like Gecko) Chrome/137.0.7151.103 Mobile Safari/537.36 (compatible; Googlebot/2.1; +http://www.google.com/bot.html)"
66.249.70.32 - - [10/Jul/2025:08:54:52 -0400] "POST /get-message-notify HTTP/1.1" 404 1251 "https://www.getschooljobs.com/?v=15171355001330&mod=1b230c2e&uri=dp.php%3Fid%3D508031-551%26name%3Deau+de+toilette+rive+gauche+perfume+hombre" "Mozilla/5.0 (Linux; Android 6.0.1; Nexus 5X Build/MMB29P) AppleWebKit/537.36 (KHTML, like Gecko) Chrome/137.0.7151.119 Mobile Safari/537.36 (compatible; Googlebot/2.1; +http://www.google.com/bot.html)"
66.249.70.32 - - [10/Jul/2025:08:54:52 -0400] "GET /?v=85156765031330&mod=00275937&uri=category-info.php%3Fid%3D2851168-398%26name%3Dwinter+coats+dry+clean+jacket HTTP/1.1" 200 21455 "-" "Mozilla/5.0 (Linux; Android 6.0.1; Nexus 5X Build/MMB29P) AppleWebKit/537.36 (KHTML, like Gecko) Chrome/137.0.7151.103 Mobile Safari/537.36 (compatible; Googlebot/2.1; +http://www.google.com/bot.html)"
66.249.70.32 - - [10/Jul/2025:08:54:54 -0400] "POST /get-message-notify HTTP/1.1" 404 1251 "https://www.getschooljobs.com/?v=15166004131330&mod=bb4968ed&uri=product.php%3Fid%3D507851-453%26name%3Dpark+city+amanda+capri+jeans" "Mozilla/5.0 (Linux; Android 6.0.1; Nexus 5X Build/MMB29P) AppleWebKit/537.36 (KHTML, like Gecko) Chrome/137.0.7151.119 Mobile Safari/537.36 (compatible; Googlebot/2.1; +http://www.google.com/bot.html)"
66.249.70.32 - - [10/Jul/2025:08:54:56 -0400] "GET /?v=15185134081330&mod=d4e452f4&uri=us.php%3Fid%3D508491-137%26name%3Dvetiver+fat+electrician+basenotes HTTP/1.1" 200 21824 "-" "Mozilla/5.0 (Linux; Android 6.0.1; Nexus 5X Build/MMB29P) AppleWebKit/537.36 (KHTML, like Gecko) Chrome/137.0.7151.103 Mobile Safari/537.36 (compatible; Googlebot/2.1; +http://www.google.com/bot.html)"
66.249.70.32 - - [10/Jul/2025:08:55:04 -0400] "GET /?v=84276727001330&mod=dce58de1&uri=blog.php%3Fid%3D2821713-537%26name%3Deybl+kd+new+backpack HTTP/1.1" 200 20799 "-" "Mozilla/5.0 (Linux; Android 6.0.1; Nexus 5X Build/MMB29P) AppleWebKit/537.36 (KHTML, like Gecko) Chrome/137.0.7151.103 Mobile Safari/537.36 (compatible; Googlebot/2.1; +http://www.google.com/bot.html)"
66.249.70.33 - - [10/Jul/2025:08:55:09 -0400] "POST /get-message-notify HTTP/1.1" 404 1251 "https://www.getschooljobs.com/?v=84276727001330&mod=dce58de1&uri=blog.php%3Fid%3D2821713-537%26name%3Deybl+kd+new+backpack" "Mozilla/5.0 (Linux; Android 6.0.1; Nexus 5X Build/MMB29P) AppleWebKit/537.36 (KHTML, like Gecko) Chrome/137.0.7151.119 Mobile Safari/537.36 (compatible; Googlebot/2.1; +http://www.google.com/bot.html)"
66.249.70.33 - - [10/Jul/2025:08:55:10 -0400] "GET /?v=9071724011330&mod=531a377c&uri=itm.php%3Fid%3D303708-599%26name%3Drog+swift+hdr+4k+monitor+144hz HTTP/1.1" 200 21266 "-" "Mozilla/5.0 (Linux; Android 6.0.1; Nexus 5X Build/MMB29P) AppleWebKit/537.36 (KHTML, like Gecko) Chrome/137.0.7151.103 Mobile Safari/537.36 (compatible; Googlebot/2.1; +http://www.google.com/bot.html)"
2a06:98c0:3600::103 - - [10/Jul/2025:08:55:12 -0400] "GET /wp-admin/setup-config.php HTTP/1.1" 302 771 "-" "Mozilla/5.0 (Windows NT 10.0; Win64; x64) AppleWebKit/537.36 (KHTML, like Gecko) Chrome/137.0.0.0 Safari/537.36"
2a06:98c0:3600::103 - - [10/Jul/2025:08:55:12 -0400] "GET /wp-admin/setup-config HTTP/1.1" 404 1251 "-" "Mozilla/5.0 (Windows NT 10.0; Win64; x64) AppleWebKit/537.36 (KHTML, like Gecko) Chrome/137.0.0.0 Safari/537.36"
23.26.95.177 - - [10/Jul/2025:08:55:26 -0400] "GET /?v=13795312101330&mod=fd06b8ea&uri=shared.php%3Fid%3D461860-11%26name%3Dslouch+boots+nine+west+pink+boots HTTP/1.1" 200 4655 "-" "Mozilla/5.0 (Macintosh; Intel Mac OS X 10_12_6) AppleWebKit/537.36 (KHTML, like Gecko) Chrome/103.0.0.0 Safari/537.36"
66.249.70.32 - - [10/Jul/2025:08:55:42 -0400] "POST /get-message-notify HTTP/1.1" 404 1251 "https://www.getschooljobs.com/?v=15185134081330&mod=d4e452f4&uri=us.php%3Fid%3D508491-137%26name%3Dvetiver+fat+electrician+basenotes" "Mozilla/5.0 (Linux; Android 6.0.1; Nexus 5X Build/MMB29P) AppleWebKit/537.36 (KHTML, like Gecko) Chrome/137.0.7151.119 Mobile Safari/537.36 (compatible; Googlebot/2.1; +http://www.google.com/bot.html)"
66.249.70.32 - - [10/Jul/2025:08:55:53 -0400] "GET /?v=9115128041330&mod=25b8ee16&uri=blog.php%3Fid%3D305165-847%26name%3Dposeidon+evo+helmet+2020 HTTP/1.1" 200 21142 "-" "Mozilla/5.0 (Linux; Android 6.0.1; Nexus 5X Build/MMB29P) AppleWebKit/537.36 (KHTML, like Gecko) Chrome/137.0.7151.103 Mobile Safari/537.36 (compatible; Googlebot/2.1; +http://www.google.com/bot.html)"
99.236.32.21 - - [10/Jul/2025:08:56:09 -0400] "GET /?v=72516719021330&mod=7221e5c8&uri=shop.php%3Fid%3D2428033-31%26name%3Dxa+dolby+atmos+psb+imagine+xa+atmos+speakers HTTP/1.1" 200 133 "https://www.google.com/" "Mozilla/5.0 (Macintosh; Intel Mac OS X 10_15_7) AppleWebKit/605.1.15 (KHTML, like Gecko) Version/18.5 Safari/605.1.15"
66.249.70.33 - - [10/Jul/2025:08:56:18 -0400] "GET /?v=92340461001330&mod=41de57ab&uri=goods.php%3Fid%3D3091611-190%26name%3Ddrkshdw+clothing+rick+owens+drkshdw+zip+hoodie HTTP/1.1" 200 21998 "-" "Mozilla/5.0 (Linux; Android 6.0.1; Nexus 5X Build/MMB29P) AppleWebKit/537.36 (KHTML, like Gecko) Chrome/137.0.7151.103 Mobile Safari/537.36 (compatible; Googlebot/2.1; +http://www.google.com/bot.html)"
66.249.70.32 - - [10/Jul/2025:08:56:25 -0400] "POST /get-message-notify HTTP/1.1" 404 1251 "https://www.getschooljobs.com/?v=92340461001330&mod=41de57ab&uri=goods.php%3Fid%3D3091611-190%26name%3Ddrkshdw+clothing+rick+owens+drkshdw+zip+hoodie" "Mozilla/5.0 (Linux; Android 6.0.1; Nexus 5X Build/MMB29P) AppleWebKit/537.36 (KHTML, like Gecko) Chrome/137.0.7151.119 Mobile Safari/537.36 (compatible; Googlebot/2.1; +http://www.google.com/bot.html)"
66.249.70.32 - - [10/Jul/2025:08:56:41 -0400] "GET /?v=9092813031330&mod=19689436&uri=brands.php%3Fid%3D304416-62%26name%3Dbarbie+dolls+barbie+macy%27s HTTP/1.1" 200 21903 "-" "Mozilla/5.0 (Linux; Android 6.0.1; Nexus 5X Build/MMB29P) AppleWebKit/537.36 (KHTML, like Gecko) Chrome/137.0.7151.103 Mobile Safari/537.36 (compatible; Googlebot/2.1; +http://www.google.com/bot.html)"
66.249.70.32 - - [10/Jul/2025:08:56:56 -0400] "GET /?v=115657610081330&mod=efa0bc42&uri=search.php%3Fid%3D3872299-1159%26name%3Dhiking+boots+hoka+big+heel HTTP/1.1" 200 21167 "-" "Mozilla/5.0 (Linux; Android 6.0.1; Nexus 5X Build/MMB29P) AppleWebKit/537.36 (KHTML, like Gecko) Chrome/137.0.7151.103 Mobile Safari/537.36 (compatible; Googlebot/2.1; +http://www.google.com/bot.html)"
66.249.70.32 - - [10/Jul/2025:08:57:01 -0400] "GET /?v=91724968011330&mod=31163fed&uri=form.php%3Fid%3D3071016-300%26name%3Doversize+pullover+kombinieren+strickpullover+kleid HTTP/1.1" 200 22286 "-" "Mozilla/5.0 (Linux; Android 6.0.1; Nexus 5X Build/MMB29P) AppleWebKit/537.36 (KHTML, like Gecko) Chrome/137.0.7151.103 Mobile Safari/537.36 (compatible; Googlebot/2.1; +http://www.google.com/bot.html)"
66.249.70.34 - - [10/Jul/2025:08:57:04 -0400] "GET /?v=118933989021330&mod=90d5b3b7&uri=brands.php%3Fid%3D3982078-530%26name%3Dbride+dress+long+sleeve+knee+length+dresses+uk HTTP/1.1" 200 21550 "-" "Mozilla/5.0 (Linux; Android 6.0.1; Nexus 5X Build/MMB29P) AppleWebKit/537.36 (KHTML, like Gecko) Chrome/137.0.7151.103 Mobile Safari/537.36 (compatible; Googlebot/2.1; +http://www.google.com/bot.html)"
66.249.70.32 - - [10/Jul/2025:08:52:57 -0400] "GET /?v=15185734131330&mod=49d7b1d4&uri=dp.php%3Fid%3D508511-651%26name%3Dfoot+locker+canadian+online+sneaker+stores HTTP/1.1" 200 20583 "-" "Mozilla/5.0 (Linux; Android 6.0.1; Nexus 5X Build/MMB29P) AppleWebKit/537.36 (KHTML, like Gecko) Chrome/137.0.7151.103 Mobile Safari/537.36 (compatible; Googlebot/2.1; +http://www.google.com/bot.html)"
135.181.178.242 - - [10/Jul/2025:08:52:59 -0400] "GET /?v=95607737011330&mod=d13d560f&uri=article.php?id=3201036-442&name=south+canterbury+champs+website+down%27 HTTP/1.1" 200 19037 "-" "Mozilla/5.0 (Windows NT 10.0; Win64; x64) AppleWebKit/537.36 (KHTML, like Gecko) Chrome/126.0.0.0 Safari/537.36"
135.181.178.242 - - [10/Jul/2025:08:52:59 -0400] "GET /?v=95607737011330%27&mod=d13d560f&uri=article.php?id=3201036-442&name=south+canterbury+champs+website+down HTTP/1.1" 200 19037 "-" "Mozilla/5.0 (Windows NT 10.0; Win64; x64) AppleWebKit/537.36 (KHTML, like Gecko) Chrome/126.0.0.0 Safari/537.36"
135.181.178.242 - - [10/Jul/2025:08:52:59 -0400] "GET /?v=95607737011330&mod=d13d560f%27&uri=article.php?id=3201036-442&name=south+canterbury+champs+website+down HTTP/1.1" 200 19037 "-" "Mozilla/5.0 (Windows NT 10.0; Win64; x64) AppleWebKit/537.36 (KHTML, like Gecko) Chrome/126.0.0.0 Safari/537.36"
135.181.178.242 - - [10/Jul/2025:08:52:59 -0400] "GET /?v=95607737011330&mod=d13d560f&uri=article.php?id=3201036-442%27&name=south+canterbury+champs+website+down HTTP/1.1" 200 19037 "-" "Mozilla/5.0 (Windows NT 10.0; Win64; x64) AppleWebKit/537.36 (KHTML, like Gecko) Chrome/126.0.0.0 Safari/537.36"
66.249.70.32 - - [10/Jul/2025:08:53:01 -0400] "GET /?v=15185434061330&mod=1b230c2e&uri=dp.php%3Fid%3D508501-551%26name%3Dblack+xs+perfume+pure+xs+mujer HTTP/1.1" 200 21611 "-" "Mozilla/5.0 (Linux; Android 6.0.1; Nexus 5X Build/MMB29P) AppleWebKit/537.36 (KHTML, like Gecko) Chrome/137.0.7151.103 Mobile Safari/537.36 (compatible; Googlebot/2.1; +http://www.google.com/bot.html)"
66.249.70.32 - - [10/Jul/2025:08:53:07 -0400] "GET /?v=15019919031330&mod=7bd1d4fb&uri=products.php%3Fid%3D502966-445%26name%3Ddining+table+portable+folding+camping+picnic+table HTTP/1.1" 200 22171 "-" "Mozilla/5.0 (Linux; Android 6.0.1; Nexus 5X Build/MMB29P) AppleWebKit/537.36 (KHTML, like Gecko) Chrome/137.0.7151.103 Mobile Safari/537.36 (compatible; Googlebot/2.1; +http://www.google.com/bot.html)"
47.128.60.201 - - [10/Jul/2025:08:57:13 -0400] "GET /login HTTP/1.1" 200 2442 "-" "Mozilla/5.0 (Linux; Android 5.0) AppleWebKit/537.36 (KHTML, like Gecko) Mobile Safari/537.36 (compatible; Bytespider; spider-feedback@bytedance.com)"
