45.196.59.199 - - [10/Jul/2025:15:11:51 -0400] "GET /?v=104648267081330&mod=ad92350e%27&uri=search.php?id=3503773-129&name=messenger+bag+small+hippie+crossbody+bag HTTP/1.1" 200 19037 "-" "Mozilla/5.0 (Windows NT 10.0; Win64; x64) AppleWebKit/537.36 (KHTML, like Gecko) Chrome/126.0.0.0 Safari/537.36"
66.249.70.33 - - [10/Jul/2025:15:12:01 -0400] "GET /?v=4280946031330&mod=9582a448&uri=category-info.php%3Fid%3D143306-198%26name%3Doutdoor+stove+stansport+burner+base+camp+stove HTTP/1.1" 200 22400 "-" "Mozilla/5.0 (Linux; Android 6.0.1; Nexus 5X Build/MMB29P) AppleWebKit/537.36 (KHTML, like Gecko) Chrome/137.0.7151.103 Mobile Safari/537.36 (compatible; Googlebot/2.1; +http://www.google.com/bot.html)"
66.249.70.32 - - [10/Jul/2025:15:12:05 -0400] "POST /get-message-notify HTTP/1.1" 404 1251 "https://www.getschooljobs.com/?v=4280946031330&mod=9582a448&uri=category-info.php%3Fid%3D143306-198%26name%3Doutdoor+stove+stansport+burner+base+camp+stove" "Mozilla/5.0 (Linux; Android 6.0.1; Nexus 5X Build/MMB29P) AppleWebKit/537.36 (KHTML, like Gecko) Chrome/137.0.7151.119 Mobile Safari/537.36 (compatible; Googlebot/2.1; +http://www.google.com/bot.html)"
66.249.70.32 - - [10/Jul/2025:15:12:04 -0400] "GET /?v=55333255061330&mod=4fa53be9&uri=form.php%3Fid%3D1852604-17%26name%3Dcicli+olympia+olympia+f1x+2022+peso HTTP/1.1" 200 21614 "-" "Mozilla/5.0 (Linux; Android 6.0.1; Nexus 5X Build/MMB29P) AppleWebKit/537.36 (KHTML, like Gecko) Chrome/137.0.7151.103 Mobile Safari/537.36 (compatible; Googlebot/2.1; +http://www.google.com/bot.html)"
66.249.70.33 - - [10/Jul/2025:15:12:08 -0400] "GET /?v=55331019071330&mod=4fa53be9&uri=info.php%3Fid%3D1852526-17%26name%3Dtelo+coprisella+coprisella+honda+sh+300 HTTP/1.1" 200 21582 "-" "Mozilla/5.0 (Linux; Android 6.0.1; Nexus 5X Build/MMB29P) AppleWebKit/537.36 (KHTML, like Gecko) Chrome/137.0.7151.103 Mobile Safari/537.36 (compatible; Googlebot/2.1; +http://www.google.com/bot.html)"
66.249.70.32 - - [10/Jul/2025:15:12:11 -0400] "GET /?v=52633687071330&mod=9582a448&uri=news.php%3Fid%3D1762160-198%26name%3Dfrother+dualit+latteccino HTTP/1.1" 200 21526 "-" "Mozilla/5.0 (Linux; Android 6.0.1; Nexus 5X Build/MMB29P) AppleWebKit/537.36 (KHTML, like Gecko) Chrome/137.0.7151.103 Mobile Safari/537.36 (compatible; Googlebot/2.1; +http://www.google.com/bot.html)"
66.249.70.32 - - [10/Jul/2025:15:12:17 -0400] "POST /get-message-notify HTTP/1.1" 404 1251 "https://www.getschooljobs.com/?v=55331019071330&mod=4fa53be9&uri=info.php%3Fid%3D1852526-17%26name%3Dtelo+coprisella+coprisella+honda+sh+300" "Mozilla/5.0 (Linux; Android 6.0.1; Nexus 5X Build/MMB29P) AppleWebKit/537.36 (KHTML, like Gecko) Chrome/137.0.7151.119 Mobile Safari/537.36 (compatible; Googlebot/2.1; +http://www.google.com/bot.html)"
66.249.70.32 - - [10/Jul/2025:15:12:17 -0400] "GET /?v=55236727061330&mod=9582a448&uri=search.php%3Fid%3D1849369-198%26name%3Dslot+toaster+dualit+the+classic+toaster HTTP/1.1" 200 21977 "-" "Mozilla/5.0 (Linux; Android 6.0.1; Nexus 5X Build/MMB29P) AppleWebKit/537.36 (KHTML, like Gecko) Chrome/137.0.7151.103 Mobile Safari/537.36 (compatible; Googlebot/2.1; +http://www.google.com/bot.html)"
66.249.70.32 - - [10/Jul/2025:15:12:21 -0400] "GET /?v=55343492011330&mod=4fa53be9&uri=itm.php%3Fid%3D1852952-17%26name%3Dcoppi+bici+elettriche+marchi HTTP/1.1" 200 21726 "-" "Mozilla/5.0 (Linux; Android 6.0.1; Nexus 5X Build/MMB29P) AppleWebKit/537.36 (KHTML, like Gecko) Chrome/137.0.7151.103 Mobile Safari/537.36 (compatible; Googlebot/2.1; +http://www.google.com/bot.html)"
66.249.70.32 - - [10/Jul/2025:15:12:21 -0400] "POST /get-message-notify HTTP/1.1" 404 1251 "https://www.getschooljobs.com/?v=55333255061330&mod=4fa53be9&uri=form.php%3Fid%3D1852604-17%26name%3Dcicli+olympia+olympia+f1x+2022+peso" "Mozilla/5.0 (Linux; Android 6.0.1; Nexus 5X Build/MMB29P) AppleWebKit/537.36 (KHTML, like Gecko) Chrome/137.0.7151.119 Mobile Safari/537.36 (compatible; Googlebot/2.1; +http://www.google.com/bot.html)"
66.249.70.32 - - [10/Jul/2025:15:12:21 -0400] "POST /get-message-notify HTTP/1.1" 404 1251 "https://www.getschooljobs.com/?v=55236727061330&mod=9582a448&uri=search.php%3Fid%3D1849369-198%26name%3Dslot+toaster+dualit+the+classic+toaster" "Mozilla/5.0 (Linux; Android 6.0.1; Nexus 5X Build/MMB29P) AppleWebKit/537.36 (KHTML, like Gecko) Chrome/137.0.7151.119 Mobile Safari/537.36 (compatible; Googlebot/2.1; +http://www.google.com/bot.html)"
66.249.70.32 - - [10/Jul/2025:15:12:24 -0400] "GET /?v=55332225011330&mod=901797ae&uri=pin.php%3Fid%3D1852568-47%26name%3Dlobe+piercing+sol+tribe+piercing HTTP/1.1" 200 21692 "-" "Mozilla/5.0 (Linux; Android 6.0.1; Nexus 5X Build/MMB29P) AppleWebKit/537.36 (KHTML, like Gecko) Chrome/137.0.7151.103 Mobile Safari/537.36 (compatible; Googlebot/2.1; +http://www.google.com/bot.html)"
108.6.12.46 - - [10/Jul/2025:15:12:26 -0400] "GET /?v=71270338071330&mod=dee37e0d&uri=dp.php%3Fid%3D2386286-1288%26name%3Ddansk+porcelain+dinnerware HTTP/1.1" 200 133 "https://www.google.com/" "Mozilla/5.0 (iPhone; CPU iPhone OS 18_5 like Mac OS X) AppleWebKit/605.1.15 (KHTML, like Gecko) Version/18.5 Mobile/15E148 Safari/604.1"
66.249.70.32 - - [10/Jul/2025:15:12:27 -0400] "POST /get-message-notify HTTP/1.1" 404 1251 "https://www.getschooljobs.com/?v=55332225011330&mod=901797ae&uri=pin.php%3Fid%3D1852568-47%26name%3Dlobe+piercing+sol+tribe+piercing" "Mozilla/5.0 (Linux; Android 6.0.1; Nexus 5X Build/MMB29P) AppleWebKit/537.36 (KHTML, like Gecko) Chrome/137.0.7151.119 Mobile Safari/537.36 (compatible; Googlebot/2.1; +http://www.google.com/bot.html)"
66.249.70.32 - - [10/Jul/2025:15:12:27 -0400] "GET /?v=55334451031330&mod=901797ae&uri=product.php%3Fid%3D1852646-47%26name%3Dbody+piercing+fantas+tattoo+piercing+stratford HTTP/1.1" 200 21938 "-" "Mozilla/5.0 (Linux; Android 6.0.1; Nexus 5X Build/MMB29P) AppleWebKit/537.36 (KHTML, like Gecko) Chrome/137.0.7151.103 Mobile Safari/537.36 (compatible; Googlebot/2.1; +http://www.google.com/bot.html)"
66.249.70.32 - - [10/Jul/2025:15:12:29 -0400] "GET /?v=55340629031330&mod=4fa53be9&uri=us.php%3Fid%3D1852856-17%26name%3Druote+piene+gomme+per+bici+piene HTTP/1.1" 200 21788 "-" "Mozilla/5.0 (Linux; Android 6.0.1; Nexus 5X Build/MMB29P) AppleWebKit/537.36 (KHTML, like Gecko) Chrome/137.0.7151.103 Mobile Safari/537.36 (compatible; Googlebot/2.1; +http://www.google.com/bot.html)"
66.249.70.32 - - [10/Jul/2025:15:12:36 -0400] "GET /?v=55343312031330&mod=65b1e92c&uri=brands.php%3Fid%3D1852946-38%26name%3Dcrochet+stitches+free+heart+baby+blanket+crochet+pattern HTTP/1.1" 200 21317 "-" "Mozilla/5.0 (Linux; Android 6.0.1; Nexus 5X Build/MMB29P) AppleWebKit/537.36 (KHTML, like Gecko) Chrome/137.0.7151.103 Mobile Safari/537.36 (compatible; Googlebot/2.1; +http://www.google.com/bot.html)"
66.249.70.32 - - [10/Jul/2025:15:12:42 -0400] "GET /?v=55333610031330&mod=4fa53be9&uri=shop.php%3Fid%3D1852616-17%26name%3Dtelaio+olympia+f1x+2022+peso HTTP/1.1" 200 21638 "-" "Mozilla/5.0 (Linux; Android 6.0.1; Nexus 5X Build/MMB29P) AppleWebKit/537.36 (KHTML, like Gecko) Chrome/137.0.7151.103 Mobile Safari/537.36 (compatible; Googlebot/2.1; +http://www.google.com/bot.html)"
66.249.70.32 - - [10/Jul/2025:15:12:45 -0400] "GET /?v=55334991011330&mod=4fa53be9&uri=article.php%3Fid%3D1852664-17%26name%3Dscatola+filtro+modifica+carburatori+t+max HTTP/1.1" 200 22226 "-" "Mozilla/5.0 (Linux; Android 6.0.1; Nexus 5X Build/MMB29P) AppleWebKit/537.36 (KHTML, like Gecko) Chrome/137.0.7151.103 Mobile Safari/537.36 (compatible; Googlebot/2.1; +http://www.google.com/bot.html)"
66.249.70.32 - - [10/Jul/2025:15:12:49 -0400] "GET /?v=55334102031330&mod=4fa53be9&uri=pin.php%3Fid%3D1852634-17%26name%3Dbiciclette+male+sellino+bici HTTP/1.1" 200 21771 "-" "Mozilla/5.0 (Linux; Android 6.0.1; Nexus 5X Build/MMB29P) AppleWebKit/537.36 (KHTML, like Gecko) Chrome/137.0.7151.103 Mobile Safari/537.36 (compatible; Googlebot/2.1; +http://www.google.com/bot.html)"
66.249.70.32 - - [10/Jul/2025:15:12:52 -0400] "GET /?v=55336876021330&mod=4fa53be9&uri=itm.php%3Fid%3D1852730-17%26name%3Dbiciclette+cicli+pennarola HTTP/1.1" 200 22370 "-" "Mozilla/5.0 (Linux; Android 6.0.1; Nexus 5X Build/MMB29P) AppleWebKit/537.36 (KHTML, like Gecko) Chrome/137.0.7151.103 Mobile Safari/537.36 (compatible; Googlebot/2.1; +http://www.google.com/bot.html)"
47.128.63.205 - - [10/Jul/2025:15:12:55 -0400] "GET /?v=38965405011330&mod=e0f7a4d0&uri=pin.php%3Fid%3D1304726-22%26name%3Dworn+out+apple+pencil+new+tip HTTP/1.1" 200 4655 "-" "Mozilla/5.0 (Linux; Android 5.0) AppleWebKit/537.36 (KHTML, like Gecko) Mobile Safari/537.36 (compatible; Bytespider; spider-feedback@bytedance.com)"
66.249.70.33 - - [10/Jul/2025:15:12:59 -0400] "GET /?v=55343132121330&mod=901797ae&uri=dp.php%3Fid%3D1852940-47%26name%3Dnose+ring+pink+septum+horseshoe HTTP/1.1" 200 21561 "-" "Mozilla/5.0 (Linux; Android 6.0.1; Nexus 5X Build/MMB29P) AppleWebKit/537.36 (KHTML, like Gecko) Chrome/137.0.7151.103 Mobile Safari/537.36 (compatible; Googlebot/2.1; +http://www.google.com/bot.html)"
20.161.75.220 - - [10/Jul/2025:15:13:00 -0400] "GET /?mod=a0c65819&uri=us.php?id%3D3994889-582%26name%3Dcharger+cable+native+union+type+c+cable&v=119316799041330 HTTP/1.1" 200 4655 "-" "Mozilla/5.0 AppleWebKit/537.36 (KHTML, like Gecko); compatible; ChatGPT-User/1.0; +https://openai.com/bot"
66.249.70.33 - - [10/Jul/2025:15:13:02 -0400] "GET /?v=119087368071330&mod=25766f01&uri=dp.php%3Fid%3D3987210-29%26name%3Dbianchi+c2c+bianchi+nirone+ultegra HTTP/1.1" 200 22008 "-" "Mozilla/5.0 (Linux; Android 6.0.1; Nexus 5X Build/MMB29P) AppleWebKit/537.36 (KHTML, like Gecko) Chrome/137.0.7151.103 Mobile Safari/537.36 (compatible; Googlebot/2.1; +http://www.google.com/bot.html)"
66.249.70.32 - - [10/Jul/2025:15:13:04 -0400] "POST /get-message-notify HTTP/1.1" 404 1251 "https://www.getschooljobs.com/?v=55343132121330&mod=901797ae&uri=dp.php%3Fid%3D1852940-47%26name%3Dnose+ring+pink+septum+horseshoe" "Mozilla/5.0 (Linux; Android 6.0.1; Nexus 5X Build/MMB29P) AppleWebKit/537.36 (KHTML, like Gecko) Chrome/137.0.7151.119 Mobile Safari/537.36 (compatible; Googlebot/2.1; +http://www.google.com/bot.html)"
66.249.70.32 - - [10/Jul/2025:15:13:04 -0400] "POST /get-message-notify HTTP/1.1" 404 1251 "https://www.getschooljobs.com/?v=55333610031330&mod=4fa53be9&uri=shop.php%3Fid%3D1852616-17%26name%3Dtelaio+olympia+f1x+2022+peso" "Mozilla/5.0 (Linux; Android 6.0.1; Nexus 5X Build/MMB29P) AppleWebKit/537.36 (KHTML, like Gecko) Chrome/137.0.7151.119 Mobile Safari/537.36 (compatible; Googlebot/2.1; +http://www.google.com/bot.html)"
66.249.70.32 - - [10/Jul/2025:15:13:06 -0400] "GET /?v=33340397001330&mod=7f9cb4c5&uri=pin.php%3Fid%3D1116418-1387%26name%3Dasics+mujer+comprar+bambas+asics+baratas HTTP/1.1" 200 21129 "-" "Mozilla/5.0 (Linux; Android 6.0.1; Nexus 5X Build/MMB29P) AppleWebKit/537.36 (KHTML, like Gecko) Chrome/137.0.7151.103 Mobile Safari/537.36 (compatible; Googlebot/2.1; +http://www.google.com/bot.html)"
43.143.248.236 - - [10/Jul/2025:15:13:14 -0400] "GET / HTTP/1.1" 200 5437 "http://getschooljobs.com" "Mozilla/5.0 (iPhone; CPU iPhone OS 13_2_3 like Mac OS X) AppleWebKit/605.1.15 (KHTML, like Gecko) Version/13.0.3 Mobile/15E148 Safari/604.1"
108.165.113.241 - - [10/Jul/2025:15:13:33 -0400] "GET /?v=60501395041330&mod=4ab7331b%27&uri=pin.php?id=2025761-244&name=space+heater+homelabs+patio+heater HTTP/1.1" 200 19037 "-" "Mozilla/5.0 (Windows NT 10.0; Win64; x64) AppleWebKit/537.36 (KHTML, like Gecko) Chrome/126.0.0.0 Safari/537.36"
108.165.113.241 - - [10/Jul/2025:15:13:33 -0400] "GET /?v=60501395041330&mod=4ab7331b&uri=pin.php?id=2025761-244&name=space+heater+homelabs+patio+heater%27 HTTP/1.1" 200 19037 "-" "Mozilla/5.0 (Windows NT 10.0; Win64; x64) AppleWebKit/537.36 (KHTML, like Gecko) Chrome/126.0.0.0 Safari/537.36"
108.165.113.241 - - [10/Jul/2025:15:13:33 -0400] "GET /?v=60501395041330%27&mod=4ab7331b&uri=pin.php?id=2025761-244&name=space+heater+homelabs+patio+heater HTTP/1.1" 200 19037 "-" "Mozilla/5.0 (Windows NT 10.0; Win64; x64) AppleWebKit/537.36 (KHTML, like Gecko) Chrome/126.0.0.0 Safari/537.36"
108.165.113.241 - - [10/Jul/2025:15:13:33 -0400] "GET /?v=60501395041330&mod=4ab7331b&uri=pin.php?id=2025761-244%27&name=space+heater+homelabs+patio+heater HTTP/1.1" 200 19037 "-" "Mozilla/5.0 (Windows NT 10.0; Win64; x64) AppleWebKit/537.36 (KHTML, like Gecko) Chrome/126.0.0.0 Safari/537.36"
109.248.151.179 - - [10/Jul/2025:15:14:02 -0400] "GET /?v=118861496041330&mod=4915f20d&uri=products.php%3fid%3d3979635-144%26name%3ddoria+defense+defence+phone+case HTTP/1.1" 200 5437 "-" "Mozilla/5.0 (Windows NT 10.0; Win64; x64; rv:109.0) Gecko/20100101 Firefox/111.0"
66.249.70.32 - - [10/Jul/2025:15:14:13 -0400] "GET /?v=83141339021330&mod=b05445d6&uri=brands.php%3Fid%3D2783714-296%26name%3Dlook+invitada+vestido+lunares HTTP/1.1" 200 21163 "-" "Mozilla/5.0 (Linux; Android 6.0.1; Nexus 5X Build/MMB29P) AppleWebKit/537.36 (KHTML, like Gecko) Chrome/137.0.7151.103 Mobile Safari/537.36 (compatible; Googlebot/2.1; +http://www.google.com/bot.html)"
23.230.243.207 - - [10/Jul/2025:15:14:37 -0400] "GET /?v=44063394001330&mod=5eb2a86c&uri=search.php?id=1475307-91&name=rice+cooker+pressure+king+pro+20+in%27 HTTP/1.1" 200 19037 "-" "Mozilla/5.0 (Windows NT 10.0; Win64; x64) AppleWebKit/537.36 (KHTML, like Gecko) Chrome/126.0.0.0 Safari/537.36"
23.230.243.207 - - [10/Jul/2025:15:14:37 -0400] "GET /?v=44063394001330%27&mod=5eb2a86c&uri=search.php?id=1475307-91&name=rice+cooker+pressure+king+pro+20+in HTTP/1.1" 200 19037 "-" "Mozilla/5.0 (Windows NT 10.0; Win64; x64) AppleWebKit/537.36 (KHTML, like Gecko) Chrome/126.0.0.0 Safari/537.36"
23.230.243.207 - - [10/Jul/2025:15:14:37 -0400] "GET /?v=44063394001330&mod=5eb2a86c&uri=search.php?id=1475307-91%27&name=rice+cooker+pressure+king+pro+20+in HTTP/1.1" 200 19037 "-" "Mozilla/5.0 (Windows NT 10.0; Win64; x64) AppleWebKit/537.36 (KHTML, like Gecko) Chrome/126.0.0.0 Safari/537.36"
23.230.243.207 - - [10/Jul/2025:15:14:38 -0400] "GET /?v=44063394001330&mod=5eb2a86c%27&uri=search.php?id=1475307-91&name=rice+cooker+pressure+king+pro+20+in HTTP/1.1" 200 19037 "-" "Mozilla/5.0 (Windows NT 10.0; Win64; x64) AppleWebKit/537.36 (KHTML, like Gecko) Chrome/126.0.0.0 Safari/537.36"
66.249.70.32 - - [10/Jul/2025:15:14:39 -0400] "POST /get-message-notify HTTP/1.1" 404 1251 "https://www.getschooljobs.com/?v=42516153001330&mod=d0781a80&uri=us.php%3Fid%3D1423541-1644%26name%3Dnike+trainers+popular+girls+trainers" "Mozilla/5.0 (Linux; Android 6.0.1; Nexus 5X Build/MMB29P) AppleWebKit/537.36 (KHTML, like Gecko) Chrome/137.0.7151.119 Mobile Safari/537.36 (compatible; Googlebot/2.1; +http://www.google.com/bot.html)"
95.244.15.118 - - [10/Jul/2025:15:14:48 -0400] "GET /?v=102323012031330&mod=1b09cc92&uri=search.php%3Fid%3D3425952-677%26name%3Dsostituzione+batteria+batteria+per+swatch+390 HTTP/1.1" 200 132 "https://www.google.com/" "Mozilla/5.0 (Macintosh; Intel Mac OS X 10_15_7) AppleWebKit/605.1.15 (KHTML, like Gecko) Version/16.6 Safari/605.1.15"
66.249.70.32 - - [10/Jul/2025:15:14:54 -0400] "POST /get-message-notify HTTP/1.1" 404 1251 "https://www.getschooljobs.com/?v=42515973041330&mod=d0781a80&uri=shop.php%3Fid%3D1423535-1644%26name%3D97+fit+air+force+nike+97" "Mozilla/5.0 (Linux; Android 6.0.1; Nexus 5X Build/MMB29P) AppleWebKit/537.36 (KHTML, like Gecko) Chrome/137.0.7151.119 Mobile Safari/537.36 (compatible; Googlebot/2.1; +http://www.google.com/bot.html)"
20.171.123.75 - - [10/Jul/2025:15:14:57 -0400] "GET /?mod=a0c65819&uri=us.php%3Fid%3D3994889-582%26name%3Dcharger+cable+native+union+type+c+cable&v=119316799041330 HTTP/1.1" 200 4655 "-" "Mozilla/5.0 (Macintosh; Intel Mac OS X 10_15_7) AppleWebKit/537.36 (KHTML, like Gecko) Chrome/131.0.0.0 Safari/537.36; compatible; OAI-SearchBot/1.0; +https://openai.com/searchbot"
172.58.244.113 - - [10/Jul/2025:15:15:03 -0400] "GET /?v=110906126021330&mod=25766f01&uri=article.php%3Fid%3D3713211-29%26name%3Dfat+tire+monster+dog+ii+mini+bike HTTP/1.1" 200 134 "https://www.google.com/" "Mozilla/5.0 (Linux; Android 10; K) AppleWebKit/537.36 (KHTML, like Gecko) Chrome/138.0.0.0 Mobile Safari/537.36"
74.7.36.66 - - [10/Jul/2025:15:15:21 -0400] "GET /?mod=25766f01&uri=goods.php?id%3D632523-29%26name%3Dcycling+btwin+multitool&v=18889342041330 HTTP/1.1" 200 4656 "-" "Mozilla/5.0 AppleWebKit/537.36 (KHTML, like Gecko); compatible; ChatGPT-User/1.0; +https://openai.com/bot"
172.58.244.113 - - [10/Jul/2025:15:15:31 -0400] "GET /?v=110904986061330&mod=25766f01&uri=article.php%3Fid%3D3713173-29%26name%3Dbike+sale+monster+dog+ii+mini+bike HTTP/1.1" 200 134 "https://www.google.com/" "Mozilla/5.0 (Linux; Android 10; K) AppleWebKit/537.36 (KHTML, like Gecko) Chrome/138.0.0.0 Mobile Safari/537.36"
69.46.65.46 - - [10/Jul/2025:15:15:35 -0400] "GET /?v=91424832001330&mod=08cc5f2a%27&uri=product.php?id=3060975-577&name=boda+vestidos+de+fiesta+para+barrigonas HTTP/1.1" 200 19037 "-" "Mozilla/5.0 (Windows NT 10.0; Win64; x64) AppleWebKit/537.36 (KHTML, like Gecko) Chrome/126.0.0.0 Safari/537.36"
69.46.65.46 - - [10/Jul/2025:15:15:35 -0400] "GET /?v=91424832001330&mod=08cc5f2a&uri=product.php?id=3060975-577%27&name=boda+vestidos+de+fiesta+para+barrigonas HTTP/1.1" 200 19037 "-" "Mozilla/5.0 (Windows NT 10.0; Win64; x64) AppleWebKit/537.36 (KHTML, like Gecko) Chrome/126.0.0.0 Safari/537.36"
69.46.65.46 - - [10/Jul/2025:15:15:35 -0400] "GET /?v=91424832001330%27&mod=08cc5f2a&uri=product.php?id=3060975-577&name=boda+vestidos+de+fiesta+para+barrigonas HTTP/1.1" 200 19037 "-" "Mozilla/5.0 (Windows NT 10.0; Win64; x64) AppleWebKit/537.36 (KHTML, like Gecko) Chrome/126.0.0.0 Safari/537.36"
69.46.65.46 - - [10/Jul/2025:15:15:35 -0400] "GET /?v=91424832001330&mod=08cc5f2a&uri=product.php?id=3060975-577&name=boda+vestidos+de+fiesta+para+barrigonas%27 HTTP/1.1" 200 19037 "-" "Mozilla/5.0 (Windows NT 10.0; Win64; x64) AppleWebKit/537.36 (KHTML, like Gecko) Chrome/126.0.0.0 Safari/537.36"
198.145.48.65 - - [10/Jul/2025:15:15:49 -0400] "GET /?v=40897461031330&mod=80fe651f%27&uri=product.php?id=1369387-180&name=silk+pyjamas+marks+and+soencers+pjs HTTP/1.1" 200 19037 "-" "Mozilla/5.0 (Windows NT 10.0; Win64; x64) AppleWebKit/537.36 (KHTML, like Gecko) Chrome/126.0.0.0 Safari/537.36"
198.145.48.65 - - [10/Jul/2025:15:15:48 -0400] "GET /?v=40897461031330&mod=80fe651f&uri=product.php?id=1369387-180&name=silk+pyjamas+marks+and+soencers+pjs%27 HTTP/1.1" 200 19037 "-" "Mozilla/5.0 (Windows NT 10.0; Win64; x64) AppleWebKit/537.36 (KHTML, like Gecko) Chrome/126.0.0.0 Safari/537.36"
198.145.48.65 - - [10/Jul/2025:15:15:49 -0400] "GET /?v=40897461031330%27&mod=80fe651f&uri=product.php?id=1369387-180&name=silk+pyjamas+marks+and+soencers+pjs HTTP/1.1" 200 19037 "-" "Mozilla/5.0 (Windows NT 10.0; Win64; x64) AppleWebKit/537.36 (KHTML, like Gecko) Chrome/126.0.0.0 Safari/537.36"
198.145.48.65 - - [10/Jul/2025:15:15:48 -0400] "GET /?v=40897461031330&mod=80fe651f&uri=product.php?id=1369387-180%27&name=silk+pyjamas+marks+and+soencers+pjs HTTP/1.1" 200 19037 "-" "Mozilla/5.0 (Windows NT 10.0; Win64; x64) AppleWebKit/537.36 (KHTML, like Gecko) Chrome/126.0.0.0 Safari/537.36"
66.249.70.32 - - [10/Jul/2025:15:16:22 -0400] "GET /?v=116720449071330&mod=40cccad2&uri=form.php%3Fid%3D3907886-43%26name%3Dstorage+bench+childrens+toy+chest+wooden HTTP/1.1" 200 21884 "-" "Mozilla/5.0 (Linux; Android 6.0.1; Nexus 5X Build/MMB29P) AppleWebKit/537.36 (KHTML, like Gecko) Chrome/137.0.7151.103 Mobile Safari/537.36 (compatible; Googlebot/2.1; +http://www.google.com/bot.html)"
66.249.70.32 - - [10/Jul/2025:15:16:25 -0400] "GET /?v=99544454051330&mod=ea2e4496&uri=category-info.php%3Fid%3D3332878-178%26name%3Dgolf+gti+facelift+r%C3%BCckleuchten+an HTTP/1.1" 200 22177 "-" "Mozilla/5.0 (Linux; Android 6.0.1; Nexus 5X Build/MMB29P) AppleWebKit/537.36 (KHTML, like Gecko) Chrome/137.0.7151.103 Mobile Safari/537.36 (compatible; Googlebot/2.1; +http://www.google.com/bot.html)"
66.249.70.32 - - [10/Jul/2025:15:16:36 -0400] "GET /?v=119190274031330&mod=c164729e&uri=product.php%3Fid%3D3990668-650%26name%3Dlong+sleeve+stussy+womens+shirt HTTP/1.1" 200 20920 "-" "Mozilla/5.0 (Linux; Android 6.0.1; Nexus 5X Build/MMB29P) AppleWebKit/537.36 (KHTML, like Gecko) Chrome/137.0.7151.103 Mobile Safari/537.36 (compatible; Googlebot/2.1; +http://www.google.com/bot.html)"
66.249.70.32 - - [10/Jul/2025:15:16:39 -0400] "POST /get-message-notify HTTP/1.1" 404 1251 "https://www.getschooljobs.com/?v=119190274031330&mod=c164729e&uri=product.php%3Fid%3D3990668-650%26name%3Dlong+sleeve+stussy+womens+shirt" "Mozilla/5.0 (Linux; Android 6.0.1; Nexus 5X Build/MMB29P) AppleWebKit/537.36 (KHTML, like Gecko) Chrome/137.0.7151.119 Mobile Safari/537.36 (compatible; Googlebot/2.1; +http://www.google.com/bot.html)"
20.90.7.151 - - [10/Jul/2025:15:16:41 -0400] "GET /?mod=37e01843&uri=brands.php?id%3D2960531-121%26name%3Dcamera+repairing+metro+gali+camera+shop&v=88424139021330 HTTP/1.1" 200 4655 "-" "Mozilla/5.0 AppleWebKit/537.36 (KHTML, like Gecko); compatible; ChatGPT-User/1.0; +https://openai.com/bot"
20.90.7.147 - - [10/Jul/2025:15:16:42 -0400] "GET / HTTP/1.1" 200 4655 "-" "Mozilla/5.0 AppleWebKit/537.36 (KHTML, like Gecko); compatible; ChatGPT-User/1.0; +https://openai.com/bot"
115.167.10.184 - - [10/Jul/2025:15:16:46 -0400] "GET /?v=51306913071330&mod=78748d11%27&uri=news.php?id=1717756-1368&name=working+cocker+show+cocker+spaniel+puppies HTTP/1.1" 200 19037 "-" "Mozilla/5.0 (Windows NT 10.0; Win64; x64) AppleWebKit/537.36 (KHTML, like Gecko) Chrome/126.0.0.0 Safari/537.36"
115.167.10.184 - - [10/Jul/2025:15:16:46 -0400] "GET /?v=51306913071330%27&mod=78748d11&uri=news.php?id=1717756-1368&name=working+cocker+show+cocker+spaniel+puppies HTTP/1.1" 200 19037 "-" "Mozilla/5.0 (Windows NT 10.0; Win64; x64) AppleWebKit/537.36 (KHTML, like Gecko) Chrome/126.0.0.0 Safari/537.36"
115.167.10.184 - - [10/Jul/2025:15:16:46 -0400] "GET /?v=51306913071330&mod=78748d11&uri=news.php?id=1717756-1368&name=working+cocker+show+cocker+spaniel+puppies%27 HTTP/1.1" 200 19037 "-" "Mozilla/5.0 (Windows NT 10.0; Win64; x64) AppleWebKit/537.36 (KHTML, like Gecko) Chrome/126.0.0.0 Safari/537.36"
115.167.10.184 - - [10/Jul/2025:15:16:46 -0400] "GET /?v=51306913071330&mod=78748d11&uri=news.php?id=1717756-1368%27&name=working+cocker+show+cocker+spaniel+puppies HTTP/1.1" 200 19037 "-" "Mozilla/5.0 (Windows NT 10.0; Win64; x64) AppleWebKit/537.36 (KHTML, like Gecko) Chrome/126.0.0.0 Safari/537.36"
66.249.70.32 - - [10/Jul/2025:15:16:51 -0400] "POST /get-message-notify HTTP/1.1" 404 1251 "https://www.getschooljobs.com/?v=116720449071330&mod=40cccad2&uri=form.php%3Fid%3D3907886-43%26name%3Dstorage+bench+childrens+toy+chest+wooden" "Mozilla/5.0 (Linux; Android 6.0.1; Nexus 5X Build/MMB29P) AppleWebKit/537.36 (KHTML, like Gecko) Chrome/137.0.7151.119 Mobile Safari/537.36 (compatible; Googlebot/2.1; +http://www.google.com/bot.html)"
66.249.70.32 - - [10/Jul/2025:15:16:51 -0400] "GET /?v=92363790001330&mod=4e5ebe62&uri=us.php%3Fid%3D3092397-1010%26name%3Dclean+tarnished+silver+necklace+how+to+keep+copper+jewelry+from+tarnishing HTTP/1.1" 200 20959 "-" "Mozilla/5.0 (Linux; Android 6.0.1; Nexus 5X Build/MMB29P) AppleWebKit/537.36 (KHTML, like Gecko) Chrome/137.0.7151.103 Mobile Safari/537.36 (compatible; Googlebot/2.1; +http://www.google.com/bot.html)"
20.171.53.228 - - [10/Jul/2025:15:16:52 -0400] "GET /?mod=25766f01&uri=goods.php%3Fid%3D632523-29%26name%3Dcycling+btwin+multitool&v=18889342041330 HTTP/1.1" 200 4655 "-" "Mozilla/5.0 (Macintosh; Intel Mac OS X 10_15_7) AppleWebKit/537.36 (KHTML, like Gecko) Chrome/131.0.0.0 Safari/537.36; compatible; OAI-SearchBot/1.0; +https://openai.com/searchbot"
66.249.70.32 - - [10/Jul/2025:15:17:04 -0400] "GET /?v=9145088011330&mod=5eb2a86c&uri=form.php%3Fid%3D306170-91%26name%3Dtool+kit+husky+impact+drill HTTP/1.1" 200 22265 "-" "Mozilla/5.0 (Linux; Android 6.0.1; Nexus 5X Build/MMB29P) AppleWebKit/537.36 (KHTML, like Gecko) Chrome/137.0.7151.103 Mobile Safari/537.36 (compatible; Googlebot/2.1; +http://www.google.com/bot.html)"
66.249.70.32 - - [10/Jul/2025:15:17:10 -0400] "GET /?v=30222656031330&mod=25766f01&uri=products.php%3Fid%3D1012048-29%26name%3Dbicycle+giant+revolt+size+guide HTTP/1.1" 200 22190 "-" "Mozilla/5.0 (Linux; Android 6.0.1; Nexus 5X Build/MMB29P) AppleWebKit/537.36 (KHTML, like Gecko) Chrome/137.0.7151.103 Mobile Safari/537.36 (compatible; Googlebot/2.1; +http://www.google.com/bot.html)"
66.249.70.32 - - [10/Jul/2025:15:17:13 -0400] "POST /get-message-notify HTTP/1.1" 404 1251 "https://www.getschooljobs.com/?v=9145088011330&mod=5eb2a86c&uri=form.php%3Fid%3D306170-91%26name%3Dtool+kit+husky+impact+drill" "Mozilla/5.0 (Linux; Android 6.0.1; Nexus 5X Build/MMB29P) AppleWebKit/537.36 (KHTML, like Gecko) Chrome/137.0.7151.119 Mobile Safari/537.36 (compatible; Googlebot/2.1; +http://www.google.com/bot.html)"
66.249.70.32 - - [10/Jul/2025:15:17:13 -0400] "GET /?v=30289355091330&mod=a5d42e40&uri=shared.php%3Fid%3D1014276-59%26name%3Dwireless+headset+wirecutter+headphone+stand HTTP/1.1" 200 21598 "-" "Mozilla/5.0 (Linux; Android 6.0.1; Nexus 5X Build/MMB29P) AppleWebKit/537.36 (KHTML, like Gecko) Chrome/137.0.7151.103 Mobile Safari/537.36 (compatible; Googlebot/2.1; +http://www.google.com/bot.html)"
66.249.70.32 - - [10/Jul/2025:15:17:19 -0400] "GET /?v=30292947071330&mod=a5d42e40&uri=search.php%3Fid%3D1014396-59%26name%3Dearphone+realme+neckband+vs+samsung+level+u HTTP/1.1" 200 21785 "-" "Mozilla/5.0 (Linux; Android 6.0.1; Nexus 5X Build/MMB29P) AppleWebKit/537.36 (KHTML, like Gecko) Chrome/137.0.7151.103 Mobile Safari/537.36 (compatible; Googlebot/2.1; +http://www.google.com/bot.html)"
66.249.70.32 - - [10/Jul/2025:15:17:20 -0400] "GET /?v=109763568071330&mod=e562cd9c&uri=pin.php%3Fid%3D3674996-63%26name%3Damd+a88x+chipset HTTP/1.1" 200 20228 "-" "Mozilla/5.0 (Linux; Android 6.0.1; Nexus 5X Build/MMB29P) AppleWebKit/537.36 (KHTML, like Gecko) Chrome/137.0.7151.103 Mobile Safari/537.36 (compatible; Googlebot/2.1; +http://www.google.com/bot.html)"
66.249.70.32 - - [10/Jul/2025:15:17:24 -0400] "GET /?v=51187257001330&mod=9a80cf89&uri=search.php%3Fid%3D1713749-448%26name%3Daesthetic+clothing+too+old+to+die+young+hoodie HTTP/1.1" 200 22699 "-" "Mozilla/5.0 (Linux; Android 6.0.1; Nexus 5X Build/MMB29P) AppleWebKit/537.36 (KHTML, like Gecko) Chrome/137.0.7151.103 Mobile Safari/537.36 (compatible; Googlebot/2.1; +http://www.google.com/bot.html)"
66.249.70.32 - - [10/Jul/2025:15:17:27 -0400] "GET /?v=35556662081330&mod=25766f01&uri=brands.php%3Fid%3D1190655-29%26name%3Dbike+frog+cycle+rate HTTP/1.1" 200 21754 "-" "Mozilla/5.0 (Linux; Android 6.0.1; Nexus 5X Build/MMB29P) AppleWebKit/537.36 (KHTML, like Gecko) Chrome/137.0.7151.103 Mobile Safari/537.36 (compatible; Googlebot/2.1; +http://www.google.com/bot.html)"
66.249.70.32 - - [10/Jul/2025:15:17:28 -0400] "GET /?v=30291387051330&mod=a5d42e40&uri=shop.php%3Fid%3D1014344-59%26name%3Dairpods+jabra+85t+vs+sennheiser+momentum HTTP/1.1" 200 21902 "-" "Mozilla/5.0 (Linux; Android 6.0.1; Nexus 5X Build/MMB29P) AppleWebKit/537.36 (KHTML, like Gecko) Chrome/137.0.7151.103 Mobile Safari/537.36 (compatible; Googlebot/2.1; +http://www.google.com/bot.html)"
66.249.70.32 - - [10/Jul/2025:15:17:30 -0400] "GET /?v=30289475031330&mod=a5d42e40&uri=us.php%3Fid%3D1014280-59%26name%3Djbl+bluetooth+eartips+jbl HTTP/1.1" 200 22118 "-" "Mozilla/5.0 (Linux; Android 6.0.1; Nexus 5X Build/MMB29P) AppleWebKit/537.36 (KHTML, like Gecko) Chrome/137.0.7151.103 Mobile Safari/537.36 (compatible; Googlebot/2.1; +http://www.google.com/bot.html)"
66.249.70.32 - - [10/Jul/2025:15:17:31 -0400] "GET /?v=30287795031330&mod=a5d42e40&uri=products.php%3Fid%3D1014224-59%26name%3Dairpods+earphones+and+headphones+difference HTTP/1.1" 200 22083 "-" "Mozilla/5.0 (Linux; Android 6.0.1; Nexus 5X Build/MMB29P) AppleWebKit/537.36 (KHTML, like Gecko) Chrome/137.0.7151.103 Mobile Safari/537.36 (compatible; Googlebot/2.1; +http://www.google.com/bot.html)"
66.249.70.32 - - [10/Jul/2025:15:17:33 -0400] "GET /?v=30252199041330&mod=1b854e40&uri=info.php%3Fid%3D1013035-1095%26name%3Dbuckle+strap+tommy+hilfiger+oversized+buckle+flat+boot HTTP/1.1" 200 22272 "-" "Mozilla/5.0 (Linux; Android 6.0.1; Nexus 5X Build/MMB29P) AppleWebKit/537.36 (KHTML, like Gecko) Chrome/137.0.7151.103 Mobile Safari/537.36 (compatible; Googlebot/2.1; +http://www.google.com/bot.html)"
66.249.70.32 - - [10/Jul/2025:15:17:34 -0400] "GET /?v=35925938031330&mod=25766f01&uri=itm.php%3Fid%3D1203006-29%26name%3Dbicycle+whyte+603+xc+trail HTTP/1.1" 200 21332 "-" "Mozilla/5.0 (Linux; Android 6.0.1; Nexus 5X Build/MMB29P) AppleWebKit/537.36 (KHTML, like Gecko) Chrome/137.0.7151.103 Mobile Safari/537.36 (compatible; Googlebot/2.1; +http://www.google.com/bot.html)"
66.249.70.32 - - [10/Jul/2025:15:17:38 -0400] "POST /get-message-notify HTTP/1.1" 404 1251 "https://www.getschooljobs.com/?v=30252199041330&mod=1b854e40&uri=info.php%3Fid%3D1013035-1095%26name%3Dbuckle+strap+tommy+hilfiger+oversized+buckle+flat+boot" "Mozilla/5.0 (Linux; Android 6.0.1; Nexus 5X Build/MMB29P) AppleWebKit/537.36 (KHTML, like Gecko) Chrome/137.0.7151.119 Mobile Safari/537.36 (compatible; Googlebot/2.1; +http://www.google.com/bot.html)"
66.249.70.32 - - [10/Jul/2025:15:17:39 -0400] "GET /?v=30246321121330&mod=25766f01&uri=goods.php%3Fid%3D1012839-29%26name%3Donyx+cty+onyx+bike+price HTTP/1.1" 200 21817 "-" "Mozilla/5.0 (Linux; Android 6.0.1; Nexus 5X Build/MMB29P) AppleWebKit/537.36 (KHTML, like Gecko) Chrome/137.0.7151.103 Mobile Safari/537.36 (compatible; Googlebot/2.1; +http://www.google.com/bot.html)"
66.249.70.32 - - [10/Jul/2025:15:17:40 -0400] "GET /?v=30291987071330&mod=a5d42e40&uri=news.php%3Fid%3D1014364-59%26name%3Dlightning+connector+are+airpods+the+same+size+as+apple+earphones HTTP/1.1" 200 21789 "-" "Mozilla/5.0 (Linux; Android 6.0.1; Nexus 5X Build/MMB29P) AppleWebKit/537.36 (KHTML, like Gecko) Chrome/137.0.7151.103 Mobile Safari/537.36 (compatible; Googlebot/2.1; +http://www.google.com/bot.html)"
66.249.70.32 - - [10/Jul/2025:15:17:42 -0400] "GET /?v=30285767091330&mod=5ca41065&uri=search.php%3Fid%3D1014156-215%26name%3Dlow+zapatillas+air+force+negras HTTP/1.1" 200 20967 "-" "Mozilla/5.0 (Linux; Android 6.0.1; Nexus 5X Build/MMB29P) AppleWebKit/537.36 (KHTML, like Gecko) Chrome/137.0.7151.103 Mobile Safari/537.36 (compatible; Googlebot/2.1; +http://www.google.com/bot.html)"
66.249.70.33 - - [10/Jul/2025:15:17:45 -0400] "GET /?v=30293067031330&mod=a5d42e40&uri=search.php%3Fid%3D1014400-59%26name%3Dfake+mi+true+wireless+earphones+vs+redmi+airdots HTTP/1.1" 200 22136 "-" "Mozilla/5.0 (Linux; Android 6.0.1; Nexus 5X Build/MMB29P) AppleWebKit/537.36 (KHTML, like Gecko) Chrome/137.0.7151.103 Mobile Safari/537.36 (compatible; Googlebot/2.1; +http://www.google.com/bot.html)"
66.249.70.33 - - [10/Jul/2025:15:17:47 -0400] "POST /get-message-notify HTTP/1.1" 404 1251 "https://www.getschooljobs.com/?v=30287795031330&mod=a5d42e40&uri=products.php%3Fid%3D1014224-59%26name%3Dairpods+earphones+and+headphones+difference" "Mozilla/5.0 (Linux; Android 6.0.1; Nexus 5X Build/MMB29P) AppleWebKit/537.36 (KHTML, like Gecko) Chrome/137.0.7151.119 Mobile Safari/537.36 (compatible; Googlebot/2.1; +http://www.google.com/bot.html)"
66.249.70.33 - - [10/Jul/2025:15:17:49 -0400] "POST /get-message-notify HTTP/1.1" 404 1251 "https://www.getschooljobs.com/?v=30293067031330&mod=a5d42e40&uri=search.php%3Fid%3D1014400-59%26name%3Dfake+mi+true+wireless+earphones+vs+redmi+airdots" "Mozilla/5.0 (Linux; Android 6.0.1; Nexus 5X Build/MMB29P) AppleWebKit/537.36 (KHTML, like Gecko) Chrome/137.0.7151.119 Mobile Safari/537.36 (compatible; Googlebot/2.1; +http://www.google.com/bot.html)"
66.249.70.32 - - [10/Jul/2025:15:17:49 -0400] "GET /?v=30293185021330&mod=cf9113ad&uri=category-info.php%3Fid%3D1014404-493%26name%3Dtokens+how+much+does+rec+room+cost+on+oculus+quest HTTP/1.1" 200 21749 "-" "Mozilla/5.0 (Linux; Android 6.0.1; Nexus 5X Build/MMB29P) AppleWebKit/537.36 (KHTML, like Gecko) Chrome/137.0.7151.103 Mobile Safari/537.36 (compatible; Googlebot/2.1; +http://www.google.com/bot.html)"
66.249.70.32 - - [10/Jul/2025:15:17:53 -0400] "GET /?v=30288155091330&mod=d9976f1c&uri=goods.php%3Fid%3D1014236-202%26name%3Dsewing+machines+consew+bobbin+case HTTP/1.1" 200 20771 "-" "Mozilla/5.0 (Linux; Android 6.0.1; Nexus 5X Build/MMB29P) AppleWebKit/537.36 (KHTML, like Gecko) Chrome/137.0.7151.103 Mobile Safari/537.36 (compatible; Googlebot/2.1; +http://www.google.com/bot.html)"
66.249.70.33 - - [10/Jul/2025:15:17:56 -0400] "GET /?v=30258079141330&mod=da728da5&uri=pin.php%3Fid%3D1013231-924%26name%3D18mm+crocodile+watch+strap HTTP/1.1" 200 21146 "-" "Mozilla/5.0 (Linux; Android 6.0.1; Nexus 5X Build/MMB29P) AppleWebKit/537.36 (KHTML, like Gecko) Chrome/137.0.7151.103 Mobile Safari/537.36 (compatible; Googlebot/2.1; +http://www.google.com/bot.html)"
66.249.70.32 - - [10/Jul/2025:15:17:57 -0400] "POST /get-message-notify HTTP/1.1" 404 1251 "https://www.getschooljobs.com/?v=30288155091330&mod=d9976f1c&uri=goods.php%3Fid%3D1014236-202%26name%3Dsewing+machines+consew+bobbin+case" "Mozilla/5.0 (Linux; Android 6.0.1; Nexus 5X Build/MMB29P) AppleWebKit/537.36 (KHTML, like Gecko) Chrome/137.0.7151.119 Mobile Safari/537.36 (compatible; Googlebot/2.1; +http://www.google.com/bot.html)"
23.236.247.129 - - [10/Jul/2025:15:17:57 -0400] "GET /?v=96367688001330&mod=9274a5a0&uri=search.php%3Fid%3D3226477-166%26name%3Dchocolate+australian+shepherd+lab+mix HTTP/1.1" 200 4655 "-" "Mozilla/5.0 (X11; Linux x86_64) AppleWebKit/537.36 (KHTML, like Gecko) Chrome/127.0.0.0 Safari/537.36"
66.249.70.32 - - [10/Jul/2025:15:18:01 -0400] "GET /?v=30287195031330&mod=a5d42e40&uri=itm.php%3Fid%3D1014204-59%26name%3Djbuds+air+smallest+wireless+earbuds HTTP/1.1" 200 21722 "-" "Mozilla/5.0 (Linux; Android 6.0.1; Nexus 5X Build/MMB29P) AppleWebKit/537.36 (KHTML, like Gecko) Chrome/137.0.7151.103 Mobile Safari/537.36 (compatible; Googlebot/2.1; +http://www.google.com/bot.html)"
66.249.70.32 - - [10/Jul/2025:15:18:02 -0400] "GET /?v=30287435071330&mod=a5d42e40&uri=category-info.php%3Fid%3D1014212-59%26name%3Doppo+realme+buds+q+vs+realme+earbuds HTTP/1.1" 200 21486 "-" "Mozilla/5.0 (Linux; Android 6.0.1; Nexus 5X Build/MMB29P) AppleWebKit/537.36 (KHTML, like Gecko) Chrome/137.0.7151.103 Mobile Safari/537.36 (compatible; Googlebot/2.1; +http://www.google.com/bot.html)"
66.249.70.32 - - [10/Jul/2025:15:18:05 -0400] "GET /?v=30286727051330&mod=cf9113ad&uri=products.php%3Fid%3D1014188-493%26name%3Dreact+360+react+ar+vr HTTP/1.1" 200 22546 "-" "Mozilla/5.0 (Linux; Android 6.0.1; Nexus 5X Build/MMB29P) AppleWebKit/537.36 (KHTML, like Gecko) Chrome/137.0.7151.103 Mobile Safari/537.36 (compatible; Googlebot/2.1; +http://www.google.com/bot.html)"
66.249.70.32 - - [10/Jul/2025:15:18:08 -0400] "GET /?v=30292587071330&mod=a5d42e40&uri=form.php%3Fid%3D1014384-59%26name%3Djabra+headphones+jabra+evolve+75e+accessory+pack HTTP/1.1" 200 21961 "-" "Mozilla/5.0 (Linux; Android 6.0.1; Nexus 5X Build/MMB29P) AppleWebKit/537.36 (KHTML, like Gecko) Chrome/137.0.7151.103 Mobile Safari/537.36 (compatible; Googlebot/2.1; +http://www.google.com/bot.html)"
66.249.70.32 - - [10/Jul/2025:15:18:12 -0400] "GET /?v=30263937001330&mod=95b4a5e8&uri=product.php%3Fid%3D1013427-1419%26name%3Dfragrance+spray+burberry+brit+sears HTTP/1.1" 200 20923 "-" "Mozilla/5.0 (Linux; Android 6.0.1; Nexus 5X Build/MMB29P) AppleWebKit/537.36 (KHTML, like Gecko) Chrome/137.0.7151.103 Mobile Safari/537.36 (compatible; Googlebot/2.1; +http://www.google.com/bot.html)"
66.249.70.32 - - [10/Jul/2025:15:18:15 -0400] "GET /?v=30222866001330&mod=25766f01&uri=pin.php%3Fid%3D1012055-29%26name%3Denduro+commencal+supreme+sx+2018 HTTP/1.1" 200 21796 "-" "Mozilla/5.0 (Linux; Android 6.0.1; Nexus 5X Build/MMB29P) AppleWebKit/537.36 (KHTML, like Gecko) Chrome/137.0.7151.103 Mobile Safari/537.36 (compatible; Googlebot/2.1; +http://www.google.com/bot.html)"
66.249.70.32 - - [10/Jul/2025:15:18:19 -0400] "GET /?v=30288755031330&mod=a5d42e40&uri=article.php%3Fid%3D1014256-59%26name%3Dwireless+earbuds+why+do+my+airpods+fall+out+of+my+ears HTTP/1.1" 200 22325 "-" "Mozilla/5.0 (Linux; Android 6.0.1; Nexus 5X Build/MMB29P) AppleWebKit/537.36 (KHTML, like Gecko) Chrome/137.0.7151.103 Mobile Safari/537.36 (compatible; Googlebot/2.1; +http://www.google.com/bot.html)"
66.249.70.32 - - [10/Jul/2025:15:18:19 -0400] "GET /?v=85363690041330&mod=e6dbc8ad&uri=us.php%3Fid%3D2858099-184%26name%3Dseasoning+ingredients+montreal+seasoning+marinade+recipe HTTP/1.1" 200 22631 "-" "Mozilla/5.0 (Linux; Android 6.0.1; Nexus 5X Build/MMB29P) AppleWebKit/537.36 (KHTML, like Gecko) Chrome/137.0.7151.103 Mobile Safari/537.36 (compatible; Googlebot/2.1; +http://www.google.com/bot.html)"
66.249.70.32 - - [10/Jul/2025:15:18:22 -0400] "POST /get-message-notify HTTP/1.1" 404 1251 "https://www.getschooljobs.com/?v=30222866001330&mod=25766f01&uri=pin.php%3Fid%3D1012055-29%26name%3Denduro+commencal+supreme+sx+2018" "Mozilla/5.0 (Linux; Android 6.0.1; Nexus 5X Build/MMB29P) AppleWebKit/537.36 (KHTML, like Gecko) Chrome/137.0.7151.119 Mobile Safari/537.36 (compatible; Googlebot/2.1; +http://www.google.com/bot.html)"
66.249.70.32 - - [10/Jul/2025:15:18:23 -0400] "GET /?v=30290667081330&mod=a5d42e40&uri=product.php%3Fid%3D1014320-59%26name%3Dkaret+earphone HTTP/1.1" 200 21303 "-" "Mozilla/5.0 (Linux; Android 6.0.1; Nexus 5X Build/MMB29P) AppleWebKit/537.36 (KHTML, like Gecko) Chrome/137.0.7151.103 Mobile Safari/537.36 (compatible; Googlebot/2.1; +http://www.google.com/bot.html)"
66.249.70.32 - - [10/Jul/2025:15:18:24 -0400] "GET /?v=30292107051330&mod=a5d42e40&uri=brands.php%3Fid%3D1014368-59%26name%3Dwearing+headphones+earbuds+make+my+ears+hurt HTTP/1.1" 200 22207 "-" "Mozilla/5.0 (Linux; Android 6.0.1; Nexus 5X Build/MMB29P) AppleWebKit/537.36 (KHTML, like Gecko) Chrome/137.0.7151.103 Mobile Safari/537.36 (compatible; Googlebot/2.1; +http://www.google.com/bot.html)"
66.249.70.32 - - [10/Jul/2025:15:18:26 -0400] "POST /get-message-notify HTTP/1.1" 404 1251 "https://www.getschooljobs.com/?v=30263937001330&mod=95b4a5e8&uri=product.php%3Fid%3D1013427-1419%26name%3Dfragrance+spray+burberry+brit+sears" "Mozilla/5.0 (Linux; Android 6.0.1; Nexus 5X Build/MMB29P) AppleWebKit/537.36 (KHTML, like Gecko) Chrome/137.0.7151.119 Mobile Safari/537.36 (compatible; Googlebot/2.1; +http://www.google.com/bot.html)"
66.249.70.32 - - [10/Jul/2025:15:18:28 -0400] "POST /get-message-notify HTTP/1.1" 404 1251 "https://www.getschooljobs.com/?v=85363690041330&mod=e6dbc8ad&uri=us.php%3Fid%3D2858099-184%26name%3Dseasoning+ingredients+montreal+seasoning+marinade+recipe" "Mozilla/5.0 (Linux; Android 6.0.1; Nexus 5X Build/MMB29P) AppleWebKit/537.36 (KHTML, like Gecko) Chrome/137.0.7151.119 Mobile Safari/537.36 (compatible; Googlebot/2.1; +http://www.google.com/bot.html)"
66.249.70.32 - - [10/Jul/2025:15:18:28 -0400] "GET /?v=30222926001330&mod=25766f01&uri=search.php%3Fid%3D1012057-29%26name%3Dmountain+bike+commencal+supreme+sx+2018 HTTP/1.1" 200 21698 "-" "Mozilla/5.0 (Linux; Android 6.0.1; Nexus 5X Build/MMB29P) AppleWebKit/537.36 (KHTML, like Gecko) Chrome/137.0.7151.103 Mobile Safari/537.36 (compatible; Googlebot/2.1; +http://www.google.com/bot.html)"
66.249.70.32 - - [10/Jul/2025:15:18:30 -0400] "GET /?v=30289235051330&mod=d9976f1c&uri=product.php%3Fid%3D1014272-202%26name%3Dguitar+picks+homemade HTTP/1.1" 200 20568 "-" "Mozilla/5.0 (Linux; Android 6.0.1; Nexus 5X Build/MMB29P) AppleWebKit/537.36 (KHTML, like Gecko) Chrome/137.0.7151.103 Mobile Safari/537.36 (compatible; Googlebot/2.1; +http://www.google.com/bot.html)"
66.249.70.32 - - [10/Jul/2025:15:18:31 -0400] "POST /get-message-notify HTTP/1.1" 404 1251 "https://www.getschooljobs.com/?v=30222926001330&mod=25766f01&uri=search.php%3Fid%3D1012057-29%26name%3Dmountain+bike+commencal+supreme+sx+2018" "Mozilla/5.0 (Linux; Android 6.0.1; Nexus 5X Build/MMB29P) AppleWebKit/537.36 (KHTML, like Gecko) Chrome/137.0.7151.119 Mobile Safari/537.36 (compatible; Googlebot/2.1; +http://www.google.com/bot.html)"
66.249.70.32 - - [10/Jul/2025:15:18:32 -0400] "GET /?v=36410821041330&mod=25766f01&uri=us.php%3Fid%3D1219231-29%26name%3Drepair+tool+bike+rim+straightening+tool HTTP/1.1" 200 21409 "-" "Mozilla/5.0 (Linux; Android 6.0.1; Nexus 5X Build/MMB29P) AppleWebKit/537.36 (KHTML, like Gecko) Chrome/137.0.7151.103 Mobile Safari/537.36 (compatible; Googlebot/2.1; +http://www.google.com/bot.html)"
66.249.70.32 - - [10/Jul/2025:15:18:34 -0400] "GET /?v=30288035101330&mod=a5d42e40&uri=article.php%3Fid%3D1014232-59%26name%3Dflipkart+google+pixel+earbuds+india HTTP/1.1" 200 21599 "-" "Mozilla/5.0 (Linux; Android 6.0.1; Nexus 5X Build/MMB29P) AppleWebKit/537.36 (KHTML, like Gecko) Chrome/137.0.7151.103 Mobile Safari/537.36 (compatible; Googlebot/2.1; +http://www.google.com/bot.html)"
66.249.70.32 - - [10/Jul/2025:15:18:37 -0400] "GET /?v=30291507011330&mod=a5d42e40&uri=shop.php%3Fid%3D1014348-59%26name%3Dwireless+bluetooth+headphones+jaybird+vista+case+battery+level HTTP/1.1" 200 21917 "-" "Mozilla/5.0 (Linux; Android 6.0.1; Nexus 5X Build/MMB29P) AppleWebKit/537.36 (KHTML, like Gecko) Chrome/137.0.7151.103 Mobile Safari/537.36 (compatible; Googlebot/2.1; +http://www.google.com/bot.html)"
66.249.70.33 - - [10/Jul/2025:15:18:40 -0400] "GET /?v=30290787021330&mod=a5d42e40&uri=itm.php%3Fid%3D1014324-59%26name%3Dpro+bluetooth+syncing+airpods+with+macbook HTTP/1.1" 200 22652 "-" "Mozilla/5.0 (Linux; Android 6.0.1; Nexus 5X Build/MMB29P) AppleWebKit/537.36 (KHTML, like Gecko) Chrome/137.0.7151.103 Mobile Safari/537.36 (compatible; Googlebot/2.1; +http://www.google.com/bot.html)"
66.249.70.32 - - [10/Jul/2025:15:18:42 -0400] "POST /get-message-notify HTTP/1.1" 404 1251 "https://www.getschooljobs.com/?v=36410821041330&mod=25766f01&uri=us.php%3Fid%3D1219231-29%26name%3Drepair+tool+bike+rim+straightening+tool" "Mozilla/5.0 (Linux; Android 6.0.1; Nexus 5X Build/MMB29P) AppleWebKit/537.36 (KHTML, like Gecko) Chrome/137.0.7151.119 Mobile Safari/537.36 (compatible; Googlebot/2.1; +http://www.google.com/bot.html)"
66.249.70.32 - - [10/Jul/2025:15:18:45 -0400] "GET /?v=30286966091330&mod=a5d42e40&uri=blog.php%3Fid%3D1014196-59%26name%3Dstealth+700+gen+turtle+beach+stealth+420x%2B+transmitter+replacement HTTP/1.1" 200 21102 "-" "Mozilla/5.0 (Linux; Android 6.0.1; Nexus 5X Build/MMB29P) AppleWebKit/537.36 (KHTML, like Gecko) Chrome/137.0.7151.103 Mobile Safari/537.36 (compatible; Googlebot/2.1; +http://www.google.com/bot.html)"
66.249.70.32 - - [10/Jul/2025:15:18:46 -0400] "POST /get-message-notify HTTP/1.1" 404 1251 "https://www.getschooljobs.com/?v=30291507011330&mod=a5d42e40&uri=shop.php%3Fid%3D1014348-59%26name%3Dwireless+bluetooth+headphones+jaybird+vista+case+battery+level" "Mozilla/5.0 (Linux; Android 6.0.1; Nexus 5X Build/MMB29P) AppleWebKit/537.36 (KHTML, like Gecko) Chrome/137.0.7151.119 Mobile Safari/537.36 (compatible; Googlebot/2.1; +http://www.google.com/bot.html)"
66.249.70.33 - - [10/Jul/2025:15:18:47 -0400] "GET /?v=30291747071330&mod=a5d42e40&uri=products.php%3Fid%3D1014356-59%26name%3Dwireless+earbuds+jabra+85t+vs+sennheiser+momentum HTTP/1.1" 200 21529 "-" "Mozilla/5.0 (Linux; Android 6.0.1; Nexus 5X Build/MMB29P) AppleWebKit/537.36 (KHTML, like Gecko) Chrome/137.0.7151.103 Mobile Safari/537.36 (compatible; Googlebot/2.1; +http://www.google.com/bot.html)"
66.249.70.33 - - [10/Jul/2025:15:18:49 -0400] "GET /?v=30228742091330&mod=5b4e201b&uri=us.php%3Fid%3D1012251-155%26name%3Dshoulder+straps+mcm+stark+backpack+40 HTTP/1.1" 200 21549 "-" "Mozilla/5.0 (Linux; Android 6.0.1; Nexus 5X Build/MMB29P) AppleWebKit/537.36 (KHTML, like Gecko) Chrome/137.0.7151.103 Mobile Safari/537.36 (compatible; Googlebot/2.1; +http://www.google.com/bot.html)"
66.249.70.33 - - [10/Jul/2025:15:18:52 -0400] "GET /?v=30292347031330&mod=a5d42e40&uri=product.php%3Fid%3D1014376-59%26name%3Dwireless+headphones+how+to+use+earbuds+with+ipad HTTP/1.1" 200 22026 "-" "Mozilla/5.0 (Linux; Android 6.0.1; Nexus 5X Build/MMB29P) AppleWebKit/537.36 (KHTML, like Gecko) Chrome/137.0.7151.103 Mobile Safari/537.36 (compatible; Googlebot/2.1; +http://www.google.com/bot.html)"
45.196.45.221 - - [10/Jul/2025:15:18:53 -0400] "GET /?v=66040694061330&mod=45f23f73%27&uri=us.php?id=2211247-352&name=baby+bath+smart+baby+grows HTTP/1.1" 200 19037 "-" "Mozilla/5.0 (Windows NT 10.0; Win64; x64) AppleWebKit/537.36 (KHTML, like Gecko) Chrome/126.0.0.0 Safari/537.36"
45.196.45.221 - - [10/Jul/2025:15:18:53 -0400] "GET /?v=66040694061330&mod=45f23f73&uri=us.php?id=2211247-352&name=baby+bath+smart+baby+grows%27 HTTP/1.1" 200 19037 "-" "Mozilla/5.0 (Windows NT 10.0; Win64; x64) AppleWebKit/537.36 (KHTML, like Gecko) Chrome/126.0.0.0 Safari/537.36"
45.196.45.221 - - [10/Jul/2025:15:18:53 -0400] "GET /?v=66040694061330%27&mod=45f23f73&uri=us.php?id=2211247-352&name=baby+bath+smart+baby+grows HTTP/1.1" 200 19037 "-" "Mozilla/5.0 (Windows NT 10.0; Win64; x64) AppleWebKit/537.36 (KHTML, like Gecko) Chrome/126.0.0.0 Safari/537.36"
45.196.45.221 - - [10/Jul/2025:15:18:53 -0400] "GET /?v=66040694061330&mod=45f23f73&uri=us.php?id=2211247-352%27&name=baby+bath+smart+baby+grows HTTP/1.1" 200 19037 "-" "Mozilla/5.0 (Windows NT 10.0; Win64; x64) AppleWebKit/537.36 (KHTML, like Gecko) Chrome/126.0.0.0 Safari/537.36"
66.249.70.33 - - [10/Jul/2025:15:18:55 -0400] "GET /?v=30288515111330&mod=a5d42e40&uri=article.php%3Fid%3D1014248-59%26name%3Djabra+eargels+jabra+evolve+75e+accessory+pack HTTP/1.1" 200 22051 "-" "Mozilla/5.0 (Linux; Android 6.0.1; Nexus 5X Build/MMB29P) AppleWebKit/537.36 (KHTML, like Gecko) Chrome/137.0.7151.103 Mobile Safari/537.36 (compatible; Googlebot/2.1; +http://www.google.com/bot.html)"
66.249.70.33 - - [10/Jul/2025:15:18:58 -0400] "GET /?v=30292827051330&mod=cf9113ad&uri=products.php%3Fid%3D1014392-493%26name%3D3d+model+vrchat+vtuber+avatar HTTP/1.1" 200 21455 "-" "Mozilla/5.0 (Linux; Android 6.0.1; Nexus 5X Build/MMB29P) AppleWebKit/537.36 (KHTML, like Gecko) Chrome/137.0.7151.103 Mobile Safari/537.36 (compatible; Googlebot/2.1; +http://www.google.com/bot.html)"
66.249.70.32 - - [10/Jul/2025:15:19:01 -0400] "GET /?v=37449365021330&mod=25766f01&uri=pin.php%3Fid%3D1254014-29%26name%3Delectric+bike+scooty+under+10000 HTTP/1.1" 200 21953 "-" "Mozilla/5.0 (Linux; Android 6.0.1; Nexus 5X Build/MMB29P) AppleWebKit/537.36 (KHTML, like Gecko) Chrome/137.0.7151.103 Mobile Safari/537.36 (compatible; Googlebot/2.1; +http://www.google.com/bot.html)"
66.249.70.34 - - [10/Jul/2025:15:19:04 -0400] "GET /?v=30287675071330&mod=a5d42e40&uri=products.php%3Fid%3D1014220-59%26name%3Dolx+second+hand+apple+earpods HTTP/1.1" 200 21724 "-" "Mozilla/5.0 (Linux; Android 6.0.1; Nexus 5X Build/MMB29P) AppleWebKit/537.36 (KHTML, like Gecko) Chrome/137.0.7151.103 Mobile Safari/537.36 (compatible; Googlebot/2.1; +http://www.google.com/bot.html)"
66.249.70.32 - - [10/Jul/2025:15:19:10 -0400] "POST /get-message-notify HTTP/1.1" 404 1251 "https://www.getschooljobs.com/?v=30287675071330&mod=a5d42e40&uri=products.php%3Fid%3D1014220-59%26name%3Dolx+second+hand+apple+earpods" "Mozilla/5.0 (Linux; Android 6.0.1; Nexus 5X Build/MMB29P) AppleWebKit/537.36 (KHTML, like Gecko) Chrome/137.0.7151.119 Mobile Safari/537.36 (compatible; Googlebot/2.1; +http://www.google.com/bot.html)"
66.249.70.33 - - [10/Jul/2025:15:19:11 -0400] "GET /?v=30286846031330&mod=5ca41065&uri=info.php%3Fid%3D1014192-215%26name%3Daf1+zapatillas+air+force+negras HTTP/1.1" 200 21185 "-" "Mozilla/5.0 (Linux; Android 6.0.1; Nexus 5X Build/MMB29P) AppleWebKit/537.36 (KHTML, like Gecko) Chrome/137.0.7151.103 Mobile Safari/537.36 (compatible; Googlebot/2.1; +http://www.google.com/bot.html)"
66.249.70.32 - - [10/Jul/2025:15:19:14 -0400] "GET /?v=35319620051330&mod=25766f01&uri=dp.php%3Fid%3D1182722-29%26name%3D2022+discover+125+new+model+2021 HTTP/1.1" 200 21601 "-" "Mozilla/5.0 (Linux; Android 6.0.1; Nexus 5X Build/MMB29P) AppleWebKit/537.36 (KHTML, like Gecko) Chrome/137.0.7151.103 Mobile Safari/537.36 (compatible; Googlebot/2.1; +http://www.google.com/bot.html)"
66.249.70.32 - - [10/Jul/2025:15:19:17 -0400] "POST /get-message-notify HTTP/1.1" 404 1251 "https://www.getschooljobs.com/?v=35319620051330&mod=25766f01&uri=dp.php%3Fid%3D1182722-29%26name%3D2022+discover+125+new+model+2021" "Mozilla/5.0 (Linux; Android 6.0.1; Nexus 5X Build/MMB29P) AppleWebKit/537.36 (KHTML, like Gecko) Chrome/137.0.7151.119 Mobile Safari/537.36 (compatible; Googlebot/2.1; +http://www.google.com/bot.html)"
66.249.70.32 - - [10/Jul/2025:15:19:17 -0400] "GET /?v=30290547091330&mod=a5d42e40&uri=dp.php%3Fid%3D1014316-59%26name%3Dheadset+logitech+h110+busa+earphone HTTP/1.1" 200 21499 "-" "Mozilla/5.0 (Linux; Android 6.0.1; Nexus 5X Build/MMB29P) AppleWebKit/537.36 (KHTML, like Gecko) Chrome/137.0.7151.103 Mobile Safari/537.36 (compatible; Googlebot/2.1; +http://www.google.com/bot.html)"
66.249.70.32 - - [10/Jul/2025:15:19:29 -0400] "GET /?v=30290308051330&mod=a5d42e40&uri=goods.php%3Fid%3D1014308-59%26name%3Dusb+headset+wirecutter+headphone+stand HTTP/1.1" 200 22382 "-" "Mozilla/5.0 (Linux; Android 6.0.1; Nexus 5X Build/MMB29P) AppleWebKit/537.36 (KHTML, like Gecko) Chrome/137.0.7151.103 Mobile Safari/537.36 (compatible; Googlebot/2.1; +http://www.google.com/bot.html)"
66.249.70.32 - - [10/Jul/2025:15:19:32 -0400] "GET /?v=30291267031330&mod=a5d42e40&uri=itm.php%3Fid%3D1014340-59%26name%3Dairpods+sabbat+pro+x12 HTTP/1.1" 200 21746 "-" "Mozilla/5.0 (Linux; Android 6.0.1; Nexus 5X Build/MMB29P) AppleWebKit/537.36 (KHTML, like Gecko) Chrome/137.0.7151.103 Mobile Safari/537.36 (compatible; Googlebot/2.1; +http://www.google.com/bot.html)"
66.249.70.32 - - [10/Jul/2025:15:19:35 -0400] "POST /get-message-notify HTTP/1.1" 404 1251 "https://www.getschooljobs.com/?v=30290308051330&mod=a5d42e40&uri=goods.php%3Fid%3D1014308-59%26name%3Dusb+headset+wirecutter+headphone+stand" "Mozilla/5.0 (Linux; Android 6.0.1; Nexus 5X Build/MMB29P) AppleWebKit/537.36 (KHTML, like Gecko) Chrome/137.0.7151.119 Mobile Safari/537.36 (compatible; Googlebot/2.1; +http://www.google.com/bot.html)"
