66.249.70.32 - - [10/Jul/2025:14:53:37 -0400] "POST /get-message-notify HTTP/1.1" 404 1251 "https://www.getschooljobs.com/?v=115593867041330&mod=5eb2a86c&uri=itm.php%3Fid%3D3870169-91%26name%3Dsoup+maker+ninja+foodi+blender+recipe+book" "Mozilla/5.0 (Linux; Android 6.0.1; Nexus 5X Build/MMB29P) AppleWebKit/537.36 (KHTML, like Gecko) Chrome/137.0.7151.119 Mobile Safari/537.36 (compatible; Googlebot/2.1; +http://www.google.com/bot.html)"
66.249.70.32 - - [10/Jul/2025:14:53:38 -0400] "GET /?v=115583864011330&mod=5eb2a86c&uri=product.php%3Fid%3D3869834-91%26name%3Dflymo+chevron+34vc+blade HTTP/1.1" 200 21644 "-" "Mozilla/5.0 (Linux; Android 6.0.1; Nexus 5X Build/MMB29P) AppleWebKit/537.36 (KHTML, like Gecko) Chrome/137.0.7151.103 Mobile Safari/537.36 (compatible; Googlebot/2.1; +http://www.google.com/bot.html)"
66.249.70.32 - - [10/Jul/2025:14:53:43 -0400] "GET /?v=115589094061330&mod=cb41f167&uri=category-info.php%3Fid%3D3870009-56%26name%3Ddanish+high+back+mid+century+dining+chair HTTP/1.1" 200 21697 "-" "Mozilla/5.0 (Linux; Android 6.0.1; Nexus 5X Build/MMB29P) AppleWebKit/537.36 (KHTML, like Gecko) Chrome/137.0.7151.103 Mobile Safari/537.36 (compatible; Googlebot/2.1; +http://www.google.com/bot.html)"
102.89.68.128 - - [10/Jul/2025:14:53:44 -0400] "GET / HTTP/1.1" 200 4659 "-" "Mozilla/5.0 (X11; Linux x86_64) AppleWebKit/537.36 (KHTML, like Gecko) Chrome/115.0.0.0 Safari/537.36"
66.249.70.32 - - [10/Jul/2025:14:53:47 -0400] "GET /?v=115591924091330&mod=5eb2a86c&uri=us.php%3Fid%3D3870104-91%26name%3Dcarburetor+diagram+honda+hr214+parts+diagram HTTP/1.1" 200 21702 "-" "Mozilla/5.0 (Linux; Android 6.0.1; Nexus 5X Build/MMB29P) AppleWebKit/537.36 (KHTML, like Gecko) Chrome/137.0.7151.103 Mobile Safari/537.36 (compatible; Googlebot/2.1; +http://www.google.com/bot.html)"
66.249.70.32 - - [10/Jul/2025:14:53:52 -0400] "GET /?v=48675946051330&mod=4b8d5e5e&uri=shared.php%3Fid%3D1629714-223%26name%3Dplaystation+universe+ps+now+games+january+2020 HTTP/1.1" 200 20988 "-" "Mozilla/5.0 (Linux; Android 6.0.1; Nexus 5X Build/MMB29P) AppleWebKit/537.36 (KHTML, like Gecko) Chrome/137.0.7151.103 Mobile Safari/537.36 (compatible; Googlebot/2.1; +http://www.google.com/bot.html)"
66.249.70.32 - - [10/Jul/2025:14:53:56 -0400] "GET /?v=42515973041330&mod=d0781a80&uri=shop.php%3Fid%3D1423535-1644%26name%3D97+fit+air+force+nike+97 HTTP/1.1" 200 21079 "-" "Mozilla/5.0 (Linux; Android 6.0.1; Nexus 5X Build/MMB29P) AppleWebKit/537.36 (KHTML, like Gecko) Chrome/137.0.7151.103 Mobile Safari/537.36 (compatible; Googlebot/2.1; +http://www.google.com/bot.html)"
66.249.70.32 - - [10/Jul/2025:14:53:57 -0400] "GET /?v=33354623021330&mod=25766f01&uri=us.php%3Fid%3D1116893-29%26name%3Dhonda+vtx+1300+decal+kit HTTP/1.1" 200 22264 "-" "Mozilla/5.0 (Linux; Android 6.0.1; Nexus 5X Build/MMB29P) AppleWebKit/537.36 (KHTML, like Gecko) Chrome/137.0.7151.103 Mobile Safari/537.36 (compatible; Googlebot/2.1; +http://www.google.com/bot.html)"
66.249.70.32 - - [10/Jul/2025:14:53:59 -0400] "POST /get-message-notify HTTP/1.1" 404 1251 "https://www.getschooljobs.com/?v=42515973041330&mod=d0781a80&uri=shop.php%3Fid%3D1423535-1644%26name%3D97+fit+air+force+nike+97" "Mozilla/5.0 (Linux; Android 6.0.1; Nexus 5X Build/MMB29P) AppleWebKit/537.36 (KHTML, like Gecko) Chrome/137.0.7151.119 Mobile Safari/537.36 (compatible; Googlebot/2.1; +http://www.google.com/bot.html)"
66.249.70.32 - - [10/Jul/2025:14:54:00 -0400] "POST /get-message-notify HTTP/1.1" 404 1251 "https://www.getschooljobs.com/?v=33354623021330&mod=25766f01&uri=us.php%3Fid%3D1116893-29%26name%3Dhonda+vtx+1300+decal+kit" "Mozilla/5.0 (Linux; Android 6.0.1; Nexus 5X Build/MMB29P) AppleWebKit/537.36 (KHTML, like Gecko) Chrome/137.0.7151.119 Mobile Safari/537.36 (compatible; Googlebot/2.1; +http://www.google.com/bot.html)"
66.249.70.32 - - [10/Jul/2025:14:54:01 -0400] "GET /?v=42460294061330&mod=c78cd617&uri=article.php%3Fid%3D1421675-913%26name%3Dgamma+mens+heated+work+coat HTTP/1.1" 200 21002 "-" "Mozilla/5.0 (Linux; Android 6.0.1; Nexus 5X Build/MMB29P) AppleWebKit/537.36 (KHTML, like Gecko) Chrome/137.0.7151.103 Mobile Safari/537.36 (compatible; Googlebot/2.1; +http://www.google.com/bot.html)"
188.198.78.216 - - [10/Jul/2025:14:54:03 -0400] "GET /?v=88678471051330&mod=907353ea&uri=category-info.php%3Fid%3D2969044-374%26name%3Delectric+bike+cube+touring+hybrid+pro+2020+review HTTP/1.1" 200 133 "https://www.google.com/" "Mozilla/5.0 (iPhone; CPU iPhone OS 18_5 like Mac OS X) AppleWebKit/605.1.15 (KHTML, like Gecko) Version/18.5 Mobile/15E148 Safari/604.1"
72.136.102.53 - - [10/Jul/2025:14:54:05 -0400] "GET /?v=68588788021330&mod=f9dff983&uri=products.php%3Fid%3D2296535-463%26name%3Ddisney+store+abito+frozen+disney HTTP/1.1" 200 131 "https://www.google.com/url?q=https://www.getschooljobs.com/%3Fv%3D68588788021330%26mod%3Df9dff983%26uri%3Dproducts.php%253Fid%253D2296535-463%2526name%253Ddisney%2Bstore%2Babito%2Bfrozen%2Bdisney&sa=U&ved=2ahUKEwiFzuSu-7KOAxXEvokEHZ9JAVsQuAJ6BAgOEAE&usg=AOvVaw0AANSsPoJjYqMFitzX7wd_" "Mozilla/5.0 (iPhone; CPU iPhone OS 18_5_0 like Mac OS X) AppleWebKit/605.1.15 (KHTML, like Gecko) GSA/366.0.751101837 Mobile/15E148 Safari/604.1"
66.249.70.32 - - [10/Jul/2025:14:54:10 -0400] "GET /?v=42515793021330&mod=2101ba88&uri=blog.php%3Fid%3D1423529-1029%26name%3Dsafety+boots+lightweight+waterproof+work+shoes HTTP/1.1" 200 22095 "-" "Mozilla/5.0 (Linux; Android 6.0.1; Nexus 5X Build/MMB29P) AppleWebKit/537.36 (KHTML, like Gecko) Chrome/137.0.7151.103 Mobile Safari/537.36 (compatible; Googlebot/2.1; +http://www.google.com/bot.html)"
66.249.70.32 - - [10/Jul/2025:14:54:15 -0400] "GET /?v=46744192021330&mod=4b8d5e5e&uri=shared.php%3Fid%3D1565049-223%26name%3Dgame+console+ps4+games+mouse+and+keyboard+compatible HTTP/1.1" 200 21727 "-" "Mozilla/5.0 (Linux; Android 6.0.1; Nexus 5X Build/MMB29P) AppleWebKit/537.36 (KHTML, like Gecko) Chrome/137.0.7151.103 Mobile Safari/537.36 (compatible; Googlebot/2.1; +http://www.google.com/bot.html)"
66.249.70.32 - - [10/Jul/2025:14:54:15 -0400] "GET /?v=113383061330&mod=b6af2c97&uri=goods.php%3Fid%3D3793-82%26name%3Ddamenmode+colmar+daunenjacke+blau+damen HTTP/1.1" 200 21895 "-" "Mozilla/5.0 (Linux; Android 6.0.1; Nexus 5X Build/MMB29P) AppleWebKit/537.36 (KHTML, like Gecko) Chrome/137.0.7151.103 Mobile Safari/537.36 (compatible; Googlebot/2.1; +http://www.google.com/bot.html)"
66.249.70.32 - - [10/Jul/2025:14:54:18 -0400] "POST /get-message-notify HTTP/1.1" 404 1251 "https://www.getschooljobs.com/?v=113383061330&mod=b6af2c97&uri=goods.php%3Fid%3D3793-82%26name%3Ddamenmode+colmar+daunenjacke+blau+damen" "Mozilla/5.0 (Linux; Android 6.0.1; Nexus 5X Build/MMB29P) AppleWebKit/537.36 (KHTML, like Gecko) Chrome/137.0.7151.119 Mobile Safari/537.36 (compatible; Googlebot/2.1; +http://www.google.com/bot.html)"
66.249.70.32 - - [10/Jul/2025:14:54:19 -0400] "POST /get-message-notify HTTP/1.1" 404 1251 "https://www.getschooljobs.com/?v=46744192021330&mod=4b8d5e5e&uri=shared.php%3Fid%3D1565049-223%26name%3Dgame+console+ps4+games+mouse+and+keyboard+compatible" "Mozilla/5.0 (Linux; Android 6.0.1; Nexus 5X Build/MMB29P) AppleWebKit/537.36 (KHTML, like Gecko) Chrome/137.0.7151.119 Mobile Safari/537.36 (compatible; Googlebot/2.1; +http://www.google.com/bot.html)"
66.249.70.32 - - [10/Jul/2025:14:54:25 -0400] "GET /?v=118440630021330&mod=c8f37e5d&uri=brands.php%3Fid%3D3965520-245%26name%3D4000mah+battery+iphone+6s+high+capacity+battery+replacement HTTP/1.1" 200 22282 "-" "Mozilla/5.0 (Linux; Android 6.0.1; Nexus 5X Build/MMB29P) AppleWebKit/537.36 (KHTML, like Gecko) Chrome/137.0.7151.103 Mobile Safari/537.36 (compatible; Googlebot/2.1; +http://www.google.com/bot.html)"
66.249.70.32 - - [10/Jul/2025:14:54:27 -0400] "GET /?v=115590574041330&mod=5eb2a86c&uri=search.php%3Fid%3D3870059-91%26name%3Dgrass+cutting+used+lawn+and+garden+equipment+near+me HTTP/1.1" 200 22504 "-" "Mozilla/5.0 (Linux; Android 6.0.1; Nexus 5X Build/MMB29P) AppleWebKit/537.36 (KHTML, like Gecko) Chrome/137.0.7151.103 Mobile Safari/537.36 (compatible; Googlebot/2.1; +http://www.google.com/bot.html)"
198.145.48.65 - - [10/Jul/2025:14:54:29 -0400] "GET /?v=44726947051330&mod=18de4beb&uri=search.php?id=1497538-79%27&name=preston+superium+preston+pro+type+360 HTTP/1.1" 200 19037 "-" "Mozilla/5.0 (Windows NT 10.0; Win64; x64) AppleWebKit/537.36 (KHTML, like Gecko) Chrome/126.0.0.0 Safari/537.36"
66.249.70.32 - - [10/Jul/2025:14:54:30 -0400] "POST /get-message-notify HTTP/1.1" 404 1251 "https://www.getschooljobs.com/?v=118440630021330&mod=c8f37e5d&uri=brands.php%3Fid%3D3965520-245%26name%3D4000mah+battery+iphone+6s+high+capacity+battery+replacement" "Mozilla/5.0 (Linux; Android 6.0.1; Nexus 5X Build/MMB29P) AppleWebKit/537.36 (KHTML, like Gecko) Chrome/137.0.7151.119 Mobile Safari/537.36 (compatible; Googlebot/2.1; +http://www.google.com/bot.html)"
24.205.42.147 - - [10/Jul/2025:14:54:30 -0400] "GET /?v=20352610001330&mod=6e7f6c38&uri=search.php%3Fid%3D681543-136%26name%3Dstep+bench+proform+adjustable+step+deck HTTP/1.1" 200 133 "https://www.google.com/" "Mozilla/5.0 (Windows NT 10.0; Win64; x64) AppleWebKit/537.36 (KHTML, like Gecko) Chrome/138.0.0.0 Safari/537.36"
198.145.48.65 - - [10/Jul/2025:14:54:29 -0400] "GET /?v=44726947051330&mod=18de4beb%27&uri=search.php?id=1497538-79&name=preston+superium+preston+pro+type+360 HTTP/1.1" 200 19037 "-" "Mozilla/5.0 (Windows NT 10.0; Win64; x64) AppleWebKit/537.36 (KHTML, like Gecko) Chrome/126.0.0.0 Safari/537.36"
198.145.48.65 - - [10/Jul/2025:14:54:29 -0400] "GET /?v=44726947051330&mod=18de4beb&uri=search.php?id=1497538-79&name=preston+superium+preston+pro+type+360%27 HTTP/1.1" 200 19037 "-" "Mozilla/5.0 (Windows NT 10.0; Win64; x64) AppleWebKit/537.36 (KHTML, like Gecko) Chrome/126.0.0.0 Safari/537.36"
198.145.48.65 - - [10/Jul/2025:14:54:29 -0400] "GET /?v=44726947051330%27&mod=18de4beb&uri=search.php?id=1497538-79&name=preston+superium+preston+pro+type+360 HTTP/1.1" 200 19037 "-" "Mozilla/5.0 (Windows NT 10.0; Win64; x64) AppleWebKit/537.36 (KHTML, like Gecko) Chrome/126.0.0.0 Safari/537.36"
66.249.70.32 - - [10/Jul/2025:14:54:30 -0400] "GET /?v=115588644051330&mod=25766f01&uri=brands.php%3Fid%3D3869994-29%26name%3Dtrek+top+fuel+2012 HTTP/1.1" 200 21610 "-" "Mozilla/5.0 (Linux; Android 6.0.1; Nexus 5X Build/MMB29P) AppleWebKit/537.36 (KHTML, like Gecko) Chrome/137.0.7151.103 Mobile Safari/537.36 (compatible; Googlebot/2.1; +http://www.google.com/bot.html)"
66.249.70.32 - - [10/Jul/2025:14:54:32 -0400] "GET /?v=11069406021330&mod=f9dff983&uri=category-info.php%3Fid%3D370597-463%26name%3Dgolf+equipment+negozi+golf+online HTTP/1.1" 200 21878 "-" "Mozilla/5.0 (Linux; Android 6.0.1; Nexus 5X Build/MMB29P) AppleWebKit/537.36 (KHTML, like Gecko) Chrome/137.0.7151.103 Mobile Safari/537.36 (compatible; Googlebot/2.1; +http://www.google.com/bot.html)"
68.221.67.165 - - [10/Jul/2025:14:54:34 -0400] "GET /?mod=ac42634b&uri=category-info.php?id%3D129806-356%26name%3Djiffy+horizontal+water+heater+litre&v=3877789051330 HTTP/1.1" 200 4655 "-" "Mozilla/5.0 AppleWebKit/537.36 (KHTML, like Gecko); compatible; ChatGPT-User/1.0; +https://openai.com/bot"
66.249.70.32 - - [10/Jul/2025:14:54:35 -0400] "GET /?v=115584764041330&mod=5eb2a86c&uri=article.php%3Fid%3D3869864-91%26name%3Dcadet+xt1+blades+for+cub+cadet+zt1+50 HTTP/1.1" 200 21441 "-" "Mozilla/5.0 (Linux; Android 6.0.1; Nexus 5X Build/MMB29P) AppleWebKit/537.36 (KHTML, like Gecko) Chrome/137.0.7151.103 Mobile Safari/537.36 (compatible; Googlebot/2.1; +http://www.google.com/bot.html)"
66.249.70.32 - - [10/Jul/2025:14:54:38 -0400] "POST /get-message-notify HTTP/1.1" 404 1251 "https://www.getschooljobs.com/?v=115584764041330&mod=5eb2a86c&uri=article.php%3Fid%3D3869864-91%26name%3Dcadet+xt1+blades+for+cub+cadet+zt1+50" "Mozilla/5.0 (Linux; Android 6.0.1; Nexus 5X Build/MMB29P) AppleWebKit/537.36 (KHTML, like Gecko) Chrome/137.0.7151.119 Mobile Safari/537.36 (compatible; Googlebot/2.1; +http://www.google.com/bot.html)"
66.249.70.32 - - [10/Jul/2025:14:54:39 -0400] "GET /?v=46994865021330&mod=4b8d5e5e&uri=form.php%3Fid%3D1573434-223%26name%3Dps4+evil+within+psn HTTP/1.1" 200 22282 "-" "Mozilla/5.0 (Linux; Android 6.0.1; Nexus 5X Build/MMB29P) AppleWebKit/537.36 (KHTML, like Gecko) Chrome/137.0.7151.103 Mobile Safari/537.36 (compatible; Googlebot/2.1; +http://www.google.com/bot.html)"
66.249.70.32 - - [10/Jul/2025:14:54:44 -0400] "GET /?v=42460654001330&mod=c78cd617&uri=pin.php%3Fid%3D1421687-913%26name%3Dwomens+ski+outfit+ski+jacket+and+salopettes HTTP/1.1" 200 22397 "-" "Mozilla/5.0 (Linux; Android 6.0.1; Nexus 5X Build/MMB29P) AppleWebKit/537.36 (KHTML, like Gecko) Chrome/137.0.7151.103 Mobile Safari/537.36 (compatible; Googlebot/2.1; +http://www.google.com/bot.html)"
66.249.70.32 - - [10/Jul/2025:14:54:49 -0400] "GET /?v=44344858011330&mod=4b8d5e5e&uri=shared.php%3Fid%3D1484742-223%26name%3Dnikola+tesla+the+invisible+hours HTTP/1.1" 200 22227 "-" "Mozilla/5.0 (Linux; Android 6.0.1; Nexus 5X Build/MMB29P) AppleWebKit/537.36 (KHTML, like Gecko) Chrome/137.0.7151.103 Mobile Safari/537.36 (compatible; Googlebot/2.1; +http://www.google.com/bot.html)"
45.196.57.137 - - [10/Jul/2025:14:54:50 -0400] "GET /?v=43963891021330&mod=18de4beb%27&uri=news.php?id=1471975-79&name=hawley+air+ley+heating+and+air HTTP/1.1" 200 19037 "-" "Mozilla/5.0 (Windows NT 10.0; Win64; x64) AppleWebKit/537.36 (KHTML, like Gecko) Chrome/126.0.0.0 Safari/537.36"
45.196.57.137 - - [10/Jul/2025:14:54:50 -0400] "GET /?v=43963891021330%27&mod=18de4beb&uri=news.php?id=1471975-79&name=hawley+air+ley+heating+and+air HTTP/1.1" 200 19037 "-" "Mozilla/5.0 (Windows NT 10.0; Win64; x64) AppleWebKit/537.36 (KHTML, like Gecko) Chrome/126.0.0.0 Safari/537.36"
45.196.57.137 - - [10/Jul/2025:14:54:50 -0400] "GET /?v=43963891021330&mod=18de4beb&uri=news.php?id=1471975-79&name=hawley+air+ley+heating+and+air%27 HTTP/1.1" 200 19037 "-" "Mozilla/5.0 (Windows NT 10.0; Win64; x64) AppleWebKit/537.36 (KHTML, like Gecko) Chrome/126.0.0.0 Safari/537.36"
45.196.57.137 - - [10/Jul/2025:14:54:50 -0400] "GET /?v=43963891021330&mod=18de4beb&uri=news.php?id=1471975-79%27&name=hawley+air+ley+heating+and+air HTTP/1.1" 200 19037 "-" "Mozilla/5.0 (Windows NT 10.0; Win64; x64) AppleWebKit/537.36 (KHTML, like Gecko) Chrome/126.0.0.0 Safari/537.36"
66.249.70.32 - - [10/Jul/2025:14:54:54 -0400] "GET /?v=42517053041330&mod=7887abe5&uri=us.php%3Fid%3D1423571-256%26name%3Ddgd1308+avtech+avtech+dvr+price HTTP/1.1" 200 21129 "-" "Mozilla/5.0 (Linux; Android 6.0.1; Nexus 5X Build/MMB29P) AppleWebKit/537.36 (KHTML, like Gecko) Chrome/137.0.7151.103 Mobile Safari/537.36 (compatible; Googlebot/2.1; +http://www.google.com/bot.html)"
66.249.70.34 - - [10/Jul/2025:14:55:06 -0400] "GET /?v=42459754001330&mod=c78cd617&uri=news.php%3Fid%3D1421657-913%26name%3Dbomber+jacket+mac+tools+coat HTTP/1.1" 200 21650 "-" "Mozilla/5.0 (Linux; Android 6.0.1; Nexus 5X Build/MMB29P) AppleWebKit/537.36 (KHTML, like Gecko) Chrome/137.0.7151.103 Mobile Safari/537.36 (compatible; Googlebot/2.1; +http://www.google.com/bot.html)"
66.249.70.34 - - [10/Jul/2025:14:55:09 -0400] "GET /?v=48957420041330&mod=4b8d5e5e&uri=us.php%3Fid%3D1639131-223%26name%3Dmr+beast+games+prime+video HTTP/1.1" 200 22371 "-" "Mozilla/5.0 (Linux; Android 6.0.1; Nexus 5X Build/MMB29P) AppleWebKit/537.36 (KHTML, like Gecko) Chrome/137.0.7151.103 Mobile Safari/537.36 (compatible; Googlebot/2.1; +http://www.google.com/bot.html)"
66.249.70.34 - - [10/Jul/2025:14:55:10 -0400] "POST /get-message-notify HTTP/1.1" 404 1251 "https://www.getschooljobs.com/?v=42459754001330&mod=c78cd617&uri=news.php%3Fid%3D1421657-913%26name%3Dbomber+jacket+mac+tools+coat" "Mozilla/5.0 (Linux; Android 6.0.1; Nexus 5X Build/MMB29P) AppleWebKit/537.36 (KHTML, like Gecko) Chrome/137.0.7151.119 Mobile Safari/537.36 (compatible; Googlebot/2.1; +http://www.google.com/bot.html)"
66.249.70.32 - - [10/Jul/2025:14:55:11 -0400] "GET /?v=42460114021330&mod=077efd55&uri=us.php%3Fid%3D1421669-216%26name%3Dbenchmark+rtx+30+series+review HTTP/1.1" 200 21914 "-" "Mozilla/5.0 (Linux; Android 6.0.1; Nexus 5X Build/MMB29P) AppleWebKit/537.36 (KHTML, like Gecko) Chrome/137.0.7151.103 Mobile Safari/537.36 (compatible; Googlebot/2.1; +http://www.google.com/bot.html)"
66.249.70.33 - - [10/Jul/2025:14:55:14 -0400] "GET /?v=42473944031330&mod=b9b31874&uri=news.php%3Fid%3D1422130-889%26name%3Dmovado+bold+women%27s+movado+museum+watch HTTP/1.1" 200 21911 "-" "Mozilla/5.0 (Linux; Android 6.0.1; Nexus 5X Build/MMB29P) AppleWebKit/537.36 (KHTML, like Gecko) Chrome/137.0.7151.103 Mobile Safari/537.36 (compatible; Googlebot/2.1; +http://www.google.com/bot.html)"
186.151.24.32 - - [10/Jul/2025:14:55:14 -0400] "GET /?v=119325680051330&mod=efe8c47a&uri=itm.php%3Fid%3D3995186-538%26name%3Dcrema+suavizante+keratina HTTP/1.1" 200 134 "https://www.google.com/" "Mozilla/5.0 (Linux; Android 10; K) AppleWebKit/537.36 (KHTML, like Gecko) Chrome/138.0.0.0 Mobile Safari/537.36"
66.249.70.32 - - [10/Jul/2025:14:55:20 -0400] "GET /?v=42461014061330&mod=c78cd617&uri=us.php%3Fid%3D1421699-913%26name%3Dss+techno+childrens+coats+zara HTTP/1.1" 200 22180 "-" "Mozilla/5.0 (Linux; Android 6.0.1; Nexus 5X Build/MMB29P) AppleWebKit/537.36 (KHTML, like Gecko) Chrome/137.0.7151.103 Mobile Safari/537.36 (compatible; Googlebot/2.1; +http://www.google.com/bot.html)"
66.249.70.32 - - [10/Jul/2025:14:55:28 -0400] "GET /?v=115702235001330&mod=aa538133&uri=blog.php%3Fid%3D3873792-1391%26name%3Dmens+clearance+asics+gel+lyte+crane HTTP/1.1" 200 20706 "-" "Mozilla/5.0 (Linux; Android 6.0.1; Nexus 5X Build/MMB29P) AppleWebKit/537.36 (KHTML, like Gecko) Chrome/137.0.7151.103 Mobile Safari/537.36 (compatible; Googlebot/2.1; +http://www.google.com/bot.html)"
66.249.70.32 - - [10/Jul/2025:14:55:28 -0400] "GET /?v=42412562011330&mod=4b8d5e5e&uri=form.php%3Fid%3D1420078-223%26name%3Dnew+leaf+3ds+games+ac+new+horizons+3ds HTTP/1.1" 200 21923 "-" "Mozilla/5.0 (Linux; Android 6.0.1; Nexus 5X Build/MMB29P) AppleWebKit/537.36 (KHTML, like Gecko) Chrome/137.0.7151.103 Mobile Safari/537.36 (compatible; Googlebot/2.1; +http://www.google.com/bot.html)"
66.249.70.32 - - [10/Jul/2025:14:55:29 -0400] "GET /?v=99549814051330&mod=ea2e4496&uri=info.php%3Fid%3D3333058-178%26name%3Dbody+kit+vw+polo+92 HTTP/1.1" 200 21471 "-" "Mozilla/5.0 (Linux; Android 6.0.1; Nexus 5X Build/MMB29P) AppleWebKit/537.36 (KHTML, like Gecko) Chrome/137.0.7151.103 Mobile Safari/537.36 (compatible; Googlebot/2.1; +http://www.google.com/bot.html)"
66.249.70.32 - - [10/Jul/2025:14:55:30 -0400] "GET /?v=115586564041330&mod=5eb2a86c&uri=shared.php%3Fid%3D3869924-91%26name%3Dportable+blender+ninja+smoothie+recipe+book HTTP/1.1" 200 21299 "-" "Mozilla/5.0 (Linux; Android 6.0.1; Nexus 5X Build/MMB29P) AppleWebKit/537.36 (KHTML, like Gecko) Chrome/137.0.7151.103 Mobile Safari/537.36 (compatible; Googlebot/2.1; +http://www.google.com/bot.html)"
66.249.70.32 - - [10/Jul/2025:14:55:32 -0400] "POST /get-message-notify HTTP/1.1" 404 1251 "https://www.getschooljobs.com/?v=115702235001330&mod=aa538133&uri=blog.php%3Fid%3D3873792-1391%26name%3Dmens+clearance+asics+gel+lyte+crane" "Mozilla/5.0 (Linux; Android 6.0.1; Nexus 5X Build/MMB29P) AppleWebKit/537.36 (KHTML, like Gecko) Chrome/137.0.7151.119 Mobile Safari/537.36 (compatible; Googlebot/2.1; +http://www.google.com/bot.html)"
66.249.70.32 - - [10/Jul/2025:14:55:33 -0400] "POST /get-message-notify HTTP/1.1" 404 1251 "https://www.getschooljobs.com/?v=115586864051330&mod=5eb2a86c&uri=goods.php%3Fid%3D3869934-91%26name%3Dwalk+behind+toro+ready+start+mower" "Mozilla/5.0 (Linux; Android 6.0.1; Nexus 5X Build/MMB29P) AppleWebKit/537.36 (KHTML, like Gecko) Chrome/137.0.7151.119 Mobile Safari/537.36 (compatible; Googlebot/2.1; +http://www.google.com/bot.html)"
66.249.70.32 - - [10/Jul/2025:14:55:33 -0400] "GET /?v=43823066051330&mod=4b8d5e5e&uri=dp.php%3Fid%3D1467268-223%26name%3Dps5+game+%2410+playstation+games HTTP/1.1" 200 22150 "-" "Mozilla/5.0 (Linux; Android 6.0.1; Nexus 5X Build/MMB29P) AppleWebKit/537.36 (KHTML, like Gecko) Chrome/137.0.7151.103 Mobile Safari/537.36 (compatible; Googlebot/2.1; +http://www.google.com/bot.html)"
66.249.70.32 - - [10/Jul/2025:14:55:35 -0400] "POST /get-message-notify HTTP/1.1" 404 1251 "https://www.getschooljobs.com/?v=115586564041330&mod=5eb2a86c&uri=shared.php%3Fid%3D3869924-91%26name%3Dportable+blender+ninja+smoothie+recipe+book" "Mozilla/5.0 (Linux; Android 6.0.1; Nexus 5X Build/MMB29P) AppleWebKit/537.36 (KHTML, like Gecko) Chrome/137.0.7151.119 Mobile Safari/537.36 (compatible; Googlebot/2.1; +http://www.google.com/bot.html)"
66.249.70.32 - - [10/Jul/2025:14:55:42 -0400] "GET /?v=42516153001330&mod=d0781a80&uri=us.php%3Fid%3D1423541-1644%26name%3Dnike+trainers+popular+girls+trainers HTTP/1.1" 200 20989 "-" "Mozilla/5.0 (Linux; Android 6.0.1; Nexus 5X Build/MMB29P) AppleWebKit/537.36 (KHTML, like Gecko) Chrome/137.0.7151.103 Mobile Safari/537.36 (compatible; Googlebot/2.1; +http://www.google.com/bot.html)"
66.249.70.32 - - [10/Jul/2025:14:55:46 -0400] "GET /?v=42516873041330&mod=d0781a80&uri=product.php%3Fid%3D1423565-1644%26name%3Drelease+date+running+shoe+releases+2019 HTTP/1.1" 200 21462 "-" "Mozilla/5.0 (Linux; Android 6.0.1; Nexus 5X Build/MMB29P) AppleWebKit/537.36 (KHTML, like Gecko) Chrome/137.0.7151.103 Mobile Safari/537.36 (compatible; Googlebot/2.1; +http://www.google.com/bot.html)"
66.249.70.32 - - [10/Jul/2025:14:55:55 -0400] "GET /?v=42422814081330&mod=04f7ff09&uri=shop.php%3Fid%3D1420420-922%26name%3Dclothing+macy%27s+black+friday+catalog HTTP/1.1" 200 20770 "-" "Mozilla/5.0 (Linux; Android 6.0.1; Nexus 5X Build/MMB29P) AppleWebKit/537.36 (KHTML, like Gecko) Chrome/137.0.7151.103 Mobile Safari/537.36 (compatible; Googlebot/2.1; +http://www.google.com/bot.html)"
66.249.70.32 - - [10/Jul/2025:14:55:55 -0400] "GET /?v=36656722131330&mod=e33af099&uri=category-info.php%3Fid%3D1227488-736%26name%3Dsteakhouse+filets+marinating+steak+with+dale%27s HTTP/1.1" 200 20048 "-" "Mozilla/5.0 (Linux; Android 6.0.1; Nexus 5X Build/MMB29P) AppleWebKit/537.36 (KHTML, like Gecko) Chrome/137.0.7151.103 Mobile Safari/537.36 (compatible; Googlebot/2.1; +http://www.google.com/bot.html)"
66.249.70.32 - - [10/Jul/2025:14:55:58 -0400] "POST /get-message-notify HTTP/1.1" 404 1251 "https://www.getschooljobs.com/?v=42422814081330&mod=04f7ff09&uri=shop.php%3Fid%3D1420420-922%26name%3Dclothing+macy%27s+black+friday+catalog" "Mozilla/5.0 (Linux; Android 6.0.1; Nexus 5X Build/MMB29P) AppleWebKit/537.36 (KHTML, like Gecko) Chrome/137.0.7151.119 Mobile Safari/537.36 (compatible; Googlebot/2.1; +http://www.google.com/bot.html)"
66.249.70.33 - - [10/Jul/2025:14:55:59 -0400] "POST /get-message-notify HTTP/1.1" 404 1251 "https://www.getschooljobs.com/?v=36656722131330&mod=e33af099&uri=category-info.php%3Fid%3D1227488-736%26name%3Dsteakhouse+filets+marinating+steak+with+dale%27s" "Mozilla/5.0 (Linux; Android 6.0.1; Nexus 5X Build/MMB29P) AppleWebKit/537.36 (KHTML, like Gecko) Chrome/137.0.7151.119 Mobile Safari/537.36 (compatible; Googlebot/2.1; +http://www.google.com/bot.html)"
66.249.70.32 - - [10/Jul/2025:14:56:00 -0400] "GET /?v=42459574001330&mod=c78cd617&uri=info.php%3Fid%3D1421651-913%26name%3Dwinter+ski+jacket+and+salopettes HTTP/1.1" 200 22471 "-" "Mozilla/5.0 (Linux; Android 6.0.1; Nexus 5X Build/MMB29P) AppleWebKit/537.36 (KHTML, like Gecko) Chrome/137.0.7151.103 Mobile Safari/537.36 (compatible; Googlebot/2.1; +http://www.google.com/bot.html)"
66.249.70.32 - - [10/Jul/2025:14:56:04 -0400] "POST /get-message-notify HTTP/1.1" 404 1251 "https://www.getschooljobs.com/?v=42459574001330&mod=c78cd617&uri=info.php%3Fid%3D1421651-913%26name%3Dwinter+ski+jacket+and+salopettes" "Mozilla/5.0 (Linux; Android 6.0.1; Nexus 5X Build/MMB29P) AppleWebKit/537.36 (KHTML, like Gecko) Chrome/137.0.7151.119 Mobile Safari/537.36 (compatible; Googlebot/2.1; +http://www.google.com/bot.html)"
68.221.75.31 - - [10/Jul/2025:14:56:20 -0400] "GET /?mod=ea9f6bbe&uri=itm.php?id%3D3970507-110%26name%3Dactivity+trackers+apple+watch+trade+in+john+lewis&v=118589520001330 HTTP/1.1" 200 4655 "-" "Mozilla/5.0 AppleWebKit/537.36 (KHTML, like Gecko); compatible; ChatGPT-User/1.0; +https://openai.com/bot"
66.249.70.32 - - [10/Jul/2025:14:56:29 -0400] "GET /?v=104402639031330&mod=8c8a9c8f&uri=blog.php%3Fid%3D3495556-738%26name%3Dusar+pantalones+nueva+moda+de+jeans+rotos HTTP/1.1" 200 22153 "-" "Mozilla/5.0 (Linux; Android 6.0.1; Nexus 5X Build/MMB29P) AppleWebKit/537.36 (KHTML, like Gecko) Chrome/137.0.7151.103 Mobile Safari/537.36 (compatible; Googlebot/2.1; +http://www.google.com/bot.html)"
66.249.70.32 - - [10/Jul/2025:14:56:37 -0400] "POST /get-message-notify HTTP/1.1" 404 1251 "https://www.getschooljobs.com/?v=104402639031330&mod=8c8a9c8f&uri=blog.php%3Fid%3D3495556-738%26name%3Dusar+pantalones+nueva+moda+de+jeans+rotos" "Mozilla/5.0 (Linux; Android 6.0.1; Nexus 5X Build/MMB29P) AppleWebKit/537.36 (KHTML, like Gecko) Chrome/137.0.7151.119 Mobile Safari/537.36 (compatible; Googlebot/2.1; +http://www.google.com/bot.html)"
66.249.70.32 - - [10/Jul/2025:14:56:42 -0400] "GET /?v=115518367011330&mod=f9dff983&uri=product.php%3Fid%3D3867641-463%26name%3Dcaldo+cotone+pigiami+bambina+santoro HTTP/1.1" 200 21384 "-" "Mozilla/5.0 (Linux; Android 6.0.1; Nexus 5X Build/MMB29P) AppleWebKit/537.36 (KHTML, like Gecko) Chrome/137.0.7151.103 Mobile Safari/537.36 (compatible; Googlebot/2.1; +http://www.google.com/bot.html)"
66.249.70.32 - - [10/Jul/2025:14:56:46 -0400] "GET /?v=115717735021330&mod=a5d42e40&uri=search.php%3Fid%3D3874311-59%26name%3Dwireless+earbuds+galaxy+buds%2B+reddit HTTP/1.1" 200 21508 "-" "Mozilla/5.0 (Linux; Android 6.0.1; Nexus 5X Build/MMB29P) AppleWebKit/537.36 (KHTML, like Gecko) Chrome/137.0.7151.103 Mobile Safari/537.36 (compatible; Googlebot/2.1; +http://www.google.com/bot.html)"
66.249.70.32 - - [10/Jul/2025:14:56:50 -0400] "GET /?v=115647872051330&mod=6e7f6c38&uri=goods.php%3Fid%3D3871974-136%26name%3Dmountain+bike+beginning+bike+riding+for+exercise HTTP/1.1" 200 22362 "-" "Mozilla/5.0 (Linux; Android 6.0.1; Nexus 5X Build/MMB29P) AppleWebKit/537.36 (KHTML, like Gecko) Chrome/137.0.7151.103 Mobile Safari/537.36 (compatible; Googlebot/2.1; +http://www.google.com/bot.html)"
66.249.70.32 - - [10/Jul/2025:14:56:57 -0400] "POST /get-message-notify HTTP/1.1" 404 1251 "https://www.getschooljobs.com/?v=115717735021330&mod=a5d42e40&uri=search.php%3Fid%3D3874311-59%26name%3Dwireless+earbuds+galaxy+buds%2B+reddit" "Mozilla/5.0 (Linux; Android 6.0.1; Nexus 5X Build/MMB29P) AppleWebKit/537.36 (KHTML, like Gecko) Chrome/137.0.7151.119 Mobile Safari/537.36 (compatible; Googlebot/2.1; +http://www.google.com/bot.html)"
66.249.70.32 - - [10/Jul/2025:14:56:59 -0400] "GET /?v=38656063041330&mod=5eb2a86c&uri=dp.php%3Fid%3D1294379-91%26name%3Dmilwaukee+hammer+milwaukee+sds+max+dust+extraction+attachment HTTP/1.1" 200 22254 "-" "Mozilla/5.0 (Linux; Android 6.0.1; Nexus 5X Build/MMB29P) AppleWebKit/537.36 (KHTML, like Gecko) Chrome/137.0.7151.103 Mobile Safari/537.36 (compatible; Googlebot/2.1; +http://www.google.com/bot.html)"
45.196.45.137 - - [10/Jul/2025:14:56:59 -0400] "GET /?v=13380258021330&mod=3e450e4a%27&uri=product.php?id=447971-501&name=pyrenex+spoutnic+pyrenex+jumper+mens HTTP/1.1" 200 19037 "-" "Mozilla/5.0 (Windows NT 10.0; Win64; x64) AppleWebKit/537.36 (KHTML, like Gecko) Chrome/126.0.0.0 Safari/537.36"
45.196.45.137 - - [10/Jul/2025:14:56:59 -0400] "GET /?v=13380258021330&mod=3e450e4a&uri=product.php?id=447971-501&name=pyrenex+spoutnic+pyrenex+jumper+mens%27 HTTP/1.1" 200 19037 "-" "Mozilla/5.0 (Windows NT 10.0; Win64; x64) AppleWebKit/537.36 (KHTML, like Gecko) Chrome/126.0.0.0 Safari/537.36"
45.196.45.137 - - [10/Jul/2025:14:56:59 -0400] "GET /?v=13380258021330&mod=3e450e4a&uri=product.php?id=447971-501%27&name=pyrenex+spoutnic+pyrenex+jumper+mens HTTP/1.1" 200 19037 "-" "Mozilla/5.0 (Windows NT 10.0; Win64; x64) AppleWebKit/537.36 (KHTML, like Gecko) Chrome/126.0.0.0 Safari/537.36"
45.196.45.137 - - [10/Jul/2025:14:56:59 -0400] "GET /?v=13380258021330%27&mod=3e450e4a&uri=product.php?id=447971-501&name=pyrenex+spoutnic+pyrenex+jumper+mens HTTP/1.1" 200 19037 "-" "Mozilla/5.0 (Windows NT 10.0; Win64; x64) AppleWebKit/537.36 (KHTML, like Gecko) Chrome/126.0.0.0 Safari/537.36"
70.113.177.206 - - [10/Jul/2025:14:57:02 -0400] "GET /robots.txt HTTP/1.1" 404 1251 "-" "Mozilla/5.0 (iPhone; CPU iPhone OS 11_0 like Mac OS X) AppleWebKit/537.36 (KHTML, like Gecko) Chrome/57.0.4037.1953 Mobile Safari/537.36"
66.249.70.32 - - [10/Jul/2025:14:57:05 -0400] "GET /?v=115708873031330&mod=aa538133&uri=product.php%3Fid%3D3874014-1391%26name%3Dlyte+iii+asics+gel+lyte+v+ginger HTTP/1.1" 200 20401 "-" "Mozilla/5.0 (Linux; Android 6.0.1; Nexus 5X Build/MMB29P) AppleWebKit/537.36 (KHTML, like Gecko) Chrome/137.0.7151.103 Mobile Safari/537.36 (compatible; Googlebot/2.1; +http://www.google.com/bot.html)"
66.249.70.32 - - [10/Jul/2025:14:57:09 -0400] "GET /?v=92529342021330&mod=c0c783b5&uri=itm.php%3Fid%3D3097929-40%26name%3Dindian+designer+salwar+suits+for+wedding+party HTTP/1.1" 200 21334 "-" "Mozilla/5.0 (Linux; Android 6.0.1; Nexus 5X Build/MMB29P) AppleWebKit/537.36 (KHTML, like Gecko) Chrome/137.0.7151.103 Mobile Safari/537.36 (compatible; Googlebot/2.1; +http://www.google.com/bot.html)"
104.253.48.98 - - [10/Jul/2025:14:57:12 -0400] "GET /?v=13643105041330&mod=ef517f3e&uri=search.php%3Fid%3D456765-367%26name%3Dtie+your+fancy+shoe+lacing HTTP/1.1" 200 4655 "-" "Mozilla/5.0 (Windows NT 10.0; Win64; x64) AppleWebKit/537.36 (KHTML, like Gecko) Chrome/131.0.0.0 Safari/537.36"
66.249.70.32 - - [10/Jul/2025:14:57:14 -0400] "GET /?v=44013719131330&mod=a290c7b9&uri=us.php%3Fid%3D1473644-360%26name%3Dstacking+ring+alex+and+ani+adjustable+rings HTTP/1.1" 200 20514 "-" "Mozilla/5.0 (Linux; Android 6.0.1; Nexus 5X Build/MMB29P) AppleWebKit/537.36 (KHTML, like Gecko) Chrome/137.0.7151.103 Mobile Safari/537.36 (compatible; Googlebot/2.1; +http://www.google.com/bot.html)"
66.249.70.32 - - [10/Jul/2025:14:57:16 -0400] "POST /get-message-notify HTTP/1.1" 404 1251 "https://www.getschooljobs.com/?v=92529342021330&mod=c0c783b5&uri=itm.php%3Fid%3D3097929-40%26name%3Dindian+designer+salwar+suits+for+wedding+party" "Mozilla/5.0 (Linux; Android 6.0.1; Nexus 5X Build/MMB29P) AppleWebKit/537.36 (KHTML, like Gecko) Chrome/137.0.7151.119 Mobile Safari/537.36 (compatible; Googlebot/2.1; +http://www.google.com/bot.html)"
143.110.199.85 - - [10/Jul/2025:14:57:17 -0400] "GET / HTTP/1.1" 200 5437 "-" "python-requests/2.32.4"
66.249.70.32 - - [10/Jul/2025:14:57:18 -0400] "GET /?v=118524029001330&mod=0f409d74&uri=dp.php%3Fid%3D3968313-1109%26name%3Dfashion+jimmy+choo+bridal+dress HTTP/1.1" 200 20929 "-" "Mozilla/5.0 (Linux; Android 6.0.1; Nexus 5X Build/MMB29P) AppleWebKit/537.36 (KHTML, like Gecko) Chrome/137.0.7151.103 Mobile Safari/537.36 (compatible; Googlebot/2.1; +http://www.google.com/bot.html)"
66.249.70.32 - - [10/Jul/2025:14:57:19 -0400] "GET /?v=92457336031330&mod=25766f01&uri=shared.php%3Fid%3D3095524-29%26name%3Dboy+cycle+rate+5000 HTTP/1.1" 200 21635 "-" "Mozilla/5.0 (Linux; Android 6.0.1; Nexus 5X Build/MMB29P) AppleWebKit/537.36 (KHTML, like Gecko) Chrome/137.0.7151.103 Mobile Safari/537.36 (compatible; Googlebot/2.1; +http://www.google.com/bot.html)"
66.249.70.32 - - [10/Jul/2025:14:57:22 -0400] "POST /get-message-notify HTTP/1.1" 404 1251 "https://www.getschooljobs.com/?v=92457336031330&mod=25766f01&uri=shared.php%3Fid%3D3095524-29%26name%3Dboy+cycle+rate+5000" "Mozilla/5.0 (Linux; Android 6.0.1; Nexus 5X Build/MMB29P) AppleWebKit/537.36 (KHTML, like Gecko) Chrome/137.0.7151.119 Mobile Safari/537.36 (compatible; Googlebot/2.1; +http://www.google.com/bot.html)"
66.249.70.32 - - [10/Jul/2025:14:57:27 -0400] "GET /?v=92445336071330&mod=25766f01&uri=info.php%3Fid%3D3095124-29%26name%3Dhercules+bicycle+cycle+price+new+model HTTP/1.1" 200 21810 "-" "Mozilla/5.0 (Linux; Android 6.0.1; Nexus 5X Build/MMB29P) AppleWebKit/537.36 (KHTML, like Gecko) Chrome/137.0.7151.103 Mobile Safari/537.36 (compatible; Googlebot/2.1; +http://www.google.com/bot.html)"
66.249.70.32 - - [10/Jul/2025:14:57:30 -0400] "POST /get-message-notify HTTP/1.1" 404 1251 "https://www.getschooljobs.com/?v=44013719131330&mod=a290c7b9&uri=us.php%3Fid%3D1473644-360%26name%3Dstacking+ring+alex+and+ani+adjustable+rings" "Mozilla/5.0 (Linux; Android 6.0.1; Nexus 5X Build/MMB29P) AppleWebKit/537.36 (KHTML, like Gecko) Chrome/137.0.7151.119 Mobile Safari/537.36 (compatible; Googlebot/2.1; +http://www.google.com/bot.html)"
66.249.70.32 - - [10/Jul/2025:14:57:32 -0400] "GET /?v=115709713011330&mod=a5d42e40&uri=news.php%3Fid%3D3874042-59%26name%3Dear+buds+galaxy+buds+pro+accessories HTTP/1.1" 200 22423 "-" "Mozilla/5.0 (Linux; Android 6.0.1; Nexus 5X Build/MMB29P) AppleWebKit/537.36 (KHTML, like Gecko) Chrome/137.0.7151.103 Mobile Safari/537.36 (compatible; Googlebot/2.1; +http://www.google.com/bot.html)"
5.161.115.244 - - [10/Jul/2025:14:57:36 -0400] "GET /?v=87202358041330&mod=68668468&uri=goods.php?id%3D2919618-755&name=belmondo+damen+belmondo+stiefelette HTTP/1.1" 200 4655 "-" "Mozilla/5.0 (Windows NT 10.0; Win64; x64) AppleWebKit/537.36 (KHTML, like Gecko) Chrome/84.0.4147.105 Safari/537.36"
66.249.70.32 - - [10/Jul/2025:14:57:36 -0400] "GET /?v=44147182071330&mod=34113f84&uri=blog.php%3Fid%3D1478111-135%26name%3Dbianchi+oltre+serial+number HTTP/1.1" 200 21201 "-" "Mozilla/5.0 (Linux; Android 6.0.1; Nexus 5X Build/MMB29P) AppleWebKit/537.36 (KHTML, like Gecko) Chrome/137.0.7151.103 Mobile Safari/537.36 (compatible; Googlebot/2.1; +http://www.google.com/bot.html)"
66.249.70.32 - - [10/Jul/2025:14:57:38 -0400] "POST /get-message-notify HTTP/1.1" 404 1251 "https://www.getschooljobs.com/?v=44147182071330&mod=34113f84&uri=blog.php%3Fid%3D1478111-135%26name%3Dbianchi+oltre+serial+number" "Mozilla/5.0 (Linux; Android 6.0.1; Nexus 5X Build/MMB29P) AppleWebKit/537.36 (KHTML, like Gecko) Chrome/137.0.7151.119 Mobile Safari/537.36 (compatible; Googlebot/2.1; +http://www.google.com/bot.html)"
66.249.70.32 - - [10/Jul/2025:14:57:40 -0400] "GET /?v=35132351051330&mod=5eb2a86c&uri=goods.php%3Fid%3D1176454-91%26name%3Dcasing+best+heavy+duty+drills HTTP/1.1" 200 22349 "-" "Mozilla/5.0 (Linux; Android 6.0.1; Nexus 5X Build/MMB29P) AppleWebKit/537.36 (KHTML, like Gecko) Chrome/137.0.7151.103 Mobile Safari/537.36 (compatible; Googlebot/2.1; +http://www.google.com/bot.html)"
198.145.49.191 - - [10/Jul/2025:14:57:46 -0400] "GET /?v=50792887031330&mod=18de4beb&uri=article.php?id=1700546-79&name=humming+noise+vaillant+boiler+making+clicking+noise%27 HTTP/1.1" 200 19037 "-" "Mozilla/5.0 (Windows NT 10.0; Win64; x64) AppleWebKit/537.36 (KHTML, like Gecko) Chrome/126.0.0.0 Safari/537.36"
198.145.49.191 - - [10/Jul/2025:14:57:46 -0400] "GET /?v=50792887031330&mod=18de4beb%27&uri=article.php?id=1700546-79&name=humming+noise+vaillant+boiler+making+clicking+noise HTTP/1.1" 200 19037 "-" "Mozilla/5.0 (Windows NT 10.0; Win64; x64) AppleWebKit/537.36 (KHTML, like Gecko) Chrome/126.0.0.0 Safari/537.36"
198.145.49.191 - - [10/Jul/2025:14:57:46 -0400] "GET /?v=50792887031330%27&mod=18de4beb&uri=article.php?id=1700546-79&name=humming+noise+vaillant+boiler+making+clicking+noise HTTP/1.1" 200 19037 "-" "Mozilla/5.0 (Windows NT 10.0; Win64; x64) AppleWebKit/537.36 (KHTML, like Gecko) Chrome/126.0.0.0 Safari/537.36"
198.145.49.191 - - [10/Jul/2025:14:57:46 -0400] "GET /?v=50792887031330&mod=18de4beb&uri=article.php?id=1700546-79%27&name=humming+noise+vaillant+boiler+making+clicking+noise HTTP/1.1" 200 19037 "-" "Mozilla/5.0 (Windows NT 10.0; Win64; x64) AppleWebKit/537.36 (KHTML, like Gecko) Chrome/126.0.0.0 Safari/537.36"
108.165.113.250 - - [10/Jul/2025:14:57:47 -0400] "GET /?v=91835009011330&mod=e7896283%27&uri=article.php?id=3074692-193&name=catahoula+french+bulldog HTTP/1.1" 200 19037 "-" "Mozilla/5.0 (Windows NT 10.0; Win64; x64) AppleWebKit/537.36 (KHTML, like Gecko) Chrome/126.0.0.0 Safari/537.36"
108.165.113.79 - - [10/Jul/2025:14:57:47 -0400] "GET /?v=83978496041330%27&mod=2a6f693d&uri=article.php?id=2811733-430&name=collie+rescue+border+collie+farm+near+me HTTP/1.1" 200 19037 "-" "Mozilla/5.0 (Windows NT 10.0; Win64; x64) AppleWebKit/537.36 (KHTML, like Gecko) Chrome/126.0.0.0 Safari/537.36"
108.165.113.79 - - [10/Jul/2025:14:57:47 -0400] "GET /?v=83978496041330&mod=2a6f693d%27&uri=article.php?id=2811733-430&name=collie+rescue+border+collie+farm+near+me HTTP/1.1" 200 19037 "-" "Mozilla/5.0 (Windows NT 10.0; Win64; x64) AppleWebKit/537.36 (KHTML, like Gecko) Chrome/126.0.0.0 Safari/537.36"
108.165.113.79 - - [10/Jul/2025:14:57:47 -0400] "GET /?v=83978496041330&mod=2a6f693d&uri=article.php?id=2811733-430%27&name=collie+rescue+border+collie+farm+near+me HTTP/1.1" 200 19037 "-" "Mozilla/5.0 (Windows NT 10.0; Win64; x64) AppleWebKit/537.36 (KHTML, like Gecko) Chrome/126.0.0.0 Safari/537.36"
108.165.113.79 - - [10/Jul/2025:14:57:47 -0400] "GET /?v=83978496041330&mod=2a6f693d&uri=article.php?id=2811733-430&name=collie+rescue+border+collie+farm+near+me%27 HTTP/1.1" 200 19037 "-" "Mozilla/5.0 (Windows NT 10.0; Win64; x64) AppleWebKit/537.36 (KHTML, like Gecko) Chrome/126.0.0.0 Safari/537.36"
108.165.113.250 - - [10/Jul/2025:14:57:47 -0400] "GET /?v=91835009011330&mod=e7896283&uri=article.php?id=3074692-193%27&name=catahoula+french+bulldog HTTP/1.1" 200 19037 "-" "Mozilla/5.0 (Windows NT 10.0; Win64; x64) AppleWebKit/537.36 (KHTML, like Gecko) Chrome/126.0.0.0 Safari/537.36"
108.165.113.250 - - [10/Jul/2025:14:57:47 -0400] "GET /?v=91835009011330%27&mod=e7896283&uri=article.php?id=3074692-193&name=catahoula+french+bulldog HTTP/1.1" 200 19037 "-" "Mozilla/5.0 (Windows NT 10.0; Win64; x64) AppleWebKit/537.36 (KHTML, like Gecko) Chrome/126.0.0.0 Safari/537.36"
108.165.113.250 - - [10/Jul/2025:14:57:47 -0400] "GET /?v=91835009011330&mod=e7896283&uri=article.php?id=3074692-193&name=catahoula+french+bulldog%27 HTTP/1.1" 200 19037 "-" "Mozilla/5.0 (Windows NT 10.0; Win64; x64) AppleWebKit/537.36 (KHTML, like Gecko) Chrome/126.0.0.0 Safari/537.36"
45.39.54.239 - - [10/Jul/2025:14:57:51 -0400] "GET /?v=13519670021330&mod=3412f597&uri=product.php?id=452629-838%27&name=taille+chaussure+guide+taille+fila+v%C3%83%C2%AAtement HTTP/1.1" 200 19037 "-" "Mozilla/5.0 (Windows NT 10.0; Win64; x64) AppleWebKit/537.36 (KHTML, like Gecko) Chrome/126.0.0.0 Safari/537.36"
45.39.54.239 - - [10/Jul/2025:14:57:51 -0400] "GET /?v=13519670021330&mod=3412f597%27&uri=product.php?id=452629-838&name=taille+chaussure+guide+taille+fila+v%C3%83%C2%AAtement HTTP/1.1" 200 19037 "-" "Mozilla/5.0 (Windows NT 10.0; Win64; x64) AppleWebKit/537.36 (KHTML, like Gecko) Chrome/126.0.0.0 Safari/537.36"
45.39.54.239 - - [10/Jul/2025:14:57:51 -0400] "GET /?v=13519670021330&mod=3412f597&uri=product.php?id=452629-838&name=taille+chaussure+guide+taille+fila+v%C3%83%C2%AAtement%27 HTTP/1.1" 200 19037 "-" "Mozilla/5.0 (Windows NT 10.0; Win64; x64) AppleWebKit/537.36 (KHTML, like Gecko) Chrome/126.0.0.0 Safari/537.36"
45.39.54.239 - - [10/Jul/2025:14:57:51 -0400] "GET /?v=13519670021330%27&mod=3412f597&uri=product.php?id=452629-838&name=taille+chaussure+guide+taille+fila+v%C3%83%C2%AAtement HTTP/1.1" 200 19037 "-" "Mozilla/5.0 (Windows NT 10.0; Win64; x64) AppleWebKit/537.36 (KHTML, like Gecko) Chrome/126.0.0.0 Safari/537.36"
20.25.151.234 - - [10/Jul/2025:14:58:01 -0400] "GET /?mod=ea9f6bbe&uri=itm.php%3Fid%3D3970507-110%26name%3Dactivity+trackers+apple+watch+trade+in+john+lewis&v=118589520001330 HTTP/1.1" 200 4655 "-" "Mozilla/5.0 (Macintosh; Intel Mac OS X 10_15_7) AppleWebKit/537.36 (KHTML, like Gecko) Chrome/131.0.0.0 Safari/537.36; compatible; OAI-SearchBot/1.0; +https://openai.com/searchbot"
66.249.70.32 - - [10/Jul/2025:14:59:07 -0400] "GET /?v=85126764021330&mod=07c65274&uri=us.php%3Fid%3D2850162-543%26name%3Dsola+mama+and+papas+buggy HTTP/1.1" 200 21501 "-" "Mozilla/5.0 (Linux; Android 6.0.1; Nexus 5X Build/MMB29P) AppleWebKit/537.36 (KHTML, like Gecko) Chrome/137.0.7151.103 Mobile Safari/537.36 (compatible; Googlebot/2.1; +http://www.google.com/bot.html)"
191.54.58.62 - - [10/Jul/2025:14:59:13 -0400] "GET /?v=62388537021330&mod=4297ef5f&uri=dp.php%3Fid%3D2088893-306%26name%3Dolympikus+masculino+preto+t%C3%83%C2%AAnis+olympikus+proof+preto HTTP/1.1" 200 133 "https://www.google.com/" "Mozilla/5.0 (Windows NT 10.0; Win64; x64) AppleWebKit/537.36 (KHTML, like Gecko) Chrome/131.0.0.0 Safari/537.36"
66.249.70.32 - - [10/Jul/2025:14:59:13 -0400] "GET /?v=44037209051330&mod=cb41f167&uri=shop.php%3Fid%3D1474432-56%26name%3Dwicker+bar+woven+counter+chair HTTP/1.1" 200 21857 "-" "Mozilla/5.0 (Linux; Android 6.0.1; Nexus 5X Build/MMB29P) AppleWebKit/537.36 (KHTML, like Gecko) Chrome/137.0.7151.103 Mobile Safari/537.36 (compatible; Googlebot/2.1; +http://www.google.com/bot.html)"
66.249.70.32 - - [10/Jul/2025:14:59:16 -0400] "POST /get-message-notify HTTP/1.1" 404 1251 "https://www.getschooljobs.com/?v=44037209051330&mod=cb41f167&uri=shop.php%3Fid%3D1474432-56%26name%3Dwicker+bar+woven+counter+chair" "Mozilla/5.0 (Linux; Android 6.0.1; Nexus 5X Build/MMB29P) AppleWebKit/537.36 (KHTML, like Gecko) Chrome/137.0.7151.119 Mobile Safari/537.36 (compatible; Googlebot/2.1; +http://www.google.com/bot.html)"
66.249.70.32 - - [10/Jul/2025:14:59:16 -0400] "GET /?v=92442906011330&mod=25766f01&uri=products.php%3Fid%3D3095043-29%26name%3Dgirls+youth+mx+gear HTTP/1.1" 200 21788 "-" "Mozilla/5.0 (Linux; Android 6.0.1; Nexus 5X Build/MMB29P) AppleWebKit/537.36 (KHTML, like Gecko) Chrome/137.0.7151.103 Mobile Safari/537.36 (compatible; Googlebot/2.1; +http://www.google.com/bot.html)"
188.64.206.162 - - [10/Jul/2025:14:59:17 -0400] "GET /?v=13548514021330&mod=75d121c8&uri=article.php%3Fid%3D453597-810%26name%3Dfuller+house+dvd HTTP/1.1" 200 131 "https://www.google.com/" "Mozilla/5.0 (Linux; Android 10; K) AppleWebKit/537.36 (KHTML, like Gecko) Chrome/138.0.0.0 Mobile Safari/537.36"
66.249.70.32 - - [10/Jul/2025:14:59:21 -0400] "GET /?v=115627221051330&mod=0e3537cf&uri=news.php%3Fid%3D3871284-225%26name%3Dyugioh+season+yu+gi+oh+duel+monsters+crunchyroll HTTP/1.1" 200 22456 "-" "Mozilla/5.0 (Linux; Android 6.0.1; Nexus 5X Build/MMB29P) AppleWebKit/537.36 (KHTML, like Gecko) Chrome/137.0.7151.103 Mobile Safari/537.36 (compatible; Googlebot/2.1; +http://www.google.com/bot.html)"
66.249.70.32 - - [10/Jul/2025:14:59:26 -0400] "GET /?v=115734989081330&mod=ade574db&uri=brands.php%3Fid%3D3874887-1691%26name%3Dmanteau+femme+doudoune+marque+femme HTTP/1.1" 200 20622 "-" "Mozilla/5.0 (Linux; Android 6.0.1; Nexus 5X Build/MMB29P) AppleWebKit/537.36 (KHTML, like Gecko) Chrome/137.0.7151.103 Mobile Safari/537.36 (compatible; Googlebot/2.1; +http://www.google.com/bot.html)"
172.213.11.146 - - [10/Jul/2025:14:59:27 -0400] "GET /?mod=d4e452f4&uri=product.php?id%3D3267076-137%26name%3Dbody+lotion+dahlia+scent+bath+and+body+works&v=97579659071330 HTTP/1.1" 200 4655 "-" "Mozilla/5.0 AppleWebKit/537.36 (KHTML, like Gecko); compatible; ChatGPT-User/1.0; +https://openai.com/bot"
66.249.70.32 - - [10/Jul/2025:14:59:31 -0400] "GET /?v=44146882121330&mod=34113f84&uri=shared.php%3Fid%3D1478101-135%26name%3Dmuseo+della+bicicletta HTTP/1.1" 200 22238 "-" "Mozilla/5.0 (Linux; Android 6.0.1; Nexus 5X Build/MMB29P) AppleWebKit/537.36 (KHTML, like Gecko) Chrome/137.0.7151.103 Mobile Safari/537.36 (compatible; Googlebot/2.1; +http://www.google.com/bot.html)"
66.249.70.32 - - [10/Jul/2025:14:59:36 -0400] "GET /?v=115718196031330&mod=5e84ebf9&uri=search.php%3Fid%3D3874327-1011%26name%3Dsurv%C3%AAtement+sweat+puma+femme+2017 HTTP/1.1" 200 21107 "-" "Mozilla/5.0 (Linux; Android 6.0.1; Nexus 5X Build/MMB29P) AppleWebKit/537.36 (KHTML, like Gecko) Chrome/137.0.7151.103 Mobile Safari/537.36 (compatible; Googlebot/2.1; +http://www.google.com/bot.html)"
66.249.70.32 - - [10/Jul/2025:14:59:41 -0400] "GET /?v=115634099051330&mod=0e3537cf&uri=products.php%3Fid%3D3871514-225%26name%3Dsmart+watch+watch+all+series+free HTTP/1.1" 200 21868 "-" "Mozilla/5.0 (Linux; Android 6.0.1; Nexus 5X Build/MMB29P) AppleWebKit/537.36 (KHTML, like Gecko) Chrome/137.0.7151.103 Mobile Safari/537.36 (compatible; Googlebot/2.1; +http://www.google.com/bot.html)"
66.249.70.32 - - [10/Jul/2025:14:59:46 -0400] "GET /?v=39205387001330&mod=5eb2a86c&uri=blog.php%3Fid%3D1312759-91%26name%3Ddiagram+lawn+tractor+parts+store HTTP/1.1" 200 22097 "-" "Mozilla/5.0 (Linux; Android 6.0.1; Nexus 5X Build/MMB29P) AppleWebKit/537.36 (KHTML, like Gecko) Chrome/137.0.7151.103 Mobile Safari/537.36 (compatible; Googlebot/2.1; +http://www.google.com/bot.html)"
66.249.70.32 - - [10/Jul/2025:14:59:51 -0400] "GET /?v=35142664141330&mod=5eb2a86c&uri=itm.php%3Fid%3D1176798-91%26name%3Drotary+hammer+drill+dongcheng+drill+review HTTP/1.1" 200 21333 "-" "Mozilla/5.0 (Linux; Android 6.0.1; Nexus 5X Build/MMB29P) AppleWebKit/537.36 (KHTML, like Gecko) Chrome/137.0.7151.103 Mobile Safari/537.36 (compatible; Googlebot/2.1; +http://www.google.com/bot.html)"
66.249.70.32 - - [10/Jul/2025:14:59:56 -0400] "GET /?v=115729470041330&mod=cb94db9e&uri=category-info.php%3Fid%3D3874703-665%26name%3Dski+shop+snow+apparel+near+me HTTP/1.1" 200 21738 "-" "Mozilla/5.0 (Linux; Android 6.0.1; Nexus 5X Build/MMB29P) AppleWebKit/537.36 (KHTML, like Gecko) Chrome/137.0.7151.103 Mobile Safari/537.36 (compatible; Googlebot/2.1; +http://www.google.com/bot.html)"
66.249.70.32 - - [10/Jul/2025:15:00:01 -0400] "POST /get-message-notify HTTP/1.1" 404 1251 "https://www.getschooljobs.com/?v=115729470041330&mod=cb94db9e&uri=category-info.php%3Fid%3D3874703-665%26name%3Dski+shop+snow+apparel+near+me" "Mozilla/5.0 (Linux; Android 6.0.1; Nexus 5X Build/MMB29P) AppleWebKit/537.36 (KHTML, like Gecko) Chrome/137.0.7151.119 Mobile Safari/537.36 (compatible; Googlebot/2.1; +http://www.google.com/bot.html)"
66.249.70.33 - - [10/Jul/2025:15:00:01 -0400] "GET /?v=115707613061330&mod=901797ae&uri=form.php%3Fid%3D3873972-47%26name%3Dchain+designs+platinum+chain+price+in+malabar+gold HTTP/1.1" 200 21838 "-" "Mozilla/5.0 (Linux; Android 6.0.1; Nexus 5X Build/MMB29P) AppleWebKit/537.36 (KHTML, like Gecko) Chrome/137.0.7151.103 Mobile Safari/537.36 (compatible; Googlebot/2.1; +http://www.google.com/bot.html)"
66.249.70.33 - - [10/Jul/2025:15:00:04 -0400] "POST /get-message-notify HTTP/1.1" 404 1251 "https://www.getschooljobs.com/?v=115707613061330&mod=901797ae&uri=form.php%3Fid%3D3873972-47%26name%3Dchain+designs+platinum+chain+price+in+malabar+gold" "Mozilla/5.0 (Linux; Android 6.0.1; Nexus 5X Build/MMB29P) AppleWebKit/537.36 (KHTML, like Gecko) Chrome/137.0.7151.119 Mobile Safari/537.36 (compatible; Googlebot/2.1; +http://www.google.com/bot.html)"
66.249.70.33 - - [10/Jul/2025:15:00:06 -0400] "GET /?v=115592787041330&mod=5eb2a86c&uri=blog.php%3Fid%3D3870133-91%26name%3Ddual+fuel+smeg+gas+stove+electric+oven HTTP/1.1" 200 21699 "-" "Mozilla/5.0 (Linux; Android 6.0.1; Nexus 5X Build/MMB29P) AppleWebKit/537.36 (KHTML, like Gecko) Chrome/137.0.7151.103 Mobile Safari/537.36 (compatible; Googlebot/2.1; +http://www.google.com/bot.html)"
66.249.70.33 - - [10/Jul/2025:15:00:09 -0400] "POST /get-message-notify HTTP/1.1" 404 1251 "https://www.getschooljobs.com/?v=115592787041330&mod=5eb2a86c&uri=blog.php%3Fid%3D3870133-91%26name%3Ddual+fuel+smeg+gas+stove+electric+oven" "Mozilla/5.0 (Linux; Android 6.0.1; Nexus 5X Build/MMB29P) AppleWebKit/537.36 (KHTML, like Gecko) Chrome/137.0.7151.119 Mobile Safari/537.36 (compatible; Googlebot/2.1; +http://www.google.com/bot.html)"
66.249.70.32 - - [10/Jul/2025:15:00:11 -0400] "GET /?v=44029195071330&mod=6e7f6c38&uri=shared.php%3Fid%3D1474162-136%26name%3Dschwinn+roadster+tricycle+schwinn+trike+bike HTTP/1.1" 200 21648 "-" "Mozilla/5.0 (Linux; Android 6.0.1; Nexus 5X Build/MMB29P) AppleWebKit/537.36 (KHTML, like Gecko) Chrome/137.0.7151.103 Mobile Safari/537.36 (compatible; Googlebot/2.1; +http://www.google.com/bot.html)"
66.249.70.32 - - [10/Jul/2025:15:00:15 -0400] "GET /?v=92500484001330&mod=c0c783b5&uri=info.php%3Fid%3D3096967-40%26name%3Dgarden+formal+proper+attire+to+wear+to+a+wedding HTTP/1.1" 200 21833 "-" "Mozilla/5.0 (Linux; Android 6.0.1; Nexus 5X Build/MMB29P) AppleWebKit/537.36 (KHTML, like Gecko) Chrome/137.0.7151.103 Mobile Safari/537.36 (compatible; Googlebot/2.1; +http://www.google.com/bot.html)"
66.249.70.32 - - [10/Jul/2025:15:00:18 -0400] "POST /get-message-notify HTTP/1.1" 404 1251 "https://www.getschooljobs.com/?v=92500484001330&mod=c0c783b5&uri=info.php%3Fid%3D3096967-40%26name%3Dgarden+formal+proper+attire+to+wear+to+a+wedding" "Mozilla/5.0 (Linux; Android 6.0.1; Nexus 5X Build/MMB29P) AppleWebKit/537.36 (KHTML, like Gecko) Chrome/137.0.7151.119 Mobile Safari/537.36 (compatible; Googlebot/2.1; +http://www.google.com/bot.html)"
66.249.70.32 - - [10/Jul/2025:15:00:20 -0400] "GET /?v=115728750041330&mod=cb94db9e&uri=info.php%3Fid%3D3874679-665%26name%3Dwomens+coats+escada+virgin+wool+check+coat HTTP/1.1" 200 22305 "-" "Mozilla/5.0 (Linux; Android 6.0.1; Nexus 5X Build/MMB29P) AppleWebKit/537.36 (KHTML, like Gecko) Chrome/137.0.7151.103 Mobile Safari/537.36 (compatible; Googlebot/2.1; +http://www.google.com/bot.html)"
66.249.70.32 - - [10/Jul/2025:15:00:26 -0400] "GET /?v=92428543011330&mod=01227e94&uri=blog.php%3Fid%3D3094562-941%26name%3Dreebok+shoes+reebok+daytona+rouge HTTP/1.1" 200 21501 "-" "Mozilla/5.0 (Linux; Android 6.0.1; Nexus 5X Build/MMB29P) AppleWebKit/537.36 (KHTML, like Gecko) Chrome/137.0.7151.103 Mobile Safari/537.36 (compatible; Googlebot/2.1; +http://www.google.com/bot.html)"
66.249.70.32 - - [10/Jul/2025:15:00:32 -0400] "GET /?v=115708453041330&mod=5e84ebf9&uri=shop.php%3Fid%3D3874000-1011%26name%3Dgalerie+chic+bonnet+puma+enfant HTTP/1.1" 200 21322 "-" "Mozilla/5.0 (Linux; Android 6.0.1; Nexus 5X Build/MMB29P) AppleWebKit/537.36 (KHTML, like Gecko) Chrome/137.0.7151.103 Mobile Safari/537.36 (compatible; Googlebot/2.1; +http://www.google.com/bot.html)"
