150.129.164.87 - - [10/Jul/2025:10:43:32 -0400] "GET /?v=70043275041330&mod=be8122a3&uri=shared.php%3Fid%3D2345211-888%26name%3Dcommand+line+ubuntu+download+drivers HTTP/1.1" 200 133 "https://www.google.com/" "Mozilla/5.0 (X11; Linux x86_64) AppleWebKit/537.36 (KHTML, like Gecko) Chrome/138.0.0.0 Safari/537.36"
66.249.70.34 - - [10/Jul/2025:10:43:35 -0400] "POST /get-message-notify HTTP/1.1" 404 1251 "https://www.getschooljobs.com/?v=68403059051330&mod=17106160&uri=news.php%3Fid%3D2290318-369%26name%3Dstsm565+stanley+flyer+hoodie" "Mozilla/5.0 (Linux; Android 6.0.1; Nexus 5X Build/MMB29P) AppleWebKit/537.36 (KHTML, like Gecko) Chrome/137.0.7151.119 Mobile Safari/537.36 (compatible; Googlebot/2.1; +http://www.google.com/bot.html)"
20.171.53.228 - - [10/Jul/2025:10:43:40 -0400] "GET /?mod=21fe5b8b&uri=products.php%3Fid%3D3331934-16%26name%3Dzip+hoodie+urban+classic+pullover&v=99516308051330 HTTP/1.1" 200 4655 "-" "Mozilla/5.0 (Macintosh; Intel Mac OS X 10_15_7) AppleWebKit/537.36 (KHTML, like Gecko) Chrome/131.0.0.0 Safari/537.36; compatible; OAI-SearchBot/1.0; +https://openai.com/searchbot"
66.249.70.33 - - [10/Jul/2025:10:43:46 -0400] "GET /?v=119019490021330&mod=b069b341&uri=products.php%3Fid%3D3984941-14%26name%3Dmonedero+coach+precio+cartera+coach+original HTTP/1.1" 200 20952 "-" "Mozilla/5.0 (Linux; Android 6.0.1; Nexus 5X Build/MMB29P) AppleWebKit/537.36 (KHTML, like Gecko) Chrome/137.0.7151.103 Mobile Safari/537.36 (compatible; Googlebot/2.1; +http://www.google.com/bot.html)"
66.249.70.33 - - [10/Jul/2025:10:43:46 -0400] "GET /?v=1442772021330&mod=86a45a44&uri=form.php%3Fid%3D48313-433%26name%3Dgoodyear+eagle+tan+tubeless+tyres HTTP/1.1" 200 21880 "-" "Mozilla/5.0 (Linux; Android 6.0.1; Nexus 5X Build/MMB29P) AppleWebKit/537.36 (KHTML, like Gecko) Chrome/137.0.7151.103 Mobile Safari/537.36 (compatible; Googlebot/2.1; +http://www.google.com/bot.html)"
206.232.10.129 - - [10/Jul/2025:10:43:47 -0400] "GET /?v=105222409001330&mod=b6af2c97&uri=news.php%3Fid%3D3522993-82&name=zalando+lila+strickjacke+lang HTTP/1.1" 200 5437 "-" "Mozilla/5.0 (X11; Linux x86_64) AppleWebKit/537.36 (KHTML, like Gecko) Chrome/134.0.0.0 Safari/537.36"
206.232.10.129 - - [10/Jul/2025:10:43:48 -0400] "GET /assets/img/schooljob.png HTTP/1.1" 200 51241 "-" "Mozilla/5.0 (X11; Linux x86_64) AppleWebKit/537.36 (KHTML, like Gecko) Chrome/134.0.0.0 Safari/537.36"
206.232.10.129 - - [10/Jul/2025:10:43:48 -0400] "GET /assets/img/about-21.webp HTTP/1.1" 200 78192 "-" "Mozilla/5.0 (X11; Linux x86_64) AppleWebKit/537.36 (KHTML, like Gecko) Chrome/134.0.0.0 Safari/537.36"
204.217.136.54 - - [10/Jul/2025:10:43:48 -0400] "GET /?v=105222409001330&mod=b6af2c97&uri=news.php%3Fid%3D3522993-82&name=zalando+lila+strickjacke+lang HTTP/1.1" 200 4655 "-" "Mozilla/5.0 (Windows NT 10.0; Win64; x64) AppleWebKit/537.36 (KHTML, like Gecko) Chrome/134.0.0.0 Safari/537.36"
66.249.70.33 - - [10/Jul/2025:10:43:49 -0400] "POST /get-message-notify HTTP/1.1" 404 1251 "https://www.getschooljobs.com/?v=1442772021330&mod=86a45a44&uri=form.php%3Fid%3D48313-433%26name%3Dgoodyear+eagle+tan+tubeless+tyres" "Mozilla/5.0 (Linux; Android 6.0.1; Nexus 5X Build/MMB29P) AppleWebKit/537.36 (KHTML, like Gecko) Chrome/137.0.7151.119 Mobile Safari/537.36 (compatible; Googlebot/2.1; +http://www.google.com/bot.html)"
204.217.136.54 - - [10/Jul/2025:10:43:49 -0400] "GET /assets/bootstrap.min.css HTTP/1.1" 200 28266 "https://www.getschooljobs.com/?v=105222409001330&mod=b6af2c97&uri=news.php?id=3522993-82&name=zalando+lila+strickjacke+lang" "Mozilla/5.0 (Windows NT 10.0; Win64; x64) AppleWebKit/537.36 (KHTML, like Gecko) Chrome/134.0.0.0 Safari/537.36"
204.217.136.54 - - [10/Jul/2025:10:43:49 -0400] "GET /assets/swiper-bundle.min.css HTTP/1.1" 200 4499 "https://www.getschooljobs.com/?v=105222409001330&mod=b6af2c97&uri=news.php?id=3522993-82&name=zalando+lila+strickjacke+lang" "Mozilla/5.0 (Windows NT 10.0; Win64; x64) AppleWebKit/537.36 (KHTML, like Gecko) Chrome/134.0.0.0 Safari/537.36"
204.217.136.54 - - [10/Jul/2025:10:43:49 -0400] "GET /assets/main.css HTTP/1.1" 200 7933 "https://www.getschooljobs.com/?v=105222409001330&mod=b6af2c97&uri=news.php?id=3522993-82&name=zalando+lila+strickjacke+lang" "Mozilla/5.0 (Windows NT 10.0; Win64; x64) AppleWebKit/537.36 (KHTML, like Gecko) Chrome/134.0.0.0 Safari/537.36"
204.217.136.54 - - [10/Jul/2025:10:43:49 -0400] "GET /assets/purecounter_vanilla.js HTTP/1.1" 200 2229 "https://www.getschooljobs.com/?v=105222409001330&mod=b6af2c97&uri=news.php?id=3522993-82&name=zalando+lila+strickjacke+lang" "Mozilla/5.0 (Windows NT 10.0; Win64; x64) AppleWebKit/537.36 (KHTML, like Gecko) Chrome/134.0.0.0 Safari/537.36"
204.217.136.54 - - [10/Jul/2025:10:43:49 -0400] "GET /assets/swiper-bundle.min.js HTTP/1.1" 200 41186 "https://www.getschooljobs.com/?v=105222409001330&mod=b6af2c97&uri=news.php?id=3522993-82&name=zalando+lila+strickjacke+lang" "Mozilla/5.0 (Windows NT 10.0; Win64; x64) AppleWebKit/537.36 (KHTML, like Gecko) Chrome/134.0.0.0 Safari/537.36"
204.217.136.54 - - [10/Jul/2025:10:43:49 -0400] "GET /assets/bootstrap.bundle.min.js HTTP/1.1" 200 22944 "https://www.getschooljobs.com/?v=105222409001330&mod=b6af2c97&uri=news.php?id=3522993-82&name=zalando+lila+strickjacke+lang" "Mozilla/5.0 (Windows NT 10.0; Win64; x64) AppleWebKit/537.36 (KHTML, like Gecko) Chrome/134.0.0.0 Safari/537.36"
204.217.136.54 - - [10/Jul/2025:10:43:49 -0400] "GET /assets/main.js HTTP/1.1" 200 1456 "https://www.getschooljobs.com/?v=105222409001330&mod=b6af2c97&uri=news.php?id=3522993-82&name=zalando+lila+strickjacke+lang" "Mozilla/5.0 (Windows NT 10.0; Win64; x64) AppleWebKit/537.36 (KHTML, like Gecko) Chrome/134.0.0.0 Safari/537.36"
204.217.136.54 - - [10/Jul/2025:10:43:50 -0400] "GET /assets/img/favicon.png HTTP/1.1" 200 1369 "https://www.getschooljobs.com/?v=105222409001330&mod=b6af2c97&uri=news.php?id=3522993-82&name=zalando+lila+strickjacke+lang" "Mozilla/5.0 (Windows NT 10.0; Win64; x64) AppleWebKit/537.36 (KHTML, like Gecko) Chrome/134.0.0.0 Safari/537.36"
66.249.70.32 - - [10/Jul/2025:10:43:50 -0400] "GET /?v=78805944031330&mod=91e953e1&uri=article.php%3Fid%3D2638606-462%26name%3Dantoni+banderas+antonio+banderas+perfume+power+of+seduction HTTP/1.1" 200 21141 "-" "Mozilla/5.0 (Linux; Android 6.0.1; Nexus 5X Build/MMB29P) AppleWebKit/537.36 (KHTML, like Gecko) Chrome/137.0.7151.103 Mobile Safari/537.36 (compatible; Googlebot/2.1; +http://www.google.com/bot.html)"
66.249.70.32 - - [10/Jul/2025:10:43:54 -0400] "POST /get-message-notify HTTP/1.1" 404 1251 "https://www.getschooljobs.com/?v=78805944031330&mod=91e953e1&uri=article.php%3Fid%3D2638606-462%26name%3Dantoni+banderas+antonio+banderas+perfume+power+of+seduction" "Mozilla/5.0 (Linux; Android 6.0.1; Nexus 5X Build/MMB29P) AppleWebKit/537.36 (KHTML, like Gecko) Chrome/137.0.7151.119 Mobile Safari/537.36 (compatible; Googlebot/2.1; +http://www.google.com/bot.html)"
113.199.230.227 - - [10/Jul/2025:10:44:31 -0400] "GET /?v=103006611061330&mod=eabeed77&uri=products.php%3Fid%3D3448825-148%26name%3Dxiaomi+redmi+note+redmi+charger+18w HTTP/1.1" 200 134 "https://www.google.com/" "Mozilla/5.0 (Linux; Android 10; K) AppleWebKit/537.36 (KHTML, like Gecko) Chrome/137.0.0.0 Mobile Safari/537.36"
74.7.35.117 - - [10/Jul/2025:10:44:41 -0400] "GET /?mod=c5df4f4e&uri=search.php?id%3D1707657-61%26name%3Dfathy+ibrahim+fairy+charm+jewellery&v=51005247061330 HTTP/1.1" 200 4655 "-" "Mozilla/5.0 AppleWebKit/537.36 (KHTML, like Gecko); compatible; ChatGPT-User/1.0; +https://openai.com/bot"
66.249.70.33 - - [10/Jul/2025:10:44:42 -0400] "GET /robots.txt HTTP/1.1" 404 1251 "-" "Mozilla/5.0 (compatible; Googlebot/2.1; +http://www.google.com/bot.html)"
66.249.70.34 - - [10/Jul/2025:10:39:35 -0400] "GET /robots.txt HTTP/1.1" 404 1251 "-" "Mozilla/5.0 (compatible; Googlebot/2.1; +http://www.google.com/bot.html)"
66.249.70.33 - - [10/Jul/2025:10:39:35 -0400] "GET /?v=115667798031330&mod=0bff2aa0&uri=goods.php%3Fid%3D3872639-318%26name%3Dflower+earrings+turquoise+stud+earrings+canada HTTP/1.1" 200 22234 "-" "Mozilla/5.0 (Linux; Android 6.0.1; Nexus 5X Build/MMB29P) AppleWebKit/537.36 (KHTML, like Gecko) Chrome/137.0.7151.103 Mobile Safari/537.36 (compatible; Googlebot/2.1; +http://www.google.com/bot.html)"
66.249.70.32 - - [10/Jul/2025:10:39:39 -0400] "POST /get-message-notify HTTP/1.1" 404 1251 "https://www.getschooljobs.com/?v=115667798031330&mod=0bff2aa0&uri=goods.php%3Fid%3D3872639-318%26name%3Dflower+earrings+turquoise+stud+earrings+canada" "Mozilla/5.0 (Linux; Android 6.0.1; Nexus 5X Build/MMB29P) AppleWebKit/537.36 (KHTML, like Gecko) Chrome/137.0.7151.119 Mobile Safari/537.36 (compatible; Googlebot/2.1; +http://www.google.com/bot.html)"
66.249.70.33 - - [10/Jul/2025:10:41:08 -0400] "GET /?v=104049845021330&mod=f133b305&uri=news.php%3Fid%3D3483755-484%26name%3Dmontre+automatique+montre+jacques+lemans+femme HTTP/1.1" 200 21929 "-" "Mozilla/5.0 (Linux; Android 6.0.1; Nexus 5X Build/MMB29P) AppleWebKit/537.36 (KHTML, like Gecko) Chrome/137.0.7151.103 Mobile Safari/537.36 (compatible; Googlebot/2.1; +http://www.google.com/bot.html)"
66.249.70.33 - - [10/Jul/2025:10:41:09 -0400] "GET /?v=116637474051330&mod=032d9c7d&uri=pin.php%3Fid%3D3905110-116%26name%3Dpc+requirements+battlefield+4gb+ram HTTP/1.1" 200 21511 "-" "Mozilla/5.0 (Linux; Android 6.0.1; Nexus 5X Build/MMB29P) AppleWebKit/537.36 (KHTML, like Gecko) Chrome/137.0.7151.103 Mobile Safari/537.36 (compatible; Googlebot/2.1; +http://www.google.com/bot.html)"
66.249.70.34 - - [10/Jul/2025:10:41:10 -0400] "GET /?v=115423037011330&mod=0a2f8c50&uri=brands.php%3Fid%3D3864456-819%26name%3Dshirt+dress+dress+with+jeggings HTTP/1.1" 200 21460 "-" "Mozilla/5.0 (Linux; Android 6.0.1; Nexus 5X Build/MMB29P) AppleWebKit/537.36 (KHTML, like Gecko) Chrome/137.0.7151.103 Mobile Safari/537.36 (compatible; Googlebot/2.1; +http://www.google.com/bot.html)"
66.249.70.32 - - [10/Jul/2025:10:44:42 -0400] "GET /?v=24844715011330&mod=6b77b838&uri=dp.php%3Fid%3D831948-158%26name%3Dtomy+toomies+tomy+happy+stack HTTP/1.1" 200 21861 "-" "Mozilla/5.0 (Linux; Android 6.0.1; Nexus 5X Build/MMB29P) AppleWebKit/537.36 (KHTML, like Gecko) Chrome/137.0.7151.103 Mobile Safari/537.36 (compatible; Googlebot/2.1; +http://www.google.com/bot.html)"
66.249.70.33 - - [10/Jul/2025:10:44:43 -0400] "GET /?v=92344061021330&mod=41de57ab&uri=pin.php%3Fid%3D3091731-190%26name%3Dwool+coat+trendy+winter+jackets+for+women HTTP/1.1" 200 22304 "-" "Mozilla/5.0 (Linux; Android 6.0.1; Nexus 5X Build/MMB29P) AppleWebKit/537.36 (KHTML, like Gecko) Chrome/137.0.7151.103 Mobile Safari/537.36 (compatible; Googlebot/2.1; +http://www.google.com/bot.html)"
66.249.70.33 - - [10/Jul/2025:10:45:34 -0400] "GET /?v=99614380001330&mod=f2da9ac8&uri=shop.php%3Fid%3D3335223-676%26name%3Dwomens+shoes+nike+2017+flex+run+women%27s HTTP/1.1" 200 21770 "-" "Mozilla/5.0 (Linux; Android 6.0.1; Nexus 5X Build/MMB29P) AppleWebKit/537.36 (KHTML, like Gecko) Chrome/137.0.7151.103 Mobile Safari/537.36 (compatible; Googlebot/2.1; +http://www.google.com/bot.html)"
66.249.70.33 - - [10/Jul/2025:10:46:27 -0400] "GET /?v=69879877081330&mod=59089496&uri=news.php%3Fid%3D2339751-280%26name%3Ddji+drones+dji+focus+remote+controller HTTP/1.1" 200 21530 "-" "Mozilla/5.0 (Linux; Android 6.0.1; Nexus 5X Build/MMB29P) AppleWebKit/537.36 (KHTML, like Gecko) Chrome/137.0.7151.103 Mobile Safari/537.36 (compatible; Googlebot/2.1; +http://www.google.com/bot.html)"
66.249.70.32 - - [10/Jul/2025:10:46:52 -0400] "GET /?v=51270746101330&mod=24e8e78f&uri=search.php%3Fid%3D1716544-1175%26name%3Dcirug%C3%ADa+anillos+intraestromales+cuidados HTTP/1.1" 200 20602 "-" "Mozilla/5.0 (Linux; Android 6.0.1; Nexus 5X Build/MMB29P) AppleWebKit/537.36 (KHTML, like Gecko) Chrome/137.0.7151.103 Mobile Safari/537.36 (compatible; Googlebot/2.1; +http://www.google.com/bot.html)"
66.249.70.32 - - [10/Jul/2025:10:46:53 -0400] "GET /?v=85186787041330&mod=b1553ff2&uri=blog.php%3Fid%3D2852173-168%26name%3D2025+mto7+for+sale HTTP/1.1" 200 21616 "-" "Mozilla/5.0 (Linux; Android 6.0.1; Nexus 5X Build/MMB29P) AppleWebKit/537.36 (KHTML, like Gecko) Chrome/137.0.7151.103 Mobile Safari/537.36 (compatible; Googlebot/2.1; +http://www.google.com/bot.html)"
66.249.70.32 - - [10/Jul/2025:10:46:55 -0400] "POST /get-message-notify HTTP/1.1" 404 1251 "https://www.getschooljobs.com/?v=51270746101330&mod=24e8e78f&uri=search.php%3Fid%3D1716544-1175%26name%3Dcirug%C3%ADa+anillos+intraestromales+cuidados" "Mozilla/5.0 (Linux; Android 6.0.1; Nexus 5X Build/MMB29P) AppleWebKit/537.36 (KHTML, like Gecko) Chrome/137.0.7151.119 Mobile Safari/537.36 (compatible; Googlebot/2.1; +http://www.google.com/bot.html)"
66.249.70.33 - - [10/Jul/2025:10:47:07 -0400] "GET /?v=118582758061330&mod=25766f01&uri=article.php%3Fid%3D3970281-29%26name%3Dboy+24t+gear+cycle HTTP/1.1" 200 21298 "-" "Mozilla/5.0 (Linux; Android 6.0.1; Nexus 5X Build/MMB29P) AppleWebKit/537.36 (KHTML, like Gecko) Chrome/137.0.7151.103 Mobile Safari/537.36 (compatible; Googlebot/2.1; +http://www.google.com/bot.html)"
66.249.70.33 - - [10/Jul/2025:10:47:45 -0400] "GET /?v=9073883031330&mod=531a377c&uri=shop.php%3Fid%3D303780-599%26name%3D27+inch+curved+monitor+27+msi+gaming+monitor HTTP/1.1" 200 20421 "-" "Mozilla/5.0 (Linux; Android 6.0.1; Nexus 5X Build/MMB29P) AppleWebKit/537.36 (KHTML, like Gecko) Chrome/137.0.7151.103 Mobile Safari/537.36 (compatible; Googlebot/2.1; +http://www.google.com/bot.html)"
66.249.70.32 - - [10/Jul/2025:10:47:45 -0400] "GET /?v=92305151081330&mod=9f6bcebe&uri=products.php%3Fid%3D3090429-784%26name%3Dtech+outlet+botas+motocross HTTP/1.1" 200 21632 "-" "Mozilla/5.0 (Linux; Android 6.0.1; Nexus 5X Build/MMB29P) AppleWebKit/537.36 (KHTML, like Gecko) Chrome/137.0.7151.103 Mobile Safari/537.36 (compatible; Googlebot/2.1; +http://www.google.com/bot.html)"
66.249.70.33 - - [10/Jul/2025:10:41:36 -0400] "GET /?v=96572787041330&mod=f5f3b8d7&uri=search.php%3Fid%3D3233341-58%26name%3Dmr+chow+hangover+sunglasses HTTP/1.1" 200 21111 "-" "Mozilla/5.0 (Linux; Android 6.0.1; Nexus 5X Build/MMB29P) AppleWebKit/537.36 (KHTML, like Gecko) Chrome/137.0.7151.103 Mobile Safari/537.36 (compatible; Googlebot/2.1; +http://www.google.com/bot.html)"
66.249.70.34 - - [10/Jul/2025:10:42:02 -0400] "GET /?v=26158222051330&mod=fc01bb05&uri=product.php%3Fid%3D875960-581%26name%3Dcelestron+telescope+celestron+90gt+wifi HTTP/1.1" 200 21370 "-" "Mozilla/5.0 (Linux; Android 6.0.1; Nexus 5X Build/MMB29P) AppleWebKit/537.36 (KHTML, like Gecko) Chrome/137.0.7151.103 Mobile Safari/537.36 (compatible; Googlebot/2.1; +http://www.google.com/bot.html)"
68.221.75.29 - - [10/Jul/2025:10:42:04 -0400] "GET /?mod=21fe5b8b&uri=products.php?id%3D3331934-16%26name%3Dzip+hoodie+urban+classic+pullover&v=99516308051330 HTTP/1.1" 200 4655 "-" "Mozilla/5.0 AppleWebKit/537.36 (KHTML, like Gecko); compatible; ChatGPT-User/1.0; +https://openai.com/bot"
66.249.70.33 - - [10/Jul/2025:10:42:06 -0400] "POST /get-message-notify HTTP/1.1" 404 1251 "https://www.getschooljobs.com/?v=26158222051330&mod=fc01bb05&uri=product.php%3Fid%3D875960-581%26name%3Dcelestron+telescope+celestron+90gt+wifi" "Mozilla/5.0 (Linux; Android 6.0.1; Nexus 5X Build/MMB29P) AppleWebKit/537.36 (KHTML, like Gecko) Chrome/137.0.7151.119 Mobile Safari/537.36 (compatible; Googlebot/2.1; +http://www.google.com/bot.html)"
150.129.164.87 - - [10/Jul/2025:10:43:14 -0400] "GET /?v=70043275041330&mod=be8122a3&uri=shared.php%3Fid%3D2345211-888%26name%3Dcommand+line+ubuntu+download+drivers HTTP/1.1" 200 133 "https://www.google.com/" "Mozilla/5.0 (X11; Linux x86_64) AppleWebKit/537.36 (KHTML, like Gecko) Chrome/138.0.0.0 Safari/537.36"
66.249.70.32 - - [10/Jul/2025:10:47:46 -0400] "GET /?v=99542359051330&mod=ea2e4496&uri=shared.php%3Fid%3D3332808-178%26name%3Dhatchback+vw+polo+2020+orange HTTP/1.1" 200 22262 "-" "Mozilla/5.0 (Linux; Android 6.0.1; Nexus 5X Build/MMB29P) AppleWebKit/537.36 (KHTML, like Gecko) Chrome/137.0.7151.103 Mobile Safari/537.36 (compatible; Googlebot/2.1; +http://www.google.com/bot.html)"
66.249.70.33 - - [10/Jul/2025:10:47:46 -0400] "GET /?v=109298163091330&mod=33574f6e&uri=brands.php%3Fid%3D3659428-994%26name%3Dmanchas+limpiar+anteojos+rayados HTTP/1.1" 200 21372 "-" "Mozilla/5.0 (Linux; Android 6.0.1; Nexus 5X Build/MMB29P) AppleWebKit/537.36 (KHTML, like Gecko) Chrome/137.0.7151.103 Mobile Safari/537.36 (compatible; Googlebot/2.1; +http://www.google.com/bot.html)"
66.249.70.32 - - [10/Jul/2025:10:47:48 -0400] "POST /get-message-notify HTTP/1.1" 404 1251 "https://www.getschooljobs.com/?v=92305151081330&mod=9f6bcebe&uri=products.php%3Fid%3D3090429-784%26name%3Dtech+outlet+botas+motocross" "Mozilla/5.0 (Linux; Android 6.0.1; Nexus 5X Build/MMB29P) AppleWebKit/537.36 (KHTML, like Gecko) Chrome/137.0.7151.119 Mobile Safari/537.36 (compatible; Googlebot/2.1; +http://www.google.com/bot.html)"
66.249.70.32 - - [10/Jul/2025:10:47:50 -0400] "POST /get-message-notify HTTP/1.1" 404 1251 "https://www.getschooljobs.com/?v=109298163091330&mod=33574f6e&uri=brands.php%3Fid%3D3659428-994%26name%3Dmanchas+limpiar+anteojos+rayados" "Mozilla/5.0 (Linux; Android 6.0.1; Nexus 5X Build/MMB29P) AppleWebKit/537.36 (KHTML, like Gecko) Chrome/137.0.7151.119 Mobile Safari/537.36 (compatible; Googlebot/2.1; +http://www.google.com/bot.html)"
66.249.70.33 - - [10/Jul/2025:10:48:16 -0400] "GET /?v=115655220031330&mod=6e7f6c38&uri=search.php%3Fid%3D3872219-136%26name%3Dmuscles+worked+machine+upper+back+row HTTP/1.1" 200 21946 "-" "Mozilla/5.0 (Linux; Android 6.0.1; Nexus 5X Build/MMB29P) AppleWebKit/537.36 (KHTML, like Gecko) Chrome/137.0.7151.103 Mobile Safari/537.36 (compatible; Googlebot/2.1; +http://www.google.com/bot.html)"
66.249.70.32 - - [10/Jul/2025:10:48:30 -0400] "GET /?v=6142121051330&mod=dd3c407b&uri=shop.php%3Fid%3D205620-324%26name%3Dcabinet+heater+sterling+hot+water+unit+heaters HTTP/1.1" 200 20828 "-" "Mozilla/5.0 (Linux; Android 6.0.1; Nexus 5X Build/MMB29P) AppleWebKit/537.36 (KHTML, like Gecko) Chrome/137.0.7151.103 Mobile Safari/537.36 (compatible; Googlebot/2.1; +http://www.google.com/bot.html)"
66.249.70.32 - - [10/Jul/2025:10:48:30 -0400] "GET /?v=26089902011330&mod=298f5874&uri=search.php%3Fid%3D873676-39%26name%3Dapple+store+apple+i+watch+latest+series HTTP/1.1" 200 22496 "-" "Mozilla/5.0 (Linux; Android 6.0.1; Nexus 5X Build/MMB29P) AppleWebKit/537.36 (KHTML, like Gecko) Chrome/137.0.7151.103 Mobile Safari/537.36 (compatible; Googlebot/2.1; +http://www.google.com/bot.html)"
66.249.70.33 - - [10/Jul/2025:10:48:33 -0400] "POST /get-message-notify HTTP/1.1" 404 1251 "https://www.getschooljobs.com/?v=115655220031330&mod=6e7f6c38&uri=search.php%3Fid%3D3872219-136%26name%3Dmuscles+worked+machine+upper+back+row" "Mozilla/5.0 (Linux; Android 6.0.1; Nexus 5X Build/MMB29P) AppleWebKit/537.36 (KHTML, like Gecko) Chrome/137.0.7151.119 Mobile Safari/537.36 (compatible; Googlebot/2.1; +http://www.google.com/bot.html)"
66.249.70.34 - - [10/Jul/2025:10:50:15 -0400] "GET /?v=51113869031330&mod=ac42634b&uri=products.php%3Fid%3D1711292-356%26name%3Dboiler+repair+new+boiler+installation+cost HTTP/1.1" 200 22276 "-" "Mozilla/5.0 (Linux; Android 6.0.1; Nexus 5X Build/MMB29P) AppleWebKit/537.36 (KHTML, like Gecko) Chrome/137.0.7151.103 Mobile Safari/537.36 (compatible; Googlebot/2.1; +http://www.google.com/bot.html)"
66.249.70.32 - - [10/Jul/2025:10:50:16 -0400] "GET /?v=68477589021330&mod=5c1b482b&uri=shop.php%3Fid%3D2292815-1150%26name%3Dcarrot+pepe+jeans+mom+fit HTTP/1.1" 200 21718 "-" "Mozilla/5.0 (Linux; Android 6.0.1; Nexus 5X Build/MMB29P) AppleWebKit/537.36 (KHTML, like Gecko) Chrome/137.0.7151.103 Mobile Safari/537.36 (compatible; Googlebot/2.1; +http://www.google.com/bot.html)"
66.249.70.33 - - [10/Jul/2025:10:50:34 -0400] "GET /?v=66233876051330&mod=0b7e4125&uri=shop.php%3Fid%3D2217706-125%26name%3Ddaunenjacke+jacke+north+face+herren+sale HTTP/1.1" 200 21166 "-" "Mozilla/5.0 (Linux; Android 6.0.1; Nexus 5X Build/MMB29P) AppleWebKit/537.36 (KHTML, like Gecko) Chrome/137.0.7151.103 Mobile Safari/537.36 (compatible; Googlebot/2.1; +http://www.google.com/bot.html)"
66.249.70.33 - - [10/Jul/2025:10:50:37 -0400] "POST /get-message-notify HTTP/1.1" 404 1251 "https://www.getschooljobs.com/?v=66233876051330&mod=0b7e4125&uri=shop.php%3Fid%3D2217706-125%26name%3Ddaunenjacke+jacke+north+face+herren+sale" "Mozilla/5.0 (Linux; Android 6.0.1; Nexus 5X Build/MMB29P) AppleWebKit/537.36 (KHTML, like Gecko) Chrome/137.0.7151.119 Mobile Safari/537.36 (compatible; Googlebot/2.1; +http://www.google.com/bot.html)"
66.249.70.32 - - [10/Jul/2025:10:51:00 -0400] "GET /?v=68865126021330&mod=aea778e3&uri=search.php%3Fid%3D2305772-1236%26name%3Dfootwear+sneakers+air+jordan+10+retro+price+philippines HTTP/1.1" 200 19946 "-" "Mozilla/5.0 (Linux; Android 6.0.1; Nexus 5X Build/MMB29P) AppleWebKit/537.36 (KHTML, like Gecko) Chrome/137.0.7151.103 Mobile Safari/537.36 (compatible; Googlebot/2.1; +http://www.google.com/bot.html)"
95.168.121.50 - - [10/Jul/2025:10:51:09 -0400] "GET /?v=78973805011330&mod=b1bb73ed&uri=itm.php%3Fid%3D2644217-571%26name%3Dchuck+taylor+converse+kurt+cobain+usa HTTP/1.1" 200 133 "https://www.google.com/" "Mozilla/5.0 (Linux; Android 10; K) AppleWebKit/537.36 (KHTML, like Gecko) Chrome/137.0.0.0 Mobile Safari/537.36"
66.249.70.32 - - [10/Jul/2025:10:51:13 -0400] "GET /?v=84679046081330&mod=1846acc2&uri=brands.php%3Fid%3D2835184-666%26name%3Dwii+game+konami+dance+dance+revolution+dance+pad+for+wii HTTP/1.1" 200 21626 "-" "Mozilla/5.0 (Linux; Android 6.0.1; Nexus 5X Build/MMB29P) AppleWebKit/537.36 (KHTML, like Gecko) Chrome/137.0.7151.103 Mobile Safari/537.36 (compatible; Googlebot/2.1; +http://www.google.com/bot.html)"
66.249.70.32 - - [10/Jul/2025:10:51:13 -0400] "GET /?v=26058098101330&mod=75d121c8&uri=us.php%3Fid%3D872595-810%26name%3Dauburn+watch+sec+alternate HTTP/1.1" 200 21093 "-" "Mozilla/5.0 (Linux; Android 6.0.1; Nexus 5X Build/MMB29P) AppleWebKit/537.36 (KHTML, like Gecko) Chrome/137.0.7151.103 Mobile Safari/537.36 (compatible; Googlebot/2.1; +http://www.google.com/bot.html)"
66.249.70.32 - - [10/Jul/2025:10:51:27 -0400] "GET /?v=111803575091330&mod=b0886cdc&uri=shared.php%3Fid%3D3743252-1024%26name%3Dbico+quadrado+sapato+fechado+preto+feminino HTTP/1.1" 200 21498 "-" "Mozilla/5.0 (Linux; Android 6.0.1; Nexus 5X Build/MMB29P) AppleWebKit/537.36 (KHTML, like Gecko) Chrome/137.0.7151.103 Mobile Safari/537.36 (compatible; Googlebot/2.1; +http://www.google.com/bot.html)"
66.249.70.32 - - [10/Jul/2025:10:51:53 -0400] "GET /?v=51339138041330&mod=c78cd617&uri=form.php%3Fid%3D1718833-913%26name%3Dbomber+jacket+glissade+down+parka+ralph+lauren HTTP/1.1" 200 21902 "-" "Mozilla/5.0 (Linux; Android 6.0.1; Nexus 5X Build/MMB29P) AppleWebKit/537.36 (KHTML, like Gecko) Chrome/137.0.7151.103 Mobile Safari/537.36 (compatible; Googlebot/2.1; +http://www.google.com/bot.html)"
66.249.70.32 - - [10/Jul/2025:10:51:54 -0400] "GET /?v=55340091001330&mod=4fa53be9&uri=goods.php%3Fid%3D1852838-17%26name%3Dtaglie+misure+telaio+pinarello HTTP/1.1" 200 21512 "-" "Mozilla/5.0 (Linux; Android 6.0.1; Nexus 5X Build/MMB29P) AppleWebKit/537.36 (KHTML, like Gecko) Chrome/137.0.7151.103 Mobile Safari/537.36 (compatible; Googlebot/2.1; +http://www.google.com/bot.html)"
65.30.87.20 - - [10/Jul/2025:10:51:56 -0400] "GET /?v=82447902021330&mod=5c6ccef0&uri=info.php%3Fid%3D2760501-426%26name%3Dbouncy+castles+moonwalk+bouncer HTTP/1.1" 200 133 "https://www.google.com/" "Mozilla/5.0 (Linux; Android 10; K) AppleWebKit/537.36 (KHTML, like Gecko) Chrome/138.0.0.0 Mobile Safari/537.36"
66.249.70.33 - - [10/Jul/2025:10:55:28 -0400] "GET /?v=66160937081330&mod=78f22208&uri=article.php%3Fid%3D2215267-923%26name%3Dstainless+steel+dallas+cowboys+smartwatch HTTP/1.1" 200 22122 "-" "Mozilla/5.0 (Linux; Android 6.0.1; Nexus 5X Build/MMB29P) AppleWebKit/537.36 (KHTML, like Gecko) Chrome/137.0.7151.103 Mobile Safari/537.36 (compatible; Googlebot/2.1; +http://www.google.com/bot.html)"
66.249.70.32 - - [10/Jul/2025:10:55:29 -0400] "GET /?v=68404319071330&mod=b7f0b1c1&uri=goods.php%3Fid%3D2290360-251%26name%3Dzapatilla+deportiva+tenis+skechers+para+hombre+guatemala HTTP/1.1" 200 21936 "-" "Mozilla/5.0 (Linux; Android 6.0.1; Nexus 5X Build/MMB29P) AppleWebKit/537.36 (KHTML, like Gecko) Chrome/137.0.7151.103 Mobile Safari/537.36 (compatible; Googlebot/2.1; +http://www.google.com/bot.html)"
66.249.70.32 - - [10/Jul/2025:10:55:30 -0400] "GET /?v=68448487051330&mod=e0f7a4d0&uri=shop.php%3Fid%3D2291843-22%26name%3Dsailor+1911+sailor+brush+pen HTTP/1.1" 200 21615 "-" "Mozilla/5.0 (Linux; Android 6.0.1; Nexus 5X Build/MMB29P) AppleWebKit/537.36 (KHTML, like Gecko) Chrome/137.0.7151.103 Mobile Safari/537.36 (compatible; Googlebot/2.1; +http://www.google.com/bot.html)"
66.249.70.33 - - [10/Jul/2025:10:55:32 -0400] "POST /get-message-notify HTTP/1.1" 404 1251 "https://www.getschooljobs.com/?v=68404319071330&mod=b7f0b1c1&uri=goods.php%3Fid%3D2290360-251%26name%3Dzapatilla+deportiva+tenis+skechers+para+hombre+guatemala" "Mozilla/5.0 (Linux; Android 6.0.1; Nexus 5X Build/MMB29P) AppleWebKit/537.36 (KHTML, like Gecko) Chrome/137.0.7151.119 Mobile Safari/537.36 (compatible; Googlebot/2.1; +http://www.google.com/bot.html)"
66.249.70.32 - - [10/Jul/2025:10:55:40 -0400] "GET /?v=26026769031330&mod=3bf4dd42&uri=itm.php%3Fid%3D871523-920%26name%3Dsneaker+zx+flux+reflective+women%27s HTTP/1.1" 200 21258 "-" "Mozilla/5.0 (Linux; Android 6.0.1; Nexus 5X Build/MMB29P) AppleWebKit/537.36 (KHTML, like Gecko) Chrome/137.0.7151.103 Mobile Safari/537.36 (compatible; Googlebot/2.1; +http://www.google.com/bot.html)"
66.249.70.33 - - [10/Jul/2025:10:53:58 -0400] "GET /?v=85154695041330&mod=00275937&uri=category-info.php%3Fid%3D2851099-398%26name%3Ddown+jacket+dry+clean+jacket HTTP/1.1" 200 21146 "-" "Mozilla/5.0 (Linux; Android 6.0.1; Nexus 5X Build/MMB29P) AppleWebKit/537.36 (KHTML, like Gecko) Chrome/137.0.7151.103 Mobile Safari/537.36 (compatible; Googlebot/2.1; +http://www.google.com/bot.html)"
66.249.70.32 - - [10/Jul/2025:10:53:58 -0400] "GET /?v=93459215091330&mod=65b1e92c&uri=news.php%3Fid%3D3129077-38%26name%3Dknit+throw+blanket+pram+blanket+knitting+pattern HTTP/1.1" 200 21848 "-" "Mozilla/5.0 (Linux; Android 6.0.1; Nexus 5X Build/MMB29P) AppleWebKit/537.36 (KHTML, like Gecko) Chrome/137.0.7151.103 Mobile Safari/537.36 (compatible; Googlebot/2.1; +http://www.google.com/bot.html)"
66.249.70.32 - - [10/Jul/2025:10:54:11 -0400] "GET /?v=26170492021330&mod=2c8672aa&uri=itm.php%3Fid%3D876369-470%26name%3Dsnow+leopard+leopard+print+mule+slippers HTTP/1.1" 200 20792 "-" "Mozilla/5.0 (Linux; Android 6.0.1; Nexus 5X Build/MMB29P) AppleWebKit/537.36 (KHTML, like Gecko) Chrome/137.0.7151.103 Mobile Safari/537.36 (compatible; Googlebot/2.1; +http://www.google.com/bot.html)"
66.249.70.33 - - [10/Jul/2025:10:54:16 -0400] "POST /get-message-notify HTTP/1.1" 404 1251 "https://www.getschooljobs.com/?v=26170492021330&mod=2c8672aa&uri=itm.php%3Fid%3D876369-470%26name%3Dsnow+leopard+leopard+print+mule+slippers" "Mozilla/5.0 (Linux; Android 6.0.1; Nexus 5X Build/MMB29P) AppleWebKit/537.36 (KHTML, like Gecko) Chrome/137.0.7151.119 Mobile Safari/537.36 (compatible; Googlebot/2.1; +http://www.google.com/bot.html)"
5.161.238.252 - - [10/Jul/2025:10:54:27 -0400] "GET /?v=111542694001330&mod=1231fa0e&uri=itm.php?id%3D3734513-192&name=four+ever+a+4th+birthday+princess+shirt HTTP/1.1" 200 4655 "-" "Mozilla/5.0 (Windows NT 10.0; Win64; x64) AppleWebKit/537.36 (KHTML, like Gecko) Chrome/84.0.4147.105 Safari/537.36"
66.249.70.32 - - [10/Jul/2025:10:51:56 -0400] "POST /get-message-notify HTTP/1.1" 404 1251 "https://www.getschooljobs.com/?v=51339138041330&mod=c78cd617&uri=form.php%3Fid%3D1718833-913%26name%3Dbomber+jacket+glissade+down+parka+ralph+lauren" "Mozilla/5.0 (Linux; Android 6.0.1; Nexus 5X Build/MMB29P) AppleWebKit/537.36 (KHTML, like Gecko) Chrome/137.0.7151.119 Mobile Safari/537.36 (compatible; Googlebot/2.1; +http://www.google.com/bot.html)"
66.249.70.34 - - [10/Jul/2025:10:52:46 -0400] "GET /?v=51369932011330&mod=5c2d1086&uri=info.php%3Fid%3D1719864-1167%26name%3Dvestir+formal+faldas+de+vestir+para+damas HTTP/1.1" 200 21548 "-" "Mozilla/5.0 (Linux; Android 6.0.1; Nexus 5X Build/MMB29P) AppleWebKit/537.36 (KHTML, like Gecko) Chrome/137.0.7151.103 Mobile Safari/537.36 (compatible; Googlebot/2.1; +http://www.google.com/bot.html)"
66.249.64.226 - - [10/Jul/2025:10:56:15 -0400] "GET / HTTP/1.1" 200 21598 "-" "Mozilla/5.0 (compatible; Googlebot/2.1; +http://www.google.com/bot.html)"
122.11.212.49 - - [10/Jul/2025:10:56:47 -0400] "GET /?v=10005611001330&mod=25766f01&uri=article.php%3Fid%3D334973-29%26name%3Dmotorcycle+helmet+cairbull+aero+helmet+review HTTP/1.1" 200 133 "https://www.google.com/" "Mozilla/5.0 (Linux; Android 10; K) AppleWebKit/537.36 (KHTML, like Gecko) Chrome/138.0.0.0 Mobile Safari/537.36"
66.249.64.224 - - [10/Jul/2025:10:58:15 -0400] "GET /favicon.ico HTTP/1.1" 404 1251 "-" "Googlebot-Image/1.0"
5.161.58.50 - - [10/Jul/2025:10:59:45 -0400] "GET /?v=108280873031330&mod=4ab7331b&uri=us.php?id%3D3625378-244&name=fishing+reel+penn+wrath+fishing+rod HTTP/1.1" 200 4656 "-" "Mozilla/5.0 (Windows NT 10.0; Win64; x64) AppleWebKit/537.36 (KHTML, like Gecko) Chrome/84.0.4147.105 Safari/537.36"
43.153.47.201 - - [10/Jul/2025:11:00:28 -0400] "GET / HTTP/1.1" 200 5437 "http://www.getschooljobs.com" "Mozilla/5.0 (iPhone; CPU iPhone OS 13_2_3 like Mac OS X) AppleWebKit/605.1.15 (KHTML, like Gecko) Version/13.0.3 Mobile/15E148 Safari/604.1"
49.207.203.142 - - [10/Jul/2025:11:01:19 -0400] "GET /?v=16681189051330&mod=8ea284a2&uri=brands.php%3Fid%3D558598-96%26name%3Ddhande+latest+marathi+web+series+list HTTP/1.1" 200 133 "https://www.google.com/" "Mozilla/5.0 (iPhone; CPU iPhone OS 18_5 like Mac OS X) AppleWebKit/605.1.15 (KHTML, like Gecko) Version/18.5 Mobile/15E148 Safari/604.1"
49.207.203.142 - - [10/Jul/2025:11:01:25 -0400] "GET /?v=16681189051330&mod=8ea284a2&uri=brands.php%3Fid%3D558598-96%26name%3Ddhande+latest+marathi+web+series+list HTTP/1.1" 200 133 "https://www.google.com/" "Mozilla/5.0 (iPhone; CPU iPhone OS 18_5 like Mac OS X) AppleWebKit/605.1.15 (KHTML, like Gecko) Version/18.5 Mobile/15E148 Safari/604.1"
181.43.150.137 - - [10/Jul/2025:11:02:16 -0400] "GET /?v=12284248141330&mod=efe8c47a&uri=blog.php%3Fid%3D411269-538%26name%3Dorganizador+tiendas+juguetes+montessori HTTP/1.1" 200 133 "https://www.google.com/" "Mozilla/5.0 (Windows NT 10.0; Win64; x64) AppleWebKit/537.36 (KHTML, like Gecko) Chrome/138.0.0.0 Safari/537.36"
102.218.86.198 - - [10/Jul/2025:11:02:35 -0400] "GET /wp-login.php HTTP/1.1" 302 771 "-" "Mozilla/5.0 (Windows NT 10.0; WOW64; Trident/7.0; rv:11.0) like Gecko"
102.218.86.198 - - [10/Jul/2025:11:02:35 -0400] "GET /wp-login HTTP/1.1" 404 1251 "-" "Mozilla/5.0 (Windows NT 10.0; WOW64; Trident/7.0; rv:11.0) like Gecko"
102.218.86.198 - - [10/Jul/2025:11:02:36 -0400] "GET /xmlrpc.php HTTP/1.1" 302 771 "-" "Mozilla/5.0 (Windows NT 10.0; WOW64; Trident/7.0; rv:11.0) like Gecko"
102.218.86.198 - - [10/Jul/2025:11:02:36 -0400] "GET /xmlrpc HTTP/1.1" 404 1251 "-" "Mozilla/5.0 (Windows NT 10.0; WOW64; Trident/7.0; rv:11.0) like Gecko"
102.218.86.198 - - [10/Jul/2025:11:02:36 -0400] "GET /wp-login.php HTTP/1.1" 302 771 "-" "Mozilla/5.0 (Windows NT 10.0; WOW64; Trident/7.0; rv:11.0) like Gecko"
102.218.86.198 - - [10/Jul/2025:11:02:37 -0400] "GET /wp-login HTTP/1.1" 404 1251 "-" "Mozilla/5.0 (Windows NT 10.0; WOW64; Trident/7.0; rv:11.0) like Gecko"
102.218.86.198 - - [10/Jul/2025:11:02:37 -0400] "GET /xmlrpc.php HTTP/1.1" 302 771 "-" "Mozilla/5.0 (Windows NT 10.0; WOW64; Trident/7.0; rv:11.0) like Gecko"
102.218.86.198 - - [10/Jul/2025:11:02:37 -0400] "GET /xmlrpc HTTP/1.1" 404 1251 "-" "Mozilla/5.0 (Windows NT 10.0; WOW64; Trident/7.0; rv:11.0) like Gecko"
142.250.32.39 - - [10/Jul/2025:11:03:19 -0400] "GET /.well-known/traffic-advice HTTP/1.1" 302 771 "-" "Chrome Privacy Preserving Prefetch Proxy"
162.120.187.8 - - [10/Jul/2025:11:03:19 -0400] "GET /?v=102323012031330&mod=1b09cc92&uri=search.php%3Fid%3D3425952-677%26name%3Dsostituzione+batteria+batteria+per+swatch+390 HTTP/1.1" 200 132 "https://www.google.com/" "Mozilla/5.0 (Macintosh; Intel Mac OS X 10_15_7) AppleWebKit/537.36 (KHTML, like Gecko) Chrome/137.0.0.0 Safari/537.36"
20.25.151.234 - - [10/Jul/2025:11:03:44 -0400] "GET /?mod=1846acc2&uri=shared.php%3Fid%3D831772-666%26name%3Dluigi+new+mario+rabbids&v=24839435011330 HTTP/1.1" 200 4655 "-" "Mozilla/5.0 (Macintosh; Intel Mac OS X 10_15_7) AppleWebKit/537.36 (KHTML, like Gecko) Chrome/131.0.0.0 Safari/537.36; compatible; OAI-SearchBot/1.0; +https://openai.com/searchbot"
52.156.77.144 - - [10/Jul/2025:11:07:47 -0400] "GET /?mod=a5d42e40&uri=info.php?id%3D1086105-59%26name%3Dbluetooth+earbuds+sennheiser+true+wireless+momentum&v=32435105001330 HTTP/1.1" 200 4656 "-" "Mozilla/5.0 AppleWebKit/537.36 (KHTML, like Gecko); compatible; ChatGPT-User/1.0; +https://openai.com/bot"
52.156.77.148 - - [10/Jul/2025:11:08:00 -0400] "GET / HTTP/1.1" 200 4656 "-" "Mozilla/5.0 AppleWebKit/537.36 (KHTML, like Gecko); compatible; ChatGPT-User/1.0; +https://openai.com/bot"
162.120.187.162 - - [10/Jul/2025:11:09:59 -0400] "GET /?v=118347518041330&mod=af0a991f&uri=info.php%3Fid%3D3962399-128%26name%3Dbicycle+caad12+disc+2018 HTTP/1.1" 200 134 "https://www.google.com/" "Mozilla/5.0 (Macintosh; Intel Mac OS X 10_15_7) AppleWebKit/537.36 (KHTML, like Gecko) Chrome/138.0.0.0 Safari/537.36"
72.14.201.173 - - [10/Jul/2025:11:10:51 -0400] "GET /?v=119135932001330&mod=1dcf5a99&uri=shared.php%3Fid%3D3988843-714%26name%3Dmarvel+cinematic+universe+iron+man+tamilyogi HTTP/1.1" 200 134 "https://www.google.com/" "Mozilla/5.0 (Windows NT 10.0; Win64; x64) AppleWebKit/537.36 (KHTML, like Gecko) Chrome/138.0.0.0 Safari/537.36"
74.7.35.57 - - [10/Jul/2025:11:11:12 -0400] "GET /?mod=0fe47339&uri=shared.php?id%3D3416310-24%26name%3Drx+580+radeon+rx+570+used&v=102035070071330 HTTP/1.1" 200 4655 "-" "Mozilla/5.0 AppleWebKit/537.36 (KHTML, like Gecko); compatible; ChatGPT-User/1.0; +https://openai.com/bot"
43.153.35.128 - - [10/Jul/2025:11:12:56 -0400] "GET / HTTP/1.1" 200 5437 "http://www.getschooljobs.com" "Mozilla/5.0 (iPhone; CPU iPhone OS 13_2_3 like Mac OS X) AppleWebKit/605.1.15 (KHTML, like Gecko) Version/13.0.3 Mobile/15E148 Safari/604.1"
40.84.221.214 - - [10/Jul/2025:11:13:38 -0400] "GET /?mod=1846acc2&uri=info.php?id%3D1006101-666%26name%3Dfull+game+nintendo+eshop+card+us&v=30045430021330 HTTP/1.1" 200 4656 "-" "Mozilla/5.0 AppleWebKit/537.36 (KHTML, like Gecko); compatible; ChatGPT-User/1.0; +https://openai.com/bot"
18.97.9.101 - - [10/Jul/2025:11:15:36 -0400] "GET /?v=102990542011330&mod=69c8d2b4&uri=info.php?id=3448288-147&name=smartphone+samsung+s21+ultra+new+features HTTP/1.1" 200 5443 "-" "Mozilla/5.0 AppleWebKit/537.36 (KHTML, like Gecko; compatible; PerplexityBot/1.0; +https://perplexity.ai/perplexitybot)"
135.181.178.242 - - [10/Jul/2025:11:16:52 -0400] "GET /?v=95681251071330&mod=6b77b838&uri=product.php?id=3203496-158%27&name=toddler+basketball+hoop+vtech+soccer+basketball HTTP/1.1" 200 19037 "-" "Mozilla/5.0 (Windows NT 10.0; Win64; x64) AppleWebKit/537.36 (KHTML, like Gecko) Chrome/126.0.0.0 Safari/537.36"
135.181.178.242 - - [10/Jul/2025:11:16:52 -0400] "GET /?v=95681251071330%27&mod=6b77b838&uri=product.php?id=3203496-158&name=toddler+basketball+hoop+vtech+soccer+basketball HTTP/1.1" 200 19037 "-" "Mozilla/5.0 (Windows NT 10.0; Win64; x64) AppleWebKit/537.36 (KHTML, like Gecko) Chrome/126.0.0.0 Safari/537.36"
135.181.178.242 - - [10/Jul/2025:11:16:52 -0400] "GET /?v=95681251071330&mod=6b77b838%27&uri=product.php?id=3203496-158&name=toddler+basketball+hoop+vtech+soccer+basketball HTTP/1.1" 200 19037 "-" "Mozilla/5.0 (Windows NT 10.0; Win64; x64) AppleWebKit/537.36 (KHTML, like Gecko) Chrome/126.0.0.0 Safari/537.36"
135.181.178.242 - - [10/Jul/2025:11:16:52 -0400] "GET /?v=95681251071330&mod=6b77b838&uri=product.php?id=3203496-158&name=toddler+basketball+hoop+vtech+soccer+basketball%27 HTTP/1.1" 200 19037 "-" "Mozilla/5.0 (Windows NT 10.0; Win64; x64) AppleWebKit/537.36 (KHTML, like Gecko) Chrome/126.0.0.0 Safari/537.36"
66.249.70.34 - - [10/Jul/2025:11:17:15 -0400] "GET /?v=115508126031330&mod=f9dff983&uri=product.php%3Fid%3D3867299-463%26name%3Dpantaloni+lunghi+vestiario+fox HTTP/1.1" 200 21690 "-" "Mozilla/5.0 (Linux; Android 6.0.1; Nexus 5X Build/MMB29P) AppleWebKit/537.36 (KHTML, like Gecko) Chrome/137.0.7151.103 Mobile Safari/537.36 (compatible; Googlebot/2.1; +http://www.google.com/bot.html)"
66.249.70.33 - - [10/Jul/2025:11:17:16 -0400] "GET /?v=15023579051330&mod=1dc0a8af&uri=us.php%3Fid%3D503088-916%26name%3Dzapatillas+deportivas+precio+zapatillas+i+run HTTP/1.1" 200 21550 "-" "Mozilla/5.0 (Linux; Android 6.0.1; Nexus 5X Build/MMB29P) AppleWebKit/537.36 (KHTML, like Gecko) Chrome/137.0.7151.103 Mobile Safari/537.36 (compatible; Googlebot/2.1; +http://www.google.com/bot.html)"
40.84.221.218 - - [10/Jul/2025:11:17:16 -0400] "GET /?mod=e1654211&uri=product.php?id%3D627488-2%26name%3Dtravel+bivolt+eolic+travel+gama&v=18738760051330 HTTP/1.1" 200 4656 "-" "Mozilla/5.0 AppleWebKit/537.36 (KHTML, like Gecko); compatible; ChatGPT-User/1.0; +https://openai.com/bot"
40.84.221.218 - - [10/Jul/2025:11:17:17 -0400] "GET /?mod=e1654211&uri=product.php?id%3D627488-2%26name%3Dtravel+bivolt+eolic+travel+gama&v=18738760051330 HTTP/1.1" 200 4655 "-" "Mozilla/5.0 AppleWebKit/537.36 (KHTML, like Gecko); compatible; ChatGPT-User/1.0; +https://openai.com/bot"
162.120.185.44 - - [10/Jul/2025:11:17:20 -0400] "GET /?v=41617237021330&mod=c91aef64&uri=product.php%3Fid%3D1393477-870%26name%3Djm01+mizuno+junior+golf+set HTTP/1.1" 200 133 "https://www.google.com/" "Mozilla/5.0 (Linux; Android 10; K) AppleWebKit/537.36 (KHTML, like Gecko) Chrome/138.0.0.0 Mobile Safari/537.36"
66.249.70.33 - - [10/Jul/2025:11:17:24 -0400] "POST /get-message-notify HTTP/1.1" 404 1251 "https://www.getschooljobs.com/?v=115508126031330&mod=f9dff983&uri=product.php%3Fid%3D3867299-463%26name%3Dpantaloni+lunghi+vestiario+fox" "Mozilla/5.0 (Linux; Android 6.0.1; Nexus 5X Build/MMB29P) AppleWebKit/537.36 (KHTML, like Gecko) Chrome/137.0.7151.119 Mobile Safari/537.36 (compatible; Googlebot/2.1; +http://www.google.com/bot.html)"
41.100.202.162 - - [10/Jul/2025:11:17:37 -0400] "GET /?v=95545426041330&mod=c239bdd5&uri=category-info.php%3Fid%3D3198953-1141%26name%3Dhair+curler+babyliss+pro+titanium+expression+hot+brush HTTP/1.1" 200 133 "https://www.google.com/" "Mozilla/5.0 (Linux; Android 10; K) AppleWebKit/537.36 (KHTML, like Gecko) Chrome/138.0.0.0 Mobile Safari/537.36"
178.156.133.99 - - [10/Jul/2025:11:14:13 -0400] "GET /?v=44078344101330&mod=6b77b838&uri=shared.php?id%3D1475808-158&name=carnage+venom+toys+2018 HTTP/1.1" 200 4656 "-" "Mozilla/5.0 (Windows NT 10.0; Win64; x64) AppleWebKit/537.36 (KHTML, like Gecko) Chrome/84.0.4147.105 Safari/537.36"
66.249.70.32 - - [10/Jul/2025:11:17:42 -0400] "GET /?v=33488169031330&mod=c190e1b0&uri=blog.php%3Fid%3D1121370-1426%26name%3Dbarrel+waver+wave+artist+short+hair HTTP/1.1" 200 21258 "-" "Mozilla/5.0 (Linux; Android 6.0.1; Nexus 5X Build/MMB29P) AppleWebKit/537.36 (KHTML, like Gecko) Chrome/137.0.7151.103 Mobile Safari/537.36 (compatible; Googlebot/2.1; +http://www.google.com/bot.html)"
66.249.70.32 - - [10/Jul/2025:11:17:49 -0400] "POST /get-message-notify HTTP/1.1" 404 1251 "https://www.getschooljobs.com/?v=33488169031330&mod=c190e1b0&uri=blog.php%3Fid%3D1121370-1426%26name%3Dbarrel+waver+wave+artist+short+hair" "Mozilla/5.0 (Linux; Android 6.0.1; Nexus 5X Build/MMB29P) AppleWebKit/537.36 (KHTML, like Gecko) Chrome/137.0.7151.119 Mobile Safari/537.36 (compatible; Googlebot/2.1; +http://www.google.com/bot.html)"
66.249.74.130 - - [10/Jul/2025:11:18:09 -0400] "POST /get-message-notify HTTP/1.1" 404 1251 "https://www.getschooljobs.com/?v=15023579051330&mod=1dc0a8af&uri=us.php%3Fid%3D503088-916%26name%3Dzapatillas+deportivas+precio+zapatillas+i+run" "Mozilla/5.0 (Linux; Android 6.0.1; Nexus 5X Build/MMB29P) AppleWebKit/537.36 (KHTML, like Gecko) Chrome/137.0.7151.119 Mobile Safari/537.36 (compatible; Googlebot/2.1; +http://www.google.com/bot.html)"
4.227.36.4 - - [10/Jul/2025:11:18:43 -0400] "GET /robots.txt HTTP/1.1" 404 1251 "-" "Mozilla/5.0 AppleWebKit/537.36 (KHTML, like Gecko; compatible; GPTBot/1.2; +https://openai.com/gptbot)"
172.182.209.215 - - [10/Jul/2025:11:18:57 -0400] "GET /?mod=a5d42e40&uri=info.php%3Fid%3D1086105-59%26name%3Dbluetooth+earbuds+sennheiser+true+wireless+momentum&v=32435105001330 HTTP/1.1" 200 4655 "-" "Mozilla/5.0 (Macintosh; Intel Mac OS X 10_15_7) AppleWebKit/537.36 (KHTML, like Gecko) Chrome/131.0.0.0 Safari/537.36; compatible; OAI-SearchBot/1.0; +https://openai.com/searchbot"
92.40.198.37 - - [10/Jul/2025:11:19:13 -0400] "GET /?v=33497391111330&mod=b2330fc4&uri=search.php%3Fid%3D1121679-41%26name%3Dmaypole+bike+tow+bar+bike+rack HTTP/1.1" 200 133 "https://www.google.com/" "Mozilla/5.0 (Linux; Android 10; K) AppleWebKit/537.36 (KHTML, like Gecko) SamsungBrowser/28.0 Chrome/130.0.0.0 Mobile Safari/537.36"
47.128.30.205 - - [10/Jul/2025:11:20:23 -0400] "GET /robots.txt HTTP/1.1" 404 1251 "-" "Mozilla/5.0 (Linux; Android 5.0) AppleWebKit/537.36 (KHTML, like Gecko) Mobile Safari/537.36 (compatible; Bytespider; spider-feedback@bytedance.com)"
66.249.70.34 - - [10/Jul/2025:11:20:41 -0400] "GET /?v=26160322001330&mod=cb41f167&uri=dp.php%3Fid%3D876030-56%26name%3Doutdoor+dining+table+lowes+patio+seating HTTP/1.1" 200 22043 "-" "Mozilla/5.0 (Linux; Android 6.0.1; Nexus 5X Build/MMB29P) AppleWebKit/537.36 (KHTML, like Gecko) Chrome/137.0.7151.103 Mobile Safari/537.36 (compatible; Googlebot/2.1; +http://www.google.com/bot.html)"
66.249.70.33 - - [10/Jul/2025:11:20:42 -0400] "GET /?v=102399406041330&mod=07f2d8db&uri=brands.php%3Fid%3D3428505-381%26name%3Dchaussures+adidas+adidas+zx+flux+blanc+noir HTTP/1.1" 200 21245 "-" "Mozilla/5.0 (Linux; Android 6.0.1; Nexus 5X Build/MMB29P) AppleWebKit/537.36 (KHTML, like Gecko) Chrome/137.0.7151.103 Mobile Safari/537.36 (compatible; Googlebot/2.1; +http://www.google.com/bot.html)"
66.249.70.32 - - [10/Jul/2025:11:20:48 -0400] "POST /get-message-notify HTTP/1.1" 404 1251 "https://www.getschooljobs.com/?v=102399406041330&mod=07f2d8db&uri=brands.php%3Fid%3D3428505-381%26name%3Dchaussures+adidas+adidas+zx+flux+blanc+noir" "Mozilla/5.0 (Linux; Android 6.0.1; Nexus 5X Build/MMB29P) AppleWebKit/537.36 (KHTML, like Gecko) Chrome/137.0.7151.119 Mobile Safari/537.36 (compatible; Googlebot/2.1; +http://www.google.com/bot.html)"
66.249.70.32 - - [10/Jul/2025:11:20:56 -0400] "GET /?v=78883567021330&mod=3c8f9a17&uri=shared.php%3Fid%3D2641200-118%26name%3Dvaligie+laterali+borse+laterali+bmw+urban+gs HTTP/1.1" 200 22539 "-" "Mozilla/5.0 (Linux; Android 6.0.1; Nexus 5X Build/MMB29P) AppleWebKit/537.36 (KHTML, like Gecko) Chrome/137.0.7151.103 Mobile Safari/537.36 (compatible; Googlebot/2.1; +http://www.google.com/bot.html)"
66.249.70.32 - - [10/Jul/2025:11:20:56 -0400] "GET /?v=92321399031330&mod=9f6bcebe&uri=dp.php%3Fid%3D3090974-784%26name%3Dtour+packages+tenis+nike+dynamo+free+infantil HTTP/1.1" 200 21608 "-" "Mozilla/5.0 (Linux; Android 6.0.1; Nexus 5X Build/MMB29P) AppleWebKit/537.36 (KHTML, like Gecko) Chrome/137.0.7151.103 Mobile Safari/537.36 (compatible; Googlebot/2.1; +http://www.google.com/bot.html)"
66.249.70.33 - - [10/Jul/2025:11:21:08 -0400] "POST /get-message-notify HTTP/1.1" 404 1251 "https://www.getschooljobs.com/?v=78883567021330&mod=3c8f9a17&uri=shared.php%3Fid%3D2641200-118%26name%3Dvaligie+laterali+borse+laterali+bmw+urban+gs" "Mozilla/5.0 (Linux; Android 6.0.1; Nexus 5X Build/MMB29P) AppleWebKit/537.36 (KHTML, like Gecko) Chrome/137.0.7151.119 Mobile Safari/537.36 (compatible; Googlebot/2.1; +http://www.google.com/bot.html)"
41.105.13.75 - - [10/Jul/2025:11:21:15 -0400] "GET /?v=119230519101330&mod=86f2ff8a&uri=search.php%3Fid%3D3992011-162%26name%3Dvga+msi+msi+geforce+gt+730+4gb+drivers HTTP/1.1" 200 132 "https://www.google.com/" "Mozilla/5.0 (Windows NT 10.0; Win64; x64; rv:140.0) Gecko/20100101 Firefox/140.0"
66.249.70.32 - - [10/Jul/2025:11:21:23 -0400] "GET /?v=26123419001330&mod=e3eb4194&uri=shop.php%3Fid%3D874796-76%26name%3Dglacier+guides+heli+glacier+franz+josef HTTP/1.1" 200 22019 "-" "Mozilla/5.0 (Linux; Android 6.0.1; Nexus 5X Build/MMB29P) AppleWebKit/537.36 (KHTML, like Gecko) Chrome/137.0.7151.103 Mobile Safari/537.36 (compatible; Googlebot/2.1; +http://www.google.com/bot.html)"
66.249.70.32 - - [10/Jul/2025:11:21:26 -0400] "POST /get-message-notify HTTP/1.1" 404 1251 "https://www.getschooljobs.com/?v=92321399031330&mod=9f6bcebe&uri=dp.php%3Fid%3D3090974-784%26name%3Dtour+packages+tenis+nike+dynamo+free+infantil" "Mozilla/5.0 (Linux; Android 6.0.1; Nexus 5X Build/MMB29P) AppleWebKit/537.36 (KHTML, like Gecko) Chrome/137.0.7151.119 Mobile Safari/537.36 (compatible; Googlebot/2.1; +http://www.google.com/bot.html)"
66.249.70.33 - - [10/Jul/2025:11:21:27 -0400] "POST /get-message-notify HTTP/1.1" 404 1251 "https://www.getschooljobs.com/?v=26123419001330&mod=e3eb4194&uri=shop.php%3Fid%3D874796-76%26name%3Dglacier+guides+heli+glacier+franz+josef" "Mozilla/5.0 (Linux; Android 6.0.1; Nexus 5X Build/MMB29P) AppleWebKit/537.36 (KHTML, like Gecko) Chrome/137.0.7151.119 Mobile Safari/537.36 (compatible; Googlebot/2.1; +http://www.google.com/bot.html)"
66.249.70.33 - - [10/Jul/2025:11:22:28 -0400] "GET /?v=15170455081330&mod=aabc3012&uri=news.php%3Fid%3D508001-187%26name%3Dhoodie+buzos+new+balance+mujer HTTP/1.1" 200 21605 "-" "Mozilla/5.0 (Linux; Android 6.0.1; Nexus 5X Build/MMB29P) AppleWebKit/537.36 (KHTML, like Gecko) Chrome/137.0.7151.103 Mobile Safari/537.36 (compatible; Googlebot/2.1; +http://www.google.com/bot.html)"
66.249.70.33 - - [10/Jul/2025:11:22:29 -0400] "GET /?v=47332722021330&mod=b1553ff2&uri=category-info.php%3Fid%3D1584737-168%26name%3Daceoffix+brompton+brake+adjustment HTTP/1.1" 200 22567 "-" "Mozilla/5.0 (Linux; Android 6.0.1; Nexus 5X Build/MMB29P) AppleWebKit/537.36 (KHTML, like Gecko) Chrome/137.0.7151.103 Mobile Safari/537.36 (compatible; Googlebot/2.1; +http://www.google.com/bot.html)"
66.249.70.32 - - [10/Jul/2025:11:22:45 -0400] "POST /get-message-notify HTTP/1.1" 404 1251 "https://www.getschooljobs.com/?v=47332722021330&mod=b1553ff2&uri=category-info.php%3Fid%3D1584737-168%26name%3Daceoffix+brompton+brake+adjustment" "Mozilla/5.0 (Linux; Android 6.0.1; Nexus 5X Build/MMB29P) AppleWebKit/537.36 (KHTML, like Gecko) Chrome/137.0.7151.119 Mobile Safari/537.36 (compatible; Googlebot/2.1; +http://www.google.com/bot.html)"
13.65.138.117 - - [10/Jul/2025:11:22:54 -0400] "GET /?mod=b246cfdd&uri=blog.php?id%3D453169-843%26name%3Dcepillo+philips+cepillo+de+dientes+electrico+colgate&v=13535743021330 HTTP/1.1" 200 4655 "-" "Mozilla/5.0 AppleWebKit/537.36 (KHTML, like Gecko); compatible; ChatGPT-User/1.0; +https://openai.com/bot"
66.249.70.32 - - [10/Jul/2025:11:23:34 -0400] "GET /?v=30094686021330&mod=0fe392f8&uri=us.php%3Fid%3D1007753-739%26name%3Dnes+godzilla+gigan HTTP/1.1" 200 22206 "-" "Mozilla/5.0 (Linux; Android 6.0.1; Nexus 5X Build/MMB29P) AppleWebKit/537.36 (KHTML, like Gecko) Chrome/137.0.7151.103 Mobile Safari/537.36 (compatible; Googlebot/2.1; +http://www.google.com/bot.html)"
66.249.70.32 - - [10/Jul/2025:11:23:35 -0400] "GET /?v=26155912131330&mod=fc01bb05&uri=article.php%3Fid%3D875883-581%26name%3Djupiter+cheap+telescopes+to+see+planets HTTP/1.1" 200 21445 "-" "Mozilla/5.0 (Linux; Android 6.0.1; Nexus 5X Build/MMB29P) AppleWebKit/537.36 (KHTML, like Gecko) Chrome/137.0.7151.103 Mobile Safari/537.36 (compatible; Googlebot/2.1; +http://www.google.com/bot.html)"
66.249.70.34 - - [10/Jul/2025:11:23:36 -0400] "GET /?v=13612209001330&mod=6978b71c&uri=shop.php%3Fid%3D455729-558%26name%3Domega+speedmaster+best+milanese+strap HTTP/1.1" 200 20855 "-" "Mozilla/5.0 (Linux; Android 6.0.1; Nexus 5X Build/MMB29P) AppleWebKit/537.36 (KHTML, like Gecko) Chrome/137.0.7151.103 Mobile Safari/537.36 (compatible; Googlebot/2.1; +http://www.google.com/bot.html)"
47.128.47.42 - - [10/Jul/2025:11:24:17 -0400] "GET /searchjobs?q=Subject%20Teacher HTTP/1.1" 200 4072 "-" "Mozilla/5.0 (Linux; Android 5.0) AppleWebKit/537.36 (KHTML, like Gecko) Mobile Safari/537.36 (compatible; Bytespider; spider-feedback@bytedance.com)"
66.249.70.32 - - [10/Jul/2025:11:25:22 -0400] "GET /?v=119143120021330&mod=a8ae1046&uri=article.php%3Fid%3D3989087-123%26name%3Dwatch+prime+prime+video+app+download+for+smart+tv HTTP/1.1" 200 22364 "-" "Mozilla/5.0 (Linux; Android 6.0.1; Nexus 5X Build/MMB29P) AppleWebKit/537.36 (KHTML, like Gecko) Chrome/137.0.7151.103 Mobile Safari/537.36 (compatible; Googlebot/2.1; +http://www.google.com/bot.html)"
50.110.201.136 - - [10/Jul/2025:11:25:48 -0400] "GET /?v=111542514101330&mod=1231fa0e&uri=goods.php%3Fid%3D3734507-192%26name%3Djeep+womens+tank+top HTTP/1.1" 200 134 "https://www.google.com/" "Mozilla/5.0 (iPhone; CPU iPhone OS 18_5 like Mac OS X) AppleWebKit/605.1.15 (KHTML, like Gecko) Version/18.5 Mobile/15E148 Safari/604.1"
66.249.70.32 - - [10/Jul/2025:11:25:51 -0400] "POST /get-message-notify HTTP/1.1" 404 1251 "https://www.getschooljobs.com/?v=119143120021330&mod=a8ae1046&uri=article.php%3Fid%3D3989087-123%26name%3Dwatch+prime+prime+video+app+download+for+smart+tv" "Mozilla/5.0 (Linux; Android 6.0.1; Nexus 5X Build/MMB29P) AppleWebKit/537.36 (KHTML, like Gecko) Chrome/137.0.7151.119 Mobile Safari/537.36 (compatible; Googlebot/2.1; +http://www.google.com/bot.html)"
66.249.70.34 - - [10/Jul/2025:11:26:08 -0400] "GET /?v=115542821021330&mod=74b00fd0&uri=search.php%3Fid%3D3868463-1711%26name%3Dzalora+hermes+sur+le+nil+50ml HTTP/1.1" 200 20429 "-" "Mozilla/5.0 (Linux; Android 6.0.1; Nexus 5X Build/MMB29P) AppleWebKit/537.36 (KHTML, like Gecko) Chrome/137.0.7151.103 Mobile Safari/537.36 (compatible; Googlebot/2.1; +http://www.google.com/bot.html)"
