196.249.99.66 - - [18/Apr/2025:13:31:07 -0400] "POST /account/login HTTP/1.1" 302 1297 "https://finationglobal.com/account/login" "Mozilla/5.0 (Linux; Android 10; 801FJ) AppleWebKit/537.36 (KHTML, like Gecko) Chrome/87.0.4280.141 Mobile Safari/537.36"
196.249.99.66 - - [18/Apr/2025:13:31:09 -0400] "POST /account/login HTTP/1.1" 302 1297 "https://finationglobal.com/account/login" "Mozilla/5.0 (Linux; Android 10; 801FJ) AppleWebKit/537.36 (KHTML, like Gecko) Chrome/87.0.4280.141 Mobile Safari/537.36"
196.249.99.66 - - [18/Apr/2025:13:31:13 -0400] "POST /account/login HTTP/1.1" 302 1297 "https://finationglobal.com/account/login" "Mozilla/5.0 (Linux; Android 10; 801FJ) AppleWebKit/537.36 (KHTML, like Gecko) Chrome/87.0.4280.141 Mobile Safari/537.36"
196.249.99.66 - - [18/Apr/2025:13:31:15 -0400] "POST /account/login HTTP/1.1" 302 1297 "https://finationglobal.com/account/login" "Mozilla/5.0 (Linux; Android 10; 801FJ) AppleWebKit/537.36 (KHTML, like Gecko) Chrome/87.0.4280.141 Mobile Safari/537.36"
196.249.99.66 - - [18/Apr/2025:13:31:18 -0400] "POST /account/login HTTP/1.1" 302 1297 "https://finationglobal.com/account/login" "Mozilla/5.0 (Linux; Android 10; 801FJ) AppleWebKit/537.36 (KHTML, like Gecko) Chrome/87.0.4280.141 Mobile Safari/537.36"
102.89.68.59 - - [18/Apr/2025:13:31:19 -0400] "POST /account/searchuser HTTP/1.1" 200 7895 "https://finationglobal.com/account/searchuser" "Mozilla/5.0 (Windows NT 10.0; Win64; x64) AppleWebKit/537.36 (KHTML, like Gecko) Chrome/135.0.0.0 Safari/537.36"
196.249.99.66 - - [18/Apr/2025:13:31:21 -0400] "POST /account/login HTTP/1.1" 302 1297 "https://finationglobal.com/account/login" "Mozilla/5.0 (Linux; Android 10; 801FJ) AppleWebKit/537.36 (KHTML, like Gecko) Chrome/87.0.4280.141 Mobile Safari/537.36"
196.249.99.66 - - [18/Apr/2025:13:31:27 -0400] "GET /account/ HTTP/1.1" 200 6817 "https://finationglobal.com/account/login" "Mozilla/5.0 (Linux; Android 10; 801FJ) AppleWebKit/537.36 (KHTML, like Gecko) Chrome/87.0.4280.141 Mobile Safari/537.36"
102.89.68.59 - - [18/Apr/2025:13:31:28 -0400] "POST /account/searchuser HTTP/1.1" 200 7962 "https://finationglobal.com/account/searchuser" "Mozilla/5.0 (Windows NT 10.0; Win64; x64) AppleWebKit/537.36 (KHTML, like Gecko) Chrome/135.0.0.0 Safari/537.36"
196.249.99.66 - - [18/Apr/2025:13:31:31 -0400] "POST /account/login HTTP/1.1" 302 1297 "https://finationglobal.com/account/login" "Mozilla/5.0 (Linux; Android 10; 801FJ) AppleWebKit/537.36 (KHTML, like Gecko) Chrome/87.0.4280.141 Mobile Safari/537.36"
196.249.99.66 - - [18/Apr/2025:13:31:34 -0400] "POST /account/login HTTP/1.1" 302 1297 "https://finationglobal.com/account/login" "Mozilla/5.0 (Linux; Android 10; 801FJ) AppleWebKit/537.36 (KHTML, like Gecko) Chrome/87.0.4280.141 Mobile Safari/537.36"
196.249.99.66 - - [18/Apr/2025:13:31:35 -0400] "POST /account/login HTTP/1.1" 302 1297 "https://finationglobal.com/account/login" "Mozilla/5.0 (Linux; Android 10; 801FJ) AppleWebKit/537.36 (KHTML, like Gecko) Chrome/87.0.4280.141 Mobile Safari/537.36"
196.249.99.66 - - [18/Apr/2025:13:31:37 -0400] "POST /account/login HTTP/1.1" 302 1297 "https://finationglobal.com/account/login" "Mozilla/5.0 (Linux; Android 10; 801FJ) AppleWebKit/537.36 (KHTML, like Gecko) Chrome/87.0.4280.141 Mobile Safari/537.36"
196.249.99.66 - - [18/Apr/2025:13:31:41 -0400] "GET /account/ HTTP/1.1" 200 6817 "https://finationglobal.com/account/login" "Mozilla/5.0 (Linux; Android 10; 801FJ) AppleWebKit/537.36 (KHTML, like Gecko) Chrome/87.0.4280.141 Mobile Safari/537.36"
102.89.68.59 - - [18/Apr/2025:13:31:43 -0400] "POST /account/searchuser HTTP/1.1" 200 7808 "https://finationglobal.com/account/searchuser" "Mozilla/5.0 (Windows NT 10.0; Win64; x64) AppleWebKit/537.36 (KHTML, like Gecko) Chrome/135.0.0.0 Safari/537.36"
196.249.99.66 - - [18/Apr/2025:13:31:48 -0400] "POST /account/login HTTP/1.1" 302 1297 "https://finationglobal.com/account/login" "Mozilla/5.0 (Linux; Android 10; 801FJ) AppleWebKit/537.36 (KHTML, like Gecko) Chrome/87.0.4280.141 Mobile Safari/537.36"
196.249.99.66 - - [18/Apr/2025:13:31:52 -0400] "POST /account/login HTTP/1.1" 302 1297 "https://finationglobal.com/account/login" "Mozilla/5.0 (Linux; Android 10; 801FJ) AppleWebKit/537.36 (KHTML, like Gecko) Chrome/87.0.4280.141 Mobile Safari/537.36"
196.249.99.66 - - [18/Apr/2025:13:31:54 -0400] "GET /account/ HTTP/1.1" 200 6817 "https://finationglobal.com/account/login" "Mozilla/5.0 (Linux; Android 10; 801FJ) AppleWebKit/537.36 (KHTML, like Gecko) Chrome/87.0.4280.141 Mobile Safari/537.36"
196.249.93.95 - - [18/Apr/2025:13:31:55 -0400] "GET /account/ HTTP/1.1" 302 508 "-" "Mozilla/5.0 (Linux; Android 10; K) AppleWebKit/537.36 (KHTML, like Gecko) Chrome/134.0.0.0 Mobile Safari/537.36"
196.249.93.95 - - [18/Apr/2025:13:31:56 -0400] "GET /account/login.php HTTP/1.1" 302 771 "-" "Mozilla/5.0 (Linux; Android 10; K) AppleWebKit/537.36 (KHTML, like Gecko) Chrome/134.0.0.0 Mobile Safari/537.36"
196.249.93.95 - - [18/Apr/2025:13:31:56 -0400] "GET /account/login HTTP/1.1" 200 1297 "-" "Mozilla/5.0 (Linux; Android 10; K) AppleWebKit/537.36 (KHTML, like Gecko) Chrome/134.0.0.0 Mobile Safari/537.36"
196.249.99.66 - - [18/Apr/2025:13:31:59 -0400] "POST /account/login HTTP/1.1" 302 1297 "https://finationglobal.com/account/login" "Mozilla/5.0 (Linux; Android 10; 801FJ) AppleWebKit/537.36 (KHTML, like Gecko) Chrome/87.0.4280.141 Mobile Safari/537.36"
196.249.93.95 - - [18/Apr/2025:13:32:01 -0400] "POST /account/login HTTP/1.1" 302 1297 "https://finationglobal.com/account/login" "Mozilla/5.0 (Linux; Android 10; K) AppleWebKit/537.36 (KHTML, like Gecko) Chrome/134.0.0.0 Mobile Safari/537.36"
196.249.93.95 - - [18/Apr/2025:13:32:02 -0400] "GET /account/ HTTP/1.1" 200 6802 "https://finationglobal.com/account/login" "Mozilla/5.0 (Linux; Android 10; K) AppleWebKit/537.36 (KHTML, like Gecko) Chrome/134.0.0.0 Mobile Safari/537.36"
196.249.99.66 - - [18/Apr/2025:13:32:03 -0400] "POST /account/login HTTP/1.1" 302 1297 "https://finationglobal.com/account/login" "Mozilla/5.0 (Linux; Android 10; 801FJ) AppleWebKit/537.36 (KHTML, like Gecko) Chrome/87.0.4280.141 Mobile Safari/537.36"
196.249.99.66 - - [18/Apr/2025:13:32:07 -0400] "GET /account/ HTTP/1.1" 200 6817 "https://finationglobal.com/account/login" "Mozilla/5.0 (Linux; Android 10; 801FJ) AppleWebKit/537.36 (KHTML, like Gecko) Chrome/87.0.4280.141 Mobile Safari/537.36"
196.249.93.95 - - [18/Apr/2025:13:32:13 -0400] "GET /account/geneology HTTP/1.1" 200 4889 "https://finationglobal.com/account/" "Mozilla/5.0 (Linux; Android 10; K) AppleWebKit/537.36 (KHTML, like Gecko) Chrome/134.0.0.0 Mobile Safari/537.36"
196.249.99.66 - - [18/Apr/2025:13:32:16 -0400] "POST /account/login HTTP/1.1" 302 1297 "https://finationglobal.com/account/login" "Mozilla/5.0 (Linux; Android 10; 801FJ) AppleWebKit/537.36 (KHTML, like Gecko) Chrome/87.0.4280.141 Mobile Safari/537.36"
196.249.99.66 - - [18/Apr/2025:13:32:16 -0400] "POST /account/login HTTP/1.1" 302 1297 "https://finationglobal.com/account/login" "Mozilla/5.0 (Linux; Android 10; 801FJ) AppleWebKit/537.36 (KHTML, like Gecko) Chrome/87.0.4280.141 Mobile Safari/537.36"
196.249.99.66 - - [18/Apr/2025:13:32:17 -0400] "POST /account/login HTTP/1.1" 302 1297 "https://finationglobal.com/account/login" "Mozilla/5.0 (Linux; Android 10; 801FJ) AppleWebKit/537.36 (KHTML, like Gecko) Chrome/87.0.4280.141 Mobile Safari/537.36"
196.249.99.66 - - [18/Apr/2025:13:32:18 -0400] "POST /account/login HTTP/1.1" 302 1297 "https://finationglobal.com/account/login" "Mozilla/5.0 (Linux; Android 10; 801FJ) AppleWebKit/537.36 (KHTML, like Gecko) Chrome/87.0.4280.141 Mobile Safari/537.36"
196.249.99.66 - - [18/Apr/2025:13:32:18 -0400] "POST /account/login HTTP/1.1" 302 1297 "https://finationglobal.com/account/login" "Mozilla/5.0 (Linux; Android 10; 801FJ) AppleWebKit/537.36 (KHTML, like Gecko) Chrome/87.0.4280.141 Mobile Safari/537.36"
196.249.99.66 - - [18/Apr/2025:13:32:19 -0400] "POST /account/login HTTP/1.1" 302 1297 "https://finationglobal.com/account/login" "Mozilla/5.0 (Linux; Android 10; 801FJ) AppleWebKit/537.36 (KHTML, like Gecko) Chrome/87.0.4280.141 Mobile Safari/537.36"
196.249.99.66 - - [18/Apr/2025:13:32:19 -0400] "POST /account/login HTTP/1.1" 302 1297 "https://finationglobal.com/account/login" "Mozilla/5.0 (Linux; Android 10; 801FJ) AppleWebKit/537.36 (KHTML, like Gecko) Chrome/87.0.4280.141 Mobile Safari/537.36"
102.89.68.59 - - [18/Apr/2025:13:32:20 -0400] "GET /account/geneology HTTP/1.1" 200 5428 "-" "Mozilla/5.0 (Windows NT 10.0; Win64; x64) AppleWebKit/537.36 (KHTML, like Gecko) Chrome/135.0.0.0 Safari/537.36"
196.249.99.66 - - [18/Apr/2025:13:32:21 -0400] "GET /account/login HTTP/1.1" 200 1297 "-" "Mozilla/5.0 (Linux; Android 10; 801FJ) AppleWebKit/537.36 (KHTML, like Gecko) Chrome/87.0.4280.141 Mobile Safari/537.36"
196.249.93.95 - - [18/Apr/2025:13:32:32 -0400] "POST /account/login HTTP/1.1" 302 1297 "https://finationglobal.com/account/login" "Mozilla/5.0 (Linux; Android 10; K) AppleWebKit/537.36 (KHTML, like Gecko) Chrome/134.0.0.0 Mobile Safari/537.36"
196.249.93.95 - - [18/Apr/2025:13:32:32 -0400] "GET /account/ HTTP/1.1" 200 6802 "https://finationglobal.com/account/login" "Mozilla/5.0 (Linux; Android 10; K) AppleWebKit/537.36 (KHTML, like Gecko) Chrome/134.0.0.0 Mobile Safari/537.36"
196.249.99.66 - - [18/Apr/2025:13:32:38 -0400] "GET /account/login HTTP/1.1" 200 1297 "-" "Mozilla/5.0 (Linux; Android 10; 801FJ) AppleWebKit/537.36 (KHTML, like Gecko) Chrome/87.0.4280.141 Mobile Safari/537.36"
196.249.93.95 - - [18/Apr/2025:13:32:45 -0400] "GET /account/?logout=true HTTP/1.1" 302 6802 "https://finationglobal.com/account/" "Mozilla/5.0 (Linux; Android 10; K) AppleWebKit/537.36 (KHTML, like Gecko) Chrome/134.0.0.0 Mobile Safari/537.36"
196.249.93.95 - - [18/Apr/2025:13:32:46 -0400] "GET /account/login.php HTTP/1.1" 302 771 "https://finationglobal.com/account/" "Mozilla/5.0 (Linux; Android 10; K) AppleWebKit/537.36 (KHTML, like Gecko) Chrome/134.0.0.0 Mobile Safari/537.36"
196.249.93.95 - - [18/Apr/2025:13:32:46 -0400] "GET /account/login HTTP/1.1" 200 1297 "https://finationglobal.com/account/" "Mozilla/5.0 (Linux; Android 10; K) AppleWebKit/537.36 (KHTML, like Gecko) Chrome/134.0.0.0 Mobile Safari/537.36"
196.249.93.95 - - [18/Apr/2025:13:32:46 -0400] "GET /account/?logout=true HTTP/1.1" 302 508 "https://finationglobal.com/account/" "Mozilla/5.0 (Linux; Android 10; K) AppleWebKit/537.36 (KHTML, like Gecko) Chrome/134.0.0.0 Mobile Safari/537.36"
196.249.93.95 - - [18/Apr/2025:13:32:47 -0400] "GET /account/login.php HTTP/1.1" 302 771 "https://finationglobal.com/account/" "Mozilla/5.0 (Linux; Android 10; K) AppleWebKit/537.36 (KHTML, like Gecko) Chrome/134.0.0.0 Mobile Safari/537.36"
196.249.93.95 - - [18/Apr/2025:13:32:47 -0400] "GET /account/login HTTP/1.1" 200 1297 "https://finationglobal.com/account/" "Mozilla/5.0 (Linux; Android 10; K) AppleWebKit/537.36 (KHTML, like Gecko) Chrome/134.0.0.0 Mobile Safari/537.36"
196.249.93.95 - - [18/Apr/2025:13:32:52 -0400] "POST /account/login HTTP/1.1" 302 1297 "https://finationglobal.com/account/login" "Mozilla/5.0 (Linux; Android 10; K) AppleWebKit/537.36 (KHTML, like Gecko) Chrome/134.0.0.0 Mobile Safari/537.36"
196.249.93.95 - - [18/Apr/2025:13:32:52 -0400] "GET /account/ HTTP/1.1" 200 6787 "https://finationglobal.com/account/login" "Mozilla/5.0 (Linux; Android 10; K) AppleWebKit/537.36 (KHTML, like Gecko) Chrome/134.0.0.0 Mobile Safari/537.36"
196.249.93.95 - - [18/Apr/2025:13:33:03 -0400] "GET /account/geneology HTTP/1.1" 200 4826 "https://finationglobal.com/account/" "Mozilla/5.0 (Linux; Android 10; K) AppleWebKit/537.36 (KHTML, like Gecko) Chrome/134.0.0.0 Mobile Safari/537.36"
102.89.68.59 - - [18/Apr/2025:13:35:03 -0400] "GET /account/searchuser HTTP/1.1" 200 7808 "-" "Mozilla/5.0 (Windows NT 10.0; Win64; x64) AppleWebKit/537.36 (KHTML, like Gecko) Chrome/135.0.0.0 Safari/537.36"
102.89.68.59 - - [18/Apr/2025:13:37:27 -0400] "GET /account/searchuser HTTP/1.1" 200 7810 "-" "Mozilla/5.0 (Windows NT 10.0; Win64; x64) AppleWebKit/537.36 (KHTML, like Gecko) Chrome/135.0.0.0 Safari/537.36"
197.250.50.98 - - [18/Apr/2025:13:43:04 -0400] "GET /account/geneology?user=rehema HTTP/1.1" 200 4744 "https://finationglobal.com/account/geneology?user=vick01" "Mozilla/5.0 (Linux; Android 10; K) AppleWebKit/537.36 (KHTML, like Gecko) Chrome/133.0.0.0 Mobile Safari/537.36"
197.250.50.98 - - [18/Apr/2025:13:43:52 -0400] "POST /account/geneology?user=rehema HTTP/1.1" 200 4711 "https://finationglobal.com/account/geneology?user=rehema" "Mozilla/5.0 (Linux; Android 10; K) AppleWebKit/537.36 (KHTML, like Gecko) Chrome/133.0.0.0 Mobile Safari/537.36"
197.250.50.98 - - [18/Apr/2025:13:44:09 -0400] "GET /account/geneology?user=rehema HTTP/1.1" 200 4713 "https://finationglobal.com/account/geneology?user=vick01" "Mozilla/5.0 (Linux; Android 10; K) AppleWebKit/537.36 (KHTML, like Gecko) Chrome/133.0.0.0 Mobile Safari/537.36"
40.77.167.71 - - [18/Apr/2025:13:44:10 -0400] "GET /?affiliate HTTP/1.1" 200 6422 "-" "Mozilla/5.0 AppleWebKit/537.36 (KHTML, like Gecko; compatible; bingbot/2.0; +http://www.bing.com/bingbot.htm) Chrome/116.0.1938.76 Safari/537.36"
197.250.50.98 - - [18/Apr/2025:13:44:12 -0400] "GET /account/geneology?user=vick01 HTTP/1.1" 200 4757 "https://finationglobal.com/account/geneology" "Mozilla/5.0 (Linux; Android 10; K) AppleWebKit/537.36 (KHTML, like Gecko) Chrome/133.0.0.0 Mobile Safari/537.36"
197.250.50.98 - - [18/Apr/2025:13:44:14 -0400] "GET /account/geneology HTTP/1.1" 200 4819 "https://finationglobal.com/account/geneology" "Mozilla/5.0 (Linux; Android 10; K) AppleWebKit/537.36 (KHTML, like Gecko) Chrome/133.0.0.0 Mobile Safari/537.36"
197.250.50.98 - - [18/Apr/2025:13:44:16 -0400] "GET /account/geneology HTTP/1.1" 200 4819 "https://finationglobal.com/account/fundtransfer" "Mozilla/5.0 (Linux; Android 10; K) AppleWebKit/537.36 (KHTML, like Gecko) Chrome/133.0.0.0 Mobile Safari/537.36"
197.250.50.98 - - [18/Apr/2025:13:45:25 -0400] "POST /account/geneology HTTP/1.1" 200 4723 "https://finationglobal.com/account/geneology" "Mozilla/5.0 (Linux; Android 10; K) AppleWebKit/537.36 (KHTML, like Gecko) Chrome/133.0.0.0 Mobile Safari/537.36"
197.250.50.98 - - [18/Apr/2025:13:46:41 -0400] "GET /account/ HTTP/1.1" 200 8215 "https://finationglobal.com/account/geneology" "Mozilla/5.0 (Linux; Android 10; K) AppleWebKit/537.36 (KHTML, like Gecko) Chrome/133.0.0.0 Mobile Safari/537.36"
105.112.116.93 - - [18/Apr/2025:13:50:24 -0400] "GET /account/login HTTP/1.1" 200 1297 "https://finationglobal.com/account/courses" "Mozilla/5.0 (Linux; Android 10; K) AppleWebKit/537.36 (KHTML, like Gecko) Chrome/134.0.0.0 Mobile Safari/537.36"
66.249.66.21 - - [18/Apr/2025:13:57:08 -0400] "GET /.well-known/assetlinks.json HTTP/1.1" 404 1251 "-" "Mozilla/5.0 (compatible; Googlebot/2.1; +http://www.google.com/bot.html)"
102.89.69.204 - - [18/Apr/2025:13:58:21 -0400] "GET /account/login HTTP/1.1" 200 1297 "-" "Mozilla/5.0 (Linux; Android 10; K) AppleWebKit/537.36 (KHTML, like Gecko) Chrome/135.0.0.0 Mobile Safari/537.36"
47.128.121.245 - - [18/Apr/2025:13:58:23 -0400] "GET /robots.txt HTTP/1.1" 404 1251 "-" "Mozilla/5.0 (Linux; Android 5.0) AppleWebKit/537.36 (KHTML, like Gecko) Mobile Safari/537.36 (compatible; Bytespider; spider-feedback@bytedance.com)"
47.128.37.148 - - [18/Apr/2025:14:02:24 -0400] "GET /robots.txt HTTP/1.1" 404 1251 "-" "Mozilla/5.0 (Linux; Android 5.0) AppleWebKit/537.36 (KHTML, like Gecko) Mobile Safari/537.36 (compatible; Bytespider; spider-feedback@bytedance.com)"
197.186.28.26 - - [18/Apr/2025:14:03:08 -0400] "GET /account/register?ref=mtweve HTTP/1.1" 200 1859 "-" "Mozilla/5.0 (Linux; Android 10; K) AppleWebKit/537.36 (KHTML, like Gecko) Chrome/133.0.0.0 Mobile Safari/537.36"
197.186.28.26 - - [18/Apr/2025:14:03:10 -0400] "GET /account/control.php?confirm=mtweve HTTP/1.1" 302 771 "https://finationglobal.com/account/register?ref=mtweve" "Mozilla/5.0 (Linux; Android 10; K) AppleWebKit/537.36 (KHTML, like Gecko) Chrome/133.0.0.0 Mobile Safari/537.36"
197.186.28.26 - - [18/Apr/2025:14:03:10 -0400] "GET /account/control?confirm=mtweve HTTP/1.1" 200 41 "https://finationglobal.com/account/register?ref=mtweve" "Mozilla/5.0 (Linux; Android 10; K) AppleWebKit/537.36 (KHTML, like Gecko) Chrome/133.0.0.0 Mobile Safari/537.36"
197.186.28.26 - - [18/Apr/2025:14:03:38 -0400] "GET /account/login HTTP/1.1" 200 1297 "https://finationglobal.com/account/register?ref=mtweve" "Mozilla/5.0 (Linux; Android 10; K) AppleWebKit/537.36 (KHTML, like Gecko) Chrome/133.0.0.0 Mobile Safari/537.36"
197.186.28.26 - - [18/Apr/2025:14:04:00 -0400] "POST /account/login HTTP/1.1" 302 1297 "https://finationglobal.com/account/login" "Mozilla/5.0 (Linux; Android 10; K) AppleWebKit/537.36 (KHTML, like Gecko) Chrome/133.0.0.0 Mobile Safari/537.36"
197.186.28.26 - - [18/Apr/2025:14:04:02 -0400] "GET /account/ HTTP/1.1" 200 6743 "https://finationglobal.com/account/login" "Mozilla/5.0 (Linux; Android 10; K) AppleWebKit/537.36 (KHTML, like Gecko) Chrome/133.0.0.0 Mobile Safari/537.36"
197.186.28.26 - - [18/Apr/2025:14:05:03 -0400] "GET /account/ HTTP/1.1" 302 625 "-" "WhatsApp/2.23.20.0"
197.186.28.26 - - [18/Apr/2025:14:05:04 -0400] "GET /account/login.php HTTP/1.1" 302 771 "-" "WhatsApp/2.23.20.0"
197.186.28.26 - - [18/Apr/2025:14:05:04 -0400] "GET /account/login HTTP/1.1" 200 1551 "-" "WhatsApp/2.23.20.0"
102.89.68.117 - - [18/Apr/2025:14:06:20 -0400] "GET /account/courses?index=c51ce410c124a10e0db5e4b97fc2af39glc13 HTTP/1.1" 302 841 "https://finationglobal.com/account/courses" "Mozilla/5.0 (Linux; Android 12; TECNO CG6) AppleWebKit/537.36 (KHTML, like Gecko) Chrome/91.0.4472.114 Mobile Safari/537.36"
102.89.68.117 - - [18/Apr/2025:14:06:20 -0400] "GET /account/login.php HTTP/1.1" 302 771 "https://finationglobal.com/account/courses" "Mozilla/5.0 (Linux; Android 12; TECNO CG6) AppleWebKit/537.36 (KHTML, like Gecko) Chrome/91.0.4472.114 Mobile Safari/537.36"
102.89.68.117 - - [18/Apr/2025:14:06:20 -0400] "GET /account/login HTTP/1.1" 200 1297 "https://finationglobal.com/account/courses" "Mozilla/5.0 (Linux; Android 12; TECNO CG6) AppleWebKit/537.36 (KHTML, like Gecko) Chrome/91.0.4472.114 Mobile Safari/537.36"
47.128.18.190 - - [18/Apr/2025:14:06:22 -0400] "GET /robots.txt HTTP/1.1" 404 1251 "-" "Mozilla/5.0 (Linux; Android 5.0) AppleWebKit/537.36 (KHTML, like Gecko) Mobile Safari/537.36 (compatible; Bytespider; spider-feedback@bytedance.com)"
66.249.66.64 - - [18/Apr/2025:14:06:25 -0400] "GET /css/magnific-popup.css HTTP/1.1" 200 1660 "https://www.finationglobal.com/css/style.css" "Mozilla/5.0 (Linux; Android 6.0.1; Nexus 5X Build/MMB29P) AppleWebKit/537.36 (KHTML, like Gecko) Chrome/134.0.6998.165 Mobile Safari/537.36 (compatible; Googlebot/2.1; +http://www.google.com/bot.html)"
66.249.66.65 - - [18/Apr/2025:14:06:26 -0400] "GET /js/wow.min.js HTTP/1.1" 200 5615 "https://www.finationglobal.com/?shopdetail/1132059" "Mozilla/5.0 (Linux; Android 6.0.1; Nexus 5X Build/MMB29P) AppleWebKit/537.36 (KHTML, like Gecko) Chrome/134.0.6998.165 Mobile Safari/537.36 (compatible; Googlebot/2.1; +http://www.google.com/bot.html)"
102.89.68.117 - - [18/Apr/2025:14:06:26 -0400] "POST /account/login HTTP/1.1" 302 1297 "https://finationglobal.com/account/login" "Mozilla/5.0 (Linux; Android 12; TECNO CG6) AppleWebKit/537.36 (KHTML, like Gecko) Chrome/91.0.4472.114 Mobile Safari/537.36"
66.249.66.66 - - [18/Apr/2025:14:06:27 -0400] "GET /js/backtotop.js HTTP/1.1" 200 3384 "https://www.finationglobal.com/?shopdetail/1132059" "Mozilla/5.0 (Linux; Android 6.0.1; Nexus 5X Build/MMB29P) AppleWebKit/537.36 (KHTML, like Gecko) Chrome/134.0.6998.165 Mobile Safari/537.36 (compatible; Googlebot/2.1; +http://www.google.com/bot.html)"
102.89.68.117 - - [18/Apr/2025:14:06:26 -0400] "GET /account/ HTTP/1.1" 200 6880 "https://finationglobal.com/account/login" "Mozilla/5.0 (Linux; Android 12; TECNO CG6) AppleWebKit/537.36 (KHTML, like Gecko) Chrome/91.0.4472.114 Mobile Safari/537.36"
102.89.68.117 - - [18/Apr/2025:14:06:34 -0400] "GET /account/courses HTTP/1.1" 200 5480 "https://finationglobal.com/account/" "Mozilla/5.0 (Linux; Android 12; TECNO CG6) AppleWebKit/537.36 (KHTML, like Gecko) Chrome/91.0.4472.114 Mobile Safari/537.36"
154.74.158.23 - - [18/Apr/2025:14:06:38 -0400] "GET /account/ HTTP/1.1" 302 508 "https://finationglobal.com/account/fundconvert" "Mozilla/5.0 (Linux; Android 10; K) AppleWebKit/537.36 (KHTML, like Gecko) Chrome/135.0.0.0 Mobile Safari/537.36"
154.74.158.23 - - [18/Apr/2025:14:06:40 -0400] "GET /account/login.php HTTP/1.1" 302 771 "https://finationglobal.com/account/fundconvert" "Mozilla/5.0 (Linux; Android 10; K) AppleWebKit/537.36 (KHTML, like Gecko) Chrome/135.0.0.0 Mobile Safari/537.36"
154.74.158.23 - - [18/Apr/2025:14:06:41 -0400] "GET /account/login HTTP/1.1" 200 1297 "https://finationglobal.com/account/fundconvert" "Mozilla/5.0 (Linux; Android 10; K) AppleWebKit/537.36 (KHTML, like Gecko) Chrome/135.0.0.0 Mobile Safari/537.36"
102.89.68.117 - - [18/Apr/2025:14:06:41 -0400] "GET /account/courses?index=c51ce410c124a10e0db5e4b97fc2af39glc13 HTTP/1.1" 200 5684 "https://finationglobal.com/account/courses" "Mozilla/5.0 (Linux; Android 12; TECNO CG6) AppleWebKit/537.36 (KHTML, like Gecko) Chrome/91.0.4472.114 Mobile Safari/537.36"
197.186.28.26 - - [18/Apr/2025:14:10:09 -0400] "POST /account/login HTTP/1.1" 302 1297 "https://finationglobal.com/account/login" "Mozilla/5.0 (Linux; Android 10; K) AppleWebKit/537.36 (KHTML, like Gecko) Chrome/133.0.0.0 Mobile Safari/537.36"
197.186.28.26 - - [18/Apr/2025:14:10:10 -0400] "GET /account/ HTTP/1.1" 200 6744 "https://finationglobal.com/account/login" "Mozilla/5.0 (Linux; Android 10; K) AppleWebKit/537.36 (KHTML, like Gecko) Chrome/133.0.0.0 Mobile Safari/537.36"
47.128.112.97 - - [18/Apr/2025:14:10:22 -0400] "GET /robots.txt HTTP/1.1" 404 1251 "-" "Mozilla/5.0 (Linux; Android 5.0) AppleWebKit/537.36 (KHTML, like Gecko) Mobile Safari/537.36 (compatible; Bytespider; spider-feedback@bytedance.com)"
197.186.28.26 - - [18/Apr/2025:14:15:14 -0400] "GET /r/faithinje HTTP/1.1" 301 795 "-" "WhatsApp/2.23.20.0"
197.186.28.26 - - [18/Apr/2025:14:15:14 -0400] "GET /account/register?ref=faithinje HTTP/1.1" 200 2221 "-" "WhatsApp/2.23.20.0"
197.186.28.26 - - [18/Apr/2025:14:15:50 -0400] "GET /r/faithinje HTTP/1.1" 301 795 "-" "Mozilla/5.0 (Linux; Android 10; K) AppleWebKit/537.36 (KHTML, like Gecko) Chrome/133.0.0.0 Mobile Safari/537.36"
197.186.28.26 - - [18/Apr/2025:14:15:51 -0400] "GET /account/register?ref=faithinje HTTP/1.1" 200 1860 "-" "Mozilla/5.0 (Linux; Android 10; K) AppleWebKit/537.36 (KHTML, like Gecko) Chrome/133.0.0.0 Mobile Safari/537.36"
197.186.28.26 - - [18/Apr/2025:14:15:53 -0400] "GET /account/control.php?confirm=faithinje HTTP/1.1" 302 771 "https://finationglobal.com/account/register?ref=faithinje" "Mozilla/5.0 (Linux; Android 10; K) AppleWebKit/537.36 (KHTML, like Gecko) Chrome/133.0.0.0 Mobile Safari/537.36"
197.186.28.26 - - [18/Apr/2025:14:15:54 -0400] "GET /account/control?confirm=faithinje HTTP/1.1" 200 34 "https://finationglobal.com/account/register?ref=faithinje" "Mozilla/5.0 (Linux; Android 10; K) AppleWebKit/537.36 (KHTML, like Gecko) Chrome/133.0.0.0 Mobile Safari/537.36"
197.186.28.26 - - [18/Apr/2025:14:19:59 -0400] "GET /account/register?ref=faithinje HTTP/1.1" 200 1860 "-" "Mozilla/5.0 (Linux; Android 10; K) AppleWebKit/537.36 (KHTML, like Gecko) Chrome/133.0.0.0 Mobile Safari/537.36"
197.186.28.26 - - [18/Apr/2025:14:20:00 -0400] "GET /account/control.php?confirm=faithinje HTTP/1.1" 302 771 "https://finationglobal.com/account/register?ref=faithinje" "Mozilla/5.0 (Linux; Android 10; K) AppleWebKit/537.36 (KHTML, like Gecko) Chrome/133.0.0.0 Mobile Safari/537.36"
197.186.28.26 - - [18/Apr/2025:14:20:01 -0400] "GET /account/control?confirm=faithinje HTTP/1.1" 200 34 "https://finationglobal.com/account/register?ref=faithinje" "Mozilla/5.0 (Linux; Android 10; K) AppleWebKit/537.36 (KHTML, like Gecko) Chrome/133.0.0.0 Mobile Safari/537.36"
197.186.28.26 - - [18/Apr/2025:14:22:26 -0400] "POST /account/register?ref=faithinje HTTP/1.1" 302 2047 "https://finationglobal.com/account/register?ref=faithinje" "Mozilla/5.0 (Linux; Android 10; K) AppleWebKit/537.36 (KHTML, like Gecko) Chrome/133.0.0.0 Mobile Safari/537.36"
197.186.28.26 - - [18/Apr/2025:14:22:27 -0400] "GET /account/ HTTP/1.1" 302 508 "https://finationglobal.com/account/register?ref=faithinje" "Mozilla/5.0 (Linux; Android 10; K) AppleWebKit/537.36 (KHTML, like Gecko) Chrome/133.0.0.0 Mobile Safari/537.36"
197.186.28.26 - - [18/Apr/2025:14:22:27 -0400] "GET /account/index HTTP/1.1" 200 6386 "https://finationglobal.com/account/register?ref=faithinje" "Mozilla/5.0 (Linux; Android 10; K) AppleWebKit/537.36 (KHTML, like Gecko) Chrome/133.0.0.0 Mobile Safari/537.36"
197.250.50.98 - - [18/Apr/2025:14:27:43 -0400] "GET /account/fundtransfer HTTP/1.1" 200 5827 "https://finationglobal.com/account/" "Mozilla/5.0 (Linux; Android 10; K) AppleWebKit/537.36 (KHTML, like Gecko) Chrome/133.0.0.0 Mobile Safari/537.36"
197.250.50.98 - - [18/Apr/2025:14:27:54 -0400] "GET /account/control.php?verify=Ngahungulaa HTTP/1.1" 302 771 "https://finationglobal.com/account/fundtransfer" "Mozilla/5.0 (Linux; Android 10; K) AppleWebKit/537.36 (KHTML, like Gecko) Chrome/133.0.0.0 Mobile Safari/537.36"
197.250.50.98 - - [18/Apr/2025:14:27:54 -0400] "GET /account/control?verify=Ngahungulaa HTTP/1.1" 200 170 "https://finationglobal.com/account/fundtransfer" "Mozilla/5.0 (Linux; Android 10; K) AppleWebKit/537.36 (KHTML, like Gecko) Chrome/133.0.0.0 Mobile Safari/537.36"
197.250.50.98 - - [18/Apr/2025:14:28:24 -0400] "GET /account/control.php?sendcode=Ngahungulaa&amt=5 HTTP/1.1" 302 771 "https://finationglobal.com/account/fundtransfer" "Mozilla/5.0 (Linux; Android 10; K) AppleWebKit/537.36 (KHTML, like Gecko) Chrome/133.0.0.0 Mobile Safari/537.36"
197.250.50.98 - - [18/Apr/2025:14:28:25 -0400] "GET /account/control?sendcode=Ngahungulaa&amt=5 HTTP/1.1" 200 185 "https://finationglobal.com/account/fundtransfer" "Mozilla/5.0 (Linux; Android 10; K) AppleWebKit/537.36 (KHTML, like Gecko) Chrome/133.0.0.0 Mobile Safari/537.36"
197.250.50.98 - - [18/Apr/2025:14:28:54 -0400] "POST /account/fundtransfer HTTP/1.1" 200 6003 "https://finationglobal.com/account/fundtransfer" "Mozilla/5.0 (Linux; Android 10; K) AppleWebKit/537.36 (KHTML, like Gecko) Chrome/133.0.0.0 Mobile Safari/537.36"
197.186.28.26 - - [18/Apr/2025:14:30:17 -0400] "POST /account/index HTTP/1.1" 200 6902 "https://finationglobal.com/account/index" "Mozilla/5.0 (Linux; Android 10; K) AppleWebKit/537.36 (KHTML, like Gecko) Chrome/133.0.0.0 Mobile Safari/537.36"
102.89.68.117 - - [18/Apr/2025:14:30:38 -0400] "GET /account/courses HTTP/1.1" 200 5482 "https://finationglobal.com/account/" "Mozilla/5.0 (Linux; Android 12; TECNO CG6) AppleWebKit/537.36 (KHTML, like Gecko) Chrome/91.0.4472.114 Mobile Safari/537.36"
102.89.68.117 - - [18/Apr/2025:14:30:40 -0400] "GET /assets/images/brand/favicon.ico HTTP/1.1" 200 889 "https://finationglobal.com/account/courses" "Mozilla/5.0 (Linux; Android 12; TECNO CG6) AppleWebKit/537.36 (KHTML, like Gecko) Chrome/91.0.4472.114 Mobile Safari/537.36"
102.89.68.117 - - [18/Apr/2025:14:30:45 -0400] "GET /account/courses?index=c51ce410c124a10e0db5e4b97fc2af39glc13 HTTP/1.1" 200 5684 "https://finationglobal.com/account/courses" "Mozilla/5.0 (Linux; Android 12; TECNO CG6) AppleWebKit/537.36 (KHTML, like Gecko) Chrome/91.0.4472.114 Mobile Safari/537.36"
197.186.28.26 - - [18/Apr/2025:14:30:59 -0400] "GET /account/index HTTP/1.1" 200 0 "https://finationglobal.com/account/register?ref=faithinje" "Mozilla/5.0 (Linux; Android 10; K) AppleWebKit/537.36 (KHTML, like Gecko) Chrome/133.0.0.0 Mobile Safari/537.36"
197.186.28.26 - - [18/Apr/2025:14:30:59 -0400] "GET /account/register?ref=faithinje HTTP/1.1" 200 1860 "-" "Mozilla/5.0 (Linux; Android 10; K) AppleWebKit/537.36 (KHTML, like Gecko) Chrome/133.0.0.0 Mobile Safari/537.36"
197.186.28.26 - - [18/Apr/2025:14:31:00 -0400] "GET /account/control.php?confirm=faithinje HTTP/1.1" 302 771 "https://finationglobal.com/account/register?ref=faithinje" "Mozilla/5.0 (Linux; Android 10; K) AppleWebKit/537.36 (KHTML, like Gecko) Chrome/133.0.0.0 Mobile Safari/537.36"
197.186.28.26 - - [18/Apr/2025:14:31:01 -0400] "GET /account/control?confirm=faithinje HTTP/1.1" 200 34 "https://finationglobal.com/account/register?ref=faithinje" "Mozilla/5.0 (Linux; Android 10; K) AppleWebKit/537.36 (KHTML, like Gecko) Chrome/133.0.0.0 Mobile Safari/537.36"
197.186.28.26 - - [18/Apr/2025:14:31:54 -0400] "GET /account/register?ref=mtweve HTTP/1.1" 200 1859 "-" "Mozilla/5.0 (Linux; Android 10; K) AppleWebKit/537.36 (KHTML, like Gecko) Chrome/133.0.0.0 Mobile Safari/537.36"
197.186.28.26 - - [18/Apr/2025:14:31:55 -0400] "GET /account/control.php?confirm=mtweve HTTP/1.1" 302 771 "https://finationglobal.com/account/register?ref=mtweve" "Mozilla/5.0 (Linux; Android 10; K) AppleWebKit/537.36 (KHTML, like Gecko) Chrome/133.0.0.0 Mobile Safari/537.36"
197.186.28.26 - - [18/Apr/2025:14:31:55 -0400] "GET /account/control?confirm=mtweve HTTP/1.1" 200 41 "https://finationglobal.com/account/register?ref=mtweve" "Mozilla/5.0 (Linux; Android 10; K) AppleWebKit/537.36 (KHTML, like Gecko) Chrome/133.0.0.0 Mobile Safari/537.36"
102.89.68.117 - - [18/Apr/2025:14:32:05 -0400] "GET /account/courses?index=c51ce410c124a10e0db5e4b97fc2af39glc13 HTTP/1.1" 200 5684 "https://finationglobal.com/account/courses" "Mozilla/5.0 (Linux; Android 12; TECNO CG6) AppleWebKit/537.36 (KHTML, like Gecko) Chrome/91.0.4472.114 Mobile Safari/537.36"
197.186.28.26 - - [18/Apr/2025:14:32:10 -0400] "GET /account/register?ref=mtweve HTTP/1.1" 200 1859 "-" "Mozilla/5.0 (Linux; Android 10; K) AppleWebKit/537.36 (KHTML, like Gecko) Chrome/133.0.0.0 Mobile Safari/537.36"
197.186.28.26 - - [18/Apr/2025:14:32:11 -0400] "GET /account/control.php?confirm=mtweve HTTP/1.1" 302 771 "https://finationglobal.com/account/register?ref=mtweve" "Mozilla/5.0 (Linux; Android 10; K) AppleWebKit/537.36 (KHTML, like Gecko) Chrome/133.0.0.0 Mobile Safari/537.36"
197.186.28.26 - - [18/Apr/2025:14:32:12 -0400] "GET /account/control?confirm=mtweve HTTP/1.1" 200 41 "https://finationglobal.com/account/register?ref=mtweve" "Mozilla/5.0 (Linux; Android 10; K) AppleWebKit/537.36 (KHTML, like Gecko) Chrome/133.0.0.0 Mobile Safari/537.36"
197.186.28.26 - - [18/Apr/2025:14:32:17 -0400] "GET /account/login HTTP/1.1" 200 1297 "https://finationglobal.com/account/register?ref=mtweve" "Mozilla/5.0 (Linux; Android 10; K) AppleWebKit/537.36 (KHTML, like Gecko) Chrome/133.0.0.0 Mobile Safari/537.36"
197.186.28.26 - - [18/Apr/2025:14:32:44 -0400] "POST /account/login HTTP/1.1" 302 1297 "https://finationglobal.com/account/login" "Mozilla/5.0 (Linux; Android 10; K) AppleWebKit/537.36 (KHTML, like Gecko) Chrome/133.0.0.0 Mobile Safari/537.36"
197.186.28.26 - - [18/Apr/2025:14:32:45 -0400] "GET /account/ HTTP/1.1" 200 6797 "https://finationglobal.com/account/login" "Mozilla/5.0 (Linux; Android 10; K) AppleWebKit/537.36 (KHTML, like Gecko) Chrome/133.0.0.0 Mobile Safari/537.36"
102.89.68.117 - - [18/Apr/2025:14:33:13 -0400] "GET /account/courses?index=c51ce410c124a10e0db5e4b97fc2af39glc13 HTTP/1.1" 200 5684 "https://finationglobal.com/account/courses" "Mozilla/5.0 (Linux; Android 12; TECNO CG6) AppleWebKit/537.36 (KHTML, like Gecko) Chrome/91.0.4472.114 Mobile Safari/537.36"
102.89.68.117 - - [18/Apr/2025:14:33:55 -0400] "GET /account/courses?index=c51ce410c124a10e0db5e4b97fc2af39glc13 HTTP/1.1" 200 5686 "https://finationglobal.com/account/courses" "Mozilla/5.0 (Linux; Android 12; TECNO CG6) AppleWebKit/537.36 (KHTML, like Gecko) Chrome/91.0.4472.114 Mobile Safari/537.36"
66.249.66.65 - - [18/Apr/2025:15:00:04 -0400] "GET /?shopdetail/7624415 HTTP/1.1" 200 6422 "-" "Mozilla/5.0 (Linux; Android 6.0.1; Nexus 5X Build/MMB29P) AppleWebKit/537.36 (KHTML, like Gecko) Chrome/135.0.7049.95 Mobile Safari/537.36 (compatible; GoogleOther)"
102.89.75.202 - - [18/Apr/2025:15:12:29 -0400] "GET /account/register?ref=thenation&upline=airobuilders HTTP/1.1" 200 1863 "-" "Mozilla/5.0 (Linux; Android 10; K) AppleWebKit/537.36 (KHTML, like Gecko) Chrome/135.0.0.0 Mobile Safari/537.36"
102.89.75.202 - - [18/Apr/2025:15:12:31 -0400] "GET /account/control.php?confirm=thenation HTTP/1.1" 302 771 "https://finationglobal.com/account/register?ref=thenation&upline=airobuilders" "Mozilla/5.0 (Linux; Android 10; K) AppleWebKit/537.36 (KHTML, like Gecko) Chrome/135.0.0.0 Mobile Safari/537.36"
102.89.75.202 - - [18/Apr/2025:15:12:31 -0400] "GET /account/control.php?confirm=airobuilders HTTP/1.1" 302 771 "https://finationglobal.com/account/register?ref=thenation&upline=airobuilders" "Mozilla/5.0 (Linux; Android 10; K) AppleWebKit/537.36 (KHTML, like Gecko) Chrome/135.0.0.0 Mobile Safari/537.36"
102.89.75.202 - - [18/Apr/2025:15:12:31 -0400] "GET /account/control?confirm=airobuilders HTTP/1.1" 200 45 "https://finationglobal.com/account/register?ref=thenation&upline=airobuilders" "Mozilla/5.0 (Linux; Android 10; K) AppleWebKit/537.36 (KHTML, like Gecko) Chrome/135.0.0.0 Mobile Safari/537.36"
102.89.75.202 - - [18/Apr/2025:15:12:31 -0400] "GET /account/control?confirm=thenation HTTP/1.1" 200 30 "https://finationglobal.com/account/register?ref=thenation&upline=airobuilders" "Mozilla/5.0 (Linux; Android 10; K) AppleWebKit/537.36 (KHTML, like Gecko) Chrome/135.0.0.0 Mobile Safari/537.36"
102.89.75.202 - - [18/Apr/2025:15:12:33 -0400] "GET /account/login HTTP/1.1" 200 1297 "https://finationglobal.com/account/register?ref=thenation&upline=airobuilders" "Mozilla/5.0 (Linux; Android 10; K) AppleWebKit/537.36 (KHTML, like Gecko) Chrome/135.0.0.0 Mobile Safari/537.36"
102.89.75.202 - - [18/Apr/2025:15:12:37 -0400] "POST /account/login HTTP/1.1" 302 1297 "https://finationglobal.com/account/login" "Mozilla/5.0 (Linux; Android 10; K) AppleWebKit/537.36 (KHTML, like Gecko) Chrome/135.0.0.0 Mobile Safari/537.36"
102.89.75.202 - - [18/Apr/2025:15:12:37 -0400] "GET /account/ HTTP/1.1" 200 6720 "https://finationglobal.com/account/login" "Mozilla/5.0 (Linux; Android 10; K) AppleWebKit/537.36 (KHTML, like Gecko) Chrome/135.0.0.0 Mobile Safari/537.36"
102.89.75.202 - - [18/Apr/2025:15:13:50 -0400] "GET /account/courses HTTP/1.1" 200 5416 "https://finationglobal.com/account/" "Mozilla/5.0 (Linux; Android 10; K) AppleWebKit/537.36 (KHTML, like Gecko) Chrome/135.0.0.0 Mobile Safari/537.36"
102.89.75.202 - - [18/Apr/2025:15:14:04 -0400] "GET /account/courses?index=c4ca4238a0b923820dcc509a6f75849bglc1 HTTP/1.1" 200 5578 "https://finationglobal.com/account/courses" "Mozilla/5.0 (Linux; Android 10; K) AppleWebKit/537.36 (KHTML, like Gecko) Chrome/135.0.0.0 Mobile Safari/537.36"
102.89.75.202 - - [18/Apr/2025:15:14:05 -0400] "GET /account/courses?index=c4ca4238a0b923820dcc509a6f75849bglc1 HTTP/1.1" 200 5576 "https://finationglobal.com/account/courses?index=c4ca4238a0b923820dcc509a6f75849bglc1" "Mozilla/5.0 (Linux; Android 10; K) AppleWebKit/537.36 (KHTML, like Gecko) Chrome/135.0.0.0 Mobile Safari/537.36"
102.89.75.202 - - [18/Apr/2025:15:14:08 -0400] "GET /account/courses?index=c4ca4238a0b923820dcc509a6f75849bglc1 HTTP/1.1" 200 5576 "https://finationglobal.com/account/courses?index=c4ca4238a0b923820dcc509a6f75849bglc1" "Mozilla/5.0 (Linux; Android 10; K) AppleWebKit/537.36 (KHTML, like Gecko) Chrome/135.0.0.0 Mobile Safari/537.36"
196.249.96.45 - - [18/Apr/2025:15:21:16 -0400] "GET /account/login HTTP/1.1" 200 1297 "-" "Mozilla/5.0 (Linux; Android 10; K) AppleWebKit/537.36 (KHTML, like Gecko) Chrome/134.0.0.0 Mobile Safari/537.36"
196.249.96.45 - - [18/Apr/2025:15:21:29 -0400] "POST /account/login HTTP/1.1" 302 1297 "https://finationglobal.com/account/login" "Mozilla/5.0 (Linux; Android 10; K) AppleWebKit/537.36 (KHTML, like Gecko) Chrome/134.0.0.0 Mobile Safari/537.36"
196.249.96.45 - - [18/Apr/2025:15:21:29 -0400] "GET /account/ HTTP/1.1" 200 6897 "https://finationglobal.com/account/login" "Mozilla/5.0 (Linux; Android 10; K) AppleWebKit/537.36 (KHTML, like Gecko) Chrome/134.0.0.0 Mobile Safari/537.36"
196.249.96.45 - - [18/Apr/2025:15:21:30 -0400] "GET /account/uploads/31z4n63t8i1e.jpg HTTP/1.1" 200 404074 "https://finationglobal.com/account/" "Mozilla/5.0 (Linux; Android 10; K) AppleWebKit/537.36 (KHTML, like Gecko) Chrome/134.0.0.0 Mobile Safari/537.36"
196.249.96.45 - - [18/Apr/2025:15:21:30 -0400] "GET /account/uploads/gc2faa3dhxyi.jpg HTTP/1.1" 200 415134 "https://finationglobal.com/account/" "Mozilla/5.0 (Linux; Android 10; K) AppleWebKit/537.36 (KHTML, like Gecko) Chrome/134.0.0.0 Mobile Safari/537.36"
196.249.96.45 - - [18/Apr/2025:15:21:30 -0400] "GET /account/uploads/u2.png HTTP/1.1" 200 3003 "https://finationglobal.com/account/" "Mozilla/5.0 (Linux; Android 10; K) AppleWebKit/537.36 (KHTML, like Gecko) Chrome/134.0.0.0 Mobile Safari/537.36"
196.249.96.45 - - [18/Apr/2025:15:21:52 -0400] "GET /account/geneology HTTP/1.1" 200 4829 "https://finationglobal.com/account/" "Mozilla/5.0 (Linux; Android 10; K) AppleWebKit/537.36 (KHTML, like Gecko) Chrome/134.0.0.0 Mobile Safari/537.36"
196.249.96.45 - - [18/Apr/2025:15:23:13 -0400] "POST /account/login HTTP/1.1" 200 1510 "https://finationglobal.com/account/login" "Mozilla/5.0 (Linux; Android 10; K) AppleWebKit/537.36 (KHTML, like Gecko) Chrome/134.0.0.0 Mobile Safari/537.36"
196.249.96.45 - - [18/Apr/2025:15:23:25 -0400] "POST /account/login HTTP/1.1" 200 1510 "https://finationglobal.com/account/login" "Mozilla/5.0 (Linux; Android 10; K) AppleWebKit/537.36 (KHTML, like Gecko) Chrome/134.0.0.0 Mobile Safari/537.36"
196.249.96.45 - - [18/Apr/2025:15:23:32 -0400] "GET /account/login HTTP/1.1" 200 1297 "-" "Mozilla/5.0 (Linux; Android 10; K) AppleWebKit/537.36 (KHTML, like Gecko) Chrome/134.0.0.0 Mobile Safari/537.36"
196.249.96.45 - - [18/Apr/2025:15:23:36 -0400] "GET /account/login HTTP/1.1" 200 1297 "-" "Mozilla/5.0 (Linux; Android 10; K) AppleWebKit/537.36 (KHTML, like Gecko) Chrome/134.0.0.0 Mobile Safari/537.36"
196.249.96.45 - - [18/Apr/2025:15:24:07 -0400] "POST /account/login HTTP/1.1" 302 1297 "https://finationglobal.com/account/login" "Mozilla/5.0 (Linux; Android 10; K) AppleWebKit/537.36 (KHTML, like Gecko) Chrome/134.0.0.0 Mobile Safari/537.36"
196.249.96.45 - - [18/Apr/2025:15:24:07 -0400] "GET /account/ HTTP/1.1" 200 6776 "https://finationglobal.com/account/login" "Mozilla/5.0 (Linux; Android 10; K) AppleWebKit/537.36 (KHTML, like Gecko) Chrome/134.0.0.0 Mobile Safari/537.36"
196.249.96.45 - - [18/Apr/2025:15:24:19 -0400] "GET /account/geneology HTTP/1.1" 200 4843 "https://finationglobal.com/account/" "Mozilla/5.0 (Linux; Android 10; K) AppleWebKit/537.36 (KHTML, like Gecko) Chrome/134.0.0.0 Mobile Safari/537.36"
40.77.167.0 - - [18/Apr/2025:15:28:49 -0400] "GET /account/register HTTP/1.1" 200 1850 "-" "Mozilla/5.0 AppleWebKit/537.36 (KHTML, like Gecko; compatible; bingbot/2.0; +http://www.bing.com/bingbot.htm) Chrome/116.0.1938.76 Safari/537.36"
24.199.92.87 - - [18/Apr/2025:15:31:05 -0400] "GET / HTTP/1.1" 200 7826 "-" "Mozilla/5.0 (compatible)"
24.199.92.87 - - [18/Apr/2025:15:31:07 -0400] "GET /images/favicon.ico HTTP/1.1" 200 889 "https://finationglobal.com/" "Mozilla/5.0 (compatible)"
123.187.240.242 - - [18/Apr/2025:15:35:08 -0400] "GET / HTTP/1.1" 200 7826 "http://finationglobal.com" "Mozilla/5.0 (iPhone; CPU iPhone OS 13_2_3 like Mac OS X) AppleWebKit/605.1.15 (KHTML, like Gecko) Version/13.0.3 Mobile/15E148 Safari/604.1"
52.167.144.203 - - [18/Apr/2025:15:44:20 -0400] "GET /account/register HTTP/1.1" 200 1850 "-" "Mozilla/5.0 AppleWebKit/537.36 (KHTML, like Gecko; compatible; bingbot/2.0; +http://www.bing.com/bingbot.htm) Chrome/116.0.1938.76 Safari/537.36"
45.148.10.187 - - [18/Apr/2025:15:47:30 -0400] "GET / HTTP/1.1" 200 38507 "-" "-"
66.249.66.22 - - [18/Apr/2025:15:50:22 -0400] "GET /robots.txt HTTP/1.1" 404 1251 "-" "Mozilla/5.0 (compatible; Googlebot/2.1; +http://www.google.com/bot.html)"
66.249.66.20 - - [18/Apr/2025:15:50:27 -0400] "GET /?shopdetail/3279071 HTTP/1.1" 200 6424 "-" "Mozilla/5.0 (Linux; Android 6.0.1; Nexus 5X Build/MMB29P) AppleWebKit/537.36 (KHTML, like Gecko) Chrome/135.0.7049.95 Mobile Safari/537.36 (compatible; Googlebot/2.1; +http://www.google.com/bot.html)"
66.249.66.20 - - [18/Apr/2025:15:50:30 -0400] "GET /css/bootstrap.min.css HTTP/1.1" 200 20356 "https://finationglobal.com/css/style.css" "Mozilla/5.0 (Linux; Android 6.0.1; Nexus 5X Build/MMB29P) AppleWebKit/537.36 (KHTML, like Gecko) Chrome/134.0.6998.165 Mobile Safari/537.36 (compatible; Googlebot/2.1; +http://www.google.com/bot.html)"
66.249.66.20 - - [18/Apr/2025:15:50:33 -0400] "GET /js/tilt.jquery.min.js HTTP/1.1" 200 4685 "https://finationglobal.com/?shopdetail/3279071" "Mozilla/5.0 (Linux; Android 6.0.1; Nexus 5X Build/MMB29P) AppleWebKit/537.36 (KHTML, like Gecko) Chrome/134.0.6998.165 Mobile Safari/537.36 (compatible; Googlebot/2.1; +http://www.google.com/bot.html)"
66.249.66.20 - - [18/Apr/2025:15:50:33 -0400] "GET /js/jquery-3.6.0.min.js HTTP/1.1" 200 33270 "https://finationglobal.com/?shopdetail/3279071" "Mozilla/5.0 (Linux; Android 6.0.1; Nexus 5X Build/MMB29P) AppleWebKit/537.36 (KHTML, like Gecko) Chrome/134.0.6998.165 Mobile Safari/537.36 (compatible; Googlebot/2.1; +http://www.google.com/bot.html)"
66.249.66.20 - - [18/Apr/2025:15:50:35 -0400] "GET /fonts/webexthemeicon/style.css HTTP/1.1" 200 1293 "https://finationglobal.com/css/style.css" "Mozilla/5.0 (Linux; Android 6.0.1; Nexus 5X Build/MMB29P) AppleWebKit/537.36 (KHTML, like Gecko) Chrome/134.0.6998.165 Mobile Safari/537.36 (compatible; Googlebot/2.1; +http://www.google.com/bot.html)"
102.89.75.202 - - [18/Apr/2025:15:55:50 -0400] "GET /account/courses?index=eccbc87e4b5ce2fe28308fd9f2a7baf3glc3 HTTP/1.1" 302 841 "https://finationglobal.com/account/courses?index=c4ca4238a0b923820dcc509a6f75849bglc1" "Mozilla/5.0 (Linux; Android 10; K) AppleWebKit/537.36 (KHTML, like Gecko) Chrome/135.0.0.0 Mobile Safari/537.36"
102.89.75.202 - - [18/Apr/2025:15:55:50 -0400] "GET /account/login.php HTTP/1.1" 302 771 "https://finationglobal.com/account/courses?index=c4ca4238a0b923820dcc509a6f75849bglc1" "Mozilla/5.0 (Linux; Android 10; K) AppleWebKit/537.36 (KHTML, like Gecko) Chrome/135.0.0.0 Mobile Safari/537.36"
102.89.75.202 - - [18/Apr/2025:15:55:51 -0400] "GET /account/login HTTP/1.1" 200 1297 "https://finationglobal.com/account/courses?index=c4ca4238a0b923820dcc509a6f75849bglc1" "Mozilla/5.0 (Linux; Android 10; K) AppleWebKit/537.36 (KHTML, like Gecko) Chrome/135.0.0.0 Mobile Safari/537.36"
102.89.75.202 - - [18/Apr/2025:15:56:27 -0400] "GET /account/courses?index=c4ca4238a0b923820dcc509a6f75849bglc1 HTTP/1.1" 302 841 "https://finationglobal.com/account/courses?index=c4ca4238a0b923820dcc509a6f75849bglc1" "Mozilla/5.0 (Linux; Android 10; K) AppleWebKit/537.36 (KHTML, like Gecko) Chrome/135.0.0.0 Mobile Safari/537.36"
102.89.75.202 - - [18/Apr/2025:15:56:28 -0400] "GET /account/login.php HTTP/1.1" 302 771 "https://finationglobal.com/account/courses?index=c4ca4238a0b923820dcc509a6f75849bglc1" "Mozilla/5.0 (Linux; Android 10; K) AppleWebKit/537.36 (KHTML, like Gecko) Chrome/135.0.0.0 Mobile Safari/537.36"
102.89.75.202 - - [18/Apr/2025:15:56:28 -0400] "GET /account/login HTTP/1.1" 200 1297 "https://finationglobal.com/account/courses?index=c4ca4238a0b923820dcc509a6f75849bglc1" "Mozilla/5.0 (Linux; Android 10; K) AppleWebKit/537.36 (KHTML, like Gecko) Chrome/135.0.0.0 Mobile Safari/537.36"
102.89.75.202 - - [18/Apr/2025:15:56:29 -0400] "GET /account/courses HTTP/1.1" 302 841 "https://finationglobal.com/account/" "Mozilla/5.0 (Linux; Android 10; K) AppleWebKit/537.36 (KHTML, like Gecko) Chrome/135.0.0.0 Mobile Safari/537.36"
102.89.75.202 - - [18/Apr/2025:15:56:30 -0400] "GET /account/login.php HTTP/1.1" 302 771 "https://finationglobal.com/account/" "Mozilla/5.0 (Linux; Android 10; K) AppleWebKit/537.36 (KHTML, like Gecko) Chrome/135.0.0.0 Mobile Safari/537.36"
102.89.75.202 - - [18/Apr/2025:15:56:30 -0400] "GET /account/login HTTP/1.1" 200 1297 "https://finationglobal.com/account/" "Mozilla/5.0 (Linux; Android 10; K) AppleWebKit/537.36 (KHTML, like Gecko) Chrome/135.0.0.0 Mobile Safari/537.36"
102.89.75.202 - - [18/Apr/2025:15:56:32 -0400] "GET /account/ HTTP/1.1" 302 508 "https://finationglobal.com/account/login" "Mozilla/5.0 (Linux; Android 10; K) AppleWebKit/537.36 (KHTML, like Gecko) Chrome/135.0.0.0 Mobile Safari/537.36"
102.89.75.202 - - [18/Apr/2025:15:56:33 -0400] "GET /account/login.php HTTP/1.1" 302 771 "https://finationglobal.com/account/login" "Mozilla/5.0 (Linux; Android 10; K) AppleWebKit/537.36 (KHTML, like Gecko) Chrome/135.0.0.0 Mobile Safari/537.36"
102.89.75.202 - - [18/Apr/2025:15:56:33 -0400] "GET /account/login HTTP/1.1" 200 1297 "https://finationglobal.com/account/login" "Mozilla/5.0 (Linux; Android 10; K) AppleWebKit/537.36 (KHTML, like Gecko) Chrome/135.0.0.0 Mobile Safari/537.36"
102.89.75.202 - - [18/Apr/2025:15:56:34 -0400] "GET /account/login HTTP/1.1" 200 1297 "https://finationglobal.com/account/register?ref=thenation&upline=airobuilders" "Mozilla/5.0 (Linux; Android 10; K) AppleWebKit/537.36 (KHTML, like Gecko) Chrome/135.0.0.0 Mobile Safari/537.36"
102.89.75.202 - - [18/Apr/2025:15:56:37 -0400] "POST /account/login HTTP/1.1" 302 1297 "https://finationglobal.com/account/login" "Mozilla/5.0 (Linux; Android 10; K) AppleWebKit/537.36 (KHTML, like Gecko) Chrome/135.0.0.0 Mobile Safari/537.36"
102.89.75.202 - - [18/Apr/2025:15:56:37 -0400] "GET /account/ HTTP/1.1" 200 0 "https://finationglobal.com/account/login" "Mozilla/5.0 (Linux; Android 10; K) AppleWebKit/537.36 (KHTML, like Gecko) Chrome/135.0.0.0 Mobile Safari/537.36"
102.89.75.202 - - [18/Apr/2025:15:56:38 -0400] "POST /account/login HTTP/1.1" 302 1297 "https://finationglobal.com/account/login" "Mozilla/5.0 (Linux; Android 10; K) AppleWebKit/537.36 (KHTML, like Gecko) Chrome/135.0.0.0 Mobile Safari/537.36"
102.89.75.202 - - [18/Apr/2025:15:56:38 -0400] "GET /account/ HTTP/1.1" 200 6720 "https://finationglobal.com/account/login" "Mozilla/5.0 (Linux; Android 10; K) AppleWebKit/537.36 (KHTML, like Gecko) Chrome/135.0.0.0 Mobile Safari/537.36"
102.89.75.202 - - [18/Apr/2025:15:56:45 -0400] "GET /account/courses HTTP/1.1" 200 5416 "https://finationglobal.com/account/" "Mozilla/5.0 (Linux; Android 10; K) AppleWebKit/537.36 (KHTML, like Gecko) Chrome/135.0.0.0 Mobile Safari/537.36"
102.89.75.202 - - [18/Apr/2025:15:56:46 -0400] "GET /account/courses?index=c81e728d9d4c2f636f067f89cc14862cglc2 HTTP/1.1" 200 5579 "https://finationglobal.com/account/courses" "Mozilla/5.0 (Linux; Android 10; K) AppleWebKit/537.36 (KHTML, like Gecko) Chrome/135.0.0.0 Mobile Safari/537.36"
197.250.50.98 - - [18/Apr/2025:15:57:11 -0400] "GET /account/fundtransfer HTTP/1.1" 302 508 "https://finationglobal.com/account/fundtransfer" "Mozilla/5.0 (Linux; Android 10; K) AppleWebKit/537.36 (KHTML, like Gecko) Chrome/133.0.0.0 Mobile Safari/537.36"
197.250.50.98 - - [18/Apr/2025:15:57:12 -0400] "GET /account/login.php HTTP/1.1" 302 771 "https://finationglobal.com/account/fundtransfer" "Mozilla/5.0 (Linux; Android 10; K) AppleWebKit/537.36 (KHTML, like Gecko) Chrome/133.0.0.0 Mobile Safari/537.36"
197.250.50.98 - - [18/Apr/2025:15:57:12 -0400] "GET /account/login HTTP/1.1" 200 1297 "https://finationglobal.com/account/fundtransfer" "Mozilla/5.0 (Linux; Android 10; K) AppleWebKit/537.36 (KHTML, like Gecko) Chrome/133.0.0.0 Mobile Safari/537.36"
197.250.50.98 - - [18/Apr/2025:15:57:42 -0400] "POST /account/login HTTP/1.1" 302 1297 "https://finationglobal.com/account/login" "Mozilla/5.0 (Linux; Android 10; K) AppleWebKit/537.36 (KHTML, like Gecko) Chrome/133.0.0.0 Mobile Safari/537.36"
197.250.50.98 - - [18/Apr/2025:15:57:43 -0400] "GET /account/ HTTP/1.1" 200 8237 "https://finationglobal.com/account/login" "Mozilla/5.0 (Linux; Android 10; K) AppleWebKit/537.36 (KHTML, like Gecko) Chrome/133.0.0.0 Mobile Safari/537.36"
66.249.66.66 - - [18/Apr/2025:15:57:50 -0400] "GET /js/tilt.jquery.min.js HTTP/1.1" 200 4685 "https://www.finationglobal.com/?shopdetail/8044415" "Mozilla/5.0 (Linux; Android 6.0.1; Nexus 5X Build/MMB29P) AppleWebKit/537.36 (KHTML, like Gecko) Chrome/134.0.6998.165 Mobile Safari/537.36 (compatible; Googlebot/2.1; +http://www.google.com/bot.html)"
66.249.66.65 - - [18/Apr/2025:15:57:50 -0400] "GET /css/style.css HTTP/1.1" 200 29914 "https://www.finationglobal.com/?shopdetail/8044415" "Mozilla/5.0 (Linux; Android 6.0.1; Nexus 5X Build/MMB29P) AppleWebKit/537.36 (KHTML, like Gecko) Chrome/134.0.6998.165 Mobile Safari/537.36 (compatible; Googlebot/2.1; +http://www.google.com/bot.html)"
66.249.66.65 - - [18/Apr/2025:15:57:50 -0400] "GET /css/kursor.css HTTP/1.1" 200 824 "https://www.finationglobal.com/css/style.css" "Mozilla/5.0 (Linux; Android 6.0.1; Nexus 5X Build/MMB29P) AppleWebKit/537.36 (KHTML, like Gecko) Chrome/134.0.6998.165 Mobile Safari/537.36 (compatible; Googlebot/2.1; +http://www.google.com/bot.html)"
66.249.66.65 - - [18/Apr/2025:15:57:51 -0400] "GET /css/nice-select.css HTTP/1.1" 200 931 "https://www.finationglobal.com/css/style.css" "Mozilla/5.0 (Linux; Android 6.0.1; Nexus 5X Build/MMB29P) AppleWebKit/537.36 (KHTML, like Gecko) Chrome/134.0.6998.165 Mobile Safari/537.36 (compatible; Googlebot/2.1; +http://www.google.com/bot.html)"
66.249.66.65 - - [18/Apr/2025:15:57:51 -0400] "GET /css/magnific-popup.css HTTP/1.1" 200 1660 "https://www.finationglobal.com/css/style.css" "Mozilla/5.0 (Linux; Android 6.0.1; Nexus 5X Build/MMB29P) AppleWebKit/537.36 (KHTML, like Gecko) Chrome/134.0.6998.165 Mobile Safari/537.36 (compatible; Googlebot/2.1; +http://www.google.com/bot.html)"
66.249.66.64 - - [18/Apr/2025:15:57:52 -0400] "GET /css/animate.css HTTP/1.1" 200 4467 "https://www.finationglobal.com/css/style.css" "Mozilla/5.0 (Linux; Android 6.0.1; Nexus 5X Build/MMB29P) AppleWebKit/537.36 (KHTML, like Gecko) Chrome/134.0.6998.165 Mobile Safari/537.36 (compatible; Googlebot/2.1; +http://www.google.com/bot.html)"