52.167.144.177 - - [05/May/2025:09:00:29 -0400] "GET /?d=112567553260&filter=133aea&share_to_url=shopdetail.php%3Fid%3D3812996%26name%3Dcollier+messika+14105+yg HTTP/1.1" 200 22028 "-" "Mozilla/5.0 AppleWebKit/537.36 (KHTML, like Gecko; compatible; bingbot/2.0; +http://www.bing.com/bingbot.htm) Chrome/116.0.1938.76 Safari/537.36"
52.167.144.177 - - [05/May/2025:09:00:30 -0400] "GET /?d=89617537260&filter=aa7737&share_to_url=product-page.php%3Fid%3D3037504%26name%3Dcarolina+7815+men+039+s+domestic HTTP/1.1" 200 23656 "-" "Mozilla/5.0 AppleWebKit/537.36 (KHTML, like Gecko; compatible; bingbot/2.0; +http://www.bing.com/bingbot.htm) Chrome/116.0.1938.76 Safari/537.36"
52.167.144.177 - - [05/May/2025:09:00:46 -0400] "GET /?d=33535336260&filter=fd45ef&share_to_url=detail.php%3Fid%3D1140273%26name%3Dkids+animal+inflatable+bouncy HTTP/1.1" 200 24395 "-" "Mozilla/5.0 AppleWebKit/537.36 (KHTML, like Gecko; compatible; bingbot/2.0; +http://www.bing.com/bingbot.htm) Chrome/116.0.1938.76 Safari/537.36"
40.77.167.78 - - [05/May/2025:09:01:02 -0400] "GET /?d=112424555260&filter=9f40ab&share_to_url=shop.php%3Fid%3D3807991%26name%3Dmodische+damen+schultertasche+gro%C3%9Fe HTTP/1.1" 200 22285 "-" "Mozilla/5.0 AppleWebKit/537.36 (KHTML, like Gecko; compatible; bingbot/2.0; +http://www.bing.com/bingbot.htm) Chrome/116.0.1938.76 Safari/537.36"
40.77.167.78 - - [05/May/2025:09:01:02 -0400] "GET /?d=98300008260&filter=02a14f&share_to_url=detail.php%3Fid%3D3331221%26name%3D740+u740bm2 HTTP/1.1" 200 22344 "-" "Mozilla/5.0 AppleWebKit/537.36 (KHTML, like Gecko; compatible; bingbot/2.0; +http://www.bing.com/bingbot.htm) Chrome/116.0.1938.76 Safari/537.36"
40.77.167.78 - - [05/May/2025:09:01:04 -0400] "GET /?d=103995998260&filter=b873a7&share_to_url=detail.php%3Fid%3D3523737%26name%3Decobee4+thermostat+with HTTP/1.1" 200 23059 "-" "Mozilla/5.0 AppleWebKit/537.36 (KHTML, like Gecko; compatible; bingbot/2.0; +http://www.bing.com/bingbot.htm) Chrome/116.0.1938.76 Safari/537.36"
57.154.175.12 - - [05/May/2025:09:01:05 -0400] "GET /?d=91335002260&filter=80d279&share_to_url=product-page.php?id%3D3095284%26name%3Dmeater+plus+review+is HTTP/1.1" 302 0 "-" "Mozilla/5.0 AppleWebKit/537.36 (KHTML, like Gecko); compatible; ChatGPT-User/1.0; +https://openai.com/bot"
57.154.175.12 - - [05/May/2025:09:01:06 -0400] "GET /loginn.php HTTP/1.1" 200 832 "-" "Mozilla/5.0 AppleWebKit/537.36 (KHTML, like Gecko); compatible; ChatGPT-User/1.0; +https://openai.com/bot"
57.154.175.14 - - [05/May/2025:09:01:05 -0400] "GET / HTTP/1.1" 302 0 "-" "Mozilla/5.0 AppleWebKit/537.36 (KHTML, like Gecko); compatible; ChatGPT-User/1.0; +https://openai.com/bot"
57.154.175.14 - - [05/May/2025:09:01:06 -0400] "GET /loginn.php HTTP/1.1" 200 832 "-" "Mozilla/5.0 AppleWebKit/537.36 (KHTML, like Gecko); compatible; ChatGPT-User/1.0; +https://openai.com/bot"
52.167.144.177 - - [05/May/2025:09:01:06 -0400] "GET /?d=100418256260&filter=30b959&share_to_url=discover.php%3Fid%3D3403541%26name%3Dedmund+scientific+vintage HTTP/1.1" 200 23859 "-" "Mozilla/5.0 AppleWebKit/537.36 (KHTML, like Gecko; compatible; bingbot/2.0; +http://www.bing.com/bingbot.htm) Chrome/116.0.1938.76 Safari/537.36"
40.77.167.42 - - [05/May/2025:09:01:11 -0400] "GET /?d=66760697260&filter=b71637&share_to_url=shopdetail.php%3Fid%3D2263256%26name%3Dbeautiful+analogue+quartz+seiko+world HTTP/1.1" 200 22392 "-" "Mozilla/5.0 AppleWebKit/537.36 (KHTML, like Gecko; compatible; bingbot/2.0; +http://www.bing.com/bingbot.htm) Chrome/116.0.1938.76 Safari/537.36"
40.77.167.42 - - [05/May/2025:09:01:12 -0400] "GET /?d=106590809260&filter=b4f984&share_to_url=detail.php%3Fid%3D3610185%26name%3Dprom+dress+style+24428 HTTP/1.1" 200 22068 "-" "Mozilla/5.0 AppleWebKit/537.36 (KHTML, like Gecko; compatible; bingbot/2.0; +http://www.bing.com/bingbot.htm) Chrome/116.0.1938.76 Safari/537.36"
40.77.167.42 - - [05/May/2025:09:01:13 -0400] "GET /?d=17824783260&filter=b2e434&share_to_url=shopdetail.php%3Fid%3D606032%26name%3Dcross+trainer+carl HTTP/1.1" 200 23770 "-" "Mozilla/5.0 AppleWebKit/537.36 (KHTML, like Gecko; compatible; bingbot/2.0; +http://www.bing.com/bingbot.htm) Chrome/116.0.1938.76 Safari/537.36"
52.167.144.177 - - [05/May/2025:09:01:16 -0400] "GET /?d=48580982260&filter=199e58&share_to_url=pin.php%3Fid%3D1651422%26name%3Dginni+thomas+never+spoke HTTP/1.1" 200 23800 "-" "Mozilla/5.0 AppleWebKit/537.36 (KHTML, like Gecko; compatible; bingbot/2.0; +http://www.bing.com/bingbot.htm) Chrome/116.0.1938.76 Safari/537.36"
52.167.144.177 - - [05/May/2025:09:01:17 -0400] "GET /?d=114570492260&filter=7a50b7&share_to_url=article.php%3Fid%3D3879698%26name%3Djungkook+bts+solo+seven+sweatshirt HTTP/1.1" 200 21963 "-" "Mozilla/5.0 AppleWebKit/537.36 (KHTML, like Gecko; compatible; bingbot/2.0; +http://www.bing.com/bingbot.htm) Chrome/116.0.1938.76 Safari/537.36"
66.249.75.65 - - [05/May/2025:09:01:22 -0400] "GET /?d=103228617260&filter=2d2e9f&share_to_url=goods.php%3Fid%3D3498179%26name%3Dmolton+brown+bushukan+eau+de HTTP/1.1" 200 22875 "-" "Mozilla/5.0 (Linux; Android 6.0.1; Nexus 5X Build/MMB29P) AppleWebKit/537.36 (KHTML, like Gecko) Chrome/136.0.7103.59 Mobile Safari/537.36 (compatible; Googlebot/2.1; +http://www.google.com/bot.html)"
40.77.167.78 - - [05/May/2025:09:01:31 -0400] "GET /?d=107996210260&filter=c79531&share_to_url=detail.php%3Fid%3D3656481%26name%3Dunopiu+barby HTTP/1.1" 200 23907 "-" "Mozilla/5.0 AppleWebKit/537.36 (KHTML, like Gecko; compatible; bingbot/2.0; +http://www.bing.com/bingbot.htm) Chrome/116.0.1938.76 Safari/537.36"
40.77.167.78 - - [05/May/2025:09:01:32 -0400] "GET /?d=96800884260&filter=ab67d8&share_to_url=goods.php%3Fid%3D3279899%26name%3Drare+earths+news HTTP/1.1" 200 24991 "-" "Mozilla/5.0 AppleWebKit/537.36 (KHTML, like Gecko; compatible; bingbot/2.0; +http://www.bing.com/bingbot.htm) Chrome/116.0.1938.76 Safari/537.36"
40.77.167.78 - - [05/May/2025:09:01:33 -0400] "GET /?d=109247844260&filter=14708a&share_to_url=pin.php%3Fid%3D3698430%26name%3Dswissbike+x70+hotsell HTTP/1.1" 200 22442 "-" "Mozilla/5.0 AppleWebKit/537.36 (KHTML, like Gecko; compatible; bingbot/2.0; +http://www.bing.com/bingbot.htm) Chrome/116.0.1938.76 Safari/537.36"
40.77.167.78 - - [05/May/2025:09:01:34 -0400] "GET /?d=105241821260&filter=4fcc39&share_to_url=product.php%3Fid%3D3565534%26name%3Ddupeytren+039+s+a+fork HTTP/1.1" 200 22618 "-" "Mozilla/5.0 AppleWebKit/537.36 (KHTML, like Gecko; compatible; bingbot/2.0; +http://www.bing.com/bingbot.htm) Chrome/116.0.1938.76 Safari/537.36"
52.167.144.177 - - [05/May/2025:09:01:40 -0400] "GET /?d=110059173260&filter=cb3ca5&share_to_url=detail.php%3Fid%3D3724965%26name%3Dsilikomart+professional+silicone+bakeware HTTP/1.1" 200 22477 "-" "Mozilla/5.0 AppleWebKit/537.36 (KHTML, like Gecko; compatible; bingbot/2.0; +http://www.bing.com/bingbot.htm) Chrome/116.0.1938.76 Safari/537.36"
52.167.144.177 - - [05/May/2025:09:01:41 -0400] "GET /?d=88563493260&filter=b2e434&share_to_url=item.php%3Fid%3D3001573%26name%3Dspin+bike+2025+replacement+handlebars HTTP/1.1" 200 22949 "-" "Mozilla/5.0 AppleWebKit/537.36 (KHTML, like Gecko; compatible; bingbot/2.0; +http://www.bing.com/bingbot.htm) Chrome/116.0.1938.76 Safari/537.36"
52.167.144.177 - - [05/May/2025:09:01:58 -0400] "GET /?d=95748205260&filter=cdc800&share_to_url=goods.php%3Fid%3D3243983%26name%3Dpiyama+our HTTP/1.1" 200 23694 "-" "Mozilla/5.0 AppleWebKit/537.36 (KHTML, like Gecko; compatible; bingbot/2.0; +http://www.bing.com/bingbot.htm) Chrome/116.0.1938.76 Safari/537.36"
52.167.144.177 - - [05/May/2025:09:01:59 -0400] "GET /?d=96350358260&filter=ea8803&share_to_url=pin.php%3Fid%3D3264378%26name%3Dfossil+2024+ronnie+bag HTTP/1.1" 200 23482 "-" "Mozilla/5.0 AppleWebKit/537.36 (KHTML, like Gecko; compatible; bingbot/2.0; +http://www.bing.com/bingbot.htm) Chrome/116.0.1938.76 Safari/537.36"
40.77.167.42 - - [05/May/2025:09:02:15 -0400] "GET /?d=85789064260&filter=cec82a&share_to_url=article.php%3Fid%3D2906534%26name%3Dbuy+navjai+baby+short HTTP/1.1" 200 23168 "-" "Mozilla/5.0 AppleWebKit/537.36 (KHTML, like Gecko; compatible; bingbot/2.0; +http://www.bing.com/bingbot.htm) Chrome/116.0.1938.76 Safari/537.36"
40.77.167.42 - - [05/May/2025:09:02:16 -0400] "GET /?d=96205344260&filter=03bb2d&share_to_url=pin.php%3Fid%3D3259422%26name%3Dmarre+long+puffer HTTP/1.1" 200 23739 "-" "Mozilla/5.0 AppleWebKit/537.36 (KHTML, like Gecko; compatible; bingbot/2.0; +http://www.bing.com/bingbot.htm) Chrome/116.0.1938.76 Safari/537.36"
40.77.167.42 - - [05/May/2025:09:02:17 -0400] "GET /?d=82441805260&filter=b2e434&share_to_url=shop.php%3Fid%3D2792623%26name%3Dfirst+new+routine HTTP/1.1" 200 24730 "-" "Mozilla/5.0 AppleWebKit/537.36 (KHTML, like Gecko; compatible; bingbot/2.0; +http://www.bing.com/bingbot.htm) Chrome/116.0.1938.76 Safari/537.36"
40.77.167.42 - - [05/May/2025:09:02:18 -0400] "GET /?d=97353931260&filter=fc572a&share_to_url=article.php%3Fid%3D3298898%26name%3Dfamous+soccer+players+who+wore HTTP/1.1" 200 23381 "-" "Mozilla/5.0 AppleWebKit/537.36 (KHTML, like Gecko; compatible; bingbot/2.0; +http://www.bing.com/bingbot.htm) Chrome/116.0.1938.76 Safari/537.36"
40.77.167.42 - - [05/May/2025:09:02:18 -0400] "GET /?d=110063179260&filter=ef2428&share_to_url=detail.php%3Fid%3D3725109%26name%3Dblaupunkt+hss601+hair+straightener+with HTTP/1.1" 200 23081 "-" "Mozilla/5.0 AppleWebKit/537.36 (KHTML, like Gecko; compatible; bingbot/2.0; +http://www.bing.com/bingbot.htm) Chrome/116.0.1938.76 Safari/537.36"
52.167.144.177 - - [05/May/2025:09:02:20 -0400] "GET /?d=88545365260&filter=cab71d&share_to_url=pin.php%3Fid%3D3000954%26name%3Dice+fishing+spinning+rods HTTP/1.1" 200 23553 "-" "Mozilla/5.0 AppleWebKit/537.36 (KHTML, like Gecko; compatible; bingbot/2.0; +http://www.bing.com/bingbot.htm) Chrome/116.0.1938.76 Safari/537.36"
40.77.167.78 - - [05/May/2025:09:02:20 -0400] "GET /?d=112590109260&filter=0c7b35&share_to_url=shop.php%3Fid%3D3813727%26name%3Ddoors+down+theory HTTP/1.1" 200 23600 "-" "Mozilla/5.0 AppleWebKit/537.36 (KHTML, like Gecko; compatible; bingbot/2.0; +http://www.bing.com/bingbot.htm) Chrome/116.0.1938.76 Safari/537.36"
52.167.144.177 - - [05/May/2025:09:02:20 -0400] "GET /?d=85906044260&filter=c7968e&share_to_url=detail.php%3Fid%3D2910393%26name%3Dhello+kitty+clothing+collaborations HTTP/1.1" 200 24228 "-" "Mozilla/5.0 AppleWebKit/537.36 (KHTML, like Gecko; compatible; bingbot/2.0; +http://www.bing.com/bingbot.htm) Chrome/116.0.1938.76 Safari/537.36"
52.167.144.177 - - [05/May/2025:09:02:21 -0400] "GET /?d=21852971260&filter=6a0e38&share_to_url=product.php%3Fid%3D741310%26name%3Dlooney+tunes+x HTTP/1.1" 200 22363 "-" "Mozilla/5.0 AppleWebKit/537.36 (KHTML, like Gecko; compatible; bingbot/2.0; +http://www.bing.com/bingbot.htm) Chrome/116.0.1938.76 Safari/537.36"
52.167.144.177 - - [05/May/2025:09:02:22 -0400] "GET /?d=100851216260&filter=3ebd99&share_to_url=model.php%3Fid%3D3418407%26name%3Dupdate+your+freely HTTP/1.1" 200 23461 "-" "Mozilla/5.0 AppleWebKit/537.36 (KHTML, like Gecko; compatible; bingbot/2.0; +http://www.bing.com/bingbot.htm) Chrome/116.0.1938.76 Safari/537.36"
52.167.144.177 - - [05/May/2025:09:02:23 -0400] "GET /?d=115223332260&filter=d02e2d&share_to_url=discover.php%3Fid%3D3901781%26name%3Done+shoulder+swimsuits+for HTTP/1.1" 200 23148 "-" "Mozilla/5.0 AppleWebKit/537.36 (KHTML, like Gecko; compatible; bingbot/2.0; +http://www.bing.com/bingbot.htm) Chrome/116.0.1938.76 Safari/537.36"
40.77.167.78 - - [05/May/2025:09:02:29 -0400] "GET /?d=109683437260&filter=ec7398&share_to_url=product.php%3Fid%3D3712402%26name%3D2009+lg+jet HTTP/1.1" 200 24592 "-" "Mozilla/5.0 AppleWebKit/537.36 (KHTML, like Gecko; compatible; bingbot/2.0; +http://www.bing.com/bingbot.htm) Chrome/116.0.1938.76 Safari/537.36"
40.77.167.78 - - [05/May/2025:09:02:30 -0400] "GET /?d=105220034260&filter=15d3b1&share_to_url=detail.php%3Fid%3D3564765%26name%3Dblack+decker HTTP/1.1" 200 23095 "-" "Mozilla/5.0 AppleWebKit/537.36 (KHTML, like Gecko; compatible; bingbot/2.0; +http://www.bing.com/bingbot.htm) Chrome/116.0.1938.76 Safari/537.36"
40.77.167.78 - - [05/May/2025:09:02:31 -0400] "GET /?d=108177568260&filter=256877&share_to_url=discover.php%3Fid%3D3662681%26name%3Dextra+large+ottomans HTTP/1.1" 200 24117 "-" "Mozilla/5.0 AppleWebKit/537.36 (KHTML, like Gecko; compatible; bingbot/2.0; +http://www.bing.com/bingbot.htm) Chrome/116.0.1938.76 Safari/537.36"
23.137.105.118 - - [05/May/2025:09:02:31 -0400] "POST /wp-admin HTTP/1.1" 302 0 "https://churchmr.com/wp-admin/" "Mozilla/5.0 (Windows NT 10.0; Win64; x64) AppleWebKit/537.36 (KHTML, like Gecko) Chrome/90.0.4430.85 Safari/537.36"
23.137.105.118 - - [05/May/2025:09:02:31 -0400] "GET /loginn.php HTTP/1.1" 200 970 "https://churchmr.com/wp-admin/" "Mozilla/5.0 (Windows NT 10.0; Win64; x64) AppleWebKit/537.36 (KHTML, like Gecko) Chrome/90.0.4430.85 Safari/537.36"
23.137.105.118 - - [05/May/2025:09:02:32 -0400] "POST /wp-login.php HTTP/1.1" 302 0 "https://churchmr.com/wp-admin/" "Mozilla/5.0 (Windows NT 10.0; Win64; x64) AppleWebKit/537.36 (KHTML, like Gecko) Chrome/90.0.4430.85 Safari/537.36"
23.137.105.118 - - [05/May/2025:09:02:32 -0400] "GET /loginn.php HTTP/1.1" 200 970 "https://churchmr.com/wp-admin/" "Mozilla/5.0 (Windows NT 10.0; Win64; x64) AppleWebKit/537.36 (KHTML, like Gecko) Chrome/90.0.4430.85 Safari/537.36"
23.137.105.118 - - [05/May/2025:09:02:33 -0400] "POST /admin HTTP/1.1" 302 0 "https://churchmr.com/wp-admin/" "Mozilla/5.0 (Windows NT 10.0; Win64; x64) AppleWebKit/537.36 (KHTML, like Gecko) Chrome/90.0.4430.85 Safari/537.36"
23.137.105.118 - - [05/May/2025:09:02:33 -0400] "GET /loginn.php HTTP/1.1" 200 970 "https://churchmr.com/wp-admin/" "Mozilla/5.0 (Windows NT 10.0; Win64; x64) AppleWebKit/537.36 (KHTML, like Gecko) Chrome/90.0.4430.85 Safari/537.36"
23.137.105.118 - - [05/May/2025:09:02:34 -0400] "POST /user/login HTTP/1.1" 302 0 "https://churchmr.com/wp-admin/" "Mozilla/5.0 (Windows NT 10.0; Win64; x64) AppleWebKit/537.36 (KHTML, like Gecko) Chrome/90.0.4430.85 Safari/537.36"
23.137.105.118 - - [05/May/2025:09:02:34 -0400] "GET /user/loginn.php HTTP/1.1" 302 0 "https://churchmr.com/wp-admin/" "Mozilla/5.0 (Windows NT 10.0; Win64; x64) AppleWebKit/537.36 (KHTML, like Gecko) Chrome/90.0.4430.85 Safari/537.36"
40.77.167.42 - - [05/May/2025:09:02:35 -0400] "GET /?d=20279859260&filter=9e9754&share_to_url=discover.php%3Fid%3D688829%26name%3Dlemon+juice+reduce HTTP/1.1" 200 24616 "-" "Mozilla/5.0 AppleWebKit/537.36 (KHTML, like Gecko; compatible; bingbot/2.0; +http://www.bing.com/bingbot.htm) Chrome/116.0.1938.76 Safari/537.36"
23.137.105.118 - - [05/May/2025:09:02:35 -0400] "GET /user/loginn.php HTTP/1.1" 302 0 "https://churchmr.com/wp-admin/" "Mozilla/5.0 (Windows NT 10.0; Win64; x64) AppleWebKit/537.36 (KHTML, like Gecko) Chrome/90.0.4430.85 Safari/537.36"
23.137.105.118 - - [05/May/2025:09:02:36 -0400] "GET /user/loginn.php HTTP/1.1" 302 0 "https://churchmr.com/wp-admin/" "Mozilla/5.0 (Windows NT 10.0; Win64; x64) AppleWebKit/537.36 (KHTML, like Gecko) Chrome/90.0.4430.85 Safari/537.36"
23.137.105.118 - - [05/May/2025:09:02:37 -0400] "GET /user/loginn.php HTTP/1.1" 302 0 "https://churchmr.com/wp-admin/" "Mozilla/5.0 (Windows NT 10.0; Win64; x64) AppleWebKit/537.36 (KHTML, like Gecko) Chrome/90.0.4430.85 Safari/537.36"
23.137.105.118 - - [05/May/2025:09:02:38 -0400] "GET /user/loginn.php HTTP/1.1" 302 0 "https://churchmr.com/wp-admin/" "Mozilla/5.0 (Windows NT 10.0; Win64; x64) AppleWebKit/537.36 (KHTML, like Gecko) Chrome/90.0.4430.85 Safari/537.36"
23.137.105.118 - - [05/May/2025:09:02:38 -0400] "GET /user/loginn.php HTTP/1.1" 302 0 "https://churchmr.com/wp-admin/" "Mozilla/5.0 (Windows NT 10.0; Win64; x64) AppleWebKit/537.36 (KHTML, like Gecko) Chrome/90.0.4430.85 Safari/537.36"
23.137.105.118 - - [05/May/2025:09:02:39 -0400] "GET /user/loginn.php HTTP/1.1" 302 0 "https://churchmr.com/wp-admin/" "Mozilla/5.0 (Windows NT 10.0; Win64; x64) AppleWebKit/537.36 (KHTML, like Gecko) Chrome/90.0.4430.85 Safari/537.36"
52.167.144.177 - - [05/May/2025:09:02:40 -0400] "GET /?d=60786409260&filter=43927c&share_to_url=discover.php%3Fid%3D2062361%26name%3Dgraduandos+2019+c%C3%B3digo HTTP/1.1" 200 23460 "-" "Mozilla/5.0 AppleWebKit/537.36 (KHTML, like Gecko; compatible; bingbot/2.0; +http://www.bing.com/bingbot.htm) Chrome/116.0.1938.76 Safari/537.36"
23.137.105.118 - - [05/May/2025:09:02:40 -0400] "GET /user/loginn.php HTTP/1.1" 302 0 "https://churchmr.com/wp-admin/" "Mozilla/5.0 (Windows NT 10.0; Win64; x64) AppleWebKit/537.36 (KHTML, like Gecko) Chrome/90.0.4430.85 Safari/537.36"
23.137.105.118 - - [05/May/2025:09:02:41 -0400] "GET /user/loginn.php HTTP/1.1" 302 0 "https://churchmr.com/wp-admin/" "Mozilla/5.0 (Windows NT 10.0; Win64; x64) AppleWebKit/537.36 (KHTML, like Gecko) Chrome/90.0.4430.85 Safari/537.36"
23.137.105.118 - - [05/May/2025:09:02:41 -0400] "GET /user/loginn.php HTTP/1.1" 302 0 "https://churchmr.com/wp-admin/" "Mozilla/5.0 (Windows NT 10.0; Win64; x64) AppleWebKit/537.36 (KHTML, like Gecko) Chrome/90.0.4430.85 Safari/537.36"
23.137.105.118 - - [05/May/2025:09:02:42 -0400] "GET /user/loginn.php HTTP/1.1" 302 0 "https://churchmr.com/wp-admin/" "Mozilla/5.0 (Windows NT 10.0; Win64; x64) AppleWebKit/537.36 (KHTML, like Gecko) Chrome/90.0.4430.85 Safari/537.36"
23.137.105.118 - - [05/May/2025:09:02:43 -0400] "GET /user/loginn.php HTTP/1.1" 302 0 "https://churchmr.com/wp-admin/" "Mozilla/5.0 (Windows NT 10.0; Win64; x64) AppleWebKit/537.36 (KHTML, like Gecko) Chrome/90.0.4430.85 Safari/537.36"
23.137.105.118 - - [05/May/2025:09:02:44 -0400] "GET /user/loginn.php HTTP/1.1" 302 0 "https://churchmr.com/wp-admin/" "Mozilla/5.0 (Windows NT 10.0; Win64; x64) AppleWebKit/537.36 (KHTML, like Gecko) Chrome/90.0.4430.85 Safari/537.36"
23.137.105.118 - - [05/May/2025:09:02:44 -0400] "GET /user/loginn.php HTTP/1.1" 302 0 "https://churchmr.com/wp-admin/" "Mozilla/5.0 (Windows NT 10.0; Win64; x64) AppleWebKit/537.36 (KHTML, like Gecko) Chrome/90.0.4430.85 Safari/537.36"
40.77.167.78 - - [05/May/2025:09:02:45 -0400] "GET /?d=107993657260&filter=c79531&share_to_url=product.php%3Fid%3D3656386%26name%3Dqueen+mary+ship+model HTTP/1.1" 200 22948 "-" "Mozilla/5.0 AppleWebKit/537.36 (KHTML, like Gecko; compatible; bingbot/2.0; +http://www.bing.com/bingbot.htm) Chrome/116.0.1938.76 Safari/537.36"
23.137.105.118 - - [05/May/2025:09:02:45 -0400] "GET /user/loginn.php HTTP/1.1" 302 0 "https://churchmr.com/wp-admin/" "Mozilla/5.0 (Windows NT 10.0; Win64; x64) AppleWebKit/537.36 (KHTML, like Gecko) Chrome/90.0.4430.85 Safari/537.36"
52.167.144.177 - - [05/May/2025:09:02:45 -0400] "GET /?d=62598910260&filter=ada5f8&share_to_url=detail.php%3Fid%3D2122521%26name%3Duniversal+sling+discount+swing HTTP/1.1" 200 23967 "-" "Mozilla/5.0 AppleWebKit/537.36 (KHTML, like Gecko; compatible; bingbot/2.0; +http://www.bing.com/bingbot.htm) Chrome/116.0.1938.76 Safari/537.36"
40.77.167.78 - - [05/May/2025:09:02:45 -0400] "GET /?d=110854659260&filter=b1eddb&share_to_url=shopdetail.php%3Fid%3D3753524%26name%3Dtheories+of+play HTTP/1.1" 200 23394 "-" "Mozilla/5.0 AppleWebKit/537.36 (KHTML, like Gecko; compatible; bingbot/2.0; +http://www.bing.com/bingbot.htm) Chrome/116.0.1938.76 Safari/537.36"
23.137.105.118 - - [05/May/2025:09:02:46 -0400] "GET /user/loginn.php HTTP/1.1" 302 0 "https://churchmr.com/wp-admin/" "Mozilla/5.0 (Windows NT 10.0; Win64; x64) AppleWebKit/537.36 (KHTML, like Gecko) Chrome/90.0.4430.85 Safari/537.36"
23.137.105.118 - - [05/May/2025:09:02:46 -0400] "GET /user/loginn.php HTTP/1.1" 302 0 "https://churchmr.com/wp-admin/" "Mozilla/5.0 (Windows NT 10.0; Win64; x64) AppleWebKit/537.36 (KHTML, like Gecko) Chrome/90.0.4430.85 Safari/537.36"
23.137.105.118 - - [05/May/2025:09:02:47 -0400] "GET /user/loginn.php HTTP/1.1" 302 0 "https://churchmr.com/wp-admin/" "Mozilla/5.0 (Windows NT 10.0; Win64; x64) AppleWebKit/537.36 (KHTML, like Gecko) Chrome/90.0.4430.85 Safari/537.36"
23.137.105.118 - - [05/May/2025:09:02:48 -0400] "GET /user/loginn.php HTTP/1.1" 302 0 "https://churchmr.com/wp-admin/" "Mozilla/5.0 (Windows NT 10.0; Win64; x64) AppleWebKit/537.36 (KHTML, like Gecko) Chrome/90.0.4430.85 Safari/537.36"
23.137.105.118 - - [05/May/2025:09:02:48 -0400] "GET /user/loginn.php HTTP/1.1" 302 0 "https://churchmr.com/wp-admin/" "Mozilla/5.0 (Windows NT 10.0; Win64; x64) AppleWebKit/537.36 (KHTML, like Gecko) Chrome/90.0.4430.85 Safari/537.36"
40.77.167.42 - - [05/May/2025:09:02:49 -0400] "GET /?d=92707634260&filter=9569f9&share_to_url=product-page.php%3Fid%3D3141100%26name%3Dzara+c%C3%B3mo+reservar HTTP/1.1" 200 24544 "-" "Mozilla/5.0 AppleWebKit/537.36 (KHTML, like Gecko; compatible; bingbot/2.0; +http://www.bing.com/bingbot.htm) Chrome/116.0.1938.76 Safari/537.36"
23.137.105.118 - - [05/May/2025:09:02:49 -0400] "GET /user/loginn.php HTTP/1.1" 302 0 "https://churchmr.com/wp-admin/" "Mozilla/5.0 (Windows NT 10.0; Win64; x64) AppleWebKit/537.36 (KHTML, like Gecko) Chrome/90.0.4430.85 Safari/537.36"
23.137.105.118 - - [05/May/2025:09:02:50 -0400] "GET /user/loginn.php HTTP/1.1" 302 0 "https://churchmr.com/wp-admin/" "Mozilla/5.0 (Windows NT 10.0; Win64; x64) AppleWebKit/537.36 (KHTML, like Gecko) Chrome/90.0.4430.85 Safari/537.36"
40.77.167.42 - - [05/May/2025:09:02:50 -0400] "GET /?d=89408318260&filter=64af2e&share_to_url=model.php%3Fid%3D3030543%26name%3Dchemise+en+organza+brod%C3%A9 HTTP/1.1" 200 23006 "-" "Mozilla/5.0 AppleWebKit/537.36 (KHTML, like Gecko; compatible; bingbot/2.0; +http://www.bing.com/bingbot.htm) Chrome/116.0.1938.76 Safari/537.36"
23.137.105.118 - - [05/May/2025:09:02:51 -0400] "GET /user/loginn.php HTTP/1.1" 302 0 "https://churchmr.com/wp-admin/" "Mozilla/5.0 (Windows NT 10.0; Win64; x64) AppleWebKit/537.36 (KHTML, like Gecko) Chrome/90.0.4430.85 Safari/537.36"
40.77.167.42 - - [05/May/2025:09:02:51 -0400] "GET /?d=110251603260&filter=eab85f&share_to_url=goods.php%3Fid%3D3731651%26name%3Dsand%C3%A1lia+de+salto+prata+da HTTP/1.1" 200 23723 "-" "Mozilla/5.0 AppleWebKit/537.36 (KHTML, like Gecko; compatible; bingbot/2.0; +http://www.bing.com/bingbot.htm) Chrome/116.0.1938.76 Safari/537.36"
23.137.105.118 - - [05/May/2025:09:02:51 -0400] "GET /user/loginn.php HTTP/1.1" 302 0 "https://churchmr.com/wp-admin/" "Mozilla/5.0 (Windows NT 10.0; Win64; x64) AppleWebKit/537.36 (KHTML, like Gecko) Chrome/90.0.4430.85 Safari/537.36"
23.137.105.118 - - [05/May/2025:09:02:52 -0400] "GET /user/loginn.php HTTP/1.1" 302 0 "https://churchmr.com/wp-admin/" "Mozilla/5.0 (Windows NT 10.0; Win64; x64) AppleWebKit/537.36 (KHTML, like Gecko) Chrome/90.0.4430.85 Safari/537.36"
23.137.105.118 - - [05/May/2025:09:02:53 -0400] "GET /user/loginn.php HTTP/1.1" 302 0 "https://churchmr.com/wp-admin/" "Mozilla/5.0 (Windows NT 10.0; Win64; x64) AppleWebKit/537.36 (KHTML, like Gecko) Chrome/90.0.4430.85 Safari/537.36"
23.137.105.118 - - [05/May/2025:09:02:54 -0400] "GET /user/loginn.php HTTP/1.1" 302 0 "https://churchmr.com/wp-admin/" "Mozilla/5.0 (Windows NT 10.0; Win64; x64) AppleWebKit/537.36 (KHTML, like Gecko) Chrome/90.0.4430.85 Safari/537.36"
23.137.105.118 - - [05/May/2025:09:02:55 -0400] "GET /user/loginn.php HTTP/1.1" 302 0 "https://churchmr.com/wp-admin/" "Mozilla/5.0 (Windows NT 10.0; Win64; x64) AppleWebKit/537.36 (KHTML, like Gecko) Chrome/90.0.4430.85 Safari/537.36"
40.77.167.35 - - [05/May/2025:09:02:55 -0400] "GET /?d=114594848260&filter=9e8603&share_to_url=shopdetail.php%3Fid%3D3880484%26name%3Dfaux+fur+trimmed+hoodie HTTP/1.1" 200 23673 "-" "Mozilla/5.0 AppleWebKit/537.36 (KHTML, like Gecko; compatible; bingbot/2.0; +http://www.bing.com/bingbot.htm) Chrome/116.0.1938.76 Safari/537.36"
23.137.105.118 - - [05/May/2025:09:02:55 -0400] "GET /user/loginn.php HTTP/1.1" 302 0 "https://churchmr.com/wp-admin/" "Mozilla/5.0 (Windows NT 10.0; Win64; x64) AppleWebKit/537.36 (KHTML, like Gecko) Chrome/90.0.4430.85 Safari/537.36"
23.137.105.118 - - [05/May/2025:09:02:56 -0400] "GET /user/loginn.php HTTP/1.1" 302 0 "https://churchmr.com/wp-admin/" "Mozilla/5.0 (Windows NT 10.0; Win64; x64) AppleWebKit/537.36 (KHTML, like Gecko) Chrome/90.0.4430.85 Safari/537.36"
23.137.105.118 - - [05/May/2025:09:02:57 -0400] "POST /login HTTP/1.1" 302 0 "https://churchmr.com/wp-admin/" "Mozilla/5.0 (Windows NT 10.0; Win64; x64) AppleWebKit/537.36 (KHTML, like Gecko) Chrome/90.0.4430.85 Safari/537.36"
23.137.105.118 - - [05/May/2025:09:02:57 -0400] "GET /loginn.php HTTP/1.1" 200 970 "https://churchmr.com/wp-admin/" "Mozilla/5.0 (Windows NT 10.0; Win64; x64) AppleWebKit/537.36 (KHTML, like Gecko) Chrome/90.0.4430.85 Safari/537.36"
23.137.105.118 - - [05/May/2025:09:02:57 -0400] "POST /dashboard HTTP/1.1" 302 0 "https://churchmr.com/wp-admin/" "Mozilla/5.0 (Windows NT 10.0; Win64; x64) AppleWebKit/537.36 (KHTML, like Gecko) Chrome/90.0.4430.85 Safari/537.36"
23.137.105.118 - - [05/May/2025:09:02:58 -0400] "GET /loginn.php HTTP/1.1" 200 970 "https://churchmr.com/wp-admin/" "Mozilla/5.0 (Windows NT 10.0; Win64; x64) AppleWebKit/537.36 (KHTML, like Gecko) Chrome/90.0.4430.85 Safari/537.36"
23.137.105.118 - - [05/May/2025:09:02:58 -0400] "POST /cms HTTP/1.1" 302 0 "https://churchmr.com/wp-admin/" "Mozilla/5.0 (Windows NT 10.0; Win64; x64) AppleWebKit/537.36 (KHTML, like Gecko) Chrome/90.0.4430.85 Safari/537.36"
23.137.105.118 - - [05/May/2025:09:02:59 -0400] "GET /loginn.php HTTP/1.1" 200 970 "https://churchmr.com/wp-admin/" "Mozilla/5.0 (Windows NT 10.0; Win64; x64) AppleWebKit/537.36 (KHTML, like Gecko) Chrome/90.0.4430.85 Safari/537.36"
23.137.105.118 - - [05/May/2025:09:02:59 -0400] "POST /panel HTTP/1.1" 302 0 "https://churchmr.com/wp-admin/" "Mozilla/5.0 (Windows NT 10.0; Win64; x64) AppleWebKit/537.36 (KHTML, like Gecko) Chrome/90.0.4430.85 Safari/537.36"
23.137.105.118 - - [05/May/2025:09:03:00 -0400] "GET /loginn.php HTTP/1.1" 200 970 "https://churchmr.com/wp-admin/" "Mozilla/5.0 (Windows NT 10.0; Win64; x64) AppleWebKit/537.36 (KHTML, like Gecko) Chrome/90.0.4430.85 Safari/537.36"
23.137.105.118 - - [05/May/2025:09:03:00 -0400] "POST /backend HTTP/1.1" 302 0 "https://churchmr.com/wp-admin/" "Mozilla/5.0 (Windows NT 10.0; Win64; x64) AppleWebKit/537.36 (KHTML, like Gecko) Chrome/90.0.4430.85 Safari/537.36"
52.167.144.177 - - [05/May/2025:09:03:00 -0400] "GET /?d=103843417260&filter=8928c2&share_to_url=shop.php%3Fid%3D3518347%26name%3Dtalbots+heavy+boiled+wool+coat HTTP/1.1" 200 23194 "-" "Mozilla/5.0 AppleWebKit/537.36 (KHTML, like Gecko; compatible; bingbot/2.0; +http://www.bing.com/bingbot.htm) Chrome/116.0.1938.76 Safari/537.36"
23.137.105.118 - - [05/May/2025:09:03:00 -0400] "GET /loginn.php HTTP/1.1" 200 970 "https://churchmr.com/wp-admin/" "Mozilla/5.0 (Windows NT 10.0; Win64; x64) AppleWebKit/537.36 (KHTML, like Gecko) Chrome/90.0.4430.85 Safari/537.36"
52.167.144.177 - - [05/May/2025:09:03:01 -0400] "GET /?d=114889384260&filter=ab67d8&share_to_url=model.php%3Fid%3D3890211%26name%3Dcosatto+noodle+supa HTTP/1.1" 200 22654 "-" "Mozilla/5.0 AppleWebKit/537.36 (KHTML, like Gecko; compatible; bingbot/2.0; +http://www.bing.com/bingbot.htm) Chrome/116.0.1938.76 Safari/537.36"
52.167.144.177 - - [05/May/2025:09:03:01 -0400] "GET /?d=115460071260&filter=2401a1&share_to_url=goods.php%3Fid%3D3910019%26name%3Dfossil+fs4831+men+039+s+chrono+grant HTTP/1.1" 200 22651 "-" "Mozilla/5.0 AppleWebKit/537.36 (KHTML, like Gecko; compatible; bingbot/2.0; +http://www.bing.com/bingbot.htm) Chrome/116.0.1938.76 Safari/537.36"
52.167.144.177 - - [05/May/2025:09:03:02 -0400] "GET /?d=114349792260&filter=f9e5aa&share_to_url=product.php%3Fid%3D3872230%26name%3Darmani+suits+discount+canada HTTP/1.1" 200 22712 "-" "Mozilla/5.0 AppleWebKit/537.36 (KHTML, like Gecko; compatible; bingbot/2.0; +http://www.bing.com/bingbot.htm) Chrome/116.0.1938.76 Safari/537.36"
52.167.144.177 - - [05/May/2025:09:03:04 -0400] "GET /?d=84838778260&filter=7eb81d&share_to_url=shopdetail.php%3Fid%3D2873432%26name%3Dbuttons+minnie+muse HTTP/1.1" 200 23424 "-" "Mozilla/5.0 AppleWebKit/537.36 (KHTML, like Gecko; compatible; bingbot/2.0; +http://www.bing.com/bingbot.htm) Chrome/116.0.1938.76 Safari/537.36"
40.77.167.42 - - [05/May/2025:09:03:05 -0400] "GET /?d=59123930260&filter=7ffa06&share_to_url=product-page.php%3Fid%3D2006608%26name%3Dmatador+official+remix HTTP/1.1" 200 24280 "-" "Mozilla/5.0 AppleWebKit/537.36 (KHTML, like Gecko; compatible; bingbot/2.0; +http://www.bing.com/bingbot.htm) Chrome/116.0.1938.76 Safari/537.36"
40.77.167.42 - - [05/May/2025:09:03:05 -0400] "GET /?d=8919056260&filter=c08dc8&share_to_url=shop.php%3Fid%3D306307%26name%3Dseat+cupra+gt HTTP/1.1" 200 23082 "-" "Mozilla/5.0 AppleWebKit/537.36 (KHTML, like Gecko; compatible; bingbot/2.0; +http://www.bing.com/bingbot.htm) Chrome/116.0.1938.76 Safari/537.36"
40.77.167.42 - - [05/May/2025:09:03:06 -0400] "GET /?d=85967581260&filter=ada5f8&share_to_url=product.php%3Fid%3D2912362%26name%3Dbasket+maker+s+supply HTTP/1.1" 200 24873 "-" "Mozilla/5.0 AppleWebKit/537.36 (KHTML, like Gecko; compatible; bingbot/2.0; +http://www.bing.com/bingbot.htm) Chrome/116.0.1938.76 Safari/537.36"
40.77.167.42 - - [05/May/2025:09:03:06 -0400] "GET /?d=85590729260&filter=0ab89c&share_to_url=shop.php%3Fid%3D2899447%26name%3Dsweatjacke+duke+finnleys+dunkelblau HTTP/1.1" 200 23540 "-" "Mozilla/5.0 AppleWebKit/537.36 (KHTML, like Gecko; compatible; bingbot/2.0; +http://www.bing.com/bingbot.htm) Chrome/116.0.1938.76 Safari/537.36"
40.77.167.35 - - [05/May/2025:09:03:10 -0400] "GET /?d=86142292260&filter=343282&share_to_url=ideas.php%3Fid%3D2918484%26name%3Dtwo+heavily+worn HTTP/1.1" 200 24777 "-" "Mozilla/5.0 AppleWebKit/537.36 (KHTML, like Gecko; compatible; bingbot/2.0; +http://www.bing.com/bingbot.htm) Chrome/116.0.1938.76 Safari/537.36"
40.77.167.35 - - [05/May/2025:09:03:11 -0400] "GET /?d=107547519260&filter=c37035&share_to_url=detail.php%3Fid%3D3642237%26name%3Dc+a+llena+de HTTP/1.1" 200 23714 "-" "Mozilla/5.0 AppleWebKit/537.36 (KHTML, like Gecko; compatible; bingbot/2.0; +http://www.bing.com/bingbot.htm) Chrome/116.0.1938.76 Safari/537.36"
52.167.144.177 - - [05/May/2025:09:03:19 -0400] "GET /?d=91586455260&filter=955928&share_to_url=goods.php%3Fid%3D3103643%26name%3Dacademic+style+business+concept+man HTTP/1.1" 200 23949 "-" "Mozilla/5.0 AppleWebKit/537.36 (KHTML, like Gecko; compatible; bingbot/2.0; +http://www.bing.com/bingbot.htm) Chrome/116.0.1938.76 Safari/537.36"
40.77.167.42 - - [05/May/2025:09:03:26 -0400] "GET /?d=88261069260&filter=d6afcf&share_to_url=goods.php%3Fid%3D2991143%26name%3Dbuy+allextreme+exkeg4b+stainless HTTP/1.1" 200 22876 "-" "Mozilla/5.0 AppleWebKit/537.36 (KHTML, like Gecko; compatible; bingbot/2.0; +http://www.bing.com/bingbot.htm) Chrome/116.0.1938.76 Safari/537.36"
40.77.167.35 - - [05/May/2025:09:03:30 -0400] "GET /?d=89049018260&filter=4ba749&share_to_url=ideas.php%3Fid%3D3018132%26name%3Dmicro+usb+otg+to HTTP/1.1" 200 22374 "-" "Mozilla/5.0 AppleWebKit/537.36 (KHTML, like Gecko; compatible; bingbot/2.0; +http://www.bing.com/bingbot.htm) Chrome/116.0.1938.76 Safari/537.36"
40.77.167.35 - - [05/May/2025:09:03:30 -0400] "GET /?d=89870299260&filter=dd2742&share_to_url=model.php%3Fid%3D3045951%26name%3Dplain+synthetic+foam HTTP/1.1" 200 24467 "-" "Mozilla/5.0 AppleWebKit/537.36 (KHTML, like Gecko; compatible; bingbot/2.0; +http://www.bing.com/bingbot.htm) Chrome/116.0.1938.76 Safari/537.36"
40.77.167.42 - - [05/May/2025:09:03:35 -0400] "GET /?d=117620431260&filter=dde61e&share_to_url=ideas.php%3Fid%3D3983316%26name%3Dmens+1940s+vintage+pierpont HTTP/1.1" 200 23807 "-" "Mozilla/5.0 AppleWebKit/537.36 (KHTML, like Gecko; compatible; bingbot/2.0; +http://www.bing.com/bingbot.htm) Chrome/116.0.1938.76 Safari/537.36"
40.77.167.42 - - [05/May/2025:09:03:37 -0400] "GET /?d=99181336260&filter=ece331&share_to_url=shopdetail.php%3Fid%3D3361316%26name%3D%AD+%B0+%81+frp+%87+%88+%A7+%88+%8C HTTP/1.1" 200 23027 "-" "Mozilla/5.0 AppleWebKit/537.36 (KHTML, like Gecko; compatible; bingbot/2.0; +http://www.bing.com/bingbot.htm) Chrome/116.0.1938.76 Safari/537.36"
52.167.144.177 - - [05/May/2025:09:03:39 -0400] "GET /?d=113951159260&filter=4fcc39&share_to_url=shop.php%3Fid%3D3859159%26name%3Ddisney+spidermans+kids HTTP/1.1" 200 24161 "-" "Mozilla/5.0 AppleWebKit/537.36 (KHTML, like Gecko; compatible; bingbot/2.0; +http://www.bing.com/bingbot.htm) Chrome/116.0.1938.76 Safari/537.36"
52.167.144.177 - - [05/May/2025:09:03:39 -0400] "GET /?d=94861369260&filter=b2e434&share_to_url=pin.php%3Fid%3D3214254%26name%3Dwavy+hoop HTTP/1.1" 200 23636 "-" "Mozilla/5.0 AppleWebKit/537.36 (KHTML, like Gecko; compatible; bingbot/2.0; +http://www.bing.com/bingbot.htm) Chrome/116.0.1938.76 Safari/537.36"
52.167.144.177 - - [05/May/2025:09:03:56 -0400] "GET /?d=86260175260&filter=c0c291&share_to_url=goods.php%3Fid%3D2922563%26name%3Dsas+store+shelly+sandals HTTP/1.1" 200 22317 "-" "Mozilla/5.0 AppleWebKit/537.36 (KHTML, like Gecko; compatible; bingbot/2.0; +http://www.bing.com/bingbot.htm) Chrome/116.0.1938.76 Safari/537.36"
52.167.144.177 - - [05/May/2025:09:03:57 -0400] "GET /?d=95265245260&filter=1b6d6c&share_to_url=goods.php%3Fid%3D3227315%26name%3Dfivefingers+performa+jane+fitness HTTP/1.1" 200 22736 "-" "Mozilla/5.0 AppleWebKit/537.36 (KHTML, like Gecko; compatible; bingbot/2.0; +http://www.bing.com/bingbot.htm) Chrome/116.0.1938.76 Safari/537.36"
52.167.144.177 - - [05/May/2025:09:03:58 -0400] "GET /?d=91189648260&filter=be0663&share_to_url=detail.php%3Fid%3D3090453%26name%3Dcamilla+baby+store+swimwear HTTP/1.1" 200 23483 "-" "Mozilla/5.0 AppleWebKit/537.36 (KHTML, like Gecko; compatible; bingbot/2.0; +http://www.bing.com/bingbot.htm) Chrome/116.0.1938.76 Safari/537.36"
52.167.144.177 - - [05/May/2025:09:03:59 -0400] "GET /?d=102436533260&filter=5af742&share_to_url=item.php%3Fid%3D3472345%26name%3Dcompact+fully+automated+pellet+stove HTTP/1.1" 200 24120 "-" "Mozilla/5.0 AppleWebKit/537.36 (KHTML, like Gecko; compatible; bingbot/2.0; +http://www.bing.com/bingbot.htm) Chrome/116.0.1938.76 Safari/537.36"
52.167.144.177 - - [05/May/2025:09:03:59 -0400] "GET /?d=106936339260&filter=8ac724&share_to_url=pin.php%3Fid%3D3621690%26name%3Dchanel+gabrielle+bracelet HTTP/1.1" 200 24237 "-" "Mozilla/5.0 AppleWebKit/537.36 (KHTML, like Gecko; compatible; bingbot/2.0; +http://www.bing.com/bingbot.htm) Chrome/116.0.1938.76 Safari/537.36"
52.167.144.177 - - [05/May/2025:09:04:06 -0400] "GET /?d=88875508260&filter=64a9bc&share_to_url=product-page.php%3Fid%3D3012100%26name%3Dsess%C3%B9n+nouveaut%C3%A9s HTTP/1.1" 200 24233 "-" "Mozilla/5.0 AppleWebKit/537.36 (KHTML, like Gecko; compatible; bingbot/2.0; +http://www.bing.com/bingbot.htm) Chrome/116.0.1938.76 Safari/537.36"
40.77.167.35 - - [05/May/2025:09:04:11 -0400] "GET /?d=115791440260&filter=debef5&share_to_url=ideas.php%3Fid%3D3921108%26name%3Drizzoli+calzature+italiane+dal HTTP/1.1" 200 22706 "-" "Mozilla/5.0 AppleWebKit/537.36 (KHTML, like Gecko; compatible; bingbot/2.0; +http://www.bing.com/bingbot.htm) Chrome/116.0.1938.76 Safari/537.36"
40.77.167.35 - - [05/May/2025:09:04:12 -0400] "GET /?d=105696594260&filter=00f09d&share_to_url=shopdetail.php%3Fid%3D3580388%26name%3Dother+brands+pepino HTTP/1.1" 200 22618 "-" "Mozilla/5.0 AppleWebKit/537.36 (KHTML, like Gecko; compatible; bingbot/2.0; +http://www.bing.com/bingbot.htm) Chrome/116.0.1938.76 Safari/537.36"
40.77.167.42 - - [05/May/2025:09:04:16 -0400] "GET /?d=106347114260&filter=a40b9d&share_to_url=shop.php%3Fid%3D3601915%26name%3Dfila+evan+clearance+tee HTTP/1.1" 200 23584 "-" "Mozilla/5.0 AppleWebKit/537.36 (KHTML, like Gecko; compatible; bingbot/2.0; +http://www.bing.com/bingbot.htm) Chrome/116.0.1938.76 Safari/537.36"
40.77.167.42 - - [05/May/2025:09:04:20 -0400] "GET /?d=109041188260&filter=daf99f&share_to_url=shop.php%3Fid%3D3691615%26name%3Dtextured+futon+covers+washable HTTP/1.1" 200 23944 "-" "Mozilla/5.0 AppleWebKit/537.36 (KHTML, like Gecko; compatible; bingbot/2.0; +http://www.bing.com/bingbot.htm) Chrome/116.0.1938.76 Safari/537.36"
40.77.167.42 - - [05/May/2025:09:04:21 -0400] "GET /?d=87818247260&filter=ada5f8&share_to_url=ideas.php%3Fid%3D2975892%26name%3Dhow+to+restore+reupholster HTTP/1.1" 200 23641 "-" "Mozilla/5.0 AppleWebKit/537.36 (KHTML, like Gecko; compatible; bingbot/2.0; +http://www.bing.com/bingbot.htm) Chrome/116.0.1938.76 Safari/537.36"
40.77.167.42 - - [05/May/2025:09:04:21 -0400] "GET /?d=104986731260&filter=2d2e9f&share_to_url=discover.php%3Fid%3D3556985%26name%3Dthe+tantalising+scent+of+rain HTTP/1.1" 200 24330 "-" "Mozilla/5.0 AppleWebKit/537.36 (KHTML, like Gecko; compatible; bingbot/2.0; +http://www.bing.com/bingbot.htm) Chrome/116.0.1938.76 Safari/537.36"
40.77.167.42 - - [05/May/2025:09:04:23 -0400] "GET /?d=100918129260&filter=8c36c9&share_to_url=pin.php%3Fid%3D3420630%26name%3Dadidas+continental+80+herren HTTP/1.1" 200 22814 "-" "Mozilla/5.0 AppleWebKit/537.36 (KHTML, like Gecko; compatible; bingbot/2.0; +http://www.bing.com/bingbot.htm) Chrome/116.0.1938.76 Safari/537.36"
40.77.167.42 - - [05/May/2025:09:04:29 -0400] "GET /?d=106041731260&filter=1dbe8b&share_to_url=product.php%3Fid%3D3591922%26name%3Dsac+2024+decathlon+20l HTTP/1.1" 200 22949 "-" "Mozilla/5.0 AppleWebKit/537.36 (KHTML, like Gecko; compatible; bingbot/2.0; +http://www.bing.com/bingbot.htm) Chrome/116.0.1938.76 Safari/537.36"
52.167.144.177 - - [05/May/2025:09:04:37 -0400] "GET /?d=91046106260&filter=b4da41&share_to_url=product-page.php%3Fid%3D3085564%26name%3Dcalzedonia+collant+contenitivi HTTP/1.1" 200 23414 "-" "Mozilla/5.0 AppleWebKit/537.36 (KHTML, like Gecko; compatible; bingbot/2.0; +http://www.bing.com/bingbot.htm) Chrome/116.0.1938.76 Safari/537.36"
52.167.144.177 - - [05/May/2025:09:04:38 -0400] "GET /?d=114070484260&filter=b240e2&share_to_url=discover.php%3Fid%3D3863033%26name%3Dvince+voodoo HTTP/1.1" 200 23164 "-" "Mozilla/5.0 AppleWebKit/537.36 (KHTML, like Gecko; compatible; bingbot/2.0; +http://www.bing.com/bingbot.htm) Chrome/116.0.1938.76 Safari/537.36"
40.77.167.42 - - [05/May/2025:09:04:45 -0400] "GET /?d=102080521260&filter=65c35a&share_to_url=detail.php%3Fid%3D3460101%26name%3Dhoritoki+buy+best+women HTTP/1.1" 200 22721 "-" "Mozilla/5.0 AppleWebKit/537.36 (KHTML, like Gecko; compatible; bingbot/2.0; +http://www.bing.com/bingbot.htm) Chrome/116.0.1938.76 Safari/537.36"
52.167.144.235 - - [05/May/2025:09:04:46 -0400] "GET /?d=106735211260&filter=a4c9b9&share_to_url=discover.php?id=3614921&name=every%20td%20of HTTP/1.1" 200 23339 "-" "Mozilla/5.0 AppleWebKit/537.36 (KHTML, like Gecko; compatible; bingbot/2.0; +http://www.bing.com/bingbot.htm) Chrome/116.0.1938.76 Safari/537.36"
40.77.167.35 - - [05/May/2025:09:04:46 -0400] "GET /?d=95584760260&filter=0c7b35&share_to_url=shopdetail.php%3Fid%3D3238376%26name%3Dnew+fan+jacket+with HTTP/1.1" 200 24588 "-" "Mozilla/5.0 AppleWebKit/537.36 (KHTML, like Gecko; compatible; bingbot/2.0; +http://www.bing.com/bingbot.htm) Chrome/116.0.1938.76 Safari/537.36"
40.77.167.35 - - [05/May/2025:09:04:47 -0400] "GET /?d=115415069260&filter=860ef6&share_to_url=product.php%3Fid%3D3908470%26name%3Djimmy+choo+blossom+edp HTTP/1.1" 200 23711 "-" "Mozilla/5.0 AppleWebKit/537.36 (KHTML, like Gecko; compatible; bingbot/2.0; +http://www.bing.com/bingbot.htm) Chrome/116.0.1938.76 Safari/537.36"
40.77.167.35 - - [05/May/2025:09:04:48 -0400] "GET /?d=96078220260&filter=dc5f8b&share_to_url=discover.php%3Fid%3D3255209%26name%3Dbuy+105+gold HTTP/1.1" 200 24074 "-" "Mozilla/5.0 AppleWebKit/537.36 (KHTML, like Gecko; compatible; bingbot/2.0; +http://www.bing.com/bingbot.htm) Chrome/116.0.1938.76 Safari/537.36"
40.77.167.35 - - [05/May/2025:09:04:49 -0400] "GET /?d=89977791260&filter=5af946&share_to_url=article.php%3Fid%3D3049418%26name%3Dpintura+%C3%A1ngelus+para+tenis HTTP/1.1" 200 22970 "-" "Mozilla/5.0 AppleWebKit/537.36 (KHTML, like Gecko; compatible; bingbot/2.0; +http://www.bing.com/bingbot.htm) Chrome/116.0.1938.76 Safari/537.36"
40.77.167.42 - - [05/May/2025:09:04:55 -0400] "GET /?d=85544380260&filter=d1cff9&share_to_url=ideas.php%3Fid%3D2897820%26name%3Doriginal+haferl+vinzenz+schwarz HTTP/1.1" 200 22276 "-" "Mozilla/5.0 AppleWebKit/537.36 (KHTML, like Gecko; compatible; bingbot/2.0; +http://www.bing.com/bingbot.htm) Chrome/116.0.1938.76 Safari/537.36"
40.77.167.42 - - [05/May/2025:09:04:56 -0400] "GET /?d=101776978260&filter=78ff4e&share_to_url=item.php%3Fid%3D3450277%26name%3Dthe+darcy+chemise HTTP/1.1" 200 23708 "-" "Mozilla/5.0 AppleWebKit/537.36 (KHTML, like Gecko; compatible; bingbot/2.0; +http://www.bing.com/bingbot.htm) Chrome/116.0.1938.76 Safari/537.36"
40.77.167.42 - - [05/May/2025:09:04:58 -0400] "GET /?d=100448724260&filter=95bbf7&share_to_url=goods.php%3Fid%3D3404519%26name%3Dair+vapormax+2019+white HTTP/1.1" 200 21649 "-" "Mozilla/5.0 AppleWebKit/537.36 (KHTML, like Gecko; compatible; bingbot/2.0; +http://www.bing.com/bingbot.htm) Chrome/116.0.1938.76 Safari/537.36"
52.167.144.177 - - [05/May/2025:09:05:00 -0400] "GET /?d=51759098260&filter=7ffa06&share_to_url=shop.php%3Fid%3D1759519%26name%3Dstage+owl+dolls HTTP/1.1" 200 23484 "-" "Mozilla/5.0 AppleWebKit/537.36 (KHTML, like Gecko; compatible; bingbot/2.0; +http://www.bing.com/bingbot.htm) Chrome/116.0.1938.76 Safari/537.36"
52.167.144.177 - - [05/May/2025:09:05:01 -0400] "GET /?d=91548167260&filter=fd377f&share_to_url=ideas.php%3Fid%3D3102384%26name%3Dsamsung+galaxy+s10e+case HTTP/1.1" 200 22741 "-" "Mozilla/5.0 AppleWebKit/537.36 (KHTML, like Gecko; compatible; bingbot/2.0; +http://www.bing.com/bingbot.htm) Chrome/116.0.1938.76 Safari/537.36"
40.77.167.42 - - [05/May/2025:09:05:05 -0400] "GET /?d=14444846260&filter=c08dc8&share_to_url=product-page.php%3Fid%3D492532%26name%3Dbolsos+guitarras HTTP/1.1" 200 24336 "-" "Mozilla/5.0 AppleWebKit/537.36 (KHTML, like Gecko; compatible; bingbot/2.0; +http://www.bing.com/bingbot.htm) Chrome/116.0.1938.76 Safari/537.36"
40.77.167.42 - - [05/May/2025:09:05:06 -0400] "GET /?d=97675750260&filter=c4aab1&share_to_url=discover.php%3Fid%3D3310361%26name%3Dlongchamp+sac+cours+cinosural HTTP/1.1" 200 22725 "-" "Mozilla/5.0 AppleWebKit/537.36 (KHTML, like Gecko; compatible; bingbot/2.0; +http://www.bing.com/bingbot.htm) Chrome/116.0.1938.76 Safari/537.36"
52.255.111.49 - - [05/May/2025:09:05:06 -0400] "GET /?d=88450405260&filter=8de18d&share_to_url=model.php?id%3D2997903%26name%3Dyamaha+crux+front+brake HTTP/1.1" 302 0 "-" "Mozilla/5.0 AppleWebKit/537.36 (KHTML, like Gecko); compatible; ChatGPT-User/1.0; +https://openai.com/bot"
52.255.111.52 - - [05/May/2025:09:05:06 -0400] "GET / HTTP/1.1" 302 0 "-" "Mozilla/5.0 AppleWebKit/537.36 (KHTML, like Gecko); compatible; ChatGPT-User/1.0; +https://openai.com/bot"
52.255.111.49 - - [05/May/2025:09:05:07 -0400] "GET /loginn.php HTTP/1.1" 200 832 "-" "Mozilla/5.0 AppleWebKit/537.36 (KHTML, like Gecko); compatible; ChatGPT-User/1.0; +https://openai.com/bot"
52.255.111.52 - - [05/May/2025:09:05:07 -0400] "GET /loginn.php HTTP/1.1" 200 832 "-" "Mozilla/5.0 AppleWebKit/537.36 (KHTML, like Gecko); compatible; ChatGPT-User/1.0; +https://openai.com/bot"
52.167.144.177 - - [05/May/2025:09:05:16 -0400] "GET /?d=83952403260&filter=f7947d&share_to_url=product-page.php%3Fid%3D2843524%26name%3Dadding+outdoor+storage HTTP/1.1" 200 23613 "-" "Mozilla/5.0 AppleWebKit/537.36 (KHTML, like Gecko; compatible; bingbot/2.0; +http://www.bing.com/bingbot.htm) Chrome/116.0.1938.76 Safari/537.36"
52.167.144.177 - - [05/May/2025:09:05:16 -0400] "GET /?d=107277505260&filter=067ded&share_to_url=product-page.php%3Fid%3D3632716%26name%3Dvintage+bomber+jackets HTTP/1.1" 200 24136 "-" "Mozilla/5.0 AppleWebKit/537.36 (KHTML, like Gecko; compatible; bingbot/2.0; +http://www.bing.com/bingbot.htm) Chrome/116.0.1938.76 Safari/537.36"
40.77.167.35 - - [05/May/2025:09:05:20 -0400] "GET /?d=85889133260&filter=70c827&share_to_url=item.php%3Fid%3D2909821%26name%3Dthe+one+herren+bin%C3%A4r HTTP/1.1" 200 22760 "-" "Mozilla/5.0 AppleWebKit/537.36 (KHTML, like Gecko; compatible; bingbot/2.0; +http://www.bing.com/bingbot.htm) Chrome/116.0.1938.76 Safari/537.36"
40.77.167.42 - - [05/May/2025:09:05:20 -0400] "GET /?d=116234146260&filter=cc3603&share_to_url=detail.php%3Fid%3D3936429%26name%3D240+badminton+ideas+badminton HTTP/1.1" 200 23265 "-" "Mozilla/5.0 AppleWebKit/537.36 (KHTML, like Gecko; compatible; bingbot/2.0; +http://www.bing.com/bingbot.htm) Chrome/116.0.1938.76 Safari/537.36"
40.77.167.42 - - [05/May/2025:09:05:22 -0400] "GET /?d=88471695260&filter=dc973f&share_to_url=pin.php%3Fid%3D2998578%26name%3Dscag+72+turf+tiger HTTP/1.1" 200 24247 "-" "Mozilla/5.0 AppleWebKit/537.36 (KHTML, like Gecko; compatible; bingbot/2.0; +http://www.bing.com/bingbot.htm) Chrome/116.0.1938.76 Safari/537.36"
40.77.167.35 - - [05/May/2025:09:05:30 -0400] "GET /?d=92577114260&filter=1f865f&share_to_url=discover.php%3Fid%3D3136613%26name%3Dtarjeta+de+video+de HTTP/1.1" 200 21949 "-" "Mozilla/5.0 AppleWebKit/537.36 (KHTML, like Gecko; compatible; bingbot/2.0; +http://www.bing.com/bingbot.htm) Chrome/116.0.1938.76 Safari/537.36"
40.77.167.35 - - [05/May/2025:09:05:31 -0400] "GET /?d=48478764260&filter=bdaf2f&share_to_url=model.php%3Fid%3D1648071%26name%3Dcassettone+by+molteni+c HTTP/1.1" 200 23643 "-" "Mozilla/5.0 AppleWebKit/537.36 (KHTML, like Gecko; compatible; bingbot/2.0; +http://www.bing.com/bingbot.htm) Chrome/116.0.1938.76 Safari/537.36"
40.77.167.35 - - [05/May/2025:09:05:31 -0400] "GET /?d=84217257260&filter=68f3d6&share_to_url=article.php%3Fid%3D2852450%26name%3Da+month+in+the HTTP/1.1" 200 22814 "-" "Mozilla/5.0 AppleWebKit/537.36 (KHTML, like Gecko; compatible; bingbot/2.0; +http://www.bing.com/bingbot.htm) Chrome/116.0.1938.76 Safari/537.36"
40.77.167.35 - - [05/May/2025:09:05:32 -0400] "GET /?d=86861255260&filter=c7968e&share_to_url=goods.php%3Fid%3D2942951%26name%3Ddolce+gabbana+capri+tote HTTP/1.1" 200 24060 "-" "Mozilla/5.0 AppleWebKit/537.36 (KHTML, like Gecko; compatible; bingbot/2.0; +http://www.bing.com/bingbot.htm) Chrome/116.0.1938.76 Safari/537.36"
40.77.167.35 - - [05/May/2025:09:05:33 -0400] "GET /?d=85307868260&filter=32ea63&share_to_url=product-page.php%3Fid%3D2889748%26name%3Dproyecto+rzr+echizo HTTP/1.1" 200 23746 "-" "Mozilla/5.0 AppleWebKit/537.36 (KHTML, like Gecko; compatible; bingbot/2.0; +http://www.bing.com/bingbot.htm) Chrome/116.0.1938.76 Safari/537.36"
40.77.167.35 - - [05/May/2025:09:05:34 -0400] "GET /?d=58775250260&filter=8ac724&share_to_url=detail.php%3Fid%3D1994577%26name%3Douroboros+wide+choker+logan HTTP/1.1" 200 23777 "-" "Mozilla/5.0 AppleWebKit/537.36 (KHTML, like Gecko; compatible; bingbot/2.0; +http://www.bing.com/bingbot.htm) Chrome/116.0.1938.76 Safari/537.36"
40.77.167.42 - - [05/May/2025:09:05:36 -0400] "GET /?d=116586723260&filter=95c78c&share_to_url=pin.php%3Fid%3D3948090%26name%3Dcropped+de+croch%C3%AA+tutorial HTTP/1.1" 200 24590 "-" "Mozilla/5.0 AppleWebKit/537.36 (KHTML, like Gecko; compatible; bingbot/2.0; +http://www.bing.com/bingbot.htm) Chrome/116.0.1938.76 Safari/537.36"
52.167.144.177 - - [05/May/2025:09:05:39 -0400] "GET /?d=60627233260&filter=efc4ff&share_to_url=product.php%3Fid%3D2057194%26name%3Dmake+a+guava+pear HTTP/1.1" 200 23269 "-" "Mozilla/5.0 AppleWebKit/537.36 (KHTML, like Gecko; compatible; bingbot/2.0; +http://www.bing.com/bingbot.htm) Chrome/116.0.1938.76 Safari/537.36"
52.167.144.177 - - [05/May/2025:09:05:39 -0400] "GET /?d=103272323260&filter=4d7b9c&share_to_url=shopdetail.php%3Fid%3D3499760%26name%3Dpikachu+toys+store+r HTTP/1.1" 200 23244 "-" "Mozilla/5.0 AppleWebKit/537.36 (KHTML, like Gecko; compatible; bingbot/2.0; +http://www.bing.com/bingbot.htm) Chrome/116.0.1938.76 Safari/537.36"
40.77.167.48 - - [05/May/2025:09:05:46 -0400] "GET /?d=54085262260&filter=1093f8&share_to_url=item.php%3Fid%3D1837309%26name%3Dflatform+beira+rio HTTP/1.1" 200 22876 "-" "Mozilla/5.0 AppleWebKit/537.36 (KHTML, like Gecko; compatible; bingbot/2.0; +http://www.bing.com/bingbot.htm) Chrome/116.0.1938.76 Safari/537.36"
40.77.167.42 - - [05/May/2025:09:05:51 -0400] "GET /?d=111536073260&filter=00f09d&share_to_url=discover.php%3Fid%3D3777461%26name%3Dthe+best+africa HTTP/1.1" 200 23479 "-" "Mozilla/5.0 AppleWebKit/537.36 (KHTML, like Gecko; compatible; bingbot/2.0; +http://www.bing.com/bingbot.htm) Chrome/116.0.1938.76 Safari/537.36"
40.77.167.35 - - [05/May/2025:09:06:00 -0400] "GET /?d=112548853260&filter=133aea&share_to_url=ideas.php%3Fid%3D3812424%26name%3Dbagues+medievales+2024 HTTP/1.1" 200 23199 "-" "Mozilla/5.0 AppleWebKit/537.36 (KHTML, like Gecko; compatible; bingbot/2.0; +http://www.bing.com/bingbot.htm) Chrome/116.0.1938.76 Safari/537.36"
40.77.167.35 - - [05/May/2025:09:06:01 -0400] "GET /?d=105257254260&filter=03c587&share_to_url=pin.php%3Fid%3D3566022%26name%3Dthirty+one+journey+backpack HTTP/1.1" 200 23598 "-" "Mozilla/5.0 AppleWebKit/537.36 (KHTML, like Gecko; compatible; bingbot/2.0; +http://www.bing.com/bingbot.htm) Chrome/116.0.1938.76 Safari/537.36"
40.77.167.42 - - [05/May/2025:09:06:05 -0400] "GET /?d=80106340260&filter=7f9220&share_to_url=pin.php%3Fid%3D2712690%26name%3Dpendant+with+chain+platinum HTTP/1.1" 200 23072 "-" "Mozilla/5.0 AppleWebKit/537.36 (KHTML, like Gecko; compatible; bingbot/2.0; +http://www.bing.com/bingbot.htm) Chrome/116.0.1938.76 Safari/537.36"
66.249.75.64 - - [05/May/2025:09:06:09 -0400] "GET /?d=107733047260&filter=b70501&share_to_url=ideas.php%3Fid%3D3648168%26name%3Dmurci%C3%A9lago+futbol+americano HTTP/1.1" 200 24772 "-" "Mozilla/5.0 (Linux; Android 6.0.1; Nexus 5X Build/MMB29P) AppleWebKit/537.36 (KHTML, like Gecko) Chrome/136.0.7103.59 Mobile Safari/537.36 (compatible; Googlebot/2.1; +http://www.google.com/bot.html)"
40.77.167.35 - - [05/May/2025:09:06:11 -0400] "GET /?d=103284005260&filter=ea09de&share_to_url=item.php%3Fid%3D3500149%26name%3Dwbcarla+indigo+jeans HTTP/1.1" 200 23831 "-" "Mozilla/5.0 AppleWebKit/537.36 (KHTML, like Gecko; compatible; bingbot/2.0; +http://www.bing.com/bingbot.htm) Chrome/116.0.1938.76 Safari/537.36"
40.77.167.35 - - [05/May/2025:09:06:11 -0400] "GET /?d=115706090260&filter=ab67d8&share_to_url=shop.php%3Fid%3D3918307%26name%3Doversized+soft+hanging+hammock HTTP/1.1" 200 23989 "-" "Mozilla/5.0 AppleWebKit/537.36 (KHTML, like Gecko; compatible; bingbot/2.0; +http://www.bing.com/bingbot.htm) Chrome/116.0.1938.76 Safari/537.36"
