54.38.85.36 - - [23/Dec/2024:09:35:59 -0500] "GET /include/lo.php?filesrc=/home/lentoinv/test.api.lentoria.com/vendor/phpunit/php-text-template/ChangeLog.md&path=/home/lentoinv/test.api.lentoria.com/vendor/phpunit/php-text-template HTTP/1.1" 200 1119 "-" "Mozilla/5.0 (compatible; MJ12bot/v1.4.8; http://mj12bot.com/)"
54.38.85.36 - - [23/Dec/2024:09:36:01 -0500] "GET /include/lo.php?filesrc=/home/lentoinv/test.api.lentoria.com/vendor/phpunit/php-text-template/LICENSE&path=/home/lentoinv/test.api.lentoria.com/vendor/phpunit/php-text-template HTTP/1.1" 200 1483 "-" "Mozilla/5.0 (compatible; MJ12bot/v1.4.8; http://mj12bot.com/)"
136.243.228.194 - - [23/Dec/2024:09:36:01 -0500] "GET /34186204536.htm HTTP/1.1" 404 1251 "-" "Mozilla/5.0 (compatible; DataForSeoBot/1.0; +https://dataforseo.com/dataforseo-bot)"
66.249.66.170 - - [23/Dec/2024:09:36:01 -0500] "GET /cate/1499590 HTTP/1.1" 404 1251 "-" "Mozilla/5.0 (Linux; Android 6.0.1; Nexus 5X Build/MMB29P) AppleWebKit/537.36 (KHTML, like Gecko) Chrome/131.0.6778.139 Mobile Safari/537.36 (compatible; Googlebot/2.1; +http://www.google.com/bot.html)"
54.38.85.36 - - [23/Dec/2024:09:36:02 -0500] "GET /include/lo.php?filesrc=/home/lentoinv/test.api.lentoria.com/vendor/phpunit/php-text-template/README.md&path=/home/lentoinv/test.api.lentoria.com/vendor/phpunit/php-text-template HTTP/1.1" 200 851 "-" "Mozilla/5.0 (compatible; MJ12bot/v1.4.8; http://mj12bot.com/)"
54.38.85.36 - - [23/Dec/2024:09:36:04 -0500] "GET /include/lo.php?filesrc=/home/lentoinv/test.api.lentoria.com/vendor/phpunit/php-text-template/composer.json&path=/home/lentoinv/test.api.lentoria.com/vendor/phpunit/php-text-template HTTP/1.1" 403 1242 "-" "Mozilla/5.0 (compatible; MJ12bot/v1.4.8; http://mj12bot.com/)"
3.139.86.58 - - [23/Dec/2024:09:36:05 -0500] "GET /include/lo.php?path=%2Fhome%2Flentoinv%2Flentoria.com%2Froutes HTTP/1.1" 200 945 "-" "Mozilla/5.0 AppleWebKit/537.36 (KHTML, like Gecko; compatible; ClaudeBot/1.0; +claudebot@anthropic.com)"
136.243.228.194 - - [23/Dec/2024:09:36:05 -0500] "GET /49624259712.htm HTTP/1.1" 404 1251 "-" "Mozilla/5.0 (compatible; DataForSeoBot/1.0; +https://dataforseo.com/dataforseo-bot)"
54.38.85.36 - - [23/Dec/2024:09:36:05 -0500] "GET /include/lo.php?filesrc=/home/lentoinv/test.api.lentoria.com/vendor/phpunit/php-timer/ChangeLog.md&path=/home/lentoinv/test.api.lentoria.com/vendor/phpunit/php-timer HTTP/1.1" 200 1991 "-" "Mozilla/5.0 (compatible; MJ12bot/v1.4.8; http://mj12bot.com/)"
54.38.85.36 - - [23/Dec/2024:09:36:07 -0500] "GET /include/lo.php?filesrc=/home/lentoinv/test.api.lentoria.com/vendor/phpunit/php-timer/LICENSE&path=/home/lentoinv/test.api.lentoria.com/vendor/phpunit/php-timer HTTP/1.1" 200 1478 "-" "Mozilla/5.0 (compatible; MJ12bot/v1.4.8; http://mj12bot.com/)"
66.249.66.161 - - [23/Dec/2024:09:36:07 -0500] "GET /bestsellers410386 HTTP/1.1" 404 1251 "-" "Mozilla/5.0 (Linux; Android 6.0.1; Nexus 5X Build/MMB29P) AppleWebKit/537.36 (KHTML, like Gecko) Chrome/131.0.6778.139 Mobile Safari/537.36 (compatible; Googlebot/2.1; +http://www.google.com/bot.html)"
54.38.85.36 - - [23/Dec/2024:09:36:08 -0500] "GET /include/lo.php?filesrc=/home/lentoinv/test.api.lentoria.com/vendor/phpunit/php-timer/README.md&path=/home/lentoinv/test.api.lentoria.com/vendor/phpunit/php-timer HTTP/1.1" 200 1464 "-" "Mozilla/5.0 (compatible; MJ12bot/v1.4.8; http://mj12bot.com/)"
54.38.85.36 - - [23/Dec/2024:09:36:10 -0500] "GET /include/lo.php?filesrc=/home/lentoinv/test.api.lentoria.com/vendor/phpunit/php-timer/composer.json&path=/home/lentoinv/test.api.lentoria.com/vendor/phpunit/php-timer HTTP/1.1" 403 1242 "-" "Mozilla/5.0 (compatible; MJ12bot/v1.4.8; http://mj12bot.com/)"
136.243.228.194 - - [23/Dec/2024:09:36:11 -0500] "GET /34186199962.htm HTTP/1.1" 404 1251 "-" "Mozilla/5.0 (compatible; DataForSeoBot/1.0; +https://dataforseo.com/dataforseo-bot)"
54.38.85.36 - - [23/Dec/2024:09:36:11 -0500] "GET /include/lo.php?filesrc=/home/lentoinv/test.api.lentoria.com/vendor/phpunit/phpunit/.phpstorm.meta.php&path=/home/lentoinv/test.api.lentoria.com/vendor/phpunit/phpunit HTTP/1.1" 200 819 "-" "Mozilla/5.0 (compatible; MJ12bot/v1.4.8; http://mj12bot.com/)"
54.38.85.36 - - [23/Dec/2024:09:36:13 -0500] "GET /include/lo.php?filesrc=/home/lentoinv/test.api.lentoria.com/vendor/phpunit/phpunit/ChangeLog-8.5.md&path=/home/lentoinv/test.api.lentoria.com/vendor/phpunit/phpunit HTTP/1.1" 200 3984 "-" "Mozilla/5.0 (compatible; MJ12bot/v1.4.8; http://mj12bot.com/)"
136.243.228.194 - - [23/Dec/2024:09:36:15 -0500] "GET /45785111397.htm HTTP/1.1" 404 1251 "-" "Mozilla/5.0 (compatible; DataForSeoBot/1.0; +https://dataforseo.com/dataforseo-bot)"
136.243.228.194 - - [23/Dec/2024:09:36:19 -0500] "GET /34186196157.htm HTTP/1.1" 404 1251 "-" "Mozilla/5.0 (compatible; DataForSeoBot/1.0; +https://dataforseo.com/dataforseo-bot)"
66.249.66.170 - - [23/Dec/2024:09:36:23 -0500] "GET /bestsellers2705471 HTTP/1.1" 404 1251 "-" "Mozilla/5.0 (Linux; Android 6.0.1; Nexus 5X Build/MMB29P) AppleWebKit/537.36 (KHTML, like Gecko) Chrome/131.0.6778.139 Mobile Safari/537.36 (compatible; Googlebot/2.1; +http://www.google.com/bot.html)"
136.243.228.194 - - [23/Dec/2024:09:36:23 -0500] "GET /34186199836.htm HTTP/1.1" 404 1251 "-" "Mozilla/5.0 (compatible; DataForSeoBot/1.0; +https://dataforseo.com/dataforseo-bot)"
136.243.228.194 - - [23/Dec/2024:09:36:27 -0500] "GET /34186129923.htm HTTP/1.1" 404 1251 "-" "Mozilla/5.0 (compatible; DataForSeoBot/1.0; +https://dataforseo.com/dataforseo-bot)"
66.249.66.170 - - [23/Dec/2024:09:36:28 -0500] "GET /index.phptcitem/3960150 HTTP/1.1" 404 1251 "-" "Mozilla/5.0 (Linux; Android 6.0.1; Nexus 5X Build/MMB29P) AppleWebKit/537.36 (KHTML, like Gecko) Chrome/131.0.6778.139 Mobile Safari/537.36 (compatible; Googlebot/2.1; +http://www.google.com/bot.html)"
66.249.66.170 - - [23/Dec/2024:09:36:28 -0500] "GET /citem/2548461 HTTP/1.1" 404 1251 "-" "Mozilla/5.0 (Linux; Android 6.0.1; Nexus 5X Build/MMB29P) AppleWebKit/537.36 (KHTML, like Gecko) Chrome/131.0.6778.139 Mobile Safari/537.36 (compatible; Googlebot/2.1; +http://www.google.com/bot.html)"
136.243.228.194 - - [23/Dec/2024:09:36:31 -0500] "GET /34186199845.htm HTTP/1.1" 404 1251 "-" "Mozilla/5.0 (compatible; DataForSeoBot/1.0; +https://dataforseo.com/dataforseo-bot)"
136.243.228.194 - - [23/Dec/2024:09:36:35 -0500] "GET /34186199863.htm HTTP/1.1" 404 1251 "-" "Mozilla/5.0 (compatible; DataForSeoBot/1.0; +https://dataforseo.com/dataforseo-bot)"
136.243.228.194 - - [23/Dec/2024:09:36:39 -0500] "GET /34186199916.htm HTTP/1.1" 404 1251 "-" "Mozilla/5.0 (compatible; DataForSeoBot/1.0; +https://dataforseo.com/dataforseo-bot)"
136.243.228.194 - - [23/Dec/2024:09:36:43 -0500] "GET /4962429073.htm HTTP/1.1" 404 1251 "-" "Mozilla/5.0 (compatible; DataForSeoBot/1.0; +https://dataforseo.com/dataforseo-bot)"
66.249.66.170 - - [23/Dec/2024:09:36:44 -0500] "GET /dailydeal3209370 HTTP/1.1" 404 1251 "-" "Mozilla/5.0 (Linux; Android 6.0.1; Nexus 5X Build/MMB29P) AppleWebKit/537.36 (KHTML, like Gecko) Chrome/131.0.6778.139 Mobile Safari/537.36 (compatible; Googlebot/2.1; +http://www.google.com/bot.html)"
136.243.228.194 - - [23/Dec/2024:09:36:47 -0500] "GET /23716314641.htm HTTP/1.1" 404 1251 "-" "Mozilla/5.0 (compatible; DataForSeoBot/1.0; +https://dataforseo.com/dataforseo-bot)"
136.243.228.194 - - [23/Dec/2024:09:36:51 -0500] "GET /49624243211.htm HTTP/1.1" 404 1251 "-" "Mozilla/5.0 (compatible; DataForSeoBot/1.0; +https://dataforseo.com/dataforseo-bot)"
136.243.228.194 - - [23/Dec/2024:09:36:55 -0500] "GET /82015327878.htm HTTP/1.1" 404 1251 "-" "Mozilla/5.0 (compatible; DataForSeoBot/1.0; +https://dataforseo.com/dataforseo-bot)"
136.243.228.194 - - [23/Dec/2024:09:36:59 -0500] "GET /34186199949.htm HTTP/1.1" 404 1251 "-" "Mozilla/5.0 (compatible; DataForSeoBot/1.0; +https://dataforseo.com/dataforseo-bot)"
66.249.66.170 - - [23/Dec/2024:09:36:59 -0500] "GET /goods/pid=2701180 HTTP/1.1" 404 1251 "-" "Mozilla/5.0 (Linux; Android 6.0.1; Nexus 5X Build/MMB29P) AppleWebKit/537.36 (KHTML, like Gecko) Chrome/131.0.6778.139 Mobile Safari/537.36 (compatible; Googlebot/2.1; +http://www.google.com/bot.html)"
136.243.228.194 - - [23/Dec/2024:09:37:04 -0500] "GET /65758123478.htm HTTP/1.1" 404 1251 "-" "Mozilla/5.0 (compatible; DataForSeoBot/1.0; +https://dataforseo.com/dataforseo-bot)"
85.208.96.194 - - [23/Dec/2024:09:37:04 -0500] "GET /10258198019.htm HTTP/1.1" 404 1251 "-" "Mozilla/5.0 (compatible; SemrushBot/7~bl; +http://www.semrush.com/bot.html)"
66.249.66.161 - - [23/Dec/2024:09:37:06 -0500] "GET /index.phptitem/2258713?sellerview=on HTTP/1.1" 404 1251 "-" "Mozilla/5.0 (Linux; Android 6.0.1; Nexus 5X Build/MMB29P) AppleWebKit/537.36 (KHTML, like Gecko) Chrome/131.0.6778.139 Mobile Safari/537.36 (compatible; Googlebot/2.1; +http://www.google.com/bot.html)"
136.243.228.194 - - [23/Dec/2024:09:37:08 -0500] "GET /65758288763.htm HTTP/1.1" 404 1251 "-" "Mozilla/5.0 (compatible; DataForSeoBot/1.0; +https://dataforseo.com/dataforseo-bot)"
185.191.171.16 - - [23/Dec/2024:09:37:08 -0500] "GET /496244317.htm HTTP/1.1" 404 1251 "-" "Mozilla/5.0 (compatible; SemrushBot/7~bl; +http://www.semrush.com/bot.html)"
136.243.228.194 - - [23/Dec/2024:09:37:11 -0500] "GET /34186199867.htm HTTP/1.1" 404 1251 "-" "Mozilla/5.0 (compatible; DataForSeoBot/1.0; +https://dataforseo.com/dataforseo-bot)"
136.243.228.194 - - [23/Dec/2024:09:37:16 -0500] "GET /10258136072.htm HTTP/1.1" 404 1251 "-" "Mozilla/5.0 (compatible; DataForSeoBot/1.0; +https://dataforseo.com/dataforseo-bot)"
136.243.228.194 - - [23/Dec/2024:09:37:19 -0500] "GET /34186295492.htm HTTP/1.1" 404 1251 "-" "Mozilla/5.0 (compatible; DataForSeoBot/1.0; +https://dataforseo.com/dataforseo-bot)"
66.249.66.161 - - [23/Dec/2024:09:37:22 -0500] "GET /index.phptbestsellers596010 HTTP/1.1" 404 1251 "-" "Mozilla/5.0 (Linux; Android 6.0.1; Nexus 5X Build/MMB29P) AppleWebKit/537.36 (KHTML, like Gecko) Chrome/131.0.6778.139 Mobile Safari/537.36 (compatible; Googlebot/2.1; +http://www.google.com/bot.html)"
136.243.228.194 - - [23/Dec/2024:09:37:24 -0500] "GET /23716298141.htm HTTP/1.1" 404 1251 "-" "Mozilla/5.0 (compatible; DataForSeoBot/1.0; +https://dataforseo.com/dataforseo-bot)"
136.243.228.194 - - [23/Dec/2024:09:37:28 -0500] "GET /4578511555.htm HTTP/1.1" 404 1251 "-" "Mozilla/5.0 (compatible; DataForSeoBot/1.0; +https://dataforseo.com/dataforseo-bot)"
185.191.171.14 - - [23/Dec/2024:09:37:28 -0500] "GET /10258133410.htm HTTP/1.1" 404 1251 "-" "Mozilla/5.0 (compatible; SemrushBot/7~bl; +http://www.semrush.com/bot.html)"
192.95.30.177 - - [23/Dec/2024:09:37:30 -0500] "GET /robots.txt HTTP/1.1" 200 338 "-" "Mozilla/5.0 (compatible; MJ12bot/v1.4.8; http://mj12bot.com/)"
192.95.30.177 - - [23/Dec/2024:09:37:32 -0500] "GET /include/lo.php?filesrc=/home/lentoinv/churchmr.com/report/invitee.php&path=/home/lentoinv/churchmr.com/report HTTP/1.1" 200 3618 "-" "Mozilla/5.0 (compatible; MJ12bot/v1.4.8; http://mj12bot.com/)"
136.243.228.194 - - [23/Dec/2024:09:37:32 -0500] "GET /49624111308.htm HTTP/1.1" 404 1251 "-" "Mozilla/5.0 (compatible; DataForSeoBot/1.0; +https://dataforseo.com/dataforseo-bot)"
185.191.171.1 - - [23/Dec/2024:09:37:34 -0500] "GET /10258129905.htm HTTP/1.1" 404 1251 "-" "Mozilla/5.0 (compatible; SemrushBot/7~bl; +http://www.semrush.com/bot.html)"
192.95.30.177 - - [23/Dec/2024:09:37:35 -0500] "GET /include/lo.php?filesrc=/home/lentoinv/churchmr.com/report/leadersatt.php&path=/home/lentoinv/churchmr.com/report HTTP/1.1" 200 4841 "-" "Mozilla/5.0 (compatible; MJ12bot/v1.4.8; http://mj12bot.com/)"
136.243.228.194 - - [23/Dec/2024:09:37:35 -0500] "GET /23716265199.htm HTTP/1.1" 404 1251 "-" "Mozilla/5.0 (compatible; DataForSeoBot/1.0; +https://dataforseo.com/dataforseo-bot)"
85.208.96.202 - - [23/Dec/2024:09:37:36 -0500] "GET /10258189077.htm HTTP/1.1" 404 1251 "-" "Mozilla/5.0 (compatible; SemrushBot/7~bl; +http://www.semrush.com/bot.html)"
192.95.30.177 - - [23/Dec/2024:09:37:37 -0500] "GET /include/lo.php?filesrc=/home/lentoinv/churchmr.com/report/leadersattendance.php&path=/home/lentoinv/churchmr.com/report HTTP/1.1" 200 5299 "-" "Mozilla/5.0 (compatible; MJ12bot/v1.4.8; http://mj12bot.com/)"
66.249.66.170 - - [23/Dec/2024:09:37:38 -0500] "GET /timesale1212159 HTTP/1.1" 404 1251 "-" "Mozilla/5.0 (Linux; Android 6.0.1; Nexus 5X Build/MMB29P) AppleWebKit/537.36 (KHTML, like Gecko) Chrome/131.0.6778.139 Mobile Safari/537.36 (compatible; Googlebot/2.1; +http://www.google.com/bot.html)"
192.95.30.177 - - [23/Dec/2024:09:37:39 -0500] "GET /include/lo.php?filesrc=/home/lentoinv/churchmr.com/report/managegroupinvitee.php&path=/home/lentoinv/churchmr.com/report HTTP/1.1" 200 2976 "-" "Mozilla/5.0 (compatible; MJ12bot/v1.4.8; http://mj12bot.com/)"
185.191.171.7 - - [23/Dec/2024:09:37:39 -0500] "GET /10258225127.htm HTTP/1.1" 404 1251 "-" "Mozilla/5.0 (compatible; SemrushBot/7~bl; +http://www.semrush.com/bot.html)"
136.243.228.194 - - [23/Dec/2024:09:37:40 -0500] "GET /10258218703.htm HTTP/1.1" 404 1251 "-" "Mozilla/5.0 (compatible; DataForSeoBot/1.0; +https://dataforseo.com/dataforseo-bot)"
192.95.30.177 - - [23/Dec/2024:09:37:42 -0500] "GET /include/lo.php?filesrc=/home/lentoinv/churchmr.com/report/manageinvitee.php&path=/home/lentoinv/churchmr.com/report HTTP/1.1" 200 3484 "-" "Mozilla/5.0 (compatible; MJ12bot/v1.4.8; http://mj12bot.com/)"
136.243.228.194 - - [23/Dec/2024:09:37:44 -0500] "GET /34186113382.htm HTTP/1.1" 404 1251 "-" "Mozilla/5.0 (compatible; DataForSeoBot/1.0; +https://dataforseo.com/dataforseo-bot)"
192.95.30.177 - - [23/Dec/2024:09:37:44 -0500] "GET /include/lo.php?filesrc=/home/lentoinv/churchmr.com/report/mdata.php&path=/home/lentoinv/churchmr.com/report HTTP/1.1" 200 6881 "-" "Mozilla/5.0 (compatible; MJ12bot/v1.4.8; http://mj12bot.com/)"
192.95.30.177 - - [23/Dec/2024:09:37:46 -0500] "GET /include/lo.php?filesrc=/home/lentoinv/churchmr.com/report/members.php&path=/home/lentoinv/churchmr.com/report HTTP/1.1" 200 7005 "-" "Mozilla/5.0 (compatible; MJ12bot/v1.4.8; http://mj12bot.com/)"
192.95.30.177 - - [23/Dec/2024:09:37:48 -0500] "GET /include/lo.php?filesrc=/home/lentoinv/churchmr.com/report/migratedistrict.php&path=/home/lentoinv/churchmr.com/report HTTP/1.1" 200 4924 "-" "Mozilla/5.0 (compatible; MJ12bot/v1.4.8; http://mj12bot.com/)"
136.243.228.194 - - [23/Dec/2024:09:37:49 -0500] "GET /3418647332.htm HTTP/1.1" 404 1251 "-" "Mozilla/5.0 (compatible; DataForSeoBot/1.0; +https://dataforseo.com/dataforseo-bot)"
192.95.30.177 - - [23/Dec/2024:09:37:50 -0500] "GET /include/lo.php?filesrc=/home/lentoinv/churchmr.com/report/migration.php&path=/home/lentoinv/churchmr.com/report HTTP/1.1" 200 3481 "-" "Mozilla/5.0 (compatible; MJ12bot/v1.4.8; http://mj12bot.com/)"
192.95.30.177 - - [23/Dec/2024:09:37:52 -0500] "GET /include/lo.php?filesrc=/home/lentoinv/churchmr.com/report/migrationdis.php&path=/home/lentoinv/churchmr.com/report HTTP/1.1" 200 4578 "-" "Mozilla/5.0 (compatible; MJ12bot/v1.4.8; http://mj12bot.com/)"
136.243.228.194 - - [23/Dec/2024:09:37:52 -0500] "GET /6575874024.htm HTTP/1.1" 404 1251 "-" "Mozilla/5.0 (compatible; DataForSeoBot/1.0; +https://dataforseo.com/dataforseo-bot)"
66.249.66.170 - - [23/Dec/2024:09:37:53 -0500] "GET /groupbuy2684562 HTTP/1.1" 404 1251 "-" "Mozilla/5.0 (Linux; Android 6.0.1; Nexus 5X Build/MMB29P) AppleWebKit/537.36 (KHTML, like Gecko) Chrome/131.0.6778.139 Mobile Safari/537.36 (compatible; Googlebot/2.1; +http://www.google.com/bot.html)"
192.95.30.177 - - [23/Dec/2024:09:37:54 -0500] "GET /include/lo.php?filesrc=/home/lentoinv/churchmr.com/report/migrationreg.php&path=/home/lentoinv/churchmr.com/report HTTP/1.1" 200 3459 "-" "Mozilla/5.0 (compatible; MJ12bot/v1.4.8; http://mj12bot.com/)"
192.95.30.177 - - [23/Dec/2024:09:37:56 -0500] "GET /include/lo.php?filesrc=/home/lentoinv/churchmr.com/report/modals.php&path=/home/lentoinv/churchmr.com/report HTTP/1.1" 200 1755 "-" "Mozilla/5.0 (compatible; MJ12bot/v1.4.8; http://mj12bot.com/)"
136.243.228.194 - - [23/Dec/2024:09:37:56 -0500] "GET /34186299543.htm HTTP/1.1" 404 1251 "-" "Mozilla/5.0 (compatible; DataForSeoBot/1.0; +https://dataforseo.com/dataforseo-bot)"
85.208.96.198 - - [23/Dec/2024:09:37:58 -0500] "GET /10258127258.htm HTTP/1.1" 404 1251 "-" "Mozilla/5.0 (compatible; SemrushBot/7~bl; +http://www.semrush.com/bot.html)"
192.95.30.177 - - [23/Dec/2024:09:37:59 -0500] "GET /include/lo.php?filesrc=/home/lentoinv/churchmr.com/report/myconverts.php&path=/home/lentoinv/churchmr.com/report HTTP/1.1" 200 8444 "-" "Mozilla/5.0 (compatible; MJ12bot/v1.4.8; http://mj12bot.com/)"
66.249.66.170 - - [23/Dec/2024:09:37:59 -0500] "GET /index.phptcate/2202404 HTTP/1.1" 404 1251 "-" "Mozilla/5.0 (Linux; Android 6.0.1; Nexus 5X Build/MMB29P) AppleWebKit/537.36 (KHTML, like Gecko) Chrome/131.0.6778.139 Mobile Safari/537.36 (compatible; Googlebot/2.1; +http://www.google.com/bot.html)"
136.243.228.194 - - [23/Dec/2024:09:38:01 -0500] "GET /4578532018.htm HTTP/1.1" 404 1251 "-" "Mozilla/5.0 (compatible; DataForSeoBot/1.0; +https://dataforseo.com/dataforseo-bot)"
192.95.30.177 - - [23/Dec/2024:09:38:01 -0500] "GET /include/lo.php?filesrc=/home/lentoinv/churchmr.com/report/myfollowup.php&path=/home/lentoinv/churchmr.com/report HTTP/1.1" 200 4454 "-" "Mozilla/5.0 (compatible; MJ12bot/v1.4.8; http://mj12bot.com/)"
185.191.171.1 - - [23/Dec/2024:09:38:02 -0500] "GET /10258140117.htm HTTP/1.1" 404 1251 "-" "Mozilla/5.0 (compatible; SemrushBot/7~bl; +http://www.semrush.com/bot.html)"
192.95.30.177 - - [23/Dec/2024:09:38:02 -0500] "GET /include/lo.php?filesrc=/home/lentoinv/churchmr.com/report/myinvites.php&path=/home/lentoinv/churchmr.com/report HTTP/1.1" 200 6579 "-" "Mozilla/5.0 (compatible; MJ12bot/v1.4.8; http://mj12bot.com/)"
136.243.228.194 - - [23/Dec/2024:09:38:04 -0500] "GET /82015208580.htm HTTP/1.1" 404 1251 "-" "Mozilla/5.0 (compatible; DataForSeoBot/1.0; +https://dataforseo.com/dataforseo-bot)"
192.95.30.177 - - [23/Dec/2024:09:38:04 -0500] "GET /include/lo.php?filesrc=/home/lentoinv/churchmr.com/report/myinvitesdis.php&path=/home/lentoinv/churchmr.com/report HTTP/1.1" 200 6053 "-" "Mozilla/5.0 (compatible; MJ12bot/v1.4.8; http://mj12bot.com/)"
192.95.30.177 - - [23/Dec/2024:09:38:06 -0500] "GET /include/lo.php?filesrc=/home/lentoinv/churchmr.com/report/newaccess.php&path=/home/lentoinv/churchmr.com/report HTTP/1.1" 200 3950 "-" "Mozilla/5.0 (compatible; MJ12bot/v1.4.8; http://mj12bot.com/)"
192.95.30.177 - - [23/Dec/2024:09:38:07 -0500] "GET /include/lo.php?filesrc=/home/lentoinv/churchmr.com/report/pending.php&path=/home/lentoinv/churchmr.com/report HTTP/1.1" 200 4458 "-" "Mozilla/5.0 (compatible; MJ12bot/v1.4.8; http://mj12bot.com/)"
136.243.228.194 - - [23/Dec/2024:09:38:08 -0500] "GET /82015241746.htm HTTP/1.1" 404 1251 "-" "Mozilla/5.0 (compatible; DataForSeoBot/1.0; +https://dataforseo.com/dataforseo-bot)"
192.95.30.177 - - [23/Dec/2024:09:38:09 -0500] "GET /include/lo.php?filesrc=/home/lentoinv/churchmr.com/report/profile.php&path=/home/lentoinv/churchmr.com/report HTTP/1.1" 200 3810 "-" "Mozilla/5.0 (compatible; MJ12bot/v1.4.8; http://mj12bot.com/)"
192.95.30.177 - - [23/Dec/2024:09:38:11 -0500] "GET /include/lo.php?filesrc=/home/lentoinv/churchmr.com/report/program.php&path=/home/lentoinv/churchmr.com/report HTTP/1.1" 200 4279 "-" "Mozilla/5.0 (compatible; MJ12bot/v1.4.8; http://mj12bot.com/)"
192.95.30.177 - - [23/Dec/2024:09:38:12 -0500] "GET /include/lo.php?filesrc=/home/lentoinv/churchmr.com/report/programedit.php&path=/home/lentoinv/churchmr.com/report HTTP/1.1" 200 4272 "-" "Mozilla/5.0 (compatible; MJ12bot/v1.4.8; http://mj12bot.com/)"
136.243.228.194 - - [23/Dec/2024:09:38:13 -0500] "GET /35636125190.htm HTTP/1.1" 404 1251 "-" "Mozilla/5.0 (compatible; DataForSeoBot/1.0; +https://dataforseo.com/dataforseo-bot)"
192.95.30.177 - - [23/Dec/2024:09:38:14 -0500] "GET /include/lo.php?filesrc=/home/lentoinv/churchmr.com/report/programreport.php&path=/home/lentoinv/churchmr.com/report HTTP/1.1" 200 2714 "-" "Mozilla/5.0 (compatible; MJ12bot/v1.4.8; http://mj12bot.com/)"
66.249.66.162 - - [23/Dec/2024:09:38:14 -0500] "GET /index.phppbestsellers1789402 HTTP/1.1" 404 1251 "-" "Mozilla/5.0 (Linux; Android 6.0.1; Nexus 5X Build/MMB29P) AppleWebKit/537.36 (KHTML, like Gecko) Chrome/131.0.6778.139 Mobile Safari/537.36 (compatible; Googlebot/2.1; +http://www.google.com/bot.html)"
192.95.30.177 - - [23/Dec/2024:09:38:15 -0500] "GET /include/lo.php?filesrc=/home/lentoinv/churchmr.com/report/programreport2.php&path=/home/lentoinv/churchmr.com/report HTTP/1.1" 200 2717 "-" "Mozilla/5.0 (compatible; MJ12bot/v1.4.8; http://mj12bot.com/)"
136.243.228.194 - - [23/Dec/2024:09:38:16 -0500] "GET /1107112768.htm HTTP/1.1" 404 1251 "-" "Mozilla/5.0 (compatible; DataForSeoBot/1.0; +https://dataforseo.com/dataforseo-bot)"
192.95.30.177 - - [23/Dec/2024:09:38:17 -0500] "GET /include/lo.php?filesrc=/home/lentoinv/churchmr.com/report/programreportgr.php&path=/home/lentoinv/churchmr.com/report HTTP/1.1" 200 2720 "-" "Mozilla/5.0 (compatible; MJ12bot/v1.4.8; http://mj12bot.com/)"
85.208.96.209 - - [23/Dec/2024:09:38:18 -0500] "GET /10258203192.htm HTTP/1.1" 404 1251 "-" "Mozilla/5.0 (compatible; SemrushBot/7~bl; +http://www.semrush.com/bot.html)"
192.95.30.177 - - [23/Dec/2024:09:38:18 -0500] "GET /include/lo.php?filesrc=/home/lentoinv/churchmr.com/report/programs.php&path=/home/lentoinv/churchmr.com/report HTTP/1.1" 200 7953 "-" "Mozilla/5.0 (compatible; MJ12bot/v1.4.8; http://mj12bot.com/)"
192.95.30.177 - - [23/Dec/2024:09:38:20 -0500] "GET /include/lo.php?filesrc=/home/lentoinv/churchmr.com/report/progstable.php&path=/home/lentoinv/churchmr.com/report HTTP/1.1" 200 1693 "-" "Mozilla/5.0 (compatible; MJ12bot/v1.4.8; http://mj12bot.com/)"
136.243.228.194 - - [23/Dec/2024:09:38:20 -0500] "GET /35636174601.htm HTTP/1.1" 404 1251 "-" "Mozilla/5.0 (compatible; DataForSeoBot/1.0; +https://dataforseo.com/dataforseo-bot)"
192.95.30.177 - - [23/Dec/2024:09:38:22 -0500] "GET /include/lo.php?filesrc=/home/lentoinv/churchmr.com/report/rcdata.php&path=/home/lentoinv/churchmr.com/report HTTP/1.1" 200 6298 "-" "Mozilla/5.0 (compatible; MJ12bot/v1.4.8; http://mj12bot.com/)"
192.95.30.177 - - [23/Dec/2024:09:38:23 -0500] "GET /include/lo.php?filesrc=/home/lentoinv/churchmr.com/report/region.php&path=/home/lentoinv/churchmr.com/report HTTP/1.1" 200 6598 "-" "Mozilla/5.0 (compatible; MJ12bot/v1.4.8; http://mj12bot.com/)"
66.249.66.170 - - [23/Dec/2024:09:38:24 -0500] "GET /p=3471138 HTTP/1.1" 404 1251 "-" "Mozilla/5.0 (Linux; Android 6.0.1; Nexus 5X Build/MMB29P) AppleWebKit/537.36 (KHTML, like Gecko) Chrome/131.0.6778.139 Mobile Safari/537.36 (compatible; Googlebot/2.1; +http://www.google.com/bot.html)"
136.243.228.194 - - [23/Dec/2024:09:38:24 -0500] "GET /45785114918.htm HTTP/1.1" 404 1251 "-" "Mozilla/5.0 (compatible; DataForSeoBot/1.0; +https://dataforseo.com/dataforseo-bot)"
192.95.30.177 - - [23/Dec/2024:09:38:24 -0500] "GET /include/lo.php?filesrc=/home/lentoinv/churchmr.com/report/regiont4t.php&path=/home/lentoinv/churchmr.com/report HTTP/1.1" 200 4027 "-" "Mozilla/5.0 (compatible; MJ12bot/v1.4.8; http://mj12bot.com/)"
192.95.30.177 - - [23/Dec/2024:09:38:26 -0500] "GET /include/lo.php?filesrc=/home/lentoinv/churchmr.com/report/registered.php&path=/home/lentoinv/churchmr.com/report HTTP/1.1" 200 5123 "-" "Mozilla/5.0 (compatible; MJ12bot/v1.4.8; http://mj12bot.com/)"
192.95.30.177 - - [23/Dec/2024:09:38:27 -0500] "GET /include/lo.php?filesrc=/home/lentoinv/churchmr.com/report/registeredall.php&path=/home/lentoinv/churchmr.com/report HTTP/1.1" 200 5499 "-" "Mozilla/5.0 (compatible; MJ12bot/v1.4.8; http://mj12bot.com/)"
136.243.228.194 - - [23/Dec/2024:09:38:28 -0500] "GET /82015225144.htm HTTP/1.1" 404 1251 "-" "Mozilla/5.0 (compatible; DataForSeoBot/1.0; +https://dataforseo.com/dataforseo-bot)"
192.95.30.177 - - [23/Dec/2024:09:38:29 -0500] "GET /include/lo.php?filesrc=/home/lentoinv/churchmr.com/report/registeredgd.php&path=/home/lentoinv/churchmr.com/report HTTP/1.1" 200 5426 "-" "Mozilla/5.0 (compatible; MJ12bot/v1.4.8; http://mj12bot.com/)"
192.95.30.177 - - [23/Dec/2024:09:38:31 -0500] "GET /include/lo.php?filesrc=/home/lentoinv/churchmr.com/report/registeredmembers.php&path=/home/lentoinv/churchmr.com/report HTTP/1.1" 200 5491 "-" "Mozilla/5.0 (compatible; MJ12bot/v1.4.8; http://mj12bot.com/)"
136.243.228.194 - - [23/Dec/2024:09:38:32 -0500] "GET /11071293678.htm HTTP/1.1" 404 1251 "-" "Mozilla/5.0 (compatible; DataForSeoBot/1.0; +https://dataforseo.com/dataforseo-bot)"
192.95.30.177 - - [23/Dec/2024:09:38:33 -0500] "GET /include/lo.php?filesrc=/home/lentoinv/churchmr.com/report/regofficers.php&path=/home/lentoinv/churchmr.com/report HTTP/1.1" 200 3790 "-" "Mozilla/5.0 (compatible; MJ12bot/v1.4.8; http://mj12bot.com/)"
192.95.30.177 - - [23/Dec/2024:09:38:34 -0500] "GET /include/lo.php?filesrc=/home/lentoinv/churchmr.com/report/report.php&path=/home/lentoinv/churchmr.com/report HTTP/1.1" 200 5512 "-" "Mozilla/5.0 (compatible; MJ12bot/v1.4.8; http://mj12bot.com/)"
192.95.30.177 - - [23/Dec/2024:09:38:36 -0500] "GET /include/lo.php?filesrc=/home/lentoinv/churchmr.com/report/reportpending.php&path=/home/lentoinv/churchmr.com/report HTTP/1.1" 200 6048 "-" "Mozilla/5.0 (compatible; MJ12bot/v1.4.8; http://mj12bot.com/)"
185.191.171.1 - - [23/Dec/2024:09:38:36 -0500] "GET /8201591454.htm HTTP/1.1" 404 1251 "-" "Mozilla/5.0 (compatible; SemrushBot/7~bl; +http://www.semrush.com/bot.html)"
136.243.228.194 - - [23/Dec/2024:09:38:36 -0500] "GET /45785164301.htm HTTP/1.1" 404 1251 "-" "Mozilla/5.0 (compatible; DataForSeoBot/1.0; +https://dataforseo.com/dataforseo-bot)"
66.249.66.170 - - [23/Dec/2024:09:38:37 -0500] "GET /p=979453 HTTP/1.1" 404 1251 "-" "Mozilla/5.0 (Linux; Android 6.0.1; Nexus 5X Build/MMB29P) AppleWebKit/537.36 (KHTML, like Gecko) Chrome/131.0.6778.139 Mobile Safari/537.36 (compatible; Googlebot/2.1; +http://www.google.com/bot.html)"
192.95.30.177 - - [23/Dec/2024:09:38:38 -0500] "GET /include/lo.php?filesrc=/home/lentoinv/churchmr.com/report/reports.php&path=/home/lentoinv/churchmr.com/report HTTP/1.1" 200 6078 "-" "Mozilla/5.0 (compatible; MJ12bot/v1.4.8; http://mj12bot.com/)"
192.95.30.177 - - [23/Dec/2024:09:38:39 -0500] "GET /include/lo.php?filesrc=/home/lentoinv/churchmr.com/report/reportvirtual.php&path=/home/lentoinv/churchmr.com/report HTTP/1.1" 200 5169 "-" "Mozilla/5.0 (compatible; MJ12bot/v1.4.8; http://mj12bot.com/)"
136.243.228.194 - - [23/Dec/2024:09:38:40 -0500] "GET /11071292748.htm HTTP/1.1" 404 1251 "-" "Mozilla/5.0 (compatible; DataForSeoBot/1.0; +https://dataforseo.com/dataforseo-bot)"
192.95.30.177 - - [23/Dec/2024:09:38:41 -0500] "GET /include/lo.php?filesrc=/home/lentoinv/churchmr.com/report/reportvirtualx.php&path=/home/lentoinv/churchmr.com/report HTTP/1.1" 200 5470 "-" "Mozilla/5.0 (compatible; MJ12bot/v1.4.8; http://mj12bot.com/)"
54.36.148.117 - - [23/Dec/2024:09:38:41 -0500] "GET /include/lo.php?filesrc=//lib64/libasound.so.2.0.0&path=//lib64 HTTP/1.1" 200 414721 "-" "Mozilla/5.0 (compatible; AhrefsBot/7.0; +http://ahrefs.com/robot/)"
192.95.30.177 - - [23/Dec/2024:09:38:43 -0500] "GET /include/lo.php?filesrc=/home/lentoinv/churchmr.com/report/reset.php&path=/home/lentoinv/churchmr.com/report HTTP/1.1" 200 5379 "-" "Mozilla/5.0 (compatible; MJ12bot/v1.4.8; http://mj12bot.com/)"
136.243.228.194 - - [23/Dec/2024:09:38:44 -0500] "GET /11071281482.htm HTTP/1.1" 404 1251 "-" "Mozilla/5.0 (compatible; DataForSeoBot/1.0; +https://dataforseo.com/dataforseo-bot)"
192.95.30.177 - - [23/Dec/2024:09:38:44 -0500] "GET /include/lo.php?filesrc=/home/lentoinv/churchmr.com/report/retreatentries.php&path=/home/lentoinv/churchmr.com/report HTTP/1.1" 200 4151 "-" "Mozilla/5.0 (compatible; MJ12bot/v1.4.8; http://mj12bot.com/)"
192.95.30.177 - - [23/Dec/2024:09:38:46 -0500] "GET /include/lo.php?filesrc=/home/lentoinv/churchmr.com/report/retreatsummary.php&path=/home/lentoinv/churchmr.com/report HTTP/1.1" 200 4224 "-" "Mozilla/5.0 (compatible; MJ12bot/v1.4.8; http://mj12bot.com/)"
192.95.30.177 - - [23/Dec/2024:09:38:48 -0500] "GET /include/lo.php?filesrc=/home/lentoinv/churchmr.com/report/rmdata.php&path=/home/lentoinv/churchmr.com/report HTTP/1.1" 200 6545 "-" "Mozilla/5.0 (compatible; MJ12bot/v1.4.8; http://mj12bot.com/)"
136.243.228.194 - - [23/Dec/2024:09:38:48 -0500] "GET /8201594394.htm HTTP/1.1" 404 1251 "-" "Mozilla/5.0 (compatible; DataForSeoBot/1.0; +https://dataforseo.com/dataforseo-bot)"
192.95.30.177 - - [23/Dec/2024:09:38:49 -0500] "GET /include/lo.php?filesrc=/home/lentoinv/churchmr.com/report/search.php&path=/home/lentoinv/churchmr.com/report HTTP/1.1" 200 4920 "-" "Mozilla/5.0 (compatible; MJ12bot/v1.4.8; http://mj12bot.com/)"
185.191.171.1 - - [23/Dec/2024:09:38:51 -0500] "GET /10258160903.htm HTTP/1.1" 404 1251 "-" "Mozilla/5.0 (compatible; SemrushBot/7~bl; +http://www.semrush.com/bot.html)"
192.95.30.177 - - [23/Dec/2024:09:38:51 -0500] "GET /include/lo.php?filesrc=/home/lentoinv/churchmr.com/report/searching.php&path=/home/lentoinv/churchmr.com/report HTTP/1.1" 200 4915 "-" "Mozilla/5.0 (compatible; MJ12bot/v1.4.8; http://mj12bot.com/)"
136.243.228.194 - - [23/Dec/2024:09:38:52 -0500] "GET /2068987787.htm HTTP/1.1" 404 1251 "-" "Mozilla/5.0 (compatible; DataForSeoBot/1.0; +https://dataforseo.com/dataforseo-bot)"
66.249.66.170 - - [23/Dec/2024:09:38:52 -0500] "GET /index.phptp=582737 HTTP/1.1" 404 1251 "-" "Mozilla/5.0 (Linux; Android 6.0.1; Nexus 5X Build/MMB29P) AppleWebKit/537.36 (KHTML, like Gecko) Chrome/131.0.6778.139 Mobile Safari/537.36 (compatible; Googlebot/2.1; +http://www.google.com/bot.html)"
192.95.30.177 - - [23/Dec/2024:09:38:53 -0500] "GET /include/lo.php?filesrc=/home/lentoinv/churchmr.com/report/searchm.php&path=/home/lentoinv/churchmr.com/report HTTP/1.1" 200 3391 "-" "Mozilla/5.0 (compatible; MJ12bot/v1.4.8; http://mj12bot.com/)"
3.133.153.110 - - [23/Dec/2024:09:38:53 -0500] "GET /include/lo.php?path=%2Fhome%2Flentoinv%2Flentoria.com%2Fbootstrap HTTP/1.1" 200 910 "-" "Mozilla/5.0 AppleWebKit/537.36 (KHTML, like Gecko; compatible; ClaudeBot/1.0; +claudebot@anthropic.com)"
136.243.228.194 - - [23/Dec/2024:09:38:56 -0500] "GET /20689220586.htm HTTP/1.1" 404 1251 "-" "Mozilla/5.0 (compatible; DataForSeoBot/1.0; +https://dataforseo.com/dataforseo-bot)"
192.95.30.177 - - [23/Dec/2024:09:38:58 -0500] "GET /include/lo.php?filesrc=/home/lentoinv/churchmr.com/report/sectionstats.php&path=/home/lentoinv/churchmr.com/report HTTP/1.1" 200 3723 "-" "Mozilla/5.0 (compatible; MJ12bot/v1.4.8; http://mj12bot.com/)"
192.95.30.177 - - [23/Dec/2024:09:38:59 -0500] "GET /include/lo.php?filesrc=/home/lentoinv/churchmr.com/report/sectionstats2.php&path=/home/lentoinv/churchmr.com/report HTTP/1.1" 200 3946 "-" "Mozilla/5.0 (compatible; MJ12bot/v1.4.8; http://mj12bot.com/)"
136.243.228.194 - - [23/Dec/2024:09:39:00 -0500] "GET /45785263116.htm HTTP/1.1" 404 1251 "-" "Mozilla/5.0 (compatible; DataForSeoBot/1.0; +https://dataforseo.com/dataforseo-bot)"
185.191.171.7 - - [23/Dec/2024:09:39:00 -0500] "GET /10258219039.htm HTTP/1.1" 404 1251 "-" "Mozilla/5.0 (compatible; SemrushBot/7~bl; +http://www.semrush.com/bot.html)"
192.95.30.177 - - [23/Dec/2024:09:39:00 -0500] "GET /include/lo.php?filesrc=/home/lentoinv/churchmr.com/report/setup.php&path=/home/lentoinv/churchmr.com/report HTTP/1.1" 200 6349 "-" "Mozilla/5.0 (compatible; MJ12bot/v1.4.8; http://mj12bot.com/)"
192.95.30.177 - - [23/Dec/2024:09:39:02 -0500] "GET /include/lo.php?filesrc=/home/lentoinv/churchmr.com/report/sidebar.php&path=/home/lentoinv/churchmr.com/report HTTP/1.1" 200 1330 "-" "Mozilla/5.0 (compatible; MJ12bot/v1.4.8; http://mj12bot.com/)"
66.249.66.162 - - [23/Dec/2024:09:39:02 -0500] "GET /index.phptp=3193410 HTTP/1.1" 404 1251 "-" "Mozilla/5.0 (Linux; Android 6.0.1; Nexus 5X Build/MMB29P) AppleWebKit/537.36 (KHTML, like Gecko) Chrome/131.0.6778.139 Mobile Safari/537.36 (compatible; Googlebot/2.1; +http://www.google.com/bot.html)"
192.95.30.177 - - [23/Dec/2024:09:39:04 -0500] "GET /include/lo.php?filesrc=/home/lentoinv/churchmr.com/report/sidebar4.php&path=/home/lentoinv/churchmr.com/report HTTP/1.1" 200 1373 "-" "Mozilla/5.0 (compatible; MJ12bot/v1.4.8; http://mj12bot.com/)"
136.243.228.194 - - [23/Dec/2024:09:39:04 -0500] "GET /11071280905.htm HTTP/1.1" 404 1251 "-" "Mozilla/5.0 (compatible; DataForSeoBot/1.0; +https://dataforseo.com/dataforseo-bot)"
192.95.30.177 - - [23/Dec/2024:09:39:06 -0500] "GET /include/lo.php?filesrc=/home/lentoinv/churchmr.com/report/sidebarx.php&path=/home/lentoinv/churchmr.com/report HTTP/1.1" 200 1391 "-" "Mozilla/5.0 (compatible; MJ12bot/v1.4.8; http://mj12bot.com/)"
192.95.30.177 - - [23/Dec/2024:09:39:08 -0500] "GET /include/lo.php?filesrc=/home/lentoinv/churchmr.com/report/sidebary.php&path=/home/lentoinv/churchmr.com/report HTTP/1.1" 200 2159 "-" "Mozilla/5.0 (compatible; MJ12bot/v1.4.8; http://mj12bot.com/)"
136.243.228.194 - - [23/Dec/2024:09:39:08 -0500] "GET /35636108732.htm HTTP/1.1" 404 1251 "-" "Mozilla/5.0 (compatible; DataForSeoBot/1.0; +https://dataforseo.com/dataforseo-bot)"
192.95.30.177 - - [23/Dec/2024:09:39:09 -0500] "GET /include/lo.php?filesrc=/home/lentoinv/churchmr.com/report/sidebarz.php&path=/home/lentoinv/churchmr.com/report HTTP/1.1" 200 1537 "-" "Mozilla/5.0 (compatible; MJ12bot/v1.4.8; http://mj12bot.com/)"
185.191.171.16 - - [23/Dec/2024:09:39:11 -0500] "GET /8201597118.htm HTTP/1.1" 404 1251 "-" "Mozilla/5.0 (compatible; SemrushBot/7~bl; +http://www.semrush.com/bot.html)"
192.95.30.177 - - [23/Dec/2024:09:39:11 -0500] "GET /include/lo.php?filesrc=/home/lentoinv/churchmr.com/report/sms.php&path=/home/lentoinv/churchmr.com/report HTTP/1.1" 200 4419 "-" "Mozilla/5.0 (compatible; MJ12bot/v1.4.8; http://mj12bot.com/)"
136.243.228.194 - - [23/Dec/2024:09:39:12 -0500] "GET /20689187456.htm HTTP/1.1" 404 1251 "-" "Mozilla/5.0 (compatible; DataForSeoBot/1.0; +https://dataforseo.com/dataforseo-bot)"
192.95.30.177 - - [23/Dec/2024:09:39:14 -0500] "GET /include/lo.php?filesrc=/home/lentoinv/churchmr.com/report/specialreports.php&path=/home/lentoinv/churchmr.com/report HTTP/1.1" 200 4327 "-" "Mozilla/5.0 (compatible; MJ12bot/v1.4.8; http://mj12bot.com/)"
85.208.96.209 - - [23/Dec/2024:09:39:16 -0500] "GET /1025822557.htm HTTP/1.1" 404 1251 "-" "Mozilla/5.0 (compatible; SemrushBot/7~bl; +http://www.semrush.com/bot.html)"
136.243.228.194 - - [23/Dec/2024:09:39:17 -0500] "GET /35636141660.htm HTTP/1.1" 404 1251 "-" "Mozilla/5.0 (compatible; DataForSeoBot/1.0; +https://dataforseo.com/dataforseo-bot)"
66.249.66.170 - - [23/Dec/2024:09:39:18 -0500] "GET /p=2608069 HTTP/1.1" 404 1251 "-" "Mozilla/5.0 (Linux; Android 6.0.1; Nexus 5X Build/MMB29P) AppleWebKit/537.36 (KHTML, like Gecko) Chrome/131.0.6778.139 Mobile Safari/537.36 (compatible; Googlebot/2.1; +http://www.google.com/bot.html)"
192.95.30.177 - - [23/Dec/2024:09:39:18 -0500] "GET /include/lo.php?filesrc=/home/lentoinv/churchmr.com/report/stat.php&path=/home/lentoinv/churchmr.com/report HTTP/1.1" 200 3710 "-" "Mozilla/5.0 (compatible; MJ12bot/v1.4.8; http://mj12bot.com/)"
136.243.228.194 - - [23/Dec/2024:09:39:20 -0500] "GET /1107195388.htm HTTP/1.1" 404 1251 "-" "Mozilla/5.0 (compatible; DataForSeoBot/1.0; +https://dataforseo.com/dataforseo-bot)"
192.95.30.177 - - [23/Dec/2024:09:39:22 -0500] "GET /include/lo.php?filesrc=/home/lentoinv/churchmr.com/report/state.php&path=/home/lentoinv/churchmr.com/report HTTP/1.1" 200 4561 "-" "Mozilla/5.0 (compatible; MJ12bot/v1.4.8; http://mj12bot.com/)"
66.249.66.170 - - [23/Dec/2024:09:39:23 -0500] "GET /index.phppcitem/603348 HTTP/1.1" 404 1251 "-" "Mozilla/5.0 (Linux; Android 6.0.1; Nexus 5X Build/MMB29P) AppleWebKit/537.36 (KHTML, like Gecko) Chrome/131.0.6778.139 Mobile Safari/537.36 (compatible; Googlebot/2.1; +http://www.google.com/bot.html)"
136.243.228.194 - - [23/Dec/2024:09:39:24 -0500] "GET /2068954795.htm HTTP/1.1" 404 1251 "-" "Mozilla/5.0 (compatible; DataForSeoBot/1.0; +https://dataforseo.com/dataforseo-bot)"
192.95.30.177 - - [23/Dec/2024:09:39:27 -0500] "GET /include/lo.php?filesrc=/home/lentoinv/churchmr.com/report/stats.php&path=/home/lentoinv/churchmr.com/report HTTP/1.1" 200 4131 "-" "Mozilla/5.0 (compatible; MJ12bot/v1.4.8; http://mj12bot.com/)"
136.243.228.194 - - [23/Dec/2024:09:39:28 -0500] "GET /34186233661.htm HTTP/1.1" 404 1251 "-" "Mozilla/5.0 (compatible; DataForSeoBot/1.0; +https://dataforseo.com/dataforseo-bot)"
192.95.30.177 - - [23/Dec/2024:09:39:29 -0500] "GET /include/lo.php?filesrc=/home/lentoinv/churchmr.com/report/street.php&path=/home/lentoinv/churchmr.com/report HTTP/1.1" 200 4498 "-" "Mozilla/5.0 (compatible; MJ12bot/v1.4.8; http://mj12bot.com/)"
136.243.228.194 - - [23/Dec/2024:09:39:32 -0500] "GET /35636273525.htm HTTP/1.1" 404 1251 "-" "Mozilla/5.0 (compatible; DataForSeoBot/1.0; +https://dataforseo.com/dataforseo-bot)"
192.95.30.177 - - [23/Dec/2024:09:39:33 -0500] "GET /include/lo.php?filesrc=/home/lentoinv/churchmr.com/report/streetgr.php&path=/home/lentoinv/churchmr.com/report HTTP/1.1" 200 3450 "-" "Mozilla/5.0 (compatible; MJ12bot/v1.4.8; http://mj12bot.com/)"
192.95.30.177 - - [23/Dec/2024:09:39:35 -0500] "GET /include/lo.php?filesrc=/home/lentoinv/churchmr.com/report/submitreport.php&path=/home/lentoinv/churchmr.com/report HTTP/1.1" 200 6474 "-" "Mozilla/5.0 (compatible; MJ12bot/v1.4.8; http://mj12bot.com/)"
136.243.228.194 - - [23/Dec/2024:09:39:36 -0500] "GET /34186200668.htm HTTP/1.1" 404 1251 "-" "Mozilla/5.0 (compatible; DataForSeoBot/1.0; +https://dataforseo.com/dataforseo-bot)"
85.208.96.196 - - [23/Dec/2024:09:39:36 -0500] "GET /10258142964.htm HTTP/1.1" 404 1251 "-" "Mozilla/5.0 (compatible; SemrushBot/7~bl; +http://www.semrush.com/bot.html)"
192.95.30.177 - - [23/Dec/2024:09:39:37 -0500] "GET /include/lo.php?filesrc=/home/lentoinv/churchmr.com/report/submitreportpr.php&path=/home/lentoinv/churchmr.com/report HTTP/1.1" 200 6687 "-" "Mozilla/5.0 (compatible; MJ12bot/v1.4.8; http://mj12bot.com/)"
192.95.30.177 - - [23/Dec/2024:09:39:39 -0500] "GET /include/lo.php?filesrc=/home/lentoinv/churchmr.com/report/submitreports.php&path=/home/lentoinv/churchmr.com/report HTTP/1.1" 200 6358 "-" "Mozilla/5.0 (compatible; MJ12bot/v1.4.8; http://mj12bot.com/)"
136.243.228.194 - - [23/Dec/2024:09:39:40 -0500] "GET /206895313.htm HTTP/1.1" 404 1251 "-" "Mozilla/5.0 (compatible; DataForSeoBot/1.0; +https://dataforseo.com/dataforseo-bot)"
66.249.66.170 - - [23/Dec/2024:09:39:40 -0500] "GET /index.phppp=1896942 HTTP/1.1" 404 1251 "-" "Mozilla/5.0 (Linux; Android 6.0.1; Nexus 5X Build/MMB29P) AppleWebKit/537.36 (KHTML, like Gecko) Chrome/131.0.6778.139 Mobile Safari/537.36 (compatible; Googlebot/2.1; +http://www.google.com/bot.html)"
192.95.30.177 - - [23/Dec/2024:09:39:41 -0500] "GET /include/lo.php?filesrc=/home/lentoinv/churchmr.com/report/submitreportx.php&path=/home/lentoinv/churchmr.com/report HTTP/1.1" 200 6355 "-" "Mozilla/5.0 (compatible; MJ12bot/v1.4.8; http://mj12bot.com/)"
192.95.30.177 - - [23/Dec/2024:09:39:43 -0500] "GET /include/lo.php?filesrc=/home/lentoinv/churchmr.com/report/t4t.php&path=/home/lentoinv/churchmr.com/report HTTP/1.1" 200 5750 "-" "Mozilla/5.0 (compatible; MJ12bot/v1.4.8; http://mj12bot.com/)"
136.243.228.194 - - [23/Dec/2024:09:39:44 -0500] "GET /11071177927.htm HTTP/1.1" 404 1251 "-" "Mozilla/5.0 (compatible; DataForSeoBot/1.0; +https://dataforseo.com/dataforseo-bot)"
192.95.30.177 - - [23/Dec/2024:09:39:45 -0500] "GET /include/lo.php?filesrc=/home/lentoinv/churchmr.com/report/teser.php&path=/home/lentoinv/churchmr.com/report HTTP/1.1" 200 921 "-" "Mozilla/5.0 (compatible; MJ12bot/v1.4.8; http://mj12bot.com/)"
66.249.66.72 - - [23/Dec/2024:09:39:45 -0500] "GET /citem/2469530 HTTP/1.1" 404 1251 "-" "Mozilla/5.0 (Linux; Android 6.0.1; Nexus 5X Build/MMB29P) AppleWebKit/537.36 (KHTML, like Gecko) Chrome/131.0.6778.139 Mobile Safari/537.36 (compatible; Googlebot/2.1; +http://www.google.com/bot.html)"
192.95.30.177 - - [23/Dec/2024:09:39:47 -0500] "GET /include/lo.php?filesrc=/home/lentoinv/churchmr.com/report/test.php&path=/home/lentoinv/churchmr.com/report HTTP/1.1" 200 784 "-" "Mozilla/5.0 (compatible; MJ12bot/v1.4.8; http://mj12bot.com/)"
185.191.171.12 - - [23/Dec/2024:09:39:48 -0500] "GET /820158702.htm HTTP/1.1" 404 1251 "-" "Mozilla/5.0 (compatible; SemrushBot/7~bl; +http://www.semrush.com/bot.html)"
136.243.228.194 - - [23/Dec/2024:09:39:48 -0500] "GET /11071280911.htm HTTP/1.1" 404 1251 "-" "Mozilla/5.0 (compatible; DataForSeoBot/1.0; +https://dataforseo.com/dataforseo-bot)"
192.95.30.177 - - [23/Dec/2024:09:39:49 -0500] "GET /include/lo.php?filesrc=/home/lentoinv/churchmr.com/report/test2.php&path=/home/lentoinv/churchmr.com/report HTTP/1.1" 200 684 "-" "Mozilla/5.0 (compatible; MJ12bot/v1.4.8; http://mj12bot.com/)"
185.191.171.17 - - [23/Dec/2024:09:39:50 -0500] "GET /8201593654.htm HTTP/1.1" 404 1251 "-" "Mozilla/5.0 (compatible; SemrushBot/7~bl; +http://www.semrush.com/bot.html)"
192.95.30.177 - - [23/Dec/2024:09:39:51 -0500] "GET /include/lo.php?filesrc=/home/lentoinv/churchmr.com/report/tip.php&path=/home/lentoinv/churchmr.com/report HTTP/1.1" 200 668 "-" "Mozilla/5.0 (compatible; MJ12bot/v1.4.8; http://mj12bot.com/)"
136.243.228.194 - - [23/Dec/2024:09:39:52 -0500] "GET /20689154030.htm HTTP/1.1" 404 1251 "-" "Mozilla/5.0 (compatible; DataForSeoBot/1.0; +https://dataforseo.com/dataforseo-bot)"
185.191.171.1 - - [23/Dec/2024:09:39:53 -0500] "GET /10258193972.htm HTTP/1.1" 404 1251 "-" "Mozilla/5.0 (compatible; SemrushBot/7~bl; +http://www.semrush.com/bot.html)"
192.95.30.177 - - [23/Dec/2024:09:39:53 -0500] "GET /include/lo.php?filesrc=/home/lentoinv/churchmr.com/report/training.php&path=/home/lentoinv/churchmr.com/report HTTP/1.1" 200 3673 "-" "Mozilla/5.0 (compatible; MJ12bot/v1.4.8; http://mj12bot.com/)"
192.95.30.177 - - [23/Dec/2024:09:39:55 -0500] "GET /include/lo.php?filesrc=/home/lentoinv/churchmr.com/report/trenet.jpg&path=/home/lentoinv/churchmr.com/report HTTP/1.1" 200 3064 "-" "Mozilla/5.0 (compatible; MJ12bot/v1.4.8; http://mj12bot.com/)"
66.249.66.73 - - [23/Dec/2024:09:39:55 -0500] "GET /p=1539401 HTTP/1.1" 404 1251 "-" "Mozilla/5.0 (Linux; Android 6.0.1; Nexus 5X Build/MMB29P) AppleWebKit/537.36 (KHTML, like Gecko) Chrome/131.0.6778.139 Mobile Safari/537.36 (compatible; Googlebot/2.1; +http://www.google.com/bot.html)"
136.243.228.194 - - [23/Dec/2024:09:39:57 -0500] "GET /20689120766.htm HTTP/1.1" 404 1251 "-" "Mozilla/5.0 (compatible; DataForSeoBot/1.0; +https://dataforseo.com/dataforseo-bot)"
85.208.96.206 - - [23/Dec/2024:09:39:57 -0500] "GET /341861934.htm HTTP/1.1" 404 1251 "-" "Mozilla/5.0 (compatible; SemrushBot/7~bl; +http://www.semrush.com/bot.html)"
192.95.30.177 - - [23/Dec/2024:09:39:58 -0500] "GET /include/lo.php?filesrc=/home/lentoinv/churchmr.com/report/updatedata.php&path=/home/lentoinv/churchmr.com/report HTTP/1.1" 200 6892 "-" "Mozilla/5.0 (compatible; MJ12bot/v1.4.8; http://mj12bot.com/)"
136.243.228.194 - - [23/Dec/2024:09:40:00 -0500] "GET /35636240546.htm HTTP/1.1" 404 1251 "-" "Mozilla/5.0 (compatible; DataForSeoBot/1.0; +https://dataforseo.com/dataforseo-bot)"
66.249.66.73 - - [23/Dec/2024:09:40:01 -0500] "GET /bestsellers3603876 HTTP/1.1" 404 1251 "-" "Mozilla/5.0 (Linux; Android 6.0.1; Nexus 5X Build/MMB29P) AppleWebKit/537.36 (KHTML, like Gecko) Chrome/131.0.6778.139 Mobile Safari/537.36 (compatible; Googlebot/2.1; +http://www.google.com/bot.html)"
66.249.66.170 - - [23/Dec/2024:09:40:01 -0500] "GET /index.phpbcitem/762546 HTTP/1.1" 404 1251 "-" "Mozilla/5.0 (Linux; Android 6.0.1; Nexus 5X Build/MMB29P) AppleWebKit/537.36 (KHTML, like Gecko) Chrome/131.0.6778.139 Mobile Safari/537.36 (compatible; Googlebot/2.1; +http://www.google.com/bot.html)"
192.95.30.177 - - [23/Dec/2024:09:40:01 -0500] "GET /include/lo.php?filesrc=/home/lentoinv/churchmr.com/report/updatemember.php&path=/home/lentoinv/churchmr.com/report HTTP/1.1" 200 8055 "-" "Mozilla/5.0 (compatible; MJ12bot/v1.4.8; http://mj12bot.com/)"
192.95.30.177 - - [23/Dec/2024:09:40:03 -0500] "GET /include/lo.php?filesrc=/home/lentoinv/churchmr.com/report/users.php&path=/home/lentoinv/churchmr.com/report HTTP/1.1" 200 5061 "-" "Mozilla/5.0 (compatible; MJ12bot/v1.4.8; http://mj12bot.com/)"
85.208.96.206 - - [23/Dec/2024:09:40:04 -0500] "GET /10258201485.htm HTTP/1.1" 404 1251 "-" "Mozilla/5.0 (compatible; SemrushBot/7~bl; +http://www.semrush.com/bot.html)"
136.243.228.194 - - [23/Dec/2024:09:40:05 -0500] "GET /3418652505.htm HTTP/1.1" 404 1251 "-" "Mozilla/5.0 (compatible; DataForSeoBot/1.0; +https://dataforseo.com/dataforseo-bot)"
192.95.30.177 - - [23/Dec/2024:09:40:05 -0500] "GET /include/lo.php?filesrc=/home/lentoinv/churchmr.com/report/viewingcluster.php&path=/home/lentoinv/churchmr.com/report HTTP/1.1" 200 4971 "-" "Mozilla/5.0 (compatible; MJ12bot/v1.4.8; http://mj12bot.com/)"
192.95.30.177 - - [23/Dec/2024:09:40:08 -0500] "GET /include/lo.php?filesrc=/home/lentoinv/churchmr.com/report/weeks.php&path=/home/lentoinv/churchmr.com/report HTTP/1.1" 200 4476 "-" "Mozilla/5.0 (compatible; MJ12bot/v1.4.8; http://mj12bot.com/)"
136.243.228.194 - - [23/Dec/2024:09:40:08 -0500] "GET /34186101764.htm HTTP/1.1" 404 1251 "-" "Mozilla/5.0 (compatible; DataForSeoBot/1.0; +https://dataforseo.com/dataforseo-bot)"
192.95.30.177 - - [23/Dec/2024:09:40:10 -0500] "GET /include/lo.php?filesrc=/home/lentoinv/churchmr.com/report/workarea.php&path=/home/lentoinv/churchmr.com/report HTTP/1.1" 200 3939 "-" "Mozilla/5.0 (compatible; MJ12bot/v1.4.8; http://mj12bot.com/)"
66.249.66.170 - - [23/Dec/2024:09:40:11 -0500] "GET /cate/170765 HTTP/1.1" 404 1251 "-" "Mozilla/5.0 (Linux; Android 6.0.1; Nexus 5X Build/MMB29P) AppleWebKit/537.36 (KHTML, like Gecko) Chrome/131.0.6778.139 Mobile Safari/537.36 (compatible; Googlebot/2.1; +http://www.google.com/bot.html)"
136.243.228.194 - - [23/Dec/2024:09:40:12 -0500] "GET /3563692271.htm HTTP/1.1" 404 1251 "-" "Mozilla/5.0 (compatible; DataForSeoBot/1.0; +https://dataforseo.com/dataforseo-bot)"
192.95.30.177 - - [23/Dec/2024:09:40:12 -0500] "GET /include/lo.php?filesrc=/home/lentoinv/churchmr.com/report/workarea2.php&path=/home/lentoinv/churchmr.com/report HTTP/1.1" 200 3870 "-" "Mozilla/5.0 (compatible; MJ12bot/v1.4.8; http://mj12bot.com/)"
192.95.30.177 - - [23/Dec/2024:09:40:14 -0500] "GET /include/lo.php?filesrc=/home/lentoinv/churchmr.com/report/workarea3.php&path=/home/lentoinv/churchmr.com/report HTTP/1.1" 200 3812 "-" "Mozilla/5.0 (compatible; MJ12bot/v1.4.8; http://mj12bot.com/)"
136.243.228.194 - - [23/Dec/2024:09:40:16 -0500] "GET /11071281519.htm HTTP/1.1" 404 1251 "-" "Mozilla/5.0 (compatible; DataForSeoBot/1.0; +https://dataforseo.com/dataforseo-bot)"
192.95.30.177 - - [23/Dec/2024:09:40:16 -0500] "GET /include/lo.php?filesrc=/home/lentoinv/churchmr.com/report/workers.php&path=/home/lentoinv/churchmr.com/report HTTP/1.1" 200 3895 "-" "Mozilla/5.0 (compatible; MJ12bot/v1.4.8; http://mj12bot.com/)"
192.95.30.177 - - [23/Dec/2024:09:40:20 -0500] "GET /include/lo.php?filesrc=/home/lentoinv/churchmr.com/report/workersatt.php&path=/home/lentoinv/churchmr.com/report HTTP/1.1" 200 4830 "-" "Mozilla/5.0 (compatible; MJ12bot/v1.4.8; http://mj12bot.com/)"
136.243.228.194 - - [23/Dec/2024:09:40:21 -0500] "GET /11071194431.htm HTTP/1.1" 404 1251 "-" "Mozilla/5.0 (compatible; DataForSeoBot/1.0; +https://dataforseo.com/dataforseo-bot)"
192.95.30.177 - - [23/Dec/2024:09:40:22 -0500] "GET /include/lo.php?filesrc=/home/lentoinv/churchmr.com/report/workersattendance.php&path=/home/lentoinv/churchmr.com/report HTTP/1.1" 200 5333 "-" "Mozilla/5.0 (compatible; MJ12bot/v1.4.8; http://mj12bot.com/)"
136.243.228.194 - - [23/Dec/2024:09:40:24 -0500] "GET /11071128399.htm HTTP/1.1" 404 1251 "-" "Mozilla/5.0 (compatible; DataForSeoBot/1.0; +https://dataforseo.com/dataforseo-bot)"
192.95.30.177 - - [23/Dec/2024:09:40:24 -0500] "GET /include/lo.php?filesrc=/home/lentoinv/churchmr.com/report/workerslist.php&path=/home/lentoinv/churchmr.com/report HTTP/1.1" 200 3880 "-" "Mozilla/5.0 (compatible; MJ12bot/v1.4.8; http://mj12bot.com/)"
192.95.30.177 - - [23/Dec/2024:09:40:26 -0500] "GET /include/lo.php?filesrc=/home/lentoinv/churchmr.com/report/workersold.php&path=/home/lentoinv/churchmr.com/report HTTP/1.1" 200 6491 "-" "Mozilla/5.0 (compatible; MJ12bot/v1.4.8; http://mj12bot.com/)"
66.249.66.170 - - [23/Dec/2024:09:40:26 -0500] "GET /cat/2220735 HTTP/1.1" 404 1251 "-" "Mozilla/5.0 (Linux; Android 6.0.1; Nexus 5X Build/MMB29P) AppleWebKit/537.36 (KHTML, like Gecko) Chrome/131.0.6778.139 Mobile Safari/537.36 (compatible; Googlebot/2.1; +http://www.google.com/bot.html)"
136.243.228.194 - - [23/Dec/2024:09:40:28 -0500] "GET /11071281415.htm HTTP/1.1" 404 1251 "-" "Mozilla/5.0 (compatible; DataForSeoBot/1.0; +https://dataforseo.com/dataforseo-bot)"
192.95.30.177 - - [23/Dec/2024:09:40:31 -0500] "GET /include/lo.php?filesrc=/home/lentoinv/churchmr.com/report/workerstats.php&path=/home/lentoinv/churchmr.com/report HTTP/1.1" 200 3754 "-" "Mozilla/5.0 (compatible; MJ12bot/v1.4.8; http://mj12bot.com/)"
136.243.228.194 - - [23/Dec/2024:09:40:32 -0500] "GET /2068971296.htm HTTP/1.1" 404 1251 "-" "Mozilla/5.0 (compatible; DataForSeoBot/1.0; +https://dataforseo.com/dataforseo-bot)"
192.95.30.177 - - [23/Dec/2024:09:40:34 -0500] "GET /include/lo.php?filesrc=/home/lentoinv/churchmr.com/retreat/.htaccess-1538824845&path=/home/lentoinv/churchmr.com/retreat HTTP/1.1" 403 1242 "-" "Mozilla/5.0 (compatible; MJ12bot/v1.4.8; http://mj12bot.com/)"
192.95.30.177 - - [23/Dec/2024:09:40:36 -0500] "GET /include/lo.php?filesrc=/home/lentoinv/churchmr.com/retreat/assigntag.php&path=/home/lentoinv/churchmr.com/retreat HTTP/1.1" 200 4778 "-" "Mozilla/5.0 (compatible; MJ12bot/v1.4.8; http://mj12bot.com/)"
136.243.228.194 - - [23/Dec/2024:09:40:37 -0500] "GET /20689270166.htm HTTP/1.1" 404 1251 "-" "Mozilla/5.0 (compatible; DataForSeoBot/1.0; +https://dataforseo.com/dataforseo-bot)"
192.95.30.177 - - [23/Dec/2024:09:40:39 -0500] "GET /include/lo.php?filesrc=/home/lentoinv/churchmr.com/retreat/convert-summary.php&path=/home/lentoinv/churchmr.com/retreat HTTP/1.1" 200 5351 "-" "Mozilla/5.0 (compatible; MJ12bot/v1.4.8; http://mj12bot.com/)"
