188.165.237.120 - - [23/Dec/2024:10:09:35 -0500] "GET /include/lo.php?filesrc=/home/lentoinv/test.api.lentoria.com/vendor/psr/simple-cache/LICENSE.md&path=/home/lentoinv/test.api.lentoria.com/vendor/psr/simple-cache HTTP/1.1" 200 1354 "-" "Mozilla/5.0 (compatible; MJ12bot/v1.4.8; http://mj12bot.com/)"
136.243.228.194 - - [23/Dec/2024:10:09:35 -0500] "GET /23716263766.htm HTTP/1.1" 404 1251 "-" "Mozilla/5.0 (compatible; DataForSeoBot/1.0; +https://dataforseo.com/dataforseo-bot)"
188.165.237.120 - - [23/Dec/2024:10:09:38 -0500] "GET /include/lo.php?filesrc=/home/lentoinv/test.api.lentoria.com/vendor/psr/simple-cache/README.md&path=/home/lentoinv/test.api.lentoria.com/vendor/psr/simple-cache HTTP/1.1" 200 913 "-" "Mozilla/5.0 (compatible; MJ12bot/v1.4.8; http://mj12bot.com/)"
136.243.228.194 - - [23/Dec/2024:10:09:39 -0500] "GET /82015309553.htm HTTP/1.1" 404 1251 "-" "Mozilla/5.0 (compatible; DataForSeoBot/1.0; +https://dataforseo.com/dataforseo-bot)"
188.165.237.120 - - [23/Dec/2024:10:09:41 -0500] "GET /include/lo.php?filesrc=/home/lentoinv/test.api.lentoria.com/vendor/psr/simple-cache/composer.json&path=/home/lentoinv/test.api.lentoria.com/vendor/psr/simple-cache HTTP/1.1" 403 1242 "-" "Mozilla/5.0 (compatible; MJ12bot/v1.4.8; http://mj12bot.com/)"
136.243.228.194 - - [23/Dec/2024:10:09:43 -0500] "GET /2371616360.htm HTTP/1.1" 404 1251 "-" "Mozilla/5.0 (compatible; DataForSeoBot/1.0; +https://dataforseo.com/dataforseo-bot)"
66.249.66.170 - - [23/Dec/2024:10:09:47 -0500] "GET /index.phptcitem/43790 HTTP/1.1" 404 1251 "-" "Mozilla/5.0 (Linux; Android 6.0.1; Nexus 5X Build/MMB29P) AppleWebKit/537.36 (KHTML, like Gecko) Chrome/131.0.6778.139 Mobile Safari/537.36 (compatible; Googlebot/2.1; +http://www.google.com/bot.html)"
136.243.228.194 - - [23/Dec/2024:10:09:47 -0500] "GET /49624192601.htm HTTP/1.1" 404 1251 "-" "Mozilla/5.0 (compatible; DataForSeoBot/1.0; +https://dataforseo.com/dataforseo-bot)"
188.165.237.120 - - [23/Dec/2024:10:09:48 -0500] "GET /include/lo.php?filesrc=/home/lentoinv/test.api.lentoria.com/vendor/psy/psysh/LICENSE&path=/home/lentoinv/test.api.lentoria.com/vendor/psy/psysh HTTP/1.1" 200 1301 "-" "Mozilla/5.0 (compatible; MJ12bot/v1.4.8; http://mj12bot.com/)"
188.165.237.120 - - [23/Dec/2024:10:09:51 -0500] "GET /include/lo.php?filesrc=/home/lentoinv/test.api.lentoria.com/vendor/psy/psysh/README.md&path=/home/lentoinv/test.api.lentoria.com/vendor/psy/psysh HTTP/1.1" 200 1488 "-" "Mozilla/5.0 (compatible; MJ12bot/v1.4.8; http://mj12bot.com/)"
136.243.228.194 - - [23/Dec/2024:10:09:51 -0500] "GET /1107150431.htm HTTP/1.1" 404 1251 "-" "Mozilla/5.0 (compatible; DataForSeoBot/1.0; +https://dataforseo.com/dataforseo-bot)"
85.208.96.203 - - [23/Dec/2024:10:09:53 -0500] "GET /10258149843.htm HTTP/1.1" 404 1251 "-" "Mozilla/5.0 (compatible; SemrushBot/7~bl; +http://www.semrush.com/bot.html)"
185.191.171.17 - - [23/Dec/2024:10:09:55 -0500] "GET /1025813036.htm HTTP/1.1" 404 1251 "-" "Mozilla/5.0 (compatible; SemrushBot/7~bl; +http://www.semrush.com/bot.html)"
136.243.228.194 - - [23/Dec/2024:10:09:56 -0500] "GET /82015293072.htm HTTP/1.1" 404 1251 "-" "Mozilla/5.0 (compatible; DataForSeoBot/1.0; +https://dataforseo.com/dataforseo-bot)"
188.165.237.120 - - [23/Dec/2024:10:09:56 -0500] "GET /include/lo.php?filesrc=/home/lentoinv/test.api.lentoria.com/vendor/psy/psysh/composer.json&path=/home/lentoinv/test.api.lentoria.com/vendor/psy/psysh HTTP/1.1" 403 1242 "-" "Mozilla/5.0 (compatible; MJ12bot/v1.4.8; http://mj12bot.com/)"
136.243.228.194 - - [23/Dec/2024:10:09:59 -0500] "GET /23716197791.htm HTTP/1.1" 404 1251 "-" "Mozilla/5.0 (compatible; DataForSeoBot/1.0; +https://dataforseo.com/dataforseo-bot)"
188.165.237.120 - - [23/Dec/2024:10:10:01 -0500] "GET /include/lo.php?filesrc=/home/lentoinv/test.api.lentoria.com/vendor/ralouphie/getallheaders/LICENSE&path=/home/lentoinv/test.api.lentoria.com/vendor/ralouphie/getallheaders HTTP/1.1" 200 1340 "-" "Mozilla/5.0 (compatible; MJ12bot/v1.4.8; http://mj12bot.com/)"
136.243.228.194 - - [23/Dec/2024:10:10:03 -0500] "GET /4962427839.htm HTTP/1.1" 404 1251 "-" "Mozilla/5.0 (compatible; DataForSeoBot/1.0; +https://dataforseo.com/dataforseo-bot)"
188.165.237.120 - - [23/Dec/2024:10:10:04 -0500] "GET /include/lo.php?filesrc=/home/lentoinv/test.api.lentoria.com/vendor/ralouphie/getallheaders/README.md&path=/home/lentoinv/test.api.lentoria.com/vendor/ralouphie/getallheaders HTTP/1.1" 200 993 "-" "Mozilla/5.0 (compatible; MJ12bot/v1.4.8; http://mj12bot.com/)"
185.191.171.1 - - [23/Dec/2024:10:10:07 -0500] "GET /10258185629.htm HTTP/1.1" 404 1251 "-" "Mozilla/5.0 (compatible; SemrushBot/7~bl; +http://www.semrush.com/bot.html)"
136.243.228.194 - - [23/Dec/2024:10:10:07 -0500] "GET /23716247261.htm HTTP/1.1" 404 1251 "-" "Mozilla/5.0 (compatible; DataForSeoBot/1.0; +https://dataforseo.com/dataforseo-bot)"
188.165.237.120 - - [23/Dec/2024:10:10:09 -0500] "GET /include/lo.php?filesrc=/home/lentoinv/test.api.lentoria.com/vendor/ralouphie/getallheaders/composer.json&path=/home/lentoinv/test.api.lentoria.com/vendor/ralouphie/getallheaders HTTP/1.1" 403 1242 "-" "Mozilla/5.0 (compatible; MJ12bot/v1.4.8; http://mj12bot.com/)"
66.249.66.170 - - [23/Dec/2024:10:10:10 -0500] "GET /index.phppcitem/3129635 HTTP/1.1" 404 1251 "-" "Mozilla/5.0 (Linux; Android 6.0.1; Nexus 5X Build/MMB29P) AppleWebKit/537.36 (KHTML, like Gecko) Chrome/131.0.6778.139 Mobile Safari/537.36 (compatible; Googlebot/2.1; +http://www.google.com/bot.html)"
136.243.228.194 - - [23/Dec/2024:10:10:11 -0500] "GET /11071231085.htm HTTP/1.1" 404 1251 "-" "Mozilla/5.0 (compatible; DataForSeoBot/1.0; +https://dataforseo.com/dataforseo-bot)"
188.165.237.120 - - [23/Dec/2024:10:10:12 -0500] "GET /include/lo.php?filesrc=/home/lentoinv/test.api.lentoria.com/vendor/ramsey/collection/LICENSE&path=/home/lentoinv/test.api.lentoria.com/vendor/ramsey/collection HTTP/1.1" 200 1330 "-" "Mozilla/5.0 (compatible; MJ12bot/v1.4.8; http://mj12bot.com/)"
136.243.228.194 - - [23/Dec/2024:10:10:15 -0500] "GET /49624209131.htm HTTP/1.1" 404 1251 "-" "Mozilla/5.0 (compatible; DataForSeoBot/1.0; +https://dataforseo.com/dataforseo-bot)"
185.191.171.4 - - [23/Dec/2024:10:10:16 -0500] "GET /8201592545.htm HTTP/1.1" 404 1251 "-" "Mozilla/5.0 (compatible; SemrushBot/7~bl; +http://www.semrush.com/bot.html)"
188.165.237.120 - - [23/Dec/2024:10:10:16 -0500] "GET /include/lo.php?filesrc=/home/lentoinv/test.api.lentoria.com/vendor/ramsey/collection/README.md&path=/home/lentoinv/test.api.lentoria.com/vendor/ramsey/collection HTTP/1.1" 200 2259 "-" "Mozilla/5.0 (compatible; MJ12bot/v1.4.8; http://mj12bot.com/)"
136.243.228.194 - - [23/Dec/2024:10:10:19 -0500] "GET /1025869801.htm HTTP/1.1" 404 1251 "-" "Mozilla/5.0 (compatible; DataForSeoBot/1.0; +https://dataforseo.com/dataforseo-bot)"
188.165.237.120 - - [23/Dec/2024:10:10:21 -0500] "GET /include/lo.php?filesrc=/home/lentoinv/test.api.lentoria.com/vendor/ramsey/collection/SECURITY.md&path=/home/lentoinv/test.api.lentoria.com/vendor/ramsey/collection HTTP/1.1" 200 4277 "-" "Mozilla/5.0 (compatible; MJ12bot/v1.4.8; http://mj12bot.com/)"
185.191.171.9 - - [23/Dec/2024:10:10:21 -0500] "GET /10258173722.htm HTTP/1.1" 404 1251 "-" "Mozilla/5.0 (compatible; SemrushBot/7~bl; +http://www.semrush.com/bot.html)"
136.243.228.194 - - [23/Dec/2024:10:10:23 -0500] "GET /49624159627.htm HTTP/1.1" 404 1251 "-" "Mozilla/5.0 (compatible; DataForSeoBot/1.0; +https://dataforseo.com/dataforseo-bot)"
85.208.96.194 - - [23/Dec/2024:10:10:24 -0500] "GET /10258198863.htm HTTP/1.1" 404 1251 "-" "Mozilla/5.0 (compatible; SemrushBot/7~bl; +http://www.semrush.com/bot.html)"
188.165.237.120 - - [23/Dec/2024:10:10:25 -0500] "GET /include/lo.php?filesrc=/home/lentoinv/test.api.lentoria.com/vendor/ramsey/collection/composer.json&path=/home/lentoinv/test.api.lentoria.com/vendor/ramsey/collection HTTP/1.1" 403 1242 "-" "Mozilla/5.0 (compatible; MJ12bot/v1.4.8; http://mj12bot.com/)"
136.243.228.194 - - [23/Dec/2024:10:10:27 -0500] "GET /2371632813.htm HTTP/1.1" 404 1251 "-" "Mozilla/5.0 (compatible; DataForSeoBot/1.0; +https://dataforseo.com/dataforseo-bot)"
188.165.237.120 - - [23/Dec/2024:10:10:28 -0500] "GET /include/lo.php?filesrc=/home/lentoinv/test.api.lentoria.com/vendor/ramsey/uuid/LICENSE&path=/home/lentoinv/test.api.lentoria.com/vendor/ramsey/uuid HTTP/1.1" 200 1339 "-" "Mozilla/5.0 (compatible; MJ12bot/v1.4.8; http://mj12bot.com/)"
188.165.237.120 - - [23/Dec/2024:10:10:31 -0500] "GET /include/lo.php?filesrc=/home/lentoinv/test.api.lentoria.com/vendor/ramsey/uuid/README.md&path=/home/lentoinv/test.api.lentoria.com/vendor/ramsey/uuid HTTP/1.1" 200 2361 "-" "Mozilla/5.0 (compatible; MJ12bot/v1.4.8; http://mj12bot.com/)"
136.243.228.194 - - [23/Dec/2024:10:10:31 -0500] "GET /65758253221.htm HTTP/1.1" 404 1251 "-" "Mozilla/5.0 (compatible; DataForSeoBot/1.0; +https://dataforseo.com/dataforseo-bot)"
188.165.237.120 - - [23/Dec/2024:10:10:34 -0500] "GET /include/lo.php?filesrc=/home/lentoinv/test.api.lentoria.com/vendor/ramsey/uuid/composer.json&path=/home/lentoinv/test.api.lentoria.com/vendor/ramsey/uuid HTTP/1.1" 403 1242 "-" "Mozilla/5.0 (compatible; MJ12bot/v1.4.8; http://mj12bot.com/)"
136.243.228.194 - - [23/Dec/2024:10:10:35 -0500] "GET /10258202081.htm HTTP/1.1" 404 1251 "-" "Mozilla/5.0 (compatible; DataForSeoBot/1.0; +https://dataforseo.com/dataforseo-bot)"
188.165.237.120 - - [23/Dec/2024:10:10:37 -0500] "GET /include/lo.php?filesrc=/home/lentoinv/test.api.lentoria.com/vendor/sebastian/cli-parser/ChangeLog.md&path=/home/lentoinv/test.api.lentoria.com/vendor/sebastian/cli-parser HTTP/1.1" 200 915 "-" "Mozilla/5.0 (compatible; MJ12bot/v1.4.8; http://mj12bot.com/)"
66.249.66.170 - - [23/Dec/2024:10:10:38 -0500] "GET /index.phptcitem/300460 HTTP/1.1" 404 1251 "-" "Mozilla/5.0 (Linux; Android 6.0.1; Nexus 5X Build/MMB29P) AppleWebKit/537.36 (KHTML, like Gecko) Chrome/131.0.6778.139 Mobile Safari/537.36 (compatible; Googlebot/2.1; +http://www.google.com/bot.html)"
85.208.96.210 - - [23/Dec/2024:10:10:38 -0500] "GET /robots.txt HTTP/1.1" 200 122 "-" "Mozilla/5.0 (compatible; SemrushBot/7~bl; +http://www.semrush.com/bot.html)"
85.208.96.198 - - [23/Dec/2024:10:10:38 -0500] "GET /10258214965.htm HTTP/1.1" 404 1251 "-" "Mozilla/5.0 (compatible; SemrushBot/7~bl; +http://www.semrush.com/bot.html)"
136.243.228.194 - - [23/Dec/2024:10:10:40 -0500] "GET /1107199715.htm HTTP/1.1" 404 1251 "-" "Mozilla/5.0 (compatible; DataForSeoBot/1.0; +https://dataforseo.com/dataforseo-bot)"
85.208.96.208 - - [23/Dec/2024:10:10:40 -0500] "GET /10258141202.htm HTTP/1.1" 404 1251 "-" "Mozilla/5.0 (compatible; SemrushBot/7~bl; +http://www.semrush.com/bot.html)"
188.165.237.120 - - [23/Dec/2024:10:10:41 -0500] "GET /include/lo.php?filesrc=/home/lentoinv/test.api.lentoria.com/vendor/sebastian/cli-parser/LICENSE&path=/home/lentoinv/test.api.lentoria.com/vendor/sebastian/cli-parser HTTP/1.1" 200 1480 "-" "Mozilla/5.0 (compatible; MJ12bot/v1.4.8; http://mj12bot.com/)"
54.38.85.17 - - [23/Dec/2024:10:10:42 -0500] "GET /robots.txt HTTP/1.1" 200 338 "-" "Mozilla/5.0 (compatible; MJ12bot/v1.4.8; http://mj12bot.com/)"
136.243.228.194 - - [23/Dec/2024:10:10:43 -0500] "GET /23716313263.htm HTTP/1.1" 404 1251 "-" "Mozilla/5.0 (compatible; DataForSeoBot/1.0; +https://dataforseo.com/dataforseo-bot)"
54.38.85.17 - - [23/Dec/2024:10:10:43 -0500] "GET /include/lo.php?filesrc=/home/lentoinv/lentoria.com/vendor/sebastian/version/LICENSE&path=/home/lentoinv/lentoria.com/vendor/sebastian/version HTTP/1.1" 200 1467 "-" "Mozilla/5.0 (compatible; MJ12bot/v1.4.8; http://mj12bot.com/)"
54.38.85.17 - - [23/Dec/2024:10:10:45 -0500] "GET /include/lo.php?filesrc=/home/lentoinv/lentoria.com/vendor/sebastian/version/composer.json&path=/home/lentoinv/lentoria.com/vendor/sebastian/version HTTP/1.1" 403 1242 "-" "Mozilla/5.0 (compatible; MJ12bot/v1.4.8; http://mj12bot.com/)"
188.165.237.120 - - [23/Dec/2024:10:10:45 -0500] "GET /include/lo.php?filesrc=/home/lentoinv/test.api.lentoria.com/vendor/sebastian/cli-parser/README.md&path=/home/lentoinv/test.api.lentoria.com/vendor/sebastian/cli-parser HTTP/1.1" 200 908 "-" "Mozilla/5.0 (compatible; MJ12bot/v1.4.8; http://mj12bot.com/)"
54.38.85.17 - - [23/Dec/2024:10:10:47 -0500] "GET /include/lo.php?filesrc=/home/lentoinv/lentoria.com/vendor/symfony/polyfill-mbstring/README.md&path=/home/lentoinv/lentoria.com/vendor/symfony/polyfill-mbstring HTTP/1.1" 200 837 "-" "Mozilla/5.0 (compatible; MJ12bot/v1.4.8; http://mj12bot.com/)"
188.165.237.120 - - [23/Dec/2024:10:10:47 -0500] "GET /include/lo.php?filesrc=/home/lentoinv/test.api.lentoria.com/vendor/sebastian/cli-parser/composer.json&path=/home/lentoinv/test.api.lentoria.com/vendor/sebastian/cli-parser HTTP/1.1" 403 1242 "-" "Mozilla/5.0 (compatible; MJ12bot/v1.4.8; http://mj12bot.com/)"
136.243.228.194 - - [23/Dec/2024:10:10:48 -0500] "GET /23716362831.htm HTTP/1.1" 404 1251 "-" "Mozilla/5.0 (compatible; DataForSeoBot/1.0; +https://dataforseo.com/dataforseo-bot)"
54.38.85.17 - - [23/Dec/2024:10:10:48 -0500] "GET /include/lo.php?filesrc=/home/lentoinv/lentoria.com/vendor/symfony/uid/UuidV1.php&path=/home/lentoinv/lentoria.com/vendor/symfony/uid HTTP/1.1" 200 1489 "-" "Mozilla/5.0 (compatible; MJ12bot/v1.4.8; http://mj12bot.com/)"
54.38.85.17 - - [23/Dec/2024:10:10:50 -0500] "GET /include/lo.php?filesrc=/home/lentoinv/lentoria.com/vendor/symfony/uid/UuidV3.php&path=/home/lentoinv/lentoria.com/vendor/symfony/uid HTTP/1.1" 200 996 "-" "Mozilla/5.0 (compatible; MJ12bot/v1.4.8; http://mj12bot.com/)"
188.165.237.120 - - [23/Dec/2024:10:10:50 -0500] "GET /include/lo.php?filesrc=/home/lentoinv/test.api.lentoria.com/vendor/sebastian/cli-parser/infection.json&path=/home/lentoinv/test.api.lentoria.com/vendor/sebastian/cli-parser HTTP/1.1" 200 741 "-" "Mozilla/5.0 (compatible; MJ12bot/v1.4.8; http://mj12bot.com/)"
54.38.85.17 - - [23/Dec/2024:10:10:51 -0500] "GET /include/lo.php?filesrc=/home/lentoinv/lentoria.com/vendor/symfony/uid/UuidV4.php&path=/home/lentoinv/lentoria.com/vendor/symfony/uid HTTP/1.1" 200 1114 "-" "Mozilla/5.0 (compatible; MJ12bot/v1.4.8; http://mj12bot.com/)"
136.243.228.194 - - [23/Dec/2024:10:10:51 -0500] "GET /65758155811.htm HTTP/1.1" 404 1251 "-" "Mozilla/5.0 (compatible; DataForSeoBot/1.0; +https://dataforseo.com/dataforseo-bot)"
54.38.85.17 - - [23/Dec/2024:10:10:53 -0500] "GET /include/lo.php?filesrc=/home/lentoinv/lentoria.com/vendor/vimeo/vimeo-api/.gitattributes&path=/home/lentoinv/lentoria.com/vendor/vimeo/vimeo-api HTTP/1.1" 200 656 "-" "Mozilla/5.0 (compatible; MJ12bot/v1.4.8; http://mj12bot.com/)"
3.144.252.243 - - [23/Dec/2024:10:10:54 -0500] "GET /include/lo.php?filesrc=%2Fhome%2Flentoinv%2Flentoria.com%2F.editorconfig&path=%2Fhome%2Flentoinv%2Flentoria.com HTTP/1.1" 200 759 "-" "Mozilla/5.0 AppleWebKit/537.36 (KHTML, like Gecko; compatible; ClaudeBot/1.0; +claudebot@anthropic.com)"
18.188.137.209 - - [23/Dec/2024:10:10:54 -0500] "GET /include/lo.php?filesrc=%2Fhome%2Flentoinv%2Ftmp%2Fsess_cc9fef30465ef71dc6256b4a534e13bb&path=%2Fhome%2Flentoinv%2Ftmp HTTP/1.1" 200 2941 "-" "Mozilla/5.0 AppleWebKit/537.36 (KHTML, like Gecko; compatible; ClaudeBot/1.0; +claudebot@anthropic.com)"
54.38.85.17 - - [23/Dec/2024:10:10:54 -0500] "GET /include/lo.php?filesrc=/home/lentoinv/lentoria.com/vendor/webmozart/assert/composer.json&path=/home/lentoinv/lentoria.com/vendor/webmozart/assert HTTP/1.1" 403 1242 "-" "Mozilla/5.0 (compatible; MJ12bot/v1.4.8; http://mj12bot.com/)"
136.243.228.194 - - [23/Dec/2024:10:10:55 -0500] "GET /4962493721.htm HTTP/1.1" 404 1251 "-" "Mozilla/5.0 (compatible; DataForSeoBot/1.0; +https://dataforseo.com/dataforseo-bot)"
114.119.157.237 - - [23/Dec/2024:10:10:55 -0500] "GET /include/lo.php?filesrc=/home/lentoinv/logs/test.lentoria.com-Jun-2024.gz&path=/home/lentoinv/logs HTTP/1.1" 200 1198 "https://www.believersfamilyfoundation.com/include/lo.php?path=/home/lentoinv/logs" "Mozilla/5.0 (Linux; Android 7.0;) AppleWebKit/537.36 (KHTML, like Gecko) Mobile Safari/537.36 (compatible; PetalBot;+https://webmaster.petalsearch.com/site/petalbot)"
54.38.85.17 - - [23/Dec/2024:10:10:56 -0500] "GET /include/lo.php?filesrc=/home/lentoinv/props/vendor/symfony/error-handler/BufferingLogger.php&path=/home/lentoinv/props/vendor/symfony/error-handler HTTP/1.1" 200 1436 "-" "Mozilla/5.0 (compatible; MJ12bot/v1.4.8; http://mj12bot.com/)"
188.165.237.120 - - [23/Dec/2024:10:10:57 -0500] "GET /include/lo.php?filesrc=/home/lentoinv/test.api.lentoria.com/vendor/sebastian/code-unit-reverse-lookup/ChangeLog.md&path=/home/lentoinv/test.api.lentoria.com/vendor/sebastian/code-unit-reverse-lookup HTTP/1.1" 200 1049 "-" "Mozilla/5.0 (compatible; MJ12bot/v1.4.8; http://mj12bot.com/)"
54.38.85.17 - - [23/Dec/2024:10:10:57 -0500] "GET /include/lo.php?filesrc=/home/lentoinv/props/vendor/symfony/error-handler/CHANGELOG.md&path=/home/lentoinv/props/vendor/symfony/error-handler HTTP/1.1" 200 983 "-" "Mozilla/5.0 (compatible; MJ12bot/v1.4.8; http://mj12bot.com/)"
188.165.237.120 - - [23/Dec/2024:10:10:59 -0500] "GET /include/lo.php?filesrc=/home/lentoinv/test.api.lentoria.com/vendor/sebastian/code-unit-reverse-lookup/LICENSE&path=/home/lentoinv/test.api.lentoria.com/vendor/sebastian/code-unit-reverse-lookup HTTP/1.1" 200 1499 "-" "Mozilla/5.0 (compatible; MJ12bot/v1.4.8; http://mj12bot.com/)"
54.38.85.17 - - [23/Dec/2024:10:10:59 -0500] "GET /include/lo.php?filesrc=/home/lentoinv/props/vendor/symfony/error-handler/ErrorHandler.php&path=/home/lentoinv/props/vendor/symfony/error-handler HTTP/1.1" 200 7380 "-" "Mozilla/5.0 (compatible; MJ12bot/v1.4.8; http://mj12bot.com/)"
136.243.228.194 - - [23/Dec/2024:10:10:59 -0500] "GET /10258218621.htm HTTP/1.1" 404 1251 "-" "Mozilla/5.0 (compatible; DataForSeoBot/1.0; +https://dataforseo.com/dataforseo-bot)"
54.38.85.17 - - [23/Dec/2024:10:11:00 -0500] "GET /include/lo.php?filesrc=/home/lentoinv/props/vendor/symfony/error-handler/LICENSE&path=/home/lentoinv/props/vendor/symfony/error-handler HTTP/1.1" 200 1299 "-" "Mozilla/5.0 (compatible; MJ12bot/v1.4.8; http://mj12bot.com/)"
188.165.237.120 - - [23/Dec/2024:10:11:01 -0500] "GET /include/lo.php?filesrc=/home/lentoinv/test.api.lentoria.com/vendor/sebastian/code-unit-reverse-lookup/README.md&path=/home/lentoinv/test.api.lentoria.com/vendor/sebastian/code-unit-reverse-lookup HTTP/1.1" 200 993 "-" "Mozilla/5.0 (compatible; MJ12bot/v1.4.8; http://mj12bot.com/)"
54.38.85.17 - - [23/Dec/2024:10:11:02 -0500] "GET /include/lo.php?filesrc=/home/lentoinv/props/vendor/symfony/error-handler/ThrowableUtils.php&path=/home/lentoinv/props/vendor/symfony/error-handler HTTP/1.1" 200 1014 "-" "Mozilla/5.0 (compatible; MJ12bot/v1.4.8; http://mj12bot.com/)"
136.243.228.194 - - [23/Dec/2024:10:11:03 -0500] "GET /23716147969.htm HTTP/1.1" 404 1251 "-" "Mozilla/5.0 (compatible; DataForSeoBot/1.0; +https://dataforseo.com/dataforseo-bot)"
54.38.85.17 - - [23/Dec/2024:10:11:04 -0500] "GET /include/lo.php?filesrc=/home/lentoinv/props/vendor/symfony/error-handler/composer.json&path=/home/lentoinv/props/vendor/symfony/error-handler HTTP/1.1" 403 1242 "-" "Mozilla/5.0 (compatible; MJ12bot/v1.4.8; http://mj12bot.com/)"
54.38.85.17 - - [23/Dec/2024:10:11:05 -0500] "GET /include/lo.php?filesrc=/home/lentoinv/props/vendor/symfony/event-dispatcher-contracts/.gitignore&path=/home/lentoinv/props/vendor/symfony/event-dispatcher-contracts HTTP/1.1" 403 1242 "-" "Mozilla/5.0 (compatible; MJ12bot/v1.4.8; http://mj12bot.com/)"
66.249.66.74 - - [23/Dec/2024:10:11:06 -0500] "GET /citem/1517088 HTTP/1.1" 404 1251 "-" "Mozilla/5.0 (Linux; Android 6.0.1; Nexus 5X Build/MMB29P) AppleWebKit/537.36 (KHTML, like Gecko) Chrome/131.0.6778.139 Mobile Safari/537.36 (compatible; Googlebot/2.1; +http://www.google.com/bot.html)"
54.38.85.17 - - [23/Dec/2024:10:11:07 -0500] "GET /include/lo.php?filesrc=/home/lentoinv/props/vendor/symfony/event-dispatcher-contracts/Event.php&path=/home/lentoinv/props/vendor/symfony/event-dispatcher-contracts HTTP/1.1" 200 1327 "-" "Mozilla/5.0 (compatible; MJ12bot/v1.4.8; http://mj12bot.com/)"
188.165.237.120 - - [23/Dec/2024:10:11:07 -0500] "GET /include/lo.php?filesrc=/home/lentoinv/test.api.lentoria.com/vendor/sebastian/code-unit-reverse-lookup/composer.json&path=/home/lentoinv/test.api.lentoria.com/vendor/sebastian/code-unit-reverse-lookup HTTP/1.1" 403 1242 "-" "Mozilla/5.0 (compatible; MJ12bot/v1.4.8; http://mj12bot.com/)"
136.243.228.194 - - [23/Dec/2024:10:11:07 -0500] "GET /49624291836.htm HTTP/1.1" 404 1251 "-" "Mozilla/5.0 (compatible; DataForSeoBot/1.0; +https://dataforseo.com/dataforseo-bot)"
54.38.85.17 - - [23/Dec/2024:10:11:08 -0500] "GET /include/lo.php?filesrc=/home/lentoinv/props/vendor/symfony/event-dispatcher-contracts/EventDispatcherInterface.php&path=/home/lentoinv/props/vendor/symfony/event-dispatcher-contracts HTTP/1.1" 200 1102 "-" "Mozilla/5.0 (compatible; MJ12bot/v1.4.8; http://mj12bot.com/)"
54.38.85.17 - - [23/Dec/2024:10:11:10 -0500] "GET /include/lo.php?filesrc=/home/lentoinv/props/vendor/symfony/event-dispatcher-contracts/LICENSE&path=/home/lentoinv/props/vendor/symfony/event-dispatcher-contracts HTTP/1.1" 200 1311 "-" "Mozilla/5.0 (compatible; MJ12bot/v1.4.8; http://mj12bot.com/)"
188.165.237.120 - - [23/Dec/2024:10:11:10 -0500] "GET /include/lo.php?filesrc=/home/lentoinv/test.api.lentoria.com/vendor/sebastian/code-unit/ChangeLog.md&path=/home/lentoinv/test.api.lentoria.com/vendor/sebastian/code-unit HTTP/1.1" 200 1339 "-" "Mozilla/5.0 (compatible; MJ12bot/v1.4.8; http://mj12bot.com/)"
136.243.228.194 - - [23/Dec/2024:10:11:11 -0500] "GET /65758221105.htm HTTP/1.1" 404 1251 "-" "Mozilla/5.0 (compatible; DataForSeoBot/1.0; +https://dataforseo.com/dataforseo-bot)"
54.38.85.17 - - [23/Dec/2024:10:11:11 -0500] "GET /include/lo.php?filesrc=/home/lentoinv/props/vendor/symfony/event-dispatcher-contracts/README.md&path=/home/lentoinv/props/vendor/symfony/event-dispatcher-contracts HTTP/1.1" 200 809 "-" "Mozilla/5.0 (compatible; MJ12bot/v1.4.8; http://mj12bot.com/)"
185.191.171.3 - - [23/Dec/2024:10:11:12 -0500] "GET /8201598919.htm HTTP/1.1" 404 1251 "-" "Mozilla/5.0 (compatible; SemrushBot/7~bl; +http://www.semrush.com/bot.html)"
188.165.237.120 - - [23/Dec/2024:10:11:12 -0500] "GET /include/lo.php?filesrc=/home/lentoinv/test.api.lentoria.com/vendor/sebastian/code-unit/LICENSE&path=/home/lentoinv/test.api.lentoria.com/vendor/sebastian/code-unit HTTP/1.1" 200 1477 "-" "Mozilla/5.0 (compatible; MJ12bot/v1.4.8; http://mj12bot.com/)"
54.38.85.17 - - [23/Dec/2024:10:11:13 -0500] "GET /include/lo.php?filesrc=/home/lentoinv/props/vendor/symfony/event-dispatcher/EventSubscriberInterface.php&path=/home/lentoinv/props/vendor/symfony/event-dispatcher HTTP/1.1" 200 1444 "-" "Mozilla/5.0 (compatible; MJ12bot/v1.4.8; http://mj12bot.com/)"
54.38.85.17 - - [23/Dec/2024:10:11:14 -0500] "GET /include/lo.php?filesrc=/home/lentoinv/props/vendor/symfony/event-dispatcher/ImmutableEventDispatcher.php&path=/home/lentoinv/props/vendor/symfony/event-dispatcher HTTP/1.1" 200 1224 "-" "Mozilla/5.0 (compatible; MJ12bot/v1.4.8; http://mj12bot.com/)"
54.38.85.17 - - [23/Dec/2024:10:11:16 -0500] "GET /include/lo.php?filesrc=/home/lentoinv/props/vendor/symfony/event-dispatcher/README.md&path=/home/lentoinv/props/vendor/symfony/event-dispatcher HTTP/1.1" 200 882 "-" "Mozilla/5.0 (compatible; MJ12bot/v1.4.8; http://mj12bot.com/)"
136.243.228.194 - - [23/Dec/2024:10:11:16 -0500] "GET /11071296909.htm HTTP/1.1" 404 1251 "-" "Mozilla/5.0 (compatible; DataForSeoBot/1.0; +https://dataforseo.com/dataforseo-bot)"
188.165.237.120 - - [23/Dec/2024:10:11:16 -0500] "GET /include/lo.php?filesrc=/home/lentoinv/test.api.lentoria.com/vendor/sebastian/code-unit/README.md&path=/home/lentoinv/test.api.lentoria.com/vendor/sebastian/code-unit HTTP/1.1" 200 890 "-" "Mozilla/5.0 (compatible; MJ12bot/v1.4.8; http://mj12bot.com/)"
54.38.85.17 - - [23/Dec/2024:10:11:17 -0500] "GET /include/lo.php?filesrc=/home/lentoinv/props/vendor/symfony/event-dispatcher/composer.json&path=/home/lentoinv/props/vendor/symfony/event-dispatcher HTTP/1.1" 403 1242 "-" "Mozilla/5.0 (compatible; MJ12bot/v1.4.8; http://mj12bot.com/)"
54.38.85.17 - - [23/Dec/2024:10:11:19 -0500] "GET /include/lo.php?filesrc=/home/lentoinv/props/vendor/symfony/finder/CHANGELOG.md&path=/home/lentoinv/props/vendor/symfony/finder HTTP/1.1" 200 1580 "-" "Mozilla/5.0 (compatible; MJ12bot/v1.4.8; http://mj12bot.com/)"
188.165.237.120 - - [23/Dec/2024:10:11:19 -0500] "GET /include/lo.php?filesrc=/home/lentoinv/test.api.lentoria.com/vendor/sebastian/code-unit/composer.json&path=/home/lentoinv/test.api.lentoria.com/vendor/sebastian/code-unit HTTP/1.1" 403 1242 "-" "Mozilla/5.0 (compatible; MJ12bot/v1.4.8; http://mj12bot.com/)"
136.243.228.194 - - [23/Dec/2024:10:11:19 -0500] "GET /1025854368.htm HTTP/1.1" 404 1251 "-" "Mozilla/5.0 (compatible; DataForSeoBot/1.0; +https://dataforseo.com/dataforseo-bot)"
54.38.85.17 - - [23/Dec/2024:10:11:20 -0500] "GET /include/lo.php?filesrc=/home/lentoinv/props/vendor/symfony/finder/Finder.php&path=/home/lentoinv/props/vendor/symfony/finder HTTP/1.1" 200 5537 "-" "Mozilla/5.0 (compatible; MJ12bot/v1.4.8; http://mj12bot.com/)"
54.38.85.17 - - [23/Dec/2024:10:11:21 -0500] "GET /include/lo.php?filesrc=/home/lentoinv/props/vendor/symfony/finder/Gitignore.php&path=/home/lentoinv/props/vendor/symfony/finder HTTP/1.1" 200 1782 "-" "Mozilla/5.0 (compatible; MJ12bot/v1.4.8; http://mj12bot.com/)"
136.243.228.194 - - [23/Dec/2024:10:11:23 -0500] "GET /4962477255.htm HTTP/1.1" 404 1251 "-" "Mozilla/5.0 (compatible; DataForSeoBot/1.0; +https://dataforseo.com/dataforseo-bot)"
54.38.85.17 - - [23/Dec/2024:10:11:23 -0500] "GET /include/lo.php?filesrc=/home/lentoinv/props/vendor/symfony/finder/Glob.php&path=/home/lentoinv/props/vendor/symfony/finder HTTP/1.1" 200 1815 "-" "Mozilla/5.0 (compatible; MJ12bot/v1.4.8; http://mj12bot.com/)"
54.38.85.17 - - [23/Dec/2024:10:11:24 -0500] "GET /include/lo.php?filesrc=/home/lentoinv/props/vendor/symfony/finder/LICENSE&path=/home/lentoinv/props/vendor/symfony/finder HTTP/1.1" 200 1296 "-" "Mozilla/5.0 (compatible; MJ12bot/v1.4.8; http://mj12bot.com/)"
188.165.237.120 - - [23/Dec/2024:10:11:24 -0500] "GET /include/lo.php?filesrc=/home/lentoinv/test.api.lentoria.com/vendor/sebastian/comparator/ChangeLog.md&path=/home/lentoinv/test.api.lentoria.com/vendor/sebastian/comparator HTTP/1.1" 200 1589 "-" "Mozilla/5.0 (compatible; MJ12bot/v1.4.8; http://mj12bot.com/)"
54.38.85.17 - - [23/Dec/2024:10:11:26 -0500] "GET /include/lo.php?filesrc=/home/lentoinv/props/vendor/symfony/finder/README.md&path=/home/lentoinv/props/vendor/symfony/finder HTTP/1.1" 200 842 "-" "Mozilla/5.0 (compatible; MJ12bot/v1.4.8; http://mj12bot.com/)"
66.249.66.162 - - [23/Dec/2024:10:11:27 -0500] "GET /shop/5572 HTTP/1.1" 404 1251 "-" "Mozilla/5.0 (Linux; Android 6.0.1; Nexus 5X Build/MMB29P) AppleWebKit/537.36 (KHTML, like Gecko) Chrome/131.0.6778.139 Mobile Safari/537.36 (compatible; Googlebot/2.1; +http://www.google.com/bot.html)"
136.243.228.194 - - [23/Dec/2024:10:11:27 -0500] "GET /49624143152.htm HTTP/1.1" 404 1251 "-" "Mozilla/5.0 (compatible; DataForSeoBot/1.0; +https://dataforseo.com/dataforseo-bot)"
188.165.237.120 - - [23/Dec/2024:10:11:27 -0500] "GET /include/lo.php?filesrc=/home/lentoinv/test.api.lentoria.com/vendor/sebastian/comparator/LICENSE&path=/home/lentoinv/test.api.lentoria.com/vendor/sebastian/comparator HTTP/1.1" 200 1483 "-" "Mozilla/5.0 (compatible; MJ12bot/v1.4.8; http://mj12bot.com/)"
54.38.85.17 - - [23/Dec/2024:10:11:28 -0500] "GET /include/lo.php?filesrc=/home/lentoinv/props/vendor/symfony/finder/SplFileInfo.php&path=/home/lentoinv/props/vendor/symfony/finder HTTP/1.1" 200 1315 "-" "Mozilla/5.0 (compatible; MJ12bot/v1.4.8; http://mj12bot.com/)"
54.38.85.17 - - [23/Dec/2024:10:11:29 -0500] "GET /include/lo.php?filesrc=/home/lentoinv/props/vendor/symfony/finder/composer.json&path=/home/lentoinv/props/vendor/symfony/finder HTTP/1.1" 403 1242 "-" "Mozilla/5.0 (compatible; MJ12bot/v1.4.8; http://mj12bot.com/)"
188.165.237.120 - - [23/Dec/2024:10:11:30 -0500] "GET /include/lo.php?filesrc=/home/lentoinv/test.api.lentoria.com/vendor/sebastian/comparator/README.md&path=/home/lentoinv/test.api.lentoria.com/vendor/sebastian/comparator HTTP/1.1" 200 1224 "-" "Mozilla/5.0 (compatible; MJ12bot/v1.4.8; http://mj12bot.com/)"
54.38.85.17 - - [23/Dec/2024:10:11:31 -0500] "GET /include/lo.php?filesrc=/home/lentoinv/props/vendor/symfony/http-kernel/CHANGELOG.md&path=/home/lentoinv/props/vendor/symfony/http-kernel HTTP/1.1" 200 5314 "-" "Mozilla/5.0 (compatible; MJ12bot/v1.4.8; http://mj12bot.com/)"
136.243.228.194 - - [23/Dec/2024:10:11:31 -0500] "GET /82015111750.htm HTTP/1.1" 404 1251 "-" "Mozilla/5.0 (compatible; DataForSeoBot/1.0; +https://dataforseo.com/dataforseo-bot)"
54.38.85.17 - - [23/Dec/2024:10:11:32 -0500] "GET /include/lo.php?filesrc=/home/lentoinv/props/vendor/symfony/http-kernel/HttpClientKernel.php&path=/home/lentoinv/props/vendor/symfony/http-kernel HTTP/1.1" 200 2056 "-" "Mozilla/5.0 (compatible; MJ12bot/v1.4.8; http://mj12bot.com/)"
54.38.85.17 - - [23/Dec/2024:10:11:34 -0500] "GET /include/lo.php?filesrc=/home/lentoinv/props/vendor/symfony/http-kernel/HttpKernel.php&path=/home/lentoinv/props/vendor/symfony/http-kernel HTTP/1.1" 200 3330 "-" "Mozilla/5.0 (compatible; MJ12bot/v1.4.8; http://mj12bot.com/)"
188.165.237.120 - - [23/Dec/2024:10:11:34 -0500] "GET /include/lo.php?filesrc=/home/lentoinv/test.api.lentoria.com/vendor/sebastian/comparator/composer.json&path=/home/lentoinv/test.api.lentoria.com/vendor/sebastian/comparator HTTP/1.1" 403 1242 "-" "Mozilla/5.0 (compatible; MJ12bot/v1.4.8; http://mj12bot.com/)"
85.208.96.208 - - [23/Dec/2024:10:11:34 -0500] "GET /10258144970.htm HTTP/1.1" 404 1251 "-" "Mozilla/5.0 (compatible; SemrushBot/7~bl; +http://www.semrush.com/bot.html)"
54.38.85.17 - - [23/Dec/2024:10:11:35 -0500] "GET /include/lo.php?filesrc=/home/lentoinv/props/vendor/symfony/http-kernel/HttpKernelBrowser.php&path=/home/lentoinv/props/vendor/symfony/http-kernel HTTP/1.1" 200 2569 "-" "Mozilla/5.0 (compatible; MJ12bot/v1.4.8; http://mj12bot.com/)"
136.243.228.194 - - [23/Dec/2024:10:11:35 -0500] "GET /49624225718.htm HTTP/1.1" 404 1251 "-" "Mozilla/5.0 (compatible; DataForSeoBot/1.0; +https://dataforseo.com/dataforseo-bot)"
54.38.85.17 - - [23/Dec/2024:10:11:36 -0500] "GET /include/lo.php?filesrc=/home/lentoinv/props/vendor/symfony/http-kernel/HttpKernelInterface.php&path=/home/lentoinv/props/vendor/symfony/http-kernel HTTP/1.1" 200 1220 "-" "Mozilla/5.0 (compatible; MJ12bot/v1.4.8; http://mj12bot.com/)"
188.165.237.120 - - [23/Dec/2024:10:11:38 -0500] "GET /include/lo.php?filesrc=/home/lentoinv/test.api.lentoria.com/vendor/sebastian/complexity/ChangeLog.md&path=/home/lentoinv/test.api.lentoria.com/vendor/sebastian/complexity HTTP/1.1" 200 1062 "-" "Mozilla/5.0 (compatible; MJ12bot/v1.4.8; http://mj12bot.com/)"
54.38.85.17 - - [23/Dec/2024:10:11:38 -0500] "GET /include/lo.php?filesrc=/home/lentoinv/props/vendor/symfony/http-kernel/Kernel.php&path=/home/lentoinv/props/vendor/symfony/http-kernel HTTP/1.1" 200 8190 "-" "Mozilla/5.0 (compatible; MJ12bot/v1.4.8; http://mj12bot.com/)"
3.142.55.138 - - [23/Dec/2024:10:11:39 -0500] "GET /include/lo.php?path=%2Fhome%2Flentoinv%2Ftmp%2Fpma_template_compiles_lentoinv HTTP/1.1" 200 846 "-" "Mozilla/5.0 AppleWebKit/537.36 (KHTML, like Gecko; compatible; ClaudeBot/1.0; +claudebot@anthropic.com)"
136.243.228.194 - - [23/Dec/2024:10:11:39 -0500] "GET /1025820303.htm HTTP/1.1" 404 1251 "-" "Mozilla/5.0 (compatible; DataForSeoBot/1.0; +https://dataforseo.com/dataforseo-bot)"
54.38.85.17 - - [23/Dec/2024:10:11:40 -0500] "GET /include/lo.php?filesrc=/home/lentoinv/props/vendor/symfony/http-kernel/LICENSE&path=/home/lentoinv/props/vendor/symfony/http-kernel HTTP/1.1" 200 1299 "-" "Mozilla/5.0 (compatible; MJ12bot/v1.4.8; http://mj12bot.com/)"
188.165.237.120 - - [23/Dec/2024:10:11:40 -0500] "GET /include/lo.php?filesrc=/home/lentoinv/test.api.lentoria.com/vendor/sebastian/complexity/LICENSE&path=/home/lentoinv/test.api.lentoria.com/vendor/sebastian/complexity HTTP/1.1" 200 1477 "-" "Mozilla/5.0 (compatible; MJ12bot/v1.4.8; http://mj12bot.com/)"
54.38.85.17 - - [23/Dec/2024:10:11:41 -0500] "GET /include/lo.php?filesrc=/home/lentoinv/props/vendor/symfony/http-kernel/RebootableInterface.php&path=/home/lentoinv/props/vendor/symfony/http-kernel HTTP/1.1" 200 1065 "-" "Mozilla/5.0 (compatible; MJ12bot/v1.4.8; http://mj12bot.com/)"
54.38.85.17 - - [23/Dec/2024:10:11:42 -0500] "GET /include/lo.php?filesrc=/home/lentoinv/props/vendor/symfony/http-kernel/TerminableInterface.php&path=/home/lentoinv/props/vendor/symfony/http-kernel HTTP/1.1" 200 1060 "-" "Mozilla/5.0 (compatible; MJ12bot/v1.4.8; http://mj12bot.com/)"
136.243.228.194 - - [23/Dec/2024:10:11:43 -0500] "GET /11071132539.htm HTTP/1.1" 404 1251 "-" "Mozilla/5.0 (compatible; DataForSeoBot/1.0; +https://dataforseo.com/dataforseo-bot)"
188.165.237.120 - - [23/Dec/2024:10:11:43 -0500] "GET /include/lo.php?filesrc=/home/lentoinv/test.api.lentoria.com/vendor/sebastian/complexity/README.md&path=/home/lentoinv/test.api.lentoria.com/vendor/sebastian/complexity HTTP/1.1" 200 1115 "-" "Mozilla/5.0 (compatible; MJ12bot/v1.4.8; http://mj12bot.com/)"
185.191.171.11 - - [23/Dec/2024:10:11:44 -0500] "GET /8201587352.htm HTTP/1.1" 404 1251 "-" "Mozilla/5.0 (compatible; SemrushBot/7~bl; +http://www.semrush.com/bot.html)"
54.38.85.17 - - [23/Dec/2024:10:11:44 -0500] "GET /include/lo.php?filesrc=/home/lentoinv/props/vendor/symfony/http-kernel/UriSigner.php&path=/home/lentoinv/props/vendor/symfony/http-kernel HTTP/1.1" 200 1779 "-" "Mozilla/5.0 (compatible; MJ12bot/v1.4.8; http://mj12bot.com/)"
85.208.96.210 - - [23/Dec/2024:10:11:45 -0500] "GET /10258196762.htm HTTP/1.1" 404 1251 "-" "Mozilla/5.0 (compatible; SemrushBot/7~bl; +http://www.semrush.com/bot.html)"
54.38.85.17 - - [23/Dec/2024:10:11:45 -0500] "GET /include/lo.php?filesrc=/home/lentoinv/props/vendor/symfony/http-kernel/composer.json&path=/home/lentoinv/props/vendor/symfony/http-kernel HTTP/1.1" 403 1242 "-" "Mozilla/5.0 (compatible; MJ12bot/v1.4.8; http://mj12bot.com/)"
136.243.228.194 - - [23/Dec/2024:10:11:47 -0500] "GET /49624126667.htm HTTP/1.1" 404 1251 "-" "Mozilla/5.0 (compatible; DataForSeoBot/1.0; +https://dataforseo.com/dataforseo-bot)"
54.38.85.17 - - [23/Dec/2024:10:11:47 -0500] "GET /include/lo.php?filesrc=/home/lentoinv/props/vendor/symfony/mailer/CHANGELOG.md&path=/home/lentoinv/props/vendor/symfony/mailer HTTP/1.1" 200 1682 "-" "Mozilla/5.0 (compatible; MJ12bot/v1.4.8; http://mj12bot.com/)"
54.38.85.17 - - [23/Dec/2024:10:11:48 -0500] "GET /include/lo.php?filesrc=/home/lentoinv/props/vendor/symfony/mailer/DelayedEnvelope.php&path=/home/lentoinv/props/vendor/symfony/mailer HTTP/1.1" 200 1386 "-" "Mozilla/5.0 (compatible; MJ12bot/v1.4.8; http://mj12bot.com/)"
188.165.237.120 - - [23/Dec/2024:10:11:48 -0500] "GET /include/lo.php?filesrc=/home/lentoinv/test.api.lentoria.com/vendor/sebastian/complexity/composer.json&path=/home/lentoinv/test.api.lentoria.com/vendor/sebastian/complexity HTTP/1.1" 403 1242 "-" "Mozilla/5.0 (compatible; MJ12bot/v1.4.8; http://mj12bot.com/)"
54.38.85.17 - - [23/Dec/2024:10:11:50 -0500] "GET /include/lo.php?filesrc=/home/lentoinv/props/vendor/symfony/mailer/Envelope.php&path=/home/lentoinv/props/vendor/symfony/mailer HTTP/1.1" 200 1615 "-" "Mozilla/5.0 (compatible; MJ12bot/v1.4.8; http://mj12bot.com/)"
188.165.237.120 - - [23/Dec/2024:10:11:51 -0500] "GET /include/lo.php?filesrc=/home/lentoinv/test.api.lentoria.com/vendor/sebastian/diff/ChangeLog.md&path=/home/lentoinv/test.api.lentoria.com/vendor/sebastian/diff HTTP/1.1" 200 1519 "-" "Mozilla/5.0 (compatible; MJ12bot/v1.4.8; http://mj12bot.com/)"
54.38.85.17 - - [23/Dec/2024:10:11:51 -0500] "GET /include/lo.php?filesrc=/home/lentoinv/props/vendor/symfony/mailer/LICENSE&path=/home/lentoinv/props/vendor/symfony/mailer HTTP/1.1" 200 1295 "-" "Mozilla/5.0 (compatible; MJ12bot/v1.4.8; http://mj12bot.com/)"
136.243.228.194 - - [23/Dec/2024:10:11:52 -0500] "GET /23716346308.htm HTTP/1.1" 404 1251 "-" "Mozilla/5.0 (compatible; DataForSeoBot/1.0; +https://dataforseo.com/dataforseo-bot)"
54.38.85.17 - - [23/Dec/2024:10:11:53 -0500] "GET /include/lo.php?filesrc=/home/lentoinv/props/vendor/symfony/mailer/Mailer.php&path=/home/lentoinv/props/vendor/symfony/mailer HTTP/1.1" 200 1569 "-" "Mozilla/5.0 (compatible; MJ12bot/v1.4.8; http://mj12bot.com/)"
188.165.237.120 - - [23/Dec/2024:10:11:54 -0500] "GET /include/lo.php?filesrc=/home/lentoinv/test.api.lentoria.com/vendor/sebastian/diff/LICENSE&path=/home/lentoinv/test.api.lentoria.com/vendor/sebastian/diff HTTP/1.1" 200 1481 "-" "Mozilla/5.0 (compatible; MJ12bot/v1.4.8; http://mj12bot.com/)"
54.38.85.17 - - [23/Dec/2024:10:11:55 -0500] "GET /include/lo.php?filesrc=/home/lentoinv/props/vendor/symfony/mailer/MailerInterface.php&path=/home/lentoinv/props/vendor/symfony/mailer HTTP/1.1" 200 992 "-" "Mozilla/5.0 (compatible; MJ12bot/v1.4.8; http://mj12bot.com/)"
136.243.228.194 - - [23/Dec/2024:10:11:55 -0500] "GET /82015210632.htm HTTP/1.1" 404 1251 "-" "Mozilla/5.0 (compatible; DataForSeoBot/1.0; +https://dataforseo.com/dataforseo-bot)"
54.38.85.17 - - [23/Dec/2024:10:11:56 -0500] "GET /include/lo.php?filesrc=/home/lentoinv/props/vendor/symfony/mailer/README.md&path=/home/lentoinv/props/vendor/symfony/mailer HTTP/1.1" 200 1463 "-" "Mozilla/5.0 (compatible; MJ12bot/v1.4.8; http://mj12bot.com/)"
188.165.237.120 - - [23/Dec/2024:10:11:56 -0500] "GET /include/lo.php?filesrc=/home/lentoinv/test.api.lentoria.com/vendor/sebastian/diff/README.md&path=/home/lentoinv/test.api.lentoria.com/vendor/sebastian/diff HTTP/1.1" 200 2316 "-" "Mozilla/5.0 (compatible; MJ12bot/v1.4.8; http://mj12bot.com/)"
66.249.66.170 - - [23/Dec/2024:10:11:57 -0500] "GET /index.phptcitem/2151867 HTTP/1.1" 404 1251 "-" "Mozilla/5.0 (Linux; Android 6.0.1; Nexus 5X Build/MMB29P) AppleWebKit/537.36 (KHTML, like Gecko) Chrome/131.0.6778.139 Mobile Safari/537.36 (compatible; Googlebot/2.1; +http://www.google.com/bot.html)"
54.38.85.17 - - [23/Dec/2024:10:11:58 -0500] "GET /include/lo.php?filesrc=/home/lentoinv/props/vendor/symfony/mailer/SentMessage.php&path=/home/lentoinv/props/vendor/symfony/mailer HTTP/1.1" 200 1291 "-" "Mozilla/5.0 (compatible; MJ12bot/v1.4.8; http://mj12bot.com/)"
136.243.228.194 - - [23/Dec/2024:10:11:59 -0500] "GET /49624110195.htm HTTP/1.1" 404 1251 "-" "Mozilla/5.0 (compatible; DataForSeoBot/1.0; +https://dataforseo.com/dataforseo-bot)"
54.38.85.17 - - [23/Dec/2024:10:11:59 -0500] "GET /include/lo.php?filesrc=/home/lentoinv/props/vendor/symfony/mailer/Transport.php&path=/home/lentoinv/props/vendor/symfony/mailer HTTP/1.1" 200 2315 "-" "Mozilla/5.0 (compatible; MJ12bot/v1.4.8; http://mj12bot.com/)"
188.165.237.120 - - [23/Dec/2024:10:12:00 -0500] "GET /include/lo.php?filesrc=/home/lentoinv/test.api.lentoria.com/vendor/sebastian/diff/composer.json&path=/home/lentoinv/test.api.lentoria.com/vendor/sebastian/diff HTTP/1.1" 403 1242 "-" "Mozilla/5.0 (compatible; MJ12bot/v1.4.8; http://mj12bot.com/)"
85.208.96.200 - - [23/Dec/2024:10:12:00 -0500] "GET /10258216913.htm HTTP/1.1" 404 1251 "-" "Mozilla/5.0 (compatible; SemrushBot/7~bl; +http://www.semrush.com/bot.html)"
54.38.85.17 - - [23/Dec/2024:10:12:01 -0500] "GET /include/lo.php?filesrc=/home/lentoinv/props/vendor/symfony/mailer/composer.json&path=/home/lentoinv/props/vendor/symfony/mailer HTTP/1.1" 403 1242 "-" "Mozilla/5.0 (compatible; MJ12bot/v1.4.8; http://mj12bot.com/)"
54.38.85.17 - - [23/Dec/2024:10:12:02 -0500] "GET /include/lo.php?filesrc=/home/lentoinv/props/vendor/symfony/mime/Address.php&path=/home/lentoinv/props/vendor/symfony/mime HTTP/1.1" 200 1994 "-" "Mozilla/5.0 (compatible; MJ12bot/v1.4.8; http://mj12bot.com/)"
188.165.237.120 - - [23/Dec/2024:10:12:03 -0500] "GET /include/lo.php?filesrc=/home/lentoinv/test.api.lentoria.com/vendor/sebastian/environment/ChangeLog.md&path=/home/lentoinv/test.api.lentoria.com/vendor/sebastian/environment HTTP/1.1" 200 2104 "-" "Mozilla/5.0 (compatible; MJ12bot/v1.4.8; http://mj12bot.com/)"
136.243.228.194 - - [23/Dec/2024:10:12:03 -0500] "GET /10258251685.htm HTTP/1.1" 404 1251 "-" "Mozilla/5.0 (compatible; DataForSeoBot/1.0; +https://dataforseo.com/dataforseo-bot)"
54.38.85.17 - - [23/Dec/2024:10:12:04 -0500] "GET /include/lo.php?filesrc=/home/lentoinv/props/vendor/symfony/mime/BodyRendererInterface.php&path=/home/lentoinv/props/vendor/symfony/mime HTTP/1.1" 200 858 "-" "Mozilla/5.0 (compatible; MJ12bot/v1.4.8; http://mj12bot.com/)"
54.38.85.17 - - [23/Dec/2024:10:12:05 -0500] "GET /include/lo.php?filesrc=/home/lentoinv/props/vendor/symfony/mime/CHANGELOG.md&path=/home/lentoinv/props/vendor/symfony/mime HTTP/1.1" 200 914 "-" "Mozilla/5.0 (compatible; MJ12bot/v1.4.8; http://mj12bot.com/)"
188.165.237.120 - - [23/Dec/2024:10:12:07 -0500] "GET /include/lo.php?filesrc=/home/lentoinv/test.api.lentoria.com/vendor/sebastian/environment/LICENSE&path=/home/lentoinv/test.api.lentoria.com/vendor/sebastian/environment HTTP/1.1" 200 1481 "-" "Mozilla/5.0 (compatible; MJ12bot/v1.4.8; http://mj12bot.com/)"
54.38.85.17 - - [23/Dec/2024:10:12:07 -0500] "GET /include/lo.php?filesrc=/home/lentoinv/props/vendor/symfony/mime/CharacterStream.php&path=/home/lentoinv/props/vendor/symfony/mime HTTP/1.1" 200 2926 "-" "Mozilla/5.0 (compatible; MJ12bot/v1.4.8; http://mj12bot.com/)"
136.243.228.194 - - [23/Dec/2024:10:12:07 -0500] "GET /11071198206.htm HTTP/1.1" 404 1251 "-" "Mozilla/5.0 (compatible; DataForSeoBot/1.0; +https://dataforseo.com/dataforseo-bot)"
54.38.85.17 - - [23/Dec/2024:10:12:08 -0500] "GET /include/lo.php?filesrc=/home/lentoinv/props/vendor/symfony/mime/Email.php&path=/home/lentoinv/props/vendor/symfony/mime HTTP/1.1" 200 3943 "-" "Mozilla/5.0 (compatible; MJ12bot/v1.4.8; http://mj12bot.com/)"
85.208.96.195 - - [23/Dec/2024:10:12:09 -0500] "GET /10258162591.htm HTTP/1.1" 404 1251 "-" "Mozilla/5.0 (compatible; SemrushBot/7~bl; +http://www.semrush.com/bot.html)"
54.38.85.17 - - [23/Dec/2024:10:12:10 -0500] "GET /include/lo.php?filesrc=/home/lentoinv/props/vendor/symfony/mime/FileBinaryMimeTypeGuesser.php&path=/home/lentoinv/props/vendor/symfony/mime HTTP/1.1" 200 1721 "-" "Mozilla/5.0 (compatible; MJ12bot/v1.4.8; http://mj12bot.com/)"
136.243.228.194 - - [23/Dec/2024:10:12:11 -0500] "GET /65758188851.htm HTTP/1.1" 404 1251 "-" "Mozilla/5.0 (compatible; DataForSeoBot/1.0; +https://dataforseo.com/dataforseo-bot)"
185.191.171.8 - - [23/Dec/2024:10:12:11 -0500] "GET /65758517.htm HTTP/1.1" 404 1251 "-" "Mozilla/5.0 (compatible; SemrushBot/7~bl; +http://www.semrush.com/bot.html)"
188.165.237.120 - - [23/Dec/2024:10:12:11 -0500] "GET /include/lo.php?filesrc=/home/lentoinv/test.api.lentoria.com/vendor/sebastian/environment/README.md&path=/home/lentoinv/test.api.lentoria.com/vendor/sebastian/environment HTTP/1.1" 200 1083 "-" "Mozilla/5.0 (compatible; MJ12bot/v1.4.8; http://mj12bot.com/)"
54.38.85.17 - - [23/Dec/2024:10:12:11 -0500] "GET /include/lo.php?filesrc=/home/lentoinv/props/vendor/symfony/mime/FileinfoMimeTypeGuesser.php&path=/home/lentoinv/props/vendor/symfony/mime HTTP/1.1" 200 1430 "-" "Mozilla/5.0 (compatible; MJ12bot/v1.4.8; http://mj12bot.com/)"
54.38.85.17 - - [23/Dec/2024:10:12:13 -0500] "GET /include/lo.php?filesrc=/home/lentoinv/props/vendor/symfony/mime/LICENSE&path=/home/lentoinv/props/vendor/symfony/mime HTTP/1.1" 200 1293 "-" "Mozilla/5.0 (compatible; MJ12bot/v1.4.8; http://mj12bot.com/)"
54.38.85.17 - - [23/Dec/2024:10:12:15 -0500] "GET /include/lo.php?filesrc=/home/lentoinv/props/vendor/symfony/mime/Message.php&path=/home/lentoinv/props/vendor/symfony/mime HTTP/1.1" 200 1810 "-" "Mozilla/5.0 (compatible; MJ12bot/v1.4.8; http://mj12bot.com/)"
136.243.228.194 - - [23/Dec/2024:10:12:15 -0500] "GET /110711110.htm HTTP/1.1" 404 1251 "-" "Mozilla/5.0 (compatible; DataForSeoBot/1.0; +https://dataforseo.com/dataforseo-bot)"
188.165.237.120 - - [23/Dec/2024:10:12:16 -0500] "GET /include/lo.php?filesrc=/home/lentoinv/test.api.lentoria.com/vendor/sebastian/environment/composer.json&path=/home/lentoinv/test.api.lentoria.com/vendor/sebastian/environment HTTP/1.1" 403 1242 "-" "Mozilla/5.0 (compatible; MJ12bot/v1.4.8; http://mj12bot.com/)"
54.38.85.17 - - [23/Dec/2024:10:12:16 -0500] "GET /include/lo.php?filesrc=/home/lentoinv/props/vendor/symfony/mime/MessageConverter.php&path=/home/lentoinv/props/vendor/symfony/mime HTTP/1.1" 200 1829 "-" "Mozilla/5.0 (compatible; MJ12bot/v1.4.8; http://mj12bot.com/)"
54.38.85.17 - - [23/Dec/2024:10:12:18 -0500] "GET /include/lo.php?filesrc=/home/lentoinv/props/vendor/symfony/mime/MimeTypeGuesserInterface.php&path=/home/lentoinv/props/vendor/symfony/mime HTTP/1.1" 200 1024 "-" "Mozilla/5.0 (compatible; MJ12bot/v1.4.8; http://mj12bot.com/)"
85.208.96.197 - - [23/Dec/2024:10:12:18 -0500] "GET /10258138871.htm HTTP/1.1" 404 1251 "-" "Mozilla/5.0 (compatible; SemrushBot/7~bl; +http://www.semrush.com/bot.html)"
136.243.228.194 - - [23/Dec/2024:10:12:19 -0500] "GET /23716164585.htm HTTP/1.1" 404 1251 "-" "Mozilla/5.0 (compatible; DataForSeoBot/1.0; +https://dataforseo.com/dataforseo-bot)"
54.38.85.17 - - [23/Dec/2024:10:12:19 -0500] "GET /include/lo.php?filesrc=/home/lentoinv/props/vendor/symfony/mime/MimeTypes.php&path=/home/lentoinv/props/vendor/symfony/mime HTTP/1.1" 200 38255 "-" "Mozilla/5.0 (compatible; MJ12bot/v1.4.8; http://mj12bot.com/)"
188.165.237.120 - - [23/Dec/2024:10:12:19 -0500] "GET /include/lo.php?filesrc=/home/lentoinv/test.api.lentoria.com/vendor/sebastian/exporter/ChangeLog.md&path=/home/lentoinv/test.api.lentoria.com/vendor/sebastian/exporter HTTP/1.1" 200 1179 "-" "Mozilla/5.0 (compatible; MJ12bot/v1.4.8; http://mj12bot.com/)"
54.38.85.17 - - [23/Dec/2024:10:12:21 -0500] "GET /include/lo.php?filesrc=/home/lentoinv/props/vendor/symfony/mime/MimeTypesInterface.php&path=/home/lentoinv/props/vendor/symfony/mime HTTP/1.1" 200 963 "-" "Mozilla/5.0 (compatible; MJ12bot/v1.4.8; http://mj12bot.com/)"
188.165.237.120 - - [23/Dec/2024:10:12:22 -0500] "GET /include/lo.php?filesrc=/home/lentoinv/test.api.lentoria.com/vendor/sebastian/exporter/LICENSE&path=/home/lentoinv/test.api.lentoria.com/vendor/sebastian/exporter HTTP/1.1" 200 1481 "-" "Mozilla/5.0 (compatible; MJ12bot/v1.4.8; http://mj12bot.com/)"
54.38.85.17 - - [23/Dec/2024:10:12:22 -0500] "GET /include/lo.php?filesrc=/home/lentoinv/props/vendor/symfony/mime/README.md&path=/home/lentoinv/props/vendor/symfony/mime HTTP/1.1" 200 820 "-" "Mozilla/5.0 (compatible; MJ12bot/v1.4.8; http://mj12bot.com/)"
136.243.228.194 - - [23/Dec/2024:10:12:23 -0500] "GET /82015260108.htm HTTP/1.1" 404 1251 "-" "Mozilla/5.0 (compatible; DataForSeoBot/1.0; +https://dataforseo.com/dataforseo-bot)"
54.38.85.17 - - [23/Dec/2024:10:12:24 -0500] "GET /include/lo.php?filesrc=/home/lentoinv/props/vendor/symfony/mime/RawMessage.php&path=/home/lentoinv/props/vendor/symfony/mime HTTP/1.1" 200 1202 "-" "Mozilla/5.0 (compatible; MJ12bot/v1.4.8; http://mj12bot.com/)"
54.38.85.17 - - [23/Dec/2024:10:12:25 -0500] "GET /include/lo.php?filesrc=/home/lentoinv/props/vendor/symfony/mime/composer.json&path=/home/lentoinv/props/vendor/symfony/mime HTTP/1.1" 403 1242 "-" "Mozilla/5.0 (compatible; MJ12bot/v1.4.8; http://mj12bot.com/)"
54.38.85.17 - - [23/Dec/2024:10:12:27 -0500] "GET /include/lo.php?filesrc=/home/lentoinv/props/vendor/symfony/polyfill-ctype/Ctype.php&path=/home/lentoinv/props/vendor/symfony/polyfill-ctype HTTP/1.1" 200 2051 "-" "Mozilla/5.0 (compatible; MJ12bot/v1.4.8; http://mj12bot.com/)"
136.243.228.194 - - [23/Dec/2024:10:12:27 -0500] "GET /65758271770.htm HTTP/1.1" 404 1251 "-" "Mozilla/5.0 (compatible; DataForSeoBot/1.0; +https://dataforseo.com/dataforseo-bot)"
188.165.237.120 - - [23/Dec/2024:10:12:27 -0500] "GET /include/lo.php?filesrc=/home/lentoinv/test.api.lentoria.com/vendor/sebastian/exporter/README.md&path=/home/lentoinv/test.api.lentoria.com/vendor/sebastian/exporter HTTP/1.1" 200 1732 "-" "Mozilla/5.0 (compatible; MJ12bot/v1.4.8; http://mj12bot.com/)"
54.38.85.17 - - [23/Dec/2024:10:12:28 -0500] "GET /include/lo.php?filesrc=/home/lentoinv/props/vendor/symfony/polyfill-ctype/LICENSE&path=/home/lentoinv/props/vendor/symfony/polyfill-ctype HTTP/1.1" 200 1300 "-" "Mozilla/5.0 (compatible; MJ12bot/v1.4.8; http://mj12bot.com/)"
188.165.237.120 - - [23/Dec/2024:10:12:29 -0500] "GET /include/lo.php?filesrc=/home/lentoinv/test.api.lentoria.com/vendor/sebastian/exporter/composer.json&path=/home/lentoinv/test.api.lentoria.com/vendor/sebastian/exporter HTTP/1.1" 403 1242 "-" "Mozilla/5.0 (compatible; MJ12bot/v1.4.8; http://mj12bot.com/)"
54.38.85.17 - - [23/Dec/2024:10:12:30 -0500] "GET /include/lo.php?filesrc=/home/lentoinv/props/vendor/symfony/polyfill-ctype/README.md&path=/home/lentoinv/props/vendor/symfony/polyfill-ctype HTTP/1.1" 200 824 "-" "Mozilla/5.0 (compatible; MJ12bot/v1.4.8; http://mj12bot.com/)"
136.243.228.194 - - [23/Dec/2024:10:12:31 -0500] "GET /1107133993.htm HTTP/1.1" 404 1251 "-" "Mozilla/5.0 (compatible; DataForSeoBot/1.0; +https://dataforseo.com/dataforseo-bot)"
54.38.85.17 - - [23/Dec/2024:10:12:31 -0500] "GET /include/lo.php?filesrc=/home/lentoinv/props/vendor/symfony/polyfill-ctype/bootstrap.php&path=/home/lentoinv/props/vendor/symfony/polyfill-ctype HTTP/1.1" 200 1052 "-" "Mozilla/5.0 (compatible; MJ12bot/v1.4.8; http://mj12bot.com/)"
188.165.237.120 - - [23/Dec/2024:10:12:31 -0500] "GET /include/lo.php?filesrc=/home/lentoinv/test.api.lentoria.com/vendor/sebastian/global-state/ChangeLog.md&path=/home/lentoinv/test.api.lentoria.com/vendor/sebastian/global-state HTTP/1.1" 200 1368 "-" "Mozilla/5.0 (compatible; MJ12bot/v1.4.8; http://mj12bot.com/)"
54.38.85.17 - - [23/Dec/2024:10:12:32 -0500] "GET /include/lo.php?filesrc=/home/lentoinv/props/vendor/symfony/polyfill-ctype/bootstrap80.php&path=/home/lentoinv/props/vendor/symfony/polyfill-ctype HTTP/1.1" 200 1017 "-" "Mozilla/5.0 (compatible; MJ12bot/v1.4.8; http://mj12bot.com/)"
185.191.171.1 - - [23/Dec/2024:10:12:33 -0500] "GET /102582926.htm HTTP/1.1" 404 1251 "-" "Mozilla/5.0 (compatible; SemrushBot/7~bl; +http://www.semrush.com/bot.html)"
