66.249.66.85 - - [23/Dec/2024:09:19:33 -0500] "GET /shop-info/far2845417?global_yn=N HTTP/1.1" 404 1251 "-" "Mozilla/5.0 (Linux; Android 6.0.1; Nexus 5X Build/MMB29P) AppleWebKit/537.36 (KHTML, like Gecko) Chrome/131.0.6778.139 Mobile Safari/537.36 (compatible; Googlebot/2.1; +http://www.google.com/bot.html)"
66.249.66.85 - - [23/Dec/2024:09:19:33 -0500] "GET /groupbuy3519853 HTTP/1.1" 404 1251 "-" "Mozilla/5.0 (Linux; Android 6.0.1; Nexus 5X Build/MMB29P) AppleWebKit/537.36 (KHTML, like Gecko) Chrome/131.0.6778.139 Mobile Safari/537.36 (compatible; Googlebot/2.1; +http://www.google.com/bot.html)"
136.243.228.194 - - [23/Dec/2024:09:19:34 -0500] "GET /23716230817.htm HTTP/1.1" 404 1251 "-" "Mozilla/5.0 (compatible; DataForSeoBot/1.0; +https://dataforseo.com/dataforseo-bot)"
18.219.247.80 - - [23/Dec/2024:09:19:38 -0500] "GET /_autoindex/assets/icons/corner-left-up.svg HTTP/1.1" 200 328 "-" "Mozilla/5.0 AppleWebKit/537.36 (KHTML, like Gecko; compatible; ClaudeBot/1.0; +claudebot@anthropic.com)"
136.243.228.194 - - [23/Dec/2024:09:19:38 -0500] "GET /6575889510.htm HTTP/1.1" 404 1251 "-" "Mozilla/5.0 (compatible; DataForSeoBot/1.0; +https://dataforseo.com/dataforseo-bot)"
66.249.66.85 - - [23/Dec/2024:09:19:38 -0500] "GET /shop-info/far2972001?global_yn=N HTTP/1.1" 404 1251 "-" "Mozilla/5.0 (Linux; Android 6.0.1; Nexus 5X Build/MMB29P) AppleWebKit/537.36 (KHTML, like Gecko) Chrome/131.0.6778.139 Mobile Safari/537.36 (compatible; Googlebot/2.1; +http://www.google.com/bot.html)"
18.118.28.31 - - [23/Dec/2024:09:19:39 -0500] "GET /include/lo.php?filesrc=%2Fhome%2Flentoinv%2Fwww%2Ffavicon.ico&path=%2Fhome%2Flentoinv%2Fwww HTTP/1.1" 200 605 "-" "Mozilla/5.0 AppleWebKit/537.36 (KHTML, like Gecko; compatible; ClaudeBot/1.0; +claudebot@anthropic.com)"
136.243.228.194 - - [23/Dec/2024:09:19:42 -0500] "GET /34186109083.htm HTTP/1.1" 404 1251 "-" "Mozilla/5.0 (compatible; DataForSeoBot/1.0; +https://dataforseo.com/dataforseo-bot)"
136.243.228.194 - - [23/Dec/2024:09:19:46 -0500] "GET /34186177437.htm HTTP/1.1" 404 1251 "-" "Mozilla/5.0 (compatible; DataForSeoBot/1.0; +https://dataforseo.com/dataforseo-bot)"
85.208.96.207 - - [23/Dec/2024:09:19:50 -0500] "GET /10258223509.htm HTTP/1.1" 404 1251 "-" "Mozilla/5.0 (compatible; SemrushBot/7~bl; +http://www.semrush.com/bot.html)"
136.243.228.194 - - [23/Dec/2024:09:19:50 -0500] "GET /23716263787.htm HTTP/1.1" 404 1251 "-" "Mozilla/5.0 (compatible; DataForSeoBot/1.0; +https://dataforseo.com/dataforseo-bot)"
136.243.228.194 - - [23/Dec/2024:09:19:54 -0500] "GET /82015309772.htm HTTP/1.1" 404 1251 "-" "Mozilla/5.0 (compatible; DataForSeoBot/1.0; +https://dataforseo.com/dataforseo-bot)"
13.59.183.77 - - [23/Dec/2024:09:19:55 -0500] "GET /include/lo.php?path=%2Fhome%2Flentoinv%2Fetc%2Fcovisclubinternational.com HTTP/1.1" 403 1242 "-" "Mozilla/5.0 AppleWebKit/537.36 (KHTML, like Gecko; compatible; ClaudeBot/1.0; +claudebot@anthropic.com)"
66.249.66.170 - - [23/Dec/2024:09:19:55 -0500] "GET /item/2602398?sellerview=on HTTP/1.1" 404 1251 "-" "Mozilla/5.0 (Linux; Android 6.0.1; Nexus 5X Build/MMB29P) AppleWebKit/537.36 (KHTML, like Gecko) Chrome/131.0.6778.139 Mobile Safari/537.36 (compatible; Googlebot/2.1; +http://www.google.com/bot.html)"
136.243.228.194 - - [23/Dec/2024:09:19:58 -0500] "GET /34186108972.htm HTTP/1.1" 404 1251 "-" "Mozilla/5.0 (compatible; DataForSeoBot/1.0; +https://dataforseo.com/dataforseo-bot)"
136.243.228.194 - - [23/Dec/2024:09:20:03 -0500] "GET /49624291592.htm HTTP/1.1" 404 1251 "-" "Mozilla/5.0 (compatible; DataForSeoBot/1.0; +https://dataforseo.com/dataforseo-bot)"
66.249.66.87 - - [23/Dec/2024:09:20:05 -0500] "GET /groupbuy497042 HTTP/1.1" 404 1251 "-" "Mozilla/5.0 (Linux; Android 6.0.1; Nexus 5X Build/MMB29P) AppleWebKit/537.36 (KHTML, like Gecko) Chrome/131.0.6778.139 Mobile Safari/537.36 (compatible; Googlebot/2.1; +http://www.google.com/bot.html)"
136.243.228.194 - - [23/Dec/2024:09:20:06 -0500] "GET /34186109190.htm HTTP/1.1" 404 1251 "-" "Mozilla/5.0 (compatible; DataForSeoBot/1.0; +https://dataforseo.com/dataforseo-bot)"
3.138.101.51 - - [23/Dec/2024:09:20:07 -0500] "GET /include/lo.php?path=%2Fhome%2Flentoinv%2Fcovisclubinternational.com%2Fvendor HTTP/1.1" 200 2244 "-" "Mozilla/5.0 AppleWebKit/537.36 (KHTML, like Gecko; compatible; ClaudeBot/1.0; +claudebot@anthropic.com)"
18.118.252.215 - - [23/Dec/2024:09:20:07 -0500] "GET /include/lo.php?path=%2Fhome%2Flentoinv%2Ftest.api.lentoria.com%2Froutes HTTP/1.1" 200 960 "-" "Mozilla/5.0 AppleWebKit/537.36 (KHTML, like Gecko; compatible; ClaudeBot/1.0; +claudebot@anthropic.com)"
136.243.228.194 - - [23/Dec/2024:09:20:10 -0500] "GET /3418696307.htm HTTP/1.1" 404 1251 "-" "Mozilla/5.0 (compatible; DataForSeoBot/1.0; +https://dataforseo.com/dataforseo-bot)"
136.243.228.194 - - [23/Dec/2024:09:20:14 -0500] "GET /34186108976.htm HTTP/1.1" 404 1251 "-" "Mozilla/5.0 (compatible; DataForSeoBot/1.0; +https://dataforseo.com/dataforseo-bot)"
3.144.224.105 - - [23/Dec/2024:09:20:16 -0500] "GET /include/lo.php?path=%2Fhome%2Flentoinv%2Ffinationglobal.com%2Ffination2 HTTP/1.1" 200 676 "-" "Mozilla/5.0 AppleWebKit/537.36 (KHTML, like Gecko; compatible; ClaudeBot/1.0; +claudebot@anthropic.com)"
136.243.228.194 - - [23/Dec/2024:09:20:18 -0500] "GET /34186109048.htm HTTP/1.1" 404 1251 "-" "Mozilla/5.0 (compatible; DataForSeoBot/1.0; +https://dataforseo.com/dataforseo-bot)"
136.243.228.194 - - [23/Dec/2024:09:20:22 -0500] "GET /34186171184.htm HTTP/1.1" 404 1251 "-" "Mozilla/5.0 (compatible; DataForSeoBot/1.0; +https://dataforseo.com/dataforseo-bot)"
136.243.228.194 - - [23/Dec/2024:09:20:26 -0500] "GET /49624192424.htm HTTP/1.1" 404 1251 "-" "Mozilla/5.0 (compatible; DataForSeoBot/1.0; +https://dataforseo.com/dataforseo-bot)"
66.249.66.86 - - [23/Dec/2024:09:20:27 -0500] "GET /65758294007.htm HTTP/1.1" 404 1251 "-" "Mozilla/5.0 (Linux; Android 6.0.1; Nexus 5X Build/MMB29P) AppleWebKit/537.36 (KHTML, like Gecko) Chrome/131.0.6778.139 Mobile Safari/537.36 (compatible; Googlebot/2.1; +http://www.google.com/bot.html)"
136.243.228.194 - - [23/Dec/2024:09:20:30 -0500] "GET /10258251066.htm HTTP/1.1" 404 1251 "-" "Mozilla/5.0 (compatible; DataForSeoBot/1.0; +https://dataforseo.com/dataforseo-bot)"
66.249.66.170 - - [23/Dec/2024:09:20:32 -0500] "GET /shop/1378735 HTTP/1.1" 404 1251 "-" "Mozilla/5.0 (Linux; Android 6.0.1; Nexus 5X Build/MMB29P) AppleWebKit/537.36 (KHTML, like Gecko) Chrome/131.0.6778.139 Mobile Safari/537.36 (compatible; Googlebot/2.1; +http://www.google.com/bot.html)"
136.243.228.194 - - [23/Dec/2024:09:20:34 -0500] "GET /65758171944.htm HTTP/1.1" 404 1251 "-" "Mozilla/5.0 (compatible; DataForSeoBot/1.0; +https://dataforseo.com/dataforseo-bot)"
136.243.228.194 - - [23/Dec/2024:09:20:38 -0500] "GET /23716329786.htm HTTP/1.1" 404 1251 "-" "Mozilla/5.0 (compatible; DataForSeoBot/1.0; +https://dataforseo.com/dataforseo-bot)"
185.191.171.6 - - [23/Dec/2024:09:20:41 -0500] "GET /10258152589.htm HTTP/1.1" 404 1251 "-" "Mozilla/5.0 (compatible; SemrushBot/7~bl; +http://www.semrush.com/bot.html)"
136.243.228.194 - - [23/Dec/2024:09:20:42 -0500] "GET /65758271335.htm HTTP/1.1" 404 1251 "-" "Mozilla/5.0 (compatible; DataForSeoBot/1.0; +https://dataforseo.com/dataforseo-bot)"
3.133.148.222 - - [23/Dec/2024:09:20:43 -0500] "GET /include/lo.php?filesrc=%2Fhome%2Flentoinv%2Freloxpropertiesltd.com%2Faccount.php&path=%2Fhome%2Flentoinv%2Freloxpropertiesltd.com HTTP/1.1" 200 2965 "-" "Mozilla/5.0 AppleWebKit/537.36 (KHTML, like Gecko; compatible; ClaudeBot/1.0; +claudebot@anthropic.com)"
52.14.49.59 - - [23/Dec/2024:09:20:44 -0500] "GET /include/lo.php?filesrc=%2Fhome%2Flentoinv%2Freloxpropertiesltd.com%2Faddlisting.php&path=%2Fhome%2Flentoinv%2Freloxpropertiesltd.com HTTP/1.1" 200 5532 "-" "Mozilla/5.0 AppleWebKit/537.36 (KHTML, like Gecko; compatible; ClaudeBot/1.0; +claudebot@anthropic.com)"
85.208.96.212 - - [23/Dec/2024:09:20:44 -0500] "GET /10258228315.htm HTTP/1.1" 404 1251 "-" "Mozilla/5.0 (compatible; SemrushBot/7~bl; +http://www.semrush.com/bot.html)"
3.15.223.129 - - [23/Dec/2024:09:20:45 -0500] "GET /include/lo.php?path=%2Fhome%2Flentoinv%2Fmail%2F.admin%40api_lentoria_com HTTP/1.1" 200 1345 "-" "Mozilla/5.0 AppleWebKit/537.36 (KHTML, like Gecko; compatible; ClaudeBot/1.0; +claudebot@anthropic.com)"
136.243.228.194 - - [23/Dec/2024:09:20:46 -0500] "GET /23716346274.htm HTTP/1.1" 404 1251 "-" "Mozilla/5.0 (compatible; DataForSeoBot/1.0; +https://dataforseo.com/dataforseo-bot)"
66.249.66.170 - - [23/Dec/2024:09:20:47 -0500] "GET /citem/1890691 HTTP/1.1" 404 1251 "-" "Mozilla/5.0 (Linux; Android 6.0.1; Nexus 5X Build/MMB29P) AppleWebKit/537.36 (KHTML, like Gecko) Chrome/131.0.6778.139 Mobile Safari/537.36 (compatible; Googlebot/2.1; +http://www.google.com/bot.html)"
66.249.66.85 - - [23/Dec/2024:09:20:48 -0500] "GET /categorys/g=128944 HTTP/1.1" 404 1251 "-" "Mozilla/5.0 (Linux; Android 6.0.1; Nexus 5X Build/MMB29P) AppleWebKit/537.36 (KHTML, like Gecko) Chrome/131.0.6778.139 Mobile Safari/537.36 (compatible; Googlebot/2.1; +http://www.google.com/bot.html)"
136.243.228.194 - - [23/Dec/2024:09:20:51 -0500] "GET /34186295116.htm HTTP/1.1" 404 1251 "-" "Mozilla/5.0 (compatible; DataForSeoBot/1.0; +https://dataforseo.com/dataforseo-bot)"
114.119.157.237 - - [23/Dec/2024:09:20:54 -0500] "GET /include/lo.php?path=/home/lentoinv/mail/.info@covisclubinternational_com HTTP/1.1" 200 1623 "https://www.believersfamilyfoundation.com/include/lo.php?path=/home/lentoinv/mail" "Mozilla/5.0 (Linux; Android 7.0;) AppleWebKit/537.36 (KHTML, like Gecko) Mobile Safari/537.36 (compatible; PetalBot;+https://webmaster.petalsearch.com/site/petalbot)"
136.243.228.194 - - [23/Dec/2024:09:20:54 -0500] "GET /82015276837.htm HTTP/1.1" 404 1251 "-" "Mozilla/5.0 (compatible; DataForSeoBot/1.0; +https://dataforseo.com/dataforseo-bot)"
18.224.38.176 - - [23/Dec/2024:09:20:55 -0500] "GET /include/lo.php?filesrc=%2Fhome%2Flentoinv%2Freloxpropertiesltd.com%2F.DS_Store&path=%2Fhome%2Flentoinv%2Freloxpropertiesltd.com HTTP/1.1" 200 1325 "-" "Mozilla/5.0 AppleWebKit/537.36 (KHTML, like Gecko; compatible; ClaudeBot/1.0; +claudebot@anthropic.com)"
136.243.228.194 - - [23/Dec/2024:09:20:58 -0500] "GET /2371632989.htm HTTP/1.1" 404 1251 "-" "Mozilla/5.0 (compatible; DataForSeoBot/1.0; +https://dataforseo.com/dataforseo-bot)"
136.243.228.194 - - [23/Dec/2024:09:21:02 -0500] "GET /4962477155.htm HTTP/1.1" 404 1251 "-" "Mozilla/5.0 (compatible; DataForSeoBot/1.0; +https://dataforseo.com/dataforseo-bot)"
66.249.66.162 - - [23/Dec/2024:09:21:02 -0500] "GET /45785163412.htm HTTP/1.1" 404 1251 "-" "Mozilla/5.0 (Linux; Android 6.0.1; Nexus 5X Build/MMB29P) AppleWebKit/537.36 (KHTML, like Gecko) Chrome/131.0.6778.139 Mobile Safari/537.36 (compatible; Googlebot/2.1; +http://www.google.com/bot.html)"
85.208.96.207 - - [23/Dec/2024:09:21:05 -0500] "GET /10258219043.htm HTTP/1.1" 404 1251 "-" "Mozilla/5.0 (compatible; SemrushBot/7~bl; +http://www.semrush.com/bot.html)"
136.243.228.194 - - [23/Dec/2024:09:21:06 -0500] "GET /82015260361.htm HTTP/1.1" 404 1251 "-" "Mozilla/5.0 (compatible; DataForSeoBot/1.0; +https://dataforseo.com/dataforseo-bot)"
13.58.110.182 - - [23/Dec/2024:09:21:07 -0500] "GET /include/lo.php?path=%2Fhome%2Flentoinv%2Fblossomfoodint.com%2Faccount HTTP/1.1" 200 2191 "-" "Mozilla/5.0 AppleWebKit/537.36 (KHTML, like Gecko; compatible; ClaudeBot/1.0; +claudebot@anthropic.com)"
136.243.228.194 - - [23/Dec/2024:09:21:10 -0500] "GET /10258135332.htm HTTP/1.1" 404 1251 "-" "Mozilla/5.0 (compatible; DataForSeoBot/1.0; +https://dataforseo.com/dataforseo-bot)"
136.243.228.194 - - [23/Dec/2024:09:21:14 -0500] "GET /49624225518.htm HTTP/1.1" 404 1251 "-" "Mozilla/5.0 (compatible; DataForSeoBot/1.0; +https://dataforseo.com/dataforseo-bot)"
3.144.255.198 - - [23/Dec/2024:09:21:17 -0500] "GET /include/lo.php?filesrc=%2Fhome%2Flentoinv%2Fprops%2Fcomposer.lock&path=%2Fhome%2Flentoinv%2Fprops HTTP/1.1" 200 33847 "-" "Mozilla/5.0 AppleWebKit/537.36 (KHTML, like Gecko; compatible; ClaudeBot/1.0; +claudebot@anthropic.com)"
18.118.0.93 - - [23/Dec/2024:09:21:18 -0500] "GET /include/lo.php?path=%2Fhome%2Flentoinv%2Ftest.lentoria.com%2Fapp HTTP/1.1" 200 962 "-" "Mozilla/5.0 AppleWebKit/537.36 (KHTML, like Gecko; compatible; ClaudeBot/1.0; +claudebot@anthropic.com)"
136.243.228.194 - - [23/Dec/2024:09:21:18 -0500] "GET /82015293303.htm HTTP/1.1" 404 1251 "-" "Mozilla/5.0 (compatible; DataForSeoBot/1.0; +https://dataforseo.com/dataforseo-bot)"
185.191.171.2 - - [23/Dec/2024:09:21:21 -0500] "GET /10258212461.htm HTTP/1.1" 404 1251 "-" "Mozilla/5.0 (compatible; SemrushBot/7~bl; +http://www.semrush.com/bot.html)"
136.243.228.194 - - [23/Dec/2024:09:21:22 -0500] "GET /34186109187.htm HTTP/1.1" 404 1251 "-" "Mozilla/5.0 (compatible; DataForSeoBot/1.0; +https://dataforseo.com/dataforseo-bot)"
66.249.66.87 - - [23/Dec/2024:09:21:23 -0500] "GET /1025871305.htm HTTP/1.1" 404 1251 "-" "Mozilla/5.0 (Linux; Android 6.0.1; Nexus 5X Build/MMB29P) AppleWebKit/537.36 (KHTML, like Gecko) Chrome/131.0.6778.139 Mobile Safari/537.36 (compatible; Googlebot/2.1; +http://www.google.com/bot.html)"
185.191.171.2 - - [23/Dec/2024:09:21:23 -0500] "GET /10258186741.htm HTTP/1.1" 404 1251 "-" "Mozilla/5.0 (compatible; SemrushBot/7~bl; +http://www.semrush.com/bot.html)"
85.208.96.204 - - [23/Dec/2024:09:21:25 -0500] "GET /10258204434.htm HTTP/1.1" 404 1251 "-" "Mozilla/5.0 (compatible; SemrushBot/7~bl; +http://www.semrush.com/bot.html)"
136.243.228.194 - - [23/Dec/2024:09:21:27 -0500] "GET /34186108991.htm HTTP/1.1" 404 1251 "-" "Mozilla/5.0 (compatible; DataForSeoBot/1.0; +https://dataforseo.com/dataforseo-bot)"
185.191.171.13 - - [23/Dec/2024:09:21:28 -0500] "GET /102587994.htm HTTP/1.1" 404 1251 "-" "Mozilla/5.0 (compatible; SemrushBot/7~bl; +http://www.semrush.com/bot.html)"
3.149.255.239 - - [23/Dec/2024:09:21:30 -0500] "GET /include/lo.php?path=%2Fhome%2Flentoinv%2Fetc%2Flentoria.site HTTP/1.1" 403 1242 "-" "Mozilla/5.0 AppleWebKit/537.36 (KHTML, like Gecko; compatible; ClaudeBot/1.0; +claudebot@anthropic.com)"
136.243.228.194 - - [23/Dec/2024:09:21:30 -0500] "GET /34186145939.htm HTTP/1.1" 404 1251 "-" "Mozilla/5.0 (compatible; DataForSeoBot/1.0; +https://dataforseo.com/dataforseo-bot)"
136.243.228.194 - - [23/Dec/2024:09:21:35 -0500] "GET /6575856494.htm HTTP/1.1" 404 1251 "-" "Mozilla/5.0 (compatible; DataForSeoBot/1.0; +https://dataforseo.com/dataforseo-bot)"
136.243.228.194 - - [23/Dec/2024:09:21:38 -0500] "GET /65758155457.htm HTTP/1.1" 404 1251 "-" "Mozilla/5.0 (compatible; DataForSeoBot/1.0; +https://dataforseo.com/dataforseo-bot)"
66.249.66.72 - - [23/Dec/2024:09:21:40 -0500] "GET /dailydeal778138 HTTP/1.1" 404 1251 "-" "Mozilla/5.0 (Linux; Android 6.0.1; Nexus 5X Build/MMB29P) AppleWebKit/537.36 (KHTML, like Gecko) Chrome/131.0.6778.139 Mobile Safari/537.36 (compatible; Googlebot/2.1; +http://www.google.com/bot.html)"
66.249.66.73 - - [23/Dec/2024:09:21:40 -0500] "GET /4578595545.htm HTTP/1.1" 404 1251 "-" "Mozilla/5.0 (Linux; Android 6.0.1; Nexus 5X Build/MMB29P) AppleWebKit/537.36 (KHTML, like Gecko) Chrome/131.0.6778.139 Mobile Safari/537.36 (compatible; Googlebot/2.1; +http://www.google.com/bot.html)"
136.243.228.194 - - [23/Dec/2024:09:21:42 -0500] "GET /45785111112.htm HTTP/1.1" 404 1251 "-" "Mozilla/5.0 (compatible; DataForSeoBot/1.0; +https://dataforseo.com/dataforseo-bot)"
136.243.228.194 - - [23/Dec/2024:09:21:46 -0500] "GET /34186245466.htm HTTP/1.1" 404 1251 "-" "Mozilla/5.0 (compatible; DataForSeoBot/1.0; +https://dataforseo.com/dataforseo-bot)"
66.249.66.72 - - [23/Dec/2024:09:21:50 -0500] "GET /p=131768 HTTP/1.1" 404 1251 "-" "Mozilla/5.0 (Linux; Android 6.0.1; Nexus 5X Build/MMB29P) AppleWebKit/537.36 (KHTML, like Gecko) Chrome/131.0.6778.139 Mobile Safari/537.36 (compatible; Googlebot/2.1; +http://www.google.com/bot.html)"
13.58.232.94 - - [23/Dec/2024:09:21:51 -0500] "GET /robots.txt HTTP/1.1" 200 91 "-" "Mozilla/5.0 AppleWebKit/537.36 (KHTML, like Gecko; compatible; ClaudeBot/1.0; +claudebot@anthropic.com)"
13.58.232.94 - - [23/Dec/2024:09:21:51 -0500] "GET /include/lo.php?filesrc=%2Fhome%2Flentoinv%2Fportal.churchmr.com%2Fdata.php&path=%2Fhome%2Flentoinv%2Fportal.churchmr.com HTTP/1.1" 200 16874 "-" "Mozilla/5.0 AppleWebKit/537.36 (KHTML, like Gecko; compatible; ClaudeBot/1.0; +claudebot@anthropic.com)"
66.249.66.72 - - [23/Dec/2024:09:21:55 -0500] "GET /p=1308999 HTTP/1.1" 404 1251 "-" "Mozilla/5.0 (Linux; Android 6.0.1; Nexus 5X Build/MMB29P) AppleWebKit/537.36 (KHTML, like Gecko) Chrome/131.0.6778.139 Mobile Safari/537.36 (compatible; Googlebot/2.1; +http://www.google.com/bot.html)"
85.208.96.207 - - [23/Dec/2024:09:21:56 -0500] "GET /457858686.htm HTTP/1.1" 404 1251 "-" "Mozilla/5.0 (compatible; SemrushBot/7~bl; +http://www.semrush.com/bot.html)"
136.243.228.194 - - [23/Dec/2024:09:21:56 -0500] "GET /34186168034.htm HTTP/1.1" 404 1251 "-" "Mozilla/5.0 (compatible; DataForSeoBot/1.0; +https://dataforseo.com/dataforseo-bot)"
136.243.228.194 - - [23/Dec/2024:09:21:57 -0500] "GET /3418646755.htm HTTP/1.1" 404 1251 "-" "Mozilla/5.0 (compatible; DataForSeoBot/1.0; +https://dataforseo.com/dataforseo-bot)"
18.118.126.51 - - [23/Dec/2024:09:21:58 -0500] "GET /include/lo.php?filesrc=%2Fhome%2Flentoinv%2Freloxpropertiesltd.com%2Faccountprofile.php&path=%2Fhome%2Flentoinv%2Freloxpropertiesltd.com HTTP/1.1" 200 4238 "-" "Mozilla/5.0 AppleWebKit/537.36 (KHTML, like Gecko; compatible; ClaudeBot/1.0; +claudebot@anthropic.com)"
18.118.126.51 - - [23/Dec/2024:09:21:58 -0500] "GET /include/lo.php?path=%2Fhome%2Flentoinv%2Ftest.api.lentoria.com%2Fvendor HTTP/1.1" 200 2094 "-" "Mozilla/5.0 AppleWebKit/537.36 (KHTML, like Gecko; compatible; ClaudeBot/1.0; +claudebot@anthropic.com)"
66.249.66.72 - - [23/Dec/2024:09:22:00 -0500] "GET /citem/605599 HTTP/1.1" 404 1251 "-" "Mozilla/5.0 (Linux; Android 6.0.1; Nexus 5X Build/MMB29P) AppleWebKit/537.36 (KHTML, like Gecko) Chrome/131.0.6778.139 Mobile Safari/537.36 (compatible; Googlebot/2.1; +http://www.google.com/bot.html)"
66.249.66.161 - - [23/Dec/2024:09:22:00 -0500] "GET /82015140521.htm HTTP/1.1" 404 1251 "-" "Mozilla/5.0 (Linux; Android 6.0.1; Nexus 5X Build/MMB29P) AppleWebKit/537.36 (KHTML, like Gecko) Chrome/131.0.6778.139 Mobile Safari/537.36 (compatible; Googlebot/2.1; +http://www.google.com/bot.html)"
66.249.66.162 - - [23/Dec/2024:09:22:01 -0500] "GET /index.phptcitem/1164269 HTTP/1.1" 404 1251 "-" "Mozilla/5.0 (Linux; Android 6.0.1; Nexus 5X Build/MMB29P) AppleWebKit/537.36 (KHTML, like Gecko) Chrome/131.0.6778.139 Mobile Safari/537.36 (compatible; Googlebot/2.1; +http://www.google.com/bot.html)"
136.243.228.194 - - [23/Dec/2024:09:22:01 -0500] "GET /3418679804.htm HTTP/1.1" 404 1251 "-" "Mozilla/5.0 (compatible; DataForSeoBot/1.0; +https://dataforseo.com/dataforseo-bot)"
185.191.171.3 - - [23/Dec/2024:09:22:02 -0500] "GET /657583841.htm HTTP/1.1" 404 1251 "-" "Mozilla/5.0 (compatible; SemrushBot/7~bl; +http://www.semrush.com/bot.html)"
136.243.228.194 - - [23/Dec/2024:09:22:05 -0500] "GET /4578544323.htm HTTP/1.1" 404 1251 "-" "Mozilla/5.0 (compatible; DataForSeoBot/1.0; +https://dataforseo.com/dataforseo-bot)"
136.243.228.194 - - [23/Dec/2024:09:22:09 -0500] "GET /10258234541.htm HTTP/1.1" 404 1251 "-" "Mozilla/5.0 (compatible; DataForSeoBot/1.0; +https://dataforseo.com/dataforseo-bot)"
66.249.66.170 - - [23/Dec/2024:09:22:12 -0500] "GET /groupbuy2305813 HTTP/1.1" 404 1251 "-" "Mozilla/5.0 (Linux; Android 6.0.1; Nexus 5X Build/MMB29P) AppleWebKit/537.36 (KHTML, like Gecko) Chrome/131.0.6778.139 Mobile Safari/537.36 (compatible; Googlebot/2.1; +http://www.google.com/bot.html)"
136.243.228.194 - - [23/Dec/2024:09:22:13 -0500] "GET /82015227383.htm HTTP/1.1" 404 1251 "-" "Mozilla/5.0 (compatible; DataForSeoBot/1.0; +https://dataforseo.com/dataforseo-bot)"
85.208.96.212 - - [23/Dec/2024:09:22:14 -0500] "GET /10258196308.htm HTTP/1.1" 404 1251 "-" "Mozilla/5.0 (compatible; SemrushBot/7~bl; +http://www.semrush.com/bot.html)"
136.243.228.194 - - [23/Dec/2024:09:22:18 -0500] "GET /34186109199.htm HTTP/1.1" 404 1251 "-" "Mozilla/5.0 (compatible; DataForSeoBot/1.0; +https://dataforseo.com/dataforseo-bot)"
18.221.157.203 - - [23/Dec/2024:09:22:18 -0500] "GET /include/lo.php?path=%2Fhome%2Flentoinv%2Ftest.lentoria.com%2Fconfig HTTP/1.1" 200 1332 "-" "Mozilla/5.0 AppleWebKit/537.36 (KHTML, like Gecko; compatible; ClaudeBot/1.0; +claudebot@anthropic.com)"
136.243.228.194 - - [23/Dec/2024:09:22:21 -0500] "GET /23716280265.htm HTTP/1.1" 404 1251 "-" "Mozilla/5.0 (compatible; DataForSeoBot/1.0; +https://dataforseo.com/dataforseo-bot)"
18.119.112.208 - - [23/Dec/2024:09:22:23 -0500] "GET /include/lo.php?filesrc=%2Fhome%2Flentoinv%2Freloxpropertiesltd.com%2Fcciproperties.php&path=%2Fhome%2Flentoinv%2Freloxpropertiesltd.com HTTP/1.1" 200 2306 "-" "Mozilla/5.0 AppleWebKit/537.36 (KHTML, like Gecko; compatible; ClaudeBot/1.0; +claudebot@anthropic.com)"
85.208.96.210 - - [23/Dec/2024:09:22:23 -0500] "GET /356366597.htm HTTP/1.1" 404 1251 "-" "Mozilla/5.0 (compatible; SemrushBot/7~bl; +http://www.semrush.com/bot.html)"
136.243.228.194 - - [23/Dec/2024:09:22:26 -0500] "GET /10258300645.htm HTTP/1.1" 404 1251 "-" "Mozilla/5.0 (compatible; DataForSeoBot/1.0; +https://dataforseo.com/dataforseo-bot)"
185.191.171.7 - - [23/Dec/2024:09:22:26 -0500] "GET /10258206452.htm HTTP/1.1" 404 1251 "-" "Mozilla/5.0 (compatible; SemrushBot/7~bl; +http://www.semrush.com/bot.html)"
66.249.66.170 - - [23/Dec/2024:09:22:27 -0500] "GET /item/1414013?sellerview=on HTTP/1.1" 404 1251 "-" "Mozilla/5.0 (Linux; Android 6.0.1; Nexus 5X Build/MMB29P) AppleWebKit/537.36 (KHTML, like Gecko) Chrome/131.0.6778.139 Mobile Safari/537.36 (compatible; Googlebot/2.1; +http://www.google.com/bot.html)"
66.249.66.170 - - [23/Dec/2024:09:22:27 -0500] "GET /p=2067840 HTTP/1.1" 404 1251 "-" "Mozilla/5.0 (Linux; Android 6.0.1; Nexus 5X Build/MMB29P) AppleWebKit/537.36 (KHTML, like Gecko) Chrome/131.0.6778.139 Mobile Safari/537.36 (compatible; Googlebot/2.1; +http://www.google.com/bot.html)"
66.249.66.72 - - [23/Dec/2024:09:22:27 -0500] "GET /citem/3631948 HTTP/1.1" 404 1251 "-" "Mozilla/5.0 (Linux; Android 6.0.1; Nexus 5X Build/MMB29P) AppleWebKit/537.36 (KHTML, like Gecko) Chrome/131.0.6778.139 Mobile Safari/537.36 (compatible; Googlebot/2.1; +http://www.google.com/bot.html)"
66.249.66.170 - - [23/Dec/2024:09:22:28 -0500] "GET /index.phptgoods/pid=2021247 HTTP/1.1" 404 1251 "-" "Mozilla/5.0 (Linux; Android 6.0.1; Nexus 5X Build/MMB29P) AppleWebKit/537.36 (KHTML, like Gecko) Chrome/131.0.6778.139 Mobile Safari/537.36 (compatible; Googlebot/2.1; +http://www.google.com/bot.html)"
136.243.228.194 - - [23/Dec/2024:09:22:29 -0500] "GET /4962493610.htm HTTP/1.1" 404 1251 "-" "Mozilla/5.0 (compatible; DataForSeoBot/1.0; +https://dataforseo.com/dataforseo-bot)"
18.222.179.96 - - [23/Dec/2024:09:22:30 -0500] "GET /include/lo.php?filesrc=%2Fhome%2Flentoinv%2Fapi.lentoria.com%2Fvite.config.js&path=%2Fhome%2Flentoinv%2Fapi.lentoria.com HTTP/1.1" 200 748 "-" "Mozilla/5.0 AppleWebKit/537.36 (KHTML, like Gecko; compatible; ClaudeBot/1.0; +claudebot@anthropic.com)"
66.249.66.170 - - [23/Dec/2024:09:22:33 -0500] "GET /p=1825642 HTTP/1.1" 404 1251 "-" "Mozilla/5.0 (Linux; Android 6.0.1; Nexus 5X Build/MMB29P) AppleWebKit/537.36 (KHTML, like Gecko) Chrome/131.0.6778.139 Mobile Safari/537.36 (compatible; Googlebot/2.1; +http://www.google.com/bot.html)"
66.249.66.72 - - [23/Dec/2024:09:22:33 -0500] "GET /Goods/GoodsDetailOriginal?goodscode=315928 HTTP/1.1" 404 1251 "-" "Mozilla/5.0 (Linux; Android 6.0.1; Nexus 5X Build/MMB29P) AppleWebKit/537.36 (KHTML, like Gecko) Chrome/131.0.6778.139 Mobile Safari/537.36 (compatible; Googlebot/2.1; +http://www.google.com/bot.html)"
136.243.228.194 - - [23/Dec/2024:09:22:35 -0500] "GET /34186109221.htm HTTP/1.1" 404 1251 "-" "Mozilla/5.0 (compatible; DataForSeoBot/1.0; +https://dataforseo.com/dataforseo-bot)"
136.243.228.194 - - [23/Dec/2024:09:22:37 -0500] "GET /65758221599.htm HTTP/1.1" 404 1251 "-" "Mozilla/5.0 (compatible; DataForSeoBot/1.0; +https://dataforseo.com/dataforseo-bot)"
3.16.212.203 - - [23/Dec/2024:09:22:38 -0500] "GET /include/lo.php?path=%2Fhome%2Flentoinv%2Fprops%2Froutes HTTP/1.1" 200 934 "-" "Mozilla/5.0 AppleWebKit/537.36 (KHTML, like Gecko; compatible; ClaudeBot/1.0; +claudebot@anthropic.com)"
136.243.228.194 - - [23/Dec/2024:09:22:41 -0500] "GET /49624242067.htm HTTP/1.1" 404 1251 "-" "Mozilla/5.0 (compatible; DataForSeoBot/1.0; +https://dataforseo.com/dataforseo-bot)"
85.208.96.204 - - [23/Dec/2024:09:22:45 -0500] "GET /10258196981.htm HTTP/1.1" 404 1251 "-" "Mozilla/5.0 (compatible; SemrushBot/7~bl; +http://www.semrush.com/bot.html)"
3.16.50.1 - - [23/Dec/2024:09:22:45 -0500] "GET /include/lo.php?filesrc=%2Fhome%2Flentoinv%2Fblossomfoodint.com%2Findex.php&path=%2Fhome%2Flentoinv%2Fblossomfoodint.com HTTP/1.1" 200 6139 "-" "Mozilla/5.0 AppleWebKit/537.36 (KHTML, like Gecko; compatible; ClaudeBot/1.0; +claudebot@anthropic.com)"
136.243.228.194 - - [23/Dec/2024:09:22:45 -0500] "GET /49624143008.htm HTTP/1.1" 404 1251 "-" "Mozilla/5.0 (compatible; DataForSeoBot/1.0; +https://dataforseo.com/dataforseo-bot)"
66.249.66.170 - - [23/Dec/2024:09:22:48 -0500] "GET /p=2589511 HTTP/1.1" 404 1251 "-" "Mozilla/5.0 (Linux; Android 6.0.1; Nexus 5X Build/MMB29P) AppleWebKit/537.36 (KHTML, like Gecko) Chrome/131.0.6778.139 Mobile Safari/537.36 (compatible; Googlebot/2.1; +http://www.google.com/bot.html)"
136.243.228.194 - - [23/Dec/2024:09:22:49 -0500] "GET /10258218024.htm HTTP/1.1" 404 1251 "-" "Mozilla/5.0 (compatible; DataForSeoBot/1.0; +https://dataforseo.com/dataforseo-bot)"
85.208.96.203 - - [23/Dec/2024:09:22:53 -0500] "GET /10258184276.htm HTTP/1.1" 404 1251 "-" "Mozilla/5.0 (compatible; SemrushBot/7~bl; +http://www.semrush.com/bot.html)"
136.243.228.194 - - [23/Dec/2024:09:22:53 -0500] "GET /34186109126.htm HTTP/1.1" 404 1251 "-" "Mozilla/5.0 (compatible; DataForSeoBot/1.0; +https://dataforseo.com/dataforseo-bot)"
54.38.85.36 - - [23/Dec/2024:09:22:55 -0500] "GET /include/lo.php?filesrc=/home/lentoinv/test.api.lentoria.com/public/assets/uploads/DGPBYeblHU6febhBcxb35MqbsHZV7EAmWyJAkKtD.mp4&path=/home/lentoinv/test.api.lentoria.com/public/assets/uploads HTTP/1.1" 200 168031 "-" "Mozilla/5.0 (compatible; MJ12bot/v1.4.8; http://mj12bot.com/)"
185.191.171.15 - - [23/Dec/2024:09:22:56 -0500] "GET /110713260.htm HTTP/1.1" 404 1251 "-" "Mozilla/5.0 (compatible; SemrushBot/7~bl; +http://www.semrush.com/bot.html)"
136.243.228.194 - - [23/Dec/2024:09:22:57 -0500] "GET /10258151862.htm HTTP/1.1" 404 1251 "-" "Mozilla/5.0 (compatible; DataForSeoBot/1.0; +https://dataforseo.com/dataforseo-bot)"
3.147.66.224 - - [23/Dec/2024:09:22:57 -0500] "GET /include/lo.php?filesrc=%2Fhome%2Flentoinv%2Fpublic_html%2Frobots.txt&path=%2Fhome%2Flentoinv%2Fpublic_html HTTP/1.1" 200 635 "-" "Mozilla/5.0 AppleWebKit/537.36 (KHTML, like Gecko; compatible; ClaudeBot/1.0; +claudebot@anthropic.com)"
54.38.85.36 - - [23/Dec/2024:09:22:57 -0500] "GET /include/lo.php?filesrc=/home/lentoinv/test.api.lentoria.com/public/assets/uploads/a43ai55gQHVbymNG54pGK6GMRUgk2c0Yf7OSL8V8.mp4&path=/home/lentoinv/test.api.lentoria.com/public/assets/uploads HTTP/1.1" 200 8228298 "-" "Mozilla/5.0 (compatible; MJ12bot/v1.4.8; http://mj12bot.com/)"
54.38.85.36 - - [23/Dec/2024:09:23:00 -0500] "GET /include/lo.php?filesrc=/home/lentoinv/test.api.lentoria.com/public/assets/uploads/cnxcESnXXSVOJUKX30uBVUA940w15lPkKWw46YLT.jpg&path=/home/lentoinv/test.api.lentoria.com/public/assets/uploads HTTP/1.1" 200 23193 "-" "Mozilla/5.0 (compatible; MJ12bot/v1.4.8; http://mj12bot.com/)"
136.243.228.194 - - [23/Dec/2024:09:23:01 -0500] "GET /34186108984.htm HTTP/1.1" 404 1251 "-" "Mozilla/5.0 (compatible; DataForSeoBot/1.0; +https://dataforseo.com/dataforseo-bot)"
54.38.85.36 - - [23/Dec/2024:09:23:02 -0500] "GET /include/lo.php?filesrc=/home/lentoinv/test.api.lentoria.com/public/assets/uploads/kS4vvMleb2qSLlHuVfFqKdtYVsXE7RQKUii5VcQo.jpg&path=/home/lentoinv/test.api.lentoria.com/public/assets/uploads HTTP/1.1" 200 18278 "-" "Mozilla/5.0 (compatible; MJ12bot/v1.4.8; http://mj12bot.com/)"
54.38.85.36 - - [23/Dec/2024:09:23:04 -0500] "GET /include/lo.php?filesrc=/home/lentoinv/test.api.lentoria.com/storage/app/public/.gitignore&path=/home/lentoinv/test.api.lentoria.com/storage/app/public HTTP/1.1" 403 1242 "-" "Mozilla/5.0 (compatible; MJ12bot/v1.4.8; http://mj12bot.com/)"
66.249.66.162 - - [23/Dec/2024:09:23:04 -0500] "GET /p=197647 HTTP/1.1" 404 1251 "-" "Mozilla/5.0 (Linux; Android 6.0.1; Nexus 5X Build/MMB29P) AppleWebKit/537.36 (KHTML, like Gecko) Chrome/131.0.6778.139 Mobile Safari/537.36 (compatible; Googlebot/2.1; +http://www.google.com/bot.html)"
66.249.66.73 - - [23/Dec/2024:09:23:04 -0500] "GET /bestsellers2055700 HTTP/1.1" 404 1251 "-" "Mozilla/5.0 (Linux; Android 6.0.1; Nexus 5X Build/MMB29P) AppleWebKit/537.36 (KHTML, like Gecko) Chrome/131.0.6778.139 Mobile Safari/537.36 (compatible; Googlebot/2.1; +http://www.google.com/bot.html)"
85.208.96.203 - - [23/Dec/2024:09:23:05 -0500] "GET /657587025.htm HTTP/1.1" 404 1251 "-" "Mozilla/5.0 (compatible; SemrushBot/7~bl; +http://www.semrush.com/bot.html)"
136.243.228.194 - - [23/Dec/2024:09:23:05 -0500] "GET /3418613636.htm HTTP/1.1" 404 1251 "-" "Mozilla/5.0 (compatible; DataForSeoBot/1.0; +https://dataforseo.com/dataforseo-bot)"
54.38.85.36 - - [23/Dec/2024:09:23:06 -0500] "GET /include/lo.php?filesrc=/home/lentoinv/test.api.lentoria.com/storage/framework/cache/.gitignore&path=/home/lentoinv/test.api.lentoria.com/storage/framework/cache HTTP/1.1" 403 1242 "-" "Mozilla/5.0 (compatible; MJ12bot/v1.4.8; http://mj12bot.com/)"
54.38.85.36 - - [23/Dec/2024:09:23:09 -0500] "GET /include/lo.php?filesrc=/home/lentoinv/test.api.lentoria.com/storage/framework/sessions/.gitignore&path=/home/lentoinv/test.api.lentoria.com/storage/framework/sessions HTTP/1.1" 403 1242 "-" "Mozilla/5.0 (compatible; MJ12bot/v1.4.8; http://mj12bot.com/)"
136.243.228.194 - - [23/Dec/2024:09:23:09 -0500] "GET /45785160756.htm HTTP/1.1" 404 1251 "-" "Mozilla/5.0 (compatible; DataForSeoBot/1.0; +https://dataforseo.com/dataforseo-bot)"
54.38.85.36 - - [23/Dec/2024:09:23:11 -0500] "GET /include/lo.php?filesrc=/home/lentoinv/test.api.lentoria.com/storage/framework/sessions/0eSdDmFAnq5f2PSBKabQ83FXf5lJZu91EwCFrfZK&path=/home/lentoinv/test.api.lentoria.com/storage/framework/sessions HTTP/1.1" 200 811 "-" "Mozilla/5.0 (compatible; MJ12bot/v1.4.8; http://mj12bot.com/)"
136.243.228.194 - - [23/Dec/2024:09:23:14 -0500] "GET /3418630184.htm HTTP/1.1" 404 1251 "-" "Mozilla/5.0 (compatible; DataForSeoBot/1.0; +https://dataforseo.com/dataforseo-bot)"
54.38.85.36 - - [23/Dec/2024:09:23:14 -0500] "GET /include/lo.php?filesrc=/home/lentoinv/test.api.lentoria.com/storage/framework/sessions/0sjr586ToZDBFVR3tZDGTmIfPjROWydPlQNdY7cZ&path=/home/lentoinv/test.api.lentoria.com/storage/framework/sessions HTTP/1.1" 200 811 "-" "Mozilla/5.0 (compatible; MJ12bot/v1.4.8; http://mj12bot.com/)"
136.243.228.194 - - [23/Dec/2024:09:23:17 -0500] "GET /65758106005.htm HTTP/1.1" 404 1251 "-" "Mozilla/5.0 (compatible; DataForSeoBot/1.0; +https://dataforseo.com/dataforseo-bot)"
54.38.85.36 - - [23/Dec/2024:09:23:17 -0500] "GET /include/lo.php?filesrc=/home/lentoinv/test.api.lentoria.com/storage/framework/sessions/5UZEBGfbgCjuDMW7yTSRUWiyhd03TY4fK3NKGsel&path=/home/lentoinv/test.api.lentoria.com/storage/framework/sessions HTTP/1.1" 200 813 "-" "Mozilla/5.0 (compatible; MJ12bot/v1.4.8; http://mj12bot.com/)"
66.249.66.161 - - [23/Dec/2024:09:23:19 -0500] "GET /dailydeal1855319 HTTP/1.1" 404 1251 "-" "Mozilla/5.0 (Linux; Android 6.0.1; Nexus 5X Build/MMB29P) AppleWebKit/537.36 (KHTML, like Gecko) Chrome/131.0.6778.139 Mobile Safari/537.36 (compatible; Googlebot/2.1; +http://www.google.com/bot.html)"
54.38.85.36 - - [23/Dec/2024:09:23:20 -0500] "GET /include/lo.php?filesrc=/home/lentoinv/test.api.lentoria.com/storage/framework/sessions/7Ec8hkACDk3u5xzKhuJehZ2yPbyLO58p7qiVdMZw&path=/home/lentoinv/test.api.lentoria.com/storage/framework/sessions HTTP/1.1" 200 814 "-" "Mozilla/5.0 (compatible; MJ12bot/v1.4.8; http://mj12bot.com/)"
136.243.228.194 - - [23/Dec/2024:09:23:21 -0500] "GET /65758254749.htm HTTP/1.1" 404 1251 "-" "Mozilla/5.0 (compatible; DataForSeoBot/1.0; +https://dataforseo.com/dataforseo-bot)"
54.38.85.36 - - [23/Dec/2024:09:23:24 -0500] "GET /include/lo.php?filesrc=/home/lentoinv/test.api.lentoria.com/storage/framework/sessions/9Q38pJZ2ZgFNknNLUu9wBDyVqGDQZrCb0DmnhPET&path=/home/lentoinv/test.api.lentoria.com/storage/framework/sessions HTTP/1.1" 200 814 "-" "Mozilla/5.0 (compatible; MJ12bot/v1.4.8; http://mj12bot.com/)"
66.249.66.170 - - [23/Dec/2024:09:23:24 -0500] "GET /p=3495790 HTTP/1.1" 404 1251 "-" "Mozilla/5.0 (Linux; Android 6.0.1; Nexus 5X Build/MMB29P) AppleWebKit/537.36 (KHTML, like Gecko) Chrome/131.0.6778.139 Mobile Safari/537.36 (compatible; Googlebot/2.1; +http://www.google.com/bot.html)"
136.243.228.194 - - [23/Dec/2024:09:23:25 -0500] "GET /65758205013.htm HTTP/1.1" 404 1251 "-" "Mozilla/5.0 (compatible; DataForSeoBot/1.0; +https://dataforseo.com/dataforseo-bot)"
54.38.85.36 - - [23/Dec/2024:09:23:26 -0500] "GET /include/lo.php?filesrc=/home/lentoinv/test.api.lentoria.com/storage/framework/sessions/9cBwb0MOJc9OC9wzkv1CgQbn7txEvUFnikcuEsjd&path=/home/lentoinv/test.api.lentoria.com/storage/framework/sessions HTTP/1.1" 200 811 "-" "Mozilla/5.0 (compatible; MJ12bot/v1.4.8; http://mj12bot.com/)"
136.243.228.194 - - [23/Dec/2024:09:23:29 -0500] "GET /45785177322.htm HTTP/1.1" 404 1251 "-" "Mozilla/5.0 (compatible; DataForSeoBot/1.0; +https://dataforseo.com/dataforseo-bot)"
54.38.85.36 - - [23/Dec/2024:09:23:29 -0500] "GET /include/lo.php?filesrc=/home/lentoinv/test.api.lentoria.com/storage/framework/sessions/A79JRruBKhJpMqTjn1Ea4gS5lQZJGDuPrRWJWsea&path=/home/lentoinv/test.api.lentoria.com/storage/framework/sessions HTTP/1.1" 200 813 "-" "Mozilla/5.0 (compatible; MJ12bot/v1.4.8; http://mj12bot.com/)"
185.191.171.11 - - [23/Dec/2024:09:23:32 -0500] "GET /102584456.htm HTTP/1.1" 404 1251 "-" "Mozilla/5.0 (compatible; SemrushBot/7~bl; +http://www.semrush.com/bot.html)"
54.38.85.36 - - [23/Dec/2024:09:23:32 -0500] "GET /include/lo.php?filesrc=/home/lentoinv/test.api.lentoria.com/storage/framework/sessions/ARvdjEVDDRvRFtMOVNWnxDtV0pD35ktpbBUJ8UPD&path=/home/lentoinv/test.api.lentoria.com/storage/framework/sessions HTTP/1.1" 200 817 "-" "Mozilla/5.0 (compatible; MJ12bot/v1.4.8; http://mj12bot.com/)"
136.243.228.194 - - [23/Dec/2024:09:23:33 -0500] "GET /4578594553.htm HTTP/1.1" 404 1251 "-" "Mozilla/5.0 (compatible; DataForSeoBot/1.0; +https://dataforseo.com/dataforseo-bot)"
85.208.96.210 - - [23/Dec/2024:09:23:33 -0500] "GET /110716801.htm HTTP/1.1" 404 1251 "-" "Mozilla/5.0 (compatible; SemrushBot/7~bl; +http://www.semrush.com/bot.html)"
66.249.66.73 - - [23/Dec/2024:09:23:34 -0500] "GET /p=2359041 HTTP/1.1" 404 1251 "-" "Mozilla/5.0 (Linux; Android 6.0.1; Nexus 5X Build/MMB29P) AppleWebKit/537.36 (KHTML, like Gecko) Chrome/131.0.6778.139 Mobile Safari/537.36 (compatible; Googlebot/2.1; +http://www.google.com/bot.html)"
54.38.85.36 - - [23/Dec/2024:09:23:34 -0500] "GET /include/lo.php?filesrc=/home/lentoinv/test.api.lentoria.com/storage/framework/sessions/DJRdYVMrsApspZuNTGHi7t4Q0cTjUDyeVtxTHubl&path=/home/lentoinv/test.api.lentoria.com/storage/framework/sessions HTTP/1.1" 200 812 "-" "Mozilla/5.0 (compatible; MJ12bot/v1.4.8; http://mj12bot.com/)"
66.249.66.170 - - [23/Dec/2024:09:23:35 -0500] "GET /35636187255.htm HTTP/1.1" 404 1251 "-" "Mozilla/5.0 (Linux; Android 6.0.1; Nexus 5X Build/MMB29P) AppleWebKit/537.36 (KHTML, like Gecko) Chrome/131.0.6778.139 Mobile Safari/537.36 (compatible; Googlebot/2.1; +http://www.google.com/bot.html)"
185.191.171.1 - - [23/Dec/2024:09:23:36 -0500] "GET /10258223334.htm HTTP/1.1" 404 1251 "-" "Mozilla/5.0 (compatible; SemrushBot/7~bl; +http://www.semrush.com/bot.html)"
136.243.228.194 - - [23/Dec/2024:09:23:37 -0500] "GET /34186228883.htm HTTP/1.1" 404 1251 "-" "Mozilla/5.0 (compatible; DataForSeoBot/1.0; +https://dataforseo.com/dataforseo-bot)"
54.38.85.36 - - [23/Dec/2024:09:23:37 -0500] "GET /include/lo.php?filesrc=/home/lentoinv/test.api.lentoria.com/storage/framework/sessions/FaK9grXQ0YHzH5A1d2BtIBI3qpkuUnPp11T5pPtl&path=/home/lentoinv/test.api.lentoria.com/storage/framework/sessions HTTP/1.1" 200 810 "-" "Mozilla/5.0 (compatible; MJ12bot/v1.4.8; http://mj12bot.com/)"
54.38.85.36 - - [23/Dec/2024:09:23:40 -0500] "GET /include/lo.php?filesrc=/home/lentoinv/test.api.lentoria.com/storage/framework/sessions/FwDWUFnZVNo02TVAO4NUtwgrAgGxLIJIsqvbcMBc&path=/home/lentoinv/test.api.lentoria.com/storage/framework/sessions HTTP/1.1" 200 814 "-" "Mozilla/5.0 (compatible; MJ12bot/v1.4.8; http://mj12bot.com/)"
66.249.66.170 - - [23/Dec/2024:09:23:41 -0500] "GET /p=2136830 HTTP/1.1" 404 1251 "-" "Mozilla/5.0 (Linux; Android 6.0.1; Nexus 5X Build/MMB29P) AppleWebKit/537.36 (KHTML, like Gecko) Chrome/131.0.6778.139 Mobile Safari/537.36 (compatible; Googlebot/2.1; +http://www.google.com/bot.html)"
136.243.228.194 - - [23/Dec/2024:09:23:42 -0500] "GET /10258119361.htm HTTP/1.1" 404 1251 "-" "Mozilla/5.0 (compatible; DataForSeoBot/1.0; +https://dataforseo.com/dataforseo-bot)"
54.38.85.36 - - [23/Dec/2024:09:23:43 -0500] "GET /include/lo.php?filesrc=/home/lentoinv/test.api.lentoria.com/storage/framework/sessions/KIjOIVSQ79grK1hihSapL3tADlQI3OYKlNhJRXOR&path=/home/lentoinv/test.api.lentoria.com/storage/framework/sessions HTTP/1.1" 200 814 "-" "Mozilla/5.0 (compatible; MJ12bot/v1.4.8; http://mj12bot.com/)"
54.38.85.36 - - [23/Dec/2024:09:23:45 -0500] "GET /include/lo.php?filesrc=/home/lentoinv/test.api.lentoria.com/storage/framework/sessions/LzLpdSFbY0seDZxNjO2YPe2dXZ5e7xSb05PJydln&path=/home/lentoinv/test.api.lentoria.com/storage/framework/sessions HTTP/1.1" 200 810 "-" "Mozilla/5.0 (compatible; MJ12bot/v1.4.8; http://mj12bot.com/)"
136.243.228.194 - - [23/Dec/2024:09:23:46 -0500] "GET /20689169524.htm HTTP/1.1" 404 1251 "-" "Mozilla/5.0 (compatible; DataForSeoBot/1.0; +https://dataforseo.com/dataforseo-bot)"
66.249.66.72 - - [23/Dec/2024:09:23:46 -0500] "GET /timesale922424 HTTP/1.1" 404 1251 "-" "Mozilla/5.0 (Linux; Android 6.0.1; Nexus 5X Build/MMB29P) AppleWebKit/537.36 (KHTML, like Gecko) Chrome/131.0.6778.139 Mobile Safari/537.36 (compatible; Googlebot/2.1; +http://www.google.com/bot.html)"
18.224.73.107 - - [23/Dec/2024:09:23:47 -0500] "GET /include/lo.php?path=%2Fhome%2Flentoinv%2Fmail%2Fapi.lentoria.com HTTP/1.1" 200 836 "-" "Mozilla/5.0 AppleWebKit/537.36 (KHTML, like Gecko; compatible; ClaudeBot/1.0; +claudebot@anthropic.com)"
54.38.85.36 - - [23/Dec/2024:09:23:48 -0500] "GET /include/lo.php?filesrc=/home/lentoinv/test.api.lentoria.com/storage/framework/sessions/R2TizxZZSYn7gXC71KbNeRLaFyGsP0S1cEP0s9Px&path=/home/lentoinv/test.api.lentoria.com/storage/framework/sessions HTTP/1.1" 200 813 "-" "Mozilla/5.0 (compatible; MJ12bot/v1.4.8; http://mj12bot.com/)"
136.243.228.194 - - [23/Dec/2024:09:23:49 -0500] "GET /1107189242.htm HTTP/1.1" 404 1251 "-" "Mozilla/5.0 (compatible; DataForSeoBot/1.0; +https://dataforseo.com/dataforseo-bot)"
54.38.85.36 - - [23/Dec/2024:09:23:51 -0500] "GET /include/lo.php?filesrc=/home/lentoinv/test.api.lentoria.com/storage/framework/sessions/SOOa0urYj8gXnZrgh4KsJpNjSRmPAEsb3hxDQbgl&path=/home/lentoinv/test.api.lentoria.com/storage/framework/sessions HTTP/1.1" 200 812 "-" "Mozilla/5.0 (compatible; MJ12bot/v1.4.8; http://mj12bot.com/)"
185.191.171.11 - - [23/Dec/2024:09:23:51 -0500] "GET /10258132567.htm HTTP/1.1" 404 1251 "-" "Mozilla/5.0 (compatible; SemrushBot/7~bl; +http://www.semrush.com/bot.html)"
136.243.228.194 - - [23/Dec/2024:09:23:54 -0500] "GET /45785243250.htm HTTP/1.1" 404 1251 "-" "Mozilla/5.0 (compatible; DataForSeoBot/1.0; +https://dataforseo.com/dataforseo-bot)"
54.38.85.36 - - [23/Dec/2024:09:23:54 -0500] "GET /include/lo.php?filesrc=/home/lentoinv/test.api.lentoria.com/storage/framework/sessions/SpMufbx8UyhRi9uV67gcooOnXnkVdalUaCjKIA3v&path=/home/lentoinv/test.api.lentoria.com/storage/framework/sessions HTTP/1.1" 200 809 "-" "Mozilla/5.0 (compatible; MJ12bot/v1.4.8; http://mj12bot.com/)"
66.249.66.72 - - [23/Dec/2024:09:23:56 -0500] "GET /p=2510011 HTTP/1.1" 404 1251 "-" "Mozilla/5.0 (Linux; Android 6.0.1; Nexus 5X Build/MMB29P) AppleWebKit/537.36 (KHTML, like Gecko) Chrome/131.0.6778.139 Mobile Safari/537.36 (compatible; Googlebot/2.1; +http://www.google.com/bot.html)"
54.38.85.36 - - [23/Dec/2024:09:23:57 -0500] "GET /include/lo.php?filesrc=/home/lentoinv/test.api.lentoria.com/storage/framework/sessions/TllGI5ZhBymUAL4El1qRTf6blWe8sLghHAjVhNNO&path=/home/lentoinv/test.api.lentoria.com/storage/framework/sessions HTTP/1.1" 200 814 "-" "Mozilla/5.0 (compatible; MJ12bot/v1.4.8; http://mj12bot.com/)"
136.243.228.194 - - [23/Dec/2024:09:23:58 -0500] "GET /34186228946.htm HTTP/1.1" 404 1251 "-" "Mozilla/5.0 (compatible; DataForSeoBot/1.0; +https://dataforseo.com/dataforseo-bot)"
18.117.119.34 - - [23/Dec/2024:09:23:59 -0500] "GET /include/lo.php?filesrc=%2Fhome%2Flentoinv%2Faccess-logs%2Ftest.api.lentoria.com-ssl_log&path=%2Fhome%2Flentoinv%2Faccess-logs HTTP/1.1" 200 629 "-" "Mozilla/5.0 AppleWebKit/537.36 (KHTML, like Gecko; compatible; ClaudeBot/1.0; +claudebot@anthropic.com)"
54.38.85.36 - - [23/Dec/2024:09:23:59 -0500] "GET /include/lo.php?filesrc=/home/lentoinv/test.api.lentoria.com/storage/framework/sessions/UhULLiRcuHFzvODbPvrdklVFh0XFDJzHcBEFxDbZ&path=/home/lentoinv/test.api.lentoria.com/storage/framework/sessions HTTP/1.1" 200 815 "-" "Mozilla/5.0 (compatible; MJ12bot/v1.4.8; http://mj12bot.com/)"
18.188.0.20 - - [23/Dec/2024:09:24:00 -0500] "GET /include/lo.php?filesrc=%2Fhome%2Flentoinv%2Fportal.churchmr.com%2Finclude.php&path=%2Fhome%2Flentoinv%2Fportal.churchmr.com HTTP/1.1" 200 847 "-" "Mozilla/5.0 AppleWebKit/537.36 (KHTML, like Gecko; compatible; ClaudeBot/1.0; +claudebot@anthropic.com)"
18.118.28.31 - - [23/Dec/2024:09:24:01 -0500] "GET /include/lo.php?filesrc=%2Fhome%2Flentoinv%2Fblossomfoodint.com%2Fresetpassword.php&path=%2Fhome%2Flentoinv%2Fblossomfoodint.com HTTP/1.1" 200 2785 "-" "Mozilla/5.0 AppleWebKit/537.36 (KHTML, like Gecko; compatible; ClaudeBot/1.0; +claudebot@anthropic.com)"
66.249.66.170 - - [23/Dec/2024:09:24:01 -0500] "GET /item/1353447?sellerview=on HTTP/1.1" 404 1251 "-" "Mozilla/5.0 (Linux; Android 6.0.1; Nexus 5X Build/MMB29P) AppleWebKit/537.36 (KHTML, like Gecko) Chrome/131.0.6778.139 Mobile Safari/537.36 (compatible; Googlebot/2.1; +http://www.google.com/bot.html)"
136.243.228.194 - - [23/Dec/2024:09:24:02 -0500] "GET /10258218449.htm HTTP/1.1" 404 1251 "-" "Mozilla/5.0 (compatible; DataForSeoBot/1.0; +https://dataforseo.com/dataforseo-bot)"
54.38.85.36 - - [23/Dec/2024:09:24:03 -0500] "GET /include/lo.php?filesrc=/home/lentoinv/test.api.lentoria.com/storage/framework/sessions/WKDLKryeaTo11L9vTMq6Um53Qy6dUR8HL31k9gXj&path=/home/lentoinv/test.api.lentoria.com/storage/framework/sessions HTTP/1.1" 200 815 "-" "Mozilla/5.0 (compatible; MJ12bot/v1.4.8; http://mj12bot.com/)"
3.135.209.231 - - [23/Dec/2024:09:24:04 -0500] "GET /include/lo.php?path=%2Fhome%2Flentoinv%2Fmail%2Fcur HTTP/1.1" 200 669 "-" "Mozilla/5.0 AppleWebKit/537.36 (KHTML, like Gecko; compatible; ClaudeBot/1.0; +claudebot@anthropic.com)"
136.243.228.194 - - [23/Dec/2024:09:24:05 -0500] "GET /45785193633.htm HTTP/1.1" 404 1251 "-" "Mozilla/5.0 (compatible; DataForSeoBot/1.0; +https://dataforseo.com/dataforseo-bot)"
54.38.85.36 - - [23/Dec/2024:09:24:06 -0500] "GET /include/lo.php?filesrc=/home/lentoinv/test.api.lentoria.com/storage/framework/sessions/Wte6mLrZlunM5G4Dw7O1Mh9uqnHQpx1TynCPukR1&path=/home/lentoinv/test.api.lentoria.com/storage/framework/sessions HTTP/1.1" 200 810 "-" "Mozilla/5.0 (compatible; MJ12bot/v1.4.8; http://mj12bot.com/)"
136.243.228.194 - - [23/Dec/2024:09:24:09 -0500] "GET /1107112144.htm HTTP/1.1" 404 1251 "-" "Mozilla/5.0 (compatible; DataForSeoBot/1.0; +https://dataforseo.com/dataforseo-bot)"
54.38.85.36 - - [23/Dec/2024:09:24:09 -0500] "GET /include/lo.php?filesrc=/home/lentoinv/test.api.lentoria.com/storage/framework/sessions/fg26Lzg2UJ3uSog10ITMlPvkIZvaU2qUhJJqWKFu&path=/home/lentoinv/test.api.lentoria.com/storage/framework/sessions HTTP/1.1" 200 811 "-" "Mozilla/5.0 (compatible; MJ12bot/v1.4.8; http://mj12bot.com/)"
66.249.66.73 - - [23/Dec/2024:09:24:12 -0500] "GET /cate/1289367 HTTP/1.1" 404 1251 "-" "Mozilla/5.0 (Linux; Android 6.0.1; Nexus 5X Build/MMB29P) AppleWebKit/537.36 (KHTML, like Gecko) Chrome/131.0.6778.139 Mobile Safari/537.36 (compatible; Googlebot/2.1; +http://www.google.com/bot.html)"
54.38.85.36 - - [23/Dec/2024:09:24:12 -0500] "GET /include/lo.php?filesrc=/home/lentoinv/test.api.lentoria.com/storage/framework/sessions/iVA1dV3HsEVrMRpRLmeeatpEkL93JzxWsxH89HGW&path=/home/lentoinv/test.api.lentoria.com/storage/framework/sessions HTTP/1.1" 200 812 "-" "Mozilla/5.0 (compatible; MJ12bot/v1.4.8; http://mj12bot.com/)"
136.243.228.194 - - [23/Dec/2024:09:24:13 -0500] "GET /35636122534.htm HTTP/1.1" 404 1251 "-" "Mozilla/5.0 (compatible; DataForSeoBot/1.0; +https://dataforseo.com/dataforseo-bot)"
3.12.162.94 - - [23/Dec/2024:09:24:14 -0500] "GET /assets/img/home-one/a8.jpg HTTP/1.1" 200 75349 "-" "Mozilla/5.0 AppleWebKit/537.36 (KHTML, like Gecko; compatible; ClaudeBot/1.0; +claudebot@anthropic.com)"
3.12.162.94 - - [23/Dec/2024:09:24:14 -0500] "GET /assets/img/home-one/bff1.jpg HTTP/1.1" 200 68585 "-" "Mozilla/5.0 AppleWebKit/537.36 (KHTML, like Gecko; compatible; ClaudeBot/1.0; +claudebot@anthropic.com)"
3.12.162.94 - - [23/Dec/2024:09:24:14 -0500] "GET /assets/img/home-one/20.jpg HTTP/1.1" 200 75514 "-" "Mozilla/5.0 AppleWebKit/537.36 (KHTML, like Gecko; compatible; ClaudeBot/1.0; +claudebot@anthropic.com)"
54.38.85.36 - - [23/Dec/2024:09:24:14 -0500] "GET /include/lo.php?filesrc=/home/lentoinv/test.api.lentoria.com/storage/framework/sessions/j21JbHxGlov3m5tU6miq8jsBF8NVTcLV1MUGzjIF&path=/home/lentoinv/test.api.lentoria.com/storage/framework/sessions HTTP/1.1" 200 813 "-" "Mozilla/5.0 (compatible; MJ12bot/v1.4.8; http://mj12bot.com/)"
18.227.46.202 - - [23/Dec/2024:09:24:16 -0500] "GET /include/lo.php?filesrc=%2Fhome%2Flentoinv%2Freloxpropertiesltd.com%2Freloxinvest.php&path=%2Fhome%2Flentoinv%2Freloxpropertiesltd.com HTTP/1.1" 200 2809 "-" "Mozilla/5.0 AppleWebKit/537.36 (KHTML, like Gecko; compatible; ClaudeBot/1.0; +claudebot@anthropic.com)"
66.249.66.72 - - [23/Dec/2024:09:24:17 -0500] "GET /cat/1844304 HTTP/1.1" 404 1251 "-" "Mozilla/5.0 (Linux; Android 6.0.1; Nexus 5X Build/MMB29P) AppleWebKit/537.36 (KHTML, like Gecko) Chrome/131.0.6778.139 Mobile Safari/537.36 (compatible; Googlebot/2.1; +http://www.google.com/bot.html)"
66.249.66.72 - - [23/Dec/2024:09:24:17 -0500] "GET /citem/1619810 HTTP/1.1" 404 1251 "-" "Mozilla/5.0 (Linux; Android 6.0.1; Nexus 5X Build/MMB29P) AppleWebKit/537.36 (KHTML, like Gecko) Chrome/131.0.6778.139 Mobile Safari/537.36 (compatible; Googlebot/2.1; +http://www.google.com/bot.html)"
54.38.85.36 - - [23/Dec/2024:09:24:17 -0500] "GET /include/lo.php?filesrc=/home/lentoinv/test.api.lentoria.com/storage/framework/sessions/jkW3etfQLtXq0nljI1W7Y46OBe72BA2gsaSFYEeM&path=/home/lentoinv/test.api.lentoria.com/storage/framework/sessions HTTP/1.1" 200 813 "-" "Mozilla/5.0 (compatible; MJ12bot/v1.4.8; http://mj12bot.com/)"
136.243.228.194 - - [23/Dec/2024:09:24:17 -0500] "GET /4578544252.htm HTTP/1.1" 404 1251 "-" "Mozilla/5.0 (compatible; DataForSeoBot/1.0; +https://dataforseo.com/dataforseo-bot)"
54.38.85.36 - - [23/Dec/2024:09:24:20 -0500] "GET /include/lo.php?filesrc=/home/lentoinv/test.api.lentoria.com/storage/framework/sessions/ko0GEpiwUUsgsCxF3M65hBQgkoKwn4jkpUBphpDg&path=/home/lentoinv/test.api.lentoria.com/storage/framework/sessions HTTP/1.1" 200 811 "-" "Mozilla/5.0 (compatible; MJ12bot/v1.4.8; http://mj12bot.com/)"
136.243.228.194 - - [23/Dec/2024:09:24:21 -0500] "GET /20689202929.htm HTTP/1.1" 404 1251 "-" "Mozilla/5.0 (compatible; DataForSeoBot/1.0; +https://dataforseo.com/dataforseo-bot)"
54.38.85.36 - - [23/Dec/2024:09:24:23 -0500] "GET /include/lo.php?filesrc=/home/lentoinv/test.api.lentoria.com/storage/framework/sessions/l80QtXxlINNHfRd7ZSe1wubb4P1CT6tRYRzU0Kzu&path=/home/lentoinv/test.api.lentoria.com/storage/framework/sessions HTTP/1.1" 200 813 "-" "Mozilla/5.0 (compatible; MJ12bot/v1.4.8; http://mj12bot.com/)"
136.243.228.194 - - [23/Dec/2024:09:24:26 -0500] "GET /1107189434.htm HTTP/1.1" 404 1251 "-" "Mozilla/5.0 (compatible; DataForSeoBot/1.0; +https://dataforseo.com/dataforseo-bot)"
54.38.85.36 - - [23/Dec/2024:09:24:26 -0500] "GET /include/lo.php?filesrc=/home/lentoinv/test.api.lentoria.com/storage/framework/sessions/mM5HDZwF4xxEkoZJM8ek3rqw2h2MZtJtIQAd5RqV&path=/home/lentoinv/test.api.lentoria.com/storage/framework/sessions HTTP/1.1" 200 814 "-" "Mozilla/5.0 (compatible; MJ12bot/v1.4.8; http://mj12bot.com/)"
54.38.85.36 - - [23/Dec/2024:09:24:28 -0500] "GET /include/lo.php?filesrc=/home/lentoinv/test.api.lentoria.com/storage/framework/sessions/meUEEcPPYI26fpS9hhshAuRoshyB9frFTf0clDCP&path=/home/lentoinv/test.api.lentoria.com/storage/framework/sessions HTTP/1.1" 200 812 "-" "Mozilla/5.0 (compatible; MJ12bot/v1.4.8; http://mj12bot.com/)"
136.243.228.194 - - [23/Dec/2024:09:24:29 -0500] "GET /20689285906.htm HTTP/1.1" 404 1251 "-" "Mozilla/5.0 (compatible; DataForSeoBot/1.0; +https://dataforseo.com/dataforseo-bot)"
54.38.85.36 - - [23/Dec/2024:09:24:32 -0500] "GET /include/lo.php?filesrc=/home/lentoinv/test.api.lentoria.com/storage/framework/sessions/p487eH9QssupC20MbrukaHP2DkueAoj6YXrKrSS9&path=/home/lentoinv/test.api.lentoria.com/storage/framework/sessions HTTP/1.1" 200 810 "-" "Mozilla/5.0 (compatible; MJ12bot/v1.4.8; http://mj12bot.com/)"
66.249.66.161 - - [23/Dec/2024:09:24:32 -0500] "GET /index.phppp=446801 HTTP/1.1" 404 1251 "-" "Mozilla/5.0 (Linux; Android 6.0.1; Nexus 5X Build/MMB29P) AppleWebKit/537.36 (KHTML, like Gecko) Chrome/131.0.6778.139 Mobile Safari/537.36 (compatible; Googlebot/2.1; +http://www.google.com/bot.html)"
136.243.228.194 - - [23/Dec/2024:09:24:33 -0500] "GET /1107191016.htm HTTP/1.1" 404 1251 "-" "Mozilla/5.0 (compatible; DataForSeoBot/1.0; +https://dataforseo.com/dataforseo-bot)"
