18.116.85.111 - - [23/Dec/2024:09:07:26 -0500] "GET /include/lo.php?path=%2Fhome%2Flentoinv%2Fprops%2Fvendor HTTP/1.1" 200 1651 "-" "Mozilla/5.0 AppleWebKit/537.36 (KHTML, like Gecko; compatible; ClaudeBot/1.0; +claudebot@anthropic.com)"
136.243.228.194 - - [23/Dec/2024:09:07:28 -0500] "GET /11071158434.htm HTTP/1.1" 404 1251 "-" "Mozilla/5.0 (compatible; DataForSeoBot/1.0; +https://dataforseo.com/dataforseo-bot)"
136.243.228.194 - - [23/Dec/2024:09:07:33 -0500] "GET /11071158877.htm HTTP/1.1" 404 1251 "-" "Mozilla/5.0 (compatible; DataForSeoBot/1.0; +https://dataforseo.com/dataforseo-bot)"
136.243.228.194 - - [23/Dec/2024:09:07:36 -0500] "GET /10258269863.htm HTTP/1.1" 404 1251 "-" "Mozilla/5.0 (compatible; DataForSeoBot/1.0; +https://dataforseo.com/dataforseo-bot)"
66.249.66.86 - - [23/Dec/2024:09:07:37 -0500] "GET /p=3120556 HTTP/1.1" 404 1251 "-" "Mozilla/5.0 (Linux; Android 6.0.1; Nexus 5X Build/MMB29P) AppleWebKit/537.36 (KHTML, like Gecko) Chrome/131.0.6778.139 Mobile Safari/537.36 (compatible; Googlebot/2.1; +http://www.google.com/bot.html)"
66.249.66.87 - - [23/Dec/2024:09:07:37 -0500] "GET /item/696062?sellerview=on HTTP/1.1" 404 1251 "-" "Mozilla/5.0 (Linux; Android 6.0.1; Nexus 5X Build/MMB29P) AppleWebKit/537.36 (KHTML, like Gecko) Chrome/131.0.6778.139 Mobile Safari/537.36 (compatible; Googlebot/2.1; +http://www.google.com/bot.html)"
66.249.66.86 - - [23/Dec/2024:09:07:37 -0500] "GET /45785195788.htm HTTP/1.1" 404 1251 "-" "Mozilla/5.0 (Linux; Android 6.0.1; Nexus 5X Build/MMB29P) AppleWebKit/537.36 (KHTML, like Gecko) Chrome/131.0.6778.139 Mobile Safari/537.36 (compatible; Googlebot/2.1; +http://www.google.com/bot.html)"
136.243.228.194 - - [23/Dec/2024:09:07:40 -0500] "GET /34186246735.htm HTTP/1.1" 404 1251 "-" "Mozilla/5.0 (compatible; DataForSeoBot/1.0; +https://dataforseo.com/dataforseo-bot)"
136.243.228.194 - - [23/Dec/2024:09:07:44 -0500] "GET /11071158431.htm HTTP/1.1" 404 1251 "-" "Mozilla/5.0 (compatible; DataForSeoBot/1.0; +https://dataforseo.com/dataforseo-bot)"
85.208.96.205 - - [23/Dec/2024:09:07:46 -0500] "GET /10258196054.htm HTTP/1.1" 404 1251 "-" "Mozilla/5.0 (compatible; SemrushBot/7~bl; +http://www.semrush.com/bot.html)"
3.148.112.15 - - [23/Dec/2024:09:07:47 -0500] "GET /include/lo.php?path=%2Fhome%2Flentoinv%2Fapi.lentoria.com%2Fconfig HTTP/1.1" 200 1296 "-" "Mozilla/5.0 AppleWebKit/537.36 (KHTML, like Gecko; compatible; ClaudeBot/1.0; +claudebot@anthropic.com)"
136.243.228.194 - - [23/Dec/2024:09:07:48 -0500] "GET /11071159514.htm HTTP/1.1" 404 1251 "-" "Mozilla/5.0 (compatible; DataForSeoBot/1.0; +https://dataforseo.com/dataforseo-bot)"
136.243.228.194 - - [23/Dec/2024:09:07:53 -0500] "GET /1025888723.htm HTTP/1.1" 404 1251 "-" "Mozilla/5.0 (compatible; DataForSeoBot/1.0; +https://dataforseo.com/dataforseo-bot)"
136.243.228.194 - - [23/Dec/2024:09:07:56 -0500] "GET /11071244779.htm HTTP/1.1" 404 1251 "-" "Mozilla/5.0 (compatible; DataForSeoBot/1.0; +https://dataforseo.com/dataforseo-bot)"
52.15.190.187 - - [23/Dec/2024:09:07:58 -0500] "GET /include/lo.php?filesrc=%2Fhome%2Flentoinv%2Fcovisclubinternational.com%2Ffaq.php&path=%2Fhome%2Flentoinv%2Fcovisclubinternational.com HTTP/1.1" 200 3216 "-" "Mozilla/5.0 AppleWebKit/537.36 (KHTML, like Gecko; compatible; ClaudeBot/1.0; +claudebot@anthropic.com)"
52.15.190.187 - - [23/Dec/2024:09:07:58 -0500] "GET /include/lo.php?path=%2Fhome%2Flentoinv%2Fcovisclubinternational.com%2Fplugins HTTP/1.1" 200 2219 "-" "Mozilla/5.0 AppleWebKit/537.36 (KHTML, like Gecko; compatible; ClaudeBot/1.0; +claudebot@anthropic.com)"
136.243.228.194 - - [23/Dec/2024:09:08:00 -0500] "GET /45785177758.htm HTTP/1.1" 404 1251 "-" "Mozilla/5.0 (compatible; DataForSeoBot/1.0; +https://dataforseo.com/dataforseo-bot)"
136.243.228.194 - - [23/Dec/2024:09:08:04 -0500] "GET /10258236927.htm HTTP/1.1" 404 1251 "-" "Mozilla/5.0 (compatible; DataForSeoBot/1.0; +https://dataforseo.com/dataforseo-bot)"
66.249.66.162 - - [23/Dec/2024:09:08:05 -0500] "GET /49624419.htm HTTP/1.1" 404 1251 "-" "Mozilla/5.0 (Linux; Android 6.0.1; Nexus 5X Build/MMB29P) AppleWebKit/537.36 (KHTML, like Gecko) Chrome/131.0.6778.139 Mobile Safari/537.36 (compatible; Googlebot/2.1; +http://www.google.com/bot.html)"
136.243.228.194 - - [23/Dec/2024:09:08:08 -0500] "GET /10258171028.htm HTTP/1.1" 404 1251 "-" "Mozilla/5.0 (compatible; DataForSeoBot/1.0; +https://dataforseo.com/dataforseo-bot)"
136.243.228.194 - - [23/Dec/2024:09:08:12 -0500] "GET /3418681656.htm HTTP/1.1" 404 1251 "-" "Mozilla/5.0 (compatible; DataForSeoBot/1.0; +https://dataforseo.com/dataforseo-bot)"
136.243.228.194 - - [23/Dec/2024:09:08:16 -0500] "GET /4578595285.htm HTTP/1.1" 404 1251 "-" "Mozilla/5.0 (compatible; DataForSeoBot/1.0; +https://dataforseo.com/dataforseo-bot)"
66.249.66.170 - - [23/Dec/2024:09:08:20 -0500] "GET /2068977857.htm HTTP/1.1" 404 1251 "-" "Mozilla/5.0 (Linux; Android 6.0.1; Nexus 5X Build/MMB29P) AppleWebKit/537.36 (KHTML, like Gecko) Chrome/131.0.6778.139 Mobile Safari/537.36 (compatible; Googlebot/2.1; +http://www.google.com/bot.html)"
136.243.228.194 - - [23/Dec/2024:09:08:20 -0500] "GET /3563656632.htm HTTP/1.1" 404 1251 "-" "Mozilla/5.0 (compatible; DataForSeoBot/1.0; +https://dataforseo.com/dataforseo-bot)"
136.243.228.194 - - [23/Dec/2024:09:08:24 -0500] "GET /8201558403.htm HTTP/1.1" 404 1251 "-" "Mozilla/5.0 (compatible; DataForSeoBot/1.0; +https://dataforseo.com/dataforseo-bot)"
85.208.96.210 - - [23/Dec/2024:09:08:24 -0500] "GET /robots.txt HTTP/1.1" 200 122 "-" "Mozilla/5.0 (compatible; SemrushBot/7~bl; +http://www.semrush.com/bot.html)"
66.249.66.72 - - [23/Dec/2024:09:08:25 -0500] "GET /p=3372348 HTTP/1.1" 404 1251 "-" "Mozilla/5.0 (Linux; Android 6.0.1; Nexus 5X Build/MMB29P) AppleWebKit/537.36 (KHTML, like Gecko) Chrome/131.0.6778.139 Mobile Safari/537.36 (compatible; Googlebot/2.1; +http://www.google.com/bot.html)"
185.191.171.15 - - [23/Dec/2024:09:08:26 -0500] "GET /10258127979.htm HTTP/1.1" 404 1251 "-" "Mozilla/5.0 (compatible; SemrushBot/7~bl; +http://www.semrush.com/bot.html)"
66.249.66.170 - - [23/Dec/2024:09:08:26 -0500] "GET /35636260143.htm HTTP/1.1" 404 1251 "-" "Mozilla/5.0 (Linux; Android 6.0.1; Nexus 5X Build/MMB29P) AppleWebKit/537.36 (KHTML, like Gecko) Chrome/131.0.6778.139 Mobile Safari/537.36 (compatible; Googlebot/2.1; +http://www.google.com/bot.html)"
136.243.228.194 - - [23/Dec/2024:09:08:29 -0500] "GET /10258302795.htm HTTP/1.1" 404 1251 "-" "Mozilla/5.0 (compatible; DataForSeoBot/1.0; +https://dataforseo.com/dataforseo-bot)"
136.243.228.194 - - [23/Dec/2024:09:08:33 -0500] "GET /35636188596.htm HTTP/1.1" 404 1251 "-" "Mozilla/5.0 (compatible; DataForSeoBot/1.0; +https://dataforseo.com/dataforseo-bot)"
85.208.96.210 - - [23/Dec/2024:09:08:34 -0500] "GET /10258202294.htm HTTP/1.1" 404 1251 "-" "Mozilla/5.0 (compatible; SemrushBot/7~bl; +http://www.semrush.com/bot.html)"
66.249.66.170 - - [23/Dec/2024:09:08:37 -0500] "GET /82015219085.htm HTTP/1.1" 404 1251 "-" "Mozilla/5.0 (Linux; Android 6.0.1; Nexus 5X Build/MMB29P) AppleWebKit/537.36 (KHTML, like Gecko) Chrome/131.0.6778.139 Mobile Safari/537.36 (compatible; Googlebot/2.1; +http://www.google.com/bot.html)"
136.243.228.194 - - [23/Dec/2024:09:08:37 -0500] "GET /3563689610.htm HTTP/1.1" 404 1251 "-" "Mozilla/5.0 (compatible; DataForSeoBot/1.0; +https://dataforseo.com/dataforseo-bot)"
85.208.96.205 - - [23/Dec/2024:09:08:38 -0500] "GET /10258181250.htm HTTP/1.1" 404 1251 "-" "Mozilla/5.0 (compatible; SemrushBot/7~bl; +http://www.semrush.com/bot.html)"
3.145.105.85 - - [23/Dec/2024:09:08:40 -0500] "GET /include/lo.php?filesrc=%2Fhome%2Flentoinv%2Freloxpropertiesltd.com%2Fmyteam.php&path=%2Fhome%2Flentoinv%2Freloxpropertiesltd.com HTTP/1.1" 200 2253 "-" "Mozilla/5.0 AppleWebKit/537.36 (KHTML, like Gecko; compatible; ClaudeBot/1.0; +claudebot@anthropic.com)"
136.243.228.194 - - [23/Dec/2024:09:08:41 -0500] "GET /34186279722.htm HTTP/1.1" 404 1251 "-" "Mozilla/5.0 (compatible; DataForSeoBot/1.0; +https://dataforseo.com/dataforseo-bot)"
66.249.66.170 - - [23/Dec/2024:09:08:42 -0500] "GET /23716261031.htm HTTP/1.1" 404 1251 "-" "Mozilla/5.0 (Linux; Android 6.0.1; Nexus 5X Build/MMB29P) AppleWebKit/537.36 (KHTML, like Gecko) Chrome/131.0.6778.139 Mobile Safari/537.36 (compatible; Googlebot/2.1; +http://www.google.com/bot.html)"
136.243.228.194 - - [23/Dec/2024:09:08:46 -0500] "GET /102584436.htm HTTP/1.1" 404 1251 "-" "Mozilla/5.0 (compatible; DataForSeoBot/1.0; +https://dataforseo.com/dataforseo-bot)"
52.14.173.116 - - [23/Dec/2024:09:08:50 -0500] "GET /include/lo.php?path=%2Fhome%2Flentoinv%2Fprops%2Flang HTTP/1.1" 200 829 "-" "Mozilla/5.0 AppleWebKit/537.36 (KHTML, like Gecko; compatible; ClaudeBot/1.0; +claudebot@anthropic.com)"
136.243.228.194 - - [23/Dec/2024:09:08:50 -0500] "GET /2371627562.htm HTTP/1.1" 404 1251 "-" "Mozilla/5.0 (compatible; DataForSeoBot/1.0; +https://dataforseo.com/dataforseo-bot)"
66.249.66.170 - - [23/Dec/2024:09:08:52 -0500] "GET /10258222731.htm HTTP/1.1" 404 1251 "-" "Mozilla/5.0 (Linux; Android 6.0.1; Nexus 5X Build/MMB29P) AppleWebKit/537.36 (KHTML, like Gecko) Chrome/131.0.6778.139 Mobile Safari/537.36 (compatible; Googlebot/2.1; +http://www.google.com/bot.html)"
66.249.66.86 - - [23/Dec/2024:09:08:52 -0500] "GET /citem/3219183 HTTP/1.1" 404 1251 "-" "Mozilla/5.0 (Linux; Android 6.0.1; Nexus 5X Build/MMB29P) AppleWebKit/537.36 (KHTML, like Gecko) Chrome/131.0.6778.139 Mobile Safari/537.36 (compatible; Googlebot/2.1; +http://www.google.com/bot.html)"
13.58.221.124 - - [23/Dec/2024:09:08:53 -0500] "GET /include/lo.php?filesrc=%2Fhome%2Flentoinv%2Ftest.lentoria.com%2Fphpunit.xml&path=%2Fhome%2Flentoinv%2Ftest.lentoria.com HTTP/1.1" 200 1107 "-" "Mozilla/5.0 AppleWebKit/537.36 (KHTML, like Gecko; compatible; ClaudeBot/1.0; +claudebot@anthropic.com)"
136.243.228.194 - - [23/Dec/2024:09:08:54 -0500] "GET /82015171677.htm HTTP/1.1" 404 1251 "-" "Mozilla/5.0 (compatible; DataForSeoBot/1.0; +https://dataforseo.com/dataforseo-bot)"
136.243.228.194 - - [23/Dec/2024:09:08:58 -0500] "GET /82015320599.htm HTTP/1.1" 404 1251 "-" "Mozilla/5.0 (compatible; DataForSeoBot/1.0; +https://dataforseo.com/dataforseo-bot)"
185.191.171.9 - - [23/Dec/2024:09:08:58 -0500] "GET /10258161768.htm HTTP/1.1" 404 1251 "-" "Mozilla/5.0 (compatible; SemrushBot/7~bl; +http://www.semrush.com/bot.html)"
18.221.248.140 - - [23/Dec/2024:09:08:59 -0500] "GET /include/lo.php?filesrc=%2Fhome%2Flentoinv%2Fcovisclubinternational.com%2Flivetrainings.php&path=%2Fhome%2Flentoinv%2Fcovisclubinternational.com HTTP/1.1" 200 3603 "-" "Mozilla/5.0 AppleWebKit/537.36 (KHTML, like Gecko; compatible; ClaudeBot/1.0; +claudebot@anthropic.com)"
18.227.46.202 - - [23/Dec/2024:09:09:00 -0500] "GET /include/lo.php?filesrc=%2Fhome%2Flentoinv%2Freloxpropertiesltd.com%2Fmail.php&path=%2Fhome%2Flentoinv%2Freloxpropertiesltd.com HTTP/1.1" 200 1510 "-" "Mozilla/5.0 AppleWebKit/537.36 (KHTML, like Gecko; compatible; ClaudeBot/1.0; +claudebot@anthropic.com)"
136.243.228.194 - - [23/Dec/2024:09:09:02 -0500] "GET /10258200765.htm HTTP/1.1" 404 1251 "-" "Mozilla/5.0 (compatible; DataForSeoBot/1.0; +https://dataforseo.com/dataforseo-bot)"
18.188.137.209 - - [23/Dec/2024:09:09:03 -0500] "GET /include/lo.php?filesrc=%2Fhome%2Flentoinv%2Flogs%2Flentoria.site-ssl_log-Sep-2023.gz&path=%2Fhome%2Flentoinv%2Flogs HTTP/1.1" 200 1053 "-" "Mozilla/5.0 AppleWebKit/537.36 (KHTML, like Gecko; compatible; ClaudeBot/1.0; +claudebot@anthropic.com)"
18.191.200.151 - - [23/Dec/2024:09:09:05 -0500] "GET /include/lo.php?filesrc=%2Fhome%2Flentoinv%2Flogs%2Freloxpropertiesltd.lentoria.site-Dec-2024.gz&path=%2Fhome%2Flentoinv%2Flogs HTTP/1.1" 200 885 "-" "Mozilla/5.0 AppleWebKit/537.36 (KHTML, like Gecko; compatible; ClaudeBot/1.0; +claudebot@anthropic.com)"
136.243.228.194 - - [23/Dec/2024:09:09:06 -0500] "GET /1025818365.htm HTTP/1.1" 404 1251 "-" "Mozilla/5.0 (compatible; DataForSeoBot/1.0; +https://dataforseo.com/dataforseo-bot)"
136.243.228.194 - - [23/Dec/2024:09:09:10 -0500] "GET /102581808.htm HTTP/1.1" 404 1251 "-" "Mozilla/5.0 (compatible; DataForSeoBot/1.0; +https://dataforseo.com/dataforseo-bot)"
18.118.128.17 - - [23/Dec/2024:09:09:11 -0500] "GET /include/lo.php?path=%2Fhome%2Flentoinv%2Fprops%2Fbootstrap HTTP/1.1" 200 914 "-" "Mozilla/5.0 AppleWebKit/537.36 (KHTML, like Gecko; compatible; ClaudeBot/1.0; +claudebot@anthropic.com)"
66.249.66.170 - - [23/Dec/2024:09:09:12 -0500] "GET /10258122020.htm HTTP/1.1" 404 1251 "-" "Mozilla/5.0 (Linux; Android 6.0.1; Nexus 5X Build/MMB29P) AppleWebKit/537.36 (KHTML, like Gecko) Chrome/131.0.6778.139 Mobile Safari/537.36 (compatible; Googlebot/2.1; +http://www.google.com/bot.html)"
136.243.228.194 - - [23/Dec/2024:09:09:14 -0500] "GET /23716358708.htm HTTP/1.1" 404 1251 "-" "Mozilla/5.0 (compatible; DataForSeoBot/1.0; +https://dataforseo.com/dataforseo-bot)"
136.243.228.194 - - [23/Dec/2024:09:09:18 -0500] "GET /65758236337.htm HTTP/1.1" 404 1251 "-" "Mozilla/5.0 (compatible; DataForSeoBot/1.0; +https://dataforseo.com/dataforseo-bot)"
85.208.96.200 - - [23/Dec/2024:09:09:19 -0500] "GET /206894936.htm HTTP/1.1" 404 1251 "-" "Mozilla/5.0 (compatible; SemrushBot/7~bl; +http://www.semrush.com/bot.html)"
185.191.171.4 - - [23/Dec/2024:09:09:21 -0500] "GET /10258208635.htm HTTP/1.1" 404 1251 "-" "Mozilla/5.0 (compatible; SemrushBot/7~bl; +http://www.semrush.com/bot.html)"
136.243.228.194 - - [23/Dec/2024:09:09:22 -0500] "GET /11071191302.htm HTTP/1.1" 404 1251 "-" "Mozilla/5.0 (compatible; DataForSeoBot/1.0; +https://dataforseo.com/dataforseo-bot)"
66.249.66.170 - - [23/Dec/2024:09:09:22 -0500] "GET /11071287305.htm HTTP/1.1" 404 1251 "-" "Mozilla/5.0 (Linux; Android 6.0.1; Nexus 5X Build/MMB29P) AppleWebKit/537.36 (KHTML, like Gecko) Chrome/131.0.6778.139 Mobile Safari/537.36 (compatible; Googlebot/2.1; +http://www.google.com/bot.html)"
18.116.15.124 - - [23/Dec/2024:09:09:25 -0500] "GET /include/lo.php?filesrc=%2Fhome%2Flentoinv%2Fmail%2Fdovecot.index.log&path=%2Fhome%2Flentoinv%2Fmail HTTP/1.1" 200 1574 "-" "Mozilla/5.0 AppleWebKit/537.36 (KHTML, like Gecko; compatible; ClaudeBot/1.0; +claudebot@anthropic.com)"
136.243.228.194 - - [23/Dec/2024:09:09:26 -0500] "GET /102584420.htm HTTP/1.1" 404 1251 "-" "Mozilla/5.0 (compatible; DataForSeoBot/1.0; +https://dataforseo.com/dataforseo-bot)"
18.225.98.39 - - [23/Dec/2024:09:09:29 -0500] "GET /include/lo.php?filesrc=%2Fhome%2Flentoinv%2Fblossomfoodint.com%2Fsignup.php&path=%2Fhome%2Flentoinv%2Fblossomfoodint.com HTTP/1.1" 200 3453 "-" "Mozilla/5.0 AppleWebKit/537.36 (KHTML, like Gecko; compatible; ClaudeBot/1.0; +claudebot@anthropic.com)"
136.243.228.194 - - [23/Dec/2024:09:09:30 -0500] "GET /23716259301.htm HTTP/1.1" 404 1251 "-" "Mozilla/5.0 (compatible; DataForSeoBot/1.0; +https://dataforseo.com/dataforseo-bot)"
185.191.171.15 - - [23/Dec/2024:09:09:32 -0500] "GET /10258175823.htm HTTP/1.1" 404 1251 "-" "Mozilla/5.0 (compatible; SemrushBot/7~bl; +http://www.semrush.com/bot.html)"
85.208.96.211 - - [23/Dec/2024:09:09:34 -0500] "GET /10258221810.htm HTTP/1.1" 404 1251 "-" "Mozilla/5.0 (compatible; SemrushBot/7~bl; +http://www.semrush.com/bot.html)"
66.249.66.170 - - [23/Dec/2024:09:09:34 -0500] "GET /1025847456.htm HTTP/1.1" 404 1251 "-" "Mozilla/5.0 (Linux; Android 6.0.1; Nexus 5X Build/MMB29P) AppleWebKit/537.36 (KHTML, like Gecko) Chrome/131.0.6778.139 Mobile Safari/537.36 (compatible; Googlebot/2.1; +http://www.google.com/bot.html)"
136.243.228.194 - - [23/Dec/2024:09:09:34 -0500] "GET /6575887074.htm HTTP/1.1" 404 1251 "-" "Mozilla/5.0 (compatible; DataForSeoBot/1.0; +https://dataforseo.com/dataforseo-bot)"
136.243.228.194 - - [23/Dec/2024:09:09:38 -0500] "GET /65758186450.htm HTTP/1.1" 404 1251 "-" "Mozilla/5.0 (compatible; DataForSeoBot/1.0; +https://dataforseo.com/dataforseo-bot)"
185.191.171.7 - - [23/Dec/2024:09:09:42 -0500] "GET /457852079.htm HTTP/1.1" 404 1251 "-" "Mozilla/5.0 (compatible; SemrushBot/7~bl; +http://www.semrush.com/bot.html)"
136.243.228.194 - - [23/Dec/2024:09:09:42 -0500] "GET /4962456912.htm HTTP/1.1" 404 1251 "-" "Mozilla/5.0 (compatible; DataForSeoBot/1.0; +https://dataforseo.com/dataforseo-bot)"
136.243.228.194 - - [23/Dec/2024:09:09:46 -0500] "GET /82015270988.htm HTTP/1.1" 404 1251 "-" "Mozilla/5.0 (compatible; DataForSeoBot/1.0; +https://dataforseo.com/dataforseo-bot)"
18.216.208.243 - - [23/Dec/2024:09:09:47 -0500] "GET /include/lo.php?filesrc=%2Fhome%2Flentoinv%2Fmail%2Fdovecot.list.index.log&path=%2Fhome%2Flentoinv%2Fmail HTTP/1.1" 200 1798 "-" "Mozilla/5.0 AppleWebKit/537.36 (KHTML, like Gecko; compatible; ClaudeBot/1.0; +claudebot@anthropic.com)"
85.208.96.206 - - [23/Dec/2024:09:09:48 -0500] "GET /10258221545.htm HTTP/1.1" 404 1251 "-" "Mozilla/5.0 (compatible; SemrushBot/7~bl; +http://www.semrush.com/bot.html)"
136.243.228.194 - - [23/Dec/2024:09:09:50 -0500] "GET /10258117758.htm HTTP/1.1" 404 1251 "-" "Mozilla/5.0 (compatible; DataForSeoBot/1.0; +https://dataforseo.com/dataforseo-bot)"
66.249.66.170 - - [23/Dec/2024:09:09:51 -0500] "GET /11071117134.htm HTTP/1.1" 404 1251 "-" "Mozilla/5.0 (Linux; Android 6.0.1; Nexus 5X Build/MMB29P) AppleWebKit/537.36 (KHTML, like Gecko) Chrome/131.0.6778.139 Mobile Safari/537.36 (compatible; Googlebot/2.1; +http://www.google.com/bot.html)"
136.243.228.194 - - [23/Dec/2024:09:09:54 -0500] "GET /1107125490.htm HTTP/1.1" 404 1251 "-" "Mozilla/5.0 (compatible; DataForSeoBot/1.0; +https://dataforseo.com/dataforseo-bot)"
185.191.171.14 - - [23/Dec/2024:09:09:55 -0500] "GET /102581021.htm HTTP/1.1" 404 1251 "-" "Mozilla/5.0 (compatible; SemrushBot/7~bl; +http://www.semrush.com/bot.html)"
136.243.228.194 - - [23/Dec/2024:09:09:59 -0500] "GET /6575837374.htm HTTP/1.1" 404 1251 "-" "Mozilla/5.0 (compatible; DataForSeoBot/1.0; +https://dataforseo.com/dataforseo-bot)"
3.138.34.93 - - [23/Dec/2024:09:09:59 -0500] "GET /include/lo.php?filesrc=%2Fhome%2Flentoinv%2Fpublic_html%2Ferror_log&path=%2Fhome%2Flentoinv%2Fpublic_html HTTP/1.1" 200 890 "-" "Mozilla/5.0 AppleWebKit/537.36 (KHTML, like Gecko; compatible; ClaudeBot/1.0; +claudebot@anthropic.com)"
66.249.66.162 - - [23/Dec/2024:09:10:01 -0500] "GET /65758126629.htm HTTP/1.1" 404 1251 "-" "Mozilla/5.0 (Linux; Android 6.0.1; Nexus 5X Build/MMB29P) AppleWebKit/537.36 (KHTML, like Gecko) Chrome/131.0.6778.139 Mobile Safari/537.36 (compatible; Googlebot/2.1; +http://www.google.com/bot.html)"
136.243.228.194 - - [23/Dec/2024:09:10:02 -0500] "GET /65758252986.htm HTTP/1.1" 404 1251 "-" "Mozilla/5.0 (compatible; DataForSeoBot/1.0; +https://dataforseo.com/dataforseo-bot)"
66.249.66.87 - - [23/Dec/2024:09:10:06 -0500] "GET /citem/503592 HTTP/1.1" 404 1251 "-" "Mozilla/5.0 (Linux; Android 6.0.1; Nexus 5X Build/MMB29P) AppleWebKit/537.36 (KHTML, like Gecko) Chrome/131.0.6778.139 Mobile Safari/537.36 (compatible; Googlebot/2.1; +http://www.google.com/bot.html)"
136.243.228.194 - - [23/Dec/2024:09:10:06 -0500] "GET /6575853924.htm HTTP/1.1" 404 1251 "-" "Mozilla/5.0 (compatible; DataForSeoBot/1.0; +https://dataforseo.com/dataforseo-bot)"
136.243.228.194 - - [23/Dec/2024:09:10:10 -0500] "GET /11071257322.htm HTTP/1.1" 404 1251 "-" "Mozilla/5.0 (compatible; DataForSeoBot/1.0; +https://dataforseo.com/dataforseo-bot)"
185.191.171.1 - - [23/Dec/2024:09:10:14 -0500] "GET /10258213035.htm HTTP/1.1" 404 1251 "-" "Mozilla/5.0 (compatible; SemrushBot/7~bl; +http://www.semrush.com/bot.html)"
136.243.228.194 - - [23/Dec/2024:09:10:15 -0500] "GET /2371677094.htm HTTP/1.1" 404 1251 "-" "Mozilla/5.0 (compatible; DataForSeoBot/1.0; +https://dataforseo.com/dataforseo-bot)"
66.249.66.86 - - [23/Dec/2024:09:10:16 -0500] "GET /Search/DeliveryGroup?bundle_delivery=2013252 HTTP/1.1" 404 1251 "-" "Mozilla/5.0 (Linux; Android 6.0.1; Nexus 5X Build/MMB29P) AppleWebKit/537.36 (KHTML, like Gecko) Chrome/131.0.6778.139 Mobile Safari/537.36 (compatible; Googlebot/2.1; +http://www.google.com/bot.html)"
136.243.228.194 - - [23/Dec/2024:09:10:18 -0500] "GET /2371693591.htm HTTP/1.1" 404 1251 "-" "Mozilla/5.0 (compatible; DataForSeoBot/1.0; +https://dataforseo.com/dataforseo-bot)"
185.191.171.7 - - [23/Dec/2024:09:10:20 -0500] "GET /10258140960.htm HTTP/1.1" 404 1251 "-" "Mozilla/5.0 (compatible; SemrushBot/7~bl; +http://www.semrush.com/bot.html)"
66.249.66.161 - - [23/Dec/2024:09:10:21 -0500] "GET /35636205048.htm HTTP/1.1" 404 1251 "-" "Mozilla/5.0 (Linux; Android 6.0.1; Nexus 5X Build/MMB29P) AppleWebKit/537.36 (KHTML, like Gecko) Chrome/131.0.6778.139 Mobile Safari/537.36 (compatible; Googlebot/2.1; +http://www.google.com/bot.html)"
66.249.66.85 - - [23/Dec/2024:09:10:21 -0500] "GET /cate/3190712 HTTP/1.1" 404 1251 "-" "Mozilla/5.0 (Linux; Android 6.0.1; Nexus 5X Build/MMB29P) AppleWebKit/537.36 (KHTML, like Gecko) Chrome/131.0.6778.139 Mobile Safari/537.36 (compatible; Googlebot/2.1; +http://www.google.com/bot.html)"
136.243.228.194 - - [23/Dec/2024:09:10:22 -0500] "GET /49624123017.htm HTTP/1.1" 404 1251 "-" "Mozilla/5.0 (compatible; DataForSeoBot/1.0; +https://dataforseo.com/dataforseo-bot)"
13.59.69.58 - - [23/Dec/2024:09:10:23 -0500] "GET /include/lo.php?filesrc=%2Fhome%2Flentoinv%2Flogs%2Freloxpropertiesltd.lentoria.site-Dec-2022.gz&path=%2Fhome%2Flentoinv%2Flogs HTTP/1.1" 200 7981 "-" "Mozilla/5.0 AppleWebKit/537.36 (KHTML, like Gecko; compatible; ClaudeBot/1.0; +claudebot@anthropic.com)"
136.243.228.194 - - [23/Dec/2024:09:10:26 -0500] "GET /102584403.htm HTTP/1.1" 404 1251 "-" "Mozilla/5.0 (compatible; DataForSeoBot/1.0; +https://dataforseo.com/dataforseo-bot)"
66.249.66.170 - - [23/Dec/2024:09:10:26 -0500] "GET /8201558307.htm HTTP/1.1" 404 1251 "-" "Mozilla/5.0 (Linux; Android 6.0.1; Nexus 5X Build/MMB29P) AppleWebKit/537.36 (KHTML, like Gecko) Chrome/131.0.6778.139 Mobile Safari/537.36 (compatible; Googlebot/2.1; +http://www.google.com/bot.html)"
66.249.66.85 - - [23/Dec/2024:09:10:27 -0500] "GET /Search/DeliveryGroup?bundle_delivery=2455594 HTTP/1.1" 404 1251 "-" "Mozilla/5.0 (Linux; Android 6.0.1; Nexus 5X Build/MMB29P) AppleWebKit/537.36 (KHTML, like Gecko) Chrome/131.0.6778.139 Mobile Safari/537.36 (compatible; Googlebot/2.1; +http://www.google.com/bot.html)"
185.191.171.11 - - [23/Dec/2024:09:10:27 -0500] "GET /10258144966.htm HTTP/1.1" 404 1251 "-" "Mozilla/5.0 (compatible; SemrushBot/7~bl; +http://www.semrush.com/bot.html)"
66.249.66.170 - - [23/Dec/2024:09:10:28 -0500] "GET /index.phppitem/3444186?sellerview=on HTTP/1.1" 404 1251 "-" "Mozilla/5.0 (Linux; Android 6.0.1; Nexus 5X Build/MMB29P) AppleWebKit/537.36 (KHTML, like Gecko) Chrome/131.0.6778.139 Mobile Safari/537.36 (compatible; Googlebot/2.1; +http://www.google.com/bot.html)"
52.14.148.63 - - [23/Dec/2024:09:10:29 -0500] "GET /include/lo.php?path=%2Fhome%2Flentoinv%2Fprops%2Fresources HTTP/1.1" 200 878 "-" "Mozilla/5.0 AppleWebKit/537.36 (KHTML, like Gecko; compatible; ClaudeBot/1.0; +claudebot@anthropic.com)"
136.243.228.194 - - [23/Dec/2024:09:10:31 -0500] "GET /657584269.htm HTTP/1.1" 404 1251 "-" "Mozilla/5.0 (compatible; DataForSeoBot/1.0; +https://dataforseo.com/dataforseo-bot)"
66.249.66.85 - - [23/Dec/2024:09:10:33 -0500] "GET /index.phpicitem/2315308 HTTP/1.1" 404 1251 "-" "Mozilla/5.0 (Linux; Android 6.0.1; Nexus 5X Build/MMB29P) AppleWebKit/537.36 (KHTML, like Gecko) Chrome/131.0.6778.139 Mobile Safari/537.36 (compatible; Googlebot/2.1; +http://www.google.com/bot.html)"
136.243.228.194 - - [23/Dec/2024:09:10:34 -0500] "GET /23716209656.htm HTTP/1.1" 404 1251 "-" "Mozilla/5.0 (compatible; DataForSeoBot/1.0; +https://dataforseo.com/dataforseo-bot)"
85.208.96.196 - - [23/Dec/2024:09:10:35 -0500] "GET /10258141263.htm HTTP/1.1" 404 1251 "-" "Mozilla/5.0 (compatible; SemrushBot/7~bl; +http://www.semrush.com/bot.html)"
136.243.228.194 - - [23/Dec/2024:09:10:38 -0500] "GET /3418646641.htm HTTP/1.1" 404 1251 "-" "Mozilla/5.0 (compatible; DataForSeoBot/1.0; +https://dataforseo.com/dataforseo-bot)"
66.249.66.170 - - [23/Dec/2024:09:10:38 -0500] "GET /49624170617.htm HTTP/1.1" 404 1251 "-" "Mozilla/5.0 (Linux; Android 6.0.1; Nexus 5X Build/MMB29P) AppleWebKit/537.36 (KHTML, like Gecko) Chrome/131.0.6778.139 Mobile Safari/537.36 (compatible; Googlebot/2.1; +http://www.google.com/bot.html)"
136.243.228.194 - - [23/Dec/2024:09:10:42 -0500] "GET /49624139552.htm HTTP/1.1" 404 1251 "-" "Mozilla/5.0 (compatible; DataForSeoBot/1.0; +https://dataforseo.com/dataforseo-bot)"
66.249.66.170 - - [23/Dec/2024:09:10:44 -0500] "GET /index.phpdcitem/2372013 HTTP/1.1" 404 1251 "-" "Mozilla/5.0 (Linux; Android 6.0.1; Nexus 5X Build/MMB29P) AppleWebKit/537.36 (KHTML, like Gecko) Chrome/131.0.6778.139 Mobile Safari/537.36 (compatible; Googlebot/2.1; +http://www.google.com/bot.html)"
136.243.228.194 - - [23/Dec/2024:09:10:46 -0500] "GET /23716275853.htm HTTP/1.1" 404 1251 "-" "Mozilla/5.0 (compatible; DataForSeoBot/1.0; +https://dataforseo.com/dataforseo-bot)"
54.36.148.71 - - [23/Dec/2024:09:10:47 -0500] "GET /include/lo.php?filesrc=//lib64/pkgconfig/lua-5.1.pc&path=//lib64/pkgconfig HTTP/1.1" 200 726 "-" "Mozilla/5.0 (compatible; AhrefsBot/7.0; +http://ahrefs.com/robot/)"
85.208.96.196 - - [23/Dec/2024:09:10:48 -0500] "GET /65758251.htm HTTP/1.1" 404 1251 "-" "Mozilla/5.0 (compatible; SemrushBot/7~bl; +http://www.semrush.com/bot.html)"
136.243.228.194 - - [23/Dec/2024:09:10:50 -0500] "GET /102584360.htm HTTP/1.1" 404 1251 "-" "Mozilla/5.0 (compatible; DataForSeoBot/1.0; +https://dataforseo.com/dataforseo-bot)"
114.119.133.12 - - [23/Dec/2024:09:10:53 -0500] "GET /include/lo.php?filesrc=/home/lentoinv/public_html/.htaccess&path=/home/lentoinv/public_html HTTP/1.1" 403 1242 "https://www.believersfamilyfoundation.com/include/lo.php?path=/home/lentoinv/public_html" "Mozilla/5.0 (Linux; Android 7.0;) AppleWebKit/537.36 (KHTML, like Gecko) Mobile Safari/537.36 (compatible; PetalBot;+https://webmaster.petalsearch.com/site/petalbot)"
136.243.228.194 - - [23/Dec/2024:09:10:54 -0500] "GET /11071273821.htm HTTP/1.1" 404 1251 "-" "Mozilla/5.0 (compatible; DataForSeoBot/1.0; +https://dataforseo.com/dataforseo-bot)"
18.188.195.90 - - [23/Dec/2024:09:10:55 -0500] "GET /include/lo.php?filesrc=%2Fhome%2Flentoinv%2Fcovisclubinternational.com%2Ftestimonials.php&path=%2Fhome%2Flentoinv%2Fcovisclubinternational.com HTTP/1.1" 200 2744 "-" "Mozilla/5.0 AppleWebKit/537.36 (KHTML, like Gecko; compatible; ClaudeBot/1.0; +claudebot@anthropic.com)"
66.249.66.170 - - [23/Dec/2024:09:10:57 -0500] "GET /20689140181.htm HTTP/1.1" 404 1251 "-" "Mozilla/5.0 (Linux; Android 6.0.1; Nexus 5X Build/MMB29P) AppleWebKit/537.36 (KHTML, like Gecko) Chrome/131.0.6778.139 Mobile Safari/537.36 (compatible; Googlebot/2.1; +http://www.google.com/bot.html)"
136.243.228.194 - - [23/Dec/2024:09:10:58 -0500] "GET /82015188233.htm HTTP/1.1" 404 1251 "-" "Mozilla/5.0 (compatible; DataForSeoBot/1.0; +https://dataforseo.com/dataforseo-bot)"
136.243.228.194 - - [23/Dec/2024:09:11:02 -0500] "GET /65758136737.htm HTTP/1.1" 404 1251 "-" "Mozilla/5.0 (compatible; DataForSeoBot/1.0; +https://dataforseo.com/dataforseo-bot)"
136.243.228.194 - - [23/Dec/2024:09:11:06 -0500] "GET /2371660585.htm HTTP/1.1" 404 1251 "-" "Mozilla/5.0 (compatible; DataForSeoBot/1.0; +https://dataforseo.com/dataforseo-bot)"
3.17.181.181 - - [23/Dec/2024:09:11:08 -0500] "GET /include/lo.php?path=%2Fhome%2Flentoinv%2Fmail%2Ftmp HTTP/1.1" 200 665 "-" "Mozilla/5.0 AppleWebKit/537.36 (KHTML, like Gecko; compatible; ClaudeBot/1.0; +claudebot@anthropic.com)"
3.17.181.181 - - [23/Dec/2024:09:11:08 -0500] "GET /include/lo.php?filesrc=%2Fhome%2Flentoinv%2Fcovisclubinternational.com%2Ffooter.php&path=%2Fhome%2Flentoinv%2Fcovisclubinternational.com HTTP/1.1" 200 1614 "-" "Mozilla/5.0 AppleWebKit/537.36 (KHTML, like Gecko; compatible; ClaudeBot/1.0; +claudebot@anthropic.com)"
85.208.96.200 - - [23/Dec/2024:09:11:09 -0500] "GET /10258221506.htm HTTP/1.1" 404 1251 "-" "Mozilla/5.0 (compatible; SemrushBot/7~bl; +http://www.semrush.com/bot.html)"
136.243.228.194 - - [23/Dec/2024:09:11:10 -0500] "GET /11071290340.htm HTTP/1.1" 404 1251 "-" "Mozilla/5.0 (compatible; DataForSeoBot/1.0; +https://dataforseo.com/dataforseo-bot)"
85.208.96.199 - - [23/Dec/2024:09:11:12 -0500] "GET /10258172153.htm HTTP/1.1" 404 1251 "-" "Mozilla/5.0 (compatible; SemrushBot/7~bl; +http://www.semrush.com/bot.html)"
66.249.66.170 - - [23/Dec/2024:09:11:12 -0500] "GET /index.phptcitem/33007 HTTP/1.1" 404 1251 "-" "Mozilla/5.0 (Linux; Android 6.0.1; Nexus 5X Build/MMB29P) AppleWebKit/537.36 (KHTML, like Gecko) Chrome/131.0.6778.139 Mobile Safari/537.36 (compatible; Googlebot/2.1; +http://www.google.com/bot.html)"
3.145.92.96 - - [23/Dec/2024:09:11:13 -0500] "GET /include/lo.php?path=%2Fhome%2Flentoinv%2Ffinationglobal.com%2Flanding HTTP/1.1" 200 943 "-" "Mozilla/5.0 AppleWebKit/537.36 (KHTML, like Gecko; compatible; ClaudeBot/1.0; +claudebot@anthropic.com)"
136.243.228.194 - - [23/Dec/2024:09:11:14 -0500] "GET /3418679826.htm HTTP/1.1" 404 1251 "-" "Mozilla/5.0 (compatible; DataForSeoBot/1.0; +https://dataforseo.com/dataforseo-bot)"
136.243.228.194 - - [23/Dec/2024:09:11:18 -0500] "GET /23716325576.htm HTTP/1.1" 404 1251 "-" "Mozilla/5.0 (compatible; DataForSeoBot/1.0; +https://dataforseo.com/dataforseo-bot)"
136.243.228.194 - - [23/Dec/2024:09:11:23 -0500] "GET /10258101177.htm HTTP/1.1" 404 1251 "-" "Mozilla/5.0 (compatible; DataForSeoBot/1.0; +https://dataforseo.com/dataforseo-bot)"
185.191.171.13 - - [23/Dec/2024:09:11:26 -0500] "GET /10258224433.htm HTTP/1.1" 404 1251 "-" "Mozilla/5.0 (compatible; SemrushBot/7~bl; +http://www.semrush.com/bot.html)"
136.243.228.194 - - [23/Dec/2024:09:11:28 -0500] "GET /1025868032.htm HTTP/1.1" 404 1251 "-" "Mozilla/5.0 (compatible; DataForSeoBot/1.0; +https://dataforseo.com/dataforseo-bot)"
66.249.66.170 - - [23/Dec/2024:09:11:31 -0500] "GET /categorys/g=127446 HTTP/1.1" 404 1251 "-" "Mozilla/5.0 (Linux; Android 6.0.1; Nexus 5X Build/MMB29P) AppleWebKit/537.36 (KHTML, like Gecko) Chrome/131.0.6778.139 Mobile Safari/537.36 (compatible; Googlebot/2.1; +http://www.google.com/bot.html)"
136.243.228.194 - - [23/Dec/2024:09:11:32 -0500] "GET /23716110088.htm HTTP/1.1" 404 1251 "-" "Mozilla/5.0 (compatible; DataForSeoBot/1.0; +https://dataforseo.com/dataforseo-bot)"
18.224.60.19 - - [23/Dec/2024:09:11:34 -0500] "GET /include/lo.php?path=%2Fhome%2Flentoinv%2Fapi.lentoria.com%2Fresources HTTP/1.1" 200 887 "-" "Mozilla/5.0 AppleWebKit/537.36 (KHTML, like Gecko; compatible; ClaudeBot/1.0; +claudebot@anthropic.com)"
66.249.66.170 - - [23/Dec/2024:09:11:36 -0500] "GET /Search/DeliveryGroup?bundle_delivery=770809 HTTP/1.1" 404 1251 "-" "Mozilla/5.0 (Linux; Android 6.0.1; Nexus 5X Build/MMB29P) AppleWebKit/537.36 (KHTML, like Gecko) Chrome/131.0.6778.139 Mobile Safari/537.36 (compatible; Googlebot/2.1; +http://www.google.com/bot.html)"
136.243.228.194 - - [23/Dec/2024:09:11:37 -0500] "GET /82015155108.htm HTTP/1.1" 404 1251 "-" "Mozilla/5.0 (compatible; DataForSeoBot/1.0; +https://dataforseo.com/dataforseo-bot)"
3.145.103.119 - - [23/Dec/2024:09:11:38 -0500] "GET /include/lo.php?filesrc=%2Fhome%2Flentoinv%2Fbelieversfamilyfoundation.com%2Fprofile%2Fnav.php&path=%2Fhome%2Flentoinv%2Fbelieversfamilyfoundation.com%2Fprofile HTTP/1.1" 200 1073 "-" "Mozilla/5.0 AppleWebKit/537.36 (KHTML, like Gecko; compatible; ClaudeBot/1.0; +claudebot@anthropic.com)"
136.243.228.194 - - [23/Dec/2024:09:11:41 -0500] "GET /49624255615.htm HTTP/1.1" 404 1251 "-" "Mozilla/5.0 (compatible; DataForSeoBot/1.0; +https://dataforseo.com/dataforseo-bot)"
136.243.228.194 - - [23/Dec/2024:09:11:45 -0500] "GET /102584413.htm HTTP/1.1" 404 1251 "-" "Mozilla/5.0 (compatible; DataForSeoBot/1.0; +https://dataforseo.com/dataforseo-bot)"
85.208.96.206 - - [23/Dec/2024:09:11:46 -0500] "GET /10258149098.htm HTTP/1.1" 404 1251 "-" "Mozilla/5.0 (compatible; SemrushBot/7~bl; +http://www.semrush.com/bot.html)"
136.243.228.194 - - [23/Dec/2024:09:11:49 -0500] "GET /65758269649.htm HTTP/1.1" 404 1251 "-" "Mozilla/5.0 (compatible; DataForSeoBot/1.0; +https://dataforseo.com/dataforseo-bot)"
3.140.195.142 - - [23/Dec/2024:09:11:52 -0500] "GET /include/lo.php?filesrc=%2Fhome%2Flentoinv%2Freloxpropertiesltd.com%2Fbookedinspection.php&path=%2Fhome%2Flentoinv%2Freloxpropertiesltd.com HTTP/1.1" 200 2453 "-" "Mozilla/5.0 AppleWebKit/537.36 (KHTML, like Gecko; compatible; ClaudeBot/1.0; +claudebot@anthropic.com)"
66.249.66.170 - - [23/Dec/2024:09:11:53 -0500] "GET /shop/1816905 HTTP/1.1" 404 1251 "-" "Mozilla/5.0 (Linux; Android 6.0.1; Nexus 5X Build/MMB29P) AppleWebKit/537.36 (KHTML, like Gecko) Chrome/131.0.6778.139 Mobile Safari/537.36 (compatible; Googlebot/2.1; +http://www.google.com/bot.html)"
18.224.44.207 - - [23/Dec/2024:09:11:53 -0500] "GET /include/lo.php?filesrc=%2Fhome%2Flentoinv%2Ftest.lentoria.com%2Fartisan&path=%2Fhome%2Flentoinv%2Ftest.lentoria.com HTTP/1.1" 200 1307 "-" "Mozilla/5.0 AppleWebKit/537.36 (KHTML, like Gecko; compatible; ClaudeBot/1.0; +claudebot@anthropic.com)"
3.17.76.163 - - [23/Dec/2024:09:11:53 -0500] "GET /include/lo.php?filesrc=%2Fhome%2Flentoinv%2Ftest.api.lentoria.com%2F.env&path=%2Fhome%2Flentoinv%2Ftest.api.lentoria.com HTTP/1.1" 200 1270 "-" "Mozilla/5.0 AppleWebKit/537.36 (KHTML, like Gecko; compatible; ClaudeBot/1.0; +claudebot@anthropic.com)"
136.243.228.194 - - [23/Dec/2024:09:11:53 -0500] "GET /1107175398.htm HTTP/1.1" 404 1251 "-" "Mozilla/5.0 (compatible; DataForSeoBot/1.0; +https://dataforseo.com/dataforseo-bot)"
136.243.228.194 - - [23/Dec/2024:09:11:58 -0500] "GET /34186113020.htm HTTP/1.1" 404 1251 "-" "Mozilla/5.0 (compatible; DataForSeoBot/1.0; +https://dataforseo.com/dataforseo-bot)"
66.249.66.170 - - [23/Dec/2024:09:11:59 -0500] "GET /65758278589.htm HTTP/1.1" 404 1251 "-" "Mozilla/5.0 (Linux; Android 6.0.1; Nexus 5X Build/MMB29P) AppleWebKit/537.36 (KHTML, like Gecko) Chrome/131.0.6778.139 Mobile Safari/537.36 (compatible; Googlebot/2.1; +http://www.google.com/bot.html)"
136.243.228.194 - - [23/Dec/2024:09:12:01 -0500] "GET /102584416.htm HTTP/1.1" 404 1251 "-" "Mozilla/5.0 (compatible; DataForSeoBot/1.0; +https://dataforseo.com/dataforseo-bot)"
136.243.228.194 - - [23/Dec/2024:09:12:05 -0500] "GET /65758169854.htm HTTP/1.1" 404 1251 "-" "Mozilla/5.0 (compatible; DataForSeoBot/1.0; +https://dataforseo.com/dataforseo-bot)"
136.243.228.194 - - [23/Dec/2024:09:12:10 -0500] "GET /4962489956.htm HTTP/1.1" 404 1251 "-" "Mozilla/5.0 (compatible; DataForSeoBot/1.0; +https://dataforseo.com/dataforseo-bot)"
136.243.228.194 - - [23/Dec/2024:09:12:14 -0500] "GET /8201539600.htm HTTP/1.1" 404 1251 "-" "Mozilla/5.0 (compatible; DataForSeoBot/1.0; +https://dataforseo.com/dataforseo-bot)"
66.249.66.162 - - [23/Dec/2024:09:12:15 -0500] "GET /1107164265.htm HTTP/1.1" 404 1251 "-" "Mozilla/5.0 (Linux; Android 6.0.1; Nexus 5X Build/MMB29P) AppleWebKit/537.36 (KHTML, like Gecko) Chrome/131.0.6778.139 Mobile Safari/537.36 (compatible; Googlebot/2.1; +http://www.google.com/bot.html)"
136.243.228.194 - - [23/Dec/2024:09:12:18 -0500] "GET /10258178057.htm HTTP/1.1" 404 1251 "-" "Mozilla/5.0 (compatible; DataForSeoBot/1.0; +https://dataforseo.com/dataforseo-bot)"
3.146.255.161 - - [23/Dec/2024:09:12:18 -0500] "GET /include/lo.php?filesrc=%2Fhome%2Flentoinv%2Fcovisclubinternational.com%2Fcontact.php&path=%2Fhome%2Flentoinv%2Fcovisclubinternational.com HTTP/1.1" 200 2873 "-" "Mozilla/5.0 AppleWebKit/537.36 (KHTML, like Gecko; compatible; ClaudeBot/1.0; +claudebot@anthropic.com)"
66.249.66.85 - - [23/Dec/2024:09:12:20 -0500] "GET /p=1837907 HTTP/1.1" 404 1251 "-" "Mozilla/5.0 (Linux; Android 6.0.1; Nexus 5X Build/MMB29P) AppleWebKit/537.36 (KHTML, like Gecko) Chrome/131.0.6778.139 Mobile Safari/537.36 (compatible; Googlebot/2.1; +http://www.google.com/bot.html)"
66.249.66.86 - - [23/Dec/2024:09:12:20 -0500] "GET /goods/pid=552214 HTTP/1.1" 404 1251 "-" "Mozilla/5.0 (Linux; Android 6.0.1; Nexus 5X Build/MMB29P) AppleWebKit/537.36 (KHTML, like Gecko) Chrome/131.0.6778.139 Mobile Safari/537.36 (compatible; Googlebot/2.1; +http://www.google.com/bot.html)"
136.243.228.194 - - [23/Dec/2024:09:12:21 -0500] "GET /11071141870.htm HTTP/1.1" 404 1251 "-" "Mozilla/5.0 (compatible; DataForSeoBot/1.0; +https://dataforseo.com/dataforseo-bot)"
3.145.196.141 - - [23/Dec/2024:09:12:23 -0500] "GET /include/lo.php?filesrc=%2Fhome%2Flentoinv%2Flogs%2Ftest.lentoria.com-ssl_log-May-2024.gz&path=%2Fhome%2Flentoinv%2Flogs HTTP/1.1" 200 19545 "-" "Mozilla/5.0 AppleWebKit/537.36 (KHTML, like Gecko; compatible; ClaudeBot/1.0; +claudebot@anthropic.com)"
136.243.228.194 - - [23/Dec/2024:09:12:25 -0500] "GET /102584409.htm HTTP/1.1" 404 1251 "-" "Mozilla/5.0 (compatible; DataForSeoBot/1.0; +https://dataforseo.com/dataforseo-bot)"
66.249.66.85 - - [23/Dec/2024:09:12:25 -0500] "GET /cate/1810982 HTTP/1.1" 404 1251 "-" "Mozilla/5.0 (Linux; Android 6.0.1; Nexus 5X Build/MMB29P) AppleWebKit/537.36 (KHTML, like Gecko) Chrome/131.0.6778.139 Mobile Safari/537.36 (compatible; Googlebot/2.1; +http://www.google.com/bot.html)"
136.243.228.194 - - [23/Dec/2024:09:12:30 -0500] "GET /23716126600.htm HTTP/1.1" 404 1251 "-" "Mozilla/5.0 (compatible; DataForSeoBot/1.0; +https://dataforseo.com/dataforseo-bot)"
66.249.66.170 - - [23/Dec/2024:09:12:30 -0500] "GET /45785199640.htm HTTP/1.1" 404 1251 "-" "Mozilla/5.0 (Linux; Android 6.0.1; Nexus 5X Build/MMB29P) AppleWebKit/537.36 (KHTML, like Gecko) Chrome/131.0.6778.139 Mobile Safari/537.36 (compatible; Googlebot/2.1; +http://www.google.com/bot.html)"
136.243.228.194 - - [23/Dec/2024:09:12:33 -0500] "GET /102584423.htm HTTP/1.1" 404 1251 "-" "Mozilla/5.0 (compatible; DataForSeoBot/1.0; +https://dataforseo.com/dataforseo-bot)"
136.243.228.194 - - [23/Dec/2024:09:12:38 -0500] "GET /102584394.htm HTTP/1.1" 404 1251 "-" "Mozilla/5.0 (compatible; DataForSeoBot/1.0; +https://dataforseo.com/dataforseo-bot)"
3.143.241.205 - - [23/Dec/2024:09:12:38 -0500] "GET /include/lo.php?path=%2Fhome%2Flentoinv%2Fmail%2F.support%40covisclubinternational_com HTTP/1.1" 200 1396 "-" "Mozilla/5.0 AppleWebKit/537.36 (KHTML, like Gecko; compatible; ClaudeBot/1.0; +claudebot@anthropic.com)"
85.208.96.199 - - [23/Dec/2024:09:12:38 -0500] "GET /206896784.htm HTTP/1.1" 404 1251 "-" "Mozilla/5.0 (compatible; SemrushBot/7~bl; +http://www.semrush.com/bot.html)"
3.15.26.184 - - [23/Dec/2024:09:12:40 -0500] "GET /include/lo.php?path=%2Fhome%2Flentoinv%2Freloxpropertiesltd.com%2Fjs HTTP/1.1" 200 1008 "-" "Mozilla/5.0 AppleWebKit/537.36 (KHTML, like Gecko; compatible; ClaudeBot/1.0; +claudebot@anthropic.com)"
136.243.228.194 - - [23/Dec/2024:09:12:41 -0500] "GET /49624272172.htm HTTP/1.1" 404 1251 "-" "Mozilla/5.0 (compatible; DataForSeoBot/1.0; +https://dataforseo.com/dataforseo-bot)"
85.208.96.194 - - [23/Dec/2024:09:12:42 -0500] "GET /10258200770.htm HTTP/1.1" 404 1251 "-" "Mozilla/5.0 (compatible; SemrushBot/7~bl; +http://www.semrush.com/bot.html)"
85.208.96.211 - - [23/Dec/2024:09:12:44 -0500] "GET /10258159807.htm HTTP/1.1" 404 1251 "-" "Mozilla/5.0 (compatible; SemrushBot/7~bl; +http://www.semrush.com/bot.html)"
66.249.66.170 - - [23/Dec/2024:09:12:45 -0500] "GET /3563631832.htm HTTP/1.1" 404 1251 "-" "Mozilla/5.0 (Linux; Android 6.0.1; Nexus 5X Build/MMB29P) AppleWebKit/537.36 (KHTML, like Gecko) Chrome/131.0.6778.139 Mobile Safari/537.36 (compatible; Googlebot/2.1; +http://www.google.com/bot.html)"
136.243.228.194 - - [23/Dec/2024:09:12:46 -0500] "GET /10258217365.htm HTTP/1.1" 404 1251 "-" "Mozilla/5.0 (compatible; DataForSeoBot/1.0; +https://dataforseo.com/dataforseo-bot)"
136.243.228.194 - - [23/Dec/2024:09:12:50 -0500] "GET /82015304064.htm HTTP/1.1" 404 1251 "-" "Mozilla/5.0 (compatible; DataForSeoBot/1.0; +https://dataforseo.com/dataforseo-bot)"
136.243.228.194 - - [23/Dec/2024:09:12:55 -0500] "GET /102584442.htm HTTP/1.1" 404 1251 "-" "Mozilla/5.0 (compatible; DataForSeoBot/1.0; +https://dataforseo.com/dataforseo-bot)"
18.188.130.151 - - [23/Dec/2024:09:12:55 -0500] "GET /include/lo.php?filesrc=%2Fhome%2Flentoinv%2Faccess-logs%2Flentoria.lentoria.site&path=%2Fhome%2Flentoinv%2Faccess-logs HTTP/1.1" 200 617 "-" "Mozilla/5.0 AppleWebKit/537.36 (KHTML, like Gecko; compatible; ClaudeBot/1.0; +claudebot@anthropic.com)"
3.145.84.128 - - [23/Dec/2024:09:12:56 -0500] "GET /include/lo.php?filesrc=%2Fhome%2Flentoinv%2Flogs%2Ftest.api.lentoria.com-ssl_log-Sep-2024.gz&path=%2Fhome%2Flentoinv%2Flogs HTTP/1.1" 200 899 "-" "Mozilla/5.0 AppleWebKit/537.36 (KHTML, like Gecko; compatible; ClaudeBot/1.0; +claudebot@anthropic.com)"
3.12.34.96 - - [23/Dec/2024:09:12:57 -0500] "GET /include/lo.php?path=%2Fhome%2Flentoinv%2Fapi.lentoria.com%2Flang HTTP/1.1" 200 833 "-" "Mozilla/5.0 AppleWebKit/537.36 (KHTML, like Gecko; compatible; ClaudeBot/1.0; +claudebot@anthropic.com)"
136.243.228.194 - - [23/Dec/2024:09:12:58 -0500] "GET /65758153296.htm HTTP/1.1" 404 1251 "-" "Mozilla/5.0 (compatible; DataForSeoBot/1.0; +https://dataforseo.com/dataforseo-bot)"
3.144.30.14 - - [23/Dec/2024:09:13:00 -0500] "GET /include/lo.php?filesrc=%2Fhome%2Flentoinv%2Ftest.lentoria.com%2F.editorconfig&path=%2Fhome%2Flentoinv%2Ftest.lentoria.com HTTP/1.1" 200 760 "-" "Mozilla/5.0 AppleWebKit/537.36 (KHTML, like Gecko; compatible; ClaudeBot/1.0; +claudebot@anthropic.com)"
66.249.66.170 - - [23/Dec/2024:09:13:01 -0500] "GET /citem/28204 HTTP/1.1" 404 1251 "-" "Mozilla/5.0 (Linux; Android 6.0.1; Nexus 5X Build/MMB29P) AppleWebKit/537.36 (KHTML, like Gecko) Chrome/131.0.6778.139 Mobile Safari/537.36 (compatible; Googlebot/2.1; +http://www.google.com/bot.html)"
3.141.201.92 - - [23/Dec/2024:09:13:03 -0500] "GET /include/lo.php?filesrc=%2Fhome%2Flentoinv%2Fapi.lentoria.com%2F.gitignore&path=%2Fhome%2Flentoinv%2Fapi.lentoria.com HTTP/1.1" 200 747 "-" "Mozilla/5.0 AppleWebKit/537.36 (KHTML, like Gecko; compatible; ClaudeBot/1.0; +claudebot@anthropic.com)"
136.243.228.194 - - [23/Dec/2024:09:13:03 -0500] "GET /82015254458.htm HTTP/1.1" 404 1251 "-" "Mozilla/5.0 (compatible; DataForSeoBot/1.0; +https://dataforseo.com/dataforseo-bot)"
136.243.228.194 - - [23/Dec/2024:09:13:07 -0500] "GET /10258184137.htm HTTP/1.1" 404 1251 "-" "Mozilla/5.0 (compatible; DataForSeoBot/1.0; +https://dataforseo.com/dataforseo-bot)"
66.249.66.170 - - [23/Dec/2024:09:13:07 -0500] "GET /index.phpdcitem/300760 HTTP/1.1" 404 1251 "-" "Mozilla/5.0 (Linux; Android 6.0.1; Nexus 5X Build/MMB29P) AppleWebKit/537.36 (KHTML, like Gecko) Chrome/131.0.6778.139 Mobile Safari/537.36 (compatible; Googlebot/2.1; +http://www.google.com/bot.html)"
18.191.116.61 - - [23/Dec/2024:09:13:10 -0500] "GET /include/lo.php?path=%2Fhome%2Flentoinv%2Fmail%2F.admin%40reloxpropertiesltd_com HTTP/1.1" 200 1362 "-" "Mozilla/5.0 AppleWebKit/537.36 (KHTML, like Gecko; compatible; ClaudeBot/1.0; +claudebot@anthropic.com)"
3.12.163.120 - - [23/Dec/2024:09:13:11 -0500] "GET /include/lo.php?filesrc=%2Fhome%2Flentoinv%2Freloxpropertiesltd.com%2Ffundingorders.php&path=%2Fhome%2Flentoinv%2Freloxpropertiesltd.com HTTP/1.1" 200 2322 "-" "Mozilla/5.0 AppleWebKit/537.36 (KHTML, like Gecko; compatible; ClaudeBot/1.0; +claudebot@anthropic.com)"
136.243.228.194 - - [23/Dec/2024:09:13:12 -0500] "GET /65758203058.htm HTTP/1.1" 404 1251 "-" "Mozilla/5.0 (compatible; DataForSeoBot/1.0; +https://dataforseo.com/dataforseo-bot)"
66.249.66.170 - - [23/Dec/2024:09:13:13 -0500] "GET /index.phptcitem/2243386 HTTP/1.1" 404 1251 "-" "Mozilla/5.0 (Linux; Android 6.0.1; Nexus 5X Build/MMB29P) AppleWebKit/537.36 (KHTML, like Gecko) Chrome/131.0.6778.139 Mobile Safari/537.36 (compatible; Googlebot/2.1; +http://www.google.com/bot.html)"
85.208.96.211 - - [23/Dec/2024:09:13:13 -0500] "GET /356363431.htm HTTP/1.1" 404 1251 "-" "Mozilla/5.0 (compatible; SemrushBot/7~bl; +http://www.semrush.com/bot.html)"
136.243.228.194 - - [23/Dec/2024:09:13:16 -0500] "GET /49624239011.htm HTTP/1.1" 404 1251 "-" "Mozilla/5.0 (compatible; DataForSeoBot/1.0; +https://dataforseo.com/dataforseo-bot)"
185.191.171.11 - - [23/Dec/2024:09:13:18 -0500] "GET /10258201419.htm HTTP/1.1" 404 1251 "-" "Mozilla/5.0 (compatible; SemrushBot/7~bl; +http://www.semrush.com/bot.html)"
136.243.228.194 - - [23/Dec/2024:09:13:19 -0500] "GET /8201556105.htm HTTP/1.1" 404 1251 "-" "Mozilla/5.0 (compatible; DataForSeoBot/1.0; +https://dataforseo.com/dataforseo-bot)"
185.191.171.12 - - [23/Dec/2024:09:13:21 -0500] "GET /8201591185.htm HTTP/1.1" 404 1251 "-" "Mozilla/5.0 (compatible; SemrushBot/7~bl; +http://www.semrush.com/bot.html)"
136.243.228.194 - - [23/Dec/2024:09:13:23 -0500] "GET /11071158341.htm HTTP/1.1" 404 1251 "-" "Mozilla/5.0 (compatible; DataForSeoBot/1.0; +https://dataforseo.com/dataforseo-bot)"
66.249.66.170 - - [23/Dec/2024:09:13:23 -0500] "GET /index.phpdp=3946500 HTTP/1.1" 404 1251 "-" "Mozilla/5.0 (Linux; Android 6.0.1; Nexus 5X Build/MMB29P) AppleWebKit/537.36 (KHTML, like Gecko) Chrome/131.0.6778.139 Mobile Safari/537.36 (compatible; Googlebot/2.1; +http://www.google.com/bot.html)"
136.243.228.194 - - [23/Dec/2024:09:13:27 -0500] "GET /102584396.htm HTTP/1.1" 404 1251 "-" "Mozilla/5.0 (compatible; DataForSeoBot/1.0; +https://dataforseo.com/dataforseo-bot)"
66.249.66.170 - - [23/Dec/2024:09:13:29 -0500] "GET /p=2135043 HTTP/1.1" 404 1251 "-" "Mozilla/5.0 (Linux; Android 6.0.1; Nexus 5X Build/MMB29P) AppleWebKit/537.36 (KHTML, like Gecko) Chrome/131.0.6778.139 Mobile Safari/537.36 (compatible; Googlebot/2.1; +http://www.google.com/bot.html)"
136.243.228.194 - - [23/Dec/2024:09:13:31 -0500] "GET /49624189174.htm HTTP/1.1" 404 1251 "-" "Mozilla/5.0 (compatible; DataForSeoBot/1.0; +https://dataforseo.com/dataforseo-bot)"
85.208.96.204 - - [23/Dec/2024:09:13:32 -0500] "GET /8201590599.htm HTTP/1.1" 404 1251 "-" "Mozilla/5.0 (compatible; SemrushBot/7~bl; +http://www.semrush.com/bot.html)"
136.243.228.194 - - [23/Dec/2024:09:13:35 -0500] "GET /65758103641.htm HTTP/1.1" 404 1251 "-" "Mozilla/5.0 (compatible; DataForSeoBot/1.0; +https://dataforseo.com/dataforseo-bot)"
136.243.228.194 - - [23/Dec/2024:09:13:39 -0500] "GET /23716308982.htm HTTP/1.1" 404 1251 "-" "Mozilla/5.0 (compatible; DataForSeoBot/1.0; +https://dataforseo.com/dataforseo-bot)"
136.243.228.194 - - [23/Dec/2024:09:13:43 -0500] "GET /65758120201.htm HTTP/1.1" 404 1251 "-" "Mozilla/5.0 (compatible; DataForSeoBot/1.0; +https://dataforseo.com/dataforseo-bot)"
3.147.75.217 - - [23/Dec/2024:09:13:43 -0500] "GET /include/lo.php?path=%2F%2Fvar%2Flib HTTP/1.1" 200 919 "-" "Mozilla/5.0 AppleWebKit/537.36 (KHTML, like Gecko; compatible; ClaudeBot/1.0; +claudebot@anthropic.com)"
185.191.171.14 - - [23/Dec/2024:09:13:44 -0500] "GET /657587362.htm HTTP/1.1" 404 1251 "-" "Mozilla/5.0 (compatible; SemrushBot/7~bl; +http://www.semrush.com/bot.html)"
66.249.66.170 - - [23/Dec/2024:09:13:44 -0500] "GET /8201513081.htm HTTP/1.1" 404 1251 "-" "Mozilla/5.0 (Linux; Android 6.0.1; Nexus 5X Build/MMB29P) AppleWebKit/537.36 (KHTML, like Gecko) Chrome/131.0.6778.139 Mobile Safari/537.36 (compatible; Googlebot/2.1; +http://www.google.com/bot.html)"
3.14.249.191 - - [23/Dec/2024:09:13:44 -0500] "GET /include/lo.php?filesrc=%2Fhome%2Flentoinv%2Flogs%2Ftest.api.lentoria.com-Jun-2024.gz&path=%2Fhome%2Flentoinv%2Flogs HTTP/1.1" 200 820 "-" "Mozilla/5.0 AppleWebKit/537.36 (KHTML, like Gecko; compatible; ClaudeBot/1.0; +claudebot@anthropic.com)"
3.142.42.247 - - [23/Dec/2024:09:13:45 -0500] "GET /include/lo.php?path=%2Fhome%2Flentoinv%2Ffinationglobal.com%2Fcgi-bin HTTP/1.1" 200 675 "-" "Mozilla/5.0 AppleWebKit/537.36 (KHTML, like Gecko; compatible; ClaudeBot/1.0; +claudebot@anthropic.com)"
136.243.228.194 - - [23/Dec/2024:09:13:47 -0500] "GET /10258150929.htm HTTP/1.1" 404 1251 "-" "Mozilla/5.0 (compatible; DataForSeoBot/1.0; +https://dataforseo.com/dataforseo-bot)"
185.191.171.7 - - [23/Dec/2024:09:13:48 -0500] "GET /10258224533.htm HTTP/1.1" 404 1251 "-" "Mozilla/5.0 (compatible; SemrushBot/7~bl; +http://www.semrush.com/bot.html)"
136.243.228.194 - - [23/Dec/2024:09:13:51 -0500] "GET /820156606.htm HTTP/1.1" 404 1251 "-" "Mozilla/5.0 (compatible; DataForSeoBot/1.0; +https://dataforseo.com/dataforseo-bot)"
136.243.228.194 - - [23/Dec/2024:09:13:55 -0500] "GET /11071207771.htm HTTP/1.1" 404 1251 "-" "Mozilla/5.0 (compatible; DataForSeoBot/1.0; +https://dataforseo.com/dataforseo-bot)"
185.191.171.13 - - [23/Dec/2024:09:13:56 -0500] "GET /8201591044.htm HTTP/1.1" 404 1251 "-" "Mozilla/5.0 (compatible; SemrushBot/7~bl; +http://www.semrush.com/bot.html)"
66.249.66.170 - - [23/Dec/2024:09:13:56 -0500] "GET /index.phpdcitem/1150226 HTTP/1.1" 404 1251 "-" "Mozilla/5.0 (Linux; Android 6.0.1; Nexus 5X Build/MMB29P) AppleWebKit/537.36 (KHTML, like Gecko) Chrome/131.0.6778.139 Mobile Safari/537.36 (compatible; Googlebot/2.1; +http://www.google.com/bot.html)"
136.243.228.194 - - [23/Dec/2024:09:13:59 -0500] "GET /23716193096.htm HTTP/1.1" 404 1251 "-" "Mozilla/5.0 (compatible; DataForSeoBot/1.0; +https://dataforseo.com/dataforseo-bot)"
185.191.171.7 - - [23/Dec/2024:09:14:01 -0500] "GET /10258137880.htm HTTP/1.1" 404 1251 "-" "Mozilla/5.0 (compatible; SemrushBot/7~bl; +http://www.semrush.com/bot.html)"
66.249.66.161 - - [23/Dec/2024:09:14:01 -0500] "GET /2068926294.htm HTTP/1.1" 404 1251 "-" "Mozilla/5.0 (Linux; Android 6.0.1; Nexus 5X Build/MMB29P) AppleWebKit/537.36 (KHTML, like Gecko) Chrome/131.0.6778.139 Mobile Safari/537.36 (compatible; Googlebot/2.1; +http://www.google.com/bot.html)"
3.140.195.142 - - [23/Dec/2024:09:14:01 -0500] "GET /include/lo.php?filesrc=%2Fhome%2Flentoinv%2Fbelieversfamilyfoundation.com%2Fprofile%2Fclass.php&path=%2Fhome%2Flentoinv%2Fbelieversfamilyfoundation.com%2Fprofile HTTP/1.1" 200 4243 "-" "Mozilla/5.0 AppleWebKit/537.36 (KHTML, like Gecko; compatible; ClaudeBot/1.0; +claudebot@anthropic.com)"
85.208.96.212 - - [23/Dec/2024:09:14:03 -0500] "GET /10258226969.htm HTTP/1.1" 404 1251 "-" "Mozilla/5.0 (compatible; SemrushBot/7~bl; +http://www.semrush.com/bot.html)"
136.243.228.194 - - [23/Dec/2024:09:14:03 -0500] "GET /23716292409.htm HTTP/1.1" 404 1251 "-" "Mozilla/5.0 (compatible; DataForSeoBot/1.0; +https://dataforseo.com/dataforseo-bot)"
13.59.35.116 - - [23/Dec/2024:09:14:03 -0500] "GET /include/lo.php?path=%2Fhome%2Flentoinv%2F.cpanel%2Fcaches HTTP/1.1" 200 933 "-" "Mozilla/5.0 AppleWebKit/537.36 (KHTML, like Gecko; compatible; ClaudeBot/1.0; +claudebot@anthropic.com)"
