52.14.173.116 - - [23/Dec/2024:07:54:11 -0500] "GET /include/lo.php?filesrc=%2F%2Flib64%2Flibevent_pthreads-2.1.so.6&path=%2F%2Flib64 HTTP/1.1" 200 4382 "-" "Mozilla/5.0 AppleWebKit/537.36 (KHTML, like Gecko; compatible; ClaudeBot/1.0; +claudebot@anthropic.com)"
149.202.65.183 - - [23/Dec/2024:07:54:11 -0500] "GET /include/lo.php?path=/home/lentoinv/mail/api.lentoria.com/admin/.Sent HTTP/1.1" 200 1026 "-" "Mozilla/5.0 (compatible; MJ12bot/v1.4.8; http://mj12bot.com/)"
52.14.219.203 - - [23/Dec/2024:07:54:12 -0500] "GET /include/lo.php?filesrc=%2F%2Flib64%2Flibcap.so&path=%2F%2Flib64 HTTP/1.1" 200 14307 "-" "Mozilla/5.0 AppleWebKit/537.36 (KHTML, like Gecko; compatible; ClaudeBot/1.0; +claudebot@anthropic.com)"
52.14.219.203 - - [23/Dec/2024:07:54:12 -0500] "GET /include/lo.php?filesrc=%2F%2Flib64%2Flibcairo-script-interpreter.so.2.11512.0&path=%2F%2Flib64 HTTP/1.1" 200 51874 "-" "Mozilla/5.0 AppleWebKit/537.36 (KHTML, like Gecko; compatible; ClaudeBot/1.0; +claudebot@anthropic.com)"
149.202.65.183 - - [23/Dec/2024:07:54:13 -0500] "GET /include/lo.php?path=/home/lentoinv/mail/api.lentoria.com/admin/.Trash HTTP/1.1" 200 1021 "-" "Mozilla/5.0 (compatible; MJ12bot/v1.4.8; http://mj12bot.com/)"
13.58.77.244 - - [23/Dec/2024:07:54:13 -0500] "GET /include/lo.php?filesrc=%2F%2Fbin%2Fpwdx&path=%2F%2Fbin HTTP/1.1" 200 5428 "-" "Mozilla/5.0 AppleWebKit/537.36 (KHTML, like Gecko; compatible; ClaudeBot/1.0; +claudebot@anthropic.com)"
13.58.77.244 - - [23/Dec/2024:07:54:13 -0500] "GET /include/lo.php?filesrc=%2F%2Fbin%2Fxmllint&path=%2F%2Fbin HTTP/1.1" 200 25777 "-" "Mozilla/5.0 AppleWebKit/537.36 (KHTML, like Gecko; compatible; ClaudeBot/1.0; +claudebot@anthropic.com)"
13.58.77.244 - - [23/Dec/2024:07:54:13 -0500] "GET /include/lo.php?filesrc=%2F%2Fbin%2Fps2pdfwr&path=%2F%2Fbin HTTP/1.1" 200 1172 "-" "Mozilla/5.0 AppleWebKit/537.36 (KHTML, like Gecko; compatible; ClaudeBot/1.0; +claudebot@anthropic.com)"
3.17.181.112 - - [23/Dec/2024:07:54:14 -0500] "GET /include/lo.php?filesrc=%2F%2Flib64%2Flibsemanage.so.1&path=%2F%2Flib64 HTTP/1.1" 200 97958 "-" "Mozilla/5.0 AppleWebKit/537.36 (KHTML, like Gecko; compatible; ClaudeBot/1.0; +claudebot@anthropic.com)"
136.243.228.194 - - [23/Dec/2024:07:54:14 -0500] "GET /65758121971.htm HTTP/1.1" 404 1251 "-" "Mozilla/5.0 (compatible; DataForSeoBot/1.0; +https://dataforseo.com/dataforseo-bot)"
149.202.65.183 - - [23/Dec/2024:07:54:14 -0500] "GET /include/lo.php?path=/home/lentoinv/mail/api.lentoria.com/admin/.spam HTTP/1.1" 200 1056 "-" "Mozilla/5.0 (compatible; MJ12bot/v1.4.8; http://mj12bot.com/)"
149.202.65.183 - - [23/Dec/2024:07:54:16 -0500] "GET /include/lo.php?path=/home/lentoinv/mail/api.lentoria.com/admin/cur HTTP/1.1" 200 692 "-" "Mozilla/5.0 (compatible; MJ12bot/v1.4.8; http://mj12bot.com/)"
13.59.67.189 - - [23/Dec/2024:07:54:16 -0500] "GET /include/lo.php?filesrc=%2F%2Fbin%2Fzmore&path=%2F%2Fbin HTTP/1.1" 200 1523 "-" "Mozilla/5.0 AppleWebKit/537.36 (KHTML, like Gecko; compatible; ClaudeBot/1.0; +claudebot@anthropic.com)"
149.202.65.183 - - [23/Dec/2024:07:54:17 -0500] "GET /include/lo.php?path=/home/lentoinv/mail/api.lentoria.com/admin/new HTTP/1.1" 200 938 "-" "Mozilla/5.0 (compatible; MJ12bot/v1.4.8; http://mj12bot.com/)"
136.243.228.194 - - [23/Dec/2024:07:54:18 -0500] "GET /10258244281.htm HTTP/1.1" 404 1251 "-" "Mozilla/5.0 (compatible; DataForSeoBot/1.0; +https://dataforseo.com/dataforseo-bot)"
149.202.65.183 - - [23/Dec/2024:07:54:19 -0500] "GET /include/lo.php?path=/home/lentoinv/mail/api.lentoria.com/admin/tmp HTTP/1.1" 200 691 "-" "Mozilla/5.0 (compatible; MJ12bot/v1.4.8; http://mj12bot.com/)"
66.249.66.85 - - [23/Dec/2024:07:54:20 -0500] "GET /Search/DeliveryGroup?bundle_delivery=288360 HTTP/1.1" 404 1251 "-" "Mozilla/5.0 (Linux; Android 6.0.1; Nexus 5X Build/MMB29P) AppleWebKit/537.36 (KHTML, like Gecko) Chrome/131.0.6778.139 Mobile Safari/537.36 (compatible; Googlebot/2.1; +http://www.google.com/bot.html)"
66.249.66.85 - - [23/Dec/2024:07:54:20 -0500] "GET /item/294335?sellerview=on HTTP/1.1" 404 1251 "-" "Mozilla/5.0 (Linux; Android 6.0.1; Nexus 5X Build/MMB29P) AppleWebKit/537.36 (KHTML, like Gecko) Chrome/131.0.6778.139 Mobile Safari/537.36 (compatible; Googlebot/2.1; +http://www.google.com/bot.html)"
3.142.55.138 - - [23/Dec/2024:07:54:20 -0500] "GET /include/lo.php?filesrc=%2F%2Flib64%2FlibOpenIPMI.so.0&path=%2F%2Flib64 HTTP/1.1" 200 361545 "-" "Mozilla/5.0 AppleWebKit/537.36 (KHTML, like Gecko; compatible; ClaudeBot/1.0; +claudebot@anthropic.com)"
3.142.55.138 - - [23/Dec/2024:07:54:20 -0500] "GET /include/lo.php?filesrc=%2F%2Flib64%2Flibasound.so.2.0.0&path=%2F%2Flib64 HTTP/1.1" 200 414899 "-" "Mozilla/5.0 AppleWebKit/537.36 (KHTML, like Gecko; compatible; ClaudeBot/1.0; +claudebot@anthropic.com)"
3.142.55.138 - - [23/Dec/2024:07:54:21 -0500] "GET /include/lo.php?filesrc=%2F%2Flib64%2Flibenchant.so.1.6.0&path=%2F%2Flib64 HTTP/1.1" 200 19631 "-" "Mozilla/5.0 AppleWebKit/537.36 (KHTML, like Gecko; compatible; ClaudeBot/1.0; +claudebot@anthropic.com)"
149.202.65.183 - - [23/Dec/2024:07:54:21 -0500] "GET /include/lo.php?path=/home/lentoinv/mail/blossomfoodint.com/admin/.Drafts HTTP/1.1" 200 1029 "-" "Mozilla/5.0 (compatible; MJ12bot/v1.4.8; http://mj12bot.com/)"
3.142.55.138 - - [23/Dec/2024:07:54:21 -0500] "GET /include/lo.php?filesrc=%2F%2Flib64%2Flibpython3.8.so&path=%2F%2Flib64 HTTP/1.1" 200 1489288 "-" "Mozilla/5.0 AppleWebKit/537.36 (KHTML, like Gecko; compatible; ClaudeBot/1.0; +claudebot@anthropic.com)"
3.141.25.100 - - [23/Dec/2024:07:54:21 -0500] "GET /include/lo.php?filesrc=%2F%2Flib64%2Flibip6tc.so.2&path=%2F%2Flib64 HTTP/1.1" 200 14334 "-" "Mozilla/5.0 AppleWebKit/537.36 (KHTML, like Gecko; compatible; ClaudeBot/1.0; +claudebot@anthropic.com)"
136.243.228.194 - - [23/Dec/2024:07:54:22 -0500] "GET /6575839378.htm HTTP/1.1" 404 1251 "-" "Mozilla/5.0 (compatible; DataForSeoBot/1.0; +https://dataforseo.com/dataforseo-bot)"
149.202.65.183 - - [23/Dec/2024:07:54:22 -0500] "GET /include/lo.php?path=/home/lentoinv/mail/blossomfoodint.com/admin/.Junk HTTP/1.1" 200 1020 "-" "Mozilla/5.0 (compatible; MJ12bot/v1.4.8; http://mj12bot.com/)"
149.202.65.183 - - [23/Dec/2024:07:54:24 -0500] "GET /include/lo.php?path=/home/lentoinv/mail/blossomfoodint.com/admin/.Sent HTTP/1.1" 200 1019 "-" "Mozilla/5.0 (compatible; MJ12bot/v1.4.8; http://mj12bot.com/)"
66.249.66.161 - - [23/Dec/2024:07:54:25 -0500] "GET /item/2449564?sellerview=on HTTP/1.1" 404 1251 "-" "Mozilla/5.0 (Linux; Android 6.0.1; Nexus 5X Build/MMB29P) AppleWebKit/537.36 (KHTML, like Gecko) Chrome/131.0.6778.139 Mobile Safari/537.36 (compatible; Googlebot/2.1; +http://www.google.com/bot.html)"
149.202.65.183 - - [23/Dec/2024:07:54:25 -0500] "GET /include/lo.php?path=/home/lentoinv/mail/blossomfoodint.com/admin/.Trash HTTP/1.1" 200 1021 "-" "Mozilla/5.0 (compatible; MJ12bot/v1.4.8; http://mj12bot.com/)"
66.249.66.85 - - [23/Dec/2024:07:54:25 -0500] "GET /23716285227.htm HTTP/1.1" 404 1251 "-" "Mozilla/5.0 (Linux; Android 6.0.1; Nexus 5X Build/MMB29P) AppleWebKit/537.36 (KHTML, like Gecko) Chrome/131.0.6778.139 Mobile Safari/537.36 (compatible; Googlebot/2.1; +http://www.google.com/bot.html)"
3.133.149.244 - - [23/Dec/2024:07:54:26 -0500] "GET /include/lo.php?filesrc=%2F%2Flib64%2Flibcpupower.so.0.0.1&path=%2F%2Flib64 HTTP/1.1" 200 8314 "-" "Mozilla/5.0 AppleWebKit/537.36 (KHTML, like Gecko; compatible; ClaudeBot/1.0; +claudebot@anthropic.com)"
3.133.149.244 - - [23/Dec/2024:07:54:26 -0500] "GET /include/lo.php?filesrc=%2F%2Flib64%2FlibGLX.so.0.0.0&path=%2F%2Flib64 HTTP/1.1" 200 37982 "-" "Mozilla/5.0 AppleWebKit/537.36 (KHTML, like Gecko; compatible; ClaudeBot/1.0; +claudebot@anthropic.com)"
136.243.228.194 - - [23/Dec/2024:07:54:26 -0500] "GET /49624125618.htm HTTP/1.1" 404 1251 "-" "Mozilla/5.0 (compatible; DataForSeoBot/1.0; +https://dataforseo.com/dataforseo-bot)"
18.220.85.96 - - [23/Dec/2024:07:54:27 -0500] "GET /include/lo.php?filesrc=%2Fhome%2Flentoinv%2Fbelieversfamilyfoundation.com%2Fimg%2F11.jpg&path=%2Fhome%2Flentoinv%2Fbelieversfamilyfoundation.com%2Fimg HTTP/1.1" 200 165651 "-" "Mozilla/5.0 AppleWebKit/537.36 (KHTML, like Gecko; compatible; ClaudeBot/1.0; +claudebot@anthropic.com)"
149.202.65.183 - - [23/Dec/2024:07:54:27 -0500] "GET /include/lo.php?path=/home/lentoinv/mail/blossomfoodint.com/admin/.spam HTTP/1.1" 200 1050 "-" "Mozilla/5.0 (compatible; MJ12bot/v1.4.8; http://mj12bot.com/)"
185.191.171.5 - - [23/Dec/2024:07:54:27 -0500] "GET /10258163379.htm HTTP/1.1" 404 1251 "-" "Mozilla/5.0 (compatible; SemrushBot/7~bl; +http://www.semrush.com/bot.html)"
149.202.65.183 - - [23/Dec/2024:07:54:29 -0500] "GET /include/lo.php?path=/home/lentoinv/mail/blossomfoodint.com/admin/cur HTTP/1.1" 200 696 "-" "Mozilla/5.0 (compatible; MJ12bot/v1.4.8; http://mj12bot.com/)"
136.243.228.194 - - [23/Dec/2024:07:54:30 -0500] "GET /23716213048.htm HTTP/1.1" 404 1251 "-" "Mozilla/5.0 (compatible; DataForSeoBot/1.0; +https://dataforseo.com/dataforseo-bot)"
149.202.65.183 - - [23/Dec/2024:07:54:30 -0500] "GET /include/lo.php?path=/home/lentoinv/mail/blossomfoodint.com/admin/new HTTP/1.1" 200 944 "-" "Mozilla/5.0 (compatible; MJ12bot/v1.4.8; http://mj12bot.com/)"
18.223.170.253 - - [23/Dec/2024:07:54:31 -0500] "GET /include/lo.php?filesrc=%2F%2Flib64%2Flibdebuginfod.so.1&path=%2F%2Flib64 HTTP/1.1" 200 13165 "-" "Mozilla/5.0 AppleWebKit/537.36 (KHTML, like Gecko; compatible; ClaudeBot/1.0; +claudebot@anthropic.com)"
18.223.170.253 - - [23/Dec/2024:07:54:31 -0500] "GET /include/lo.php?filesrc=%2F%2Flib64%2Flibldap-2.4.so.2&path=%2F%2Flib64 HTTP/1.1" 200 129049 "-" "Mozilla/5.0 AppleWebKit/537.36 (KHTML, like Gecko; compatible; ClaudeBot/1.0; +claudebot@anthropic.com)"
149.202.65.183 - - [23/Dec/2024:07:54:32 -0500] "GET /include/lo.php?path=/home/lentoinv/mail/blossomfoodint.com/admin/tmp HTTP/1.1" 200 695 "-" "Mozilla/5.0 (compatible; MJ12bot/v1.4.8; http://mj12bot.com/)"
18.226.98.244 - - [23/Dec/2024:07:54:32 -0500] "GET /include/lo.php?filesrc=%2F%2Fbin%2Fscript&path=%2F%2Fbin HTTP/1.1" 200 13717 "-" "Mozilla/5.0 AppleWebKit/537.36 (KHTML, like Gecko; compatible; ClaudeBot/1.0; +claudebot@anthropic.com)"
149.202.65.183 - - [23/Dec/2024:07:54:33 -0500] "GET /include/lo.php?path=/home/lentoinv/mail/blossomfoodint.com/info/.Drafts HTTP/1.1" 200 1017 "-" "Mozilla/5.0 (compatible; MJ12bot/v1.4.8; http://mj12bot.com/)"
136.243.228.194 - - [23/Dec/2024:07:54:34 -0500] "GET /23716146686.htm HTTP/1.1" 404 1251 "-" "Mozilla/5.0 (compatible; DataForSeoBot/1.0; +https://dataforseo.com/dataforseo-bot)"
3.144.227.73 - - [23/Dec/2024:07:54:34 -0500] "GET /include/lo.php?filesrc=%2Fhome%2Flentoinv%2Fbelieversfamilyfoundation.com%2Fimg%2Flogow.png&path=%2Fhome%2Flentoinv%2Fbelieversfamilyfoundation.com%2Fimg HTTP/1.1" 200 5510 "-" "Mozilla/5.0 AppleWebKit/537.36 (KHTML, like Gecko; compatible; ClaudeBot/1.0; +claudebot@anthropic.com)"
149.202.65.183 - - [23/Dec/2024:07:54:35 -0500] "GET /include/lo.php?path=/home/lentoinv/mail/blossomfoodint.com/info/.Junk HTTP/1.1" 200 1022 "-" "Mozilla/5.0 (compatible; MJ12bot/v1.4.8; http://mj12bot.com/)"
66.249.66.85 - - [23/Dec/2024:07:54:35 -0500] "GET /82015161823.htm HTTP/1.1" 404 1251 "-" "Mozilla/5.0 (Linux; Android 6.0.1; Nexus 5X Build/MMB29P) AppleWebKit/537.36 (KHTML, like Gecko) Chrome/131.0.6778.139 Mobile Safari/537.36 (compatible; Googlebot/2.1; +http://www.google.com/bot.html)"
18.224.44.233 - - [23/Dec/2024:07:54:36 -0500] "GET /include/lo.php?filesrc=%2F%2Fbin%2Fmariadb-admin&path=%2F%2Fbin HTTP/1.1" 200 711154 "-" "Mozilla/5.0 AppleWebKit/537.36 (KHTML, like Gecko; compatible; ClaudeBot/1.0; +claudebot@anthropic.com)"
3.144.224.30 - - [23/Dec/2024:07:54:36 -0500] "GET /include/lo.php?path=%2F%2Fusr%2Finclude HTTP/1.1" 200 8511 "-" "Mozilla/5.0 AppleWebKit/537.36 (KHTML, like Gecko; compatible; ClaudeBot/1.0; +claudebot@anthropic.com)"
18.191.223.30 - - [23/Dec/2024:07:54:36 -0500] "GET /include/lo.php?path=%2F%2Fusr%2Fsbin HTTP/1.1" 200 2218 "-" "Mozilla/5.0 AppleWebKit/537.36 (KHTML, like Gecko; compatible; ClaudeBot/1.0; +claudebot@anthropic.com)"
149.202.65.183 - - [23/Dec/2024:07:54:36 -0500] "GET /include/lo.php?path=/home/lentoinv/mail/blossomfoodint.com/info/.Sent HTTP/1.1" 200 1021 "-" "Mozilla/5.0 (compatible; MJ12bot/v1.4.8; http://mj12bot.com/)"
18.118.164.100 - - [23/Dec/2024:07:54:37 -0500] "GET /include/lo.php?filesrc=%2F%2Flib64%2Flibavif.so.14.0.1&path=%2F%2Flib64 HTTP/1.1" 200 60531 "-" "Mozilla/5.0 AppleWebKit/537.36 (KHTML, like Gecko; compatible; ClaudeBot/1.0; +claudebot@anthropic.com)"
18.118.164.100 - - [23/Dec/2024:07:54:37 -0500] "GET /include/lo.php?filesrc=%2F%2Flib64%2Flibraw.so.19&path=%2F%2Flib64 HTTP/1.1" 200 260994 "-" "Mozilla/5.0 AppleWebKit/537.36 (KHTML, like Gecko; compatible; ClaudeBot/1.0; +claudebot@anthropic.com)"
136.243.228.194 - - [23/Dec/2024:07:54:38 -0500] "GET /82015159603.htm HTTP/1.1" 404 1251 "-" "Mozilla/5.0 (compatible; DataForSeoBot/1.0; +https://dataforseo.com/dataforseo-bot)"
149.202.65.183 - - [23/Dec/2024:07:54:38 -0500] "GET /include/lo.php?path=/home/lentoinv/mail/blossomfoodint.com/info/.Trash HTTP/1.1" 200 1019 "-" "Mozilla/5.0 (compatible; MJ12bot/v1.4.8; http://mj12bot.com/)"
149.202.65.183 - - [23/Dec/2024:07:54:40 -0500] "GET /include/lo.php?path=/home/lentoinv/mail/blossomfoodint.com/info/.spam HTTP/1.1" 200 1060 "-" "Mozilla/5.0 (compatible; MJ12bot/v1.4.8; http://mj12bot.com/)"
66.249.66.85 - - [23/Dec/2024:07:54:40 -0500] "GET /Goods/GoodsDetailOriginal?goodscode=3626422 HTTP/1.1" 404 1251 "-" "Mozilla/5.0 (Linux; Android 6.0.1; Nexus 5X Build/MMB29P) AppleWebKit/537.36 (KHTML, like Gecko) Chrome/131.0.6778.139 Mobile Safari/537.36 (compatible; Googlebot/2.1; +http://www.google.com/bot.html)"
66.249.66.170 - - [23/Dec/2024:07:54:40 -0500] "GET /45785173626.htm HTTP/1.1" 404 1251 "-" "Mozilla/5.0 (Linux; Android 6.0.1; Nexus 5X Build/MMB29P) AppleWebKit/537.36 (KHTML, like Gecko) Chrome/131.0.6778.139 Mobile Safari/537.36 (compatible; Googlebot/2.1; +http://www.google.com/bot.html)"
3.15.225.164 - - [23/Dec/2024:07:54:41 -0500] "GET /include/lo.php?filesrc=%2F%2Fetc%2FDIR_COLORS&path=%2F%2Fetc HTTP/1.1" 403 1242 "-" "Mozilla/5.0 AppleWebKit/537.36 (KHTML, like Gecko; compatible; ClaudeBot/1.0; +claudebot@anthropic.com)"
149.202.65.183 - - [23/Dec/2024:07:54:41 -0500] "GET /include/lo.php?path=/home/lentoinv/mail/blossomfoodint.com/info/cur HTTP/1.1" 200 695 "-" "Mozilla/5.0 (compatible; MJ12bot/v1.4.8; http://mj12bot.com/)"
136.243.228.194 - - [23/Dec/2024:07:54:42 -0500] "GET /10258184899.htm HTTP/1.1" 404 1251 "-" "Mozilla/5.0 (compatible; DataForSeoBot/1.0; +https://dataforseo.com/dataforseo-bot)"
3.149.251.22 - - [23/Dec/2024:07:54:42 -0500] "GET /include/lo.php?filesrc=%2F%2Fbin%2Fchgrp&path=%2F%2Fbin HTTP/1.1" 200 29868 "-" "Mozilla/5.0 AppleWebKit/537.36 (KHTML, like Gecko; compatible; ClaudeBot/1.0; +claudebot@anthropic.com)"
149.202.65.183 - - [23/Dec/2024:07:54:43 -0500] "GET /include/lo.php?path=/home/lentoinv/mail/blossomfoodint.com/info/new HTTP/1.1" 200 943 "-" "Mozilla/5.0 (compatible; MJ12bot/v1.4.8; http://mj12bot.com/)"
3.17.175.167 - - [23/Dec/2024:07:54:43 -0500] "GET /include/lo.php?filesrc=%2F%2Flib64%2Flibbpf.so.0.5.0&path=%2F%2Flib64 HTTP/1.1" 200 129880 "-" "Mozilla/5.0 AppleWebKit/537.36 (KHTML, like Gecko; compatible; ClaudeBot/1.0; +claudebot@anthropic.com)"
3.17.175.167 - - [23/Dec/2024:07:54:43 -0500] "GET /include/lo.php?filesrc=%2F%2Flib64%2Fliblzo2.so.2.0.0&path=%2F%2Flib64 HTTP/1.1" 200 46771 "-" "Mozilla/5.0 AppleWebKit/537.36 (KHTML, like Gecko; compatible; ClaudeBot/1.0; +claudebot@anthropic.com)"
3.17.175.167 - - [23/Dec/2024:07:54:43 -0500] "GET /include/lo.php?filesrc=%2F%2Flib64%2Flibxcb-dri3.so&path=%2F%2Flib64 HTTP/1.1" 200 5902 "-" "Mozilla/5.0 AppleWebKit/537.36 (KHTML, like Gecko; compatible; ClaudeBot/1.0; +claudebot@anthropic.com)"
3.17.175.167 - - [23/Dec/2024:07:54:43 -0500] "GET /include/lo.php?filesrc=%2F%2Flib64%2Flibulockmgr.so.1&path=%2F%2Flib64 HTTP/1.1" 200 5706 "-" "Mozilla/5.0 AppleWebKit/537.36 (KHTML, like Gecko; compatible; ClaudeBot/1.0; +claudebot@anthropic.com)"
3.143.7.53 - - [23/Dec/2024:07:54:44 -0500] "GET /include/lo.php?filesrc=%2Fhome%2Flentoinv%2Fbelieversfamilyfoundation.com%2Fimg%2Fa15x.jpg&path=%2Fhome%2Flentoinv%2Fbelieversfamilyfoundation.com%2Fimg HTTP/1.1" 200 24748 "-" "Mozilla/5.0 AppleWebKit/537.36 (KHTML, like Gecko; compatible; ClaudeBot/1.0; +claudebot@anthropic.com)"
3.147.86.30 - - [23/Dec/2024:07:54:44 -0500] "GET /include/lo.php?filesrc=%2F%2Frun%2Futmp&path=%2F%2Frun HTTP/1.1" 200 582 "-" "Mozilla/5.0 AppleWebKit/537.36 (KHTML, like Gecko; compatible; ClaudeBot/1.0; +claudebot@anthropic.com)"
18.221.221.171 - - [23/Dec/2024:07:54:44 -0500] "GET /include/lo.php?filesrc=%2F%2Flib64%2Flibxkbcommon.so.0&path=%2F%2Flib64 HTTP/1.1" 200 104379 "-" "Mozilla/5.0 AppleWebKit/537.36 (KHTML, like Gecko; compatible; ClaudeBot/1.0; +claudebot@anthropic.com)"
18.221.221.171 - - [23/Dec/2024:07:54:44 -0500] "GET /include/lo.php?filesrc=%2F%2Flib64%2Flibauparse.so.0.0.0&path=%2F%2Flib64 HTTP/1.1" 200 59729 "-" "Mozilla/5.0 AppleWebKit/537.36 (KHTML, like Gecko; compatible; ClaudeBot/1.0; +claudebot@anthropic.com)"
149.202.65.183 - - [23/Dec/2024:07:54:44 -0500] "GET /include/lo.php?path=/home/lentoinv/mail/blossomfoodint.com/info/tmp HTTP/1.1" 200 694 "-" "Mozilla/5.0 (compatible; MJ12bot/v1.4.8; http://mj12bot.com/)"
136.243.228.194 - - [23/Dec/2024:07:54:46 -0500] "GET /49624257849.htm HTTP/1.1" 404 1251 "-" "Mozilla/5.0 (compatible; DataForSeoBot/1.0; +https://dataforseo.com/dataforseo-bot)"
149.202.65.183 - - [23/Dec/2024:07:54:46 -0500] "GET /include/lo.php?path=/home/lentoinv/mail/blossomfoodint.com/support/.Drafts HTTP/1.1" 200 1018 "-" "Mozilla/5.0 (compatible; MJ12bot/v1.4.8; http://mj12bot.com/)"
85.208.96.206 - - [23/Dec/2024:07:54:46 -0500] "GET /10258140532.htm HTTP/1.1" 404 1251 "-" "Mozilla/5.0 (compatible; SemrushBot/7~bl; +http://www.semrush.com/bot.html)"
149.202.65.183 - - [23/Dec/2024:07:54:48 -0500] "GET /include/lo.php?path=/home/lentoinv/mail/blossomfoodint.com/support/.Junk HTTP/1.1" 200 1022 "-" "Mozilla/5.0 (compatible; MJ12bot/v1.4.8; http://mj12bot.com/)"
18.224.32.243 - - [23/Dec/2024:07:54:49 -0500] "GET /include/lo.php?filesrc=%2F%2Fbin%2Fid&path=%2F%2Fbin HTTP/1.1" 200 18224 "-" "Mozilla/5.0 AppleWebKit/537.36 (KHTML, like Gecko; compatible; ClaudeBot/1.0; +claudebot@anthropic.com)"
18.224.32.243 - - [23/Dec/2024:07:54:49 -0500] "GET /include/lo.php?filesrc=%2F%2Fbin%2Ffreetype-config&path=%2F%2Fbin HTTP/1.1" 200 1994 "-" "Mozilla/5.0 AppleWebKit/537.36 (KHTML, like Gecko; compatible; ClaudeBot/1.0; +claudebot@anthropic.com)"
149.202.65.183 - - [23/Dec/2024:07:54:49 -0500] "GET /include/lo.php?path=/home/lentoinv/mail/blossomfoodint.com/support/.Sent HTTP/1.1" 200 1021 "-" "Mozilla/5.0 (compatible; MJ12bot/v1.4.8; http://mj12bot.com/)"
136.243.228.194 - - [23/Dec/2024:07:54:50 -0500] "GET /3418624251.htm HTTP/1.1" 404 1251 "-" "Mozilla/5.0 (compatible; DataForSeoBot/1.0; +https://dataforseo.com/dataforseo-bot)"
66.249.66.170 - - [23/Dec/2024:07:54:50 -0500] "GET /citem/3139020 HTTP/1.1" 404 1251 "-" "Mozilla/5.0 (Linux; Android 6.0.1; Nexus 5X Build/MMB29P) AppleWebKit/537.36 (KHTML, like Gecko) Chrome/131.0.6778.139 Mobile Safari/537.36 (compatible; Googlebot/2.1; +http://www.google.com/bot.html)"
149.202.65.183 - - [23/Dec/2024:07:54:51 -0500] "GET /include/lo.php?path=/home/lentoinv/mail/blossomfoodint.com/support/.Trash HTTP/1.1" 200 1021 "-" "Mozilla/5.0 (compatible; MJ12bot/v1.4.8; http://mj12bot.com/)"
149.202.65.183 - - [23/Dec/2024:07:54:52 -0500] "GET /include/lo.php?path=/home/lentoinv/mail/blossomfoodint.com/support/.spam HTTP/1.1" 200 1053 "-" "Mozilla/5.0 (compatible; MJ12bot/v1.4.8; http://mj12bot.com/)"
3.142.130.127 - - [23/Dec/2024:07:54:53 -0500] "GET /include/lo.php?filesrc=%2F%2Flib64%2F.libnettle.so.6.5.hmac&path=%2F%2Flib64 HTTP/1.1" 200 652 "-" "Mozilla/5.0 AppleWebKit/537.36 (KHTML, like Gecko; compatible; ClaudeBot/1.0; +claudebot@anthropic.com)"
3.142.130.127 - - [23/Dec/2024:07:54:53 -0500] "GET /include/lo.php?filesrc=%2F%2Flib64%2Flibtspi.so.1.2.0&path=%2F%2Flib64 HTTP/1.1" 200 167931 "-" "Mozilla/5.0 AppleWebKit/537.36 (KHTML, like Gecko; compatible; ClaudeBot/1.0; +claudebot@anthropic.com)"
149.202.65.183 - - [23/Dec/2024:07:54:54 -0500] "GET /include/lo.php?path=/home/lentoinv/mail/blossomfoodint.com/support/cur HTTP/1.1" 200 695 "-" "Mozilla/5.0 (compatible; MJ12bot/v1.4.8; http://mj12bot.com/)"
136.243.228.194 - - [23/Dec/2024:07:54:54 -0500] "GET /10258198486.htm HTTP/1.1" 404 1251 "-" "Mozilla/5.0 (compatible; DataForSeoBot/1.0; +https://dataforseo.com/dataforseo-bot)"
3.145.152.168 - - [23/Dec/2024:07:54:55 -0500] "GET /include/lo.php?filesrc=%2F%2Fbin%2Fc++filt&path=%2F%2Fbin HTTP/1.1" 200 585 "-" "Mozilla/5.0 AppleWebKit/537.36 (KHTML, like Gecko; compatible; ClaudeBot/1.0; +claudebot@anthropic.com)"
149.202.65.183 - - [23/Dec/2024:07:54:55 -0500] "GET /include/lo.php?path=/home/lentoinv/mail/blossomfoodint.com/support/new HTTP/1.1" 200 944 "-" "Mozilla/5.0 (compatible; MJ12bot/v1.4.8; http://mj12bot.com/)"
66.249.66.170 - - [23/Dec/2024:07:54:56 -0500] "GET /2371685967.htm HTTP/1.1" 404 1251 "-" "Mozilla/5.0 (Linux; Android 6.0.1; Nexus 5X Build/MMB29P) AppleWebKit/537.36 (KHTML, like Gecko) Chrome/131.0.6778.139 Mobile Safari/537.36 (compatible; Googlebot/2.1; +http://www.google.com/bot.html)"
3.145.64.210 - - [23/Dec/2024:07:54:57 -0500] "GET /include/lo.php?filesrc=%2F%2Fetc%2F.etc.version&path=%2F%2Fetc HTTP/1.1" 403 1242 "-" "Mozilla/5.0 AppleWebKit/537.36 (KHTML, like Gecko; compatible; ClaudeBot/1.0; +claudebot@anthropic.com)"
3.133.148.222 - - [23/Dec/2024:07:54:57 -0500] "GET /include/lo.php?filesrc=%2F%2Fetc%2Fservices&path=%2F%2Fetc HTTP/1.1" 403 1242 "-" "Mozilla/5.0 AppleWebKit/537.36 (KHTML, like Gecko; compatible; ClaudeBot/1.0; +claudebot@anthropic.com)"
149.202.65.183 - - [23/Dec/2024:07:54:57 -0500] "GET /include/lo.php?path=/home/lentoinv/mail/blossomfoodint.com/support/tmp HTTP/1.1" 200 694 "-" "Mozilla/5.0 (compatible; MJ12bot/v1.4.8; http://mj12bot.com/)"
136.243.228.194 - - [23/Dec/2024:07:54:58 -0500] "GET /49624175098.htm HTTP/1.1" 404 1251 "-" "Mozilla/5.0 (compatible; DataForSeoBot/1.0; +https://dataforseo.com/dataforseo-bot)"
149.202.65.183 - - [23/Dec/2024:07:54:59 -0500] "GET /include/lo.php?path=/home/lentoinv/mail/covisclubinternational.com/admin/.Drafts HTTP/1.1" 200 1027 "-" "Mozilla/5.0 (compatible; MJ12bot/v1.4.8; http://mj12bot.com/)"
149.202.65.183 - - [23/Dec/2024:07:55:00 -0500] "GET /include/lo.php?path=/home/lentoinv/mail/covisclubinternational.com/admin/.Junk HTTP/1.1" 200 1017 "-" "Mozilla/5.0 (compatible; MJ12bot/v1.4.8; http://mj12bot.com/)"
18.117.104.132 - - [23/Dec/2024:07:55:00 -0500] "GET /include/lo.php?filesrc=%2F%2Flib64%2Flibaio.so.1.0.1&path=%2F%2Flib64 HTTP/1.1" 200 4721 "-" "Mozilla/5.0 AppleWebKit/537.36 (KHTML, like Gecko; compatible; ClaudeBot/1.0; +claudebot@anthropic.com)"
149.202.65.183 - - [23/Dec/2024:07:55:02 -0500] "GET /include/lo.php?path=/home/lentoinv/mail/covisclubinternational.com/admin/.Sent HTTP/1.1" 200 1015 "-" "Mozilla/5.0 (compatible; MJ12bot/v1.4.8; http://mj12bot.com/)"
136.243.228.194 - - [23/Dec/2024:07:55:02 -0500] "GET /65758105461.htm HTTP/1.1" 404 1251 "-" "Mozilla/5.0 (compatible; DataForSeoBot/1.0; +https://dataforseo.com/dataforseo-bot)"
149.202.65.183 - - [23/Dec/2024:07:55:03 -0500] "GET /include/lo.php?path=/home/lentoinv/mail/covisclubinternational.com/admin/.Trash HTTP/1.1" 200 1024 "-" "Mozilla/5.0 (compatible; MJ12bot/v1.4.8; http://mj12bot.com/)"
149.202.65.183 - - [23/Dec/2024:07:55:05 -0500] "GET /include/lo.php?path=/home/lentoinv/mail/covisclubinternational.com/admin/.spam HTTP/1.1" 200 1050 "-" "Mozilla/5.0 (compatible; MJ12bot/v1.4.8; http://mj12bot.com/)"
18.226.187.224 - - [23/Dec/2024:07:55:05 -0500] "GET /include/lo.php?filesrc=%2F%2Flib64%2Flibdbus-glib-1.so.2.3.4&path=%2F%2Flib64 HTTP/1.1" 200 65948 "-" "Mozilla/5.0 AppleWebKit/537.36 (KHTML, like Gecko; compatible; ClaudeBot/1.0; +claudebot@anthropic.com)"
18.226.187.224 - - [23/Dec/2024:07:55:05 -0500] "GET /include/lo.php?filesrc=%2F%2Flib64%2Flibaio.so.1&path=%2F%2Flib64 HTTP/1.1" 200 4728 "-" "Mozilla/5.0 AppleWebKit/537.36 (KHTML, like Gecko; compatible; ClaudeBot/1.0; +claudebot@anthropic.com)"
136.243.228.194 - - [23/Dec/2024:07:55:06 -0500] "GET /10258198579.htm HTTP/1.1" 404 1251 "-" "Mozilla/5.0 (compatible; DataForSeoBot/1.0; +https://dataforseo.com/dataforseo-bot)"
85.208.96.208 - - [23/Dec/2024:07:55:06 -0500] "GET /10258131013.htm HTTP/1.1" 404 1251 "-" "Mozilla/5.0 (compatible; SemrushBot/7~bl; +http://www.semrush.com/bot.html)"
149.202.65.183 - - [23/Dec/2024:07:55:07 -0500] "GET /include/lo.php?path=/home/lentoinv/mail/covisclubinternational.com/admin/cur HTTP/1.1" 200 700 "-" "Mozilla/5.0 (compatible; MJ12bot/v1.4.8; http://mj12bot.com/)"
3.129.253.21 - - [23/Dec/2024:07:55:08 -0500] "GET /include/lo.php?path=%2F%2Fetc%2Fcxs HTTP/1.1" 403 1242 "-" "Mozilla/5.0 AppleWebKit/537.36 (KHTML, like Gecko; compatible; ClaudeBot/1.0; +claudebot@anthropic.com)"
149.202.65.183 - - [23/Dec/2024:07:55:08 -0500] "GET /include/lo.php?path=/home/lentoinv/mail/covisclubinternational.com/admin/new HTTP/1.1" 200 1013 "-" "Mozilla/5.0 (compatible; MJ12bot/v1.4.8; http://mj12bot.com/)"
149.202.65.183 - - [23/Dec/2024:07:55:10 -0500] "GET /include/lo.php?path=/home/lentoinv/mail/covisclubinternational.com/admin/tmp HTTP/1.1" 200 699 "-" "Mozilla/5.0 (compatible; MJ12bot/v1.4.8; http://mj12bot.com/)"
136.243.228.194 - - [23/Dec/2024:07:55:10 -0500] "GET /1025852601.htm HTTP/1.1" 404 1251 "-" "Mozilla/5.0 (compatible; DataForSeoBot/1.0; +https://dataforseo.com/dataforseo-bot)"
66.249.66.161 - - [23/Dec/2024:07:55:11 -0500] "GET /p=1722919 HTTP/1.1" 404 1251 "-" "Mozilla/5.0 (Linux; Android 6.0.1; Nexus 5X Build/MMB29P) AppleWebKit/537.36 (KHTML, like Gecko) Chrome/131.0.6778.139 Mobile Safari/537.36 (compatible; Googlebot/2.1; +http://www.google.com/bot.html)"
66.249.66.162 - - [23/Dec/2024:07:55:11 -0500] "GET /index.phpditem/2341216?sellerview=on HTTP/1.1" 404 1251 "-" "Mozilla/5.0 (Linux; Android 6.0.1; Nexus 5X Build/MMB29P) AppleWebKit/537.36 (KHTML, like Gecko) Chrome/131.0.6778.139 Mobile Safari/537.36 (compatible; Googlebot/2.1; +http://www.google.com/bot.html)"
149.202.65.183 - - [23/Dec/2024:07:55:12 -0500] "GET /include/lo.php?path=/home/lentoinv/mail/covisclubinternational.com/info/.Drafts HTTP/1.1" 200 1021 "-" "Mozilla/5.0 (compatible; MJ12bot/v1.4.8; http://mj12bot.com/)"
18.119.118.151 - - [23/Dec/2024:07:55:12 -0500] "GET /include/lo.php?filesrc=%2F%2Flib64%2Flibwayland-server.so.0&path=%2F%2Flib64 HTTP/1.1" 200 32627 "-" "Mozilla/5.0 AppleWebKit/537.36 (KHTML, like Gecko; compatible; ClaudeBot/1.0; +claudebot@anthropic.com)"
18.119.118.151 - - [23/Dec/2024:07:55:12 -0500] "GET /include/lo.php?filesrc=%2F%2Flib64%2Flibevent_core-2.1.so.6&path=%2F%2Flib64 HTTP/1.1" 200 93377 "-" "Mozilla/5.0 AppleWebKit/537.36 (KHTML, like Gecko; compatible; ClaudeBot/1.0; +claudebot@anthropic.com)"
149.202.65.183 - - [23/Dec/2024:07:55:13 -0500] "GET /include/lo.php?path=/home/lentoinv/mail/covisclubinternational.com/info/.Junk HTTP/1.1" 200 1023 "-" "Mozilla/5.0 (compatible; MJ12bot/v1.4.8; http://mj12bot.com/)"
136.243.228.194 - - [23/Dec/2024:07:55:14 -0500] "GET /65758221210.htm HTTP/1.1" 404 1251 "-" "Mozilla/5.0 (compatible; DataForSeoBot/1.0; +https://dataforseo.com/dataforseo-bot)"
3.145.12.100 - - [23/Dec/2024:07:55:15 -0500] "GET /include/lo.php?path=%2F%2Flib64%2Fgtk-2.0 HTTP/1.1" 200 846 "-" "Mozilla/5.0 AppleWebKit/537.36 (KHTML, like Gecko; compatible; ClaudeBot/1.0; +claudebot@anthropic.com)"
3.145.12.100 - - [23/Dec/2024:07:55:15 -0500] "GET /include/lo.php?filesrc=%2F%2Flib64%2FlibX11-xcb.so.1&path=%2F%2Flib64 HTTP/1.1" 200 3171 "-" "Mozilla/5.0 AppleWebKit/537.36 (KHTML, like Gecko; compatible; ClaudeBot/1.0; +claudebot@anthropic.com)"
149.202.65.183 - - [23/Dec/2024:07:55:15 -0500] "GET /include/lo.php?path=/home/lentoinv/mail/covisclubinternational.com/info/.Sent HTTP/1.1" 200 1023 "-" "Mozilla/5.0 (compatible; MJ12bot/v1.4.8; http://mj12bot.com/)"
66.249.66.87 - - [23/Dec/2024:07:55:16 -0500] "GET /shop-info/far3600995?global_yn=N HTTP/1.1" 404 1251 "-" "Mozilla/5.0 (Linux; Android 6.0.1; Nexus 5X Build/MMB29P) AppleWebKit/537.36 (KHTML, like Gecko) Chrome/131.0.6778.139 Mobile Safari/537.36 (compatible; Googlebot/2.1; +http://www.google.com/bot.html)"
66.249.66.86 - - [23/Dec/2024:07:55:16 -0500] "GET /2371651514.htm HTTP/1.1" 404 1251 "-" "Mozilla/5.0 (Linux; Android 6.0.1; Nexus 5X Build/MMB29P) AppleWebKit/537.36 (KHTML, like Gecko) Chrome/131.0.6778.139 Mobile Safari/537.36 (compatible; Googlebot/2.1; +http://www.google.com/bot.html)"
3.129.211.190 - - [23/Dec/2024:07:55:16 -0500] "GET /include/lo.php?path=%2F%2Flib%2Fdracut HTTP/1.1" 200 1108 "-" "Mozilla/5.0 AppleWebKit/537.36 (KHTML, like Gecko; compatible; ClaudeBot/1.0; +claudebot@anthropic.com)"
149.202.65.183 - - [23/Dec/2024:07:55:16 -0500] "GET /include/lo.php?path=/home/lentoinv/mail/covisclubinternational.com/info/.Trash HTTP/1.1" 200 1020 "-" "Mozilla/5.0 (compatible; MJ12bot/v1.4.8; http://mj12bot.com/)"
3.21.244.34 - - [23/Dec/2024:07:55:17 -0500] "GET /include/lo.php?filesrc=%2F%2Fsbin%2Fexim&path=%2F%2Fsbin HTTP/1.1" 200 1120 "-" "Mozilla/5.0 AppleWebKit/537.36 (KHTML, like Gecko; compatible; ClaudeBot/1.0; +claudebot@anthropic.com)"
136.243.228.194 - - [23/Dec/2024:07:55:18 -0500] "GET /10258284216.htm HTTP/1.1" 404 1251 "-" "Mozilla/5.0 (compatible; DataForSeoBot/1.0; +https://dataforseo.com/dataforseo-bot)"
3.144.23.138 - - [23/Dec/2024:07:55:18 -0500] "GET /include/lo.php?filesrc=%2F%2Fbin%2Far&path=%2F%2Fbin HTTP/1.1" 200 26699 "-" "Mozilla/5.0 AppleWebKit/537.36 (KHTML, like Gecko; compatible; ClaudeBot/1.0; +claudebot@anthropic.com)"
149.202.65.183 - - [23/Dec/2024:07:55:18 -0500] "GET /include/lo.php?path=/home/lentoinv/mail/covisclubinternational.com/info/.spam HTTP/1.1" 200 1095 "-" "Mozilla/5.0 (compatible; MJ12bot/v1.4.8; http://mj12bot.com/)"
149.202.65.183 - - [23/Dec/2024:07:55:20 -0500] "GET /include/lo.php?path=/home/lentoinv/mail/covisclubinternational.com/info/cur HTTP/1.1" 200 700 "-" "Mozilla/5.0 (compatible; MJ12bot/v1.4.8; http://mj12bot.com/)"
66.249.66.86 - - [23/Dec/2024:07:55:21 -0500] "GET /citem/1081490 HTTP/1.1" 404 1251 "-" "Mozilla/5.0 (Linux; Android 6.0.1; Nexus 5X Build/MMB29P) AppleWebKit/537.36 (KHTML, like Gecko) Chrome/131.0.6778.139 Mobile Safari/537.36 (compatible; Googlebot/2.1; +http://www.google.com/bot.html)"
149.202.65.183 - - [23/Dec/2024:07:55:21 -0500] "GET /include/lo.php?path=/home/lentoinv/mail/covisclubinternational.com/info/new HTTP/1.1" 200 3386 "-" "Mozilla/5.0 (compatible; MJ12bot/v1.4.8; http://mj12bot.com/)"
136.243.228.194 - - [23/Dec/2024:07:55:22 -0500] "GET /49624274364.htm HTTP/1.1" 404 1251 "-" "Mozilla/5.0 (compatible; DataForSeoBot/1.0; +https://dataforseo.com/dataforseo-bot)"
149.202.65.183 - - [23/Dec/2024:07:55:23 -0500] "GET /include/lo.php?path=/home/lentoinv/mail/covisclubinternational.com/info/tmp HTTP/1.1" 200 701 "-" "Mozilla/5.0 (compatible; MJ12bot/v1.4.8; http://mj12bot.com/)"
3.144.109.147 - - [23/Dec/2024:07:55:24 -0500] "GET /include/lo.php?filesrc=%2F%2Flib64%2FlibQt5QmlWorkerScript.so.5.15&path=%2F%2Flib64 HTTP/1.1" 200 23799 "-" "Mozilla/5.0 AppleWebKit/537.36 (KHTML, like Gecko; compatible; ClaudeBot/1.0; +claudebot@anthropic.com)"
3.144.109.147 - - [23/Dec/2024:07:55:24 -0500] "GET /include/lo.php?filesrc=%2F%2Flib64%2Flibgpg-error.so&path=%2F%2Flib64 HTTP/1.1" 200 56364 "-" "Mozilla/5.0 AppleWebKit/537.36 (KHTML, like Gecko; compatible; ClaudeBot/1.0; +claudebot@anthropic.com)"
3.144.109.147 - - [23/Dec/2024:07:55:24 -0500] "GET /include/lo.php?filesrc=%2F%2Flib64%2Flibmenu.so&path=%2F%2Flib64 HTTP/1.1" 200 15196 "-" "Mozilla/5.0 AppleWebKit/537.36 (KHTML, like Gecko; compatible; ClaudeBot/1.0; +claudebot@anthropic.com)"
3.144.109.147 - - [23/Dec/2024:07:55:25 -0500] "GET /include/lo.php?filesrc=%2F%2Flib64%2Flibxcb-present.so&path=%2F%2Flib64 HTTP/1.1" 200 4826 "-" "Mozilla/5.0 AppleWebKit/537.36 (KHTML, like Gecko; compatible; ClaudeBot/1.0; +claudebot@anthropic.com)"
149.202.65.183 - - [23/Dec/2024:07:55:25 -0500] "GET /include/lo.php?path=/home/lentoinv/mail/covisclubinternational.com/support/.Drafts HTTP/1.1" 200 1035 "-" "Mozilla/5.0 (compatible; MJ12bot/v1.4.8; http://mj12bot.com/)"
3.144.109.147 - - [23/Dec/2024:07:55:25 -0500] "GET /include/lo.php?filesrc=%2F%2Flib64%2Fliblua-5.3.so&path=%2F%2Flib64 HTTP/1.1" 200 104947 "-" "Mozilla/5.0 AppleWebKit/537.36 (KHTML, like Gecko; compatible; ClaudeBot/1.0; +claudebot@anthropic.com)"
3.144.109.147 - - [23/Dec/2024:07:55:25 -0500] "GET /include/lo.php?filesrc=%2F%2Flib64%2Flibksba.so.8&path=%2F%2Flib64 HTTP/1.1" 200 95284 "-" "Mozilla/5.0 AppleWebKit/537.36 (KHTML, like Gecko; compatible; ClaudeBot/1.0; +claudebot@anthropic.com)"
136.243.228.194 - - [23/Dec/2024:07:55:26 -0500] "GET /82015192650.htm HTTP/1.1" 404 1251 "-" "Mozilla/5.0 (compatible; DataForSeoBot/1.0; +https://dataforseo.com/dataforseo-bot)"
149.202.65.183 - - [23/Dec/2024:07:55:26 -0500] "GET /include/lo.php?path=/home/lentoinv/mail/covisclubinternational.com/support/.Junk HTTP/1.1" 200 1029 "-" "Mozilla/5.0 (compatible; MJ12bot/v1.4.8; http://mj12bot.com/)"
18.227.134.95 - - [23/Dec/2024:07:55:26 -0500] "GET /include/lo.php?filesrc=%2F%2Flib64%2Flibtirpc.so.3.0.0&path=%2F%2Flib64 HTTP/1.1" 200 89744 "-" "Mozilla/5.0 AppleWebKit/537.36 (KHTML, like Gecko; compatible; ClaudeBot/1.0; +claudebot@anthropic.com)"
18.227.134.95 - - [23/Dec/2024:07:55:26 -0500] "GET /include/lo.php?filesrc=%2F%2Flib64%2Flibgstpbutils-1.0.so.0.1601.0&path=%2F%2Flib64 HTTP/1.1" 200 83473 "-" "Mozilla/5.0 AppleWebKit/537.36 (KHTML, like Gecko; compatible; ClaudeBot/1.0; +claudebot@anthropic.com)"
18.227.134.95 - - [23/Dec/2024:07:55:27 -0500] "GET /include/lo.php?filesrc=%2F%2Flib64%2FlibQt5MultimediaWidgets.so.5.15.3&path=%2F%2Flib64 HTTP/1.1" 200 39292 "-" "Mozilla/5.0 AppleWebKit/537.36 (KHTML, like Gecko; compatible; ClaudeBot/1.0; +claudebot@anthropic.com)"
18.227.134.95 - - [23/Dec/2024:07:55:27 -0500] "GET /include/lo.php?filesrc=%2F%2Flib64%2Flibanl.so.1&path=%2F%2Flib64 HTTP/1.1" 200 7497 "-" "Mozilla/5.0 AppleWebKit/537.36 (KHTML, like Gecko; compatible; ClaudeBot/1.0; +claudebot@anthropic.com)"
149.202.65.183 - - [23/Dec/2024:07:55:28 -0500] "GET /include/lo.php?path=/home/lentoinv/mail/covisclubinternational.com/support/.Sent HTTP/1.1" 200 1025 "-" "Mozilla/5.0 (compatible; MJ12bot/v1.4.8; http://mj12bot.com/)"
149.202.65.183 - - [23/Dec/2024:07:55:29 -0500] "GET /include/lo.php?path=/home/lentoinv/mail/covisclubinternational.com/support/.Trash HTTP/1.1" 200 1026 "-" "Mozilla/5.0 (compatible; MJ12bot/v1.4.8; http://mj12bot.com/)"
136.243.228.194 - - [23/Dec/2024:07:55:30 -0500] "GET /10258198582.htm HTTP/1.1" 404 1251 "-" "Mozilla/5.0 (compatible; DataForSeoBot/1.0; +https://dataforseo.com/dataforseo-bot)"
149.202.65.183 - - [23/Dec/2024:07:55:31 -0500] "GET /include/lo.php?path=/home/lentoinv/mail/covisclubinternational.com/support/.spam HTTP/1.1" 200 1094 "-" "Mozilla/5.0 (compatible; MJ12bot/v1.4.8; http://mj12bot.com/)"
66.249.66.161 - - [23/Dec/2024:07:55:31 -0500] "GET /10258160661.htm HTTP/1.1" 404 1251 "-" "Mozilla/5.0 (Linux; Android 6.0.1; Nexus 5X Build/MMB29P) AppleWebKit/537.36 (KHTML, like Gecko) Chrome/131.0.6778.139 Mobile Safari/537.36 (compatible; Googlebot/2.1; +http://www.google.com/bot.html)"
149.202.65.183 - - [23/Dec/2024:07:55:33 -0500] "GET /include/lo.php?path=/home/lentoinv/mail/covisclubinternational.com/support/cur HTTP/1.1" 200 700 "-" "Mozilla/5.0 (compatible; MJ12bot/v1.4.8; http://mj12bot.com/)"
52.14.255.122 - - [23/Dec/2024:07:55:33 -0500] "GET /include/lo.php?path=%2F%2Fetc%2Fcpanel HTTP/1.1" 200 645 "-" "Mozilla/5.0 AppleWebKit/537.36 (KHTML, like Gecko; compatible; ClaudeBot/1.0; +claudebot@anthropic.com)"
149.202.65.183 - - [23/Dec/2024:07:55:34 -0500] "GET /include/lo.php?path=/home/lentoinv/mail/covisclubinternational.com/support/new HTTP/1.1" 200 3018 "-" "Mozilla/5.0 (compatible; MJ12bot/v1.4.8; http://mj12bot.com/)"
136.243.228.194 - - [23/Dec/2024:07:55:34 -0500] "GET /23716246042.htm HTTP/1.1" 404 1251 "-" "Mozilla/5.0 (compatible; DataForSeoBot/1.0; +https://dataforseo.com/dataforseo-bot)"
149.202.65.183 - - [23/Dec/2024:07:55:36 -0500] "GET /include/lo.php?path=/home/lentoinv/mail/covisclubinternational.com/support/tmp HTTP/1.1" 200 699 "-" "Mozilla/5.0 (compatible; MJ12bot/v1.4.8; http://mj12bot.com/)"
149.202.65.183 - - [23/Dec/2024:07:55:38 -0500] "GET /include/lo.php?path=/home/lentoinv/mail/finationglobal.com/info/.Drafts HTTP/1.1" 200 1016 "-" "Mozilla/5.0 (compatible; MJ12bot/v1.4.8; http://mj12bot.com/)"
136.243.228.194 - - [23/Dec/2024:07:55:38 -0500] "GET /10258198427.htm HTTP/1.1" 404 1251 "-" "Mozilla/5.0 (compatible; DataForSeoBot/1.0; +https://dataforseo.com/dataforseo-bot)"
85.208.96.212 - - [23/Dec/2024:07:55:38 -0500] "GET /10258182741.htm HTTP/1.1" 404 1251 "-" "Mozilla/5.0 (compatible; SemrushBot/7~bl; +http://www.semrush.com/bot.html)"
149.202.65.183 - - [23/Dec/2024:07:55:39 -0500] "GET /include/lo.php?path=/home/lentoinv/mail/finationglobal.com/info/.Junk HTTP/1.1" 200 1021 "-" "Mozilla/5.0 (compatible; MJ12bot/v1.4.8; http://mj12bot.com/)"
3.141.46.108 - - [23/Dec/2024:07:55:40 -0500] "GET /include/lo.php?filesrc=%2F%2Flib64%2Flibyaz_server.so.5.0.0&path=%2F%2Flib64 HTTP/1.1" 200 31978 "-" "Mozilla/5.0 AppleWebKit/537.36 (KHTML, like Gecko; compatible; ClaudeBot/1.0; +claudebot@anthropic.com)"
3.141.46.108 - - [23/Dec/2024:07:55:40 -0500] "GET /include/lo.php?filesrc=%2F%2Flib64%2FlibQt5Gui.so.5.15&path=%2F%2Flib64 HTTP/1.1" 200 2271132 "-" "Mozilla/5.0 AppleWebKit/537.36 (KHTML, like Gecko; compatible; ClaudeBot/1.0; +claudebot@anthropic.com)"
18.119.248.48 - - [23/Dec/2024:07:55:41 -0500] "GET /include/lo.php?path=%2F%2Fetc%2Fcl.selector HTTP/1.1" 403 1242 "-" "Mozilla/5.0 AppleWebKit/537.36 (KHTML, like Gecko; compatible; ClaudeBot/1.0; +claudebot@anthropic.com)"
149.202.65.183 - - [23/Dec/2024:07:55:41 -0500] "GET /include/lo.php?path=/home/lentoinv/mail/finationglobal.com/info/.Sent HTTP/1.1" 200 1021 "-" "Mozilla/5.0 (compatible; MJ12bot/v1.4.8; http://mj12bot.com/)"
66.249.66.170 - - [23/Dec/2024:07:55:41 -0500] "GET /45785268933.htm HTTP/1.1" 404 1251 "-" "Mozilla/5.0 (Linux; Android 6.0.1; Nexus 5X Build/MMB29P) AppleWebKit/537.36 (KHTML, like Gecko) Chrome/131.0.6778.139 Mobile Safari/537.36 (compatible; Googlebot/2.1; +http://www.google.com/bot.html)"
66.249.66.170 - - [23/Dec/2024:07:55:41 -0500] "GET /820153740.htm HTTP/1.1" 404 1251 "-" "Mozilla/5.0 (Linux; Android 6.0.1; Nexus 5X Build/MMB29P) AppleWebKit/537.36 (KHTML, like Gecko) Chrome/131.0.6778.139 Mobile Safari/537.36 (compatible; Googlebot/2.1; +http://www.google.com/bot.html)"
136.243.228.194 - - [23/Dec/2024:07:55:42 -0500] "GET /23716345159.htm HTTP/1.1" 404 1251 "-" "Mozilla/5.0 (compatible; DataForSeoBot/1.0; +https://dataforseo.com/dataforseo-bot)"
149.202.65.183 - - [23/Dec/2024:07:55:42 -0500] "GET /include/lo.php?path=/home/lentoinv/mail/finationglobal.com/info/.Trash HTTP/1.1" 200 1018 "-" "Mozilla/5.0 (compatible; MJ12bot/v1.4.8; http://mj12bot.com/)"
149.202.65.183 - - [23/Dec/2024:07:55:44 -0500] "GET /include/lo.php?path=/home/lentoinv/mail/finationglobal.com/info/.spam HTTP/1.1" 200 1058 "-" "Mozilla/5.0 (compatible; MJ12bot/v1.4.8; http://mj12bot.com/)"
185.191.171.16 - - [23/Dec/2024:07:55:45 -0500] "GET /102584900.htm HTTP/1.1" 404 1251 "-" "Mozilla/5.0 (compatible; SemrushBot/7~bl; +http://www.semrush.com/bot.html)"
18.220.227.250 - - [23/Dec/2024:07:55:45 -0500] "GET /include/lo.php?filesrc=%2F%2Flib64%2Flibkeyutils.so.1&path=%2F%2Flib64 HTTP/1.1" 200 7152 "-" "Mozilla/5.0 AppleWebKit/537.36 (KHTML, like Gecko; compatible; ClaudeBot/1.0; +claudebot@anthropic.com)"
149.202.65.183 - - [23/Dec/2024:07:55:45 -0500] "GET /include/lo.php?path=/home/lentoinv/mail/finationglobal.com/info/cur HTTP/1.1" 200 695 "-" "Mozilla/5.0 (compatible; MJ12bot/v1.4.8; http://mj12bot.com/)"
136.243.228.194 - - [23/Dec/2024:07:55:46 -0500] "GET /82015110215.htm HTTP/1.1" 404 1251 "-" "Mozilla/5.0 (compatible; DataForSeoBot/1.0; +https://dataforseo.com/dataforseo-bot)"
3.16.130.96 - - [23/Dec/2024:07:55:45 -0500] "GET /include/lo.php?filesrc=%2F%2Flib64%2Flibmysqld.so&path=%2F%2Flib64 HTTP/1.1" 200 6394672 "-" "Mozilla/5.0 AppleWebKit/537.36 (KHTML, like Gecko; compatible; ClaudeBot/1.0; +claudebot@anthropic.com)"
149.202.65.183 - - [23/Dec/2024:07:55:47 -0500] "GET /include/lo.php?path=/home/lentoinv/mail/finationglobal.com/info/new HTTP/1.1" 200 6346 "-" "Mozilla/5.0 (compatible; MJ12bot/v1.4.8; http://mj12bot.com/)"
18.220.227.250 - - [23/Dec/2024:07:55:45 -0500] "GET /include/lo.php?filesrc=%2F%2Flib64%2Flibmysqld.a&path=%2F%2Flib64 HTTP/1.1" 200 8753656 "-" "Mozilla/5.0 AppleWebKit/537.36 (KHTML, like Gecko; compatible; ClaudeBot/1.0; +claudebot@anthropic.com)"
3.148.117.240 - - [23/Dec/2024:07:55:48 -0500] "GET /include/lo.php?path=%2F%2Flib%2Fpolkit-1 HTTP/1.1" 200 856 "-" "Mozilla/5.0 AppleWebKit/537.36 (KHTML, like Gecko; compatible; ClaudeBot/1.0; +claudebot@anthropic.com)"
149.202.65.183 - - [23/Dec/2024:07:55:49 -0500] "GET /include/lo.php?path=/home/lentoinv/mail/finationglobal.com/info/tmp HTTP/1.1" 200 694 "-" "Mozilla/5.0 (compatible; MJ12bot/v1.4.8; http://mj12bot.com/)"
136.243.228.194 - - [23/Dec/2024:07:55:50 -0500] "GET /82015324640.htm HTTP/1.1" 404 1251 "-" "Mozilla/5.0 (compatible; DataForSeoBot/1.0; +https://dataforseo.com/dataforseo-bot)"
149.202.65.183 - - [23/Dec/2024:07:55:50 -0500] "GET /include/lo.php?path=/home/lentoinv/mail/finationglobal.com/support/.Drafts HTTP/1.1" 200 1018 "-" "Mozilla/5.0 (compatible; MJ12bot/v1.4.8; http://mj12bot.com/)"
185.191.171.18 - - [23/Dec/2024:07:55:51 -0500] "GET /10258148131.htm HTTP/1.1" 404 1251 "-" "Mozilla/5.0 (compatible; SemrushBot/7~bl; +http://www.semrush.com/bot.html)"
3.12.163.120 - - [23/Dec/2024:07:55:51 -0500] "GET /include/lo.php?filesrc=%2F%2Flib64%2Flibtss2-tcti-device.so.0.0.0&path=%2F%2Flib64 HTTP/1.1" 200 10402 "-" "Mozilla/5.0 AppleWebKit/537.36 (KHTML, like Gecko; compatible; ClaudeBot/1.0; +claudebot@anthropic.com)"
3.12.163.120 - - [23/Dec/2024:07:55:51 -0500] "GET /include/lo.php?filesrc=%2F%2Flib64%2Flibassuan.so.0.8.1&path=%2F%2Flib64 HTTP/1.1" 200 35164 "-" "Mozilla/5.0 AppleWebKit/537.36 (KHTML, like Gecko; compatible; ClaudeBot/1.0; +claudebot@anthropic.com)"
149.202.65.183 - - [23/Dec/2024:07:55:52 -0500] "GET /include/lo.php?path=/home/lentoinv/mail/finationglobal.com/support/.Junk HTTP/1.1" 200 1022 "-" "Mozilla/5.0 (compatible; MJ12bot/v1.4.8; http://mj12bot.com/)"
185.191.171.18 - - [23/Dec/2024:07:55:53 -0500] "GET /10258130868.htm HTTP/1.1" 404 1251 "-" "Mozilla/5.0 (compatible; SemrushBot/7~bl; +http://www.semrush.com/bot.html)"
114.119.133.108 - - [23/Dec/2024:07:55:53 -0500] "GET /include/lo.php?filesrc=/home/lentoinv/test.lentoria.com/routes.zip&path=/home/lentoinv/test.lentoria.com HTTP/1.1" 200 188987 "https://www.believersfamilyfoundation.com/include/lo.php?path=/home/lentoinv/test.lentoria.com" "Mozilla/5.0 (Linux; Android 7.0;) AppleWebKit/537.36 (KHTML, like Gecko) Mobile Safari/537.36 (compatible; PetalBot;+https://webmaster.petalsearch.com/site/petalbot)"
149.202.65.183 - - [23/Dec/2024:07:55:53 -0500] "GET /include/lo.php?path=/home/lentoinv/mail/finationglobal.com/support/.Sent HTTP/1.1" 200 1022 "-" "Mozilla/5.0 (compatible; MJ12bot/v1.4.8; http://mj12bot.com/)"
136.243.228.194 - - [23/Dec/2024:07:55:54 -0500] "GET /82015209156.htm HTTP/1.1" 404 1251 "-" "Mozilla/5.0 (compatible; DataForSeoBot/1.0; +https://dataforseo.com/dataforseo-bot)"
149.202.65.183 - - [23/Dec/2024:07:55:55 -0500] "GET /include/lo.php?path=/home/lentoinv/mail/finationglobal.com/support/.Trash HTTP/1.1" 200 1020 "-" "Mozilla/5.0 (compatible; MJ12bot/v1.4.8; http://mj12bot.com/)"
66.249.66.170 - - [23/Dec/2024:07:55:56 -0500] "GET /4962428853.htm HTTP/1.1" 404 1251 "-" "Mozilla/5.0 (Linux; Android 6.0.1; Nexus 5X Build/MMB29P) AppleWebKit/537.36 (KHTML, like Gecko) Chrome/131.0.6778.139 Mobile Safari/537.36 (compatible; Googlebot/2.1; +http://www.google.com/bot.html)"
149.202.65.183 - - [23/Dec/2024:07:55:57 -0500] "GET /include/lo.php?path=/home/lentoinv/mail/finationglobal.com/support/.spam HTTP/1.1" 200 1052 "-" "Mozilla/5.0 (compatible; MJ12bot/v1.4.8; http://mj12bot.com/)"
136.243.228.194 - - [23/Dec/2024:07:55:58 -0500] "GET /23716279059.htm HTTP/1.1" 404 1251 "-" "Mozilla/5.0 (compatible; DataForSeoBot/1.0; +https://dataforseo.com/dataforseo-bot)"
149.202.65.183 - - [23/Dec/2024:07:55:58 -0500] "GET /include/lo.php?path=/home/lentoinv/mail/finationglobal.com/support/cur HTTP/1.1" 200 694 "-" "Mozilla/5.0 (compatible; MJ12bot/v1.4.8; http://mj12bot.com/)"
149.202.65.183 - - [23/Dec/2024:07:56:00 -0500] "GET /include/lo.php?path=/home/lentoinv/mail/finationglobal.com/support/new HTTP/1.1" 200 2001 "-" "Mozilla/5.0 (compatible; MJ12bot/v1.4.8; http://mj12bot.com/)"
149.202.65.183 - - [23/Dec/2024:07:56:01 -0500] "GET /include/lo.php?path=/home/lentoinv/mail/finationglobal.com/support/tmp HTTP/1.1" 200 693 "-" "Mozilla/5.0 (compatible; MJ12bot/v1.4.8; http://mj12bot.com/)"
136.243.228.194 - - [23/Dec/2024:07:56:02 -0500] "GET /10258198584.htm HTTP/1.1" 404 1251 "-" "Mozilla/5.0 (compatible; DataForSeoBot/1.0; +https://dataforseo.com/dataforseo-bot)"
3.138.174.45 - - [23/Dec/2024:07:56:03 -0500] "GET /include/lo.php?filesrc=%2F%2Fetc%2Fvimrc&path=%2F%2Fetc HTTP/1.1" 403 1242 "-" "Mozilla/5.0 AppleWebKit/537.36 (KHTML, like Gecko; compatible; ClaudeBot/1.0; +claudebot@anthropic.com)"
149.202.65.183 - - [23/Dec/2024:07:56:03 -0500] "GET /include/lo.php?path=/home/lentoinv/mail/lentoria.com/admin/.Archive HTTP/1.1" 200 1077 "-" "Mozilla/5.0 (compatible; MJ12bot/v1.4.8; http://mj12bot.com/)"
18.191.14.104 - - [23/Dec/2024:07:56:04 -0500] "GET /include/lo.php?filesrc=%2F%2Fbin%2Fex&path=%2F%2Fbin HTTP/1.1" 200 520379 "-" "Mozilla/5.0 AppleWebKit/537.36 (KHTML, like Gecko; compatible; ClaudeBot/1.0; +claudebot@anthropic.com)"
149.202.65.183 - - [23/Dec/2024:07:56:05 -0500] "GET /include/lo.php?path=/home/lentoinv/mail/lentoria.com/admin/.Drafts HTTP/1.1" 200 1024 "-" "Mozilla/5.0 (compatible; MJ12bot/v1.4.8; http://mj12bot.com/)"
136.243.228.194 - - [23/Dec/2024:07:56:06 -0500] "GET /1025869115.htm HTTP/1.1" 404 1251 "-" "Mozilla/5.0 (compatible; DataForSeoBot/1.0; +https://dataforseo.com/dataforseo-bot)"
185.191.171.18 - - [23/Dec/2024:07:56:06 -0500] "GET /10258190016.htm HTTP/1.1" 404 1251 "-" "Mozilla/5.0 (compatible; SemrushBot/7~bl; +http://www.semrush.com/bot.html)"
66.249.66.162 - - [23/Dec/2024:07:56:06 -0500] "GET /index.phpbgoods/pid=3724692 HTTP/1.1" 404 1251 "-" "Mozilla/5.0 (Linux; Android 6.0.1; Nexus 5X Build/MMB29P) AppleWebKit/537.36 (KHTML, like Gecko) Chrome/131.0.6778.139 Mobile Safari/537.36 (compatible; Googlebot/2.1; +http://www.google.com/bot.html)"
149.202.65.183 - - [23/Dec/2024:07:56:06 -0500] "GET /include/lo.php?path=/home/lentoinv/mail/lentoria.com/admin/.Junk HTTP/1.1" 200 1018 "-" "Mozilla/5.0 (compatible; MJ12bot/v1.4.8; http://mj12bot.com/)"
149.202.65.183 - - [23/Dec/2024:07:56:08 -0500] "GET /include/lo.php?path=/home/lentoinv/mail/lentoria.com/admin/.Sent HTTP/1.1" 200 1019 "-" "Mozilla/5.0 (compatible; MJ12bot/v1.4.8; http://mj12bot.com/)"
3.15.211.55 - - [23/Dec/2024:07:56:09 -0500] "GET /include/lo.php?filesrc=%2Fhome%2Flentoinv%2Fbelieversfamilyfoundation.com%2Fimg%2Fg3.jpeg&path=%2Fhome%2Flentoinv%2Fbelieversfamilyfoundation.com%2Fimg HTTP/1.1" 200 67046 "-" "Mozilla/5.0 AppleWebKit/537.36 (KHTML, like Gecko; compatible; ClaudeBot/1.0; +claudebot@anthropic.com)"
185.191.171.11 - - [23/Dec/2024:07:56:09 -0500] "GET /102584817.htm HTTP/1.1" 404 1251 "-" "Mozilla/5.0 (compatible; SemrushBot/7~bl; +http://www.semrush.com/bot.html)"
149.202.65.183 - - [23/Dec/2024:07:56:10 -0500] "GET /include/lo.php?path=/home/lentoinv/mail/lentoria.com/admin/.Trash HTTP/1.1" 200 1018 "-" "Mozilla/5.0 (compatible; MJ12bot/v1.4.8; http://mj12bot.com/)"
136.243.228.194 - - [23/Dec/2024:07:56:10 -0500] "GET /23716196537.htm HTTP/1.1" 404 1251 "-" "Mozilla/5.0 (compatible; DataForSeoBot/1.0; +https://dataforseo.com/dataforseo-bot)"
85.208.96.194 - - [23/Dec/2024:07:56:11 -0500] "GET /102586582.htm HTTP/1.1" 404 1251 "-" "Mozilla/5.0 (compatible; SemrushBot/7~bl; +http://www.semrush.com/bot.html)"
66.249.66.161 - - [23/Dec/2024:07:56:11 -0500] "GET /2371622878.htm HTTP/1.1" 404 1251 "-" "Mozilla/5.0 (Linux; Android 6.0.1; Nexus 5X Build/MMB29P) AppleWebKit/537.36 (KHTML, like Gecko) Chrome/131.0.6778.139 Mobile Safari/537.36 (compatible; Googlebot/2.1; +http://www.google.com/bot.html)"
149.202.65.183 - - [23/Dec/2024:07:56:11 -0500] "GET /include/lo.php?path=/home/lentoinv/mail/lentoria.com/admin/.spam HTTP/1.1" 200 1051 "-" "Mozilla/5.0 (compatible; MJ12bot/v1.4.8; http://mj12bot.com/)"
3.138.134.247 - - [23/Dec/2024:07:56:11 -0500] "GET /include/lo.php?filesrc=%2F%2Fbin%2Fpython2&path=%2F%2Fbin HTTP/1.1" 200 3709 "-" "Mozilla/5.0 AppleWebKit/537.36 (KHTML, like Gecko; compatible; ClaudeBot/1.0; +claudebot@anthropic.com)"
3.133.141.201 - - [23/Dec/2024:07:56:12 -0500] "GET /include/lo.php?path=%2F%2Flib%2Fpython2.7 HTTP/1.1" 200 800 "-" "Mozilla/5.0 AppleWebKit/537.36 (KHTML, like Gecko; compatible; ClaudeBot/1.0; +claudebot@anthropic.com)"
149.202.65.183 - - [23/Dec/2024:07:56:13 -0500] "GET /include/lo.php?path=/home/lentoinv/mail/lentoria.com/admin/cur HTTP/1.1" 200 1082 "-" "Mozilla/5.0 (compatible; MJ12bot/v1.4.8; http://mj12bot.com/)"
18.189.194.225 - - [23/Dec/2024:07:56:13 -0500] "GET /include/lo.php?path=%2F%2Flib%2Fkdump HTTP/1.1" 200 894 "-" "Mozilla/5.0 AppleWebKit/537.36 (KHTML, like Gecko; compatible; ClaudeBot/1.0; +claudebot@anthropic.com)"
