216.73.216.93 - - [10/Jul/2025:12:24:53 -0400] "GET /include/lo.php?filesrc=%2F%2Fproc%2Fself%2Froot%2Flib%2Fpython2.7%2Fsite-packages%2Fpip%2F_vendor%2Fdistlib%2Fmarkers.py&path=%2F%2Fproc%2Fself%2Froot%2Flib%2Fpython2.7%2Fsite-packages%2Fpip%2F_vendor%2Fdistlib HTTP/1.1" 200 2680 "-" "Mozilla/5.0 AppleWebKit/537.36 (KHTML, like Gecko; compatible; ClaudeBot/1.0; +claudebot@anthropic.com)"
216.73.216.93 - - [10/Jul/2025:12:24:53 -0400] "GET /include/lo.php?filesrc=%2F%2Fproc%2Fself%2Froot%2Flib%2Fpython2.7%2Fsite-packages%2Fpip%2F_vendor%2Frequests%2Fstatus_codes.pyc&path=%2F%2Fproc%2Fself%2Froot%2Flib%2Fpython2.7%2Fsite-packages%2Fpip%2F_vendor%2Frequests HTTP/1.1" 200 2470 "-" "Mozilla/5.0 AppleWebKit/537.36 (KHTML, like Gecko; compatible; ClaudeBot/1.0; +claudebot@anthropic.com)"
216.73.216.93 - - [10/Jul/2025:12:24:53 -0400] "GET /include/lo.php?filesrc=%2F%2Fproc%2Fself%2Froot%2Flib%2Fpython2.7%2Fsite-packages%2Fpip%2F_vendor%2Frequests%2Fhooks.pyc&path=%2F%2Fproc%2Fself%2Froot%2Flib%2Fpython2.7%2Fsite-packages%2Fpip%2F_vendor%2Frequests HTTP/1.1" 200 1278 "-" "Mozilla/5.0 AppleWebKit/537.36 (KHTML, like Gecko; compatible; ClaudeBot/1.0; +claudebot@anthropic.com)"
85.208.96.208 - - [10/Jul/2025:12:25:34 -0400] "GET /34186272085.htm HTTP/1.1" 404 1251 "-" "Mozilla/5.0 (compatible; SemrushBot/7~bl; +http://www.semrush.com/bot.html)"
216.73.216.93 - - [10/Jul/2025:12:25:43 -0400] "GET /include/lo.php?filesrc=%2F%2Fproc%2Fself%2Froot%2Flib%2Fpython2.7%2Fsite-packages%2Fpip%2F_vendor%2Fdistlib%2Fwheel.py&path=%2F%2Fproc%2Fself%2Froot%2Flib%2Fpython2.7%2Fsite-packages%2Fpip%2F_vendor%2Fdistlib HTTP/1.1" 200 10724 "-" "Mozilla/5.0 AppleWebKit/537.36 (KHTML, like Gecko; compatible; ClaudeBot/1.0; +claudebot@anthropic.com)"
216.73.216.93 - - [10/Jul/2025:12:25:43 -0400] "GET /include/lo.php?filesrc=%2F%2Fproc%2Fself%2Froot%2Flib%2Fpython2.7%2Fsite-packages%2Fpip%2F_vendor%2Fdistlib%2Fscripts.pyo&path=%2F%2Fproc%2Fself%2Froot%2Flib%2Fpython2.7%2Fsite-packages%2Fpip%2F_vendor%2Fdistlib HTTP/1.1" 200 6296 "-" "Mozilla/5.0 AppleWebKit/537.36 (KHTML, like Gecko; compatible; ClaudeBot/1.0; +claudebot@anthropic.com)"
216.73.216.93 - - [10/Jul/2025:12:25:43 -0400] "GET /include/lo.php?filesrc=%2F%2Fproc%2Fthread-self%2Froot%2Fopt%2Falt%2Fpython37%2Flib64%2Fpython3.7%2Fsite-packages%2Fmultidict%2F_multilib%2Fdefs.h&path=%2F%2Fproc%2Fthread-self%2Froot%2Fopt%2Falt%2Fpython37%2Flib64%2Fpython3.7%2Fsite-packages%2Fmultidict%2F_multilib HTTP/1.1" 200 1060 "-" "Mozilla/5.0 AppleWebKit/537.36 (KHTML, like Gecko; compatible; ClaudeBot/1.0; +claudebot@anthropic.com)"
216.73.216.93 - - [10/Jul/2025:12:25:43 -0400] "GET /include/lo.php?filesrc=%2F%2Fproc%2Fself%2Froot%2Flib%2Fpython2.7%2Fsite-packages%2Fpip%2F_vendor%2Fhtml5lib%2F__init__.pyo&path=%2F%2Fproc%2Fself%2Froot%2Flib%2Fpython2.7%2Fsite-packages%2Fpip%2F_vendor%2Fhtml5lib HTTP/1.1" 200 1306 "-" "Mozilla/5.0 AppleWebKit/537.36 (KHTML, like Gecko; compatible; ClaudeBot/1.0; +claudebot@anthropic.com)"
216.73.216.93 - - [10/Jul/2025:12:25:43 -0400] "GET /include/lo.php?filesrc=%2F%2Fproc%2Fself%2Froot%2Flib%2Fpython2.7%2Fsite-packages%2Fpip%2F_vendor%2Fdistlib%2Fmarkers.pyc&path=%2F%2Fproc%2Fself%2Froot%2Flib%2Fpython2.7%2Fsite-packages%2Fpip%2F_vendor%2Fdistlib HTTP/1.1" 200 3677 "-" "Mozilla/5.0 AppleWebKit/537.36 (KHTML, like Gecko; compatible; ClaudeBot/1.0; +claudebot@anthropic.com)"
216.73.216.93 - - [10/Jul/2025:12:25:43 -0400] "GET /include/lo.php?filesrc=%2F%2Fproc%2Fself%2Froot%2Flib%2Fpython2.7%2Fsite-packages%2Fpip%2F_vendor%2Fwebencodings%2Ftests.py&path=%2F%2Fproc%2Fself%2Froot%2Flib%2Fpython2.7%2Fsite-packages%2Fpip%2F_vendor%2Fwebencodings HTTP/1.1" 200 2300 "-" "Mozilla/5.0 AppleWebKit/537.36 (KHTML, like Gecko; compatible; ClaudeBot/1.0; +claudebot@anthropic.com)"
216.73.216.93 - - [10/Jul/2025:12:25:43 -0400] "GET /include/lo.php?filesrc=%2F%2Fproc%2Fself%2Froot%2Flib%2Fpython2.7%2Fsite-packages%2Fpip%2F_vendor%2Fdistlib%2Fversion.pyc&path=%2F%2Fproc%2Fself%2Froot%2Flib%2Fpython2.7%2Fsite-packages%2Fpip%2F_vendor%2Fdistlib HTTP/1.1" 200 9271 "-" "Mozilla/5.0 AppleWebKit/537.36 (KHTML, like Gecko; compatible; ClaudeBot/1.0; +claudebot@anthropic.com)"
114.119.155.54 - - [10/Jul/2025:12:25:50 -0400] "GET /include/lo.php?path=/home/lentoinv/finationglobal.com/finationglobalcom/arch/assets/plugins/datatable/js HTTP/1.1" 200 1477 "https://www.believersfamilyfoundation.com/include/lo.php?path=/home/lentoinv/finationglobal.com/finationglobalcom/arch/assets/plugins/datatable/js" "Mozilla/5.0 (Linux; Android 7.0;) AppleWebKit/537.36 (KHTML, like Gecko) Mobile Safari/537.36 (compatible; PetalBot;+https://webmaster.petalsearch.com/site/petalbot)"
185.191.171.11 - - [10/Jul/2025:12:25:53 -0400] "GET /34186187996.htm HTTP/1.1" 404 1251 "-" "Mozilla/5.0 (compatible; SemrushBot/7~bl; +http://www.semrush.com/bot.html)"
66.249.89.170 - - [10/Jul/2025:12:25:54 -0400] "GET /.well-known/assetlinks.json HTTP/1.1" 404 1251 "-" "Mozilla/5.0 (Windows NT 10.0; Win64; x64)AppleWebKit/537.36 (KHTML, like Gecko) Chrome/91.0.4472.101 Safari/537.36"
185.191.171.16 - - [10/Jul/2025:12:26:03 -0400] "GET /34186222038.htm HTTP/1.1" 404 1251 "-" "Mozilla/5.0 (compatible; SemrushBot/7~bl; +http://www.semrush.com/bot.html)"
85.208.96.202 - - [10/Jul/2025:12:26:15 -0400] "GET /34186175893.htm HTTP/1.1" 404 1251 "-" "Mozilla/5.0 (compatible; SemrushBot/7~bl; +http://www.semrush.com/bot.html)"
185.191.171.18 - - [10/Jul/2025:12:26:17 -0400] "GET /23716367833.htm HTTP/1.1" 404 1251 "-" "Mozilla/5.0 (compatible; SemrushBot/7~bl; +http://www.semrush.com/bot.html)"
216.73.216.93 - - [10/Jul/2025:12:26:29 -0400] "GET /include/lo.php?filesrc=%2F%2Fproc%2Fself%2Froot%2Flib%2Fpython2.7%2Fsite-packages%2Fpip%2F_vendor%2Frequests%2Fstructures.py&path=%2F%2Fproc%2Fself%2Froot%2Flib%2Fpython2.7%2Fsite-packages%2Fpip%2F_vendor%2Frequests HTTP/1.1" 200 1851 "-" "Mozilla/5.0 AppleWebKit/537.36 (KHTML, like Gecko; compatible; ClaudeBot/1.0; +claudebot@anthropic.com)"
216.73.216.93 - - [10/Jul/2025:12:26:29 -0400] "GET /include/lo.php?filesrc=%2F%2Fproc%2Fself%2Froot%2Fproc%2Fself%2Froot%2Fopt%2Falt%2Fruby22%2Flib64%2Fruby%2F2.2.0%2Frubygems%2Fcommands%2Frdoc_command.rb&path=%2F%2Fproc%2Fself%2Froot%2Fproc%2Fself%2Froot%2Fopt%2Falt%2Fruby22%2Flib64%2Fruby%2F2.2.0%2Frubygems%2Fcommands HTTP/1.1" 200 1642 "-" "Mozilla/5.0 AppleWebKit/537.36 (KHTML, like Gecko; compatible; ClaudeBot/1.0; +claudebot@anthropic.com)"
216.73.216.93 - - [10/Jul/2025:12:26:29 -0400] "GET /include/lo.php?filesrc=%2F%2Fproc%2Fthread-self%2Froot%2Fopt%2Falt%2Fpython33%2Flib64%2Fpython3.3%2Fxml%2Fdom%2F__pycache__%2Fpulldom.cpython-33.pyo&path=%2F%2Fproc%2Fthread-self%2Froot%2Fopt%2Falt%2Fpython33%2Flib64%2Fpython3.3%2Fxml%2Fdom%2F__pycache__ HTTP/1.1" 200 5482 "-" "Mozilla/5.0 AppleWebKit/537.36 (KHTML, like Gecko; compatible; ClaudeBot/1.0; +claudebot@anthropic.com)"
216.73.216.93 - - [10/Jul/2025:12:26:29 -0400] "GET /include/lo.php?filesrc=%2F%2Fproc%2Fself%2Froot%2Flib%2Fpython2.7%2Fsite-packages%2Fpip%2F_vendor%2Fwebencodings%2Ftests.pyc&path=%2F%2Fproc%2Fself%2Froot%2Flib%2Fpython2.7%2Fsite-packages%2Fpip%2F_vendor%2Fwebencodings HTTP/1.1" 200 3098 "-" "Mozilla/5.0 AppleWebKit/537.36 (KHTML, like Gecko; compatible; ClaudeBot/1.0; +claudebot@anthropic.com)"
216.73.216.93 - - [10/Jul/2025:12:26:29 -0400] "GET /include/lo.php?filesrc=%2F%2Fproc%2Fself%2Froot%2Fproc%2Fself%2Froot%2Fopt%2Falt%2Fruby22%2Flib64%2Fruby%2F2.2.0%2Frubygems%2Fcommands%2Ffetch_command.rb&path=%2F%2Fproc%2Fself%2Froot%2Fproc%2Fself%2Froot%2Fopt%2Falt%2Fruby22%2Flib64%2Fruby%2F2.2.0%2Frubygems%2Fcommands HTTP/1.1" 200 1456 "-" "Mozilla/5.0 AppleWebKit/537.36 (KHTML, like Gecko; compatible; ClaudeBot/1.0; +claudebot@anthropic.com)"
216.73.216.93 - - [10/Jul/2025:12:26:29 -0400] "GET /include/lo.php?filesrc=%2F%2Fproc%2Fself%2Froot%2Flib%2Fpython2.7%2Fsite-packages%2Fpip%2F_vendor%2Fdistlib%2Findex.pyc&path=%2F%2Fproc%2Fself%2Froot%2Flib%2Fpython2.7%2Fsite-packages%2Fpip%2F_vendor%2Fdistlib HTTP/1.1" 200 7945 "-" "Mozilla/5.0 AppleWebKit/537.36 (KHTML, like Gecko; compatible; ClaudeBot/1.0; +claudebot@anthropic.com)"
216.73.216.93 - - [10/Jul/2025:12:26:30 -0400] "GET /include/lo.php?filesrc=%2F%2Fproc%2Fself%2Froot%2Flib%2Fpython2.7%2Fsite-packages%2Fpip%2F_vendor%2Frequests%2Fsessions.py&path=%2F%2Fproc%2Fself%2Froot%2Flib%2Fpython2.7%2Fsite-packages%2Fpip%2F_vendor%2Frequests HTTP/1.1" 200 9111 "-" "Mozilla/5.0 AppleWebKit/537.36 (KHTML, like Gecko; compatible; ClaudeBot/1.0; +claudebot@anthropic.com)"
185.191.171.16 - - [10/Jul/2025:12:26:39 -0400] "GET /34186230449.htm HTTP/1.1" 404 1251 "-" "Mozilla/5.0 (compatible; SemrushBot/7~bl; +http://www.semrush.com/bot.html)"
85.208.96.204 - - [10/Jul/2025:12:26:44 -0400] "GET /34186212020.htm HTTP/1.1" 404 1251 "-" "Mozilla/5.0 (compatible; SemrushBot/7~bl; +http://www.semrush.com/bot.html)"
85.208.96.209 - - [10/Jul/2025:12:26:47 -0400] "GET /34186271846.htm HTTP/1.1" 404 1251 "-" "Mozilla/5.0 (compatible; SemrushBot/7~bl; +http://www.semrush.com/bot.html)"
85.208.96.199 - - [10/Jul/2025:12:26:54 -0400] "GET /34186256436.htm HTTP/1.1" 404 1251 "-" "Mozilla/5.0 (compatible; SemrushBot/7~bl; +http://www.semrush.com/bot.html)"
85.208.96.196 - - [10/Jul/2025:12:27:06 -0400] "GET /34186261774.htm HTTP/1.1" 404 1251 "-" "Mozilla/5.0 (compatible; SemrushBot/7~bl; +http://www.semrush.com/bot.html)"
216.73.216.93 - - [10/Jul/2025:12:27:08 -0400] "GET /include/lo.php?filesrc=%2F%2Fproc%2Fself%2Froot%2Flib%2Fpython2.7%2Fsite-packages%2Fpip%2F_vendor%2Fdistlib%2Fwheel.pyc&path=%2F%2Fproc%2Fself%2Froot%2Flib%2Fpython2.7%2Fsite-packages%2Fpip%2F_vendor%2Fdistlib HTTP/1.1" 200 14010 "-" "Mozilla/5.0 AppleWebKit/537.36 (KHTML, like Gecko; compatible; ClaudeBot/1.0; +claudebot@anthropic.com)"
216.73.216.93 - - [10/Jul/2025:12:27:08 -0400] "GET /include/lo.php?filesrc=%2F%2Flib%2Fpython2.7%2Fsite-packages%2Fpip%2F_vendor%2Furllib3%2Fpackages%2Fbackports%2F__init__.pyo&path=%2F%2Flib%2Fpython2.7%2Fsite-packages%2Fpip%2F_vendor%2Furllib3%2Fpackages%2Fbackports HTTP/1.1" 200 756 "-" "Mozilla/5.0 AppleWebKit/537.36 (KHTML, like Gecko; compatible; ClaudeBot/1.0; +claudebot@anthropic.com)"
216.73.216.93 - - [10/Jul/2025:12:27:08 -0400] "GET /include/lo.php?filesrc=%2F%2Fproc%2Fself%2Froot%2Flib%2Fpython2.7%2Fsite-packages%2Fpip%2F_vendor%2Frequests%2Fsessions.pyc&path=%2F%2Fproc%2Fself%2Froot%2Flib%2Fpython2.7%2Fsite-packages%2Fpip%2F_vendor%2Frequests HTTP/1.1" 200 9037 "-" "Mozilla/5.0 AppleWebKit/537.36 (KHTML, like Gecko; compatible; ClaudeBot/1.0; +claudebot@anthropic.com)"
216.73.216.93 - - [10/Jul/2025:12:27:08 -0400] "GET /include/lo.php?filesrc=%2F%2Fproc%2Fself%2Froot%2Fproc%2Fself%2Froot%2Fopt%2Falt%2Fruby22%2Flib64%2Fruby%2F2.2.0%2Frubygems%2Fcommands%2Funpack_command.rb&path=%2F%2Fproc%2Fself%2Froot%2Fproc%2Fself%2Froot%2Fopt%2Falt%2Fruby22%2Flib64%2Fruby%2F2.2.0%2Frubygems%2Fcommands HTTP/1.1" 200 2566 "-" "Mozilla/5.0 AppleWebKit/537.36 (KHTML, like Gecko; compatible; ClaudeBot/1.0; +claudebot@anthropic.com)"
216.73.216.93 - - [10/Jul/2025:12:27:08 -0400] "GET /include/lo.php?filesrc=%2F%2Fproc%2Fself%2Froot%2Flib%2Fpython2.7%2Fsite-packages%2Fpip%2F_vendor%2Frequests%2Fcompat.py&path=%2F%2Fproc%2Fself%2Froot%2Flib%2Fpython2.7%2Fsite-packages%2Fpip%2F_vendor%2Frequests HTTP/1.1" 200 1261 "-" "Mozilla/5.0 AppleWebKit/537.36 (KHTML, like Gecko; compatible; ClaudeBot/1.0; +claudebot@anthropic.com)"
216.73.216.93 - - [10/Jul/2025:12:27:08 -0400] "GET /include/lo.php?filesrc=%2F%2Fproc%2Fthread-self%2Froot%2Fopt%2Falt%2Fpython37%2Flib64%2Fpython3.7%2Fsite-packages%2Fmultidict%2F_multilib%2Fiter.h&path=%2F%2Fproc%2Fthread-self%2Froot%2Fopt%2Falt%2Fpython37%2Flib64%2Fpython3.7%2Fsite-packages%2Fmultidict%2F_multilib HTTP/1.1" 200 2003 "-" "Mozilla/5.0 AppleWebKit/537.36 (KHTML, like Gecko; compatible; ClaudeBot/1.0; +claudebot@anthropic.com)"
216.73.216.93 - - [10/Jul/2025:12:27:08 -0400] "GET /include/lo.php?filesrc=%2F%2Fproc%2Fthread-self%2Froot%2Fopt%2Falt%2Fpython37%2Flib64%2Fpython3.7%2Fxml%2Fdom%2F__pycache__%2Fdomreg.cpython-37.pyc&path=%2F%2Fproc%2Fthread-self%2Froot%2Fopt%2Falt%2Fpython37%2Flib64%2Fpython3.7%2Fxml%2Fdom%2F__pycache__ HTTP/1.1" 200 2314 "-" "Mozilla/5.0 AppleWebKit/537.36 (KHTML, like Gecko; compatible; ClaudeBot/1.0; +claudebot@anthropic.com)"
185.191.171.16 - - [10/Jul/2025:12:27:10 -0400] "GET /82015324390.htm HTTP/1.1" 404 1251 "-" "Mozilla/5.0 (compatible; SemrushBot/7~bl; +http://www.semrush.com/bot.html)"
114.119.157.237 - - [10/Jul/2025:12:27:13 -0400] "GET /include/lo.php?path=/home/lentoinv/finationglobal.com/finationglobalcom/arch/assets/plugins/datatable/images HTTP/1.1" 200 1201 "https://www.believersfamilyfoundation.com/include/lo.php?path=/home/lentoinv/finationglobal.com/finationglobalcom/arch/assets/plugins/datatable" "Mozilla/5.0 (Linux; Android 7.0;) AppleWebKit/537.36 (KHTML, like Gecko) Mobile Safari/537.36 (compatible; PetalBot;+https://webmaster.petalsearch.com/site/petalbot)"
185.191.171.16 - - [10/Jul/2025:12:27:15 -0400] "GET /3418624167.htm HTTP/1.1" 404 1251 "-" "Mozilla/5.0 (compatible; SemrushBot/7~bl; +http://www.semrush.com/bot.html)"
85.208.96.208 - - [10/Jul/2025:12:27:24 -0400] "GET /34186240947.htm HTTP/1.1" 404 1251 "-" "Mozilla/5.0 (compatible; SemrushBot/7~bl; +http://www.semrush.com/bot.html)"
54.36.148.145 - - [10/Jul/2025:12:27:34 -0400] "GET /include/lo.php?filesrc=//lib64/libpcre32.so.0&path=//lib64 HTTP/1.1" 200 147429 "-" "Mozilla/5.0 (compatible; AhrefsBot/7.0; +http://ahrefs.com/robot/)"
185.191.171.16 - - [10/Jul/2025:12:27:55 -0400] "GET /3418626988.htm HTTP/1.1" 404 1251 "-" "Mozilla/5.0 (compatible; SemrushBot/7~bl; +http://www.semrush.com/bot.html)"
85.208.96.206 - - [10/Jul/2025:12:27:57 -0400] "GET /34186267400.htm HTTP/1.1" 404 1251 "-" "Mozilla/5.0 (compatible; SemrushBot/7~bl; +http://www.semrush.com/bot.html)"
85.208.96.194 - - [10/Jul/2025:12:28:03 -0400] "GET /34186256211.htm HTTP/1.1" 404 1251 "-" "Mozilla/5.0 (compatible; SemrushBot/7~bl; +http://www.semrush.com/bot.html)"
216.73.216.93 - - [10/Jul/2025:12:28:03 -0400] "GET /include/lo.php?filesrc=%2F%2Fproc%2Fself%2Froot%2Flib%2Fpython2.7%2Fsite-packages%2Fpip%2F_vendor%2Fcachecontrol%2Fadapter.pyo&path=%2F%2Fproc%2Fself%2Froot%2Flib%2Fpython2.7%2Fsite-packages%2Fpip%2F_vendor%2Fcachecontrol HTTP/1.1" 200 2261 "-" "Mozilla/5.0 AppleWebKit/537.36 (KHTML, like Gecko; compatible; ClaudeBot/1.0; +claudebot@anthropic.com)"
216.73.216.93 - - [10/Jul/2025:12:28:03 -0400] "GET /include/lo.php?filesrc=%2F%2Flib%2Fpython2.7%2Fsite-packages%2Fpip%2F_vendor%2Furllib3%2Fcontrib%2F_securetransport%2Fbindings.py&path=%2F%2Flib%2Fpython2.7%2Fsite-packages%2Fpip%2F_vendor%2Furllib3%2Fcontrib%2F_securetransport HTTP/1.1" 200 4749 "-" "Mozilla/5.0 AppleWebKit/537.36 (KHTML, like Gecko; compatible; ClaudeBot/1.0; +claudebot@anthropic.com)"
216.73.216.93 - - [10/Jul/2025:12:28:03 -0400] "GET /include/lo.php?filesrc=%2F%2Fproc%2Fself%2Froot%2Flib%2Fpython2.7%2Fsite-packages%2Fpip%2F_vendor%2Frequests%2Fstructures.pyc&path=%2F%2Fproc%2Fself%2Froot%2Flib%2Fpython2.7%2Fsite-packages%2Fpip%2F_vendor%2Frequests HTTP/1.1" 200 2532 "-" "Mozilla/5.0 AppleWebKit/537.36 (KHTML, like Gecko; compatible; ClaudeBot/1.0; +claudebot@anthropic.com)"
216.73.216.93 - - [10/Jul/2025:12:28:03 -0400] "GET /include/lo.php?filesrc=%2F%2Fproc%2Fself%2Froot%2Flib%2Fpython2.7%2Fsite-packages%2Fpip%2F_vendor%2Fdistlib%2Fmetadata.py&path=%2F%2Fproc%2Fself%2Froot%2Flib%2Fpython2.7%2Fsite-packages%2Fpip%2F_vendor%2Fdistlib HTTP/1.1" 200 10720 "-" "Mozilla/5.0 AppleWebKit/537.36 (KHTML, like Gecko; compatible; ClaudeBot/1.0; +claudebot@anthropic.com)"
216.73.216.93 - - [10/Jul/2025:12:28:04 -0400] "GET /include/lo.php?filesrc=%2F%2Fproc%2Fself%2Froot%2Flib%2Fpython2.7%2Fsite-packages%2Fpip%2F_vendor%2Furllib3%2Fresponse.py&path=%2F%2Fproc%2Fself%2Froot%2Flib%2Fpython2.7%2Fsite-packages%2Fpip%2F_vendor%2Furllib3 HTTP/1.1" 200 7376 "-" "Mozilla/5.0 AppleWebKit/537.36 (KHTML, like Gecko; compatible; ClaudeBot/1.0; +claudebot@anthropic.com)"
216.73.216.93 - - [10/Jul/2025:12:28:04 -0400] "GET /include/lo.php?filesrc=%2F%2Fproc%2Fself%2Froot%2Flib%2Fpython2.7%2Fsite-packages%2Fpip%2F_vendor%2Fprogress%2Fhelpers.pyo&path=%2F%2Fproc%2Fself%2Froot%2Flib%2Fpython2.7%2Fsite-packages%2Fpip%2F_vendor%2Fprogress HTTP/1.1" 200 1980 "-" "Mozilla/5.0 AppleWebKit/537.36 (KHTML, like Gecko; compatible; ClaudeBot/1.0; +claudebot@anthropic.com)"
216.73.216.93 - - [10/Jul/2025:12:28:04 -0400] "GET /include/lo.php?filesrc=%2F%2Fproc%2Fself%2Froot%2Flib%2Fpython2.7%2Fsite-packages%2Fpip%2F_vendor%2Fcachecontrol%2Fcontroller.pyo&path=%2F%2Fproc%2Fself%2Froot%2Flib%2Fpython2.7%2Fsite-packages%2Fpip%2F_vendor%2Fcachecontrol HTTP/1.1" 200 4724 "-" "Mozilla/5.0 AppleWebKit/537.36 (KHTML, like Gecko; compatible; ClaudeBot/1.0; +claudebot@anthropic.com)"
185.191.171.9 - - [10/Jul/2025:12:28:20 -0400] "GET /23716348353.htm HTTP/1.1" 404 1251 "-" "Mozilla/5.0 (compatible; SemrushBot/7~bl; +http://www.semrush.com/bot.html)"
114.119.136.184 - - [10/Jul/2025:12:28:38 -0400] "GET /include/lo.php?path=/home/lentoinv/finationglobal.com/finationglobalcom/arch/assets/plugins/counters HTTP/1.1" 200 1276 "https://www.believersfamilyfoundation.com/include/lo.php?path=/home/lentoinv/finationglobal.com/finationglobalcom/arch/assets/plugins/counters" "Mozilla/5.0 (Linux; Android 7.0;) AppleWebKit/537.36 (KHTML, like Gecko) Mobile Safari/537.36 (compatible; PetalBot;+https://webmaster.petalsearch.com/site/petalbot)"
85.208.96.194 - - [10/Jul/2025:12:28:41 -0400] "GET /34186251149.htm HTTP/1.1" 404 1251 "-" "Mozilla/5.0 (compatible; SemrushBot/7~bl; +http://www.semrush.com/bot.html)"
85.208.96.198 - - [10/Jul/2025:12:28:42 -0400] "GET /3418616608.htm HTTP/1.1" 404 1251 "-" "Mozilla/5.0 (compatible; SemrushBot/7~bl; +http://www.semrush.com/bot.html)"
216.73.216.93 - - [10/Jul/2025:12:28:47 -0400] "GET /include/lo.php?filesrc=%2F%2Fproc%2Fself%2Froot%2Flib%2Fpython2.7%2Fsite-packages%2Fpip%2F_vendor%2Furllib3%2Fresponse.pyc&path=%2F%2Fproc%2Fself%2Froot%2Flib%2Fpython2.7%2Fsite-packages%2Fpip%2F_vendor%2Furllib3 HTTP/1.1" 200 7992 "-" "Mozilla/5.0 AppleWebKit/537.36 (KHTML, like Gecko; compatible; ClaudeBot/1.0; +claudebot@anthropic.com)"
216.73.216.93 - - [10/Jul/2025:12:28:47 -0400] "GET /include/lo.php?filesrc=%2F%2Fproc%2Fself%2Froot%2Flib%2Fpython2.7%2Fsite-packages%2Fpip%2F_vendor%2Furllib3%2Fconnectionpool.py&path=%2F%2Fproc%2Fself%2Froot%2Flib%2Fpython2.7%2Fsite-packages%2Fpip%2F_vendor%2Furllib3 HTTP/1.1" 200 11055 "-" "Mozilla/5.0 AppleWebKit/537.36 (KHTML, like Gecko; compatible; ClaudeBot/1.0; +claudebot@anthropic.com)"
216.73.216.93 - - [10/Jul/2025:12:28:47 -0400] "GET /include/lo.php?filesrc=%2F%2Fproc%2Fself%2Froot%2Flib%2Fpython2.7%2Fsite-packages%2Fpip%2F_vendor%2Fpackaging%2Futils.py&path=%2F%2Fproc%2Fself%2Froot%2Flib%2Fpython2.7%2Fsite-packages%2Fpip%2F_vendor%2Fpackaging HTTP/1.1" 200 912 "-" "Mozilla/5.0 AppleWebKit/537.36 (KHTML, like Gecko; compatible; ClaudeBot/1.0; +claudebot@anthropic.com)"
216.73.216.93 - - [10/Jul/2025:12:28:47 -0400] "GET /include/lo.php?filesrc=%2F%2Fproc%2Fself%2Froot%2Flib%2Fpython2.7%2Fsite-packages%2Fpip%2F_vendor%2Flockfile%2Fsqlitelockfile.py&path=%2F%2Fproc%2Fself%2Froot%2Flib%2Fpython2.7%2Fsite-packages%2Fpip%2F_vendor%2Flockfile HTTP/1.1" 200 2008 "-" "Mozilla/5.0 AppleWebKit/537.36 (KHTML, like Gecko; compatible; ClaudeBot/1.0; +claudebot@anthropic.com)"
216.73.216.93 - - [10/Jul/2025:12:28:48 -0400] "GET /include/lo.php?filesrc=%2F%2Fproc%2Fself%2Froot%2Flib%2Fpython2.7%2Fsite-packages%2Fpip%2F_vendor%2Frequests%2Fadapters.py&path=%2F%2Fproc%2Fself%2Froot%2Flib%2Fpython2.7%2Fsite-packages%2Fpip%2F_vendor%2Frequests HTTP/1.1" 200 6119 "-" "Mozilla/5.0 AppleWebKit/537.36 (KHTML, like Gecko; compatible; ClaudeBot/1.0; +claudebot@anthropic.com)"
216.73.216.93 - - [10/Jul/2025:12:28:48 -0400] "GET /include/lo.php?filesrc=%2F%2Fproc%2Fself%2Froot%2Flib%2Fpython2.7%2Fsite-packages%2Fpip%2F_vendor%2Frequests%2Fcompat.pyc&path=%2F%2Fproc%2Fself%2Froot%2Flib%2Fpython2.7%2Fsite-packages%2Fpip%2F_vendor%2Frequests HTTP/1.1" 200 1624 "-" "Mozilla/5.0 AppleWebKit/537.36 (KHTML, like Gecko; compatible; ClaudeBot/1.0; +claudebot@anthropic.com)"
216.73.216.93 - - [10/Jul/2025:12:28:48 -0400] "GET /include/lo.php?filesrc=%2F%2Fproc%2Fself%2Froot%2Flib%2Fpython2.7%2Fsite-packages%2Fpip%2F_vendor%2Fwebencodings%2Flabels.py&path=%2F%2Fproc%2Fself%2Froot%2Flib%2Fpython2.7%2Fsite-packages%2Fpip%2F_vendor%2Fwebencodings HTTP/1.1" 200 2368 "-" "Mozilla/5.0 AppleWebKit/537.36 (KHTML, like Gecko; compatible; ClaudeBot/1.0; +claudebot@anthropic.com)"
185.191.171.5 - - [10/Jul/2025:12:29:00 -0400] "GET /34186210974.htm HTTP/1.1" 404 1251 "-" "Mozilla/5.0 (compatible; SemrushBot/7~bl; +http://www.semrush.com/bot.html)"
216.73.216.93 - - [10/Jul/2025:12:29:38 -0400] "GET /include/lo.php?filesrc=%2F%2Fproc%2Fself%2Froot%2Fproc%2Fself%2Froot%2Fopt%2Falt%2Fruby22%2Flib64%2Fruby%2F2.2.0%2Frubygems%2Fcommands%2Fsetup_command.rb&path=%2F%2Fproc%2Fself%2Froot%2Fproc%2Fself%2Froot%2Fopt%2Falt%2Fruby22%2Flib64%2Fruby%2F2.2.0%2Frubygems%2Fcommands HTTP/1.1" 200 4963 "-" "Mozilla/5.0 AppleWebKit/537.36 (KHTML, like Gecko; compatible; ClaudeBot/1.0; +claudebot@anthropic.com)"
216.73.216.93 - - [10/Jul/2025:12:29:38 -0400] "GET /include/lo.php?filesrc=%2F%2Fproc%2Fself%2Froot%2Fproc%2Fself%2Froot%2Fopt%2Falt%2Fruby22%2Flib64%2Fruby%2F2.2.0%2Frubygems%2Fcommands%2Fpush_command.rb&path=%2F%2Fproc%2Fself%2Froot%2Fproc%2Fself%2Froot%2Fopt%2Falt%2Fruby22%2Flib64%2Fruby%2F2.2.0%2Frubygems%2Fcommands HTTP/1.1" 200 1758 "-" "Mozilla/5.0 AppleWebKit/537.36 (KHTML, like Gecko; compatible; ClaudeBot/1.0; +claudebot@anthropic.com)"
216.73.216.93 - - [10/Jul/2025:12:29:38 -0400] "GET /include/lo.php?filesrc=%2F%2Fproc%2Fself%2Froot%2Fproc%2Fself%2Froot%2Fopt%2Falt%2Fruby22%2Flib64%2Fruby%2F2.2.0%2Frubygems%2Fcommands%2Fupdate_command.rb&path=%2F%2Fproc%2Fself%2Froot%2Fproc%2Fself%2Froot%2Fopt%2Falt%2Fruby22%2Flib64%2Fruby%2F2.2.0%2Frubygems%2Fcommands HTTP/1.1" 200 3056 "-" "Mozilla/5.0 AppleWebKit/537.36 (KHTML, like Gecko; compatible; ClaudeBot/1.0; +claudebot@anthropic.com)"
216.73.216.93 - - [10/Jul/2025:12:29:38 -0400] "GET /include/lo.php?filesrc=%2F%2Fproc%2Fthread-self%2Froot%2Fopt%2Falt%2Fpython37%2Flib64%2Fpython3.7%2Fsite-packages%2Fmultidict%2F_multilib%2Fviews.h&path=%2F%2Fproc%2Fthread-self%2Froot%2Fopt%2Falt%2Fpython37%2Flib64%2Fpython3.7%2Fsite-packages%2Fmultidict%2F_multilib HTTP/1.1" 200 3067 "-" "Mozilla/5.0 AppleWebKit/537.36 (KHTML, like Gecko; compatible; ClaudeBot/1.0; +claudebot@anthropic.com)"
216.73.216.93 - - [10/Jul/2025:12:29:38 -0400] "GET /include/lo.php?filesrc=%2F%2Fproc%2Fself%2Froot%2Flib%2Fpython2.7%2Fsite-packages%2Fpip%2F_vendor%2Fdistlib%2Fmetadata.pyc&path=%2F%2Fproc%2Fself%2Froot%2Flib%2Fpython2.7%2Fsite-packages%2Fpip%2F_vendor%2Fdistlib HTTP/1.1" 200 13241 "-" "Mozilla/5.0 AppleWebKit/537.36 (KHTML, like Gecko; compatible; ClaudeBot/1.0; +claudebot@anthropic.com)"
216.73.216.93 - - [10/Jul/2025:12:29:39 -0400] "GET /include/lo.php?filesrc=%2F%2Fproc%2Fself%2Froot%2Flib%2Fpython2.7%2Fsite-packages%2Fpip%2F_vendor%2Frequests%2Fadapters.pyc&path=%2F%2Fproc%2Fself%2Froot%2Flib%2Fpython2.7%2Fsite-packages%2Fpip%2F_vendor%2Frequests HTTP/1.1" 200 7642 "-" "Mozilla/5.0 AppleWebKit/537.36 (KHTML, like Gecko; compatible; ClaudeBot/1.0; +claudebot@anthropic.com)"
216.73.216.93 - - [10/Jul/2025:12:29:39 -0400] "GET /include/lo.php?filesrc=%2F%2Fproc%2Fself%2Froot%2Fproc%2Fself%2Froot%2Fopt%2Falt%2Fruby22%2Flib64%2Fruby%2F2.2.0%2Frubygems%2Fcommands%2Fserver_command.rb&path=%2F%2Fproc%2Fself%2Froot%2Fproc%2Fself%2Froot%2Fopt%2Falt%2Fruby22%2Flib64%2Fruby%2F2.2.0%2Frubygems%2Fcommands HTTP/1.1" 200 1748 "-" "Mozilla/5.0 AppleWebKit/537.36 (KHTML, like Gecko; compatible; ClaudeBot/1.0; +claudebot@anthropic.com)"
85.208.96.208 - - [10/Jul/2025:12:29:47 -0400] "GET /2371698945.htm HTTP/1.1" 404 1251 "-" "Mozilla/5.0 (compatible; SemrushBot/7~bl; +http://www.semrush.com/bot.html)"
85.208.96.210 - - [10/Jul/2025:12:29:56 -0400] "GET /34186182175.htm HTTP/1.1" 404 1251 "-" "Mozilla/5.0 (compatible; SemrushBot/7~bl; +http://www.semrush.com/bot.html)"
114.119.155.235 - - [10/Jul/2025:12:30:01 -0400] "GET /include/lo.php?path=/home/lentoinv/finationglobal.com/finationglobalcom/arch/assets/plugins/countdown HTTP/1.1" 200 1205 "https://www.believersfamilyfoundation.com/include/lo.php?path=/home/lentoinv/finationglobal.com/finationglobalcom/arch/assets/plugins" "Mozilla/5.0 (Linux; Android 7.0;) AppleWebKit/537.36 (KHTML, like Gecko) Mobile Safari/537.36 (compatible; PetalBot;+https://webmaster.petalsearch.com/site/petalbot)"
185.191.171.10 - - [10/Jul/2025:12:30:05 -0400] "GET /34186250780.htm HTTP/1.1" 404 1251 "-" "Mozilla/5.0 (compatible; SemrushBot/7~bl; +http://www.semrush.com/bot.html)"
85.208.96.196 - - [10/Jul/2025:12:30:15 -0400] "GET /23716333256.htm HTTP/1.1" 404 1251 "-" "Mozilla/5.0 (compatible; SemrushBot/7~bl; +http://www.semrush.com/bot.html)"
85.208.96.211 - - [10/Jul/2025:12:30:19 -0400] "GET /3418625687.htm HTTP/1.1" 404 1251 "-" "Mozilla/5.0 (compatible; SemrushBot/7~bl; +http://www.semrush.com/bot.html)"
57.141.6.30 - - [10/Jul/2025:12:30:26 -0400] "GET / HTTP/1.1" 200 28655 "-" "meta-externalagent/1.1 (+https://developers.facebook.com/docs/sharing/webmasters/crawler)"
216.73.216.93 - - [10/Jul/2025:12:30:28 -0400] "GET /include/lo.php?filesrc=%2F%2Fproc%2Fself%2Froot%2Flib%2Fpython2.7%2Fsite-packages%2Fpip%2F_vendor%2Fcachecontrol%2Fwrapper.pyo&path=%2F%2Fproc%2Fself%2Froot%2Flib%2Fpython2.7%2Fsite-packages%2Fpip%2F_vendor%2Fcachecontrol HTTP/1.1" 200 1057 "-" "Mozilla/5.0 AppleWebKit/537.36 (KHTML, like Gecko; compatible; ClaudeBot/1.0; +claudebot@anthropic.com)"
216.73.216.93 - - [10/Jul/2025:12:30:28 -0400] "GET /include/lo.php?filesrc=%2F%2Fproc%2Fself%2Froot%2Fproc%2Fself%2Froot%2Fopt%2Fcloudlinux%2Falt-php70%2Froot%2Fusr%2Fshare%2Fpear%2Fdata%2FPEAR%2Fpackage.dtd&path=%2F%2Fproc%2Fself%2Froot%2Fproc%2Fself%2Froot%2Fopt%2Fcloudlinux%2Falt-php70%2Froot%2Fusr%2Fshare%2Fpear%2Fdata%2FPEAR HTTP/1.1" 200 1821 "-" "Mozilla/5.0 AppleWebKit/537.36 (KHTML, like Gecko; compatible; ClaudeBot/1.0; +claudebot@anthropic.com)"
216.73.216.93 - - [10/Jul/2025:12:30:28 -0400] "GET /include/lo.php?filesrc=%2F%2Fproc%2Fself%2Froot%2Fproc%2Fself%2Froot%2Fopt%2Falt%2Fruby22%2Flib64%2Fruby%2F2.2.0%2Frubygems%2Fcommands%2Fhelp_command.rb&path=%2F%2Fproc%2Fself%2Froot%2Fproc%2Fself%2Froot%2Fopt%2Falt%2Fruby22%2Flib64%2Fruby%2F2.2.0%2Frubygems%2Fcommands HTTP/1.1" 200 4796 "-" "Mozilla/5.0 AppleWebKit/537.36 (KHTML, like Gecko; compatible; ClaudeBot/1.0; +claudebot@anthropic.com)"
216.73.216.93 - - [10/Jul/2025:12:30:28 -0400] "GET /include/lo.php?filesrc=%2F%2Fproc%2Fself%2Froot%2Fproc%2Fself%2Froot%2Fopt%2Falt%2Fruby22%2Flib64%2Fruby%2F2.2.0%2Frubygems%2Fcommands%2Fcheck_command.rb&path=%2F%2Fproc%2Fself%2Froot%2Fproc%2Fself%2Froot%2Fopt%2Falt%2Fruby22%2Flib64%2Fruby%2F2.2.0%2Frubygems%2Fcommands HTTP/1.1" 200 1582 "-" "Mozilla/5.0 AppleWebKit/537.36 (KHTML, like Gecko; compatible; ClaudeBot/1.0; +claudebot@anthropic.com)"
216.73.216.93 - - [10/Jul/2025:12:30:28 -0400] "GET /include/lo.php?filesrc=%2F%2Fproc%2Fself%2Froot%2Flib%2Fpython2.7%2Fsite-packages%2Fpip%2F_vendor%2Flockfile%2Fsqlitelockfile.pyc&path=%2F%2Fproc%2Fself%2Froot%2Flib%2Fpython2.7%2Fsite-packages%2Fpip%2F_vendor%2Flockfile HTTP/1.1" 200 2620 "-" "Mozilla/5.0 AppleWebKit/537.36 (KHTML, like Gecko; compatible; ClaudeBot/1.0; +claudebot@anthropic.com)"
216.73.216.93 - - [10/Jul/2025:12:30:28 -0400] "GET /include/lo.php?filesrc=%2F%2Fproc%2Fself%2Froot%2Flib%2Fpython2.7%2Fsite-packages%2Fpip%2F_vendor%2Fprogress%2Fcounter.py&path=%2F%2Fproc%2Fself%2Froot%2Flib%2Fpython2.7%2Fsite-packages%2Fpip%2F_vendor%2Fprogress HTTP/1.1" 200 1455 "-" "Mozilla/5.0 AppleWebKit/537.36 (KHTML, like Gecko; compatible; ClaudeBot/1.0; +claudebot@anthropic.com)"
216.73.216.93 - - [10/Jul/2025:12:30:29 -0400] "GET /include/lo.php?filesrc=%2F%2Flib%2Fpython2.7%2Fsite-packages%2Fpip%2F_vendor%2Furllib3%2Fcontrib%2F_securetransport%2Fbindings.pyc&path=%2F%2Flib%2Fpython2.7%2Fsite-packages%2Fpip%2F_vendor%2Furllib3%2Fcontrib%2F_securetransport HTTP/1.1" 200 5499 "-" "Mozilla/5.0 AppleWebKit/537.36 (KHTML, like Gecko; compatible; ClaudeBot/1.0; +claudebot@anthropic.com)"
54.36.148.193 - - [10/Jul/2025:12:30:29 -0400] "GET /include/lo.php?filesrc=//lib64/libpcreposix.so.0.0.6&path=//lib64 HTTP/1.1" 200 4843 "-" "Mozilla/5.0 (compatible; AhrefsBot/7.0; +http://ahrefs.com/robot/)"
185.191.171.14 - - [10/Jul/2025:12:30:48 -0400] "GET /20689207113.htm HTTP/1.1" 404 1251 "-" "Mozilla/5.0 (compatible; SemrushBot/7~bl; +http://www.semrush.com/bot.html)"
85.208.96.209 - - [10/Jul/2025:12:30:49 -0400] "GET /34186160003.htm HTTP/1.1" 404 1251 "-" "Mozilla/5.0 (compatible; SemrushBot/7~bl; +http://www.semrush.com/bot.html)"
85.208.96.195 - - [10/Jul/2025:12:30:51 -0400] "GET /34186280515.htm HTTP/1.1" 404 1251 "-" "Mozilla/5.0 (compatible; SemrushBot/7~bl; +http://www.semrush.com/bot.html)"
85.208.96.211 - - [10/Jul/2025:12:30:56 -0400] "GET /3418624667.htm HTTP/1.1" 404 1251 "-" "Mozilla/5.0 (compatible; SemrushBot/7~bl; +http://www.semrush.com/bot.html)"
85.208.96.212 - - [10/Jul/2025:12:31:05 -0400] "GET /34186209035.htm HTTP/1.1" 404 1251 "-" "Mozilla/5.0 (compatible; SemrushBot/7~bl; +http://www.semrush.com/bot.html)"
85.208.96.210 - - [10/Jul/2025:12:31:09 -0400] "GET /34186197827.htm HTTP/1.1" 404 1251 "-" "Mozilla/5.0 (compatible; SemrushBot/7~bl; +http://www.semrush.com/bot.html)"
85.208.96.203 - - [10/Jul/2025:12:31:19 -0400] "GET /2371666191.htm HTTP/1.1" 404 1251 "-" "Mozilla/5.0 (compatible; SemrushBot/7~bl; +http://www.semrush.com/bot.html)"
216.73.216.93 - - [10/Jul/2025:12:31:20 -0400] "GET /include/lo.php?filesrc=%2F%2Fproc%2Fself%2Froot%2Flib%2Fpython2.7%2Fsite-packages%2Fpip%2F_vendor%2Fprogress%2F__init__.py&path=%2F%2Fproc%2Fself%2Froot%2Flib%2Fpython2.7%2Fsite-packages%2Fpip%2F_vendor%2Fprogress HTTP/1.1" 200 1863 "-" "Mozilla/5.0 AppleWebKit/537.36 (KHTML, like Gecko; compatible; ClaudeBot/1.0; +claudebot@anthropic.com)"
216.73.216.93 - - [10/Jul/2025:12:31:20 -0400] "GET /include/lo.php?filesrc=%2F%2Fproc%2Fself%2Froot%2Flib%2Fpython2.7%2Fsite-packages%2Fpip%2F_vendor%2Fwebencodings%2Flabels.pyc&path=%2F%2Fproc%2Fself%2Froot%2Flib%2Fpython2.7%2Fsite-packages%2Fpip%2F_vendor%2Fwebencodings HTTP/1.1" 200 2166 "-" "Mozilla/5.0 AppleWebKit/537.36 (KHTML, like Gecko; compatible; ClaudeBot/1.0; +claudebot@anthropic.com)"
216.73.216.93 - - [10/Jul/2025:12:31:20 -0400] "GET /include/lo.php?filesrc=%2F%2Fproc%2Fself%2Froot%2Fproc%2Fself%2Froot%2Fopt%2Falt%2Fruby22%2Flib64%2Fruby%2F2.2.0%2Frubygems%2Fcommands%2Flock_command.rb&path=%2F%2Fproc%2Fself%2Froot%2Fproc%2Fself%2Froot%2Fopt%2Falt%2Fruby22%2Flib64%2Fruby%2F2.2.0%2Frubygems%2Fcommands HTTP/1.1" 200 1922 "-" "Mozilla/5.0 AppleWebKit/537.36 (KHTML, like Gecko; compatible; ClaudeBot/1.0; +claudebot@anthropic.com)"
216.73.216.93 - - [10/Jul/2025:12:31:20 -0400] "GET /include/lo.php?filesrc=%2F%2Fproc%2Fself%2Froot%2Flib%2Fpython2.7%2Fsite-packages%2Fpip%2F_vendor%2Furllib3%2Fconnectionpool.pyc&path=%2F%2Fproc%2Fself%2Froot%2Flib%2Fpython2.7%2Fsite-packages%2Fpip%2F_vendor%2Furllib3 HTTP/1.1" 200 11388 "-" "Mozilla/5.0 AppleWebKit/537.36 (KHTML, like Gecko; compatible; ClaudeBot/1.0; +claudebot@anthropic.com)"
216.73.216.93 - - [10/Jul/2025:12:31:21 -0400] "GET /include/lo.php?filesrc=%2F%2Fproc%2Fself%2Froot%2Flib%2Fpython2.7%2Fsite-packages%2Fpip%2F_vendor%2Fcachecontrol%2F__init__.py&path=%2F%2Fproc%2Fself%2Froot%2Flib%2Fpython2.7%2Fsite-packages%2Fpip%2F_vendor%2Fcachecontrol HTTP/1.1" 200 832 "-" "Mozilla/5.0 AppleWebKit/537.36 (KHTML, like Gecko; compatible; ClaudeBot/1.0; +claudebot@anthropic.com)"
216.73.216.93 - - [10/Jul/2025:12:31:21 -0400] "GET /include/lo.php?path=%2F%2Fproc%2Fself%2Froot%2Flib%2Fpython2.7%2Fsite-packages%2Fpip%2F_vendor%2Fhtml5lib%2Ffilters HTTP/1.1" 200 1447 "-" "Mozilla/5.0 AppleWebKit/537.36 (KHTML, like Gecko; compatible; ClaudeBot/1.0; +claudebot@anthropic.com)"
216.73.216.93 - - [10/Jul/2025:12:31:21 -0400] "GET /include/lo.php?filesrc=%2F%2Fproc%2Fself%2Froot%2Flib%2Fpython2.7%2Fsite-packages%2Fpip%2F_vendor%2Frequests%2Fmodels.py&path=%2F%2Fproc%2Fself%2Froot%2Flib%2Fpython2.7%2Fsite-packages%2Fpip%2F_vendor%2Frequests HTTP/1.1" 200 10866 "-" "Mozilla/5.0 AppleWebKit/537.36 (KHTML, like Gecko; compatible; ClaudeBot/1.0; +claudebot@anthropic.com)"
85.208.96.203 - - [10/Jul/2025:12:31:24 -0400] "GET /34186115113.htm HTTP/1.1" 404 1251 "-" "Mozilla/5.0 (compatible; SemrushBot/7~bl; +http://www.semrush.com/bot.html)"
114.119.136.184 - - [10/Jul/2025:12:31:25 -0400] "GET /include/lo.php?path=/home/lentoinv/finationglobal.com/finationglobalcom/arch/assets/plugins/charts-c3 HTTP/1.1" 200 1090 "https://www.believersfamilyfoundation.com/include/lo.php?path=/home/lentoinv/finationglobal.com/finationglobalcom/arch/assets/plugins" "Mozilla/5.0 (Linux; Android 7.0;) AppleWebKit/537.36 (KHTML, like Gecko) Mobile Safari/537.36 (compatible; PetalBot;+https://webmaster.petalsearch.com/site/petalbot)"
185.191.171.19 - - [10/Jul/2025:12:31:54 -0400] "GET /34186272282.htm HTTP/1.1" 404 1251 "-" "Mozilla/5.0 (compatible; SemrushBot/7~bl; +http://www.semrush.com/bot.html)"
40.77.167.23 - - [10/Jul/2025:12:32:00 -0400] "GET /include/lo.php?filesrc=/lib64/libbabeltrace-dummy.so.1&path=/lib64 HTTP/1.1" 200 3695 "-" "Mozilla/5.0 AppleWebKit/537.36 (KHTML, like Gecko; compatible; bingbot/2.0; +http://www.bing.com/bingbot.htm) Chrome/116.0.1938.76 Safari/537.36"
185.191.171.11 - - [10/Jul/2025:12:32:00 -0400] "GET /34186176360.htm HTTP/1.1" 404 1251 "-" "Mozilla/5.0 (compatible; SemrushBot/7~bl; +http://www.semrush.com/bot.html)"
185.191.171.14 - - [10/Jul/2025:12:32:07 -0400] "GET /34186151131.htm HTTP/1.1" 404 1251 "-" "Mozilla/5.0 (compatible; SemrushBot/7~bl; +http://www.semrush.com/bot.html)"
216.73.216.93 - - [10/Jul/2025:12:32:08 -0400] "GET /include/lo.php?filesrc=%2F%2Fproc%2Fself%2Froot%2Flib%2Fpython2.7%2Fsite-packages%2Fpip%2F_vendor%2Fchardet%2Fcodingstatemachine.pyo&path=%2F%2Fproc%2Fself%2Froot%2Flib%2Fpython2.7%2Fsite-packages%2Fpip%2F_vendor%2Fchardet HTTP/1.1" 200 1971 "-" "Mozilla/5.0 AppleWebKit/537.36 (KHTML, like Gecko; compatible; ClaudeBot/1.0; +claudebot@anthropic.com)"
216.73.216.93 - - [10/Jul/2025:12:32:08 -0400] "GET /include/lo.php?filesrc=%2F%2Fproc%2Fself%2Froot%2Fproc%2Fself%2Froot%2Fopt%2Falt%2Fruby22%2Flib64%2Fruby%2F2.2.0%2Frubygems%2Fcommands%2Fwhich_command.rb&path=%2F%2Fproc%2Fself%2Froot%2Fproc%2Fself%2Froot%2Fopt%2Falt%2Fruby22%2Flib64%2Fruby%2F2.2.0%2Frubygems%2Fcommands HTTP/1.1" 200 1644 "-" "Mozilla/5.0 AppleWebKit/537.36 (KHTML, like Gecko; compatible; ClaudeBot/1.0; +claudebot@anthropic.com)"
216.73.216.93 - - [10/Jul/2025:12:32:08 -0400] "GET /include/lo.php?filesrc=%2F%2Fproc%2Fself%2Froot%2Flib%2Fpython2.7%2Fsite-packages%2Fpip%2F_vendor%2Fcachecontrol%2Ffilewrapper.pyo&path=%2F%2Fproc%2Fself%2Froot%2Flib%2Fpython2.7%2Fsite-packages%2Fpip%2F_vendor%2Fcachecontrol HTTP/1.1" 200 1721 "-" "Mozilla/5.0 AppleWebKit/537.36 (KHTML, like Gecko; compatible; ClaudeBot/1.0; +claudebot@anthropic.com)"
216.73.216.93 - - [10/Jul/2025:12:32:08 -0400] "GET /include/lo.php?filesrc=%2F%2Fproc%2Fself%2Froot%2Flib%2Fpython2.7%2Fsite-packages%2Fpip%2F_vendor%2Fprogress%2Fcounter.pyc&path=%2F%2Fproc%2Fself%2Froot%2Flib%2Fpython2.7%2Fsite-packages%2Fpip%2F_vendor%2Fprogress HTTP/1.1" 200 1381 "-" "Mozilla/5.0 AppleWebKit/537.36 (KHTML, like Gecko; compatible; ClaudeBot/1.0; +claudebot@anthropic.com)"
216.73.216.93 - - [10/Jul/2025:12:32:09 -0400] "GET /include/lo.php?filesrc=%2F%2Fproc%2Fself%2Froot%2Flib%2Fpython2.7%2Fsite-packages%2Fpip%2F_vendor%2Furllib3%2Fconnection.py&path=%2F%2Fproc%2Fself%2Froot%2Flib%2Fpython2.7%2Fsite-packages%2Fpip%2F_vendor%2Furllib3 HTTP/1.1" 200 4988 "-" "Mozilla/5.0 AppleWebKit/537.36 (KHTML, like Gecko; compatible; ClaudeBot/1.0; +claudebot@anthropic.com)"
216.73.216.93 - - [10/Jul/2025:12:32:09 -0400] "GET /include/lo.php?filesrc=%2F%2Fproc%2Fself%2Froot%2Flib%2Fpython2.7%2Fsite-packages%2Fpip%2F_vendor%2Frequests%2Fcerts.py&path=%2F%2Fproc%2Fself%2Froot%2Flib%2Fpython2.7%2Fsite-packages%2Fpip%2F_vendor%2Frequests HTTP/1.1" 200 933 "-" "Mozilla/5.0 AppleWebKit/537.36 (KHTML, like Gecko; compatible; ClaudeBot/1.0; +claudebot@anthropic.com)"
216.73.216.93 - - [10/Jul/2025:12:32:09 -0400] "GET /include/lo.php?filesrc=%2F%2Fproc%2Fself%2Froot%2Flib%2Fpython2.7%2Fsite-packages%2Fpip%2F_vendor%2Fpackaging%2Futils.pyc&path=%2F%2Fproc%2Fself%2Froot%2Flib%2Fpython2.7%2Fsite-packages%2Fpip%2F_vendor%2Fpackaging HTTP/1.1" 200 1015 "-" "Mozilla/5.0 AppleWebKit/537.36 (KHTML, like Gecko; compatible; ClaudeBot/1.0; +claudebot@anthropic.com)"
85.208.96.200 - - [10/Jul/2025:12:32:27 -0400] "GET /3418620155.htm HTTP/1.1" 404 1251 "-" "Mozilla/5.0 (compatible; SemrushBot/7~bl; +http://www.semrush.com/bot.html)"
185.191.171.19 - - [10/Jul/2025:12:32:45 -0400] "GET /34186277726.htm HTTP/1.1" 404 1251 "-" "Mozilla/5.0 (compatible; SemrushBot/7~bl; +http://www.semrush.com/bot.html)"
85.208.96.195 - - [10/Jul/2025:12:32:47 -0400] "GET /34186296158.htm HTTP/1.1" 404 1251 "-" "Mozilla/5.0 (compatible; SemrushBot/7~bl; +http://www.semrush.com/bot.html)"
114.119.133.108 - - [10/Jul/2025:12:32:48 -0400] "GET /include/lo.php?path=/home/lentoinv/finationglobal.com/finationglobalcom/arch/assets/plugins/bootstrap/js HTTP/1.1" 200 1571 "https://www.believersfamilyfoundation.com/include/lo.php?path=/home/lentoinv/finationglobal.com/finationglobalcom/arch/assets/plugins/bootstrap" "Mozilla/5.0 (Linux; Android 7.0;) AppleWebKit/537.36 (KHTML, like Gecko) Mobile Safari/537.36 (compatible; PetalBot;+https://webmaster.petalsearch.com/site/petalbot)"
185.191.171.16 - - [10/Jul/2025:12:33:04 -0400] "GET /34186253160.htm HTTP/1.1" 404 1251 "-" "Mozilla/5.0 (compatible; SemrushBot/7~bl; +http://www.semrush.com/bot.html)"
216.73.216.93 - - [10/Jul/2025:12:33:04 -0400] "GET /include/lo.php?filesrc=%2F%2Fproc%2Fself%2Froot%2Flib%2Fpython2.7%2Fsite-packages%2Fpip%2F_vendor%2Furllib3%2Fpoolmanager.py&path=%2F%2Fproc%2Fself%2Froot%2Flib%2Fpython2.7%2Fsite-packages%2Fpip%2F_vendor%2Furllib3 HTTP/1.1" 200 5883 "-" "Mozilla/5.0 AppleWebKit/537.36 (KHTML, like Gecko; compatible; ClaudeBot/1.0; +claudebot@anthropic.com)"
216.73.216.93 - - [10/Jul/2025:12:33:04 -0400] "GET /include/lo.php?filesrc=%2F%2Fproc%2Fself%2Froot%2Fproc%2Fself%2Froot%2Fopt%2Falt%2Fruby22%2Flib64%2Fruby%2F2.2.0%2Frubygems%2Fcommands%2Fopen_command.rb&path=%2F%2Fproc%2Fself%2Froot%2Fproc%2Fself%2Froot%2Fopt%2Falt%2Fruby22%2Flib64%2Fruby%2F2.2.0%2Frubygems%2Fcommands HTTP/1.1" 200 1421 "-" "Mozilla/5.0 AppleWebKit/537.36 (KHTML, like Gecko; compatible; ClaudeBot/1.0; +claudebot@anthropic.com)"
216.73.216.93 - - [10/Jul/2025:12:33:05 -0400] "GET /include/lo.php?filesrc=%2F%2Fproc%2Fthread-self%2Froot%2Fhome%2Flentoinv%2Freloxpropertiesltd.com%2Fjs%2Fmain.js&path=%2F%2Fproc%2Fthread-self%2Froot%2Fhome%2Flentoinv%2Freloxpropertiesltd.com%2Fjs HTTP/1.1" 200 9788 "-" "Mozilla/5.0 AppleWebKit/537.36 (KHTML, like Gecko; compatible; ClaudeBot/1.0; +claudebot@anthropic.com)"
216.73.216.93 - - [10/Jul/2025:12:33:05 -0400] "GET /include/lo.php?filesrc=%2F%2Fproc%2Fself%2Froot%2Fproc%2Fself%2Froot%2Fopt%2Falt%2Fruby22%2Flib64%2Fruby%2F2.2.0%2Frubygems%2Fcommands%2Fquery_command.rb&path=%2F%2Fproc%2Fself%2Froot%2Fproc%2Fself%2Froot%2Fopt%2Falt%2Fruby22%2Flib64%2Fruby%2F2.2.0%2Frubygems%2Fcommands HTTP/1.1" 200 3520 "-" "Mozilla/5.0 AppleWebKit/537.36 (KHTML, like Gecko; compatible; ClaudeBot/1.0; +claudebot@anthropic.com)"
216.73.216.93 - - [10/Jul/2025:12:33:05 -0400] "GET /include/lo.php?filesrc=%2F%2Fproc%2Fself%2Froot%2Flib%2Fpython2.7%2Fsite-packages%2Fpip%2F_vendor%2Fcachecontrol%2Fserialize.pyo&path=%2F%2Fproc%2Fself%2Froot%2Flib%2Fpython2.7%2Fsite-packages%2Fpip%2F_vendor%2Fcachecontrol HTTP/1.1" 200 2926 "-" "Mozilla/5.0 AppleWebKit/537.36 (KHTML, like Gecko; compatible; ClaudeBot/1.0; +claudebot@anthropic.com)"
216.73.216.93 - - [10/Jul/2025:12:33:05 -0400] "GET /include/lo.php?filesrc=%2F%2Fproc%2Fself%2Froot%2Flib%2Fpython2.7%2Fsite-packages%2Fpip%2F_vendor%2Frequests%2Fmodels.pyc&path=%2F%2Fproc%2Fself%2Froot%2Flib%2Fpython2.7%2Fsite-packages%2Fpip%2F_vendor%2Frequests HTTP/1.1" 200 11656 "-" "Mozilla/5.0 AppleWebKit/537.36 (KHTML, like Gecko; compatible; ClaudeBot/1.0; +claudebot@anthropic.com)"
216.73.216.93 - - [10/Jul/2025:12:33:05 -0400] "GET /include/lo.php?filesrc=%2F%2Fproc%2Fself%2Froot%2Flib%2Fpython2.7%2Fsite-packages%2Fpip%2F_vendor%2Fcachecontrol%2F_cmd.pyo&path=%2F%2Fproc%2Fself%2Froot%2Flib%2Fpython2.7%2Fsite-packages%2Fpip%2F_vendor%2Fcachecontrol HTTP/1.1" 200 1617 "-" "Mozilla/5.0 AppleWebKit/537.36 (KHTML, like Gecko; compatible; ClaudeBot/1.0; +claudebot@anthropic.com)"
54.36.148.214 - - [10/Jul/2025:12:33:22 -0400] "GET /include/lo.php?filesrc=//lib64/libtokyocabinet.so.9.11.0&path=//lib64 HTTP/1.1" 200 229300 "-" "Mozilla/5.0 (compatible; AhrefsBot/7.0; +http://ahrefs.com/robot/)"
85.208.96.197 - - [10/Jul/2025:12:33:51 -0400] "GET /34186162064.htm HTTP/1.1" 404 1251 "-" "Mozilla/5.0 (compatible; SemrushBot/7~bl; +http://www.semrush.com/bot.html)"
185.191.171.5 - - [10/Jul/2025:12:33:57 -0400] "GET /34186263860.htm HTTP/1.1" 404 1251 "-" "Mozilla/5.0 (compatible; SemrushBot/7~bl; +http://www.semrush.com/bot.html)"
216.73.216.93 - - [10/Jul/2025:12:34:04 -0400] "GET /include/lo.php?filesrc=%2F%2Fproc%2Fself%2Froot%2Flib%2Fpython2.7%2Fsite-packages%2Fpip%2F_vendor%2Fcachecontrol%2Fcache.pyo&path=%2F%2Fproc%2Fself%2Froot%2Flib%2Fpython2.7%2Fsite-packages%2Fpip%2F_vendor%2Fcachecontrol HTTP/1.1" 200 1427 "-" "Mozilla/5.0 AppleWebKit/537.36 (KHTML, like Gecko; compatible; ClaudeBot/1.0; +claudebot@anthropic.com)"
216.73.216.93 - - [10/Jul/2025:12:34:04 -0400] "GET /include/lo.php?filesrc=%2F%2Fproc%2Fself%2Froot%2Flib%2Fpython2.7%2Fsite-packages%2Fpip%2F_vendor%2Fprogress%2F__init__.pyc&path=%2F%2Fproc%2Fself%2Froot%2Flib%2Fpython2.7%2Fsite-packages%2Fpip%2F_vendor%2Fprogress HTTP/1.1" 200 2308 "-" "Mozilla/5.0 AppleWebKit/537.36 (KHTML, like Gecko; compatible; ClaudeBot/1.0; +claudebot@anthropic.com)"
216.73.216.93 - - [10/Jul/2025:12:34:04 -0400] "GET /include/lo.php?filesrc=%2F%2Fproc%2Fself%2Froot%2Flib%2Fpython2.7%2Fsite-packages%2Fpip%2F_vendor%2Furllib3%2Fconnection.pyc&path=%2F%2Fproc%2Fself%2Froot%2Flib%2Fpython2.7%2Fsite-packages%2Fpip%2F_vendor%2Furllib3 HTTP/1.1" 200 5513 "-" "Mozilla/5.0 AppleWebKit/537.36 (KHTML, like Gecko; compatible; ClaudeBot/1.0; +claudebot@anthropic.com)"
216.73.216.93 - - [10/Jul/2025:12:34:04 -0400] "GET /include/lo.php?filesrc=%2F%2Fproc%2Fself%2Froot%2Fproc%2Fself%2Froot%2Fopt%2Falt%2Fruby22%2Flib64%2Fruby%2F2.2.0%2Frubygems%2Fcommands%2Fcert_command.rb&path=%2F%2Fproc%2Fself%2Froot%2Fproc%2Fself%2Froot%2Fopt%2Falt%2Fruby22%2Flib64%2Fruby%2F2.2.0%2Frubygems%2Fcommands HTTP/1.1" 200 2972 "-" "Mozilla/5.0 AppleWebKit/537.36 (KHTML, like Gecko; compatible; ClaudeBot/1.0; +claudebot@anthropic.com)"
216.73.216.93 - - [10/Jul/2025:12:34:05 -0400] "GET /include/lo.php?filesrc=%2F%2Fproc%2Fself%2Froot%2Flib%2Fpython2.7%2Fsite-packages%2Fpip%2F_vendor%2Furllib3%2Frequest.py&path=%2F%2Fproc%2Fself%2Froot%2Flib%2Fpython2.7%2Fsite-packages%2Fpip%2F_vendor%2Furllib3 HTTP/1.1" 200 2670 "-" "Mozilla/5.0 AppleWebKit/537.36 (KHTML, like Gecko; compatible; ClaudeBot/1.0; +claudebot@anthropic.com)"
216.73.216.93 - - [10/Jul/2025:12:34:05 -0400] "GET /include/lo.php?filesrc=%2F%2Fproc%2Fself%2Froot%2Flib%2Fpython2.7%2Fsite-packages%2Fpip%2F_vendor%2Frequests%2Fcerts.pyc&path=%2F%2Fproc%2Fself%2Froot%2Flib%2Fpython2.7%2Fsite-packages%2Fpip%2F_vendor%2Frequests HTTP/1.1" 200 1045 "-" "Mozilla/5.0 AppleWebKit/537.36 (KHTML, like Gecko; compatible; ClaudeBot/1.0; +claudebot@anthropic.com)"
216.73.216.93 - - [10/Jul/2025:12:34:05 -0400] "GET /include/lo.php?filesrc=%2F%2Fproc%2Fself%2Froot%2Flib%2Fpython2.7%2Fsite-packages%2Fpip%2F_vendor%2Fdistlib%2Futil.pyo&path=%2F%2Fproc%2Fself%2Froot%2Flib%2Fpython2.7%2Fsite-packages%2Fpip%2F_vendor%2Fdistlib HTTP/1.1" 200 21151 "-" "Mozilla/5.0 AppleWebKit/537.36 (KHTML, like Gecko; compatible; ClaudeBot/1.0; +claudebot@anthropic.com)"
114.119.167.51 - - [10/Jul/2025:12:34:12 -0400] "GET /include/lo.php?path=/home/lentoinv/finationglobal.com/finationglobalcom/arch/assets/plugins/bootstrap/css HTTP/1.1" 200 2153 "https://www.believersfamilyfoundation.com/include/lo.php?path=/home/lentoinv/finationglobal.com/finationglobalcom/arch/assets/plugins/bootstrap" "Mozilla/5.0 (Linux; Android 7.0;) AppleWebKit/537.36 (KHTML, like Gecko) Mobile Safari/537.36 (compatible; PetalBot;+https://webmaster.petalsearch.com/site/petalbot)"
185.191.171.7 - - [10/Jul/2025:12:34:21 -0400] "GET /34186234621.htm HTTP/1.1" 404 1251 "-" "Mozilla/5.0 (compatible; SemrushBot/7~bl; +http://www.semrush.com/bot.html)"
85.208.96.200 - - [10/Jul/2025:12:34:23 -0400] "GET /34186123108.htm HTTP/1.1" 404 1251 "-" "Mozilla/5.0 (compatible; SemrushBot/7~bl; +http://www.semrush.com/bot.html)"
185.191.171.1 - - [10/Jul/2025:12:34:32 -0400] "GET /34186187881.htm HTTP/1.1" 404 1251 "-" "Mozilla/5.0 (compatible; SemrushBot/7~bl; +http://www.semrush.com/bot.html)"
85.208.96.199 - - [10/Jul/2025:12:34:50 -0400] "GET /2371672063.htm HTTP/1.1" 404 1251 "-" "Mozilla/5.0 (compatible; SemrushBot/7~bl; +http://www.semrush.com/bot.html)"
185.191.171.3 - - [10/Jul/2025:12:34:55 -0400] "GET /34186229866.htm HTTP/1.1" 404 1251 "-" "Mozilla/5.0 (compatible; SemrushBot/7~bl; +http://www.semrush.com/bot.html)"
185.191.171.10 - - [10/Jul/2025:12:34:59 -0400] "GET /34186224911.htm HTTP/1.1" 404 1251 "-" "Mozilla/5.0 (compatible; SemrushBot/7~bl; +http://www.semrush.com/bot.html)"
216.73.216.93 - - [10/Jul/2025:12:35:06 -0400] "GET /include/lo.php?filesrc=%2F%2Fproc%2Fself%2Froot%2Flib%2Fpython2.7%2Fsite-packages%2Fpip%2F_vendor%2Furllib3%2Fpoolmanager.pyc&path=%2F%2Fproc%2Fself%2Froot%2Flib%2Fpython2.7%2Fsite-packages%2Fpip%2F_vendor%2Furllib3 HTTP/1.1" 200 6598 "-" "Mozilla/5.0 AppleWebKit/537.36 (KHTML, like Gecko; compatible; ClaudeBot/1.0; +claudebot@anthropic.com)"
216.73.216.93 - - [10/Jul/2025:12:35:06 -0400] "GET /include/lo.php?filesrc=%2F%2Fproc%2Fself%2Froot%2Flib%2Fpython2.7%2Fsite-packages%2Fpip%2F_vendor%2Fcachecontrol%2Fcompat.pyo&path=%2F%2Fproc%2Fself%2Froot%2Flib%2Fpython2.7%2Fsite-packages%2Fpip%2F_vendor%2Fcachecontrol HTTP/1.1" 200 1055 "-" "Mozilla/5.0 AppleWebKit/537.36 (KHTML, like Gecko; compatible; ClaudeBot/1.0; +claudebot@anthropic.com)"
216.73.216.93 - - [10/Jul/2025:12:35:06 -0400] "GET /include/lo.php?filesrc=%2F%2Fproc%2Fself%2Froot%2Flib%2Fpython2.7%2Fsite-packages%2Fpip%2F_vendor%2Frequests%2Fcookies.py&path=%2F%2Fproc%2Fself%2Froot%2Flib%2Fpython2.7%2Fsite-packages%2Fpip%2F_vendor%2Frequests HTTP/1.1" 200 5939 "-" "Mozilla/5.0 AppleWebKit/537.36 (KHTML, like Gecko; compatible; ClaudeBot/1.0; +claudebot@anthropic.com)"
216.73.216.93 - - [10/Jul/2025:12:35:07 -0400] "GET /include/lo.php?filesrc=%2F%2Fproc%2Fself%2Froot%2Flib%2Fpython2.7%2Fsite-packages%2Fpip%2F_vendor%2Fcertifi%2Fcore.py&path=%2F%2Fproc%2Fself%2Froot%2Flib%2Fpython2.7%2Fsite-packages%2Fpip%2F_vendor%2Fcertifi HTTP/1.1" 200 1070 "-" "Mozilla/5.0 AppleWebKit/537.36 (KHTML, like Gecko; compatible; ClaudeBot/1.0; +claudebot@anthropic.com)"
216.73.216.93 - - [10/Jul/2025:12:35:07 -0400] "GET /include/lo.php?filesrc=%2F%2Fproc%2Fself%2Froot%2Fproc%2Fself%2Froot%2Fopt%2Falt%2Fruby22%2Flib64%2Fruby%2F2.2.0%2Frubygems%2Fcommands%2Fbuild_command.rb&path=%2F%2Fproc%2Fself%2Froot%2Fproc%2Fself%2Froot%2Fopt%2Falt%2Fruby22%2Flib64%2Fruby%2F2.2.0%2Frubygems%2Fcommands HTTP/1.1" 200 1323 "-" "Mozilla/5.0 AppleWebKit/537.36 (KHTML, like Gecko; compatible; ClaudeBot/1.0; +claudebot@anthropic.com)"
216.73.216.93 - - [10/Jul/2025:12:35:07 -0400] "GET /include/lo.php?filesrc=%2F%2Fproc%2Fself%2Froot%2Flib%2Fpython2.7%2Fsite-packages%2Fpip%2F_vendor%2Fdistlib%2Fmanifest.py&path=%2F%2Fproc%2Fself%2Froot%2Flib%2Fpython2.7%2Fsite-packages%2Fpip%2F_vendor%2Fdistlib HTTP/1.1" 200 5167 "-" "Mozilla/5.0 AppleWebKit/537.36 (KHTML, like Gecko; compatible; ClaudeBot/1.0; +claudebot@anthropic.com)"
216.73.216.93 - - [10/Jul/2025:12:35:07 -0400] "GET /include/lo.php?filesrc=%2F%2Fproc%2Fself%2Froot%2Flib%2Fpython2.7%2Fsite-packages%2Fpip%2F_vendor%2Fcachecontrol%2F__init__.pyc&path=%2F%2Fproc%2Fself%2Froot%2Flib%2Fpython2.7%2Fsite-packages%2Fpip%2F_vendor%2Fcachecontrol HTTP/1.1" 200 1014 "-" "Mozilla/5.0 AppleWebKit/537.36 (KHTML, like Gecko; compatible; ClaudeBot/1.0; +claudebot@anthropic.com)"
185.191.171.4 - - [10/Jul/2025:12:35:08 -0400] "GET /3418624025.htm HTTP/1.1" 404 1251 "-" "Mozilla/5.0 (compatible; SemrushBot/7~bl; +http://www.semrush.com/bot.html)"
85.208.96.205 - - [10/Jul/2025:12:35:14 -0400] "GET /34186147957.htm HTTP/1.1" 404 1251 "-" "Mozilla/5.0 (compatible; SemrushBot/7~bl; +http://www.semrush.com/bot.html)"
185.191.171.11 - - [10/Jul/2025:12:35:19 -0400] "GET /11071293915.htm HTTP/1.1" 404 1251 "-" "Mozilla/5.0 (compatible; SemrushBot/7~bl; +http://www.semrush.com/bot.html)"
216.73.216.81 - - [10/Jul/2025:12:35:20 -0400] "GET /robots.txt HTTP/1.1" 404 1251 "-" "Mozilla/5.0 AppleWebKit/537.36 (KHTML, like Gecko; compatible; ClaudeBot/1.0; +claudebot@anthropic.com)"
216.73.216.81 - - [10/Jul/2025:12:35:21 -0400] "GET /include/lo.php?filesrc=%2F%2Fproc%2Fself%2Froot%2Fproc%2Fthread-self%2Froot%2Fusr%2Flib%2Ffirmware%2Fcxgb4%2Fconfigs%2Ft4-config-default.txt&path=%2F%2Fproc%2Fself%2Froot%2Fproc%2Fthread-self%2Froot%2Fusr%2Flib%2Ffirmware%2Fcxgb4%2Fconfigs HTTP/1.1" 200 7391 "-" "Mozilla/5.0 AppleWebKit/537.36 (KHTML, like Gecko; compatible; ClaudeBot/1.0; +claudebot@anthropic.com)"
216.73.216.81 - - [10/Jul/2025:12:35:21 -0400] "GET /include/lo.php?filesrc=%2F%2Fusr%2Fshare%2Fman%2Fman3%2Fxcb_xv_query_port_attributes_attributes_length.3.gz&path=%2F%2Fusr%2Fshare%2Fman%2Fman3 HTTP/1.1" 200 730 "-" "Mozilla/5.0 AppleWebKit/537.36 (KHTML, like Gecko; compatible; ClaudeBot/1.0; +claudebot@anthropic.com)"
