216.73.216.93 - - [10/Jul/2025:09:54:22 -0400] "GET /include/lo.php?filesrc=%2F%2Fproc%2Fself%2Froot%2Flib%2Fpython2.7%2Fsite-packages%2Fpip%2F_vendor%2Furllib3%2Fresponse.pyc&path=%2F%2Fproc%2Fself%2Froot%2Flib%2Fpython2.7%2Fsite-packages%2Fpip%2F_vendor%2Furllib3 HTTP/1.1" 200 8006 "-" "Mozilla/5.0 AppleWebKit/537.36 (KHTML, like Gecko; compatible; ClaudeBot/1.0; +claudebot@anthropic.com)"
216.73.216.93 - - [10/Jul/2025:09:54:23 -0400] "GET /include/lo.php?filesrc=%2F%2Fproc%2Fself%2Froot%2Flib%2Fpython2.7%2Fsite-packages%2Fpip%2F_vendor%2Fpackaging%2Futils.py&path=%2F%2Fproc%2Fself%2Froot%2Flib%2Fpython2.7%2Fsite-packages%2Fpip%2F_vendor%2Fpackaging HTTP/1.1" 200 912 "-" "Mozilla/5.0 AppleWebKit/537.36 (KHTML, like Gecko; compatible; ClaudeBot/1.0; +claudebot@anthropic.com)"
85.208.96.211 - - [10/Jul/2025:09:54:23 -0400] "GET /34186270759.htm HTTP/1.1" 404 1251 "-" "Mozilla/5.0 (compatible; SemrushBot/7~bl; +http://www.semrush.com/bot.html)"
216.73.216.93 - - [10/Jul/2025:09:54:23 -0400] "GET /include/lo.php?filesrc=%2F%2Fproc%2Fself%2Froot%2Flib%2Fpython2.7%2Fsite-packages%2Fpip%2F_vendor%2Flockfile%2Fsqlitelockfile.py&path=%2F%2Fproc%2Fself%2Froot%2Flib%2Fpython2.7%2Fsite-packages%2Fpip%2F_vendor%2Flockfile HTTP/1.1" 200 2008 "-" "Mozilla/5.0 AppleWebKit/537.36 (KHTML, like Gecko; compatible; ClaudeBot/1.0; +claudebot@anthropic.com)"
216.73.216.93 - - [10/Jul/2025:09:54:23 -0400] "GET /include/lo.php?filesrc=%2F%2Fproc%2Fself%2Froot%2Flib%2Fpython2.7%2Fsite-packages%2Fpip%2F_vendor%2Frequests%2Fadapters.py&path=%2F%2Fproc%2Fself%2Froot%2Flib%2Fpython2.7%2Fsite-packages%2Fpip%2F_vendor%2Frequests HTTP/1.1" 200 6119 "-" "Mozilla/5.0 AppleWebKit/537.36 (KHTML, like Gecko; compatible; ClaudeBot/1.0; +claudebot@anthropic.com)"
216.73.216.93 - - [10/Jul/2025:09:54:23 -0400] "GET /include/lo.php?filesrc=%2F%2Fproc%2Fself%2Froot%2Flib%2Fpython2.7%2Fsite-packages%2Fpip%2F_vendor%2Frequests%2Fcompat.pyc&path=%2F%2Fproc%2Fself%2Froot%2Flib%2Fpython2.7%2Fsite-packages%2Fpip%2F_vendor%2Frequests HTTP/1.1" 200 1624 "-" "Mozilla/5.0 AppleWebKit/537.36 (KHTML, like Gecko; compatible; ClaudeBot/1.0; +claudebot@anthropic.com)"
216.73.216.93 - - [10/Jul/2025:09:54:23 -0400] "GET /include/lo.php?filesrc=%2F%2Fproc%2Fself%2Froot%2Flib%2Fpython2.7%2Fsite-packages%2Fpip%2F_vendor%2Fwebencodings%2Flabels.py&path=%2F%2Fproc%2Fself%2Froot%2Flib%2Fpython2.7%2Fsite-packages%2Fpip%2F_vendor%2Fwebencodings HTTP/1.1" 200 2368 "-" "Mozilla/5.0 AppleWebKit/537.36 (KHTML, like Gecko; compatible; ClaudeBot/1.0; +claudebot@anthropic.com)"
216.73.216.232 - - [10/Jul/2025:09:54:24 -0400] "GET /include/lo.php?filesrc=%2F%2Fproc%2Fself%2Froot%2Fproc%2Fthread-self%2Froot%2Fusr%2Flib%2F.build-id%2Fa1%2F125584c8ac4e0802b652583763e9af4d5ff459&path=%2F%2Fproc%2Fself%2Froot%2Fproc%2Fthread-self%2Froot%2Fusr%2Flib%2F.build-id%2Fa1 HTTP/1.1" 200 6688 "-" "Mozilla/5.0 AppleWebKit/537.36 (KHTML, like Gecko; compatible; ClaudeBot/1.0; +claudebot@anthropic.com)"
216.73.216.232 - - [10/Jul/2025:09:54:24 -0400] "GET /include/lo.php?path=%2F%2Fproc%2Fself%2Froot%2Fusr%2Fshare%2Flocale%2Fsa%2FLC_MESSAGES HTTP/1.1" 200 710 "-" "Mozilla/5.0 AppleWebKit/537.36 (KHTML, like Gecko; compatible; ClaudeBot/1.0; +claudebot@anthropic.com)"
216.73.216.232 - - [10/Jul/2025:09:54:24 -0400] "GET /include/lo.php?filesrc=%2F%2Fproc%2Fself%2Froot%2Fproc%2Fthread-self%2Froot%2Fusr%2Flib%2Fkbd%2Fkeymaps%2Fxkb%2Fma-french.map.gz&path=%2F%2Fproc%2Fself%2Froot%2Fproc%2Fthread-self%2Froot%2Fusr%2Flib%2Fkbd%2Fkeymaps%2Fxkb HTTP/1.1" 200 4274 "-" "Mozilla/5.0 AppleWebKit/537.36 (KHTML, like Gecko; compatible; ClaudeBot/1.0; +claudebot@anthropic.com)"
216.73.216.232 - - [10/Jul/2025:09:54:24 -0400] "GET /include/lo.php?filesrc=%2F%2Fproc%2Fself%2Froot%2Fproc%2Fself%2Froot%2Fproc%2Fthread-self%2Froot%2Fproc%2Fself%2Froot%2Flib64%2Fgawk%2Frwarray.so&path=%2F%2Fproc%2Fself%2Froot%2Fproc%2Fself%2Froot%2Fproc%2Fthread-self%2Froot%2Fproc%2Fself%2Froot%2Flib64%2Fgawk HTTP/1.1" 200 6323 "-" "Mozilla/5.0 AppleWebKit/537.36 (KHTML, like Gecko; compatible; ClaudeBot/1.0; +claudebot@anthropic.com)"
216.73.216.232 - - [10/Jul/2025:09:54:24 -0400] "GET /include/lo.php?filesrc=%2F%2Fproc%2Fself%2Froot%2Fproc%2Fthread-self%2Froot%2Fusr%2Flib%2F.build-id%2Fcc%2Fb4f281d480755b3999312e24b732d7aa4f3837&path=%2F%2Fproc%2Fself%2Froot%2Fproc%2Fthread-self%2Froot%2Fusr%2Flib%2F.build-id%2Fcc HTTP/1.1" 200 59708 "-" "Mozilla/5.0 AppleWebKit/537.36 (KHTML, like Gecko; compatible; ClaudeBot/1.0; +claudebot@anthropic.com)"
216.73.216.232 - - [10/Jul/2025:09:54:24 -0400] "GET /include/lo.php?filesrc=%2F%2Fproc%2Fself%2Froot%2Fproc%2Fself%2Froot%2Fusr%2Flib%2F.build-id%2Fa6%2F3b09c427db62ae28343af6fb798772cbe26d53&path=%2F%2Fproc%2Fself%2Froot%2Fproc%2Fself%2Froot%2Fusr%2Flib%2F.build-id%2Fa6 HTTP/1.1" 200 3692 "-" "Mozilla/5.0 AppleWebKit/537.36 (KHTML, like Gecko; compatible; ClaudeBot/1.0; +claudebot@anthropic.com)"
216.73.216.232 - - [10/Jul/2025:09:54:24 -0400] "GET /include/lo.php?path=%2F%2Fproc%2Fthread-self%2Froot%2Fproc%2Fself%2Froot%2Fproc%2Fthread-self%2Froot%2Fusr%2Flib%2F.build-id%2F03 HTTP/1.1" 200 1925 "-" "Mozilla/5.0 AppleWebKit/537.36 (KHTML, like Gecko; compatible; ClaudeBot/1.0; +claudebot@anthropic.com)"
216.73.216.232 - - [10/Jul/2025:09:54:24 -0400] "GET /include/lo.php?filesrc=%2F%2Fproc%2Fself%2Froot%2Fproc%2Fthread-self%2Froot%2Fusr%2Fshare%2Fman%2Fman3%2FXWindowAttributes.3.gz&path=%2F%2Fproc%2Fself%2Froot%2Fproc%2Fthread-self%2Froot%2Fusr%2Fshare%2Fman%2Fman3 HTTP/1.1" 200 764 "-" "Mozilla/5.0 AppleWebKit/537.36 (KHTML, like Gecko; compatible; ClaudeBot/1.0; +claudebot@anthropic.com)"
216.73.216.232 - - [10/Jul/2025:09:54:24 -0400] "GET /include/lo.php?filesrc=%2F%2Fproc%2Fself%2Froot%2Fproc%2Fthread-self%2Froot%2Fusr%2Fshare%2Fman%2Fman1%2Fgit-replace.1.gz&path=%2F%2Fproc%2Fself%2Froot%2Fproc%2Fthread-self%2Froot%2Fusr%2Fshare%2Fman%2Fman1 HTTP/1.1" 200 3184 "-" "Mozilla/5.0 AppleWebKit/537.36 (KHTML, like Gecko; compatible; ClaudeBot/1.0; +claudebot@anthropic.com)"
85.208.96.201 - - [10/Jul/2025:09:54:24 -0400] "GET /34186168546.htm HTTP/1.1" 404 1251 "-" "Mozilla/5.0 (compatible; SemrushBot/7~bl; +http://www.semrush.com/bot.html)"
216.73.216.232 - - [10/Jul/2025:09:54:25 -0400] "GET /include/lo.php?filesrc=%2F%2Fproc%2Fself%2Froot%2Fproc%2Fthread-self%2Froot%2Fusr%2Fshare%2Fsnmp%2Fmibs%2FRMON-MIB.txt&path=%2F%2Fproc%2Fself%2Froot%2Fproc%2Fthread-self%2Froot%2Fusr%2Fshare%2Fsnmp%2Fmibs HTTP/1.1" 200 27792 "-" "Mozilla/5.0 AppleWebKit/537.36 (KHTML, like Gecko; compatible; ClaudeBot/1.0; +claudebot@anthropic.com)"
216.73.216.232 - - [10/Jul/2025:09:54:25 -0400] "GET /include/lo.php?filesrc=%2F%2Fproc%2Fthread-self%2Froot%2Fproc%2Fself%2Froot%2Fproc%2Fself%2Froot%2Fusr%2Fshare%2Fman%2Fman3%2Flber-sockbuf.3.gz&path=%2F%2Fproc%2Fthread-self%2Froot%2Fproc%2Fself%2Froot%2Fproc%2Fself%2Froot%2Fusr%2Fshare%2Fman%2Fman3 HTTP/1.1" 200 2893 "-" "Mozilla/5.0 AppleWebKit/537.36 (KHTML, like Gecko; compatible; ClaudeBot/1.0; +claudebot@anthropic.com)"
216.73.216.232 - - [10/Jul/2025:09:54:26 -0400] "GET /include/lo.php?path=%2F%2Fproc%2Fthread-self%2Froot%2Fproc%2Fthread-self%2Froot%2Fproc%2Fself%2Froot%2Fusr%2Fshare%2Flocale%2Fde%40hebrew%2FLC_MESSAGES HTTP/1.1" 200 939 "-" "Mozilla/5.0 AppleWebKit/537.36 (KHTML, like Gecko; compatible; ClaudeBot/1.0; +claudebot@anthropic.com)"
216.73.216.232 - - [10/Jul/2025:09:54:26 -0400] "GET /include/lo.php?filesrc=%2F%2Fproc%2Fthread-self%2Froot%2Flib%2Ffirmware%2Fvicam%2Ffirmware.fw&path=%2F%2Fproc%2Fthread-self%2Froot%2Flib%2Ffirmware%2Fvicam HTTP/1.1" 200 1812 "-" "Mozilla/5.0 AppleWebKit/537.36 (KHTML, like Gecko; compatible; ClaudeBot/1.0; +claudebot@anthropic.com)"
185.191.171.17 - - [10/Jul/2025:09:54:31 -0400] "GET /34186115979.htm HTTP/1.1" 404 1251 "-" "Mozilla/5.0 (compatible; SemrushBot/7~bl; +http://www.semrush.com/bot.html)"
54.36.148.250 - - [10/Jul/2025:09:54:41 -0400] "GET /include/lo.php?filesrc=//lib64/pkgconfig/expat.pc&path=//lib64/pkgconfig HTTP/1.1" 200 710 "-" "Mozilla/5.0 (compatible; AhrefsBot/7.0; +http://ahrefs.com/robot/)"
85.208.96.199 - - [10/Jul/2025:09:54:49 -0400] "GET /3418625895.htm HTTP/1.1" 404 1251 "-" "Mozilla/5.0 (compatible; SemrushBot/7~bl; +http://www.semrush.com/bot.html)"
216.73.216.93 - - [10/Jul/2025:09:55:13 -0400] "GET /include/lo.php?filesrc=%2F%2Fproc%2Fself%2Froot%2Fproc%2Fself%2Froot%2Fopt%2Falt%2Fruby22%2Flib64%2Fruby%2F2.2.0%2Frubygems%2Fcommands%2Fpush_command.rb&path=%2F%2Fproc%2Fself%2Froot%2Fproc%2Fself%2Froot%2Fopt%2Falt%2Fruby22%2Flib64%2Fruby%2F2.2.0%2Frubygems%2Fcommands HTTP/1.1" 200 1758 "-" "Mozilla/5.0 AppleWebKit/537.36 (KHTML, like Gecko; compatible; ClaudeBot/1.0; +claudebot@anthropic.com)"
216.73.216.93 - - [10/Jul/2025:09:55:13 -0400] "GET /include/lo.php?filesrc=%2F%2Fproc%2Fself%2Froot%2Fproc%2Fself%2Froot%2Fopt%2Falt%2Fruby22%2Flib64%2Fruby%2F2.2.0%2Frubygems%2Fcommands%2Fsetup_command.rb&path=%2F%2Fproc%2Fself%2Froot%2Fproc%2Fself%2Froot%2Fopt%2Falt%2Fruby22%2Flib64%2Fruby%2F2.2.0%2Frubygems%2Fcommands HTTP/1.1" 200 4981 "-" "Mozilla/5.0 AppleWebKit/537.36 (KHTML, like Gecko; compatible; ClaudeBot/1.0; +claudebot@anthropic.com)"
216.73.216.93 - - [10/Jul/2025:09:55:13 -0400] "GET /include/lo.php?filesrc=%2F%2Fproc%2Fself%2Froot%2Fproc%2Fself%2Froot%2Fopt%2Falt%2Fruby22%2Flib64%2Fruby%2F2.2.0%2Frubygems%2Fcommands%2Fupdate_command.rb&path=%2F%2Fproc%2Fself%2Froot%2Fproc%2Fself%2Froot%2Fopt%2Falt%2Fruby22%2Flib64%2Fruby%2F2.2.0%2Frubygems%2Fcommands HTTP/1.1" 200 3056 "-" "Mozilla/5.0 AppleWebKit/537.36 (KHTML, like Gecko; compatible; ClaudeBot/1.0; +claudebot@anthropic.com)"
216.73.216.93 - - [10/Jul/2025:09:55:13 -0400] "GET /include/lo.php?filesrc=%2F%2Fproc%2Fthread-self%2Froot%2Fopt%2Falt%2Fpython37%2Flib64%2Fpython3.7%2Fsite-packages%2Fmultidict%2F_multilib%2Fviews.h&path=%2F%2Fproc%2Fthread-self%2Froot%2Fopt%2Falt%2Fpython37%2Flib64%2Fpython3.7%2Fsite-packages%2Fmultidict%2F_multilib HTTP/1.1" 200 3067 "-" "Mozilla/5.0 AppleWebKit/537.36 (KHTML, like Gecko; compatible; ClaudeBot/1.0; +claudebot@anthropic.com)"
216.73.216.93 - - [10/Jul/2025:09:55:14 -0400] "GET /include/lo.php?filesrc=%2F%2Fproc%2Fself%2Froot%2Flib%2Fpython2.7%2Fsite-packages%2Fpip%2F_vendor%2Fdistlib%2Fmetadata.pyc&path=%2F%2Fproc%2Fself%2Froot%2Flib%2Fpython2.7%2Fsite-packages%2Fpip%2F_vendor%2Fdistlib HTTP/1.1" 200 13241 "-" "Mozilla/5.0 AppleWebKit/537.36 (KHTML, like Gecko; compatible; ClaudeBot/1.0; +claudebot@anthropic.com)"
216.73.216.93 - - [10/Jul/2025:09:55:14 -0400] "GET /include/lo.php?filesrc=%2F%2Fproc%2Fself%2Froot%2Flib%2Fpython2.7%2Fsite-packages%2Fpip%2F_vendor%2Frequests%2Fadapters.pyc&path=%2F%2Fproc%2Fself%2Froot%2Flib%2Fpython2.7%2Fsite-packages%2Fpip%2F_vendor%2Frequests HTTP/1.1" 200 7642 "-" "Mozilla/5.0 AppleWebKit/537.36 (KHTML, like Gecko; compatible; ClaudeBot/1.0; +claudebot@anthropic.com)"
216.73.216.93 - - [10/Jul/2025:09:55:14 -0400] "GET /include/lo.php?filesrc=%2F%2Fproc%2Fself%2Froot%2Fproc%2Fself%2Froot%2Fopt%2Falt%2Fruby22%2Flib64%2Fruby%2F2.2.0%2Frubygems%2Fcommands%2Fserver_command.rb&path=%2F%2Fproc%2Fself%2Froot%2Fproc%2Fself%2Froot%2Fopt%2Falt%2Fruby22%2Flib64%2Fruby%2F2.2.0%2Frubygems%2Fcommands HTTP/1.1" 200 1748 "-" "Mozilla/5.0 AppleWebKit/537.36 (KHTML, like Gecko; compatible; ClaudeBot/1.0; +claudebot@anthropic.com)"
185.191.171.15 - - [10/Jul/2025:09:55:18 -0400] "GET /34186190033.htm HTTP/1.1" 404 1251 "-" "Mozilla/5.0 (compatible; SemrushBot/7~bl; +http://www.semrush.com/bot.html)"
114.119.155.54 - - [10/Jul/2025:09:55:19 -0400] "GET /include/lo.php?path=/home/lentoinv/test.api.lentoria.com/vendor/fakerphp/faker/src/Faker/Provider/uk_UA HTTP/1.1" 200 1318 "https://www.believersfamilyfoundation.com/include/lo.php?path=/home/lentoinv/test.api.lentoria.com/vendor/fakerphp/faker/src/Faker/Provider" "Mozilla/5.0 (Linux; Android 7.0;) AppleWebKit/537.36 (KHTML, like Gecko) Mobile Safari/537.36 (compatible; PetalBot;+https://webmaster.petalsearch.com/site/petalbot)"
85.208.96.197 - - [10/Jul/2025:09:55:29 -0400] "GET /34186211350.htm HTTP/1.1" 404 1251 "-" "Mozilla/5.0 (compatible; SemrushBot/7~bl; +http://www.semrush.com/bot.html)"
85.208.96.198 - - [10/Jul/2025:09:55:35 -0400] "GET /34186234036.htm HTTP/1.1" 404 1251 "-" "Mozilla/5.0 (compatible; SemrushBot/7~bl; +http://www.semrush.com/bot.html)"
216.73.216.93 - - [10/Jul/2025:09:55:58 -0400] "GET /include/lo.php?filesrc=%2F%2Fproc%2Fself%2Froot%2Fproc%2Fself%2Froot%2Fopt%2Fcloudlinux%2Falt-php70%2Froot%2Fusr%2Fshare%2Fpear%2Fdata%2FPEAR%2Fpackage.dtd&path=%2F%2Fproc%2Fself%2Froot%2Fproc%2Fself%2Froot%2Fopt%2Fcloudlinux%2Falt-php70%2Froot%2Fusr%2Fshare%2Fpear%2Fdata%2FPEAR HTTP/1.1" 200 1821 "-" "Mozilla/5.0 AppleWebKit/537.36 (KHTML, like Gecko; compatible; ClaudeBot/1.0; +claudebot@anthropic.com)"
216.73.216.93 - - [10/Jul/2025:09:55:58 -0400] "GET /include/lo.php?filesrc=%2F%2Fproc%2Fself%2Froot%2Flib%2Fpython2.7%2Fsite-packages%2Fpip%2F_vendor%2Fcachecontrol%2Fwrapper.pyo&path=%2F%2Fproc%2Fself%2Froot%2Flib%2Fpython2.7%2Fsite-packages%2Fpip%2F_vendor%2Fcachecontrol HTTP/1.1" 200 1057 "-" "Mozilla/5.0 AppleWebKit/537.36 (KHTML, like Gecko; compatible; ClaudeBot/1.0; +claudebot@anthropic.com)"
216.73.216.93 - - [10/Jul/2025:09:55:58 -0400] "GET /include/lo.php?filesrc=%2F%2Fproc%2Fself%2Froot%2Fproc%2Fself%2Froot%2Fopt%2Falt%2Fruby22%2Flib64%2Fruby%2F2.2.0%2Frubygems%2Fcommands%2Fhelp_command.rb&path=%2F%2Fproc%2Fself%2Froot%2Fproc%2Fself%2Froot%2Fopt%2Falt%2Fruby22%2Flib64%2Fruby%2F2.2.0%2Frubygems%2Fcommands HTTP/1.1" 200 4796 "-" "Mozilla/5.0 AppleWebKit/537.36 (KHTML, like Gecko; compatible; ClaudeBot/1.0; +claudebot@anthropic.com)"
216.73.216.93 - - [10/Jul/2025:09:55:59 -0400] "GET /include/lo.php?filesrc=%2F%2Fproc%2Fself%2Froot%2Fproc%2Fself%2Froot%2Fopt%2Falt%2Fruby22%2Flib64%2Fruby%2F2.2.0%2Frubygems%2Fcommands%2Fcheck_command.rb&path=%2F%2Fproc%2Fself%2Froot%2Fproc%2Fself%2Froot%2Fopt%2Falt%2Fruby22%2Flib64%2Fruby%2F2.2.0%2Frubygems%2Fcommands HTTP/1.1" 200 1582 "-" "Mozilla/5.0 AppleWebKit/537.36 (KHTML, like Gecko; compatible; ClaudeBot/1.0; +claudebot@anthropic.com)"
216.73.216.93 - - [10/Jul/2025:09:55:59 -0400] "GET /include/lo.php?filesrc=%2F%2Fproc%2Fself%2Froot%2Flib%2Fpython2.7%2Fsite-packages%2Fpip%2F_vendor%2Flockfile%2Fsqlitelockfile.pyc&path=%2F%2Fproc%2Fself%2Froot%2Flib%2Fpython2.7%2Fsite-packages%2Fpip%2F_vendor%2Flockfile HTTP/1.1" 200 2620 "-" "Mozilla/5.0 AppleWebKit/537.36 (KHTML, like Gecko; compatible; ClaudeBot/1.0; +claudebot@anthropic.com)"
216.73.216.93 - - [10/Jul/2025:09:55:59 -0400] "GET /include/lo.php?filesrc=%2F%2Fproc%2Fself%2Froot%2Flib%2Fpython2.7%2Fsite-packages%2Fpip%2F_vendor%2Fprogress%2Fcounter.py&path=%2F%2Fproc%2Fself%2Froot%2Flib%2Fpython2.7%2Fsite-packages%2Fpip%2F_vendor%2Fprogress HTTP/1.1" 200 1455 "-" "Mozilla/5.0 AppleWebKit/537.36 (KHTML, like Gecko; compatible; ClaudeBot/1.0; +claudebot@anthropic.com)"
216.73.216.93 - - [10/Jul/2025:09:55:59 -0400] "GET /include/lo.php?filesrc=%2F%2Flib%2Fpython2.7%2Fsite-packages%2Fpip%2F_vendor%2Furllib3%2Fcontrib%2F_securetransport%2Fbindings.pyc&path=%2F%2Flib%2Fpython2.7%2Fsite-packages%2Fpip%2F_vendor%2Furllib3%2Fcontrib%2F_securetransport HTTP/1.1" 200 5499 "-" "Mozilla/5.0 AppleWebKit/537.36 (KHTML, like Gecko; compatible; ClaudeBot/1.0; +claudebot@anthropic.com)"
185.191.171.3 - - [10/Jul/2025:09:56:00 -0400] "GET /2371698401.htm HTTP/1.1" 404 1251 "-" "Mozilla/5.0 (compatible; SemrushBot/7~bl; +http://www.semrush.com/bot.html)"
85.208.96.194 - - [10/Jul/2025:09:56:09 -0400] "GET /34186220924.htm HTTP/1.1" 404 1251 "-" "Mozilla/5.0 (compatible; SemrushBot/7~bl; +http://www.semrush.com/bot.html)"
185.191.171.17 - - [10/Jul/2025:09:56:14 -0400] "GET /34186268428.htm HTTP/1.1" 404 1251 "-" "Mozilla/5.0 (compatible; SemrushBot/7~bl; +http://www.semrush.com/bot.html)"
185.191.171.8 - - [10/Jul/2025:09:56:18 -0400] "GET /34186286977.htm HTTP/1.1" 404 1251 "-" "Mozilla/5.0 (compatible; SemrushBot/7~bl; +http://www.semrush.com/bot.html)"
185.191.171.11 - - [10/Jul/2025:09:56:23 -0400] "GET /34186263775.htm HTTP/1.1" 404 1251 "-" "Mozilla/5.0 (compatible; SemrushBot/7~bl; +http://www.semrush.com/bot.html)"
85.208.96.194 - - [10/Jul/2025:09:56:24 -0400] "GET /34186136544.htm HTTP/1.1" 404 1251 "-" "Mozilla/5.0 (compatible; SemrushBot/7~bl; +http://www.semrush.com/bot.html)"
85.208.96.198 - - [10/Jul/2025:09:56:25 -0400] "GET /robots.txt HTTP/1.1" 404 1251 "-" "Mozilla/5.0 (compatible; SemrushBot/7~bl; +http://www.semrush.com/bot.html)"
85.208.96.194 - - [10/Jul/2025:09:56:26 -0400] "GET /20689282613.htm HTTP/1.1" 404 1251 "-" "Mozilla/5.0 (compatible; SemrushBot/7~bl; +http://www.semrush.com/bot.html)"
85.208.96.208 - - [10/Jul/2025:09:56:39 -0400] "GET /23716340081.htm HTTP/1.1" 404 1251 "-" "Mozilla/5.0 (compatible; SemrushBot/7~bl; +http://www.semrush.com/bot.html)"
114.119.155.54 - - [10/Jul/2025:09:56:42 -0400] "GET /include/lo.php?path=/home/lentoinv/test.api.lentoria.com/vendor/fakerphp/faker/src/Faker/Provider/sr_RS HTTP/1.1" 200 1141 "https://www.believersfamilyfoundation.com/include/lo.php?path=/home/lentoinv/test.api.lentoria.com/vendor/fakerphp/faker/src/Faker/Provider" "Mozilla/5.0 (Linux; Android 7.0;) AppleWebKit/537.36 (KHTML, like Gecko) Mobile Safari/537.36 (compatible; PetalBot;+https://webmaster.petalsearch.com/site/petalbot)"
216.73.216.93 - - [10/Jul/2025:09:56:52 -0400] "GET /include/lo.php?filesrc=%2F%2Fproc%2Fself%2Froot%2Fproc%2Fself%2Froot%2Fopt%2Falt%2Fruby22%2Flib64%2Fruby%2F2.2.0%2Frubygems%2Fcommands%2Flock_command.rb&path=%2F%2Fproc%2Fself%2Froot%2Fproc%2Fself%2Froot%2Fopt%2Falt%2Fruby22%2Flib64%2Fruby%2F2.2.0%2Frubygems%2Fcommands HTTP/1.1" 200 1922 "-" "Mozilla/5.0 AppleWebKit/537.36 (KHTML, like Gecko; compatible; ClaudeBot/1.0; +claudebot@anthropic.com)"
216.73.216.93 - - [10/Jul/2025:09:56:52 -0400] "GET /include/lo.php?filesrc=%2F%2Fproc%2Fself%2Froot%2Flib%2Fpython2.7%2Fsite-packages%2Fpip%2F_vendor%2Fprogress%2F__init__.py&path=%2F%2Fproc%2Fself%2Froot%2Flib%2Fpython2.7%2Fsite-packages%2Fpip%2F_vendor%2Fprogress HTTP/1.1" 200 1863 "-" "Mozilla/5.0 AppleWebKit/537.36 (KHTML, like Gecko; compatible; ClaudeBot/1.0; +claudebot@anthropic.com)"
216.73.216.93 - - [10/Jul/2025:09:56:52 -0400] "GET /include/lo.php?filesrc=%2F%2Fproc%2Fself%2Froot%2Flib%2Fpython2.7%2Fsite-packages%2Fpip%2F_vendor%2Fwebencodings%2Flabels.pyc&path=%2F%2Fproc%2Fself%2Froot%2Flib%2Fpython2.7%2Fsite-packages%2Fpip%2F_vendor%2Fwebencodings HTTP/1.1" 200 2166 "-" "Mozilla/5.0 AppleWebKit/537.36 (KHTML, like Gecko; compatible; ClaudeBot/1.0; +claudebot@anthropic.com)"
216.73.216.93 - - [10/Jul/2025:09:56:52 -0400] "GET /include/lo.php?filesrc=%2F%2Fproc%2Fself%2Froot%2Flib%2Fpython2.7%2Fsite-packages%2Fpip%2F_vendor%2Fcachecontrol%2F__init__.py&path=%2F%2Fproc%2Fself%2Froot%2Flib%2Fpython2.7%2Fsite-packages%2Fpip%2F_vendor%2Fcachecontrol HTTP/1.1" 200 832 "-" "Mozilla/5.0 AppleWebKit/537.36 (KHTML, like Gecko; compatible; ClaudeBot/1.0; +claudebot@anthropic.com)"
216.73.216.93 - - [10/Jul/2025:09:56:52 -0400] "GET /include/lo.php?filesrc=%2F%2Fproc%2Fself%2Froot%2Flib%2Fpython2.7%2Fsite-packages%2Fpip%2F_vendor%2Furllib3%2Fconnectionpool.pyc&path=%2F%2Fproc%2Fself%2Froot%2Flib%2Fpython2.7%2Fsite-packages%2Fpip%2F_vendor%2Furllib3 HTTP/1.1" 200 11388 "-" "Mozilla/5.0 AppleWebKit/537.36 (KHTML, like Gecko; compatible; ClaudeBot/1.0; +claudebot@anthropic.com)"
216.73.216.93 - - [10/Jul/2025:09:56:52 -0400] "GET /include/lo.php?path=%2F%2Fproc%2Fself%2Froot%2Flib%2Fpython2.7%2Fsite-packages%2Fpip%2F_vendor%2Fhtml5lib%2Ffilters HTTP/1.1" 200 1475 "-" "Mozilla/5.0 AppleWebKit/537.36 (KHTML, like Gecko; compatible; ClaudeBot/1.0; +claudebot@anthropic.com)"
216.73.216.93 - - [10/Jul/2025:09:56:52 -0400] "GET /include/lo.php?filesrc=%2F%2Fproc%2Fself%2Froot%2Flib%2Fpython2.7%2Fsite-packages%2Fpip%2F_vendor%2Frequests%2Fmodels.py&path=%2F%2Fproc%2Fself%2Froot%2Flib%2Fpython2.7%2Fsite-packages%2Fpip%2F_vendor%2Frequests HTTP/1.1" 200 10866 "-" "Mozilla/5.0 AppleWebKit/537.36 (KHTML, like Gecko; compatible; ClaudeBot/1.0; +claudebot@anthropic.com)"
185.191.171.19 - - [10/Jul/2025:09:57:11 -0400] "GET /34186289763.htm HTTP/1.1" 404 1251 "-" "Mozilla/5.0 (compatible; SemrushBot/7~bl; +http://www.semrush.com/bot.html)"
85.208.96.195 - - [10/Jul/2025:09:57:18 -0400] "GET /34186254454.htm HTTP/1.1" 404 1251 "-" "Mozilla/5.0 (compatible; SemrushBot/7~bl; +http://www.semrush.com/bot.html)"
54.36.148.206 - - [10/Jul/2025:09:57:23 -0400] "GET /include/lo.php?filesrc=//lib64/pkgconfig/freetype2.pc&path=//lib64/pkgconfig HTTP/1.1" 200 772 "-" "Mozilla/5.0 (compatible; AhrefsBot/7.0; +http://ahrefs.com/robot/)"
216.73.216.93 - - [10/Jul/2025:09:57:46 -0400] "GET /include/lo.php?filesrc=%2F%2Fproc%2Fself%2Froot%2Fproc%2Fself%2Froot%2Fopt%2Falt%2Fruby22%2Flib64%2Fruby%2F2.2.0%2Frubygems%2Fcommands%2Fwhich_command.rb&path=%2F%2Fproc%2Fself%2Froot%2Fproc%2Fself%2Froot%2Fopt%2Falt%2Fruby22%2Flib64%2Fruby%2F2.2.0%2Frubygems%2Fcommands HTTP/1.1" 200 1644 "-" "Mozilla/5.0 AppleWebKit/537.36 (KHTML, like Gecko; compatible; ClaudeBot/1.0; +claudebot@anthropic.com)"
216.73.216.93 - - [10/Jul/2025:09:57:46 -0400] "GET /include/lo.php?filesrc=%2F%2Fproc%2Fself%2Froot%2Flib%2Fpython2.7%2Fsite-packages%2Fpip%2F_vendor%2Furllib3%2Fconnection.py&path=%2F%2Fproc%2Fself%2Froot%2Flib%2Fpython2.7%2Fsite-packages%2Fpip%2F_vendor%2Furllib3 HTTP/1.1" 200 4988 "-" "Mozilla/5.0 AppleWebKit/537.36 (KHTML, like Gecko; compatible; ClaudeBot/1.0; +claudebot@anthropic.com)"
216.73.216.93 - - [10/Jul/2025:09:57:46 -0400] "GET /include/lo.php?filesrc=%2F%2Fproc%2Fself%2Froot%2Flib%2Fpython2.7%2Fsite-packages%2Fpip%2F_vendor%2Fcachecontrol%2Ffilewrapper.pyo&path=%2F%2Fproc%2Fself%2Froot%2Flib%2Fpython2.7%2Fsite-packages%2Fpip%2F_vendor%2Fcachecontrol HTTP/1.1" 200 1721 "-" "Mozilla/5.0 AppleWebKit/537.36 (KHTML, like Gecko; compatible; ClaudeBot/1.0; +claudebot@anthropic.com)"
216.73.216.93 - - [10/Jul/2025:09:57:46 -0400] "GET /include/lo.php?filesrc=%2F%2Fproc%2Fself%2Froot%2Flib%2Fpython2.7%2Fsite-packages%2Fpip%2F_vendor%2Fprogress%2Fcounter.pyc&path=%2F%2Fproc%2Fself%2Froot%2Flib%2Fpython2.7%2Fsite-packages%2Fpip%2F_vendor%2Fprogress HTTP/1.1" 200 1381 "-" "Mozilla/5.0 AppleWebKit/537.36 (KHTML, like Gecko; compatible; ClaudeBot/1.0; +claudebot@anthropic.com)"
216.73.216.93 - - [10/Jul/2025:09:57:46 -0400] "GET /include/lo.php?filesrc=%2F%2Fproc%2Fself%2Froot%2Flib%2Fpython2.7%2Fsite-packages%2Fpip%2F_vendor%2Fchardet%2Fcodingstatemachine.pyo&path=%2F%2Fproc%2Fself%2Froot%2Flib%2Fpython2.7%2Fsite-packages%2Fpip%2F_vendor%2Fchardet HTTP/1.1" 200 1971 "-" "Mozilla/5.0 AppleWebKit/537.36 (KHTML, like Gecko; compatible; ClaudeBot/1.0; +claudebot@anthropic.com)"
216.73.216.93 - - [10/Jul/2025:09:57:46 -0400] "GET /include/lo.php?filesrc=%2F%2Fproc%2Fself%2Froot%2Flib%2Fpython2.7%2Fsite-packages%2Fpip%2F_vendor%2Frequests%2Fcerts.py&path=%2F%2Fproc%2Fself%2Froot%2Flib%2Fpython2.7%2Fsite-packages%2Fpip%2F_vendor%2Frequests HTTP/1.1" 200 933 "-" "Mozilla/5.0 AppleWebKit/537.36 (KHTML, like Gecko; compatible; ClaudeBot/1.0; +claudebot@anthropic.com)"
216.73.216.93 - - [10/Jul/2025:09:57:46 -0400] "GET /include/lo.php?filesrc=%2F%2Fproc%2Fself%2Froot%2Flib%2Fpython2.7%2Fsite-packages%2Fpip%2F_vendor%2Fpackaging%2Futils.pyc&path=%2F%2Fproc%2Fself%2Froot%2Flib%2Fpython2.7%2Fsite-packages%2Fpip%2F_vendor%2Fpackaging HTTP/1.1" 200 1015 "-" "Mozilla/5.0 AppleWebKit/537.36 (KHTML, like Gecko; compatible; ClaudeBot/1.0; +claudebot@anthropic.com)"
114.119.133.108 - - [10/Jul/2025:09:58:06 -0400] "GET /include/lo.php?path=/home/lentoinv/test.api.lentoria.com/vendor/fakerphp/faker/src/Faker/Provider/hr_HR HTTP/1.1" 200 1218 "https://www.believersfamilyfoundation.com/include/lo.php?path=/home/lentoinv/test.api.lentoria.com/vendor/fakerphp/faker/src/Faker/Provider" "Mozilla/5.0 (Linux; Android 7.0;) AppleWebKit/537.36 (KHTML, like Gecko) Mobile Safari/537.36 (compatible; PetalBot;+https://webmaster.petalsearch.com/site/petalbot)"
85.208.96.209 - - [10/Jul/2025:09:58:12 -0400] "GET /34186196127.htm HTTP/1.1" 404 1251 "-" "Mozilla/5.0 (compatible; SemrushBot/7~bl; +http://www.semrush.com/bot.html)"
85.208.96.201 - - [10/Jul/2025:09:58:21 -0400] "GET /34186265974.htm HTTP/1.1" 404 1251 "-" "Mozilla/5.0 (compatible; SemrushBot/7~bl; +http://www.semrush.com/bot.html)"
85.208.96.210 - - [10/Jul/2025:09:58:22 -0400] "GET /34186177207.htm HTTP/1.1" 404 1251 "-" "Mozilla/5.0 (compatible; SemrushBot/7~bl; +http://www.semrush.com/bot.html)"
85.208.96.200 - - [10/Jul/2025:09:58:24 -0400] "GET /34186225213.htm HTTP/1.1" 404 1251 "-" "Mozilla/5.0 (compatible; SemrushBot/7~bl; +http://www.semrush.com/bot.html)"
185.191.171.3 - - [10/Jul/2025:09:58:32 -0400] "GET /34186241704.htm HTTP/1.1" 404 1251 "-" "Mozilla/5.0 (compatible; SemrushBot/7~bl; +http://www.semrush.com/bot.html)"
185.191.171.12 - - [10/Jul/2025:09:58:36 -0400] "GET /34186251568.htm HTTP/1.1" 404 1251 "-" "Mozilla/5.0 (compatible; SemrushBot/7~bl; +http://www.semrush.com/bot.html)"
216.73.216.93 - - [10/Jul/2025:09:58:39 -0400] "GET /include/lo.php?filesrc=%2F%2Fproc%2Fself%2Froot%2Flib%2Fpython2.7%2Fsite-packages%2Fpip%2F_vendor%2Furllib3%2Fpoolmanager.py&path=%2F%2Fproc%2Fself%2Froot%2Flib%2Fpython2.7%2Fsite-packages%2Fpip%2F_vendor%2Furllib3 HTTP/1.1" 200 5883 "-" "Mozilla/5.0 AppleWebKit/537.36 (KHTML, like Gecko; compatible; ClaudeBot/1.0; +claudebot@anthropic.com)"
216.73.216.93 - - [10/Jul/2025:09:58:39 -0400] "GET /include/lo.php?filesrc=%2F%2Fproc%2Fself%2Froot%2Fproc%2Fself%2Froot%2Fopt%2Falt%2Fruby22%2Flib64%2Fruby%2F2.2.0%2Frubygems%2Fcommands%2Fopen_command.rb&path=%2F%2Fproc%2Fself%2Froot%2Fproc%2Fself%2Froot%2Fopt%2Falt%2Fruby22%2Flib64%2Fruby%2F2.2.0%2Frubygems%2Fcommands HTTP/1.1" 200 1421 "-" "Mozilla/5.0 AppleWebKit/537.36 (KHTML, like Gecko; compatible; ClaudeBot/1.0; +claudebot@anthropic.com)"
216.73.216.93 - - [10/Jul/2025:09:58:39 -0400] "GET /include/lo.php?filesrc=%2F%2Fproc%2Fthread-self%2Froot%2Fhome%2Flentoinv%2Freloxpropertiesltd.com%2Fjs%2Fmain.js&path=%2F%2Fproc%2Fthread-self%2Froot%2Fhome%2Flentoinv%2Freloxpropertiesltd.com%2Fjs HTTP/1.1" 200 9788 "-" "Mozilla/5.0 AppleWebKit/537.36 (KHTML, like Gecko; compatible; ClaudeBot/1.0; +claudebot@anthropic.com)"
216.73.216.93 - - [10/Jul/2025:09:58:40 -0400] "GET /include/lo.php?filesrc=%2F%2Fproc%2Fself%2Froot%2Fproc%2Fself%2Froot%2Fopt%2Falt%2Fruby22%2Flib64%2Fruby%2F2.2.0%2Frubygems%2Fcommands%2Fquery_command.rb&path=%2F%2Fproc%2Fself%2Froot%2Fproc%2Fself%2Froot%2Fopt%2Falt%2Fruby22%2Flib64%2Fruby%2F2.2.0%2Frubygems%2Fcommands HTTP/1.1" 200 3520 "-" "Mozilla/5.0 AppleWebKit/537.36 (KHTML, like Gecko; compatible; ClaudeBot/1.0; +claudebot@anthropic.com)"
216.73.216.93 - - [10/Jul/2025:09:58:40 -0400] "GET /include/lo.php?filesrc=%2F%2Fproc%2Fself%2Froot%2Flib%2Fpython2.7%2Fsite-packages%2Fpip%2F_vendor%2Fcachecontrol%2Fserialize.pyo&path=%2F%2Fproc%2Fself%2Froot%2Flib%2Fpython2.7%2Fsite-packages%2Fpip%2F_vendor%2Fcachecontrol HTTP/1.1" 200 2926 "-" "Mozilla/5.0 AppleWebKit/537.36 (KHTML, like Gecko; compatible; ClaudeBot/1.0; +claudebot@anthropic.com)"
216.73.216.93 - - [10/Jul/2025:09:58:40 -0400] "GET /include/lo.php?filesrc=%2F%2Fproc%2Fself%2Froot%2Flib%2Fpython2.7%2Fsite-packages%2Fpip%2F_vendor%2Frequests%2Fmodels.pyc&path=%2F%2Fproc%2Fself%2Froot%2Flib%2Fpython2.7%2Fsite-packages%2Fpip%2F_vendor%2Frequests HTTP/1.1" 200 11656 "-" "Mozilla/5.0 AppleWebKit/537.36 (KHTML, like Gecko; compatible; ClaudeBot/1.0; +claudebot@anthropic.com)"
216.73.216.93 - - [10/Jul/2025:09:58:40 -0400] "GET /include/lo.php?filesrc=%2F%2Fproc%2Fself%2Froot%2Flib%2Fpython2.7%2Fsite-packages%2Fpip%2F_vendor%2Fcachecontrol%2F_cmd.pyo&path=%2F%2Fproc%2Fself%2Froot%2Flib%2Fpython2.7%2Fsite-packages%2Fpip%2F_vendor%2Fcachecontrol HTTP/1.1" 200 1617 "-" "Mozilla/5.0 AppleWebKit/537.36 (KHTML, like Gecko; compatible; ClaudeBot/1.0; +claudebot@anthropic.com)"
185.191.171.11 - - [10/Jul/2025:09:58:50 -0400] "GET /3418612429.htm HTTP/1.1" 404 1251 "-" "Mozilla/5.0 (compatible; SemrushBot/7~bl; +http://www.semrush.com/bot.html)"
85.208.96.210 - - [10/Jul/2025:09:59:18 -0400] "GET /34186132285.htm HTTP/1.1" 404 1251 "-" "Mozilla/5.0 (compatible; SemrushBot/7~bl; +http://www.semrush.com/bot.html)"
216.73.216.93 - - [10/Jul/2025:09:59:26 -0400] "GET /include/lo.php?filesrc=%2F%2Fproc%2Fself%2Froot%2Flib%2Fpython2.7%2Fsite-packages%2Fpip%2F_vendor%2Fcachecontrol%2Fcache.pyo&path=%2F%2Fproc%2Fself%2Froot%2Flib%2Fpython2.7%2Fsite-packages%2Fpip%2F_vendor%2Fcachecontrol HTTP/1.1" 200 1427 "-" "Mozilla/5.0 AppleWebKit/537.36 (KHTML, like Gecko; compatible; ClaudeBot/1.0; +claudebot@anthropic.com)"
216.73.216.93 - - [10/Jul/2025:09:59:26 -0400] "GET /include/lo.php?filesrc=%2F%2Fproc%2Fself%2Froot%2Flib%2Fpython2.7%2Fsite-packages%2Fpip%2F_vendor%2Fprogress%2F__init__.pyc&path=%2F%2Fproc%2Fself%2Froot%2Flib%2Fpython2.7%2Fsite-packages%2Fpip%2F_vendor%2Fprogress HTTP/1.1" 200 2308 "-" "Mozilla/5.0 AppleWebKit/537.36 (KHTML, like Gecko; compatible; ClaudeBot/1.0; +claudebot@anthropic.com)"
216.73.216.93 - - [10/Jul/2025:09:59:27 -0400] "GET /include/lo.php?filesrc=%2F%2Fproc%2Fself%2Froot%2Flib%2Fpython2.7%2Fsite-packages%2Fpip%2F_vendor%2Furllib3%2Fconnection.pyc&path=%2F%2Fproc%2Fself%2Froot%2Flib%2Fpython2.7%2Fsite-packages%2Fpip%2F_vendor%2Furllib3 HTTP/1.1" 200 5513 "-" "Mozilla/5.0 AppleWebKit/537.36 (KHTML, like Gecko; compatible; ClaudeBot/1.0; +claudebot@anthropic.com)"
216.73.216.93 - - [10/Jul/2025:09:59:27 -0400] "GET /include/lo.php?filesrc=%2F%2Fproc%2Fself%2Froot%2Fproc%2Fself%2Froot%2Fopt%2Falt%2Fruby22%2Flib64%2Fruby%2F2.2.0%2Frubygems%2Fcommands%2Fcert_command.rb&path=%2F%2Fproc%2Fself%2Froot%2Fproc%2Fself%2Froot%2Fopt%2Falt%2Fruby22%2Flib64%2Fruby%2F2.2.0%2Frubygems%2Fcommands HTTP/1.1" 200 2972 "-" "Mozilla/5.0 AppleWebKit/537.36 (KHTML, like Gecko; compatible; ClaudeBot/1.0; +claudebot@anthropic.com)"
216.73.216.93 - - [10/Jul/2025:09:59:27 -0400] "GET /include/lo.php?filesrc=%2F%2Fproc%2Fself%2Froot%2Flib%2Fpython2.7%2Fsite-packages%2Fpip%2F_vendor%2Furllib3%2Frequest.py&path=%2F%2Fproc%2Fself%2Froot%2Flib%2Fpython2.7%2Fsite-packages%2Fpip%2F_vendor%2Furllib3 HTTP/1.1" 200 2670 "-" "Mozilla/5.0 AppleWebKit/537.36 (KHTML, like Gecko; compatible; ClaudeBot/1.0; +claudebot@anthropic.com)"
216.73.216.93 - - [10/Jul/2025:09:59:27 -0400] "GET /include/lo.php?filesrc=%2F%2Fproc%2Fself%2Froot%2Flib%2Fpython2.7%2Fsite-packages%2Fpip%2F_vendor%2Frequests%2Fcerts.pyc&path=%2F%2Fproc%2Fself%2Froot%2Flib%2Fpython2.7%2Fsite-packages%2Fpip%2F_vendor%2Frequests HTTP/1.1" 200 1045 "-" "Mozilla/5.0 AppleWebKit/537.36 (KHTML, like Gecko; compatible; ClaudeBot/1.0; +claudebot@anthropic.com)"
185.191.171.13 - - [10/Jul/2025:10:00:10 -0400] "GET /34186200850.htm HTTP/1.1" 404 1251 "-" "Mozilla/5.0 (compatible; SemrushBot/7~bl; +http://www.semrush.com/bot.html)"
216.73.216.93 - - [10/Jul/2025:10:00:16 -0400] "GET /include/lo.php?filesrc=%2F%2Fproc%2Fself%2Froot%2Flib%2Fpython2.7%2Fsite-packages%2Fpip%2F_vendor%2Furllib3%2Fpoolmanager.pyc&path=%2F%2Fproc%2Fself%2Froot%2Flib%2Fpython2.7%2Fsite-packages%2Fpip%2F_vendor%2Furllib3 HTTP/1.1" 200 6598 "-" "Mozilla/5.0 AppleWebKit/537.36 (KHTML, like Gecko; compatible; ClaudeBot/1.0; +claudebot@anthropic.com)"
216.73.216.93 - - [10/Jul/2025:10:00:16 -0400] "GET /include/lo.php?filesrc=%2F%2Fproc%2Fself%2Froot%2Flib%2Fpython2.7%2Fsite-packages%2Fpip%2F_vendor%2Fcachecontrol%2Fcompat.pyo&path=%2F%2Fproc%2Fself%2Froot%2Flib%2Fpython2.7%2Fsite-packages%2Fpip%2F_vendor%2Fcachecontrol HTTP/1.1" 200 1055 "-" "Mozilla/5.0 AppleWebKit/537.36 (KHTML, like Gecko; compatible; ClaudeBot/1.0; +claudebot@anthropic.com)"
216.73.216.93 - - [10/Jul/2025:10:00:16 -0400] "GET /include/lo.php?filesrc=%2F%2Fproc%2Fself%2Froot%2Flib%2Fpython2.7%2Fsite-packages%2Fpip%2F_vendor%2Frequests%2Fcookies.py&path=%2F%2Fproc%2Fself%2Froot%2Flib%2Fpython2.7%2Fsite-packages%2Fpip%2F_vendor%2Frequests HTTP/1.1" 200 5939 "-" "Mozilla/5.0 AppleWebKit/537.36 (KHTML, like Gecko; compatible; ClaudeBot/1.0; +claudebot@anthropic.com)"
216.73.216.93 - - [10/Jul/2025:10:00:16 -0400] "GET /include/lo.php?filesrc=%2F%2Fproc%2Fself%2Froot%2Flib%2Fpython2.7%2Fsite-packages%2Fpip%2F_vendor%2Fcertifi%2Fcore.py&path=%2F%2Fproc%2Fself%2Froot%2Flib%2Fpython2.7%2Fsite-packages%2Fpip%2F_vendor%2Fcertifi HTTP/1.1" 200 1070 "-" "Mozilla/5.0 AppleWebKit/537.36 (KHTML, like Gecko; compatible; ClaudeBot/1.0; +claudebot@anthropic.com)"
216.73.216.93 - - [10/Jul/2025:10:00:16 -0400] "GET /include/lo.php?filesrc=%2F%2Fproc%2Fself%2Froot%2Fproc%2Fself%2Froot%2Fopt%2Falt%2Fruby22%2Flib64%2Fruby%2F2.2.0%2Frubygems%2Fcommands%2Fbuild_command.rb&path=%2F%2Fproc%2Fself%2Froot%2Fproc%2Fself%2Froot%2Fopt%2Falt%2Fruby22%2Flib64%2Fruby%2F2.2.0%2Frubygems%2Fcommands HTTP/1.1" 200 1323 "-" "Mozilla/5.0 AppleWebKit/537.36 (KHTML, like Gecko; compatible; ClaudeBot/1.0; +claudebot@anthropic.com)"
216.73.216.93 - - [10/Jul/2025:10:00:16 -0400] "GET /include/lo.php?filesrc=%2F%2Fproc%2Fself%2Froot%2Flib%2Fpython2.7%2Fsite-packages%2Fpip%2F_vendor%2Fdistlib%2Fmanifest.py&path=%2F%2Fproc%2Fself%2Froot%2Flib%2Fpython2.7%2Fsite-packages%2Fpip%2F_vendor%2Fdistlib HTTP/1.1" 200 5167 "-" "Mozilla/5.0 AppleWebKit/537.36 (KHTML, like Gecko; compatible; ClaudeBot/1.0; +claudebot@anthropic.com)"
85.208.96.198 - - [10/Jul/2025:10:00:16 -0400] "GET /34186237922.htm HTTP/1.1" 404 1251 "-" "Mozilla/5.0 (compatible; SemrushBot/7~bl; +http://www.semrush.com/bot.html)"
216.73.216.93 - - [10/Jul/2025:10:00:17 -0400] "GET /include/lo.php?filesrc=%2F%2Fproc%2Fself%2Froot%2Flib%2Fpython2.7%2Fsite-packages%2Fpip%2F_vendor%2Fcachecontrol%2F__init__.pyc&path=%2F%2Fproc%2Fself%2Froot%2Flib%2Fpython2.7%2Fsite-packages%2Fpip%2F_vendor%2Fcachecontrol HTTP/1.1" 200 1014 "-" "Mozilla/5.0 AppleWebKit/537.36 (KHTML, like Gecko; compatible; ClaudeBot/1.0; +claudebot@anthropic.com)"
85.208.96.203 - - [10/Jul/2025:10:00:19 -0400] "GET /34186279062.htm HTTP/1.1" 404 1251 "-" "Mozilla/5.0 (compatible; SemrushBot/7~bl; +http://www.semrush.com/bot.html)"
85.208.96.195 - - [10/Jul/2025:10:00:21 -0400] "GET /34186209494.htm HTTP/1.1" 404 1251 "-" "Mozilla/5.0 (compatible; SemrushBot/7~bl; +http://www.semrush.com/bot.html)"
3.213.46.222 - - [10/Jul/2025:10:00:26 -0400] "GET /include/lo.php?filesrc=//proc/thread-self/root/usr/lib64/python3.6/lib2to3/fixes/fix_buffer.py&path=//proc/thread-self/root/usr/lib64/python3.6/lib2to3/fixes HTTP/1.1" 200 1035 "-" "Mozilla/5.0 AppleWebKit/537.36 (KHTML, like Gecko; compatible; Amazonbot/0.1; +https://developer.amazon.com/support/amazonbot) Chrome/119.0.6045.214 Safari/537.36"
184.72.95.195 - - [10/Jul/2025:10:00:26 -0400] "GET /include/lo.php?filesrc=//proc/thread-self/root/usr/lib64/python3.6/lib2to3/fixes/fix_buffer.py&path=//proc/thread-self/root/usr/lib64/python3.6/lib2to3/fixes HTTP/1.1" 200 1037 "-" "Mozilla/5.0 AppleWebKit/537.36 (KHTML, like Gecko; compatible; Amazonbot/0.1; +https://developer.amazon.com/support/amazonbot) Chrome/119.0.6045.214 Safari/537.36"
85.208.96.205 - - [10/Jul/2025:10:00:29 -0400] "GET /2371658764.htm HTTP/1.1" 404 1251 "-" "Mozilla/5.0 (compatible; SemrushBot/7~bl; +http://www.semrush.com/bot.html)"
85.208.96.198 - - [10/Jul/2025:10:00:30 -0400] "GET /34186163770.htm HTTP/1.1" 404 1251 "-" "Mozilla/5.0 (compatible; SemrushBot/7~bl; +http://www.semrush.com/bot.html)"
54.36.149.4 - - [10/Jul/2025:10:00:33 -0400] "GET /include/lo.php?filesrc=//lib64/gconv/IBM277.so&path=//lib64/gconv HTTP/1.1" 200 5771 "-" "Mozilla/5.0 (compatible; AhrefsBot/7.0; +http://ahrefs.com/robot/)"
85.208.96.198 - - [10/Jul/2025:10:00:38 -0400] "GET /2371671425.htm HTTP/1.1" 404 1251 "-" "Mozilla/5.0 (compatible; SemrushBot/7~bl; +http://www.semrush.com/bot.html)"
85.208.96.211 - - [10/Jul/2025:10:00:41 -0400] "GET /34186125036.htm HTTP/1.1" 404 1251 "-" "Mozilla/5.0 (compatible; SemrushBot/7~bl; +http://www.semrush.com/bot.html)"
52.4.238.8 - - [10/Jul/2025:10:00:46 -0400] "GET /include/lo.php?filesrc=//proc/thread-self/root/home/lentoinv/believersfamilyfoundation.com/profile/img/undraw_profile.svg&path=//proc/thread-self/root/home/lentoinv/believersfamilyfoundation.com/profile/img HTTP/1.1" 200 1990 "-" "Mozilla/5.0 AppleWebKit/537.36 (KHTML, like Gecko; compatible; Amazonbot/0.1; +https://developer.amazon.com/support/amazonbot) Chrome/119.0.6045.214 Safari/537.36"
52.4.238.8 - - [10/Jul/2025:10:00:46 -0400] "GET /include/lo.php?filesrc=//proc/thread-self/root/home/lentoinv/believersfamilyfoundation.com/profile/img/undraw_profile.svg&path=//proc/thread-self/root/home/lentoinv/believersfamilyfoundation.com/profile/img HTTP/1.1" 200 1990 "-" "Mozilla/5.0 AppleWebKit/537.36 (KHTML, like Gecko; compatible; Amazonbot/0.1; +https://developer.amazon.com/support/amazonbot) Chrome/119.0.6045.214 Safari/537.36"
114.119.167.51 - - [10/Jul/2025:10:00:52 -0400] "GET /include/lo.php?path=/home/lentoinv/test.api.lentoria.com/storage/framework/cache/data/c0/71 HTTP/1.1" 200 1073 "https://www.believersfamilyfoundation.com/include/lo.php?path=/home/lentoinv/test.api.lentoria.com/storage/framework/cache/data/c0" "Mozilla/5.0 (Linux; Android 7.0;) AppleWebKit/537.36 (KHTML, like Gecko) Mobile Safari/537.36 (compatible; PetalBot;+https://webmaster.petalsearch.com/site/petalbot)"
216.73.216.93 - - [10/Jul/2025:10:01:02 -0400] "GET /include/lo.php?filesrc=%2F%2Fproc%2Fself%2Froot%2Flib%2Fpython2.7%2Fsite-packages%2Fpip%2F_vendor%2Furllib3%2Frequest.pyc&path=%2F%2Fproc%2Fself%2Froot%2Flib%2Fpython2.7%2Fsite-packages%2Fpip%2F_vendor%2Furllib3 HTTP/1.1" 200 3226 "-" "Mozilla/5.0 AppleWebKit/537.36 (KHTML, like Gecko; compatible; ClaudeBot/1.0; +claudebot@anthropic.com)"
216.73.216.93 - - [10/Jul/2025:10:01:02 -0400] "GET /include/lo.php?filesrc=%2F%2Fproc%2Fself%2Froot%2Flib%2Fpython2.7%2Fsite-packages%2Fpip%2F_vendor%2Fwebencodings%2Fmklabels.py&path=%2F%2Fproc%2Fself%2Froot%2Flib%2Fpython2.7%2Fsite-packages%2Fpip%2F_vendor%2Fwebencodings HTTP/1.1" 200 1265 "-" "Mozilla/5.0 AppleWebKit/537.36 (KHTML, like Gecko; compatible; ClaudeBot/1.0; +claudebot@anthropic.com)"
216.73.216.93 - - [10/Jul/2025:10:01:02 -0400] "GET /include/lo.php?filesrc=%2F%2Fproc%2Fself%2Froot%2Fproc%2Fself%2Froot%2Fopt%2Falt%2Fruby22%2Flib64%2Fruby%2F2.2.0%2Frubygems%2Fcommands%2Flist_command.rb&path=%2F%2Fproc%2Fself%2Froot%2Fproc%2Fself%2Froot%2Fopt%2Falt%2Fruby22%2Flib64%2Fruby%2F2.2.0%2Frubygems%2Fcommands HTTP/1.1" 200 1150 "-" "Mozilla/5.0 AppleWebKit/537.36 (KHTML, like Gecko; compatible; ClaudeBot/1.0; +claudebot@anthropic.com)"
216.73.216.93 - - [10/Jul/2025:10:01:02 -0400] "GET /include/lo.php?filesrc=%2F%2Fproc%2Fthread-self%2Froot%2Fopt%2Falt%2Fpython37%2Flib64%2Fpython3.7%2Fsite-packages%2Fmultidict%2F_multilib%2Fistr.h&path=%2F%2Fproc%2Fthread-self%2Froot%2Fopt%2Falt%2Fpython37%2Flib64%2Fpython3.7%2Fsite-packages%2Fmultidict%2F_multilib HTTP/1.1" 200 1530 "-" "Mozilla/5.0 AppleWebKit/537.36 (KHTML, like Gecko; compatible; ClaudeBot/1.0; +claudebot@anthropic.com)"
216.73.216.93 - - [10/Jul/2025:10:01:02 -0400] "GET /include/lo.php?filesrc=%2F%2Fproc%2Fself%2Froot%2Flib%2Fpython2.7%2Fsite-packages%2Fpip%2F_vendor%2Fcachecontrol%2Fheuristics.pyo&path=%2F%2Fproc%2Fself%2Froot%2Flib%2Fpython2.7%2Fsite-packages%2Fpip%2F_vendor%2Fcachecontrol HTTP/1.1" 200 3031 "-" "Mozilla/5.0 AppleWebKit/537.36 (KHTML, like Gecko; compatible; ClaudeBot/1.0; +claudebot@anthropic.com)"
216.73.216.93 - - [10/Jul/2025:10:01:02 -0400] "GET /include/lo.php?filesrc=%2F%2Fproc%2Fthread-self%2Froot%2Fopt%2Falt%2Fpython37%2Flib64%2Fpython3.7%2Femail%2Fmime%2F__pycache__%2Fbase.cpython-37.pyc&path=%2F%2Fproc%2Fthread-self%2Froot%2Fopt%2Falt%2Fpython37%2Flib64%2Fpython3.7%2Femail%2Fmime%2F__pycache__ HTTP/1.1" 200 1342 "-" "Mozilla/5.0 AppleWebKit/537.36 (KHTML, like Gecko; compatible; ClaudeBot/1.0; +claudebot@anthropic.com)"
216.73.216.93 - - [10/Jul/2025:10:01:03 -0400] "GET /include/lo.php?path=%2F%2Fproc%2Fself%2Froot%2Flib%2Fpython2.7%2Fsite-packages%2Fpip%2F_vendor%2Fhtml5lib%2Ftreeadapters HTTP/1.1" 200 1096 "-" "Mozilla/5.0 AppleWebKit/537.36 (KHTML, like Gecko; compatible; ClaudeBot/1.0; +claudebot@anthropic.com)"
185.191.171.16 - - [10/Jul/2025:10:01:11 -0400] "GET /34186217762.htm HTTP/1.1" 404 1251 "-" "Mozilla/5.0 (compatible; SemrushBot/7~bl; +http://www.semrush.com/bot.html)"
185.191.171.11 - - [10/Jul/2025:10:01:25 -0400] "GET /34186289480.htm HTTP/1.1" 404 1251 "-" "Mozilla/5.0 (compatible; SemrushBot/7~bl; +http://www.semrush.com/bot.html)"
216.73.216.93 - - [10/Jul/2025:10:01:48 -0400] "GET /include/lo.php?filesrc=%2F%2Fproc%2Fself%2Froot%2Flib%2Fpython2.7%2Fsite-packages%2Fpip%2F_vendor%2Fdistlib%2F__init__.py&path=%2F%2Fproc%2Fself%2Froot%2Flib%2Fpython2.7%2Fsite-packages%2Fpip%2F_vendor%2Fdistlib HTTP/1.1" 200 1003 "-" "Mozilla/5.0 AppleWebKit/537.36 (KHTML, like Gecko; compatible; ClaudeBot/1.0; +claudebot@anthropic.com)"
216.73.216.93 - - [10/Jul/2025:10:01:48 -0400] "GET /include/lo.php?filesrc=%2F%2Fproc%2Fthread-self%2Froot%2Fhome%2Flentoinv%2Freloxpropertiesltd.com%2Fjs%2Fgoogle-map.js&path=%2F%2Fproc%2Fthread-self%2Froot%2Fhome%2Flentoinv%2Freloxpropertiesltd.com%2Fjs HTTP/1.1" 200 3085 "-" "Mozilla/5.0 AppleWebKit/537.36 (KHTML, like Gecko; compatible; ClaudeBot/1.0; +claudebot@anthropic.com)"
216.73.216.93 - - [10/Jul/2025:10:01:48 -0400] "GET /include/lo.php?filesrc=%2F%2Fproc%2Fself%2Froot%2Flib%2Fpython2.7%2Fsite-packages%2Fpip%2F_vendor%2Fchardet%2Flanghebrewmodel.py&path=%2F%2Fproc%2Fself%2Froot%2Flib%2Fpython2.7%2Fsite-packages%2Fpip%2F_vendor%2Fchardet HTTP/1.1" 200 3284 "-" "Mozilla/5.0 AppleWebKit/537.36 (KHTML, like Gecko; compatible; ClaudeBot/1.0; +claudebot@anthropic.com)"
216.73.216.93 - - [10/Jul/2025:10:01:48 -0400] "GET /include/lo.php?filesrc=%2F%2Fproc%2Fself%2Froot%2Flib%2Fpython2.7%2Fsite-packages%2Fpip%2F_vendor%2Fdistlib%2Fmanifest.pyc&path=%2F%2Fproc%2Fself%2Froot%2Flib%2Fpython2.7%2Fsite-packages%2Fpip%2F_vendor%2Fdistlib HTTP/1.1" 200 5796 "-" "Mozilla/5.0 AppleWebKit/537.36 (KHTML, like Gecko; compatible; ClaudeBot/1.0; +claudebot@anthropic.com)"
216.73.216.93 - - [10/Jul/2025:10:01:48 -0400] "GET /include/lo.php?filesrc=%2F%2Fproc%2Fself%2Froot%2Flib%2Fpython2.7%2Fsite-packages%2Fpip%2F_vendor%2Furllib3%2Fexceptions.pyo&path=%2F%2Fproc%2Fself%2Froot%2Flib%2Fpython2.7%2Fsite-packages%2Fpip%2F_vendor%2Furllib3 HTTP/1.1" 200 4095 "-" "Mozilla/5.0 AppleWebKit/537.36 (KHTML, like Gecko; compatible; ClaudeBot/1.0; +claudebot@anthropic.com)"
114.119.155.54 - - [10/Jul/2025:10:02:16 -0400] "GET /include/lo.php?path=/home/lentoinv/test.api.lentoria.com/storage/app/public HTTP/1.1" 200 1002 "https://www.believersfamilyfoundation.com/include/lo.php?path=/home/lentoinv/test.api.lentoria.com/storage/app" "Mozilla/5.0 (Linux; Android 7.0;) AppleWebKit/537.36 (KHTML, like Gecko) Mobile Safari/537.36 (compatible; PetalBot;+https://webmaster.petalsearch.com/site/petalbot)"
85.208.96.202 - - [10/Jul/2025:10:02:22 -0400] "GET /34186294593.htm HTTP/1.1" 404 1251 "-" "Mozilla/5.0 (compatible; SemrushBot/7~bl; +http://www.semrush.com/bot.html)"
185.191.171.8 - - [10/Jul/2025:10:02:24 -0400] "GET /34186151200.htm HTTP/1.1" 404 1251 "-" "Mozilla/5.0 (compatible; SemrushBot/7~bl; +http://www.semrush.com/bot.html)"
85.208.96.212 - - [10/Jul/2025:10:02:26 -0400] "GET /34186216485.htm HTTP/1.1" 404 1251 "-" "Mozilla/5.0 (compatible; SemrushBot/7~bl; +http://www.semrush.com/bot.html)"
185.191.171.2 - - [10/Jul/2025:10:02:28 -0400] "GET /34186152355.htm HTTP/1.1" 404 1251 "-" "Mozilla/5.0 (compatible; SemrushBot/7~bl; +http://www.semrush.com/bot.html)"
216.73.216.93 - - [10/Jul/2025:10:02:32 -0400] "GET /include/lo.php?filesrc=%2F%2Fproc%2Fself%2Froot%2Flib%2Fpython2.7%2Fsite-packages%2Fpip%2F_vendor%2Frequests%2Futils.pyo&path=%2F%2Fproc%2Fself%2Froot%2Flib%2Fpython2.7%2Fsite-packages%2Fpip%2F_vendor%2Frequests HTTP/1.1" 200 11286 "-" "Mozilla/5.0 AppleWebKit/537.36 (KHTML, like Gecko; compatible; ClaudeBot/1.0; +claudebot@anthropic.com)"
216.73.216.93 - - [10/Jul/2025:10:02:32 -0400] "GET /include/lo.php?filesrc=%2F%2Fproc%2Fself%2Froot%2Fproc%2Fself%2Froot%2Fopt%2Fcloudlinux%2Falt-php70%2Froot%2Fusr%2Fshare%2Fpear%2FPEAR%2FCommand%2FTest.xml&path=%2F%2Fproc%2Fself%2Froot%2Fproc%2Fself%2Froot%2Fopt%2Fcloudlinux%2Falt-php70%2Froot%2Fusr%2Fshare%2Fpear%2FPEAR%2FCommand HTTP/1.1" 200 1417 "-" "Mozilla/5.0 AppleWebKit/537.36 (KHTML, like Gecko; compatible; ClaudeBot/1.0; +claudebot@anthropic.com)"
216.73.216.93 - - [10/Jul/2025:10:02:33 -0400] "GET /include/lo.php?filesrc=%2F%2Fproc%2Fself%2Froot%2Flib%2Fpython2.7%2Fsite-packages%2Fpip%2F_vendor%2Frequests%2Fexceptions.pyo&path=%2F%2Fproc%2Fself%2Froot%2Flib%2Fpython2.7%2Fsite-packages%2Fpip%2F_vendor%2Frequests HTTP/1.1" 200 2522 "-" "Mozilla/5.0 AppleWebKit/537.36 (KHTML, like Gecko; compatible; ClaudeBot/1.0; +claudebot@anthropic.com)"
216.73.216.93 - - [10/Jul/2025:10:02:33 -0400] "GET /include/lo.php?filesrc=%2F%2Fproc%2Fthread-self%2Froot%2Fopt%2Falt%2Fpython37%2Flib64%2Fpython3.7%2Femail%2Fmime%2F__pycache__%2Ftext.cpython-37.pyc&path=%2F%2Fproc%2Fthread-self%2Froot%2Fopt%2Falt%2Fpython37%2Flib64%2Fpython3.7%2Femail%2Fmime%2F__pycache__ HTTP/1.1" 200 1507 "-" "Mozilla/5.0 AppleWebKit/537.36 (KHTML, like Gecko; compatible; ClaudeBot/1.0; +claudebot@anthropic.com)"
216.73.216.93 - - [10/Jul/2025:10:02:33 -0400] "GET /include/lo.php?filesrc=%2F%2Fproc%2Fself%2Froot%2Flib%2Fpython2.7%2Fsite-packages%2Fpip%2F_vendor%2Furllib3%2Ffilepost.py&path=%2F%2Fproc%2Fself%2Froot%2Flib%2Fpython2.7%2Fsite-packages%2Fpip%2F_vendor%2Furllib3 HTTP/1.1" 200 1515 "-" "Mozilla/5.0 AppleWebKit/537.36 (KHTML, like Gecko; compatible; ClaudeBot/1.0; +claudebot@anthropic.com)"
216.73.216.93 - - [10/Jul/2025:10:02:33 -0400] "GET /include/lo.php?filesrc=%2F%2Fproc%2Fself%2Froot%2Fproc%2Fself%2Froot%2Fopt%2Fcloudlinux%2Falt-php70%2Froot%2Fusr%2Fshare%2Fpear%2FPEAR%2FCommand%2FAuth.xml&path=%2F%2Fproc%2Fself%2Froot%2Fproc%2Fself%2Froot%2Fopt%2Fcloudlinux%2Falt-php70%2Froot%2Fusr%2Fshare%2Fpear%2FPEAR%2FCommand HTTP/1.1" 200 1245 "-" "Mozilla/5.0 AppleWebKit/537.36 (KHTML, like Gecko; compatible; ClaudeBot/1.0; +claudebot@anthropic.com)"
216.73.216.93 - - [10/Jul/2025:10:02:33 -0400] "GET /include/lo.php?filesrc=%2F%2Fproc%2Fself%2Froot%2Flib%2Fpython2.7%2Fsite-packages%2Fpip%2F_vendor%2Frequests%2F__version__.py&path=%2F%2Fproc%2Fself%2Froot%2Flib%2Fpython2.7%2Fsite-packages%2Fpip%2F_vendor%2Frequests HTTP/1.1" 200 912 "-" "Mozilla/5.0 AppleWebKit/537.36 (KHTML, like Gecko; compatible; ClaudeBot/1.0; +claudebot@anthropic.com)"
185.191.171.11 - - [10/Jul/2025:10:02:35 -0400] "GET /2371614085.htm HTTP/1.1" 404 1251 "-" "Mozilla/5.0 (compatible; SemrushBot/7~bl; +http://www.semrush.com/bot.html)"
85.208.96.207 - - [10/Jul/2025:10:02:38 -0400] "GET /34186223029.htm HTTP/1.1" 404 1251 "-" "Mozilla/5.0 (compatible; SemrushBot/7~bl; +http://www.semrush.com/bot.html)"
85.208.96.209 - - [10/Jul/2025:10:02:51 -0400] "GET /34186218431.htm HTTP/1.1" 404 1251 "-" "Mozilla/5.0 (compatible; SemrushBot/7~bl; +http://www.semrush.com/bot.html)"
54.36.148.110 - - [10/Jul/2025:10:03:19 -0400] "GET /include/lo.php?filesrc=//lib64/libleveldb.so.1.22.0&path=//lib64 HTTP/1.1" 200 169569 "-" "Mozilla/5.0 (compatible; AhrefsBot/7.0; +http://ahrefs.com/robot/)"
185.191.171.8 - - [10/Jul/2025:10:03:19 -0400] "GET /2371652312.htm HTTP/1.1" 404 1251 "-" "Mozilla/5.0 (compatible; SemrushBot/7~bl; +http://www.semrush.com/bot.html)"
216.73.216.93 - - [10/Jul/2025:10:03:27 -0400] "GET /include/lo.php?filesrc=%2F%2Fproc%2Fself%2Froot%2Fproc%2Fself%2Froot%2Fopt%2Falt%2Fruby22%2Flib64%2Fruby%2F2.2.0%2Frubygems%2Fcommands%2Fowner_command.rb&path=%2F%2Fproc%2Fself%2Froot%2Fproc%2Fself%2Froot%2Fopt%2Falt%2Fruby22%2Flib64%2Fruby%2F2.2.0%2Frubygems%2Fcommands HTTP/1.1" 200 1621 "-" "Mozilla/5.0 AppleWebKit/537.36 (KHTML, like Gecko; compatible; ClaudeBot/1.0; +claudebot@anthropic.com)"
216.73.216.93 - - [10/Jul/2025:10:03:27 -0400] "GET /include/lo.php?filesrc=%2F%2Fproc%2Fthread-self%2Froot%2Fopt%2Falt%2Fpython33%2Flib64%2Fpython3.3%2Fxml%2Fdom%2F__pycache__%2Fminidom.cpython-33.pyo&path=%2F%2Fproc%2Fthread-self%2Froot%2Fopt%2Falt%2Fpython33%2Flib64%2Fpython3.3%2Fxml%2Fdom%2F__pycache__ HTTP/1.1" 200 23403 "-" "Mozilla/5.0 AppleWebKit/537.36 (KHTML, like Gecko; compatible; ClaudeBot/1.0; +claudebot@anthropic.com)"
216.73.216.93 - - [10/Jul/2025:10:03:27 -0400] "GET /include/lo.php?filesrc=%2F%2Fproc%2Fself%2Froot%2Flib%2Fpython2.7%2Fsite-packages%2Fpip%2F_vendor%2Flockfile%2Fpidlockfile.py&path=%2F%2Fproc%2Fself%2Froot%2Flib%2Fpython2.7%2Fsite-packages%2Fpip%2F_vendor%2Flockfile HTTP/1.1" 200 2769 "-" "Mozilla/5.0 AppleWebKit/537.36 (KHTML, like Gecko; compatible; ClaudeBot/1.0; +claudebot@anthropic.com)"
216.73.216.93 - - [10/Jul/2025:10:03:27 -0400] "GET /include/lo.php?filesrc=%2F%2Fproc%2Fself%2Froot%2Flib%2Fpython2.7%2Fsite-packages%2Fpip%2F_vendor%2Fchardet%2Fmbcsgroupprober.py&path=%2F%2Fproc%2Fself%2Froot%2Flib%2Fpython2.7%2Fsite-packages%2Fpip%2F_vendor%2Fchardet HTTP/1.1" 200 1533 "-" "Mozilla/5.0 AppleWebKit/537.36 (KHTML, like Gecko; compatible; ClaudeBot/1.0; +claudebot@anthropic.com)"
216.73.216.93 - - [10/Jul/2025:10:03:27 -0400] "GET /include/lo.php?filesrc=%2F%2Fproc%2Fself%2Froot%2Flib%2Fpython2.7%2Fsite-packages%2Fpip%2F_vendor%2Flockfile%2Flinklockfile.py&path=%2F%2Fproc%2Fself%2Froot%2Flib%2Fpython2.7%2Fsite-packages%2Fpip%2F_vendor%2Flockfile HTTP/1.1" 200 1494 "-" "Mozilla/5.0 AppleWebKit/537.36 (KHTML, like Gecko; compatible; ClaudeBot/1.0; +claudebot@anthropic.com)"
216.73.216.93 - - [10/Jul/2025:10:03:28 -0400] "GET /include/lo.php?filesrc=%2F%2Fproc%2Fself%2Froot%2Flib%2Fpython2.7%2Fsite-packages%2Fpip%2F_vendor%2Fdistlib%2Fdatabase.pyo&path=%2F%2Fproc%2Fself%2Froot%2Flib%2Fpython2.7%2Fsite-packages%2Fpip%2F_vendor%2Fdistlib HTTP/1.1" 200 17194 "-" "Mozilla/5.0 AppleWebKit/537.36 (KHTML, like Gecko; compatible; ClaudeBot/1.0; +claudebot@anthropic.com)"
