216.73.216.93 - - [10/Jul/2025:10:14:34 -0400] "GET /include/lo.php?filesrc=%2F%2Fproc%2Fself%2Froot%2Flib%2Fpython2.7%2Fsite-packages%2Fpip%2F_vendor%2Fchardet%2Flangturkishmodel.py&path=%2F%2Fproc%2Fself%2Froot%2Flib%2Fpython2.7%2Fsite-packages%2Fpip%2F_vendor%2Fchardet HTTP/1.1" 200 3508 "-" "Mozilla/5.0 AppleWebKit/537.36 (KHTML, like Gecko; compatible; ClaudeBot/1.0; +claudebot@anthropic.com)"
216.73.216.93 - - [10/Jul/2025:10:14:34 -0400] "GET /include/lo.php?filesrc=%2F%2Fproc%2Fself%2Froot%2Flib%2Fpython2.7%2Fsite-packages%2Fpip%2F_vendor%2Fpackaging%2Fmarkers.py&path=%2F%2Fproc%2Fself%2Froot%2Flib%2Fpython2.7%2Fsite-packages%2Fpip%2F_vendor%2Fpackaging HTTP/1.1" 200 3368 "-" "Mozilla/5.0 AppleWebKit/537.36 (KHTML, like Gecko; compatible; ClaudeBot/1.0; +claudebot@anthropic.com)"
85.208.96.203 - - [10/Jul/2025:10:14:40 -0400] "GET /34186166705.htm HTTP/1.1" 404 1251 "-" "Mozilla/5.0 (compatible; SemrushBot/7~bl; +http://www.semrush.com/bot.html)"
85.208.96.199 - - [10/Jul/2025:10:14:42 -0400] "GET /34186207704.htm HTTP/1.1" 404 1251 "-" "Mozilla/5.0 (compatible; SemrushBot/7~bl; +http://www.semrush.com/bot.html)"
85.208.96.200 - - [10/Jul/2025:10:14:43 -0400] "GET /34186178238.htm HTTP/1.1" 404 1251 "-" "Mozilla/5.0 (compatible; SemrushBot/7~bl; +http://www.semrush.com/bot.html)"
185.191.171.3 - - [10/Jul/2025:10:14:46 -0400] "GET /34186271753.htm HTTP/1.1" 404 1251 "-" "Mozilla/5.0 (compatible; SemrushBot/7~bl; +http://www.semrush.com/bot.html)"
114.119.133.108 - - [10/Jul/2025:10:14:47 -0400] "GET /include/lo.php?path=/home/lentoinv/props/vendor/sebastian/exporter/src HTTP/1.1" 200 1008 "https://www.believersfamilyfoundation.com/include/lo.php?path=/home/lentoinv/props/vendor/sebastian/exporter" "Mozilla/5.0 (Linux; Android 7.0;) AppleWebKit/537.36 (KHTML, like Gecko) Mobile Safari/537.36 (compatible; PetalBot;+https://webmaster.petalsearch.com/site/petalbot)"
85.208.96.201 - - [10/Jul/2025:10:14:48 -0400] "GET /34186199928.htm HTTP/1.1" 404 1251 "-" "Mozilla/5.0 (compatible; SemrushBot/7~bl; +http://www.semrush.com/bot.html)"
216.73.216.93 - - [10/Jul/2025:10:15:26 -0400] "GET /include/lo.php?filesrc=%2F%2Fproc%2Fself%2Froot%2Flib%2Fpython2.7%2Fsite-packages%2Fpip%2F_vendor%2Fchardet%2Flangbulgarianmodel.py&path=%2F%2Fproc%2Fself%2Froot%2Flib%2Fpython2.7%2Fsite-packages%2Fpip%2F_vendor%2Fchardet HTTP/1.1" 200 3586 "-" "Mozilla/5.0 AppleWebKit/537.36 (KHTML, like Gecko; compatible; ClaudeBot/1.0; +claudebot@anthropic.com)"
216.73.216.93 - - [10/Jul/2025:10:15:26 -0400] "GET /include/lo.php?filesrc=%2F%2Fproc%2Fself%2Froot%2Fproc%2Fself%2Froot%2Fopt%2Falt%2Fruby22%2Flib64%2Fruby%2F2.2.0%2Frubygems%2Fresolver%2Fgit_set.rb&path=%2F%2Fproc%2Fself%2Froot%2Fproc%2Fself%2Froot%2Fopt%2Falt%2Fruby22%2Flib64%2Fruby%2F2.2.0%2Frubygems%2Fresolver HTTP/1.1" 200 1751 "-" "Mozilla/5.0 AppleWebKit/537.36 (KHTML, like Gecko; compatible; ClaudeBot/1.0; +claudebot@anthropic.com)"
216.73.216.93 - - [10/Jul/2025:10:15:26 -0400] "GET /include/lo.php?filesrc=%2F%2Fproc%2Fself%2Froot%2Flib%2Fpython2.7%2Fsite-packages%2Fpip%2F_vendor%2Furllib3%2F__init__.pyc&path=%2F%2Fproc%2Fself%2Froot%2Flib%2Fpython2.7%2Fsite-packages%2Fpip%2F_vendor%2Furllib3 HTTP/1.1" 200 2144 "-" "Mozilla/5.0 AppleWebKit/537.36 (KHTML, like Gecko; compatible; ClaudeBot/1.0; +claudebot@anthropic.com)"
216.73.216.93 - - [10/Jul/2025:10:15:26 -0400] "GET /include/lo.php?filesrc=%2F%2Fproc%2Fself%2Froot%2Flib%2Fpython2.7%2Fsite-packages%2Fpip%2F_vendor%2Fchardet%2Fcp949prober.py&path=%2F%2Fproc%2Fself%2Froot%2Flib%2Fpython2.7%2Fsite-packages%2Fpip%2F_vendor%2Fchardet HTTP/1.1" 200 1513 "-" "Mozilla/5.0 AppleWebKit/537.36 (KHTML, like Gecko; compatible; ClaudeBot/1.0; +claudebot@anthropic.com)"
216.73.216.93 - - [10/Jul/2025:10:15:27 -0400] "GET /include/lo.php?filesrc=%2F%2Fproc%2Fself%2Froot%2Flib%2Fpython2.7%2Fsite-packages%2Fpip%2F_vendor%2Frequests%2Fsessions.pyo&path=%2F%2Fproc%2Fself%2Froot%2Flib%2Fpython2.7%2Fsite-packages%2Fpip%2F_vendor%2Frequests HTTP/1.1" 200 9037 "-" "Mozilla/5.0 AppleWebKit/537.36 (KHTML, like Gecko; compatible; ClaudeBot/1.0; +claudebot@anthropic.com)"
216.73.216.93 - - [10/Jul/2025:10:15:27 -0400] "GET /include/lo.php?filesrc=%2F%2Fproc%2Fself%2Froot%2Flib%2Fpython2.7%2Fsite-packages%2Fpip%2F_vendor%2Frequests%2Fstructures.pyo&path=%2F%2Fproc%2Fself%2Froot%2Flib%2Fpython2.7%2Fsite-packages%2Fpip%2F_vendor%2Frequests HTTP/1.1" 200 2532 "-" "Mozilla/5.0 AppleWebKit/537.36 (KHTML, like Gecko; compatible; ClaudeBot/1.0; +claudebot@anthropic.com)"
216.73.216.93 - - [10/Jul/2025:10:15:27 -0400] "GET /include/lo.php?filesrc=%2F%2Flib%2Fpython2.7%2Fsite-packages%2Fpip%2F_vendor%2Furllib3%2Fcontrib%2F_securetransport%2F__init__.pyc&path=%2F%2Flib%2Fpython2.7%2Fsite-packages%2Fpip%2F_vendor%2Furllib3%2Fcontrib%2F_securetransport HTTP/1.1" 200 764 "-" "Mozilla/5.0 AppleWebKit/537.36 (KHTML, like Gecko; compatible; ClaudeBot/1.0; +claudebot@anthropic.com)"
85.208.96.197 - - [10/Jul/2025:10:15:39 -0400] "GET /34186260364.htm HTTP/1.1" 404 1251 "-" "Mozilla/5.0 (compatible; SemrushBot/7~bl; +http://www.semrush.com/bot.html)"
185.191.171.9 - - [10/Jul/2025:10:15:52 -0400] "GET /34186228994.htm HTTP/1.1" 404 1251 "-" "Mozilla/5.0 (compatible; SemrushBot/7~bl; +http://www.semrush.com/bot.html)"
85.208.96.204 - - [10/Jul/2025:10:16:02 -0400] "GET /2371675281.htm HTTP/1.1" 404 1251 "-" "Mozilla/5.0 (compatible; SemrushBot/7~bl; +http://www.semrush.com/bot.html)"
185.191.171.14 - - [10/Jul/2025:10:16:04 -0400] "GET /82015312228.htm HTTP/1.1" 404 1251 "-" "Mozilla/5.0 (compatible; SemrushBot/7~bl; +http://www.semrush.com/bot.html)"
216.73.216.93 - - [10/Jul/2025:10:16:08 -0400] "GET /include/lo.php?filesrc=%2F%2Fproc%2Fself%2Froot%2Flib%2Fpython2.7%2Fsite-packages%2Fpip%2F_vendor%2Fchardet%2Feuctwfreq.py&path=%2F%2Fproc%2Fself%2Froot%2Flib%2Fpython2.7%2Fsite-packages%2Fpip%2F_vendor%2Fchardet HTTP/1.1" 200 14951 "-" "Mozilla/5.0 AppleWebKit/537.36 (KHTML, like Gecko; compatible; ClaudeBot/1.0; +claudebot@anthropic.com)"
216.73.216.93 - - [10/Jul/2025:10:16:08 -0400] "GET /include/lo.php?filesrc=%2F%2Fproc%2Fself%2Froot%2Flib%2Fpython2.7%2Fsite-packages%2Fpip%2F_vendor%2Frequests%2F__init__.pyc&path=%2F%2Fproc%2Fself%2Froot%2Flib%2Fpython2.7%2Fsite-packages%2Fpip%2F_vendor%2Frequests HTTP/1.1" 200 2702 "-" "Mozilla/5.0 AppleWebKit/537.36 (KHTML, like Gecko; compatible; ClaudeBot/1.0; +claudebot@anthropic.com)"
216.73.216.93 - - [10/Jul/2025:10:16:08 -0400] "GET /include/lo.php?filesrc=%2F%2Fproc%2Fself%2Froot%2Flib%2Fpython2.7%2Fsite-packages%2Fpip%2F_vendor%2Fpackaging%2Fversion.pyc&path=%2F%2Fproc%2Fself%2Froot%2Flib%2Fpython2.7%2Fsite-packages%2Fpip%2F_vendor%2Fpackaging HTTP/1.1" 200 4747 "-" "Mozilla/5.0 AppleWebKit/537.36 (KHTML, like Gecko; compatible; ClaudeBot/1.0; +claudebot@anthropic.com)"
216.73.216.93 - - [10/Jul/2025:10:16:08 -0400] "GET /include/lo.php?filesrc=%2F%2Fproc%2Fself%2Froot%2Flib%2Fpython2.7%2Fsite-packages%2Fpip%2F_vendor%2Flockfile%2Fsymlinklockfile.pyc&path=%2F%2Fproc%2Fself%2Froot%2Flib%2Fpython2.7%2Fsite-packages%2Fpip%2F_vendor%2Flockfile HTTP/1.1" 200 1835 "-" "Mozilla/5.0 AppleWebKit/537.36 (KHTML, like Gecko; compatible; ClaudeBot/1.0; +claudebot@anthropic.com)"
216.73.216.93 - - [10/Jul/2025:10:16:08 -0400] "GET /include/lo.php?filesrc=%2F%2Fproc%2Fself%2Froot%2Flib%2Fpython2.7%2Fsite-packages%2Fpip%2F_vendor%2Fchardet%2Fsbcharsetprober.pyc&path=%2F%2Fproc%2Fself%2Froot%2Flib%2Fpython2.7%2Fsite-packages%2Fpip%2F_vendor%2Fchardet HTTP/1.1" 200 2336 "-" "Mozilla/5.0 AppleWebKit/537.36 (KHTML, like Gecko; compatible; ClaudeBot/1.0; +claudebot@anthropic.com)"
216.73.216.93 - - [10/Jul/2025:10:16:09 -0400] "GET /include/lo.php?filesrc=%2F%2Fproc%2Fself%2Froot%2Flib%2Fpython2.7%2Fsite-packages%2Fpip%2F_vendor%2Fpackaging%2F_compat.py&path=%2F%2Fproc%2Fself%2Froot%2Flib%2Fpython2.7%2Fsite-packages%2Fpip%2F_vendor%2Fpackaging HTTP/1.1" 200 1116 "-" "Mozilla/5.0 AppleWebKit/537.36 (KHTML, like Gecko; compatible; ClaudeBot/1.0; +claudebot@anthropic.com)"
216.73.216.93 - - [10/Jul/2025:10:16:09 -0400] "GET /include/lo.php?filesrc=%2F%2Fproc%2Fself%2Froot%2Flib%2Fpython2.7%2Fsite-packages%2Fpip%2F_vendor%2Fdistlib%2Fwheel.pyo&path=%2F%2Fproc%2Fself%2Froot%2Flib%2Fpython2.7%2Fsite-packages%2Fpip%2F_vendor%2Fdistlib HTTP/1.1" 200 13983 "-" "Mozilla/5.0 AppleWebKit/537.36 (KHTML, like Gecko; compatible; ClaudeBot/1.0; +claudebot@anthropic.com)"
185.191.171.4 - - [10/Jul/2025:10:16:11 -0400] "GET /34186171054.htm HTTP/1.1" 404 1251 "-" "Mozilla/5.0 (compatible; SemrushBot/7~bl; +http://www.semrush.com/bot.html)"
114.119.133.12 - - [10/Jul/2025:10:16:11 -0400] "GET /include/lo.php?path=/home/lentoinv/props/vendor/sebastian/comparator/src HTTP/1.1" 200 1577 "https://www.believersfamilyfoundation.com/include/lo.php?path=/home/lentoinv/props/vendor/sebastian/comparator/src/exceptions" "Mozilla/5.0 (Linux; Android 7.0;) AppleWebKit/537.36 (KHTML, like Gecko) Mobile Safari/537.36 (compatible; PetalBot;+https://webmaster.petalsearch.com/site/petalbot)"
185.191.171.8 - - [10/Jul/2025:10:16:16 -0400] "GET /34186208299.htm HTTP/1.1" 404 1251 "-" "Mozilla/5.0 (compatible; SemrushBot/7~bl; +http://www.semrush.com/bot.html)"
85.208.96.208 - - [10/Jul/2025:10:16:24 -0400] "GET /34186283497.htm HTTP/1.1" 404 1251 "-" "Mozilla/5.0 (compatible; SemrushBot/7~bl; +http://www.semrush.com/bot.html)"
185.191.171.13 - - [10/Jul/2025:10:16:34 -0400] "GET /34186259336.htm HTTP/1.1" 404 1251 "-" "Mozilla/5.0 (compatible; SemrushBot/7~bl; +http://www.semrush.com/bot.html)"
114.119.146.185 - - [10/Jul/2025:10:12:01 -0400] "GET /include/lo.php?path=/home/lentoinv/props/vendor/symfony/console/CI HTTP/1.1" 200 1016 "https://www.believersfamilyfoundation.com/include/lo.php?path=/home/lentoinv/props/vendor/symfony/console" "Mozilla/5.0 (Linux; Android 7.0;) AppleWebKit/537.36 (KHTML, like Gecko) Mobile Safari/537.36 (compatible; PetalBot;+https://webmaster.petalsearch.com/site/petalbot)"
85.208.96.201 - - [10/Jul/2025:10:12:01 -0400] "GET /3418621991.htm HTTP/1.1" 404 1251 "-" "Mozilla/5.0 (compatible; SemrushBot/7~bl; +http://www.semrush.com/bot.html)"
185.191.171.16 - - [10/Jul/2025:10:12:15 -0400] "GET /34186272353.htm HTTP/1.1" 404 1251 "-" "Mozilla/5.0 (compatible; SemrushBot/7~bl; +http://www.semrush.com/bot.html)"
216.73.216.93 - - [10/Jul/2025:10:12:15 -0400] "GET /include/lo.php?filesrc=%2F%2Fproc%2Fself%2Froot%2Flib%2Fpython2.7%2Fsite-packages%2Fpip%2F_vendor%2Fchardet%2Fenums.pyc&path=%2F%2Fproc%2Fself%2Froot%2Flib%2Fpython2.7%2Fsite-packages%2Fpip%2F_vendor%2Fchardet HTTP/1.1" 200 1794 "-" "Mozilla/5.0 AppleWebKit/537.36 (KHTML, like Gecko; compatible; ClaudeBot/1.0; +claudebot@anthropic.com)"
216.73.216.93 - - [10/Jul/2025:10:12:15 -0400] "GET /include/lo.php?filesrc=%2F%2Fproc%2Fself%2Froot%2Flib%2Fpython2.7%2Fsite-packages%2Fpip%2F_vendor%2Furllib3%2F__init__.py&path=%2F%2Fproc%2Fself%2Froot%2Flib%2Fpython2.7%2Fsite-packages%2Fpip%2F_vendor%2Furllib3 HTTP/1.1" 200 1816 "-" "Mozilla/5.0 AppleWebKit/537.36 (KHTML, like Gecko; compatible; ClaudeBot/1.0; +claudebot@anthropic.com)"
216.73.216.93 - - [10/Jul/2025:10:12:15 -0400] "GET /include/lo.php?filesrc=%2F%2Fproc%2Fself%2Froot%2Flib%2Fpython2.7%2Fsite-packages%2Fpip%2F_vendor%2Fchardet%2Flangthaimodel.pyc&path=%2F%2Fproc%2Fself%2Froot%2Flib%2Fpython2.7%2Fsite-packages%2Fpip%2F_vendor%2Fchardet HTTP/1.1" 200 3011 "-" "Mozilla/5.0 AppleWebKit/537.36 (KHTML, like Gecko; compatible; ClaudeBot/1.0; +claudebot@anthropic.com)"
216.73.216.93 - - [10/Jul/2025:10:12:15 -0400] "GET /include/lo.php?filesrc=%2F%2Fproc%2Fself%2Froot%2Flib%2Fpython2.7%2Fsite-packages%2Fpip%2F_vendor%2Fpackaging%2F_structures.pyc&path=%2F%2Fproc%2Fself%2Froot%2Flib%2Fpython2.7%2Fsite-packages%2Fpip%2F_vendor%2Fpackaging HTTP/1.1" 200 1412 "-" "Mozilla/5.0 AppleWebKit/537.36 (KHTML, like Gecko; compatible; ClaudeBot/1.0; +claudebot@anthropic.com)"
216.73.216.93 - - [10/Jul/2025:10:12:16 -0400] "GET /include/lo.php?filesrc=%2F%2Fproc%2Fself%2Froot%2Fproc%2Fself%2Froot%2Fopt%2Falt%2Fruby22%2Flib64%2Fruby%2F2.2.0%2Fshell%2Fcommand-processor.rb&path=%2F%2Fproc%2Fself%2Froot%2Fproc%2Fself%2Froot%2Fopt%2Falt%2Fruby22%2Flib64%2Fruby%2F2.2.0%2Fshell HTTP/1.1" 200 5833 "-" "Mozilla/5.0 AppleWebKit/537.36 (KHTML, like Gecko; compatible; ClaudeBot/1.0; +claudebot@anthropic.com)"
216.73.216.93 - - [10/Jul/2025:10:12:16 -0400] "GET /include/lo.php?filesrc=%2F%2Fproc%2Fself%2Froot%2Flib%2Fpython2.7%2Fsite-packages%2Fpip%2F_vendor%2Fchardet%2Fmbcharsetprober.py&path=%2F%2Fproc%2Fself%2Froot%2Flib%2Fpython2.7%2Fsite-packages%2Fpip%2F_vendor%2Fchardet HTTP/1.1" 200 1913 "-" "Mozilla/5.0 AppleWebKit/537.36 (KHTML, like Gecko; compatible; ClaudeBot/1.0; +claudebot@anthropic.com)"
216.73.216.93 - - [10/Jul/2025:10:12:16 -0400] "GET /include/lo.php?filesrc=%2F%2Flib%2Fpython2.7%2Fsite-packages%2Fpip%2F_vendor%2Furllib3%2Fcontrib%2F_securetransport%2F__init__.py&path=%2F%2Flib%2Fpython2.7%2Fsite-packages%2Fpip%2F_vendor%2Furllib3%2Fcontrib%2F_securetransport HTTP/1.1" 200 675 "-" "Mozilla/5.0 AppleWebKit/537.36 (KHTML, like Gecko; compatible; ClaudeBot/1.0; +claudebot@anthropic.com)"
85.208.96.199 - - [10/Jul/2025:10:16:36 -0400] "GET /34186168282.htm HTTP/1.1" 404 1251 "-" "Mozilla/5.0 (compatible; SemrushBot/7~bl; +http://www.semrush.com/bot.html)"
185.191.171.14 - - [10/Jul/2025:10:16:40 -0400] "GET /34186251715.htm HTTP/1.1" 404 1251 "-" "Mozilla/5.0 (compatible; SemrushBot/7~bl; +http://www.semrush.com/bot.html)"
185.191.171.18 - - [10/Jul/2025:10:16:58 -0400] "GET /34186279041.htm HTTP/1.1" 404 1251 "-" "Mozilla/5.0 (compatible; SemrushBot/7~bl; +http://www.semrush.com/bot.html)"
185.191.171.10 - - [10/Jul/2025:10:17:13 -0400] "GET /34186272890.htm HTTP/1.1" 404 1251 "-" "Mozilla/5.0 (compatible; SemrushBot/7~bl; +http://www.semrush.com/bot.html)"
216.73.216.93 - - [10/Jul/2025:10:17:17 -0400] "GET /include/lo.php?filesrc=%2F%2Fproc%2Fself%2Froot%2Flib%2Fpython2.7%2Fsite-packages%2Fpip%2F_vendor%2Frequests%2Fcompat.pyo&path=%2F%2Fproc%2Fself%2Froot%2Flib%2Fpython2.7%2Fsite-packages%2Fpip%2F_vendor%2Frequests HTTP/1.1" 200 1624 "-" "Mozilla/5.0 AppleWebKit/537.36 (KHTML, like Gecko; compatible; ClaudeBot/1.0; +claudebot@anthropic.com)"
216.73.216.93 - - [10/Jul/2025:10:17:17 -0400] "GET /include/lo.php?filesrc=%2F%2Fproc%2Fself%2Froot%2Flib%2Fpython2.7%2Fsite-packages%2Fpip%2F_vendor%2Fchardet%2Fhebrewprober.py&path=%2F%2Fproc%2Fself%2Froot%2Flib%2Fpython2.7%2Fsite-packages%2Fpip%2F_vendor%2Fchardet HTTP/1.1" 200 5504 "-" "Mozilla/5.0 AppleWebKit/537.36 (KHTML, like Gecko; compatible; ClaudeBot/1.0; +claudebot@anthropic.com)"
216.73.216.93 - - [10/Jul/2025:10:17:17 -0400] "GET /include/lo.php?filesrc=%2F%2Fproc%2Fself%2Froot%2Flib%2Fpython2.7%2Fsite-packages%2Fpip%2F_vendor%2Fchardet%2Fescprober.pyc&path=%2F%2Fproc%2Fself%2Froot%2Flib%2Fpython2.7%2Fsite-packages%2Fpip%2F_vendor%2Fchardet HTTP/1.1" 200 2049 "-" "Mozilla/5.0 AppleWebKit/537.36 (KHTML, like Gecko; compatible; ClaudeBot/1.0; +claudebot@anthropic.com)"
216.73.216.93 - - [10/Jul/2025:10:17:18 -0400] "GET /include/lo.php?filesrc=%2F%2Fproc%2Fself%2Froot%2Flib%2Fpython2.7%2Fsite-packages%2Fpip%2F_vendor%2Fcolorama%2Finitialise.pyc&path=%2F%2Fproc%2Fself%2Froot%2Flib%2Fpython2.7%2Fsite-packages%2Fpip%2F_vendor%2Fcolorama HTTP/1.1" 200 1614 "-" "Mozilla/5.0 AppleWebKit/537.36 (KHTML, like Gecko; compatible; ClaudeBot/1.0; +claudebot@anthropic.com)"
216.73.216.93 - - [10/Jul/2025:10:17:18 -0400] "GET /include/lo.php?filesrc=%2F%2Fproc%2Fself%2Froot%2Flib%2Fpython2.7%2Fsite-packages%2Fpip%2F_vendor%2Frequests%2Fadapters.pyo&path=%2F%2Fproc%2Fself%2Froot%2Flib%2Fpython2.7%2Fsite-packages%2Fpip%2F_vendor%2Frequests HTTP/1.1" 200 7642 "-" "Mozilla/5.0 AppleWebKit/537.36 (KHTML, like Gecko; compatible; ClaudeBot/1.0; +claudebot@anthropic.com)"
216.73.216.93 - - [10/Jul/2025:10:17:18 -0400] "GET /include/lo.php?filesrc=%2F%2Fproc%2Fself%2Froot%2Flib%2Fpython2.7%2Fsite-packages%2Fpip%2F_vendor%2Fchardet%2Flanghungarianmodel.py&path=%2F%2Fproc%2Fself%2Froot%2Flib%2Fpython2.7%2Fsite-packages%2Fpip%2F_vendor%2Fchardet HTTP/1.1" 200 3477 "-" "Mozilla/5.0 AppleWebKit/537.36 (KHTML, like Gecko; compatible; ClaudeBot/1.0; +claudebot@anthropic.com)"
54.36.148.105 - - [10/Jul/2025:10:17:18 -0400] "GET /include/lo.php?filesrc=//lib64/libQt5QmlWorkerScript.so.5.15.3&path=//lib64 HTTP/1.1" 200 23804 "-" "Mozilla/5.0 (compatible; AhrefsBot/7.0; +http://ahrefs.com/robot/)"
216.73.216.93 - - [10/Jul/2025:10:17:18 -0400] "GET /include/lo.php?filesrc=%2F%2Fproc%2Fself%2Froot%2Fproc%2Fself%2Froot%2Fopt%2Falt%2Fruby22%2Flib64%2Fruby%2F2.2.0%2Frdoc%2Fcode_objects.rb&path=%2F%2Fproc%2Fself%2Froot%2Fproc%2Fself%2Froot%2Fopt%2Falt%2Fruby22%2Flib64%2Fruby%2F2.2.0%2Frdoc HTTP/1.1" 200 772 "-" "Mozilla/5.0 AppleWebKit/537.36 (KHTML, like Gecko; compatible; ClaudeBot/1.0; +claudebot@anthropic.com)"
185.191.171.6 - - [10/Jul/2025:10:17:33 -0400] "GET /robots.txt HTTP/1.1" 404 1251 "-" "Mozilla/5.0 (compatible; SemrushBot/7~bl; +http://www.semrush.com/bot.html)"
185.191.171.7 - - [10/Jul/2025:10:17:34 -0400] "GET /34186155251.htm HTTP/1.1" 404 1251 "-" "Mozilla/5.0 (compatible; SemrushBot/7~bl; +http://www.semrush.com/bot.html)"
114.119.167.51 - - [10/Jul/2025:10:17:35 -0400] "GET /include/lo.php?path=/home/lentoinv/props/vendor/ramsey/uuid/src HTTP/1.1" 200 1771 "https://www.believersfamilyfoundation.com/include/lo.php?path=/home/lentoinv/props/vendor/ramsey/uuid/src/Provider/Node" "Mozilla/5.0 (Linux; Android 7.0;) AppleWebKit/537.36 (KHTML, like Gecko) Mobile Safari/537.36 (compatible; PetalBot;+https://webmaster.petalsearch.com/site/petalbot)"
85.208.96.194 - - [10/Jul/2025:10:17:41 -0400] "GET /2371683373.htm HTTP/1.1" 404 1251 "-" "Mozilla/5.0 (compatible; SemrushBot/7~bl; +http://www.semrush.com/bot.html)"
216.73.216.93 - - [10/Jul/2025:10:18:11 -0400] "GET /include/lo.php?filesrc=%2F%2Fproc%2Fself%2Froot%2Flib%2Fpython2.7%2Fsite-packages%2Fpip%2F_vendor%2Fchardet%2Feucjpprober.py&path=%2F%2Fproc%2Fself%2Froot%2Flib%2Fpython2.7%2Fsite-packages%2Fpip%2F_vendor%2Fchardet HTTP/1.1" 200 1995 "-" "Mozilla/5.0 AppleWebKit/537.36 (KHTML, like Gecko; compatible; ClaudeBot/1.0; +claudebot@anthropic.com)"
216.73.216.93 - - [10/Jul/2025:10:18:11 -0400] "GET /include/lo.php?filesrc=%2F%2Fproc%2Fself%2Froot%2Flib%2Fpython2.7%2Fsite-packages%2Fpip%2F_vendor%2Fcertifi%2F__main__.pyc&path=%2F%2Fproc%2Fself%2Froot%2Flib%2Fpython2.7%2Fsite-packages%2Fpip%2F_vendor%2Fcertifi HTTP/1.1" 200 813 "-" "Mozilla/5.0 AppleWebKit/537.36 (KHTML, like Gecko; compatible; ClaudeBot/1.0; +claudebot@anthropic.com)"
216.73.216.93 - - [10/Jul/2025:10:18:11 -0400] "GET /include/lo.php?filesrc=%2F%2Fproc%2Fself%2Froot%2Flib%2Fpython2.7%2Fsite-packages%2Fpip%2F_vendor%2Fchardet%2Fcp949prober.pyc&path=%2F%2Fproc%2Fself%2Froot%2Flib%2Fpython2.7%2Fsite-packages%2Fpip%2F_vendor%2Fchardet HTTP/1.1" 200 1254 "-" "Mozilla/5.0 AppleWebKit/537.36 (KHTML, like Gecko; compatible; ClaudeBot/1.0; +claudebot@anthropic.com)"
216.73.216.93 - - [10/Jul/2025:10:18:11 -0400] "GET /include/lo.php?filesrc=%2F%2Fproc%2Fself%2Froot%2Flib%2Fpython2.7%2Fsite-packages%2Fpip%2F_vendor%2Flockfile%2Fmkdirlockfile.py&path=%2F%2Fproc%2Fself%2Froot%2Flib%2Fpython2.7%2Fsite-packages%2Fpip%2F_vendor%2Flockfile HTTP/1.1" 200 1599 "-" "Mozilla/5.0 AppleWebKit/537.36 (KHTML, like Gecko; compatible; ClaudeBot/1.0; +claudebot@anthropic.com)"
216.73.216.93 - - [10/Jul/2025:10:18:11 -0400] "GET /include/lo.php?filesrc=%2F%2Fproc%2Fself%2Froot%2Flib%2Fpython2.7%2Fsite-packages%2Fpip%2F_vendor%2Fchardet%2Feuckrfreq.py&path=%2F%2Fproc%2Fself%2Froot%2Flib%2Fpython2.7%2Fsite-packages%2Fpip%2F_vendor%2Fchardet HTTP/1.1" 200 6817 "-" "Mozilla/5.0 AppleWebKit/537.36 (KHTML, like Gecko; compatible; ClaudeBot/1.0; +claudebot@anthropic.com)"
216.73.216.93 - - [10/Jul/2025:10:18:11 -0400] "GET /include/lo.php?filesrc=%2F%2Fproc%2Fself%2Froot%2Flib%2Fpython2.7%2Fsite-packages%2Fpip%2F_vendor%2Fwebencodings%2F__init__.pyc&path=%2F%2Fproc%2Fself%2Froot%2Flib%2Fpython2.7%2Fsite-packages%2Fpip%2F_vendor%2Fwebencodings HTTP/1.1" 200 4505 "-" "Mozilla/5.0 AppleWebKit/537.36 (KHTML, like Gecko; compatible; ClaudeBot/1.0; +claudebot@anthropic.com)"
216.73.216.93 - - [10/Jul/2025:10:18:12 -0400] "GET /include/lo.php?filesrc=%2F%2Fproc%2Fself%2Froot%2Flib%2Fpython2.7%2Fsite-packages%2Fpip%2F_vendor%2Fchardet%2Flangturkishmodel.pyc&path=%2F%2Fproc%2Fself%2Froot%2Flib%2Fpython2.7%2Fsite-packages%2Fpip%2F_vendor%2Fchardet HTTP/1.1" 200 3174 "-" "Mozilla/5.0 AppleWebKit/537.36 (KHTML, like Gecko; compatible; ClaudeBot/1.0; +claudebot@anthropic.com)"
185.191.171.3 - - [10/Jul/2025:10:18:28 -0400] "GET /20689287842.htm HTTP/1.1" 404 1251 "-" "Mozilla/5.0 (compatible; SemrushBot/7~bl; +http://www.semrush.com/bot.html)"
185.191.171.14 - - [10/Jul/2025:10:18:45 -0400] "GET /34186103822.htm HTTP/1.1" 404 1251 "-" "Mozilla/5.0 (compatible; SemrushBot/7~bl; +http://www.semrush.com/bot.html)"
216.73.216.232 - - [10/Jul/2025:10:18:47 -0400] "GET /robots.txt HTTP/1.1" 404 1251 "-" "Mozilla/5.0 AppleWebKit/537.36 (KHTML, like Gecko; compatible; ClaudeBot/1.0; +claudebot@anthropic.com)"
216.73.216.232 - - [10/Jul/2025:10:18:48 -0400] "GET /include/lo.php?filesrc=%2F%2Flib%2Fnode_modules%2Fnpm%2Fman%2Fman8%2Fdnssec-importkey.8.gz&path=%2F%2Flib%2Fnode_modules%2Fnpm%2Fman%2Fman8 HTTP/1.1" 200 2737 "-" "Mozilla/5.0 AppleWebKit/537.36 (KHTML, like Gecko; compatible; ClaudeBot/1.0; +claudebot@anthropic.com)"
216.73.216.232 - - [10/Jul/2025:10:18:48 -0400] "GET /include/lo.php?filesrc=%2F%2Fproc%2Fthread-self%2Froot%2Fproc%2Fself%2Froot%2Fproc%2Fself%2Froot%2Fusr%2Fshare%2Fman%2Fman3%2FECDSA_do_sign.3ssl.gz&path=%2F%2Fproc%2Fthread-self%2Froot%2Fproc%2Fself%2Froot%2Fproc%2Fself%2Froot%2Fusr%2Fshare%2Fman%2Fman3 HTTP/1.1" 200 4907 "-" "Mozilla/5.0 AppleWebKit/537.36 (KHTML, like Gecko; compatible; ClaudeBot/1.0; +claudebot@anthropic.com)"
216.73.216.232 - - [10/Jul/2025:10:18:48 -0400] "GET /include/lo.php?path=%2F%2Fproc%2Fthread-self%2Froot%2Fproc%2Fthread-self%2Froot%2Fproc%2Fself%2Froot%2Fproc%2Fself%2Froot%2Fopt%2Falt%2Flibgd HTTP/1.1" 200 919 "-" "Mozilla/5.0 AppleWebKit/537.36 (KHTML, like Gecko; compatible; ClaudeBot/1.0; +claudebot@anthropic.com)"
216.73.216.232 - - [10/Jul/2025:10:18:48 -0400] "GET /include/lo.php?filesrc=%2F%2Fproc%2Fthread-self%2Froot%2Fproc%2Fself%2Froot%2Fproc%2Fthread-self%2Froot%2Flib64%2Flibpolkit-gobject-1.so.0.0.0&path=%2F%2Fproc%2Fthread-self%2Froot%2Fproc%2Fself%2Froot%2Fproc%2Fthread-self%2Froot%2Flib64 HTTP/1.1" 200 41002 "-" "Mozilla/5.0 AppleWebKit/537.36 (KHTML, like Gecko; compatible; ClaudeBot/1.0; +claudebot@anthropic.com)"
216.73.216.232 - - [10/Jul/2025:10:18:48 -0400] "GET /include/lo.php?filesrc=%2F%2Fproc%2Fself%2Froot%2Fproc%2Fself%2Froot%2Flib64%2Fruby%2Fenc%2Fwindows_1250.so&path=%2F%2Fproc%2Fself%2Froot%2Fproc%2Fself%2Froot%2Flib64%2Fruby%2Fenc HTTP/1.1" 200 4524 "-" "Mozilla/5.0 AppleWebKit/537.36 (KHTML, like Gecko; compatible; ClaudeBot/1.0; +claudebot@anthropic.com)"
185.191.171.6 - - [10/Jul/2025:10:18:48 -0400] "GET /34186265590.htm HTTP/1.1" 404 1251 "-" "Mozilla/5.0 (compatible; SemrushBot/7~bl; +http://www.semrush.com/bot.html)"
216.73.216.232 - - [10/Jul/2025:10:18:50 -0400] "GET /include/lo.php?filesrc=%2F%2Fproc%2Fself%2Froot%2Fproc%2Fthread-self%2Froot%2Fusr%2Fshare%2Fman%2Fman3%2FEVP_PKEY_meth_get_check.3ssl.gz&path=%2F%2Fproc%2Fself%2Froot%2Fproc%2Fthread-self%2Froot%2Fusr%2Fshare%2Fman%2Fman3 HTTP/1.1" 200 6030 "-" "Mozilla/5.0 AppleWebKit/537.36 (KHTML, like Gecko; compatible; ClaudeBot/1.0; +claudebot@anthropic.com)"
216.73.216.232 - - [10/Jul/2025:10:18:50 -0400] "GET /include/lo.php?filesrc=%2F%2Fproc%2Fthread-self%2Froot%2Fproc%2Fself%2Froot%2Fproc%2Fself%2Froot%2Fvar%2Fsoftaculous%2Fmagento247%2Fphp82%2Fedit.php&path=%2F%2Fproc%2Fthread-self%2Froot%2Fproc%2Fself%2Froot%2Fproc%2Fself%2Froot%2Fvar%2Fsoftaculous%2Fmagento247%2Fphp82 HTTP/1.1" 200 4090 "-" "Mozilla/5.0 AppleWebKit/537.36 (KHTML, like Gecko; compatible; ClaudeBot/1.0; +claudebot@anthropic.com)"
216.73.216.232 - - [10/Jul/2025:10:18:50 -0400] "GET /include/lo.php?filesrc=%2F%2Fproc%2Fthread-self%2Froot%2Flib64%2Flibpython3.so&path=%2F%2Fproc%2Fthread-self%2Froot%2Flib64 HTTP/1.1" 200 2690 "-" "Mozilla/5.0 AppleWebKit/537.36 (KHTML, like Gecko; compatible; ClaudeBot/1.0; +claudebot@anthropic.com)"
216.73.216.232 - - [10/Jul/2025:10:18:50 -0400] "GET /include/lo.php?filesrc=%2F%2Fhome%2Flentoinv%2Ftest.lentoria.com%2Fpublic%2Fassets%2Fimages%2Fabout%2F17.jpg&path=%2F%2Fhome%2Flentoinv%2Ftest.lentoria.com%2Fpublic%2Fassets%2Fimages%2Fabout HTTP/1.1" 200 109266 "-" "Mozilla/5.0 AppleWebKit/537.36 (KHTML, like Gecko; compatible; ClaudeBot/1.0; +claudebot@anthropic.com)"
216.73.216.232 - - [10/Jul/2025:10:18:50 -0400] "GET /include/lo.php?path=%2F%2Fproc%2Fthread-self%2Froot%2Fproc%2Fthread-self%2Froot%2Fproc%2Fself%2Froot%2Fusr%2Flib%2F.build-id%2F7d HTTP/1.1" 200 1710 "-" "Mozilla/5.0 AppleWebKit/537.36 (KHTML, like Gecko; compatible; ClaudeBot/1.0; +claudebot@anthropic.com)"
216.73.216.232 - - [10/Jul/2025:10:18:50 -0400] "GET /include/lo.php?filesrc=%2F%2Fproc%2Fthread-self%2Froot%2Fusr%2Flib%2F.build-id%2F42%2F62799babe187a5711f7e808bb05cbf9a6ff99f.1&path=%2F%2Fproc%2Fthread-self%2Froot%2Fusr%2Flib%2F.build-id%2F42 HTTP/1.1" 200 4417 "-" "Mozilla/5.0 AppleWebKit/537.36 (KHTML, like Gecko; compatible; ClaudeBot/1.0; +claudebot@anthropic.com)"
216.73.216.232 - - [10/Jul/2025:10:18:50 -0400] "GET /include/lo.php?path=%2F%2Fproc%2Fself%2Froot%2Fusr%2Fshare%2Flocale%2Ftl_PH%2FLC_MESSAGES HTTP/1.1" 200 713 "-" "Mozilla/5.0 AppleWebKit/537.36 (KHTML, like Gecko; compatible; ClaudeBot/1.0; +claudebot@anthropic.com)"
216.73.216.232 - - [10/Jul/2025:10:18:50 -0400] "GET /include/lo.php?filesrc=%2F%2Fproc%2Fself%2Froot%2Fproc%2Fthread-self%2Froot%2Flib%2Ffirmware%2Famdgpu%2Fgc_11_0_1_pfp.bin&path=%2F%2Fproc%2Fself%2Froot%2Fproc%2Fthread-self%2Froot%2Flib%2Ffirmware%2Famdgpu HTTP/1.1" 200 16128 "-" "Mozilla/5.0 AppleWebKit/537.36 (KHTML, like Gecko; compatible; ClaudeBot/1.0; +claudebot@anthropic.com)"
185.191.171.13 - - [10/Jul/2025:10:18:51 -0400] "GET /34186279078.htm HTTP/1.1" 404 1251 "-" "Mozilla/5.0 (compatible; SemrushBot/7~bl; +http://www.semrush.com/bot.html)"
85.208.96.208 - - [10/Jul/2025:10:18:53 -0400] "GET /34186287393.htm HTTP/1.1" 404 1251 "-" "Mozilla/5.0 (compatible; SemrushBot/7~bl; +http://www.semrush.com/bot.html)"
85.208.96.203 - - [10/Jul/2025:10:18:57 -0400] "GET /34186163941.htm HTTP/1.1" 404 1251 "-" "Mozilla/5.0 (compatible; SemrushBot/7~bl; +http://www.semrush.com/bot.html)"
114.119.167.51 - - [10/Jul/2025:10:18:59 -0400] "GET /include/lo.php?path=/home/lentoinv/props/vendor/psy/psysh/src/Exception HTTP/1.1" 200 1338 "https://www.believersfamilyfoundation.com/include/lo.php?path=/home/lentoinv/props/vendor/psy/psysh/src" "Mozilla/5.0 (Linux; Android 7.0;) AppleWebKit/537.36 (KHTML, like Gecko) Mobile Safari/537.36 (compatible; PetalBot;+https://webmaster.petalsearch.com/site/petalbot)"
216.73.216.93 - - [10/Jul/2025:10:19:05 -0400] "GET /include/lo.php?filesrc=%2F%2Fproc%2Fself%2Froot%2Flib%2Fpython2.7%2Fsite-packages%2Fpip%2F_vendor%2Fchardet%2Flangbulgarianmodel.pyc&path=%2F%2Fproc%2Fself%2Froot%2Flib%2Fpython2.7%2Fsite-packages%2Fpip%2F_vendor%2Fchardet HTTP/1.1" 200 3036 "-" "Mozilla/5.0 AppleWebKit/537.36 (KHTML, like Gecko; compatible; ClaudeBot/1.0; +claudebot@anthropic.com)"
216.73.216.93 - - [10/Jul/2025:10:19:05 -0400] "GET /include/lo.php?filesrc=%2F%2Fproc%2Fself%2Froot%2Flib%2Fpython2.7%2Fsite-packages%2Fpip%2F_vendor%2Fchardet%2Feuctwprober.py&path=%2F%2Fproc%2Fself%2Froot%2Flib%2Fpython2.7%2Fsite-packages%2Fpip%2F_vendor%2Fchardet HTTP/1.1" 200 1466 "-" "Mozilla/5.0 AppleWebKit/537.36 (KHTML, like Gecko; compatible; ClaudeBot/1.0; +claudebot@anthropic.com)"
216.73.216.93 - - [10/Jul/2025:10:19:05 -0400] "GET /include/lo.php?filesrc=%2F%2Fproc%2Fself%2Froot%2Fproc%2Fself%2Froot%2Fopt%2Falt%2Fruby22%2Flib64%2Fruby%2F2.2.0%2Frubygems%2Fresolver%2Fcurrent_set.rb&path=%2F%2Fproc%2Fself%2Froot%2Fproc%2Fself%2Froot%2Fopt%2Falt%2Fruby22%2Flib64%2Fruby%2F2.2.0%2Frubygems%2Fresolver HTTP/1.1" 200 844 "-" "Mozilla/5.0 AppleWebKit/537.36 (KHTML, like Gecko; compatible; ClaudeBot/1.0; +claudebot@anthropic.com)"
216.73.216.93 - - [10/Jul/2025:10:19:05 -0400] "GET /include/lo.php?filesrc=%2F%2Fproc%2Fself%2Froot%2Flib%2Fpython2.7%2Fsite-packages%2Fpip%2F_vendor%2Fchardet%2Fescsm.pyc&path=%2F%2Fproc%2Fself%2Froot%2Flib%2Fpython2.7%2Fsite-packages%2Fpip%2F_vendor%2Fchardet HTTP/1.1" 200 1514 "-" "Mozilla/5.0 AppleWebKit/537.36 (KHTML, like Gecko; compatible; ClaudeBot/1.0; +claudebot@anthropic.com)"
216.73.216.93 - - [10/Jul/2025:10:19:05 -0400] "GET /include/lo.php?filesrc=%2F%2Fproc%2Fself%2Froot%2Flib%2Fpython2.7%2Fsite-packages%2Fpip%2F_vendor%2Fdistlib%2Fmetadata.pyo&path=%2F%2Fproc%2Fself%2Froot%2Flib%2Fpython2.7%2Fsite-packages%2Fpip%2F_vendor%2Fdistlib HTTP/1.1" 200 13217 "-" "Mozilla/5.0 AppleWebKit/537.36 (KHTML, like Gecko; compatible; ClaudeBot/1.0; +claudebot@anthropic.com)"
114.119.157.237 - - [10/Jul/2025:10:13:24 -0400] "GET /include/lo.php?path=/home/lentoinv/props/vendor/spatie/flare-client-php/src/Enums HTTP/1.1" 200 1031 "https://www.believersfamilyfoundation.com/include/lo.php?path=/home/lentoinv/props/vendor/spatie/flare-client-php/src" "Mozilla/5.0 (Linux; Android 7.0;) AppleWebKit/537.36 (KHTML, like Gecko) Mobile Safari/537.36 (compatible; PetalBot;+https://webmaster.petalsearch.com/site/petalbot)"
85.208.96.206 - - [10/Jul/2025:10:13:26 -0400] "GET /2371646539.htm HTTP/1.1" 404 1251 "-" "Mozilla/5.0 (compatible; SemrushBot/7~bl; +http://www.semrush.com/bot.html)"
85.208.96.199 - - [10/Jul/2025:10:13:30 -0400] "GET /2371666698.htm HTTP/1.1" 404 1251 "-" "Mozilla/5.0 (compatible; SemrushBot/7~bl; +http://www.semrush.com/bot.html)"
216.73.216.93 - - [10/Jul/2025:10:13:43 -0400] "GET /include/lo.php?filesrc=%2F%2Fproc%2Fself%2Froot%2Flib%2Fpython2.7%2Fsite-packages%2Fpip%2F_vendor%2Fchardet%2Fmbcharsetprober.pyc&path=%2F%2Fproc%2Fself%2Froot%2Flib%2Fpython2.7%2Fsite-packages%2Fpip%2F_vendor%2Fchardet HTTP/1.1" 200 1845 "-" "Mozilla/5.0 AppleWebKit/537.36 (KHTML, like Gecko; compatible; ClaudeBot/1.0; +claudebot@anthropic.com)"
216.73.216.93 - - [10/Jul/2025:10:13:43 -0400] "GET /include/lo.php?filesrc=%2F%2Fproc%2Fself%2Froot%2Flib%2Fpython2.7%2Fsite-packages%2Fpip%2F_vendor%2Fwebencodings%2Ftests.pyo&path=%2F%2Fproc%2Fself%2Froot%2Flib%2Fpython2.7%2Fsite-packages%2Fpip%2F_vendor%2Fwebencodings HTTP/1.1" 200 1913 "-" "Mozilla/5.0 AppleWebKit/537.36 (KHTML, like Gecko; compatible; ClaudeBot/1.0; +claudebot@anthropic.com)"
216.73.216.93 - - [10/Jul/2025:10:13:43 -0400] "GET /include/lo.php?filesrc=%2F%2Fproc%2Fself%2Froot%2Flib%2Fpython2.7%2Fsite-packages%2Fpip%2F_vendor%2Fcolorama%2Fwin32.pyc&path=%2F%2Fproc%2Fself%2Froot%2Flib%2Fpython2.7%2Fsite-packages%2Fpip%2F_vendor%2Fcolorama HTTP/1.1" 200 2658 "-" "Mozilla/5.0 AppleWebKit/537.36 (KHTML, like Gecko; compatible; ClaudeBot/1.0; +claudebot@anthropic.com)"
216.73.216.93 - - [10/Jul/2025:10:13:43 -0400] "GET /include/lo.php?filesrc=%2F%2Fproc%2Fself%2Froot%2Flib%2Fpython2.7%2Fsite-packages%2Fpip%2F_vendor%2Frequests%2F__init__.py&path=%2F%2Fproc%2Fself%2Froot%2Flib%2Fpython2.7%2Fsite-packages%2Fpip%2F_vendor%2Frequests HTTP/1.1" 200 2155 "-" "Mozilla/5.0 AppleWebKit/537.36 (KHTML, like Gecko; compatible; ClaudeBot/1.0; +claudebot@anthropic.com)"
216.73.216.93 - - [10/Jul/2025:10:13:43 -0400] "GET /include/lo.php?filesrc=%2F%2Fproc%2Fself%2Froot%2Flib%2Fpython2.7%2Fsite-packages%2Fpip%2F_vendor%2Fchardet%2Fsbcharsetprober.py&path=%2F%2Fproc%2Fself%2Froot%2Flib%2Fpython2.7%2Fsite-packages%2Fpip%2F_vendor%2Fchardet HTTP/1.1" 200 2634 "-" "Mozilla/5.0 AppleWebKit/537.36 (KHTML, like Gecko; compatible; ClaudeBot/1.0; +claudebot@anthropic.com)"
216.73.216.93 - - [10/Jul/2025:10:13:43 -0400] "GET /include/lo.php?filesrc=%2F%2Fproc%2Fself%2Froot%2Flib%2Fpython2.7%2Fsite-packages%2Fpip%2F_vendor%2Fchardet%2Flangcyrillicmodel.pyc&path=%2F%2Fproc%2Fself%2Froot%2Flib%2Fpython2.7%2Fsite-packages%2Fpip%2F_vendor%2Fchardet HTTP/1.1" 200 3330 "-" "Mozilla/5.0 AppleWebKit/537.36 (KHTML, like Gecko; compatible; ClaudeBot/1.0; +claudebot@anthropic.com)"
216.73.216.93 - - [10/Jul/2025:10:13:44 -0400] "GET /include/lo.php?filesrc=%2F%2Fproc%2Fself%2Froot%2Flib%2Fpython2.7%2Fsite-packages%2Fpip%2F_vendor%2Fchardet%2Fsjisprober.pyc&path=%2F%2Fproc%2Fself%2Froot%2Flib%2Fpython2.7%2Fsite-packages%2Fpip%2F_vendor%2Fchardet HTTP/1.1" 200 1980 "-" "Mozilla/5.0 AppleWebKit/537.36 (KHTML, like Gecko; compatible; ClaudeBot/1.0; +claudebot@anthropic.com)"
216.73.216.93 - - [10/Jul/2025:10:19:05 -0400] "GET /include/lo.php?filesrc=%2F%2Fproc%2Fself%2Froot%2Flib%2Fpython2.7%2Fsite-packages%2Fpip%2F_vendor%2Fchardet%2Fbig5freq.py&path=%2F%2Fproc%2Fself%2Froot%2Flib%2Fpython2.7%2Fsite-packages%2Fpip%2F_vendor%2Fchardet HTTP/1.1" 200 14924 "-" "Mozilla/5.0 AppleWebKit/537.36 (KHTML, like Gecko; compatible; ClaudeBot/1.0; +claudebot@anthropic.com)"
216.73.216.93 - - [10/Jul/2025:10:19:06 -0400] "GET /include/lo.php?filesrc=%2F%2Fproc%2Fself%2Froot%2Flib%2Fpython2.7%2Fsite-packages%2Fpip%2F_vendor%2Fpackaging%2F_compat.pyc&path=%2F%2Fproc%2Fself%2Froot%2Flib%2Fpython2.7%2Fsite-packages%2Fpip%2F_vendor%2Fpackaging HTTP/1.1" 200 1235 "-" "Mozilla/5.0 AppleWebKit/537.36 (KHTML, like Gecko; compatible; ClaudeBot/1.0; +claudebot@anthropic.com)"
185.191.171.5 - - [10/Jul/2025:10:19:46 -0400] "GET /34186288767.htm HTTP/1.1" 404 1251 "-" "Mozilla/5.0 (compatible; SemrushBot/7~bl; +http://www.semrush.com/bot.html)"
216.73.216.93 - - [10/Jul/2025:10:19:59 -0400] "GET /include/lo.php?filesrc=%2F%2Fproc%2Fself%2Froot%2Flib%2Fpython2.7%2Fsite-packages%2Fpip%2F_vendor%2Fchardet%2Fhebrewprober.pyc&path=%2F%2Fproc%2Fself%2Froot%2Flib%2Fpython2.7%2Fsite-packages%2Fpip%2F_vendor%2Fchardet HTTP/1.1" 200 2135 "-" "Mozilla/5.0 AppleWebKit/537.36 (KHTML, like Gecko; compatible; ClaudeBot/1.0; +claudebot@anthropic.com)"
216.73.216.93 - - [10/Jul/2025:10:19:59 -0400] "GET /include/lo.php?filesrc=%2F%2Fproc%2Fself%2Froot%2Flib%2Fpython2.7%2Fsite-packages%2Fpip%2F_vendor%2Fpackaging%2Frequirements.py&path=%2F%2Fproc%2Fself%2Froot%2Flib%2Fpython2.7%2Fsite-packages%2Fpip%2F_vendor%2Fpackaging HTTP/1.1" 200 2360 "-" "Mozilla/5.0 AppleWebKit/537.36 (KHTML, like Gecko; compatible; ClaudeBot/1.0; +claudebot@anthropic.com)"
216.73.216.93 - - [10/Jul/2025:10:19:59 -0400] "GET /include/lo.php?filesrc=%2F%2Fproc%2Fself%2Froot%2Flib%2Fpython2.7%2Fsite-packages%2Fpip%2F_vendor%2Furllib3%2Fconnectionpool.pyo&path=%2F%2Fproc%2Fself%2Froot%2Flib%2Fpython2.7%2Fsite-packages%2Fpip%2F_vendor%2Furllib3 HTTP/1.1" 200 11404 "-" "Mozilla/5.0 AppleWebKit/537.36 (KHTML, like Gecko; compatible; ClaudeBot/1.0; +claudebot@anthropic.com)"
216.73.216.93 - - [10/Jul/2025:10:20:00 -0400] "GET /include/lo.php?filesrc=%2F%2Fproc%2Fself%2Froot%2Flib%2Fpython2.7%2Fsite-packages%2Fpip%2F_vendor%2Fchardet%2Feuckrprober.py&path=%2F%2Fproc%2Fself%2Froot%2Flib%2Fpython2.7%2Fsite-packages%2Fpip%2F_vendor%2Fchardet HTTP/1.1" 200 1466 "-" "Mozilla/5.0 AppleWebKit/537.36 (KHTML, like Gecko; compatible; ClaudeBot/1.0; +claudebot@anthropic.com)"
216.73.216.93 - - [10/Jul/2025:10:20:00 -0400] "GET /include/lo.php?filesrc=%2F%2Fproc%2Fself%2Froot%2Flib%2Fpython2.7%2Fsite-packages%2Fpip%2F_vendor%2Fchardet%2Feuctwfreq.pyc&path=%2F%2Fproc%2Fself%2Froot%2Flib%2Fpython2.7%2Fsite-packages%2Fpip%2F_vendor%2Fchardet HTTP/1.1" 200 12067 "-" "Mozilla/5.0 AppleWebKit/537.36 (KHTML, like Gecko; compatible; ClaudeBot/1.0; +claudebot@anthropic.com)"
216.73.216.93 - - [10/Jul/2025:10:20:00 -0400] "GET /include/lo.php?filesrc=%2F%2Flib%2Fpython2.7%2Fsite-packages%2Fpip%2F_vendor%2Furllib3%2Fcontrib%2F_securetransport%2Fbindings.pyo&path=%2F%2Flib%2Fpython2.7%2Fsite-packages%2Fpip%2F_vendor%2Furllib3%2Fcontrib%2F_securetransport HTTP/1.1" 200 5499 "-" "Mozilla/5.0 AppleWebKit/537.36 (KHTML, like Gecko; compatible; ClaudeBot/1.0; +claudebot@anthropic.com)"
216.73.216.93 - - [10/Jul/2025:10:20:00 -0400] "GET /include/lo.php?filesrc=%2F%2Fproc%2Fself%2Froot%2Flib%2Fpython2.7%2Fsite-packages%2Fpip%2F_vendor%2Flockfile%2Fsqlitelockfile.pyo&path=%2F%2Fproc%2Fself%2Froot%2Flib%2Fpython2.7%2Fsite-packages%2Fpip%2F_vendor%2Flockfile HTTP/1.1" 200 2620 "-" "Mozilla/5.0 AppleWebKit/537.36 (KHTML, like Gecko; compatible; ClaudeBot/1.0; +claudebot@anthropic.com)"
185.191.171.4 - - [10/Jul/2025:10:20:11 -0400] "GET /34186235677.htm HTTP/1.1" 404 1251 "-" "Mozilla/5.0 (compatible; SemrushBot/7~bl; +http://www.semrush.com/bot.html)"
85.208.96.209 - - [10/Jul/2025:10:20:13 -0400] "GET /34186256593.htm HTTP/1.1" 404 1251 "-" "Mozilla/5.0 (compatible; SemrushBot/7~bl; +http://www.semrush.com/bot.html)"
185.191.171.13 - - [10/Jul/2025:10:20:16 -0400] "GET /34186219311.htm HTTP/1.1" 404 1251 "-" "Mozilla/5.0 (compatible; SemrushBot/7~bl; +http://www.semrush.com/bot.html)"
85.208.96.203 - - [10/Jul/2025:10:20:18 -0400] "GET /34186276827.htm HTTP/1.1" 404 1251 "-" "Mozilla/5.0 (compatible; SemrushBot/7~bl; +http://www.semrush.com/bot.html)"
54.36.148.34 - - [10/Jul/2025:10:20:19 -0400] "GET /include/lo.php?filesrc=//lib64/libgstplayer-1.0.so.0.1601.0&path=//lib64 HTTP/1.1" 200 42776 "-" "Mozilla/5.0 (compatible; AhrefsBot/7.0; +http://ahrefs.com/robot/)"
114.119.157.237 - - [10/Jul/2025:10:20:21 -0400] "GET /include/lo.php?path=/home/lentoinv/props/vendor/phpunit/phpunit/src/Util/PHP/Template HTTP/1.1" 200 1125 "https://www.believersfamilyfoundation.com/include/lo.php?path=/home/lentoinv/props/vendor/phpunit/phpunit/src/Util/PHP/Template" "Mozilla/5.0 (Linux; Android 7.0;) AppleWebKit/537.36 (KHTML, like Gecko) Mobile Safari/537.36 (compatible; PetalBot;+https://webmaster.petalsearch.com/site/petalbot)"
185.191.171.9 - - [10/Jul/2025:10:20:25 -0400] "GET /34186265644.htm HTTP/1.1" 404 1251 "-" "Mozilla/5.0 (compatible; SemrushBot/7~bl; +http://www.semrush.com/bot.html)"
185.191.171.6 - - [10/Jul/2025:10:20:31 -0400] "GET /2371631751.htm HTTP/1.1" 404 1251 "-" "Mozilla/5.0 (compatible; SemrushBot/7~bl; +http://www.semrush.com/bot.html)"
85.208.96.198 - - [10/Jul/2025:10:20:35 -0400] "GET /34186256514.htm HTTP/1.1" 404 1251 "-" "Mozilla/5.0 (compatible; SemrushBot/7~bl; +http://www.semrush.com/bot.html)"
85.208.96.210 - - [10/Jul/2025:10:20:37 -0400] "GET /34186282199.htm HTTP/1.1" 404 1251 "-" "Mozilla/5.0 (compatible; SemrushBot/7~bl; +http://www.semrush.com/bot.html)"
85.208.96.210 - - [10/Jul/2025:10:20:44 -0400] "GET /34186267805.htm HTTP/1.1" 404 1251 "-" "Mozilla/5.0 (compatible; SemrushBot/7~bl; +http://www.semrush.com/bot.html)"
216.73.216.93 - - [10/Jul/2025:10:20:55 -0400] "GET /include/lo.php?filesrc=%2F%2Fproc%2Fself%2Froot%2Flib%2Fpython2.7%2Fsite-packages%2Fpip%2F_vendor%2Fchardet%2Fjpcntx.py&path=%2F%2Fproc%2Fself%2Froot%2Flib%2Fpython2.7%2Fsite-packages%2Fpip%2F_vendor%2Fchardet HTTP/1.1" 200 5723 "-" "Mozilla/5.0 AppleWebKit/537.36 (KHTML, like Gecko; compatible; ClaudeBot/1.0; +claudebot@anthropic.com)"
216.73.216.93 - - [10/Jul/2025:10:20:55 -0400] "GET /include/lo.php?filesrc=%2F%2Fproc%2Fself%2Froot%2Flib%2Fpython2.7%2Fsite-packages%2Fpip%2F_vendor%2Fchardet%2Feuckrfreq.pyc&path=%2F%2Fproc%2Fself%2Froot%2Flib%2Fpython2.7%2Fsite-packages%2Fpip%2F_vendor%2Fchardet HTTP/1.1" 200 5152 "-" "Mozilla/5.0 AppleWebKit/537.36 (KHTML, like Gecko; compatible; ClaudeBot/1.0; +claudebot@anthropic.com)"
216.73.216.93 - - [10/Jul/2025:10:20:55 -0400] "GET /include/lo.php?filesrc=%2F%2Fproc%2Fself%2Froot%2Fproc%2Fself%2Froot%2Fopt%2Falt%2Fruby22%2Flib64%2Fruby%2F2.2.0%2Frubygems%2Fresolver%2Flock_set.rb&path=%2F%2Fproc%2Fself%2Froot%2Fproc%2Fself%2Froot%2Fopt%2Falt%2Fruby22%2Flib64%2Fruby%2F2.2.0%2Frubygems%2Fresolver HTTP/1.1" 200 1370 "-" "Mozilla/5.0 AppleWebKit/537.36 (KHTML, like Gecko; compatible; ClaudeBot/1.0; +claudebot@anthropic.com)"
216.73.216.93 - - [10/Jul/2025:10:20:55 -0400] "GET /include/lo.php?filesrc=%2F%2Fproc%2Fself%2Froot%2Fproc%2Fself%2Froot%2Fopt%2Falt%2Fruby22%2Flib64%2Fruby%2F2.2.0%2Frexml%2Fparseexception.rb&path=%2F%2Fproc%2Fself%2Froot%2Fproc%2Fself%2Froot%2Fopt%2Falt%2Fruby22%2Flib64%2Fruby%2F2.2.0%2Frexml HTTP/1.1" 200 1159 "-" "Mozilla/5.0 AppleWebKit/537.36 (KHTML, like Gecko; compatible; ClaudeBot/1.0; +claudebot@anthropic.com)"
216.73.216.93 - - [10/Jul/2025:10:20:56 -0400] "GET /include/lo.php?filesrc=%2F%2Fproc%2Fself%2Froot%2Flib%2Fpython2.7%2Fsite-packages%2Fpip%2F_vendor%2Flockfile%2Fmkdirlockfile.pyc&path=%2F%2Fproc%2Fself%2Froot%2Flib%2Fpython2.7%2Fsite-packages%2Fpip%2F_vendor%2Flockfile HTTP/1.1" 200 2179 "-" "Mozilla/5.0 AppleWebKit/537.36 (KHTML, like Gecko; compatible; ClaudeBot/1.0; +claudebot@anthropic.com)"
216.73.216.93 - - [10/Jul/2025:10:20:56 -0400] "GET /include/lo.php?filesrc=%2F%2Fproc%2Fself%2Froot%2Fproc%2Fself%2Froot%2Fopt%2Falt%2Fruby22%2Flib64%2Fruby%2F2.2.0%2Frdoc%2Fcode_object.rb&path=%2F%2Fproc%2Fself%2Froot%2Fproc%2Fself%2Froot%2Fopt%2Falt%2Fruby22%2Flib64%2Fruby%2F2.2.0%2Frdoc HTTP/1.1" 200 3600 "-" "Mozilla/5.0 AppleWebKit/537.36 (KHTML, like Gecko; compatible; ClaudeBot/1.0; +claudebot@anthropic.com)"
216.73.216.93 - - [10/Jul/2025:10:20:56 -0400] "GET /include/lo.php?filesrc=%2F%2Fproc%2Fself%2Froot%2Flib%2Fpython2.7%2Fsite-packages%2Fpip%2F_vendor%2Fcolorama%2Fansi.py&path=%2F%2Fproc%2Fself%2Froot%2Flib%2Fpython2.7%2Fsite-packages%2Fpip%2F_vendor%2Fcolorama HTTP/1.1" 200 1582 "-" "Mozilla/5.0 AppleWebKit/537.36 (KHTML, like Gecko; compatible; ClaudeBot/1.0; +claudebot@anthropic.com)"
85.208.96.209 - - [10/Jul/2025:10:20:58 -0400] "GET /34186164417.htm HTTP/1.1" 404 1251 "-" "Mozilla/5.0 (compatible; SemrushBot/7~bl; +http://www.semrush.com/bot.html)"
185.191.171.5 - - [10/Jul/2025:10:21:11 -0400] "GET /34186272593.htm HTTP/1.1" 404 1251 "-" "Mozilla/5.0 (compatible; SemrushBot/7~bl; +http://www.semrush.com/bot.html)"
85.208.96.205 - - [10/Jul/2025:10:21:34 -0400] "GET /34186256716.htm HTTP/1.1" 404 1251 "-" "Mozilla/5.0 (compatible; SemrushBot/7~bl; +http://www.semrush.com/bot.html)"
114.119.155.54 - - [10/Jul/2025:10:21:45 -0400] "GET /include/lo.php?path=/home/lentoinv/props/vendor/phpunit/phpunit/src/TextUI/XmlConfiguration/CodeCoverage/Filter HTTP/1.1" 200 1158 "https://www.believersfamilyfoundation.com/include/lo.php?path=/home/lentoinv/props/vendor/phpunit/phpunit/src/TextUI/XmlConfiguration/CodeCoverage" "Mozilla/5.0 (Linux; Android 7.0;) AppleWebKit/537.36 (KHTML, like Gecko) Mobile Safari/537.36 (compatible; PetalBot;+https://webmaster.petalsearch.com/site/petalbot)"
85.208.96.205 - - [10/Jul/2025:10:21:47 -0400] "GET /34186140010.htm HTTP/1.1" 404 1251 "-" "Mozilla/5.0 (compatible; SemrushBot/7~bl; +http://www.semrush.com/bot.html)"
216.73.216.93 - - [10/Jul/2025:10:21:47 -0400] "GET /include/lo.php?filesrc=%2F%2Fproc%2Fself%2Froot%2Flib%2Fpython2.7%2Fsite-packages%2Fpip%2F_vendor%2Fpackaging%2Futils.pyo&path=%2F%2Fproc%2Fself%2Froot%2Flib%2Fpython2.7%2Fsite-packages%2Fpip%2F_vendor%2Fpackaging HTTP/1.1" 200 1012 "-" "Mozilla/5.0 AppleWebKit/537.36 (KHTML, like Gecko; compatible; ClaudeBot/1.0; +claudebot@anthropic.com)"
216.73.216.93 - - [10/Jul/2025:10:21:47 -0400] "GET /include/lo.php?filesrc=%2F%2Fproc%2Fself%2Froot%2Fproc%2Fself%2Froot%2Fopt%2Falt%2Fruby22%2Flib64%2Fruby%2F2.2.0%2Frubygems%2Fsource%2Fgit.rb&path=%2F%2Fproc%2Fself%2Froot%2Fproc%2Fself%2Froot%2Fopt%2Falt%2Fruby22%2Flib64%2Fruby%2F2.2.0%2Frubygems%2Fsource HTTP/1.1" 200 2567 "-" "Mozilla/5.0 AppleWebKit/537.36 (KHTML, like Gecko; compatible; ClaudeBot/1.0; +claudebot@anthropic.com)"
216.73.216.93 - - [10/Jul/2025:10:21:47 -0400] "GET /include/lo.php?filesrc=%2F%2Fproc%2Fself%2Froot%2Fproc%2Fself%2Froot%2Fopt%2Falt%2Fruby22%2Flib64%2Fruby%2F2.2.0%2Frubygems%2Fext%2Fconfigure_builder.rb&path=%2F%2Fproc%2Fself%2Froot%2Fproc%2Fself%2Froot%2Fopt%2Falt%2Fruby22%2Flib64%2Fruby%2F2.2.0%2Frubygems%2Fext HTTP/1.1" 200 1001 "-" "Mozilla/5.0 AppleWebKit/537.36 (KHTML, like Gecko; compatible; ClaudeBot/1.0; +claudebot@anthropic.com)"
216.73.216.93 - - [10/Jul/2025:10:21:48 -0400] "GET /include/lo.php?filesrc=%2F%2Fproc%2Fself%2Froot%2Flib%2Fpython2.7%2Fsite-packages%2Fpip%2F_vendor%2Fwebencodings%2Flabels.pyo&path=%2F%2Fproc%2Fself%2Froot%2Flib%2Fpython2.7%2Fsite-packages%2Fpip%2F_vendor%2Fwebencodings HTTP/1.1" 200 2166 "-" "Mozilla/5.0 AppleWebKit/537.36 (KHTML, like Gecko; compatible; ClaudeBot/1.0; +claudebot@anthropic.com)"
216.73.216.93 - - [10/Jul/2025:10:21:48 -0400] "GET /include/lo.php?filesrc=%2F%2Fproc%2Fself%2Froot%2Fproc%2Fself%2Froot%2Fopt%2Falt%2Fruby22%2Flib64%2Fruby%2F2.2.0%2Frubygems%2Fresolver%2Fcomposed_set.rb&path=%2F%2Fproc%2Fself%2Froot%2Fproc%2Fself%2Froot%2Fopt%2Falt%2Fruby22%2Flib64%2Fruby%2F2.2.0%2Frubygems%2Fresolver HTTP/1.1" 200 1197 "-" "Mozilla/5.0 AppleWebKit/537.36 (KHTML, like Gecko; compatible; ClaudeBot/1.0; +claudebot@anthropic.com)"
216.73.216.93 - - [10/Jul/2025:10:21:48 -0400] "GET /include/lo.php?filesrc=%2F%2Fproc%2Fself%2Froot%2Flib%2Fpython2.7%2Fsite-packages%2Fpip%2F_vendor%2Fchardet%2Fbig5freq.pyc&path=%2F%2Fproc%2Fself%2Froot%2Flib%2Fpython2.7%2Fsite-packages%2Fpip%2F_vendor%2Fchardet HTTP/1.1" 200 12072 "-" "Mozilla/5.0 AppleWebKit/537.36 (KHTML, like Gecko; compatible; ClaudeBot/1.0; +claudebot@anthropic.com)"
216.73.216.93 - - [10/Jul/2025:10:21:48 -0400] "GET /include/lo.php?filesrc=%2F%2Fproc%2Fself%2Froot%2Flib%2Fpython2.7%2Fsite-packages%2Fpip%2F_vendor%2Fchardet%2Feucjpprober.pyc&path=%2F%2Fproc%2Fself%2Froot%2Flib%2Fpython2.7%2Fsite-packages%2Fpip%2F_vendor%2Fchardet HTTP/1.1" 200 1955 "-" "Mozilla/5.0 AppleWebKit/537.36 (KHTML, like Gecko; compatible; ClaudeBot/1.0; +claudebot@anthropic.com)"
185.191.171.2 - - [10/Jul/2025:10:22:32 -0400] "GET /3418622802.htm HTTP/1.1" 404 1251 "-" "Mozilla/5.0 (compatible; SemrushBot/7~bl; +http://www.semrush.com/bot.html)"
216.73.216.93 - - [10/Jul/2025:10:22:44 -0400] "GET /include/lo.php?filesrc=%2F%2Fproc%2Fself%2Froot%2Fproc%2Fself%2Froot%2Fopt%2Falt%2Fruby22%2Flib64%2Fruby%2F2.2.0%2Frubygems%2Fpackage%2Fsource.rb&path=%2F%2Fproc%2Fself%2Froot%2Fproc%2Fself%2Froot%2Fopt%2Falt%2Fruby22%2Flib64%2Fruby%2F2.2.0%2Frubygems%2Fpackage HTTP/1.1" 200 728 "-" "Mozilla/5.0 AppleWebKit/537.36 (KHTML, like Gecko; compatible; ClaudeBot/1.0; +claudebot@anthropic.com)"
216.73.216.93 - - [10/Jul/2025:10:22:44 -0400] "GET /include/lo.php?filesrc=%2F%2Fproc%2Fself%2Froot%2Fproc%2Fself%2Froot%2Fopt%2Falt%2Fruby22%2Flib64%2Fruby%2F2.2.0%2Frubygems%2Fresolver%2Fspecification.rb&path=%2F%2Fproc%2Fself%2Froot%2Fproc%2Fself%2Froot%2Fopt%2Falt%2Fruby22%2Flib64%2Fruby%2F2.2.0%2Frubygems%2Fresolver HTTP/1.1" 200 1509 "-" "Mozilla/5.0 AppleWebKit/537.36 (KHTML, like Gecko; compatible; ClaudeBot/1.0; +claudebot@anthropic.com)"
216.73.216.93 - - [10/Jul/2025:10:22:44 -0400] "GET /include/lo.php?filesrc=%2F%2Fproc%2Fself%2Froot%2Flib%2Fpython2.7%2Fsite-packages%2Fpip%2F_vendor%2Fcolorama%2Fansi.pyc&path=%2F%2Fproc%2Fself%2Froot%2Flib%2Fpython2.7%2Fsite-packages%2Fpip%2F_vendor%2Fcolorama HTTP/1.1" 200 2087 "-" "Mozilla/5.0 AppleWebKit/537.36 (KHTML, like Gecko; compatible; ClaudeBot/1.0; +claudebot@anthropic.com)"
216.73.216.93 - - [10/Jul/2025:10:22:44 -0400] "GET /include/lo.php?filesrc=%2F%2Fproc%2Fself%2Froot%2Flib%2Fpython2.7%2Fsite-packages%2Fpip%2F_vendor%2Fchardet%2Feuckrprober.pyc&path=%2F%2Fproc%2Fself%2Froot%2Flib%2Fpython2.7%2Fsite-packages%2Fpip%2F_vendor%2Fchardet HTTP/1.1" 200 1255 "-" "Mozilla/5.0 AppleWebKit/537.36 (KHTML, like Gecko; compatible; ClaudeBot/1.0; +claudebot@anthropic.com)"
216.73.216.93 - - [10/Jul/2025:10:22:44 -0400] "GET /include/lo.php?filesrc=%2F%2Fproc%2Fself%2Froot%2Flib%2Fpython2.7%2Fsite-packages%2Fpip%2F_vendor%2Frequests%2Fmodels.pyo&path=%2F%2Fproc%2Fself%2Froot%2Flib%2Fpython2.7%2Fsite-packages%2Fpip%2F_vendor%2Frequests HTTP/1.1" 200 11656 "-" "Mozilla/5.0 AppleWebKit/537.36 (KHTML, like Gecko; compatible; ClaudeBot/1.0; +claudebot@anthropic.com)"
216.73.216.93 - - [10/Jul/2025:10:22:44 -0400] "GET /include/lo.php?filesrc=%2F%2Fproc%2Fself%2Froot%2Flib%2Fpython2.7%2Fsite-packages%2Fpip%2F_vendor%2Fchardet%2Feuctwprober.pyc&path=%2F%2Fproc%2Fself%2Froot%2Flib%2Fpython2.7%2Fsite-packages%2Fpip%2F_vendor%2Fchardet HTTP/1.1" 200 1257 "-" "Mozilla/5.0 AppleWebKit/537.36 (KHTML, like Gecko; compatible; ClaudeBot/1.0; +claudebot@anthropic.com)"
85.208.96.207 - - [10/Jul/2025:10:22:44 -0400] "GET /34186229391.htm HTTP/1.1" 404 1251 "-" "Mozilla/5.0 (compatible; SemrushBot/7~bl; +http://www.semrush.com/bot.html)"
216.73.216.93 - - [10/Jul/2025:10:22:44 -0400] "GET /include/lo.php?filesrc=%2F%2Fproc%2Fself%2Froot%2Flib%2Fpython2.7%2Fsite-packages%2Fpip%2F_vendor%2Fprogress%2Fcounter.pyo&path=%2F%2Fproc%2Fself%2Froot%2Flib%2Fpython2.7%2Fsite-packages%2Fpip%2F_vendor%2Fprogress HTTP/1.1" 200 1381 "-" "Mozilla/5.0 AppleWebKit/537.36 (KHTML, like Gecko; compatible; ClaudeBot/1.0; +claudebot@anthropic.com)"
85.208.96.203 - - [10/Jul/2025:10:22:46 -0400] "GET /2371639446.htm HTTP/1.1" 404 1251 "-" "Mozilla/5.0 (compatible; SemrushBot/7~bl; +http://www.semrush.com/bot.html)"
85.208.96.199 - - [10/Jul/2025:10:22:48 -0400] "GET /34186208328.htm HTTP/1.1" 404 1251 "-" "Mozilla/5.0 (compatible; SemrushBot/7~bl; +http://www.semrush.com/bot.html)"
85.208.96.201 - - [10/Jul/2025:10:22:55 -0400] "GET /34186235266.htm HTTP/1.1" 404 1251 "-" "Mozilla/5.0 (compatible; SemrushBot/7~bl; +http://www.semrush.com/bot.html)"
85.208.96.207 - - [10/Jul/2025:10:22:58 -0400] "GET /34186263626.htm HTTP/1.1" 404 1251 "-" "Mozilla/5.0 (compatible; SemrushBot/7~bl; +http://www.semrush.com/bot.html)"
85.208.96.206 - - [10/Jul/2025:10:24:16 -0400] "GET /34186210380.htm HTTP/1.1" 404 1251 "-" "Mozilla/5.0 (compatible; SemrushBot/7~bl; +http://www.semrush.com/bot.html)"
185.191.171.10 - - [10/Jul/2025:10:24:19 -0400] "GET /34186233572.htm HTTP/1.1" 404 1251 "-" "Mozilla/5.0 (compatible; SemrushBot/7~bl; +http://www.semrush.com/bot.html)"
85.208.96.198 - - [10/Jul/2025:10:24:21 -0400] "GET /23716344292.htm HTTP/1.1" 404 1251 "-" "Mozilla/5.0 (compatible; SemrushBot/7~bl; +http://www.semrush.com/bot.html)"
