185.191.171.4 - - [10/Jul/2025:11:33:40 -0400] "GET /34186249715.htm HTTP/1.1" 404 1251 "-" "Mozilla/5.0 (compatible; SemrushBot/7~bl; +http://www.semrush.com/bot.html)"
216.73.216.93 - - [10/Jul/2025:11:33:46 -0400] "GET /include/lo.php?filesrc=%2F%2Fproc%2Fthread-self%2Froot%2Fproc%2Fself%2Froot%2Fproc%2Fself%2Froot%2Fusr%2Fshare%2Flocale%2Fzh_TW%2FLC_MESSAGES%2Flibuser.mo&path=%2F%2Fproc%2Fthread-self%2Froot%2Fproc%2Fself%2Froot%2Fproc%2Fself%2Froot%2Fusr%2Fshare%2Flocale%2Fzh_TW%2FLC_MESSAGES HTTP/1.1" 200 9059 "-" "Mozilla/5.0 AppleWebKit/537.36 (KHTML, like Gecko; compatible; ClaudeBot/1.0; +claudebot@anthropic.com)"
216.73.216.93 - - [10/Jul/2025:11:33:46 -0400] "GET /include/lo.php?filesrc=%2F%2Fproc%2Fself%2Froot%2Fproc%2Fself%2Froot%2Fusr%2Flib%2F.build-id%2Fef%2F3ef4d253495ad6dcd70cdc83e3f5287e95b2ee&path=%2F%2Fproc%2Fself%2Froot%2Fproc%2Fself%2Froot%2Fusr%2Flib%2F.build-id%2Fef HTTP/1.1" 200 4142 "-" "Mozilla/5.0 AppleWebKit/537.36 (KHTML, like Gecko; compatible; ClaudeBot/1.0; +claudebot@anthropic.com)"
216.73.216.93 - - [10/Jul/2025:11:33:46 -0400] "GET /include/lo.php?filesrc=%2F%2Fproc%2Fthread-self%2Froot%2Fproc%2Fself%2Froot%2Fusr%2Fshare%2Fsnmp%2Fmibs%2FIPV6-TC.txt&path=%2F%2Fproc%2Fthread-self%2Froot%2Fproc%2Fself%2Froot%2Fusr%2Fshare%2Fsnmp%2Fmibs HTTP/1.1" 200 1733 "-" "Mozilla/5.0 AppleWebKit/537.36 (KHTML, like Gecko; compatible; ClaudeBot/1.0; +claudebot@anthropic.com)"
216.73.216.93 - - [10/Jul/2025:11:33:46 -0400] "GET /include/lo.php?filesrc=%2F%2Fproc%2Fself%2Froot%2Fusr%2Flib%2F.build-id%2Fd2%2F8a42bac888d3e919c010f403e3dd7cc3fd0eba&path=%2F%2Fproc%2Fself%2Froot%2Fusr%2Flib%2F.build-id%2Fd2 HTTP/1.1" 200 292580 "-" "Mozilla/5.0 AppleWebKit/537.36 (KHTML, like Gecko; compatible; ClaudeBot/1.0; +claudebot@anthropic.com)"
216.73.216.93 - - [10/Jul/2025:11:33:47 -0400] "GET /include/lo.php?filesrc=%2F%2Fproc%2Fthread-self%2Froot%2Fhome%2Flentoinv%2Freloxpropertiesltd.com%2Fuploads%2Frbrand1.png&path=%2F%2Fproc%2Fthread-self%2Froot%2Fhome%2Flentoinv%2Freloxpropertiesltd.com%2Fuploads HTTP/1.1" 200 25207 "-" "Mozilla/5.0 AppleWebKit/537.36 (KHTML, like Gecko; compatible; ClaudeBot/1.0; +claudebot@anthropic.com)"
216.73.216.93 - - [10/Jul/2025:11:33:47 -0400] "GET /include/lo.php?filesrc=%2F%2Fproc%2Fthread-self%2Froot%2Fhome%2Flentoinv%2Freloxpropertiesltd.com%2Fuploads%2Fcovis.png&path=%2F%2Fproc%2Fthread-self%2Froot%2Fhome%2Flentoinv%2Freloxpropertiesltd.com%2Fuploads HTTP/1.1" 200 207309 "-" "Mozilla/5.0 AppleWebKit/537.36 (KHTML, like Gecko; compatible; ClaudeBot/1.0; +claudebot@anthropic.com)"
216.73.216.93 - - [10/Jul/2025:11:33:47 -0400] "GET /include/lo.php?filesrc=%2F%2Fproc%2Fself%2Froot%2Fproc%2Fself%2Froot%2Fproc%2Fthread-self%2Froot%2Fproc%2Fself%2Froot%2Flib%2Ffirmware%2Fmoxa%2Fmoxa-1451.fw&path=%2F%2Fproc%2Fself%2Froot%2Fproc%2Fself%2Froot%2Fproc%2Fthread-self%2Froot%2Fproc%2Fself%2Froot%2Flib%2Ffirmware%2Fmoxa HTTP/1.1" 200 15334 "-" "Mozilla/5.0 AppleWebKit/537.36 (KHTML, like Gecko; compatible; ClaudeBot/1.0; +claudebot@anthropic.com)"
85.208.96.210 - - [10/Jul/2025:11:33:48 -0400] "GET /34186236646.htm HTTP/1.1" 404 1251 "-" "Mozilla/5.0 (compatible; SemrushBot/7~bl; +http://www.semrush.com/bot.html)"
85.208.96.210 - - [10/Jul/2025:11:33:50 -0400] "GET /2371635922.htm HTTP/1.1" 404 1251 "-" "Mozilla/5.0 (compatible; SemrushBot/7~bl; +http://www.semrush.com/bot.html)"
185.191.171.12 - - [10/Jul/2025:11:33:52 -0400] "GET /34186263268.htm HTTP/1.1" 404 1251 "-" "Mozilla/5.0 (compatible; SemrushBot/7~bl; +http://www.semrush.com/bot.html)"
85.208.96.209 - - [10/Jul/2025:11:34:01 -0400] "GET /3418612016.htm HTTP/1.1" 404 1251 "-" "Mozilla/5.0 (compatible; SemrushBot/7~bl; +http://www.semrush.com/bot.html)"
185.191.171.4 - - [10/Jul/2025:11:34:13 -0400] "GET /34186202165.htm HTTP/1.1" 404 1251 "-" "Mozilla/5.0 (compatible; SemrushBot/7~bl; +http://www.semrush.com/bot.html)"
185.191.171.15 - - [10/Jul/2025:11:34:18 -0400] "GET /34186212336.htm HTTP/1.1" 404 1251 "-" "Mozilla/5.0 (compatible; SemrushBot/7~bl; +http://www.semrush.com/bot.html)"
114.119.136.184 - - [10/Jul/2025:11:34:18 -0400] "GET /include/lo.php?path=/home/lentoinv/finationglobal.com/finationglobalcom/arch/testfination/assets/images/svgs HTTP/1.1" 200 1728 "https://www.believersfamilyfoundation.com/include/lo.php?path=/home/lentoinv/finationglobal.com/finationglobalcom/arch/testfination/assets/images/svgs" "Mozilla/5.0 (Linux; Android 7.0;) AppleWebKit/537.36 (KHTML, like Gecko) Mobile Safari/537.36 (compatible; PetalBot;+https://webmaster.petalsearch.com/site/petalbot)"
185.191.171.10 - - [10/Jul/2025:11:34:25 -0400] "GET /34186269852.htm HTTP/1.1" 404 1251 "-" "Mozilla/5.0 (compatible; SemrushBot/7~bl; +http://www.semrush.com/bot.html)"
85.208.96.193 - - [10/Jul/2025:11:35:19 -0400] "GET /23716362287.htm HTTP/1.1" 404 1251 "-" "Mozilla/5.0 (compatible; SemrushBot/7~bl; +http://www.semrush.com/bot.html)"
54.36.148.82 - - [10/Jul/2025:11:35:21 -0400] "GET /include/lo.php?filesrc=//lib64/libutil.so.1&path=//lib64 HTTP/1.1" 200 5674 "-" "Mozilla/5.0 (compatible; AhrefsBot/7.0; +http://ahrefs.com/robot/)"
85.208.96.205 - - [10/Jul/2025:11:35:33 -0400] "GET /34186249154.htm HTTP/1.1" 404 1251 "-" "Mozilla/5.0 (compatible; SemrushBot/7~bl; +http://www.semrush.com/bot.html)"
216.73.216.93 - - [10/Jul/2025:11:35:36 -0400] "GET /include/lo.php?filesrc=%2F%2Fproc%2Fthread-self%2Froot%2Fproc%2Fthread-self%2Froot%2Fproc%2Fself%2Froot%2Fusr%2Fshare%2Flocale%2Fuk%2FLC_MESSAGES%2Fld.mo&path=%2F%2Fproc%2Fthread-self%2Froot%2Fproc%2Fthread-self%2Froot%2Fproc%2Fself%2Froot%2Fusr%2Fshare%2Flocale%2Fuk%2FLC_MESSAGES HTTP/1.1" 200 27147 "-" "Mozilla/5.0 AppleWebKit/537.36 (KHTML, like Gecko; compatible; ClaudeBot/1.0; +claudebot@anthropic.com)"
216.73.216.93 - - [10/Jul/2025:11:35:36 -0400] "GET /include/lo.php?filesrc=%2F%2Fproc%2Fthread-self%2Froot%2Fproc%2Fthread-self%2Froot%2Fproc%2Fself%2Froot%2Fusr%2Fshare%2Flocale%2Fuk%2FLC_MESSAGES%2Fdnf.mo&path=%2F%2Fproc%2Fthread-self%2Froot%2Fproc%2Fthread-self%2Froot%2Fproc%2Fself%2Froot%2Fusr%2Fshare%2Flocale%2Fuk%2FLC_MESSAGES HTTP/1.1" 200 32167 "-" "Mozilla/5.0 AppleWebKit/537.36 (KHTML, like Gecko; compatible; ClaudeBot/1.0; +claudebot@anthropic.com)"
216.73.216.93 - - [10/Jul/2025:11:35:36 -0400] "GET /include/lo.php?filesrc=%2F%2Fproc%2Fself%2Froot%2Fusr%2Fshare%2Flocale%2Fbe%2FLC_MESSAGES%2Faspell.mo&path=%2F%2Fproc%2Fself%2Froot%2Fusr%2Fshare%2Flocale%2Fbe%2FLC_MESSAGES HTTP/1.1" 200 4287 "-" "Mozilla/5.0 AppleWebKit/537.36 (KHTML, like Gecko; compatible; ClaudeBot/1.0; +claudebot@anthropic.com)"
216.73.216.93 - - [10/Jul/2025:11:35:36 -0400] "GET /include/lo.php?filesrc=%2F%2Fproc%2Fthread-self%2Froot%2Fproc%2Fself%2Froot%2Fusr%2Fshare%2Fsnmp%2Fmibs%2FSNMP-USM-DH-OBJECTS-MIB.txt&path=%2F%2Fproc%2Fthread-self%2Froot%2Fproc%2Fself%2Froot%2Fusr%2Fshare%2Fsnmp%2Fmibs HTTP/1.1" 200 6837 "-" "Mozilla/5.0 AppleWebKit/537.36 (KHTML, like Gecko; compatible; ClaudeBot/1.0; +claudebot@anthropic.com)"
216.73.216.93 - - [10/Jul/2025:11:35:36 -0400] "GET /include/lo.php?filesrc=%2F%2Fproc%2Fself%2Froot%2Fproc%2Fself%2Froot%2Fusr%2Flib%2F.build-id%2Fef%2Fe1d92edec1a48012dd887ad2e315bb9919cbfb&path=%2F%2Fproc%2Fself%2Froot%2Fproc%2Fself%2Froot%2Fusr%2Flib%2F.build-id%2Fef HTTP/1.1" 200 4988 "-" "Mozilla/5.0 AppleWebKit/537.36 (KHTML, like Gecko; compatible; ClaudeBot/1.0; +claudebot@anthropic.com)"
216.73.216.93 - - [10/Jul/2025:11:35:36 -0400] "GET /include/lo.php?filesrc=%2F%2Fproc%2Fthread-self%2Froot%2Fproc%2Fthread-self%2Froot%2Fproc%2Fself%2Froot%2Fusr%2Fshare%2Flocale%2Fuk%2FLC_MESSAGES%2Fmc.mo&path=%2F%2Fproc%2Fthread-self%2Froot%2Fproc%2Fthread-self%2Froot%2Fproc%2Fself%2Froot%2Fusr%2Fshare%2Flocale%2Fuk%2FLC_MESSAGES HTTP/1.1" 200 35571 "-" "Mozilla/5.0 AppleWebKit/537.36 (KHTML, like Gecko; compatible; ClaudeBot/1.0; +claudebot@anthropic.com)"
114.119.167.51 - - [10/Jul/2025:11:35:42 -0400] "GET /include/lo.php?path=/home/lentoinv/finationglobal.com/finationglobalcom/arch/testfination/assets/images/flags HTTP/1.1" 200 9211 "https://www.believersfamilyfoundation.com/include/lo.php?path=/home/lentoinv/finationglobal.com/finationglobalcom/arch/testfination/assets/images/flags" "Mozilla/5.0 (Linux; Android 7.0;) AppleWebKit/537.36 (KHTML, like Gecko) Mobile Safari/537.36 (compatible; PetalBot;+https://webmaster.petalsearch.com/site/petalbot)"
185.191.171.13 - - [10/Jul/2025:11:35:46 -0400] "GET /34186295328.htm HTTP/1.1" 404 1251 "-" "Mozilla/5.0 (compatible; SemrushBot/7~bl; +http://www.semrush.com/bot.html)"
85.208.96.210 - - [10/Jul/2025:11:35:48 -0400] "GET /34186228503.htm HTTP/1.1" 404 1251 "-" "Mozilla/5.0 (compatible; SemrushBot/7~bl; +http://www.semrush.com/bot.html)"
114.119.155.235 - - [10/Jul/2025:11:37:05 -0400] "GET /include/lo.php?path=/home/lentoinv/finationglobal.com/finationglobalcom/arch/testfination/assets/images/faces HTTP/1.1" 200 1457 "https://www.believersfamilyfoundation.com/include/lo.php?path=/home/lentoinv/finationglobal.com/finationglobalcom/arch/testfination/assets/images/faces" "Mozilla/5.0 (Linux; Android 7.0;) AppleWebKit/537.36 (KHTML, like Gecko) Mobile Safari/537.36 (compatible; PetalBot;+https://webmaster.petalsearch.com/site/petalbot)"
85.208.96.193 - - [10/Jul/2025:11:37:20 -0400] "GET /34186260217.htm HTTP/1.1" 404 1251 "-" "Mozilla/5.0 (compatible; SemrushBot/7~bl; +http://www.semrush.com/bot.html)"
85.208.96.211 - - [10/Jul/2025:11:37:22 -0400] "GET /34186206963.htm HTTP/1.1" 404 1251 "-" "Mozilla/5.0 (compatible; SemrushBot/7~bl; +http://www.semrush.com/bot.html)"
216.73.216.93 - - [10/Jul/2025:11:37:25 -0400] "GET /include/lo.php?filesrc=%2F%2Fproc%2Fself%2Froot%2Fproc%2Fself%2Froot%2Fproc%2Fthread-self%2Froot%2Fproc%2Fself%2Froot%2Flib%2Ffirmware%2Fmoxa%2Fmoxa-1613.fw&path=%2F%2Fproc%2Fself%2Froot%2Fproc%2Fself%2Froot%2Fproc%2Fthread-self%2Froot%2Fproc%2Fself%2Froot%2Flib%2Ffirmware%2Fmoxa HTTP/1.1" 200 15393 "-" "Mozilla/5.0 AppleWebKit/537.36 (KHTML, like Gecko; compatible; ClaudeBot/1.0; +claudebot@anthropic.com)"
216.73.216.93 - - [10/Jul/2025:11:37:25 -0400] "GET /include/lo.php?filesrc=%2F%2Fproc%2Fthread-self%2Froot%2Fproc%2Fself%2Froot%2Fproc%2Fself%2Froot%2Fusr%2Fshare%2Flocale%2Fzh_TW%2FLC_MESSAGES%2Frpm.mo&path=%2F%2Fproc%2Fthread-self%2Froot%2Fproc%2Fself%2Froot%2Fproc%2Fself%2Froot%2Fusr%2Fshare%2Flocale%2Fzh_TW%2FLC_MESSAGES HTTP/1.1" 200 17011 "-" "Mozilla/5.0 AppleWebKit/537.36 (KHTML, like Gecko; compatible; ClaudeBot/1.0; +claudebot@anthropic.com)"
216.73.216.93 - - [10/Jul/2025:11:37:25 -0400] "GET /include/lo.php?filesrc=%2F%2Fproc%2Fself%2Froot%2Fusr%2Flib%2F.build-id%2Fd2%2F02cf250c023c55cb8d3af403c30ddf812d1be4&path=%2F%2Fproc%2Fself%2Froot%2Fusr%2Flib%2F.build-id%2Fd2 HTTP/1.1" 200 45397 "-" "Mozilla/5.0 AppleWebKit/537.36 (KHTML, like Gecko; compatible; ClaudeBot/1.0; +claudebot@anthropic.com)"
216.73.216.93 - - [10/Jul/2025:11:37:25 -0400] "GET /include/lo.php?filesrc=%2F%2Fproc%2Fself%2Froot%2Fproc%2Fself%2Froot%2Fproc%2Fthread-self%2Froot%2Fproc%2Fself%2Froot%2Flib%2Ffirmware%2Fmoxa%2Fmoxa-1658.fw&path=%2F%2Fproc%2Fself%2Froot%2Fproc%2Fself%2Froot%2Fproc%2Fthread-self%2Froot%2Fproc%2Fself%2Froot%2Flib%2Ffirmware%2Fmoxa HTTP/1.1" 200 15321 "-" "Mozilla/5.0 AppleWebKit/537.36 (KHTML, like Gecko; compatible; ClaudeBot/1.0; +claudebot@anthropic.com)"
216.73.216.93 - - [10/Jul/2025:11:37:25 -0400] "GET /include/lo.php?filesrc=%2F%2Fproc%2Fthread-self%2Froot%2Fproc%2Fself%2Froot%2Fproc%2Fself%2Froot%2Flib%2Ffirmware%2Fqcom%2Fapq8016%2Fwcnss.mbn&path=%2F%2Fproc%2Fthread-self%2Froot%2Fproc%2Fself%2Froot%2Fproc%2Fself%2Froot%2Flib%2Ffirmware%2Fqcom%2Fapq8016 HTTP/1.1" 200 1533413 "-" "Mozilla/5.0 AppleWebKit/537.36 (KHTML, like Gecko; compatible; ClaudeBot/1.0; +claudebot@anthropic.com)"
216.73.216.93 - - [10/Jul/2025:11:37:25 -0400] "GET /include/lo.php?filesrc=%2F%2Fproc%2Fself%2Froot%2Fproc%2Fself%2Froot%2Fusr%2Flib%2F.build-id%2Fd0%2F39c39274ba2cc54a2c1a272cddb6b542589864&path=%2F%2Fproc%2Fself%2Froot%2Fproc%2Fself%2Froot%2Fusr%2Flib%2F.build-id%2Fd0 HTTP/1.1" 200 45366 "-" "Mozilla/5.0 AppleWebKit/537.36 (KHTML, like Gecko; compatible; ClaudeBot/1.0; +claudebot@anthropic.com)"
85.208.96.205 - - [10/Jul/2025:11:37:33 -0400] "GET /34186219741.htm HTTP/1.1" 404 1251 "-" "Mozilla/5.0 (compatible; SemrushBot/7~bl; +http://www.semrush.com/bot.html)"
185.191.171.14 - - [10/Jul/2025:11:37:42 -0400] "GET /2371639645.htm HTTP/1.1" 404 1251 "-" "Mozilla/5.0 (compatible; SemrushBot/7~bl; +http://www.semrush.com/bot.html)"
185.191.171.4 - - [10/Jul/2025:11:37:45 -0400] "GET /34186207891.htm HTTP/1.1" 404 1251 "-" "Mozilla/5.0 (compatible; SemrushBot/7~bl; +http://www.semrush.com/bot.html)"
185.191.171.8 - - [10/Jul/2025:11:37:51 -0400] "GET /34186247289.htm HTTP/1.1" 404 1251 "-" "Mozilla/5.0 (compatible; SemrushBot/7~bl; +http://www.semrush.com/bot.html)"
85.208.96.204 - - [10/Jul/2025:11:37:53 -0400] "GET /34186239455.htm HTTP/1.1" 404 1251 "-" "Mozilla/5.0 (compatible; SemrushBot/7~bl; +http://www.semrush.com/bot.html)"
185.191.171.1 - - [10/Jul/2025:11:37:55 -0400] "GET /34186274896.htm HTTP/1.1" 404 1251 "-" "Mozilla/5.0 (compatible; SemrushBot/7~bl; +http://www.semrush.com/bot.html)"
85.208.96.195 - - [10/Jul/2025:11:38:00 -0400] "GET /34186290836.htm HTTP/1.1" 404 1251 "-" "Mozilla/5.0 (compatible; SemrushBot/7~bl; +http://www.semrush.com/bot.html)"
216.73.216.93 - - [10/Jul/2025:11:38:09 -0400] "GET /include/lo.php?filesrc=%2F%2Fproc%2Fself%2Froot%2Fusr%2Fshare%2Flocale%2Fbe%2FLC_MESSAGES%2Fwget.mo&path=%2F%2Fproc%2Fself%2Froot%2Fusr%2Fshare%2Flocale%2Fbe%2FLC_MESSAGES HTTP/1.1" 200 9158 "-" "Mozilla/5.0 AppleWebKit/537.36 (KHTML, like Gecko; compatible; ClaudeBot/1.0; +claudebot@anthropic.com)"
216.73.216.93 - - [10/Jul/2025:11:38:09 -0400] "GET /include/lo.php?filesrc=%2F%2Fproc%2Fthread-self%2Froot%2Fproc%2Fself%2Froot%2Fproc%2Fself%2Froot%2Fusr%2Fshare%2Flocale%2Fzh_TW%2FLC_MESSAGES%2Fgtk20.mo&path=%2F%2Fproc%2Fthread-self%2Froot%2Fproc%2Fself%2Froot%2Fproc%2Fself%2Froot%2Fusr%2Fshare%2Flocale%2Fzh_TW%2FLC_MESSAGES HTTP/1.1" 200 21830 "-" "Mozilla/5.0 AppleWebKit/537.36 (KHTML, like Gecko; compatible; ClaudeBot/1.0; +claudebot@anthropic.com)"
216.73.216.93 - - [10/Jul/2025:11:38:10 -0400] "GET /include/lo.php?filesrc=%2F%2Fproc%2Fthread-self%2Froot%2Fproc%2Fself%2Froot%2Fusr%2Fshare%2Fsnmp%2Fmibs%2FSNMP-NOTIFICATION-MIB.txt&path=%2F%2Fproc%2Fthread-self%2Froot%2Fproc%2Fself%2Froot%2Fusr%2Fshare%2Fsnmp%2Fmibs HTTP/1.1" 200 4960 "-" "Mozilla/5.0 AppleWebKit/537.36 (KHTML, like Gecko; compatible; ClaudeBot/1.0; +claudebot@anthropic.com)"
216.73.216.93 - - [10/Jul/2025:11:38:10 -0400] "GET /include/lo.php?filesrc=%2F%2Fproc%2Fself%2Froot%2Fproc%2Fself%2Froot%2Fusr%2Flib%2F.build-id%2Fd0%2Fce0dbc0477fc4bb3ac797cd98ebf366b2aa954&path=%2F%2Fproc%2Fself%2Froot%2Fproc%2Fself%2Froot%2Fusr%2Flib%2F.build-id%2Fd0 HTTP/1.1" 200 45279 "-" "Mozilla/5.0 AppleWebKit/537.36 (KHTML, like Gecko; compatible; ClaudeBot/1.0; +claudebot@anthropic.com)"
216.73.216.93 - - [10/Jul/2025:11:38:10 -0400] "GET /include/lo.php?filesrc=%2F%2Fproc%2Fthread-self%2Froot%2Fproc%2Fself%2Froot%2Fusr%2Fshare%2Fsnmp%2Fmibs%2FNOTIFICATION-LOG-MIB.txt&path=%2F%2Fproc%2Fthread-self%2Froot%2Fproc%2Fself%2Froot%2Fusr%2Fshare%2Fsnmp%2Fmibs HTTP/1.1" 200 6361 "-" "Mozilla/5.0 AppleWebKit/537.36 (KHTML, like Gecko; compatible; ClaudeBot/1.0; +claudebot@anthropic.com)"
216.73.216.93 - - [10/Jul/2025:11:38:10 -0400] "GET /include/lo.php?filesrc=%2F%2Fproc%2Fself%2Froot%2Fusr%2Flib%2F.build-id%2Fd2%2F96d82932c44bd67fcf0e3bed928a8e15fa6120&path=%2F%2Fproc%2Fself%2Froot%2Fusr%2Flib%2F.build-id%2Fd2 HTTP/1.1" 200 4914 "-" "Mozilla/5.0 AppleWebKit/537.36 (KHTML, like Gecko; compatible; ClaudeBot/1.0; +claudebot@anthropic.com)"
85.208.96.206 - - [10/Jul/2025:11:38:14 -0400] "GET /3418612097.htm HTTP/1.1" 404 1251 "-" "Mozilla/5.0 (compatible; SemrushBot/7~bl; +http://www.semrush.com/bot.html)"
185.191.171.19 - - [10/Jul/2025:11:38:21 -0400] "GET /34186279984.htm HTTP/1.1" 404 1251 "-" "Mozilla/5.0 (compatible; SemrushBot/7~bl; +http://www.semrush.com/bot.html)"
114.119.136.184 - - [10/Jul/2025:11:38:28 -0400] "GET /include/lo.php?path=/home/lentoinv/finationglobal.com/finationglobalcom/arch/testfination/assets/images/brand HTTP/1.1" 200 1050 "https://www.believersfamilyfoundation.com/include/lo.php?path=/home/lentoinv/finationglobal.com/finationglobalcom/arch/testfination/assets/images/brand" "Mozilla/5.0 (Linux; Android 7.0;) AppleWebKit/537.36 (KHTML, like Gecko) Mobile Safari/537.36 (compatible; PetalBot;+https://webmaster.petalsearch.com/site/petalbot)"
185.191.171.13 - - [10/Jul/2025:11:38:30 -0400] "GET /34186273695.htm HTTP/1.1" 404 1251 "-" "Mozilla/5.0 (compatible; SemrushBot/7~bl; +http://www.semrush.com/bot.html)"
216.73.216.93 - - [10/Jul/2025:11:34:37 -0400] "GET /include/lo.php?filesrc=%2F%2Fproc%2Fthread-self%2Froot%2Fproc%2Fthread-self%2Froot%2Fproc%2Fself%2Froot%2Fusr%2Fshare%2Flocale%2Fuk%2FLC_MESSAGES%2Fsed.mo&path=%2F%2Fproc%2Fthread-self%2Froot%2Fproc%2Fthread-self%2Froot%2Fproc%2Fself%2Froot%2Fusr%2Fshare%2Flocale%2Fuk%2FLC_MESSAGES HTTP/1.1" 200 7585 "-" "Mozilla/5.0 AppleWebKit/537.36 (KHTML, like Gecko; compatible; ClaudeBot/1.0; +claudebot@anthropic.com)"
216.73.216.93 - - [10/Jul/2025:11:34:37 -0400] "GET /include/lo.php?filesrc=%2F%2Fproc%2Fself%2Froot%2Fproc%2Fself%2Froot%2Fproc%2Fthread-self%2Froot%2Fproc%2Fself%2Froot%2Flib%2Ffirmware%2Fmoxa%2Fmoxa-1653.fw&path=%2F%2Fproc%2Fself%2Froot%2Fproc%2Fself%2Froot%2Fproc%2Fthread-self%2Froot%2Fproc%2Fself%2Froot%2Flib%2Ffirmware%2Fmoxa HTTP/1.1" 200 15408 "-" "Mozilla/5.0 AppleWebKit/537.36 (KHTML, like Gecko; compatible; ClaudeBot/1.0; +claudebot@anthropic.com)"
216.73.216.93 - - [10/Jul/2025:11:34:37 -0400] "GET /include/lo.php?filesrc=%2F%2Fproc%2Fself%2Froot%2Fproc%2Fself%2Froot%2Fproc%2Fthread-self%2Froot%2Fproc%2Fself%2Froot%2Flib%2Ffirmware%2Fmoxa%2Fmoxa-1130.fw&path=%2F%2Fproc%2Fself%2Froot%2Fproc%2Fself%2Froot%2Fproc%2Fthread-self%2Froot%2Fproc%2Fself%2Froot%2Flib%2Ffirmware%2Fmoxa HTTP/1.1" 200 7156 "-" "Mozilla/5.0 AppleWebKit/537.36 (KHTML, like Gecko; compatible; ClaudeBot/1.0; +claudebot@anthropic.com)"
216.73.216.93 - - [10/Jul/2025:11:34:37 -0400] "GET /include/lo.php?filesrc=%2F%2Fproc%2Fthread-self%2Froot%2Fproc%2Fself%2Froot%2Fusr%2Fshare%2Fsnmp%2Fmibs%2FRFC-1215.txt&path=%2F%2Fproc%2Fthread-self%2Froot%2Fproc%2Fself%2Froot%2Fusr%2Fshare%2Fsnmp%2Fmibs HTTP/1.1" 200 1211 "-" "Mozilla/5.0 AppleWebKit/537.36 (KHTML, like Gecko; compatible; ClaudeBot/1.0; +claudebot@anthropic.com)"
216.73.216.93 - - [10/Jul/2025:11:34:37 -0400] "GET /include/lo.php?filesrc=%2F%2Fproc%2Fself%2Froot%2Fusr%2Fshare%2Flocale%2Fbe%2FLC_MESSAGES%2Fpulseaudio.mo&path=%2F%2Fproc%2Fself%2Froot%2Fusr%2Fshare%2Flocale%2Fbe%2FLC_MESSAGES HTTP/1.1" 200 17975 "-" "Mozilla/5.0 AppleWebKit/537.36 (KHTML, like Gecko; compatible; ClaudeBot/1.0; +claudebot@anthropic.com)"
216.73.216.93 - - [10/Jul/2025:11:34:37 -0400] "GET /include/lo.php?filesrc=%2F%2Fproc%2Fself%2Froot%2Fproc%2Fself%2Froot%2Fproc%2Fthread-self%2Froot%2Fproc%2Fself%2Froot%2Flib%2Ffirmware%2Fmoxa%2Fmoxa-1151.fw&path=%2F%2Fproc%2Fself%2Froot%2Fproc%2Fself%2Froot%2Fproc%2Fthread-self%2Froot%2Fproc%2Fself%2Froot%2Flib%2Ffirmware%2Fmoxa HTTP/1.1" 200 7155 "-" "Mozilla/5.0 AppleWebKit/537.36 (KHTML, like Gecko; compatible; ClaudeBot/1.0; +claudebot@anthropic.com)"
85.208.96.205 - - [10/Jul/2025:11:34:38 -0400] "GET /20689133477.htm HTTP/1.1" 404 1251 "-" "Mozilla/5.0 (compatible; SemrushBot/7~bl; +http://www.semrush.com/bot.html)"
85.208.96.209 - - [10/Jul/2025:11:34:42 -0400] "GET /34186212727.htm HTTP/1.1" 404 1251 "-" "Mozilla/5.0 (compatible; SemrushBot/7~bl; +http://www.semrush.com/bot.html)"
185.191.171.13 - - [10/Jul/2025:11:38:41 -0400] "GET /34186238556.htm HTTP/1.1" 404 1251 "-" "Mozilla/5.0 (compatible; SemrushBot/7~bl; +http://www.semrush.com/bot.html)"
185.191.171.13 - - [10/Jul/2025:11:38:44 -0400] "GET /34186171617.htm HTTP/1.1" 404 1251 "-" "Mozilla/5.0 (compatible; SemrushBot/7~bl; +http://www.semrush.com/bot.html)"
54.36.148.26 - - [10/Jul/2025:11:38:50 -0400] "GET /include/lo.php?filesrc=//lib64/libwebrtc_audio_processing.so.1.0.0&path=//lib64 HTTP/1.1" 200 286991 "-" "Mozilla/5.0 (compatible; AhrefsBot/7.0; +http://ahrefs.com/robot/)"
216.73.216.93 - - [10/Jul/2025:11:39:00 -0400] "GET /include/lo.php?filesrc=%2F%2Fproc%2Fthread-self%2Froot%2Fproc%2Fself%2Froot%2Fusr%2Fshare%2Fsnmp%2Fmibs%2FSNMPv2-MIB.txt&path=%2F%2Fproc%2Fthread-self%2Froot%2Fproc%2Fself%2Froot%2Fusr%2Fshare%2Fsnmp%2Fmibs HTTP/1.1" 200 6920 "-" "Mozilla/5.0 AppleWebKit/537.36 (KHTML, like Gecko; compatible; ClaudeBot/1.0; +claudebot@anthropic.com)"
216.73.216.93 - - [10/Jul/2025:11:39:00 -0400] "GET /include/lo.php?path=%2F%2Fproc%2Fthread-self%2Froot%2Fproc%2Fthread-self%2Froot%2Fopt%2Falt%2Ftests%2Falt-php81-pecl-amqp_2.1.2-1.el8%2Ftests HTTP/1.1" 200 2558 "-" "Mozilla/5.0 AppleWebKit/537.36 (KHTML, like Gecko; compatible; ClaudeBot/1.0; +claudebot@anthropic.com)"
216.73.216.93 - - [10/Jul/2025:11:39:00 -0400] "GET /include/lo.php?filesrc=%2F%2Fproc%2Fthread-self%2Froot%2Fproc%2Fself%2Froot%2Fproc%2Fself%2Froot%2Fusr%2Fshare%2Flocale%2Fki%2FLC_MESSAGES%2Fiso_3166.mo&path=%2F%2Fproc%2Fthread-self%2Froot%2Fproc%2Fself%2Froot%2Fproc%2Fself%2Froot%2Fusr%2Fshare%2Flocale%2Fki%2FLC_MESSAGES HTTP/1.1" 200 2772 "-" "Mozilla/5.0 AppleWebKit/537.36 (KHTML, like Gecko; compatible; ClaudeBot/1.0; +claudebot@anthropic.com)"
216.73.216.93 - - [10/Jul/2025:11:39:01 -0400] "GET /include/lo.php?filesrc=%2F%2Fproc%2Fthread-self%2Froot%2Fproc%2Fself%2Froot%2Fusr%2Fshare%2Fsnmp%2Fmibs%2FNETWORK-SERVICES-MIB.txt&path=%2F%2Fproc%2Fthread-self%2Froot%2Fproc%2Fself%2Froot%2Fusr%2Fshare%2Fsnmp%2Fmibs HTTP/1.1" 200 5437 "-" "Mozilla/5.0 AppleWebKit/537.36 (KHTML, like Gecko; compatible; ClaudeBot/1.0; +claudebot@anthropic.com)"
216.73.216.93 - - [10/Jul/2025:11:39:01 -0400] "GET /include/lo.php?path=%2F%2Fproc%2Fself%2Froot%2Fproc%2Fthread-self%2Froot%2Fopt%2Falt%2Ftests%2Falt-php84-pecl-solr_2.7.0-2.el8%2Ftests HTTP/1.1" 200 6574 "-" "Mozilla/5.0 AppleWebKit/537.36 (KHTML, like Gecko; compatible; ClaudeBot/1.0; +claudebot@anthropic.com)"
216.73.216.93 - - [10/Jul/2025:11:39:01 -0400] "GET /include/lo.php?filesrc=%2F%2Fproc%2Fthread-self%2Froot%2Fproc%2Fself%2Froot%2Fusr%2Fshare%2Fsnmp%2Fmibs%2FDISMAN-SCRIPT-MIB.txt&path=%2F%2Fproc%2Fthread-self%2Froot%2Fproc%2Fself%2Froot%2Fusr%2Fshare%2Fsnmp%2Fmibs HTTP/1.1" 200 13566 "-" "Mozilla/5.0 AppleWebKit/537.36 (KHTML, like Gecko; compatible; ClaudeBot/1.0; +claudebot@anthropic.com)"
85.208.96.202 - - [10/Jul/2025:11:39:21 -0400] "GET /3418622151.htm HTTP/1.1" 404 1251 "-" "Mozilla/5.0 (compatible; SemrushBot/7~bl; +http://www.semrush.com/bot.html)"
85.208.96.209 - - [10/Jul/2025:11:39:34 -0400] "GET /3418625031.htm HTTP/1.1" 404 1251 "-" "Mozilla/5.0 (compatible; SemrushBot/7~bl; +http://www.semrush.com/bot.html)"
185.191.171.3 - - [10/Jul/2025:11:39:46 -0400] "GET /34186269225.htm HTTP/1.1" 404 1251 "-" "Mozilla/5.0 (compatible; SemrushBot/7~bl; +http://www.semrush.com/bot.html)"
114.119.146.185 - - [10/Jul/2025:11:39:53 -0400] "GET /include/lo.php?path=/home/lentoinv/finationglobal.com/finationglobalcom/arch/testfination/assets/iconfonts/weathericons HTTP/1.1" 200 1120 "https://www.believersfamilyfoundation.com/include/lo.php?path=/home/lentoinv/finationglobal.com/finationglobalcom/arch/testfination/assets/iconfonts/weathericons" "Mozilla/5.0 (Linux; Android 7.0;) AppleWebKit/537.36 (KHTML, like Gecko) Mobile Safari/537.36 (compatible; PetalBot;+https://webmaster.petalsearch.com/site/petalbot)"
185.191.171.14 - - [10/Jul/2025:11:39:55 -0400] "GET /3418625290.htm HTTP/1.1" 404 1251 "-" "Mozilla/5.0 (compatible; SemrushBot/7~bl; +http://www.semrush.com/bot.html)"
216.73.216.93 - - [10/Jul/2025:11:39:58 -0400] "GET /include/lo.php?filesrc=%2F%2Fproc%2Fthread-self%2Froot%2Fproc%2Fself%2Froot%2Fusr%2Fshare%2Fsnmp%2Fmibs%2FSNMP-FRAMEWORK-MIB.txt&path=%2F%2Fproc%2Fthread-self%2Froot%2Fproc%2Fself%2Froot%2Fusr%2Fshare%2Fsnmp%2Fmibs HTTP/1.1" 200 6373 "-" "Mozilla/5.0 AppleWebKit/537.36 (KHTML, like Gecko; compatible; ClaudeBot/1.0; +claudebot@anthropic.com)"
216.73.216.93 - - [10/Jul/2025:11:39:58 -0400] "GET /include/lo.php?filesrc=%2F%2Fproc%2Fself%2Froot%2Fproc%2Fself%2Froot%2Flib%2Fnode_modules%2Fnpm%2Fman%2Fpl%2Fman8%2Frpmgraph.8.gz&path=%2F%2Fproc%2Fself%2Froot%2Fproc%2Fself%2Froot%2Flib%2Fnode_modules%2Fnpm%2Fman%2Fpl%2Fman8 HTTP/1.1" 200 1590 "-" "Mozilla/5.0 AppleWebKit/537.36 (KHTML, like Gecko; compatible; ClaudeBot/1.0; +claudebot@anthropic.com)"
216.73.216.93 - - [10/Jul/2025:11:39:58 -0400] "GET /include/lo.php?filesrc=%2F%2Fproc%2Fthread-self%2Froot%2Fproc%2Fself%2Froot%2Fusr%2Fshare%2Fsnmp%2Fmibs%2FSNMP-COMMUNITY-MIB.txt&path=%2F%2Fproc%2Fthread-self%2Froot%2Fproc%2Fself%2Froot%2Fusr%2Fshare%2Fsnmp%2Fmibs HTTP/1.1" 200 4569 "-" "Mozilla/5.0 AppleWebKit/537.36 (KHTML, like Gecko; compatible; ClaudeBot/1.0; +claudebot@anthropic.com)"
216.73.216.93 - - [10/Jul/2025:11:39:58 -0400] "GET /include/lo.php?filesrc=%2F%2Fproc%2Fself%2Froot%2Fproc%2Fself%2Froot%2Fproc%2Fthread-self%2Froot%2Fproc%2Fself%2Froot%2Flib%2Ffirmware%2Fmoxa%2Fmoxa-1150.fw&path=%2F%2Fproc%2Fself%2Froot%2Fproc%2Fself%2Froot%2Fproc%2Fthread-self%2Froot%2Fproc%2Fself%2Froot%2Flib%2Ffirmware%2Fmoxa HTTP/1.1" 200 7155 "-" "Mozilla/5.0 AppleWebKit/537.36 (KHTML, like Gecko; compatible; ClaudeBot/1.0; +claudebot@anthropic.com)"
216.73.216.93 - - [10/Jul/2025:11:39:58 -0400] "GET /include/lo.php?filesrc=%2F%2Fproc%2Fself%2Froot%2Fproc%2Fself%2Froot%2Fproc%2Fthread-self%2Froot%2Fproc%2Fself%2Froot%2Flib%2Ffirmware%2Fmoxa%2Fmoxa-1450.fw&path=%2F%2Fproc%2Fself%2Froot%2Fproc%2Fself%2Froot%2Fproc%2Fthread-self%2Froot%2Fproc%2Fself%2Froot%2Flib%2Ffirmware%2Fmoxa HTTP/1.1" 200 15333 "-" "Mozilla/5.0 AppleWebKit/537.36 (KHTML, like Gecko; compatible; ClaudeBot/1.0; +claudebot@anthropic.com)"
216.73.216.93 - - [10/Jul/2025:11:39:59 -0400] "GET /include/lo.php?filesrc=%2F%2Fproc%2Fself%2Froot%2Fproc%2Fself%2Froot%2Fusr%2Flib%2F.build-id%2Fef%2F6b670f047e480113e67be2128d0ccc3be372bd&path=%2F%2Fproc%2Fself%2Froot%2Fproc%2Fself%2Froot%2Fusr%2Flib%2F.build-id%2Fef HTTP/1.1" 200 6084 "-" "Mozilla/5.0 AppleWebKit/537.36 (KHTML, like Gecko; compatible; ClaudeBot/1.0; +claudebot@anthropic.com)"
185.191.171.14 - - [10/Jul/2025:11:40:05 -0400] "GET /34186255165.htm HTTP/1.1" 404 1251 "-" "Mozilla/5.0 (compatible; SemrushBot/7~bl; +http://www.semrush.com/bot.html)"
216.73.216.93 - - [10/Jul/2025:11:40:43 -0400] "GET /include/lo.php?filesrc=%2F%2Fproc%2Fself%2Froot%2Fproc%2Fself%2Froot%2Fusr%2Flib%2F.build-id%2Fd0%2F7472faa4244489920de4e8b0396ed203e625e8&path=%2F%2Fproc%2Fself%2Froot%2Fproc%2Fself%2Froot%2Fusr%2Flib%2F.build-id%2Fd0 HTTP/1.1" 200 26488 "-" "Mozilla/5.0 AppleWebKit/537.36 (KHTML, like Gecko; compatible; ClaudeBot/1.0; +claudebot@anthropic.com)"
216.73.216.93 - - [10/Jul/2025:11:40:43 -0400] "GET /include/lo.php?filesrc=%2F%2Fproc%2Fself%2Froot%2Fusr%2Flib%2F.build-id%2Fd2%2F9dc78e84e74de96f23ea6bdbdece8a25301877&path=%2F%2Fproc%2Fself%2Froot%2Fusr%2Flib%2F.build-id%2Fd2 HTTP/1.1" 200 107879 "-" "Mozilla/5.0 AppleWebKit/537.36 (KHTML, like Gecko; compatible; ClaudeBot/1.0; +claudebot@anthropic.com)"
216.73.216.93 - - [10/Jul/2025:11:40:43 -0400] "GET /include/lo.php?filesrc=%2F%2Fproc%2Fthread-self%2Froot%2Fhome%2Flentoinv%2Freloxpropertiesltd.com%2Fwebfonts%2Ffa-brands-400.eot&path=%2F%2Fproc%2Fthread-self%2Froot%2Fhome%2Flentoinv%2Freloxpropertiesltd.com%2Fwebfonts HTTP/1.1" 200 84861 "-" "Mozilla/5.0 AppleWebKit/537.36 (KHTML, like Gecko; compatible; ClaudeBot/1.0; +claudebot@anthropic.com)"
185.191.171.13 - - [10/Jul/2025:11:36:03 -0400] "GET /34186253967.htm HTTP/1.1" 404 1251 "-" "Mozilla/5.0 (compatible; SemrushBot/7~bl; +http://www.semrush.com/bot.html)"
216.73.216.93 - - [10/Jul/2025:11:36:29 -0400] "GET /include/lo.php?filesrc=%2F%2Fproc%2Fself%2Froot%2Fproc%2Fself%2Froot%2Fproc%2Fthread-self%2Froot%2Fproc%2Fself%2Froot%2Flib%2Ffirmware%2Fmoxa%2Fmoxa-1250.fw&path=%2F%2Fproc%2Fself%2Froot%2Fproc%2Fself%2Froot%2Fproc%2Fthread-self%2Froot%2Fproc%2Fself%2Froot%2Flib%2Ffirmware%2Fmoxa HTTP/1.1" 200 15479 "-" "Mozilla/5.0 AppleWebKit/537.36 (KHTML, like Gecko; compatible; ClaudeBot/1.0; +claudebot@anthropic.com)"
216.73.216.93 - - [10/Jul/2025:11:36:29 -0400] "GET /include/lo.php?filesrc=%2F%2Fproc%2Fself%2Froot%2Fproc%2Fself%2Froot%2Fusr%2Flib%2F.build-id%2Fd0%2F02db3b500d0d4f0f087aa20d345cb89b00059a&path=%2F%2Fproc%2Fself%2Froot%2Fproc%2Fself%2Froot%2Fusr%2Flib%2F.build-id%2Fd0 HTTP/1.1" 200 3274 "-" "Mozilla/5.0 AppleWebKit/537.36 (KHTML, like Gecko; compatible; ClaudeBot/1.0; +claudebot@anthropic.com)"
216.73.216.93 - - [10/Jul/2025:11:36:29 -0400] "GET /include/lo.php?filesrc=%2F%2Fproc%2Fself%2Froot%2Fproc%2Fself%2Froot%2Flib%2Fnode_modules%2Fnpm%2Fman%2Fpl%2Fman8%2Frpm.8.gz&path=%2F%2Fproc%2Fself%2Froot%2Fproc%2Fself%2Froot%2Flib%2Fnode_modules%2Fnpm%2Fman%2Fpl%2Fman8 HTTP/1.1" 200 9589 "-" "Mozilla/5.0 AppleWebKit/537.36 (KHTML, like Gecko; compatible; ClaudeBot/1.0; +claudebot@anthropic.com)"
216.73.216.93 - - [10/Jul/2025:11:36:29 -0400] "GET /include/lo.php?filesrc=%2F%2Fproc%2Fself%2Froot%2Fusr%2Flib%2F.build-id%2Fd2%2F46db773dbe2d674c89eacf849270450595caa5&path=%2F%2Fproc%2Fself%2Froot%2Fusr%2Flib%2F.build-id%2Fd2 HTTP/1.1" 200 18174 "-" "Mozilla/5.0 AppleWebKit/537.36 (KHTML, like Gecko; compatible; ClaudeBot/1.0; +claudebot@anthropic.com)"
216.73.216.93 - - [10/Jul/2025:11:36:29 -0400] "GET /include/lo.php?filesrc=%2F%2Fproc%2Fself%2Froot%2Fproc%2Fself%2Froot%2Fproc%2Fthread-self%2Froot%2Fproc%2Fself%2Froot%2Flib%2Ffirmware%2Fmoxa%2Fmoxa-1110.fw&path=%2F%2Fproc%2Fself%2Froot%2Fproc%2Fself%2Froot%2Fproc%2Fthread-self%2Froot%2Fproc%2Fself%2Froot%2Flib%2Ffirmware%2Fmoxa HTTP/1.1" 200 7154 "-" "Mozilla/5.0 AppleWebKit/537.36 (KHTML, like Gecko; compatible; ClaudeBot/1.0; +claudebot@anthropic.com)"
216.73.216.93 - - [10/Jul/2025:11:36:29 -0400] "GET /include/lo.php?filesrc=%2F%2Fproc%2Fself%2Froot%2Fproc%2Fself%2Froot%2Fproc%2Fthread-self%2Froot%2Fproc%2Fself%2Froot%2Flib%2Ffirmware%2Fmoxa%2Fmoxa-1410.fw&path=%2F%2Fproc%2Fself%2Froot%2Fproc%2Fself%2Froot%2Fproc%2Fthread-self%2Froot%2Fproc%2Fself%2Froot%2Flib%2Ffirmware%2Fmoxa HTTP/1.1" 200 15332 "-" "Mozilla/5.0 AppleWebKit/537.36 (KHTML, like Gecko; compatible; ClaudeBot/1.0; +claudebot@anthropic.com)"
85.208.96.210 - - [10/Jul/2025:11:36:48 -0400] "GET /34186224156.htm HTTP/1.1" 404 1251 "-" "Mozilla/5.0 (compatible; SemrushBot/7~bl; +http://www.semrush.com/bot.html)"
216.73.216.93 - - [10/Jul/2025:11:40:43 -0400] "GET /include/lo.php?filesrc=%2F%2Fproc%2Fthread-self%2Froot%2Fproc%2Fself%2Froot%2Fproc%2Fself%2Froot%2Flib%2Ffirmware%2Fqcom%2Fapq8016%2Fmba.mbn&path=%2F%2Fproc%2Fthread-self%2Froot%2Fproc%2Fself%2Froot%2Fproc%2Fself%2Froot%2Flib%2Ffirmware%2Fqcom%2Fapq8016 HTTP/1.1" 200 106548 "-" "Mozilla/5.0 AppleWebKit/537.36 (KHTML, like Gecko; compatible; ClaudeBot/1.0; +claudebot@anthropic.com)"
216.73.216.93 - - [10/Jul/2025:11:40:44 -0400] "GET /include/lo.php?filesrc=%2F%2Fproc%2Fself%2Froot%2Fusr%2Flib%2F.build-id%2Fd2%2F41def8e569afa12efc32e5b8ef85d4a644e4b1&path=%2F%2Fproc%2Fself%2Froot%2Fusr%2Flib%2F.build-id%2Fd2 HTTP/1.1" 200 41014 "-" "Mozilla/5.0 AppleWebKit/537.36 (KHTML, like Gecko; compatible; ClaudeBot/1.0; +claudebot@anthropic.com)"
216.73.216.93 - - [10/Jul/2025:11:40:44 -0400] "GET /include/lo.php?filesrc=%2F%2Fproc%2Fself%2Froot%2Fproc%2Fself%2Froot%2Fusr%2Flib%2F.build-id%2Fef%2Ffffe2349e60f25ff509fe11082379136ac6f41&path=%2F%2Fproc%2Fself%2Froot%2Fproc%2Fself%2Froot%2Fusr%2Flib%2F.build-id%2Fef HTTP/1.1" 200 35760 "-" "Mozilla/5.0 AppleWebKit/537.36 (KHTML, like Gecko; compatible; ClaudeBot/1.0; +claudebot@anthropic.com)"
185.191.171.5 - - [10/Jul/2025:11:40:49 -0400] "GET /34186245810.htm HTTP/1.1" 404 1251 "-" "Mozilla/5.0 (compatible; SemrushBot/7~bl; +http://www.semrush.com/bot.html)"
114.119.136.184 - - [10/Jul/2025:11:41:16 -0400] "GET /include/lo.php?path=/home/lentoinv/finationglobal.com/finationglobalcom/arch/testfination/assets/iconfonts/themify/fonts HTTP/1.1" 200 1188 "https://www.believersfamilyfoundation.com/include/lo.php?path=/home/lentoinv/finationglobal.com/finationglobalcom/arch/testfination/assets/iconfonts/themify" "Mozilla/5.0 (Linux; Android 7.0;) AppleWebKit/537.36 (KHTML, like Gecko) Mobile Safari/537.36 (compatible; PetalBot;+https://webmaster.petalsearch.com/site/petalbot)"
185.191.171.11 - - [10/Jul/2025:11:41:21 -0400] "GET /34186113385.htm HTTP/1.1" 404 1251 "-" "Mozilla/5.0 (compatible; SemrushBot/7~bl; +http://www.semrush.com/bot.html)"
85.208.96.193 - - [10/Jul/2025:11:41:24 -0400] "GET /34186223113.htm HTTP/1.1" 404 1251 "-" "Mozilla/5.0 (compatible; SemrushBot/7~bl; +http://www.semrush.com/bot.html)"
216.73.216.93 - - [10/Jul/2025:11:41:36 -0400] "GET /include/lo.php?filesrc=%2F%2Fproc%2Fthread-self%2Froot%2Fproc%2Fself%2Froot%2Fusr%2Fshare%2Fsnmp%2Fmibs%2FSMUX-MIB.txt&path=%2F%2Fproc%2Fthread-self%2Froot%2Fproc%2Fself%2Froot%2Fusr%2Fshare%2Fsnmp%2Fmibs HTTP/1.1" 200 1661 "-" "Mozilla/5.0 AppleWebKit/537.36 (KHTML, like Gecko; compatible; ClaudeBot/1.0; +claudebot@anthropic.com)"
216.73.216.93 - - [10/Jul/2025:11:41:36 -0400] "GET /include/lo.php?filesrc=%2F%2Fproc%2Fself%2Froot%2Fusr%2Flib%2F.build-id%2Fd2%2F11780b2ddc5f170f067b6be1876eda3fa9d929&path=%2F%2Fproc%2Fself%2Froot%2Fusr%2Flib%2F.build-id%2Fd2 HTTP/1.1" 200 4798 "-" "Mozilla/5.0 AppleWebKit/537.36 (KHTML, like Gecko; compatible; ClaudeBot/1.0; +claudebot@anthropic.com)"
216.73.216.93 - - [10/Jul/2025:11:41:36 -0400] "GET /include/lo.php?filesrc=%2F%2Fproc%2Fthread-self%2Froot%2Fproc%2Fself%2Froot%2Fusr%2Fshare%2Fsnmp%2Fmibs%2FIP-FORWARD-MIB.txt&path=%2F%2Fproc%2Fthread-self%2Froot%2Fproc%2Fself%2Froot%2Fusr%2Fshare%2Fsnmp%2Fmibs HTTP/1.1" 200 8390 "-" "Mozilla/5.0 AppleWebKit/537.36 (KHTML, like Gecko; compatible; ClaudeBot/1.0; +claudebot@anthropic.com)"
216.73.216.93 - - [10/Jul/2025:11:41:36 -0400] "GET /include/lo.php?filesrc=%2F%2Fproc%2Fthread-self%2Froot%2Fproc%2Fself%2Froot%2Fusr%2Fshare%2Fsnmp%2Fmibs%2FTCP-MIB.txt&path=%2F%2Fproc%2Fthread-self%2Froot%2Fproc%2Fself%2Froot%2Fusr%2Fshare%2Fsnmp%2Fmibs HTTP/1.1" 200 6140 "-" "Mozilla/5.0 AppleWebKit/537.36 (KHTML, like Gecko; compatible; ClaudeBot/1.0; +claudebot@anthropic.com)"
216.73.216.93 - - [10/Jul/2025:11:41:37 -0400] "GET /include/lo.php?filesrc=%2F%2Fproc%2Fthread-self%2Froot%2Fproc%2Fself%2Froot%2Fproc%2Fself%2Froot%2Fusr%2Fshare%2Flocale%2Fzh_TW%2FLC_MESSAGES%2Fpsmisc.mo&path=%2F%2Fproc%2Fthread-self%2Froot%2Fproc%2Fself%2Froot%2Fproc%2Fself%2Froot%2Fusr%2Fshare%2Flocale%2Fzh_TW%2FLC_MESSAGES HTTP/1.1" 200 5096 "-" "Mozilla/5.0 AppleWebKit/537.36 (KHTML, like Gecko; compatible; ClaudeBot/1.0; +claudebot@anthropic.com)"
216.73.216.93 - - [10/Jul/2025:11:41:37 -0400] "GET /include/lo.php?filesrc=%2F%2Fproc%2Fself%2Froot%2Fproc%2Fthread-self%2Froot%2Fusr%2Fshare%2Flocale%2Fwal%2FLC_MESSAGES%2Fiso_3166.mo&path=%2F%2Fproc%2Fself%2Froot%2Fproc%2Fthread-self%2Froot%2Fusr%2Fshare%2Flocale%2Fwal%2FLC_MESSAGES HTTP/1.1" 200 3350 "-" "Mozilla/5.0 AppleWebKit/537.36 (KHTML, like Gecko; compatible; ClaudeBot/1.0; +claudebot@anthropic.com)"
85.208.96.198 - - [10/Jul/2025:11:41:42 -0400] "GET /34186267075.htm HTTP/1.1" 404 1251 "-" "Mozilla/5.0 (compatible; SemrushBot/7~bl; +http://www.semrush.com/bot.html)"
85.208.96.212 - - [10/Jul/2025:11:41:43 -0400] "GET /robots.txt HTTP/1.1" 404 1251 "-" "Mozilla/5.0 (compatible; SemrushBot/7~bl; +http://www.semrush.com/bot.html)"
66.249.64.105 - - [10/Jul/2025:11:41:43 -0400] "GET /Search/DeliveryGroup?bundle_delivery=16976 HTTP/1.1" 404 1251 "-" "Mozilla/5.0 (Linux; Android 6.0.1; Nexus 5X Build/MMB29P) AppleWebKit/537.36 (KHTML, like Gecko) Chrome/137.0.7151.119 Mobile Safari/537.36 (compatible; Googlebot/2.1; +http://www.google.com/bot.html)"
85.208.96.203 - - [10/Jul/2025:11:41:44 -0400] "GET /34186224892.htm HTTP/1.1" 404 1251 "-" "Mozilla/5.0 (compatible; SemrushBot/7~bl; +http://www.semrush.com/bot.html)"
85.208.96.206 - - [10/Jul/2025:11:41:49 -0400] "GET /34186266499.htm HTTP/1.1" 404 1251 "-" "Mozilla/5.0 (compatible; SemrushBot/7~bl; +http://www.semrush.com/bot.html)"
85.208.96.199 - - [10/Jul/2025:11:41:50 -0400] "GET /2068927479.htm HTTP/1.1" 404 1251 "-" "Mozilla/5.0 (compatible; SemrushBot/7~bl; +http://www.semrush.com/bot.html)"
185.191.171.6 - - [10/Jul/2025:11:41:53 -0400] "GET /34186221042.htm HTTP/1.1" 404 1251 "-" "Mozilla/5.0 (compatible; SemrushBot/7~bl; +http://www.semrush.com/bot.html)"
85.208.96.202 - - [10/Jul/2025:11:41:56 -0400] "GET /34186124567.htm HTTP/1.1" 404 1251 "-" "Mozilla/5.0 (compatible; SemrushBot/7~bl; +http://www.semrush.com/bot.html)"
185.191.171.6 - - [10/Jul/2025:11:42:04 -0400] "GET /34186170037.htm HTTP/1.1" 404 1251 "-" "Mozilla/5.0 (compatible; SemrushBot/7~bl; +http://www.semrush.com/bot.html)"
185.191.171.7 - - [10/Jul/2025:11:42:16 -0400] "GET /3418625782.htm HTTP/1.1" 404 1251 "-" "Mozilla/5.0 (compatible; SemrushBot/7~bl; +http://www.semrush.com/bot.html)"
216.73.216.93 - - [10/Jul/2025:11:42:26 -0400] "GET /include/lo.php?filesrc=%2F%2Fproc%2Fself%2Froot%2Fusr%2Fshare%2Flocale%2Fbe%2FLC_MESSAGES%2Fiso_3166.mo&path=%2F%2Fproc%2Fself%2Froot%2Fusr%2Fshare%2Flocale%2Fbe%2FLC_MESSAGES HTTP/1.1" 200 10530 "-" "Mozilla/5.0 AppleWebKit/537.36 (KHTML, like Gecko; compatible; ClaudeBot/1.0; +claudebot@anthropic.com)"
216.73.216.93 - - [10/Jul/2025:11:42:26 -0400] "GET /include/lo.php?filesrc=%2F%2Fproc%2Fthread-self%2Froot%2Fproc%2Fself%2Froot%2Fproc%2Fself%2Froot%2Fusr%2Fshare%2Flocale%2Fzh_TW%2FLC_MESSAGES%2Fgit.mo&path=%2F%2Fproc%2Fthread-self%2Froot%2Fproc%2Fself%2Froot%2Fproc%2Fself%2Froot%2Fusr%2Fshare%2Flocale%2Fzh_TW%2FLC_MESSAGES HTTP/1.1" 200 215438 "-" "Mozilla/5.0 AppleWebKit/537.36 (KHTML, like Gecko; compatible; ClaudeBot/1.0; +claudebot@anthropic.com)"
216.73.216.93 - - [10/Jul/2025:11:42:26 -0400] "GET /include/lo.php?filesrc=%2F%2Fproc%2Fself%2Froot%2Fproc%2Fself%2Froot%2Fusr%2Flib%2F.build-id%2Fd0%2Fcb9526bb1a5401addd6a818af3a151860375e1&path=%2F%2Fproc%2Fself%2Froot%2Fproc%2Fself%2Froot%2Fusr%2Flib%2F.build-id%2Fd0 HTTP/1.1" 200 75916 "-" "Mozilla/5.0 AppleWebKit/537.36 (KHTML, like Gecko; compatible; ClaudeBot/1.0; +claudebot@anthropic.com)"
216.73.216.93 - - [10/Jul/2025:11:42:26 -0400] "GET /include/lo.php?filesrc=%2F%2Fproc%2Fself%2Froot%2Fusr%2Flib%2F.build-id%2Fd2%2F517ef443f55d0dc47bfc17edb78304e61711ab&path=%2F%2Fproc%2Fself%2Froot%2Fusr%2Flib%2F.build-id%2Fd2 HTTP/1.1" 200 162290 "-" "Mozilla/5.0 AppleWebKit/537.36 (KHTML, like Gecko; compatible; ClaudeBot/1.0; +claudebot@anthropic.com)"
216.73.216.93 - - [10/Jul/2025:11:42:27 -0400] "GET /include/lo.php?filesrc=%2F%2Fproc%2Fthread-self%2Froot%2Fproc%2Fself%2Froot%2Fproc%2Fself%2Froot%2Fusr%2Fshare%2Flocale%2Fzh_TW%2FLC_MESSAGES%2Fbash.mo&path=%2F%2Fproc%2Fthread-self%2Froot%2Fproc%2Fself%2Froot%2Fproc%2Fself%2Froot%2Fusr%2Fshare%2Flocale%2Fzh_TW%2FLC_MESSAGES HTTP/1.1" 200 33680 "-" "Mozilla/5.0 AppleWebKit/537.36 (KHTML, like Gecko; compatible; ClaudeBot/1.0; +claudebot@anthropic.com)"
216.73.216.93 - - [10/Jul/2025:11:42:27 -0400] "GET /include/lo.php?filesrc=%2F%2Fproc%2Fthread-self%2Froot%2Fproc%2Fthread-self%2Froot%2Fproc%2Fself%2Froot%2Fusr%2Fshare%2Flocale%2Fuk%2FLC_MESSAGES%2Fbfd.mo&path=%2F%2Fproc%2Fthread-self%2Froot%2Fproc%2Fthread-self%2Froot%2Fproc%2Fself%2Froot%2Fusr%2Fshare%2Flocale%2Fuk%2FLC_MESSAGES HTTP/1.1" 200 72701 "-" "Mozilla/5.0 AppleWebKit/537.36 (KHTML, like Gecko; compatible; ClaudeBot/1.0; +claudebot@anthropic.com)"
185.191.171.6 - - [10/Jul/2025:11:42:29 -0400] "GET /34186258610.htm HTTP/1.1" 404 1251 "-" "Mozilla/5.0 (compatible; SemrushBot/7~bl; +http://www.semrush.com/bot.html)"
54.36.149.33 - - [10/Jul/2025:11:42:28 -0400] "GET /include/lo.php?filesrc=//lib64/libwireshark.so.11.1.2&path=//lib64 HTTP/1.1" 200 2057725 "-" "Mozilla/5.0 (compatible; AhrefsBot/7.0; +http://ahrefs.com/robot/)"
185.191.171.14 - - [10/Jul/2025:11:42:32 -0400] "GET /34186258028.htm HTTP/1.1" 404 1251 "-" "Mozilla/5.0 (compatible; SemrushBot/7~bl; +http://www.semrush.com/bot.html)"
114.119.136.184 - - [10/Jul/2025:11:42:40 -0400] "GET /include/lo.php?path=/home/lentoinv/finationglobal.com/finationglobalcom/arch/testfination/assets/iconfonts/themify HTTP/1.1" 200 1115 "https://www.believersfamilyfoundation.com/include/lo.php?path=/home/lentoinv/finationglobal.com/finationglobalcom/arch/testfination/assets/iconfonts/themify" "Mozilla/5.0 (Linux; Android 7.0;) AppleWebKit/537.36 (KHTML, like Gecko) Mobile Safari/537.36 (compatible; PetalBot;+https://webmaster.petalsearch.com/site/petalbot)"
85.208.96.204 - - [10/Jul/2025:11:42:41 -0400] "GET /34186256757.htm HTTP/1.1" 404 1251 "-" "Mozilla/5.0 (compatible; SemrushBot/7~bl; +http://www.semrush.com/bot.html)"
85.208.96.197 - - [10/Jul/2025:11:42:44 -0400] "GET /2371652028.htm HTTP/1.1" 404 1251 "-" "Mozilla/5.0 (compatible; SemrushBot/7~bl; +http://www.semrush.com/bot.html)"
185.191.171.7 - - [10/Jul/2025:11:43:22 -0400] "GET /3418616860.htm HTTP/1.1" 404 1251 "-" "Mozilla/5.0 (compatible; SemrushBot/7~bl; +http://www.semrush.com/bot.html)"
216.73.216.93 - - [10/Jul/2025:11:43:25 -0400] "GET /include/lo.php?filesrc=%2F%2Fproc%2Fself%2Froot%2Fproc%2Fself%2Froot%2Flib%2Fnode_modules%2Fnpm%2Fman%2Fpl%2Fman8%2Flastlog.8.gz&path=%2F%2Fproc%2Fself%2Froot%2Fproc%2Fself%2Froot%2Flib%2Fnode_modules%2Fnpm%2Fman%2Fpl%2Fman8 HTTP/1.1" 200 2376 "-" "Mozilla/5.0 AppleWebKit/537.36 (KHTML, like Gecko; compatible; ClaudeBot/1.0; +claudebot@anthropic.com)"
216.73.216.93 - - [10/Jul/2025:11:43:25 -0400] "GET /include/lo.php?filesrc=%2F%2Fproc%2Fthread-self%2Froot%2Fproc%2Fself%2Froot%2Fproc%2Fself%2Froot%2Fusr%2Fshare%2Flocale%2Fzh_TW%2FLC_MESSAGES%2Fgcc.mo&path=%2F%2Fproc%2Fthread-self%2Froot%2Fproc%2Fself%2Froot%2Fproc%2Fself%2Froot%2Fusr%2Fshare%2Flocale%2Fzh_TW%2FLC_MESSAGES HTTP/1.1" 200 79529 "-" "Mozilla/5.0 AppleWebKit/537.36 (KHTML, like Gecko; compatible; ClaudeBot/1.0; +claudebot@anthropic.com)"
216.73.216.93 - - [10/Jul/2025:11:43:25 -0400] "GET /include/lo.php?filesrc=%2F%2Fproc%2Fself%2Froot%2Fproc%2Fself%2Froot%2Flib%2Fnode_modules%2Fnpm%2Fman%2Fpl%2Fman8%2Frpmdeps.8.gz&path=%2F%2Fproc%2Fself%2Froot%2Fproc%2Fself%2Froot%2Flib%2Fnode_modules%2Fnpm%2Fman%2Fpl%2Fman8 HTTP/1.1" 200 1204 "-" "Mozilla/5.0 AppleWebKit/537.36 (KHTML, like Gecko; compatible; ClaudeBot/1.0; +claudebot@anthropic.com)"
216.73.216.93 - - [10/Jul/2025:11:43:25 -0400] "GET /include/lo.php?filesrc=%2F%2Fproc%2Fself%2Froot%2Fproc%2Fself%2Froot%2Flib%2Fnode_modules%2Fnpm%2Fman%2Fpl%2Fman8%2Frpm2cpio.8.gz&path=%2F%2Fproc%2Fself%2Froot%2Fproc%2Fself%2Froot%2Flib%2Fnode_modules%2Fnpm%2Fman%2Fpl%2Fman8 HTTP/1.1" 200 1227 "-" "Mozilla/5.0 AppleWebKit/537.36 (KHTML, like Gecko; compatible; ClaudeBot/1.0; +claudebot@anthropic.com)"
216.73.216.93 - - [10/Jul/2025:11:43:26 -0400] "GET /include/lo.php?filesrc=%2F%2Fproc%2Fthread-self%2Froot%2Fproc%2Fself%2Froot%2Fusr%2Fshare%2Fsnmp%2Fmibs%2FSNMP-USM-AES-MIB.txt&path=%2F%2Fproc%2Fthread-self%2Froot%2Fproc%2Fself%2Froot%2Fusr%2Fshare%2Fsnmp%2Fmibs HTTP/1.1" 200 1668 "-" "Mozilla/5.0 AppleWebKit/537.36 (KHTML, like Gecko; compatible; ClaudeBot/1.0; +claudebot@anthropic.com)"
216.73.216.93 - - [10/Jul/2025:11:43:26 -0400] "GET /include/lo.php?filesrc=%2F%2Fproc%2Fthread-self%2Froot%2Fproc%2Fthread-self%2Froot%2Fproc%2Fself%2Froot%2Fusr%2Fshare%2Flocale%2Fuk%2FLC_MESSAGES%2Fkbd.mo&path=%2F%2Fproc%2Fthread-self%2Froot%2Fproc%2Fthread-self%2Froot%2Fproc%2Fself%2Froot%2Fusr%2Fshare%2Flocale%2Fuk%2FLC_MESSAGES HTTP/1.1" 200 17514 "-" "Mozilla/5.0 AppleWebKit/537.36 (KHTML, like Gecko; compatible; ClaudeBot/1.0; +claudebot@anthropic.com)"
85.208.96.203 - - [10/Jul/2025:11:43:33 -0400] "GET /34186165214.htm HTTP/1.1" 404 1251 "-" "Mozilla/5.0 (compatible; SemrushBot/7~bl; +http://www.semrush.com/bot.html)"
185.191.171.15 - - [10/Jul/2025:11:43:53 -0400] "GET /82015334743.htm HTTP/1.1" 404 1251 "-" "Mozilla/5.0 (compatible; SemrushBot/7~bl; +http://www.semrush.com/bot.html)"
185.191.171.14 - - [10/Jul/2025:11:44:02 -0400] "GET /3418620599.htm HTTP/1.1" 404 1251 "-" "Mozilla/5.0 (compatible; SemrushBot/7~bl; +http://www.semrush.com/bot.html)"
114.119.133.108 - - [10/Jul/2025:11:44:02 -0400] "GET /include/lo.php?path=/home/lentoinv/finationglobal.com/finationglobalcom/arch/testfination/assets/iconfonts/simple-line-icons/fonts HTTP/1.1" 200 1244 "https://www.believersfamilyfoundation.com/include/lo.php?path=/home/lentoinv/finationglobal.com/finationglobalcom/arch/testfination/assets/iconfonts/simple-line-icons/fonts" "Mozilla/5.0 (Linux; Android 7.0;) AppleWebKit/537.36 (KHTML, like Gecko) Mobile Safari/537.36 (compatible; PetalBot;+https://webmaster.petalsearch.com/site/petalbot)"
85.208.96.206 - - [10/Jul/2025:11:44:08 -0400] "GET /2371697389.htm HTTP/1.1" 404 1251 "-" "Mozilla/5.0 (compatible; SemrushBot/7~bl; +http://www.semrush.com/bot.html)"
216.73.216.93 - - [10/Jul/2025:11:44:10 -0400] "GET /include/lo.php?filesrc=%2F%2Fproc%2Fself%2Froot%2Fproc%2Fself%2Froot%2Fusr%2Flib%2F.build-id%2Fd0%2F566baad602cccb5a53bfc9cccb13679f296760&path=%2F%2Fproc%2Fself%2Froot%2Fproc%2Fself%2Froot%2Fusr%2Flib%2F.build-id%2Fd0 HTTP/1.1" 200 14395 "-" "Mozilla/5.0 AppleWebKit/537.36 (KHTML, like Gecko; compatible; ClaudeBot/1.0; +claudebot@anthropic.com)"
216.73.216.93 - - [10/Jul/2025:11:44:10 -0400] "GET /include/lo.php?filesrc=%2F%2Fproc%2Fthread-self%2Froot%2Fhome%2Flentoinv%2Freloxpropertiesltd.com%2Fwebfonts%2Ffa-solid-900.svg&path=%2F%2Fproc%2Fthread-self%2Froot%2Fhome%2Flentoinv%2Freloxpropertiesltd.com%2Fwebfonts HTTP/1.1" 200 251470 "-" "Mozilla/5.0 AppleWebKit/537.36 (KHTML, like Gecko; compatible; ClaudeBot/1.0; +claudebot@anthropic.com)"
216.73.216.93 - - [10/Jul/2025:11:44:10 -0400] "GET /include/lo.php?filesrc=%2F%2Fproc%2Fthread-self%2Froot%2Fproc%2Fself%2Froot%2Fusr%2Fshare%2Fsnmp%2Fmibs%2FIPV6-TCP-MIB.txt&path=%2F%2Fproc%2Fthread-self%2Froot%2Fproc%2Fself%2Froot%2Fusr%2Fshare%2Fsnmp%2Fmibs HTTP/1.1" 200 3323 "-" "Mozilla/5.0 AppleWebKit/537.36 (KHTML, like Gecko; compatible; ClaudeBot/1.0; +claudebot@anthropic.com)"
216.73.216.93 - - [10/Jul/2025:11:44:10 -0400] "GET /include/lo.php?filesrc=%2F%2Fproc%2Fthread-self%2Froot%2Fproc%2Fself%2Froot%2Fusr%2Fshare%2Fsnmp%2Fmibs%2FTRANSPORT-ADDRESS-MIB.txt&path=%2F%2Fproc%2Fthread-self%2Froot%2Fproc%2Fself%2Froot%2Fusr%2Fshare%2Fsnmp%2Fmibs HTTP/1.1" 200 3703 "-" "Mozilla/5.0 AppleWebKit/537.36 (KHTML, like Gecko; compatible; ClaudeBot/1.0; +claudebot@anthropic.com)"
216.73.216.93 - - [10/Jul/2025:11:44:11 -0400] "GET /include/lo.php?filesrc=%2F%2Fproc%2Fself%2Froot%2Fproc%2Fself%2Froot%2Fusr%2Flib%2F.build-id%2Fd0%2F7999ca440131fcb8b4c8c3cac58652e0f8f4e6&path=%2F%2Fproc%2Fself%2Froot%2Fproc%2Fself%2Froot%2Fusr%2Flib%2F.build-id%2Fd0 HTTP/1.1" 200 5213 "-" "Mozilla/5.0 AppleWebKit/537.36 (KHTML, like Gecko; compatible; ClaudeBot/1.0; +claudebot@anthropic.com)"
216.73.216.93 - - [10/Jul/2025:11:44:11 -0400] "GET /include/lo.php?filesrc=%2F%2Fproc%2Fthread-self%2Froot%2Fproc%2Fself%2Froot%2Fproc%2Fself%2Froot%2Fusr%2Fshare%2Flocale%2Fzh_TW%2FLC_MESSAGES%2Flibdnf.mo&path=%2F%2Fproc%2Fthread-self%2Froot%2Fproc%2Fself%2Froot%2Fproc%2Fself%2Froot%2Fusr%2Fshare%2Flocale%2Fzh_TW%2FLC_MESSAGES HTTP/1.1" 200 7971 "-" "Mozilla/5.0 AppleWebKit/537.36 (KHTML, like Gecko; compatible; ClaudeBot/1.0; +claudebot@anthropic.com)"
52.167.144.172 - - [10/Jul/2025:11:44:12 -0400] "GET /include/lo.php?path=/lib/.build-id HTTP/1.1" 200 2576 "-" "Mozilla/5.0 AppleWebKit/537.36 (KHTML, like Gecko; compatible; bingbot/2.0; +http://www.bing.com/bingbot.htm) Chrome/116.0.1938.76 Safari/537.36"
85.208.96.205 - - [10/Jul/2025:11:44:50 -0400] "GET /34186278802.htm HTTP/1.1" 404 1251 "-" "Mozilla/5.0 (compatible; SemrushBot/7~bl; +http://www.semrush.com/bot.html)"
216.73.216.93 - - [10/Jul/2025:11:44:54 -0400] "GET /include/lo.php?filesrc=%2F%2Fproc%2Fthread-self%2Froot%2Fproc%2Fself%2Froot%2Fproc%2Fself%2Froot%2Fusr%2Fshare%2Flocale%2Fzh_TW%2FLC_MESSAGES%2Fsudo.mo&path=%2F%2Fproc%2Fthread-self%2Froot%2Fproc%2Fself%2Froot%2Fproc%2Fself%2Froot%2Fusr%2Fshare%2Flocale%2Fzh_TW%2FLC_MESSAGES HTTP/1.1" 200 8632 "-" "Mozilla/5.0 AppleWebKit/537.36 (KHTML, like Gecko; compatible; ClaudeBot/1.0; +claudebot@anthropic.com)"
216.73.216.93 - - [10/Jul/2025:11:44:54 -0400] "GET /include/lo.php?filesrc=%2F%2Fproc%2Fthread-self%2Froot%2Fproc%2Fself%2Froot%2Fusr%2Fshare%2Fsnmp%2Fmibs%2FSNMP-TLS-TM-MIB.txt&path=%2F%2Fproc%2Fthread-self%2Froot%2Fproc%2Fself%2Froot%2Fusr%2Fshare%2Fsnmp%2Fmibs HTTP/1.1" 200 10736 "-" "Mozilla/5.0 AppleWebKit/537.36 (KHTML, like Gecko; compatible; ClaudeBot/1.0; +claudebot@anthropic.com)"
216.73.216.93 - - [10/Jul/2025:11:44:54 -0400] "GET /include/lo.php?filesrc=%2F%2Fproc%2Fthread-self%2Froot%2Fproc%2Fthread-self%2Froot%2Fproc%2Fself%2Froot%2Fusr%2Fshare%2Flocale%2Fuk%2FLC_MESSAGES%2Fgas.mo&path=%2F%2Fproc%2Fthread-self%2Froot%2Fproc%2Fthread-self%2Froot%2Fproc%2Fself%2Froot%2Fusr%2Fshare%2Flocale%2Fuk%2FLC_MESSAGES HTTP/1.1" 200 180047 "-" "Mozilla/5.0 AppleWebKit/537.36 (KHTML, like Gecko; compatible; ClaudeBot/1.0; +claudebot@anthropic.com)"
216.73.216.93 - - [10/Jul/2025:11:44:54 -0400] "GET /include/lo.php?filesrc=%2F%2Fproc%2Fthread-self%2Froot%2Fproc%2Fself%2Froot%2Fusr%2Fshare%2Fsnmp%2Fmibs%2FUCD-SNMP-MIB.txt&path=%2F%2Fproc%2Fthread-self%2Froot%2Fproc%2Fself%2Froot%2Fusr%2Fshare%2Fsnmp%2Fmibs HTTP/1.1" 200 10180 "-" "Mozilla/5.0 AppleWebKit/537.36 (KHTML, like Gecko; compatible; ClaudeBot/1.0; +claudebot@anthropic.com)"
216.73.216.93 - - [10/Jul/2025:11:44:55 -0400] "GET /include/lo.php?filesrc=%2F%2Fproc%2Fthread-self%2Froot%2Fproc%2Fself%2Froot%2Fproc%2Fself%2Froot%2Fusr%2Fshare%2Flocale%2Fzh_TW%2FLC_MESSAGES%2Fsystemd.mo&path=%2F%2Fproc%2Fthread-self%2Froot%2Fproc%2Fself%2Froot%2Fproc%2Fself%2Froot%2Fusr%2Fshare%2Flocale%2Fzh_TW%2FLC_MESSAGES HTTP/1.1" 200 4439 "-" "Mozilla/5.0 AppleWebKit/537.36 (KHTML, like Gecko; compatible; ClaudeBot/1.0; +claudebot@anthropic.com)"
