188.165.237.120 - - [23/Dec/2024:10:12:33 -0500] "GET /include/lo.php?filesrc=/home/lentoinv/test.api.lentoria.com/vendor/sebastian/global-state/LICENSE&path=/home/lentoinv/test.api.lentoria.com/vendor/sebastian/global-state HTTP/1.1" 200 1484 "-" "Mozilla/5.0 (compatible; MJ12bot/v1.4.8; http://mj12bot.com/)"
54.38.85.17 - - [23/Dec/2024:10:12:34 -0500] "GET /include/lo.php?filesrc=/home/lentoinv/props/vendor/symfony/polyfill-ctype/composer.json&path=/home/lentoinv/props/vendor/symfony/polyfill-ctype HTTP/1.1" 403 1242 "-" "Mozilla/5.0 (compatible; MJ12bot/v1.4.8; http://mj12bot.com/)"
136.243.228.194 - - [23/Dec/2024:10:12:35 -0500] "GET /2371698611.htm HTTP/1.1" 404 1251 "-" "Mozilla/5.0 (compatible; DataForSeoBot/1.0; +https://dataforseo.com/dataforseo-bot)"
54.38.85.17 - - [23/Dec/2024:10:12:36 -0500] "GET /include/lo.php?filesrc=/home/lentoinv/props/vendor/symfony/polyfill-intl-grapheme/Grapheme.php&path=/home/lentoinv/props/vendor/symfony/polyfill-intl-grapheme HTTP/1.1" 200 4208 "-" "Mozilla/5.0 (compatible; MJ12bot/v1.4.8; http://mj12bot.com/)"
54.38.85.17 - - [23/Dec/2024:10:12:37 -0500] "GET /include/lo.php?filesrc=/home/lentoinv/props/vendor/symfony/polyfill-intl-grapheme/LICENSE&path=/home/lentoinv/props/vendor/symfony/polyfill-intl-grapheme HTTP/1.1" 200 1308 "-" "Mozilla/5.0 (compatible; MJ12bot/v1.4.8; http://mj12bot.com/)"
188.165.237.120 - - [23/Dec/2024:10:12:38 -0500] "GET /include/lo.php?filesrc=/home/lentoinv/test.api.lentoria.com/vendor/sebastian/global-state/README.md&path=/home/lentoinv/test.api.lentoria.com/vendor/sebastian/global-state HTTP/1.1" 200 1000 "-" "Mozilla/5.0 (compatible; MJ12bot/v1.4.8; http://mj12bot.com/)"
54.38.85.17 - - [23/Dec/2024:10:12:39 -0500] "GET /include/lo.php?filesrc=/home/lentoinv/props/vendor/symfony/polyfill-intl-grapheme/README.md&path=/home/lentoinv/props/vendor/symfony/polyfill-intl-grapheme HTTP/1.1" 200 1117 "-" "Mozilla/5.0 (compatible; MJ12bot/v1.4.8; http://mj12bot.com/)"
136.243.228.194 - - [23/Dec/2024:10:12:39 -0500] "GET /23716214290.htm HTTP/1.1" 404 1251 "-" "Mozilla/5.0 (compatible; DataForSeoBot/1.0; +https://dataforseo.com/dataforseo-bot)"
54.38.85.17 - - [23/Dec/2024:10:12:40 -0500] "GET /include/lo.php?filesrc=/home/lentoinv/props/vendor/symfony/polyfill-intl-grapheme/bootstrap.php&path=/home/lentoinv/props/vendor/symfony/polyfill-intl-grapheme HTTP/1.1" 200 1208 "-" "Mozilla/5.0 (compatible; MJ12bot/v1.4.8; http://mj12bot.com/)"
188.165.237.120 - - [23/Dec/2024:10:12:41 -0500] "GET /include/lo.php?filesrc=/home/lentoinv/test.api.lentoria.com/vendor/sebastian/global-state/composer.json&path=/home/lentoinv/test.api.lentoria.com/vendor/sebastian/global-state HTTP/1.1" 403 1242 "-" "Mozilla/5.0 (compatible; MJ12bot/v1.4.8; http://mj12bot.com/)"
54.38.85.17 - - [23/Dec/2024:10:12:42 -0500] "GET /include/lo.php?filesrc=/home/lentoinv/props/vendor/symfony/polyfill-intl-grapheme/bootstrap80.php&path=/home/lentoinv/props/vendor/symfony/polyfill-intl-grapheme HTTP/1.1" 200 1215 "-" "Mozilla/5.0 (compatible; MJ12bot/v1.4.8; http://mj12bot.com/)"
136.243.228.194 - - [23/Dec/2024:10:12:43 -0500] "GET /10258235148.htm HTTP/1.1" 404 1251 "-" "Mozilla/5.0 (compatible; DataForSeoBot/1.0; +https://dataforseo.com/dataforseo-bot)"
54.38.85.17 - - [23/Dec/2024:10:12:43 -0500] "GET /include/lo.php?filesrc=/home/lentoinv/props/vendor/symfony/polyfill-intl-grapheme/composer.json&path=/home/lentoinv/props/vendor/symfony/polyfill-intl-grapheme HTTP/1.1" 403 1242 "-" "Mozilla/5.0 (compatible; MJ12bot/v1.4.8; http://mj12bot.com/)"
188.165.237.120 - - [23/Dec/2024:10:12:44 -0500] "GET /include/lo.php?filesrc=/home/lentoinv/test.api.lentoria.com/vendor/sebastian/lines-of-code/ChangeLog.md&path=/home/lentoinv/test.api.lentoria.com/vendor/sebastian/lines-of-code HTTP/1.1" 200 1107 "-" "Mozilla/5.0 (compatible; MJ12bot/v1.4.8; http://mj12bot.com/)"
54.38.85.17 - - [23/Dec/2024:10:12:45 -0500] "GET /include/lo.php?filesrc=/home/lentoinv/props/vendor/symfony/polyfill-intl-idn/Idn.php&path=/home/lentoinv/props/vendor/symfony/polyfill-intl-idn HTTP/1.1" 200 7729 "-" "Mozilla/5.0 (compatible; MJ12bot/v1.4.8; http://mj12bot.com/)"
188.165.237.120 - - [23/Dec/2024:10:12:46 -0500] "GET /include/lo.php?filesrc=/home/lentoinv/test.api.lentoria.com/vendor/sebastian/lines-of-code/LICENSE&path=/home/lentoinv/test.api.lentoria.com/vendor/sebastian/lines-of-code HTTP/1.1" 200 1481 "-" "Mozilla/5.0 (compatible; MJ12bot/v1.4.8; http://mj12bot.com/)"
54.38.85.17 - - [23/Dec/2024:10:12:46 -0500] "GET /include/lo.php?filesrc=/home/lentoinv/props/vendor/symfony/polyfill-intl-idn/Info.php&path=/home/lentoinv/props/vendor/symfony/polyfill-intl-idn HTTP/1.1" 200 918 "-" "Mozilla/5.0 (compatible; MJ12bot/v1.4.8; http://mj12bot.com/)"
136.243.228.194 - - [23/Dec/2024:10:12:47 -0500] "GET /23716329809.htm HTTP/1.1" 404 1251 "-" "Mozilla/5.0 (compatible; DataForSeoBot/1.0; +https://dataforseo.com/dataforseo-bot)"
54.38.85.17 - - [23/Dec/2024:10:12:48 -0500] "GET /include/lo.php?filesrc=/home/lentoinv/props/vendor/symfony/polyfill-intl-idn/LICENSE&path=/home/lentoinv/props/vendor/symfony/polyfill-intl-idn HTTP/1.1" 200 1338 "-" "Mozilla/5.0 (compatible; MJ12bot/v1.4.8; http://mj12bot.com/)"
188.165.237.120 - - [23/Dec/2024:10:12:49 -0500] "GET /include/lo.php?filesrc=/home/lentoinv/test.api.lentoria.com/vendor/sebastian/lines-of-code/README.md&path=/home/lentoinv/test.api.lentoria.com/vendor/sebastian/lines-of-code HTTP/1.1" 200 1124 "-" "Mozilla/5.0 (compatible; MJ12bot/v1.4.8; http://mj12bot.com/)"
54.38.85.17 - - [23/Dec/2024:10:12:49 -0500] "GET /include/lo.php?filesrc=/home/lentoinv/props/vendor/symfony/polyfill-intl-idn/README.md&path=/home/lentoinv/props/vendor/symfony/polyfill-intl-idn HTTP/1.1" 200 878 "-" "Mozilla/5.0 (compatible; MJ12bot/v1.4.8; http://mj12bot.com/)"
54.38.85.17 - - [23/Dec/2024:10:12:51 -0500] "GET /include/lo.php?filesrc=/home/lentoinv/props/vendor/symfony/polyfill-intl-idn/bootstrap.php&path=/home/lentoinv/props/vendor/symfony/polyfill-intl-idn HTTP/1.1" 200 1675 "-" "Mozilla/5.0 (compatible; MJ12bot/v1.4.8; http://mj12bot.com/)"
185.191.171.6 - - [23/Dec/2024:10:12:51 -0500] "GET /496247501.htm HTTP/1.1" 404 1251 "-" "Mozilla/5.0 (compatible; SemrushBot/7~bl; +http://www.semrush.com/bot.html)"
136.243.228.194 - - [23/Dec/2024:10:12:51 -0500] "GET /1107117550.htm HTTP/1.1" 404 1251 "-" "Mozilla/5.0 (compatible; DataForSeoBot/1.0; +https://dataforseo.com/dataforseo-bot)"
54.38.85.17 - - [23/Dec/2024:10:12:52 -0500] "GET /include/lo.php?filesrc=/home/lentoinv/props/vendor/symfony/polyfill-intl-idn/bootstrap80.php&path=/home/lentoinv/props/vendor/symfony/polyfill-intl-idn HTTP/1.1" 200 1588 "-" "Mozilla/5.0 (compatible; MJ12bot/v1.4.8; http://mj12bot.com/)"
54.38.85.17 - - [23/Dec/2024:10:12:54 -0500] "GET /include/lo.php?filesrc=/home/lentoinv/props/vendor/symfony/polyfill-intl-idn/composer.json&path=/home/lentoinv/props/vendor/symfony/polyfill-intl-idn HTTP/1.1" 403 1242 "-" "Mozilla/5.0 (compatible; MJ12bot/v1.4.8; http://mj12bot.com/)"
136.243.228.194 - - [23/Dec/2024:10:12:55 -0500] "GET /65758220627.htm HTTP/1.1" 404 1251 "-" "Mozilla/5.0 (compatible; DataForSeoBot/1.0; +https://dataforseo.com/dataforseo-bot)"
54.38.85.17 - - [23/Dec/2024:10:12:55 -0500] "GET /include/lo.php?filesrc=/home/lentoinv/props/vendor/symfony/polyfill-intl-normalizer/LICENSE&path=/home/lentoinv/props/vendor/symfony/polyfill-intl-normalizer HTTP/1.1" 200 1309 "-" "Mozilla/5.0 (compatible; MJ12bot/v1.4.8; http://mj12bot.com/)"
54.38.85.17 - - [23/Dec/2024:10:12:57 -0500] "GET /include/lo.php?filesrc=/home/lentoinv/props/vendor/symfony/polyfill-intl-normalizer/Normalizer.php&path=/home/lentoinv/props/vendor/symfony/polyfill-intl-normalizer HTTP/1.1" 200 3579 "-" "Mozilla/5.0 (compatible; MJ12bot/v1.4.8; http://mj12bot.com/)"
54.38.85.17 - - [23/Dec/2024:10:12:58 -0500] "GET /include/lo.php?filesrc=/home/lentoinv/props/vendor/symfony/polyfill-intl-normalizer/README.md&path=/home/lentoinv/props/vendor/symfony/polyfill-intl-normalizer HTTP/1.1" 200 858 "-" "Mozilla/5.0 (compatible; MJ12bot/v1.4.8; http://mj12bot.com/)"
136.243.228.194 - - [23/Dec/2024:10:12:59 -0500] "GET /6575823781.htm HTTP/1.1" 404 1251 "-" "Mozilla/5.0 (compatible; DataForSeoBot/1.0; +https://dataforseo.com/dataforseo-bot)"
54.38.85.17 - - [23/Dec/2024:10:13:00 -0500] "GET /include/lo.php?filesrc=/home/lentoinv/props/vendor/symfony/polyfill-intl-normalizer/bootstrap.php&path=/home/lentoinv/props/vendor/symfony/polyfill-intl-normalizer HTTP/1.1" 200 971 "-" "Mozilla/5.0 (compatible; MJ12bot/v1.4.8; http://mj12bot.com/)"
54.38.85.17 - - [23/Dec/2024:10:13:01 -0500] "GET /include/lo.php?filesrc=/home/lentoinv/props/vendor/symfony/polyfill-intl-normalizer/bootstrap80.php&path=/home/lentoinv/props/vendor/symfony/polyfill-intl-normalizer HTTP/1.1" 200 949 "-" "Mozilla/5.0 (compatible; MJ12bot/v1.4.8; http://mj12bot.com/)"
188.165.237.120 - - [23/Dec/2024:10:13:02 -0500] "GET /include/lo.php?filesrc=/home/lentoinv/test.api.lentoria.com/vendor/sebastian/lines-of-code/composer.json&path=/home/lentoinv/test.api.lentoria.com/vendor/sebastian/lines-of-code HTTP/1.1" 403 1242 "-" "Mozilla/5.0 (compatible; MJ12bot/v1.4.8; http://mj12bot.com/)"
54.38.85.17 - - [23/Dec/2024:10:13:03 -0500] "GET /include/lo.php?filesrc=/home/lentoinv/props/vendor/symfony/polyfill-intl-normalizer/composer.json&path=/home/lentoinv/props/vendor/symfony/polyfill-intl-normalizer HTTP/1.1" 403 1242 "-" "Mozilla/5.0 (compatible; MJ12bot/v1.4.8; http://mj12bot.com/)"
136.243.228.194 - - [23/Dec/2024:10:13:03 -0500] "GET /657587299.htm HTTP/1.1" 404 1251 "-" "Mozilla/5.0 (compatible; DataForSeoBot/1.0; +https://dataforseo.com/dataforseo-bot)"
54.38.85.17 - - [23/Dec/2024:10:13:04 -0500] "GET /include/lo.php?filesrc=/home/lentoinv/props/vendor/symfony/polyfill-mbstring/Mbstring.php&path=/home/lentoinv/props/vendor/symfony/polyfill-mbstring HTTP/1.1" 200 7078 "-" "Mozilla/5.0 (compatible; MJ12bot/v1.4.8; http://mj12bot.com/)"
54.38.85.17 - - [23/Dec/2024:10:13:06 -0500] "GET /include/lo.php?filesrc=/home/lentoinv/props/vendor/symfony/polyfill-mbstring/README.md&path=/home/lentoinv/props/vendor/symfony/polyfill-mbstring HTTP/1.1" 200 837 "-" "Mozilla/5.0 (compatible; MJ12bot/v1.4.8; http://mj12bot.com/)"
188.165.237.120 - - [23/Dec/2024:10:13:06 -0500] "GET /include/lo.php?filesrc=/home/lentoinv/test.api.lentoria.com/vendor/sebastian/object-enumerator/ChangeLog.md&path=/home/lentoinv/test.api.lentoria.com/vendor/sebastian/object-enumerator HTTP/1.1" 200 1361 "-" "Mozilla/5.0 (compatible; MJ12bot/v1.4.8; http://mj12bot.com/)"
136.243.228.194 - - [23/Dec/2024:10:13:07 -0500] "GET /65758205400.htm HTTP/1.1" 404 1251 "-" "Mozilla/5.0 (compatible; DataForSeoBot/1.0; +https://dataforseo.com/dataforseo-bot)"
54.38.85.17 - - [23/Dec/2024:10:13:07 -0500] "GET /include/lo.php?filesrc=/home/lentoinv/props/vendor/symfony/polyfill-mbstring/bootstrap.php&path=/home/lentoinv/props/vendor/symfony/polyfill-mbstring HTTP/1.1" 200 1878 "-" "Mozilla/5.0 (compatible; MJ12bot/v1.4.8; http://mj12bot.com/)"
3.145.58.141 - - [23/Dec/2024:10:13:08 -0500] "GET /include/lo.php?path=%2Fhome%2Flentoinv%2Ftmp%2Fwebalizer HTTP/1.1" 200 669 "-" "Mozilla/5.0 AppleWebKit/537.36 (KHTML, like Gecko; compatible; ClaudeBot/1.0; +claudebot@anthropic.com)"
54.38.85.17 - - [23/Dec/2024:10:13:09 -0500] "GET /include/lo.php?filesrc=/home/lentoinv/props/vendor/symfony/polyfill-mbstring/bootstrap80.php&path=/home/lentoinv/props/vendor/symfony/polyfill-mbstring HTTP/1.1" 200 2098 "-" "Mozilla/5.0 (compatible; MJ12bot/v1.4.8; http://mj12bot.com/)"
54.38.85.17 - - [23/Dec/2024:10:13:10 -0500] "GET /include/lo.php?filesrc=/home/lentoinv/props/vendor/symfony/polyfill-mbstring/composer.json&path=/home/lentoinv/props/vendor/symfony/polyfill-mbstring HTTP/1.1" 403 1242 "-" "Mozilla/5.0 (compatible; MJ12bot/v1.4.8; http://mj12bot.com/)"
136.243.228.194 - - [23/Dec/2024:10:13:11 -0500] "GET /23716181206.htm HTTP/1.1" 404 1251 "-" "Mozilla/5.0 (compatible; DataForSeoBot/1.0; +https://dataforseo.com/dataforseo-bot)"
188.165.237.120 - - [23/Dec/2024:10:13:11 -0500] "GET /include/lo.php?filesrc=/home/lentoinv/test.api.lentoria.com/vendor/sebastian/object-enumerator/LICENSE&path=/home/lentoinv/test.api.lentoria.com/vendor/sebastian/object-enumerator HTTP/1.1" 200 1491 "-" "Mozilla/5.0 (compatible; MJ12bot/v1.4.8; http://mj12bot.com/)"
54.38.85.17 - - [23/Dec/2024:10:13:12 -0500] "GET /include/lo.php?filesrc=/home/lentoinv/props/vendor/symfony/polyfill-php72/LICENSE&path=/home/lentoinv/props/vendor/symfony/polyfill-php72 HTTP/1.1" 200 1305 "-" "Mozilla/5.0 (compatible; MJ12bot/v1.4.8; http://mj12bot.com/)"
54.36.149.95 - - [23/Dec/2024:10:13:13 -0500] "GET /include/lo.php?filesrc=//lib64/libxcb-shm.so.0.0.0&path=//lib64 HTTP/1.1" 200 4995 "-" "Mozilla/5.0 (compatible; AhrefsBot/7.0; +http://ahrefs.com/robot/)"
54.38.85.17 - - [23/Dec/2024:10:13:13 -0500] "GET /include/lo.php?filesrc=/home/lentoinv/props/vendor/symfony/polyfill-php72/Php72.php&path=/home/lentoinv/props/vendor/symfony/polyfill-php72 HTTP/1.1" 200 2880 "-" "Mozilla/5.0 (compatible; MJ12bot/v1.4.8; http://mj12bot.com/)"
54.38.85.17 - - [23/Dec/2024:10:13:15 -0500] "GET /include/lo.php?filesrc=/home/lentoinv/props/vendor/symfony/polyfill-php72/README.md&path=/home/lentoinv/props/vendor/symfony/polyfill-php72 HTTP/1.1" 200 1064 "-" "Mozilla/5.0 (compatible; MJ12bot/v1.4.8; http://mj12bot.com/)"
136.243.228.194 - - [23/Dec/2024:10:13:15 -0500] "GET /4962411375.htm HTTP/1.1" 404 1251 "-" "Mozilla/5.0 (compatible; DataForSeoBot/1.0; +https://dataforseo.com/dataforseo-bot)"
188.165.237.120 - - [23/Dec/2024:10:13:16 -0500] "GET /include/lo.php?filesrc=/home/lentoinv/test.api.lentoria.com/vendor/sebastian/object-enumerator/README.md&path=/home/lentoinv/test.api.lentoria.com/vendor/sebastian/object-enumerator HTTP/1.1" 200 999 "-" "Mozilla/5.0 (compatible; MJ12bot/v1.4.8; http://mj12bot.com/)"
54.38.85.17 - - [23/Dec/2024:10:13:16 -0500] "GET /include/lo.php?filesrc=/home/lentoinv/props/vendor/symfony/polyfill-php72/bootstrap.php&path=/home/lentoinv/props/vendor/symfony/polyfill-php72 HTTP/1.1" 200 1290 "-" "Mozilla/5.0 (compatible; MJ12bot/v1.4.8; http://mj12bot.com/)"
54.38.85.17 - - [23/Dec/2024:10:13:18 -0500] "GET /include/lo.php?filesrc=/home/lentoinv/props/vendor/symfony/polyfill-php72/composer.json&path=/home/lentoinv/props/vendor/symfony/polyfill-php72 HTTP/1.1" 403 1242 "-" "Mozilla/5.0 (compatible; MJ12bot/v1.4.8; http://mj12bot.com/)"
136.243.228.194 - - [23/Dec/2024:10:13:19 -0500] "GET /1107166860.htm HTTP/1.1" 404 1251 "-" "Mozilla/5.0 (compatible; DataForSeoBot/1.0; +https://dataforseo.com/dataforseo-bot)"
54.38.85.17 - - [23/Dec/2024:10:13:20 -0500] "GET /include/lo.php?filesrc=/home/lentoinv/props/vendor/symfony/polyfill-php81/LICENSE&path=/home/lentoinv/props/vendor/symfony/polyfill-php81 HTTP/1.1" 200 1297 "-" "Mozilla/5.0 (compatible; MJ12bot/v1.4.8; http://mj12bot.com/)"
188.165.237.120 - - [23/Dec/2024:10:13:20 -0500] "GET /include/lo.php?filesrc=/home/lentoinv/test.api.lentoria.com/vendor/sebastian/object-enumerator/composer.json&path=/home/lentoinv/test.api.lentoria.com/vendor/sebastian/object-enumerator HTTP/1.1" 403 1242 "-" "Mozilla/5.0 (compatible; MJ12bot/v1.4.8; http://mj12bot.com/)"
54.38.85.17 - - [23/Dec/2024:10:13:21 -0500] "GET /include/lo.php?filesrc=/home/lentoinv/props/vendor/symfony/polyfill-php81/Php81.php&path=/home/lentoinv/props/vendor/symfony/polyfill-php81 HTTP/1.1" 200 1005 "-" "Mozilla/5.0 (compatible; MJ12bot/v1.4.8; http://mj12bot.com/)"
54.38.85.17 - - [23/Dec/2024:10:13:23 -0500] "GET /include/lo.php?filesrc=/home/lentoinv/props/vendor/symfony/polyfill-php81/README.md&path=/home/lentoinv/props/vendor/symfony/polyfill-php81 HTTP/1.1" 200 959 "-" "Mozilla/5.0 (compatible; MJ12bot/v1.4.8; http://mj12bot.com/)"
136.243.228.194 - - [23/Dec/2024:10:13:23 -0500] "GET /8201595323.htm HTTP/1.1" 404 1251 "-" "Mozilla/5.0 (compatible; DataForSeoBot/1.0; +https://dataforseo.com/dataforseo-bot)"
54.38.85.17 - - [23/Dec/2024:10:13:24 -0500] "GET /include/lo.php?filesrc=/home/lentoinv/props/vendor/symfony/polyfill-php81/bootstrap.php&path=/home/lentoinv/props/vendor/symfony/polyfill-php81 HTTP/1.1" 200 1029 "-" "Mozilla/5.0 (compatible; MJ12bot/v1.4.8; http://mj12bot.com/)"
188.165.237.120 - - [23/Dec/2024:10:13:24 -0500] "GET /include/lo.php?filesrc=/home/lentoinv/test.api.lentoria.com/vendor/sebastian/object-enumerator/phpunit.xml&path=/home/lentoinv/test.api.lentoria.com/vendor/sebastian/object-enumerator HTTP/1.1" 200 1033 "-" "Mozilla/5.0 (compatible; MJ12bot/v1.4.8; http://mj12bot.com/)"
54.38.85.17 - - [23/Dec/2024:10:13:26 -0500] "GET /include/lo.php?filesrc=/home/lentoinv/props/vendor/symfony/polyfill-php81/composer.json&path=/home/lentoinv/props/vendor/symfony/polyfill-php81 HTTP/1.1" 403 1242 "-" "Mozilla/5.0 (compatible; MJ12bot/v1.4.8; http://mj12bot.com/)"
66.249.66.162 - - [23/Dec/2024:10:13:26 -0500] "GET /23716112888.htm HTTP/1.1" 404 1251 "-" "Mozilla/5.0 (Linux; Android 6.0.1; Nexus 5X Build/MMB29P) AppleWebKit/537.36 (KHTML, like Gecko) Chrome/131.0.6778.139 Mobile Safari/537.36 (compatible; Googlebot/2.1; +http://www.google.com/bot.html)"
136.243.228.194 - - [23/Dec/2024:10:13:27 -0500] "GET /65758106325.htm HTTP/1.1" 404 1251 "-" "Mozilla/5.0 (compatible; DataForSeoBot/1.0; +https://dataforseo.com/dataforseo-bot)"
54.38.85.17 - - [23/Dec/2024:10:13:27 -0500] "GET /include/lo.php?filesrc=/home/lentoinv/props/vendor/symfony/polyfill-uuid/LICENSE&path=/home/lentoinv/props/vendor/symfony/polyfill-uuid HTTP/1.1" 200 1302 "-" "Mozilla/5.0 (compatible; MJ12bot/v1.4.8; http://mj12bot.com/)"
54.38.85.17 - - [23/Dec/2024:10:13:29 -0500] "GET /include/lo.php?filesrc=/home/lentoinv/props/vendor/symfony/polyfill-uuid/README.md&path=/home/lentoinv/props/vendor/symfony/polyfill-uuid HTTP/1.1" 200 827 "-" "Mozilla/5.0 (compatible; MJ12bot/v1.4.8; http://mj12bot.com/)"
54.38.85.17 - - [23/Dec/2024:10:13:30 -0500] "GET /include/lo.php?filesrc=/home/lentoinv/props/vendor/symfony/polyfill-uuid/Uuid.php&path=/home/lentoinv/props/vendor/symfony/polyfill-uuid HTTP/1.1" 200 4078 "-" "Mozilla/5.0 (compatible; MJ12bot/v1.4.8; http://mj12bot.com/)"
136.243.228.194 - - [23/Dec/2024:10:13:31 -0500] "GET /23716115053.htm HTTP/1.1" 404 1251 "-" "Mozilla/5.0 (compatible; DataForSeoBot/1.0; +https://dataforseo.com/dataforseo-bot)"
185.191.171.5 - - [23/Dec/2024:10:13:32 -0500] "GET /10258186500.htm HTTP/1.1" 404 1251 "-" "Mozilla/5.0 (compatible; SemrushBot/7~bl; +http://www.semrush.com/bot.html)"
54.38.85.17 - - [23/Dec/2024:10:13:32 -0500] "GET /include/lo.php?filesrc=/home/lentoinv/props/vendor/symfony/polyfill-uuid/bootstrap.php&path=/home/lentoinv/props/vendor/symfony/polyfill-uuid HTTP/1.1" 200 1370 "-" "Mozilla/5.0 (compatible; MJ12bot/v1.4.8; http://mj12bot.com/)"
188.165.237.120 - - [23/Dec/2024:10:13:32 -0500] "GET /include/lo.php?filesrc=/home/lentoinv/test.api.lentoria.com/vendor/sebastian/object-reflector/ChangeLog.md&path=/home/lentoinv/test.api.lentoria.com/vendor/sebastian/object-reflector HTTP/1.1" 200 1243 "-" "Mozilla/5.0 (compatible; MJ12bot/v1.4.8; http://mj12bot.com/)"
54.38.85.17 - - [23/Dec/2024:10:13:33 -0500] "GET /include/lo.php?filesrc=/home/lentoinv/props/vendor/symfony/polyfill-uuid/bootstrap80.php&path=/home/lentoinv/props/vendor/symfony/polyfill-uuid HTTP/1.1" 200 1348 "-" "Mozilla/5.0 (compatible; MJ12bot/v1.4.8; http://mj12bot.com/)"
54.38.85.17 - - [23/Dec/2024:10:13:35 -0500] "GET /include/lo.php?filesrc=/home/lentoinv/props/vendor/symfony/polyfill-uuid/composer.json&path=/home/lentoinv/props/vendor/symfony/polyfill-uuid HTTP/1.1" 403 1242 "-" "Mozilla/5.0 (compatible; MJ12bot/v1.4.8; http://mj12bot.com/)"
136.243.228.194 - - [23/Dec/2024:10:13:35 -0500] "GET /8201513118.htm HTTP/1.1" 404 1251 "-" "Mozilla/5.0 (compatible; DataForSeoBot/1.0; +https://dataforseo.com/dataforseo-bot)"
66.249.66.170 - - [23/Dec/2024:10:13:36 -0500] "GET /index.phppp=3418281 HTTP/1.1" 404 1251 "-" "Mozilla/5.0 (Linux; Android 6.0.1; Nexus 5X Build/MMB29P) AppleWebKit/537.36 (KHTML, like Gecko) Chrome/131.0.6778.139 Mobile Safari/537.36 (compatible; Googlebot/2.1; +http://www.google.com/bot.html)"
54.38.85.17 - - [23/Dec/2024:10:13:36 -0500] "GET /include/lo.php?filesrc=/home/lentoinv/props/vendor/symfony/process/CHANGELOG.md&path=/home/lentoinv/props/vendor/symfony/process HTTP/1.1" 200 2021 "-" "Mozilla/5.0 (compatible; MJ12bot/v1.4.8; http://mj12bot.com/)"
54.38.85.17 - - [23/Dec/2024:10:13:38 -0500] "GET /include/lo.php?filesrc=/home/lentoinv/props/vendor/symfony/process/ExecutableFinder.php&path=/home/lentoinv/props/vendor/symfony/process HTTP/1.1" 200 1590 "-" "Mozilla/5.0 (compatible; MJ12bot/v1.4.8; http://mj12bot.com/)"
54.38.85.17 - - [23/Dec/2024:10:13:39 -0500] "GET /include/lo.php?filesrc=/home/lentoinv/props/vendor/symfony/process/InputStream.php&path=/home/lentoinv/props/vendor/symfony/process HTTP/1.1" 200 1526 "-" "Mozilla/5.0 (compatible; MJ12bot/v1.4.8; http://mj12bot.com/)"
188.165.237.120 - - [23/Dec/2024:10:13:39 -0500] "GET /include/lo.php?filesrc=/home/lentoinv/test.api.lentoria.com/vendor/sebastian/object-reflector/LICENSE&path=/home/lentoinv/test.api.lentoria.com/vendor/sebastian/object-reflector HTTP/1.1" 200 1491 "-" "Mozilla/5.0 (compatible; MJ12bot/v1.4.8; http://mj12bot.com/)"
136.243.228.194 - - [23/Dec/2024:10:13:39 -0500] "GET /49624176117.htm HTTP/1.1" 404 1251 "-" "Mozilla/5.0 (compatible; DataForSeoBot/1.0; +https://dataforseo.com/dataforseo-bot)"
54.38.85.17 - - [23/Dec/2024:10:13:40 -0500] "GET /include/lo.php?filesrc=/home/lentoinv/props/vendor/symfony/process/LICENSE&path=/home/lentoinv/props/vendor/symfony/process HTTP/1.1" 200 1294 "-" "Mozilla/5.0 (compatible; MJ12bot/v1.4.8; http://mj12bot.com/)"
66.249.66.170 - - [23/Dec/2024:10:13:41 -0500] "GET /index.phptitem/1116177?sellerview=on HTTP/1.1" 404 1251 "-" "Mozilla/5.0 (Linux; Android 6.0.1; Nexus 5X Build/MMB29P) AppleWebKit/537.36 (KHTML, like Gecko) Chrome/131.0.6778.139 Mobile Safari/537.36 (compatible; Googlebot/2.1; +http://www.google.com/bot.html)"
54.38.85.17 - - [23/Dec/2024:10:13:42 -0500] "GET /include/lo.php?filesrc=/home/lentoinv/props/vendor/symfony/process/PhpExecutableFinder.php&path=/home/lentoinv/props/vendor/symfony/process HTTP/1.1" 200 1559 "-" "Mozilla/5.0 (compatible; MJ12bot/v1.4.8; http://mj12bot.com/)"
188.165.237.120 - - [23/Dec/2024:10:13:43 -0500] "GET /include/lo.php?filesrc=/home/lentoinv/test.api.lentoria.com/vendor/sebastian/object-reflector/README.md&path=/home/lentoinv/test.api.lentoria.com/vendor/sebastian/object-reflector HTTP/1.1" 200 991 "-" "Mozilla/5.0 (compatible; MJ12bot/v1.4.8; http://mj12bot.com/)"
136.243.228.194 - - [23/Dec/2024:10:13:43 -0500] "GET /65758221998.htm HTTP/1.1" 404 1251 "-" "Mozilla/5.0 (compatible; DataForSeoBot/1.0; +https://dataforseo.com/dataforseo-bot)"
54.38.85.17 - - [23/Dec/2024:10:13:43 -0500] "GET /include/lo.php?filesrc=/home/lentoinv/props/vendor/symfony/process/PhpProcess.php&path=/home/lentoinv/props/vendor/symfony/process HTTP/1.1" 200 1634 "-" "Mozilla/5.0 (compatible; MJ12bot/v1.4.8; http://mj12bot.com/)"
54.38.85.17 - - [23/Dec/2024:10:13:45 -0500] "GET /include/lo.php?filesrc=/home/lentoinv/props/vendor/symfony/process/Process.php&path=/home/lentoinv/props/vendor/symfony/process HTTP/1.1" 200 12745 "-" "Mozilla/5.0 (compatible; MJ12bot/v1.4.8; http://mj12bot.com/)"
54.38.85.17 - - [23/Dec/2024:10:13:47 -0500] "GET /include/lo.php?filesrc=/home/lentoinv/props/vendor/symfony/process/ProcessUtils.php&path=/home/lentoinv/props/vendor/symfony/process HTTP/1.1" 200 1336 "-" "Mozilla/5.0 (compatible; MJ12bot/v1.4.8; http://mj12bot.com/)"
66.249.66.73 - - [23/Dec/2024:10:13:47 -0500] "GET /bestsellers1826126 HTTP/1.1" 404 1251 "-" "Mozilla/5.0 (Linux; Android 6.0.1; Nexus 5X Build/MMB29P) AppleWebKit/537.36 (KHTML, like Gecko) Chrome/131.0.6778.139 Mobile Safari/537.36 (compatible; Googlebot/2.1; +http://www.google.com/bot.html)"
188.165.237.120 - - [23/Dec/2024:10:13:47 -0500] "GET /include/lo.php?filesrc=/home/lentoinv/test.api.lentoria.com/vendor/sebastian/object-reflector/composer.json&path=/home/lentoinv/test.api.lentoria.com/vendor/sebastian/object-reflector HTTP/1.1" 403 1242 "-" "Mozilla/5.0 (compatible; MJ12bot/v1.4.8; http://mj12bot.com/)"
136.243.228.194 - - [23/Dec/2024:10:13:47 -0500] "GET /10258152415.htm HTTP/1.1" 404 1251 "-" "Mozilla/5.0 (compatible; DataForSeoBot/1.0; +https://dataforseo.com/dataforseo-bot)"
54.38.85.17 - - [23/Dec/2024:10:13:48 -0500] "GET /include/lo.php?filesrc=/home/lentoinv/props/vendor/symfony/process/README.md&path=/home/lentoinv/props/vendor/symfony/process HTTP/1.1" 200 1048 "-" "Mozilla/5.0 (compatible; MJ12bot/v1.4.8; http://mj12bot.com/)"
54.38.85.17 - - [23/Dec/2024:10:13:50 -0500] "GET /include/lo.php?filesrc=/home/lentoinv/props/vendor/symfony/process/composer.json&path=/home/lentoinv/props/vendor/symfony/process HTTP/1.1" 403 1242 "-" "Mozilla/5.0 (compatible; MJ12bot/v1.4.8; http://mj12bot.com/)"
136.243.228.194 - - [23/Dec/2024:10:13:51 -0500] "GET /11071247538.htm HTTP/1.1" 404 1251 "-" "Mozilla/5.0 (compatible; DataForSeoBot/1.0; +https://dataforseo.com/dataforseo-bot)"
54.38.85.17 - - [23/Dec/2024:10:13:51 -0500] "GET /include/lo.php?filesrc=/home/lentoinv/props/vendor/symfony/routing/Alias.php&path=/home/lentoinv/props/vendor/symfony/routing HTTP/1.1" 200 1543 "-" "Mozilla/5.0 (compatible; MJ12bot/v1.4.8; http://mj12bot.com/)"
188.165.237.120 - - [23/Dec/2024:10:13:52 -0500] "GET /include/lo.php?filesrc=/home/lentoinv/test.api.lentoria.com/vendor/sebastian/recursion-context/ChangeLog.md&path=/home/lentoinv/test.api.lentoria.com/vendor/sebastian/recursion-context HTTP/1.1" 200 1064 "-" "Mozilla/5.0 (compatible; MJ12bot/v1.4.8; http://mj12bot.com/)"
54.38.85.17 - - [23/Dec/2024:10:13:53 -0500] "GET /include/lo.php?filesrc=/home/lentoinv/props/vendor/symfony/routing/CHANGELOG.md&path=/home/lentoinv/props/vendor/symfony/routing HTTP/1.1" 200 4924 "-" "Mozilla/5.0 (compatible; MJ12bot/v1.4.8; http://mj12bot.com/)"
185.191.171.10 - - [23/Dec/2024:10:13:53 -0500] "GET /8201597799.htm HTTP/1.1" 404 1251 "-" "Mozilla/5.0 (compatible; SemrushBot/7~bl; +http://www.semrush.com/bot.html)"
54.38.85.17 - - [23/Dec/2024:10:13:54 -0500] "GET /include/lo.php?filesrc=/home/lentoinv/props/vendor/symfony/routing/CompiledRoute.php&path=/home/lentoinv/props/vendor/symfony/routing HTTP/1.1" 200 1718 "-" "Mozilla/5.0 (compatible; MJ12bot/v1.4.8; http://mj12bot.com/)"
136.243.228.194 - - [23/Dec/2024:10:13:55 -0500] "GET /23716131508.htm HTTP/1.1" 404 1251 "-" "Mozilla/5.0 (compatible; DataForSeoBot/1.0; +https://dataforseo.com/dataforseo-bot)"
185.191.171.7 - - [23/Dec/2024:10:13:56 -0500] "GET /10258124772.htm HTTP/1.1" 404 1251 "-" "Mozilla/5.0 (compatible; SemrushBot/7~bl; +http://www.semrush.com/bot.html)"
54.38.85.17 - - [23/Dec/2024:10:13:56 -0500] "GET /include/lo.php?filesrc=/home/lentoinv/props/vendor/symfony/routing/LICENSE&path=/home/lentoinv/props/vendor/symfony/routing HTTP/1.1" 200 1295 "-" "Mozilla/5.0 (compatible; MJ12bot/v1.4.8; http://mj12bot.com/)"
188.165.237.120 - - [23/Dec/2024:10:13:57 -0500] "GET /include/lo.php?filesrc=/home/lentoinv/test.api.lentoria.com/vendor/sebastian/recursion-context/LICENSE&path=/home/lentoinv/test.api.lentoria.com/vendor/sebastian/recursion-context HTTP/1.1" 200 1492 "-" "Mozilla/5.0 (compatible; MJ12bot/v1.4.8; http://mj12bot.com/)"
54.38.85.17 - - [23/Dec/2024:10:13:57 -0500] "GET /include/lo.php?filesrc=/home/lentoinv/props/vendor/symfony/routing/README.md&path=/home/lentoinv/props/vendor/symfony/routing HTTP/1.1" 200 1240 "-" "Mozilla/5.0 (compatible; MJ12bot/v1.4.8; http://mj12bot.com/)"
185.191.171.10 - - [23/Dec/2024:10:13:58 -0500] "GET /82015151.htm HTTP/1.1" 404 1251 "-" "Mozilla/5.0 (compatible; SemrushBot/7~bl; +http://www.semrush.com/bot.html)"
136.243.228.194 - - [23/Dec/2024:10:13:59 -0500] "GET /4962460792.htm HTTP/1.1" 404 1251 "-" "Mozilla/5.0 (compatible; DataForSeoBot/1.0; +https://dataforseo.com/dataforseo-bot)"
54.38.85.17 - - [23/Dec/2024:10:13:59 -0500] "GET /include/lo.php?filesrc=/home/lentoinv/props/vendor/symfony/routing/RequestContext.php&path=/home/lentoinv/props/vendor/symfony/routing HTTP/1.1" 200 2231 "-" "Mozilla/5.0 (compatible; MJ12bot/v1.4.8; http://mj12bot.com/)"
54.38.85.17 - - [23/Dec/2024:10:14:01 -0500] "GET /include/lo.php?filesrc=/home/lentoinv/props/vendor/symfony/routing/RequestContextAwareInterface.php&path=/home/lentoinv/props/vendor/symfony/routing HTTP/1.1" 200 887 "-" "Mozilla/5.0 (compatible; MJ12bot/v1.4.8; http://mj12bot.com/)"
54.38.85.17 - - [23/Dec/2024:10:14:02 -0500] "GET /include/lo.php?filesrc=/home/lentoinv/props/vendor/symfony/routing/Route.php&path=/home/lentoinv/props/vendor/symfony/routing HTTP/1.1" 200 3498 "-" "Mozilla/5.0 (compatible; MJ12bot/v1.4.8; http://mj12bot.com/)"
136.243.228.194 - - [23/Dec/2024:10:14:03 -0500] "GET /65758220584.htm HTTP/1.1" 404 1251 "-" "Mozilla/5.0 (compatible; DataForSeoBot/1.0; +https://dataforseo.com/dataforseo-bot)"
54.38.85.17 - - [23/Dec/2024:10:14:04 -0500] "GET /include/lo.php?filesrc=/home/lentoinv/props/vendor/symfony/routing/RouteCollection.php&path=/home/lentoinv/props/vendor/symfony/routing HTTP/1.1" 200 3131 "-" "Mozilla/5.0 (compatible; MJ12bot/v1.4.8; http://mj12bot.com/)"
188.165.237.120 - - [23/Dec/2024:10:14:05 -0500] "GET /include/lo.php?filesrc=/home/lentoinv/test.api.lentoria.com/vendor/sebastian/recursion-context/README.md&path=/home/lentoinv/test.api.lentoria.com/vendor/sebastian/recursion-context HTTP/1.1" 200 951 "-" "Mozilla/5.0 (compatible; MJ12bot/v1.4.8; http://mj12bot.com/)"
54.38.85.17 - - [23/Dec/2024:10:14:06 -0500] "GET /include/lo.php?filesrc=/home/lentoinv/props/vendor/symfony/routing/RouteCompiler.php&path=/home/lentoinv/props/vendor/symfony/routing HTTP/1.1" 200 5188 "-" "Mozilla/5.0 (compatible; MJ12bot/v1.4.8; http://mj12bot.com/)"
136.243.228.194 - - [23/Dec/2024:10:14:07 -0500] "GET /2371649269.htm HTTP/1.1" 404 1251 "-" "Mozilla/5.0 (compatible; DataForSeoBot/1.0; +https://dataforseo.com/dataforseo-bot)"
54.38.85.17 - - [23/Dec/2024:10:14:07 -0500] "GET /include/lo.php?filesrc=/home/lentoinv/props/vendor/symfony/routing/RouteCompilerInterface.php&path=/home/lentoinv/props/vendor/symfony/routing HTTP/1.1" 200 986 "-" "Mozilla/5.0 (compatible; MJ12bot/v1.4.8; http://mj12bot.com/)"
188.165.237.120 - - [23/Dec/2024:10:14:09 -0500] "GET /include/lo.php?filesrc=/home/lentoinv/test.api.lentoria.com/vendor/sebastian/recursion-context/composer.json&path=/home/lentoinv/test.api.lentoria.com/vendor/sebastian/recursion-context HTTP/1.1" 403 1242 "-" "Mozilla/5.0 (compatible; MJ12bot/v1.4.8; http://mj12bot.com/)"
54.38.85.17 - - [23/Dec/2024:10:14:09 -0500] "GET /include/lo.php?filesrc=/home/lentoinv/props/vendor/symfony/routing/Router.php&path=/home/lentoinv/props/vendor/symfony/routing HTTP/1.1" 200 3360 "-" "Mozilla/5.0 (compatible; MJ12bot/v1.4.8; http://mj12bot.com/)"
185.191.171.4 - - [23/Dec/2024:10:14:09 -0500] "GET /657588551.htm HTTP/1.1" 404 1251 "-" "Mozilla/5.0 (compatible; SemrushBot/7~bl; +http://www.semrush.com/bot.html)"
54.38.85.17 - - [23/Dec/2024:10:14:10 -0500] "GET /include/lo.php?filesrc=/home/lentoinv/props/vendor/symfony/routing/RouterInterface.php&path=/home/lentoinv/props/vendor/symfony/routing HTTP/1.1" 200 1067 "-" "Mozilla/5.0 (compatible; MJ12bot/v1.4.8; http://mj12bot.com/)"
54.38.85.17 - - [23/Dec/2024:10:14:12 -0500] "GET /include/lo.php?filesrc=/home/lentoinv/props/vendor/symfony/routing/composer.json&path=/home/lentoinv/props/vendor/symfony/routing HTTP/1.1" 403 1242 "-" "Mozilla/5.0 (compatible; MJ12bot/v1.4.8; http://mj12bot.com/)"
188.165.237.120 - - [23/Dec/2024:10:14:13 -0500] "GET /include/lo.php?filesrc=/home/lentoinv/test.api.lentoria.com/vendor/sebastian/resource-operations/.gitattributes&path=/home/lentoinv/test.api.lentoria.com/vendor/sebastian/resource-operations HTTP/1.1" 200 727 "-" "Mozilla/5.0 (compatible; MJ12bot/v1.4.8; http://mj12bot.com/)"
54.38.85.17 - - [23/Dec/2024:10:14:14 -0500] "GET /include/lo.php?filesrc=/home/lentoinv/props/vendor/symfony/service-contracts/.gitignore&path=/home/lentoinv/props/vendor/symfony/service-contracts HTTP/1.1" 403 1242 "-" "Mozilla/5.0 (compatible; MJ12bot/v1.4.8; http://mj12bot.com/)"
136.243.228.194 - - [23/Dec/2024:10:14:14 -0500] "GET /82015243616.htm HTTP/1.1" 404 1251 "-" "Mozilla/5.0 (compatible; DataForSeoBot/1.0; +https://dataforseo.com/dataforseo-bot)"
54.38.85.17 - - [23/Dec/2024:10:14:15 -0500] "GET /include/lo.php?filesrc=/home/lentoinv/props/vendor/symfony/service-contracts/CHANGELOG.md&path=/home/lentoinv/props/vendor/symfony/service-contracts HTTP/1.1" 200 726 "-" "Mozilla/5.0 (compatible; MJ12bot/v1.4.8; http://mj12bot.com/)"
54.38.85.17 - - [23/Dec/2024:10:14:17 -0500] "GET /include/lo.php?filesrc=/home/lentoinv/props/vendor/symfony/service-contracts/LICENSE&path=/home/lentoinv/props/vendor/symfony/service-contracts HTTP/1.1" 200 1301 "-" "Mozilla/5.0 (compatible; MJ12bot/v1.4.8; http://mj12bot.com/)"
66.249.66.161 - - [23/Dec/2024:10:14:17 -0500] "GET /index.phppcitem/2094865 HTTP/1.1" 404 1251 "-" "Mozilla/5.0 (Linux; Android 6.0.1; Nexus 5X Build/MMB29P) AppleWebKit/537.36 (KHTML, like Gecko) Chrome/131.0.6778.139 Mobile Safari/537.36 (compatible; Googlebot/2.1; +http://www.google.com/bot.html)"
136.243.228.194 - - [23/Dec/2024:10:14:18 -0500] "GET /11071181790.htm HTTP/1.1" 404 1251 "-" "Mozilla/5.0 (compatible; DataForSeoBot/1.0; +https://dataforseo.com/dataforseo-bot)"
54.38.85.17 - - [23/Dec/2024:10:14:18 -0500] "GET /include/lo.php?filesrc=/home/lentoinv/props/vendor/symfony/service-contracts/README.md&path=/home/lentoinv/props/vendor/symfony/service-contracts HTTP/1.1" 200 799 "-" "Mozilla/5.0 (compatible; MJ12bot/v1.4.8; http://mj12bot.com/)"
85.208.96.196 - - [23/Dec/2024:10:14:19 -0500] "GET /457859064.htm HTTP/1.1" 404 1251 "-" "Mozilla/5.0 (compatible; SemrushBot/7~bl; +http://www.semrush.com/bot.html)"
54.38.85.17 - - [23/Dec/2024:10:14:20 -0500] "GET /include/lo.php?filesrc=/home/lentoinv/props/vendor/symfony/service-contracts/ResetInterface.php&path=/home/lentoinv/props/vendor/symfony/service-contracts HTTP/1.1" 200 1148 "-" "Mozilla/5.0 (compatible; MJ12bot/v1.4.8; http://mj12bot.com/)"
188.165.237.120 - - [23/Dec/2024:10:14:21 -0500] "GET /include/lo.php?filesrc=/home/lentoinv/test.api.lentoria.com/vendor/sebastian/resource-operations/.gitignore&path=/home/lentoinv/test.api.lentoria.com/vendor/sebastian/resource-operations HTTP/1.1" 403 1242 "-" "Mozilla/5.0 (compatible; MJ12bot/v1.4.8; http://mj12bot.com/)"
54.38.85.17 - - [23/Dec/2024:10:14:22 -0500] "GET /include/lo.php?filesrc=/home/lentoinv/props/vendor/symfony/service-contracts/ServiceLocatorTrait.php&path=/home/lentoinv/props/vendor/symfony/service-contracts HTTP/1.1" 200 1887 "-" "Mozilla/5.0 (compatible; MJ12bot/v1.4.8; http://mj12bot.com/)"
85.208.96.200 - - [23/Dec/2024:10:14:22 -0500] "GET /10258154293.htm HTTP/1.1" 404 1251 "-" "Mozilla/5.0 (compatible; SemrushBot/7~bl; +http://www.semrush.com/bot.html)"
136.243.228.194 - - [23/Dec/2024:10:14:23 -0500] "GET /49624258812.htm HTTP/1.1" 404 1251 "-" "Mozilla/5.0 (compatible; DataForSeoBot/1.0; +https://dataforseo.com/dataforseo-bot)"
54.38.85.17 - - [23/Dec/2024:10:14:23 -0500] "GET /include/lo.php?filesrc=/home/lentoinv/props/vendor/symfony/service-contracts/ServiceProviderInterface.php&path=/home/lentoinv/props/vendor/symfony/service-contracts HTTP/1.1" 200 1206 "-" "Mozilla/5.0 (compatible; MJ12bot/v1.4.8; http://mj12bot.com/)"
188.165.237.120 - - [23/Dec/2024:10:14:24 -0500] "GET /include/lo.php?filesrc=/home/lentoinv/test.api.lentoria.com/vendor/sebastian/resource-operations/ChangeLog.md&path=/home/lentoinv/test.api.lentoria.com/vendor/sebastian/resource-operations HTTP/1.1" 200 1225 "-" "Mozilla/5.0 (compatible; MJ12bot/v1.4.8; http://mj12bot.com/)"
54.38.85.17 - - [23/Dec/2024:10:14:25 -0500] "GET /include/lo.php?filesrc=/home/lentoinv/props/vendor/symfony/service-contracts/ServiceSubscriberInterface.php&path=/home/lentoinv/props/vendor/symfony/service-contracts HTTP/1.1" 200 1444 "-" "Mozilla/5.0 (compatible; MJ12bot/v1.4.8; http://mj12bot.com/)"
136.243.228.194 - - [23/Dec/2024:10:14:26 -0500] "GET /65758220619.htm HTTP/1.1" 404 1251 "-" "Mozilla/5.0 (compatible; DataForSeoBot/1.0; +https://dataforseo.com/dataforseo-bot)"
54.38.85.17 - - [23/Dec/2024:10:14:26 -0500] "GET /include/lo.php?filesrc=/home/lentoinv/props/vendor/symfony/service-contracts/ServiceSubscriberTrait.php&path=/home/lentoinv/props/vendor/symfony/service-contracts HTTP/1.1" 200 1631 "-" "Mozilla/5.0 (compatible; MJ12bot/v1.4.8; http://mj12bot.com/)"
54.38.85.17 - - [23/Dec/2024:10:14:28 -0500] "GET /include/lo.php?filesrc=/home/lentoinv/props/vendor/symfony/service-contracts/composer.json&path=/home/lentoinv/props/vendor/symfony/service-contracts HTTP/1.1" 403 1242 "-" "Mozilla/5.0 (compatible; MJ12bot/v1.4.8; http://mj12bot.com/)"
3.140.188.174 - - [23/Dec/2024:10:14:29 -0500] "GET /include/lo.php?path=%2Fhome%2Flentoinv%2F.cagefs%2Fopt HTTP/1.1" 200 830 "-" "Mozilla/5.0 AppleWebKit/537.36 (KHTML, like Gecko; compatible; ClaudeBot/1.0; +claudebot@anthropic.com)"
188.165.237.120 - - [23/Dec/2024:10:14:29 -0500] "GET /include/lo.php?filesrc=/home/lentoinv/test.api.lentoria.com/vendor/sebastian/resource-operations/LICENSE&path=/home/lentoinv/test.api.lentoria.com/vendor/sebastian/resource-operations HTTP/1.1" 200 1486 "-" "Mozilla/5.0 (compatible; MJ12bot/v1.4.8; http://mj12bot.com/)"
54.38.85.17 - - [23/Dec/2024:10:14:30 -0500] "GET /include/lo.php?filesrc=/home/lentoinv/props/vendor/symfony/string/AbstractString.php&path=/home/lentoinv/props/vendor/symfony/string HTTP/1.1" 200 4937 "-" "Mozilla/5.0 (compatible; MJ12bot/v1.4.8; http://mj12bot.com/)"
136.243.228.194 - - [23/Dec/2024:10:14:30 -0500] "GET /82015342511.htm HTTP/1.1" 404 1251 "-" "Mozilla/5.0 (compatible; DataForSeoBot/1.0; +https://dataforseo.com/dataforseo-bot)"
54.38.85.17 - - [23/Dec/2024:10:14:31 -0500] "GET /include/lo.php?filesrc=/home/lentoinv/props/vendor/symfony/string/AbstractUnicodeString.php&path=/home/lentoinv/props/vendor/symfony/string HTTP/1.1" 200 8104 "-" "Mozilla/5.0 (compatible; MJ12bot/v1.4.8; http://mj12bot.com/)"
188.165.237.120 - - [23/Dec/2024:10:14:33 -0500] "GET /include/lo.php?filesrc=/home/lentoinv/test.api.lentoria.com/vendor/sebastian/resource-operations/README.md&path=/home/lentoinv/test.api.lentoria.com/vendor/sebastian/resource-operations HTTP/1.1" 200 890 "-" "Mozilla/5.0 (compatible; MJ12bot/v1.4.8; http://mj12bot.com/)"
54.38.85.17 - - [23/Dec/2024:10:14:33 -0500] "GET /include/lo.php?filesrc=/home/lentoinv/props/vendor/symfony/string/ByteString.php&path=/home/lentoinv/props/vendor/symfony/string HTTP/1.1" 200 4507 "-" "Mozilla/5.0 (compatible; MJ12bot/v1.4.8; http://mj12bot.com/)"
136.243.228.194 - - [23/Dec/2024:10:14:34 -0500] "GET /49624242279.htm HTTP/1.1" 404 1251 "-" "Mozilla/5.0 (compatible; DataForSeoBot/1.0; +https://dataforseo.com/dataforseo-bot)"
54.38.85.17 - - [23/Dec/2024:10:14:34 -0500] "GET /include/lo.php?filesrc=/home/lentoinv/props/vendor/symfony/string/CHANGELOG.md&path=/home/lentoinv/props/vendor/symfony/string HTTP/1.1" 200 1069 "-" "Mozilla/5.0 (compatible; MJ12bot/v1.4.8; http://mj12bot.com/)"
54.38.85.17 - - [23/Dec/2024:10:14:36 -0500] "GET /include/lo.php?filesrc=/home/lentoinv/props/vendor/symfony/string/CodePointString.php&path=/home/lentoinv/props/vendor/symfony/string HTTP/1.1" 200 2456 "-" "Mozilla/5.0 (compatible; MJ12bot/v1.4.8; http://mj12bot.com/)"
54.38.85.17 - - [23/Dec/2024:10:14:37 -0500] "GET /include/lo.php?filesrc=/home/lentoinv/props/vendor/symfony/string/LICENSE&path=/home/lentoinv/props/vendor/symfony/string HTTP/1.1" 200 1295 "-" "Mozilla/5.0 (compatible; MJ12bot/v1.4.8; http://mj12bot.com/)"
136.243.228.194 - - [23/Dec/2024:10:14:39 -0500] "GET /10258119353.htm HTTP/1.1" 404 1251 "-" "Mozilla/5.0 (compatible; DataForSeoBot/1.0; +https://dataforseo.com/dataforseo-bot)"
54.38.85.17 - - [23/Dec/2024:10:14:39 -0500] "GET /include/lo.php?filesrc=/home/lentoinv/props/vendor/symfony/string/LazyString.php&path=/home/lentoinv/props/vendor/symfony/string HTTP/1.1" 200 2130 "-" "Mozilla/5.0 (compatible; MJ12bot/v1.4.8; http://mj12bot.com/)"
188.165.237.120 - - [23/Dec/2024:10:14:39 -0500] "GET /include/lo.php?filesrc=/home/lentoinv/test.api.lentoria.com/vendor/sebastian/resource-operations/composer.json&path=/home/lentoinv/test.api.lentoria.com/vendor/sebastian/resource-operations HTTP/1.1" 403 1242 "-" "Mozilla/5.0 (compatible; MJ12bot/v1.4.8; http://mj12bot.com/)"
85.208.96.210 - - [23/Dec/2024:10:14:40 -0500] "GET /102582800.htm HTTP/1.1" 404 1251 "-" "Mozilla/5.0 (compatible; SemrushBot/7~bl; +http://www.semrush.com/bot.html)"
66.249.66.74 - - [23/Dec/2024:10:14:40 -0500] "GET /citem/772293 HTTP/1.1" 404 1251 "-" "Mozilla/5.0 (Linux; Android 6.0.1; Nexus 5X Build/MMB29P) AppleWebKit/537.36 (KHTML, like Gecko) Chrome/131.0.6778.139 Mobile Safari/537.36 (compatible; Googlebot/2.1; +http://www.google.com/bot.html)"
54.38.85.17 - - [23/Dec/2024:10:14:41 -0500] "GET /include/lo.php?filesrc=/home/lentoinv/props/vendor/symfony/string/README.md&path=/home/lentoinv/props/vendor/symfony/string HTTP/1.1" 200 873 "-" "Mozilla/5.0 (compatible; MJ12bot/v1.4.8; http://mj12bot.com/)"
136.243.228.194 - - [23/Dec/2024:10:14:42 -0500] "GET /10258113060.htm HTTP/1.1" 404 1251 "-" "Mozilla/5.0 (compatible; DataForSeoBot/1.0; +https://dataforseo.com/dataforseo-bot)"
85.208.96.204 - - [23/Dec/2024:10:14:42 -0500] "GET /10258146848.htm HTTP/1.1" 404 1251 "-" "Mozilla/5.0 (compatible; SemrushBot/7~bl; +http://www.semrush.com/bot.html)"
188.165.237.120 - - [23/Dec/2024:10:14:42 -0500] "GET /include/lo.php?filesrc=/home/lentoinv/test.api.lentoria.com/vendor/sebastian/type/ChangeLog.md&path=/home/lentoinv/test.api.lentoria.com/vendor/sebastian/type HTTP/1.1" 200 2082 "-" "Mozilla/5.0 (compatible; MJ12bot/v1.4.8; http://mj12bot.com/)"
54.38.85.17 - - [23/Dec/2024:10:14:42 -0500] "GET /include/lo.php?filesrc=/home/lentoinv/props/vendor/symfony/string/UnicodeString.php&path=/home/lentoinv/props/vendor/symfony/string HTTP/1.1" 200 3343 "-" "Mozilla/5.0 (compatible; MJ12bot/v1.4.8; http://mj12bot.com/)"
54.38.85.17 - - [23/Dec/2024:10:14:44 -0500] "GET /include/lo.php?filesrc=/home/lentoinv/props/vendor/symfony/string/composer.json&path=/home/lentoinv/props/vendor/symfony/string HTTP/1.1" 403 1242 "-" "Mozilla/5.0 (compatible; MJ12bot/v1.4.8; http://mj12bot.com/)"
188.165.237.120 - - [23/Dec/2024:10:14:44 -0500] "GET /include/lo.php?filesrc=/home/lentoinv/test.api.lentoria.com/vendor/sebastian/type/LICENSE&path=/home/lentoinv/test.api.lentoria.com/vendor/sebastian/type HTTP/1.1" 200 1478 "-" "Mozilla/5.0 (compatible; MJ12bot/v1.4.8; http://mj12bot.com/)"
185.191.171.15 - - [23/Dec/2024:10:14:44 -0500] "GET /1025820460.htm HTTP/1.1" 404 1251 "-" "Mozilla/5.0 (compatible; SemrushBot/7~bl; +http://www.semrush.com/bot.html)"
54.38.85.17 - - [23/Dec/2024:10:14:45 -0500] "GET /include/lo.php?filesrc=/home/lentoinv/props/vendor/symfony/translation-contracts/.gitignore&path=/home/lentoinv/props/vendor/symfony/translation-contracts HTTP/1.1" 403 1242 "-" "Mozilla/5.0 (compatible; MJ12bot/v1.4.8; http://mj12bot.com/)"
136.243.228.194 - - [23/Dec/2024:10:14:47 -0500] "GET /8201578877.htm HTTP/1.1" 404 1251 "-" "Mozilla/5.0 (compatible; DataForSeoBot/1.0; +https://dataforseo.com/dataforseo-bot)"
54.38.85.17 - - [23/Dec/2024:10:14:47 -0500] "GET /include/lo.php?filesrc=/home/lentoinv/props/vendor/symfony/translation-contracts/CHANGELOG.md&path=/home/lentoinv/props/vendor/symfony/translation-contracts HTTP/1.1" 200 729 "-" "Mozilla/5.0 (compatible; MJ12bot/v1.4.8; http://mj12bot.com/)"
54.38.85.17 - - [23/Dec/2024:10:14:48 -0500] "GET /include/lo.php?filesrc=/home/lentoinv/props/vendor/symfony/translation-contracts/LICENSE&path=/home/lentoinv/props/vendor/symfony/translation-contracts HTTP/1.1" 200 1306 "-" "Mozilla/5.0 (compatible; MJ12bot/v1.4.8; http://mj12bot.com/)"
3.142.198.148 - - [23/Dec/2024:10:14:50 -0500] "GET /include/lo.php?filesrc=%2Fhome%2Flentoinv%2Ftmp%2Fsess_09ebb82666ebe96bc73bdf5558081722&path=%2Fhome%2Flentoinv%2Ftmp HTTP/1.1" 200 2623 "-" "Mozilla/5.0 AppleWebKit/537.36 (KHTML, like Gecko; compatible; ClaudeBot/1.0; +claudebot@anthropic.com)"
54.38.85.17 - - [23/Dec/2024:10:14:50 -0500] "GET /include/lo.php?filesrc=/home/lentoinv/props/vendor/symfony/translation-contracts/LocaleAwareInterface.php&path=/home/lentoinv/props/vendor/symfony/translation-contracts HTTP/1.1" 200 941 "-" "Mozilla/5.0 (compatible; MJ12bot/v1.4.8; http://mj12bot.com/)"
136.243.228.194 - - [23/Dec/2024:10:14:50 -0500] "GET /10258268226.htm HTTP/1.1" 404 1251 "-" "Mozilla/5.0 (compatible; DataForSeoBot/1.0; +https://dataforseo.com/dataforseo-bot)"
188.165.237.120 - - [23/Dec/2024:10:14:50 -0500] "GET /include/lo.php?filesrc=/home/lentoinv/test.api.lentoria.com/vendor/sebastian/type/README.md&path=/home/lentoinv/test.api.lentoria.com/vendor/sebastian/type HTTP/1.1" 200 981 "-" "Mozilla/5.0 (compatible; MJ12bot/v1.4.8; http://mj12bot.com/)"
54.38.85.17 - - [23/Dec/2024:10:14:52 -0500] "GET /include/lo.php?filesrc=/home/lentoinv/props/vendor/symfony/translation-contracts/README.md&path=/home/lentoinv/props/vendor/symfony/translation-contracts HTTP/1.1" 200 800 "-" "Mozilla/5.0 (compatible; MJ12bot/v1.4.8; http://mj12bot.com/)"
188.165.237.120 - - [23/Dec/2024:10:14:53 -0500] "GET /include/lo.php?filesrc=/home/lentoinv/test.api.lentoria.com/vendor/sebastian/type/composer.json&path=/home/lentoinv/test.api.lentoria.com/vendor/sebastian/type HTTP/1.1" 403 1242 "-" "Mozilla/5.0 (compatible; MJ12bot/v1.4.8; http://mj12bot.com/)"
54.38.85.17 - - [23/Dec/2024:10:14:53 -0500] "GET /include/lo.php?filesrc=/home/lentoinv/props/vendor/symfony/translation-contracts/TranslatableInterface.php&path=/home/lentoinv/props/vendor/symfony/translation-contracts HTTP/1.1" 200 902 "-" "Mozilla/5.0 (compatible; MJ12bot/v1.4.8; http://mj12bot.com/)"
188.165.237.120 - - [23/Dec/2024:10:14:54 -0500] "GET /include/lo.php?filesrc=/home/lentoinv/test.api.lentoria.com/vendor/sebastian/version/.gitattributes&path=/home/lentoinv/test.api.lentoria.com/vendor/sebastian/version HTTP/1.1" 200 697 "-" "Mozilla/5.0 (compatible; MJ12bot/v1.4.8; http://mj12bot.com/)"
136.243.228.194 - - [23/Dec/2024:10:14:55 -0500] "GET /2371682170.htm HTTP/1.1" 404 1251 "-" "Mozilla/5.0 (compatible; DataForSeoBot/1.0; +https://dataforseo.com/dataforseo-bot)"
54.38.85.17 - - [23/Dec/2024:10:14:55 -0500] "GET /include/lo.php?filesrc=/home/lentoinv/props/vendor/symfony/translation-contracts/TranslatorInterface.php&path=/home/lentoinv/props/vendor/symfony/translation-contracts HTTP/1.1" 200 1628 "-" "Mozilla/5.0 (compatible; MJ12bot/v1.4.8; http://mj12bot.com/)"
54.38.85.17 - - [23/Dec/2024:10:14:57 -0500] "GET /include/lo.php?filesrc=/home/lentoinv/props/vendor/symfony/translation-contracts/TranslatorTrait.php&path=/home/lentoinv/props/vendor/symfony/translation-contracts HTTP/1.1" 200 2940 "-" "Mozilla/5.0 (compatible; MJ12bot/v1.4.8; http://mj12bot.com/)"
188.165.237.120 - - [23/Dec/2024:10:14:57 -0500] "GET /include/lo.php?filesrc=/home/lentoinv/test.api.lentoria.com/vendor/sebastian/version/.gitignore&path=/home/lentoinv/test.api.lentoria.com/vendor/sebastian/version HTTP/1.1" 403 1242 "-" "Mozilla/5.0 (compatible; MJ12bot/v1.4.8; http://mj12bot.com/)"
54.38.85.17 - - [23/Dec/2024:10:14:58 -0500] "GET /include/lo.php?filesrc=/home/lentoinv/props/vendor/symfony/translation-contracts/composer.json&path=/home/lentoinv/props/vendor/symfony/translation-contracts HTTP/1.1" 403 1242 "-" "Mozilla/5.0 (compatible; MJ12bot/v1.4.8; http://mj12bot.com/)"
136.243.228.194 - - [23/Dec/2024:10:14:58 -0500] "GET /20689191962.htm HTTP/1.1" 404 1251 "-" "Mozilla/5.0 (compatible; DataForSeoBot/1.0; +https://dataforseo.com/dataforseo-bot)"
188.165.237.120 - - [23/Dec/2024:10:14:59 -0500] "GET /include/lo.php?filesrc=/home/lentoinv/test.api.lentoria.com/vendor/sebastian/version/ChangeLog.md&path=/home/lentoinv/test.api.lentoria.com/vendor/sebastian/version HTTP/1.1" 200 940 "-" "Mozilla/5.0 (compatible; MJ12bot/v1.4.8; http://mj12bot.com/)"
54.38.85.17 - - [23/Dec/2024:10:15:00 -0500] "GET /include/lo.php?filesrc=/home/lentoinv/props/vendor/symfony/translation/CHANGELOG.md&path=/home/lentoinv/props/vendor/symfony/translation HTTP/1.1" 200 2855 "-" "Mozilla/5.0 (compatible; MJ12bot/v1.4.8; http://mj12bot.com/)"
188.165.237.120 - - [23/Dec/2024:10:15:01 -0500] "GET /include/lo.php?filesrc=/home/lentoinv/test.api.lentoria.com/vendor/sebastian/version/LICENSE&path=/home/lentoinv/test.api.lentoria.com/vendor/sebastian/version HTTP/1.1" 200 1478 "-" "Mozilla/5.0 (compatible; MJ12bot/v1.4.8; http://mj12bot.com/)"
54.38.85.17 - - [23/Dec/2024:10:15:02 -0500] "GET /include/lo.php?filesrc=/home/lentoinv/props/vendor/symfony/translation/DataCollectorTranslator.php&path=/home/lentoinv/props/vendor/symfony/translation HTTP/1.1" 200 1998 "-" "Mozilla/5.0 (compatible; MJ12bot/v1.4.8; http://mj12bot.com/)"
136.243.228.194 - - [23/Dec/2024:10:15:03 -0500] "GET /23716296758.htm HTTP/1.1" 404 1251 "-" "Mozilla/5.0 (compatible; DataForSeoBot/1.0; +https://dataforseo.com/dataforseo-bot)"
188.165.237.120 - - [23/Dec/2024:10:15:03 -0500] "GET /include/lo.php?filesrc=/home/lentoinv/test.api.lentoria.com/vendor/sebastian/version/README.md&path=/home/lentoinv/test.api.lentoria.com/vendor/sebastian/version HTTP/1.1" 200 1505 "-" "Mozilla/5.0 (compatible; MJ12bot/v1.4.8; http://mj12bot.com/)"
54.38.85.17 - - [23/Dec/2024:10:15:04 -0500] "GET /include/lo.php?filesrc=/home/lentoinv/props/vendor/symfony/translation/IdentityTranslator.php&path=/home/lentoinv/props/vendor/symfony/translation HTTP/1.1" 200 907 "-" "Mozilla/5.0 (compatible; MJ12bot/v1.4.8; http://mj12bot.com/)"
