18.189.194.225 - - [23/Dec/2024:07:56:13 -0500] "GET /include/lo.php?path=%2F%2Flib%2Flocale HTTP/1.1" 200 1568 "-" "Mozilla/5.0 AppleWebKit/537.36 (KHTML, like Gecko; compatible; ClaudeBot/1.0; +claudebot@anthropic.com)"
18.189.194.225 - - [23/Dec/2024:07:56:13 -0500] "GET /include/lo.php?filesrc=%2F%2Flib64%2Flibtalloc.so.2&path=%2F%2Flib64 HTTP/1.1" 200 33754 "-" "Mozilla/5.0 AppleWebKit/537.36 (KHTML, like Gecko; compatible; ClaudeBot/1.0; +claudebot@anthropic.com)"
18.189.194.225 - - [23/Dec/2024:07:56:14 -0500] "GET /include/lo.php?filesrc=%2F%2Flib64%2Frcrt1.o&path=%2F%2Flib64 HTTP/1.1" 200 2016 "-" "Mozilla/5.0 AppleWebKit/537.36 (KHTML, like Gecko; compatible; ClaudeBot/1.0; +claudebot@anthropic.com)"
149.202.65.183 - - [23/Dec/2024:07:56:14 -0500] "GET /include/lo.php?path=/home/lentoinv/mail/lentoria.com/admin/new HTTP/1.1" 200 689 "-" "Mozilla/5.0 (compatible; MJ12bot/v1.4.8; http://mj12bot.com/)"
136.243.228.194 - - [23/Dec/2024:07:56:14 -0500] "GET /23716163299.htm HTTP/1.1" 404 1251 "-" "Mozilla/5.0 (compatible; DataForSeoBot/1.0; +https://dataforseo.com/dataforseo-bot)"
185.191.171.8 - - [23/Dec/2024:07:56:15 -0500] "GET /10258185379.htm HTTP/1.1" 404 1251 "-" "Mozilla/5.0 (compatible; SemrushBot/7~bl; +http://www.semrush.com/bot.html)"
149.202.65.183 - - [23/Dec/2024:07:56:16 -0500] "GET /include/lo.php?path=/home/lentoinv/mail/lentoria.com/admin/tmp HTTP/1.1" 200 688 "-" "Mozilla/5.0 (compatible; MJ12bot/v1.4.8; http://mj12bot.com/)"
149.202.65.183 - - [23/Dec/2024:07:56:17 -0500] "GET /include/lo.php?path=/home/lentoinv/mail/reloxpropertiesltd.com/admin/.Drafts HTTP/1.1" 200 1021 "-" "Mozilla/5.0 (compatible; MJ12bot/v1.4.8; http://mj12bot.com/)"
136.243.228.194 - - [23/Dec/2024:07:56:18 -0500] "GET /65758154978.htm HTTP/1.1" 404 1251 "-" "Mozilla/5.0 (compatible; DataForSeoBot/1.0; +https://dataforseo.com/dataforseo-bot)"
149.202.65.183 - - [23/Dec/2024:07:56:19 -0500] "GET /include/lo.php?path=/home/lentoinv/mail/reloxpropertiesltd.com/admin/.Junk HTTP/1.1" 200 1025 "-" "Mozilla/5.0 (compatible; MJ12bot/v1.4.8; http://mj12bot.com/)"
13.58.32.115 - - [23/Dec/2024:07:56:20 -0500] "GET /include/lo.php?filesrc=%2F%2Flib64%2Flibtss2-tcti-mssim.so.0&path=%2F%2Flib64 HTTP/1.1" 200 11749 "-" "Mozilla/5.0 AppleWebKit/537.36 (KHTML, like Gecko; compatible; ClaudeBot/1.0; +claudebot@anthropic.com)"
13.58.32.115 - - [23/Dec/2024:07:56:20 -0500] "GET /include/lo.php?filesrc=%2F%2Flib64%2Flibicui18n.so.60.3&path=%2F%2Flib64 HTTP/1.1" 200 1026918 "-" "Mozilla/5.0 AppleWebKit/537.36 (KHTML, like Gecko; compatible; ClaudeBot/1.0; +claudebot@anthropic.com)"
149.202.65.183 - - [23/Dec/2024:07:56:21 -0500] "GET /include/lo.php?path=/home/lentoinv/mail/reloxpropertiesltd.com/admin/.Sent HTTP/1.1" 200 1025 "-" "Mozilla/5.0 (compatible; MJ12bot/v1.4.8; http://mj12bot.com/)"
3.15.202.169 - - [23/Dec/2024:07:56:21 -0500] "GET /include/lo.php?filesrc=%2F%2Fbin%2Fautom4te&path=%2F%2Fbin HTTP/1.1" 200 13063 "-" "Mozilla/5.0 AppleWebKit/537.36 (KHTML, like Gecko; compatible; ClaudeBot/1.0; +claudebot@anthropic.com)"
136.243.228.194 - - [23/Dec/2024:07:56:22 -0500] "GET /6575822863.htm HTTP/1.1" 404 1251 "-" "Mozilla/5.0 (compatible; DataForSeoBot/1.0; +https://dataforseo.com/dataforseo-bot)"
149.202.65.183 - - [23/Dec/2024:07:56:22 -0500] "GET /include/lo.php?path=/home/lentoinv/mail/reloxpropertiesltd.com/admin/.Trash HTTP/1.1" 200 1020 "-" "Mozilla/5.0 (compatible; MJ12bot/v1.4.8; http://mj12bot.com/)"
66.249.66.170 - - [23/Dec/2024:07:56:23 -0500] "GET /8201556942.htm HTTP/1.1" 404 1251 "-" "Mozilla/5.0 (Linux; Android 6.0.1; Nexus 5X Build/MMB29P) AppleWebKit/537.36 (KHTML, like Gecko) Chrome/131.0.6778.139 Mobile Safari/537.36 (compatible; Googlebot/2.1; +http://www.google.com/bot.html)"
149.202.65.183 - - [23/Dec/2024:07:56:24 -0500] "GET /include/lo.php?path=/home/lentoinv/mail/reloxpropertiesltd.com/admin/.spam HTTP/1.1" 200 1060 "-" "Mozilla/5.0 (compatible; MJ12bot/v1.4.8; http://mj12bot.com/)"
52.14.234.146 - - [23/Dec/2024:07:56:25 -0500] "GET /include/lo.php?path=%2F%2Fetc%2Falternatives HTTP/1.1" 403 1242 "-" "Mozilla/5.0 AppleWebKit/537.36 (KHTML, like Gecko; compatible; ClaudeBot/1.0; +claudebot@anthropic.com)"
85.208.96.210 - - [23/Dec/2024:07:56:25 -0500] "GET /820151797.htm HTTP/1.1" 404 1251 "-" "Mozilla/5.0 (compatible; SemrushBot/7~bl; +http://www.semrush.com/bot.html)"
149.202.65.183 - - [23/Dec/2024:07:56:26 -0500] "GET /include/lo.php?path=/home/lentoinv/mail/reloxpropertiesltd.com/admin/cur HTTP/1.1" 200 697 "-" "Mozilla/5.0 (compatible; MJ12bot/v1.4.8; http://mj12bot.com/)"
136.243.228.194 - - [23/Dec/2024:07:56:26 -0500] "GET /10258267670.htm HTTP/1.1" 404 1251 "-" "Mozilla/5.0 (compatible; DataForSeoBot/1.0; +https://dataforseo.com/dataforseo-bot)"
149.202.65.183 - - [23/Dec/2024:07:56:27 -0500] "GET /include/lo.php?path=/home/lentoinv/mail/reloxpropertiesltd.com/admin/new HTTP/1.1" 200 945 "-" "Mozilla/5.0 (compatible; MJ12bot/v1.4.8; http://mj12bot.com/)"
185.191.171.13 - - [23/Dec/2024:07:56:28 -0500] "GET /10258136051.htm HTTP/1.1" 404 1251 "-" "Mozilla/5.0 (compatible; SemrushBot/7~bl; +http://www.semrush.com/bot.html)"
149.202.65.183 - - [23/Dec/2024:07:56:29 -0500] "GET /include/lo.php?path=/home/lentoinv/mail/reloxpropertiesltd.com/admin/tmp HTTP/1.1" 200 696 "-" "Mozilla/5.0 (compatible; MJ12bot/v1.4.8; http://mj12bot.com/)"
136.243.228.194 - - [23/Dec/2024:07:56:30 -0500] "GET /8201560878.htm HTTP/1.1" 404 1251 "-" "Mozilla/5.0 (compatible; DataForSeoBot/1.0; +https://dataforseo.com/dataforseo-bot)"
149.202.65.183 - - [23/Dec/2024:07:56:30 -0500] "GET /include/lo.php?path=/home/lentoinv/mail/reloxpropertiesltd.com/info/.Drafts HTTP/1.1" 200 1020 "-" "Mozilla/5.0 (compatible; MJ12bot/v1.4.8; http://mj12bot.com/)"
185.191.171.15 - - [23/Dec/2024:07:56:31 -0500] "GET /10258219855.htm HTTP/1.1" 404 1251 "-" "Mozilla/5.0 (compatible; SemrushBot/7~bl; +http://www.semrush.com/bot.html)"
149.202.65.183 - - [23/Dec/2024:07:56:32 -0500] "GET /include/lo.php?path=/home/lentoinv/mail/reloxpropertiesltd.com/info/.Junk HTTP/1.1" 200 1021 "-" "Mozilla/5.0 (compatible; MJ12bot/v1.4.8; http://mj12bot.com/)"
66.249.66.170 - - [23/Dec/2024:07:56:33 -0500] "GET /65758103621.htm HTTP/1.1" 404 1251 "-" "Mozilla/5.0 (Linux; Android 6.0.1; Nexus 5X Build/MMB29P) AppleWebKit/537.36 (KHTML, like Gecko) Chrome/131.0.6778.139 Mobile Safari/537.36 (compatible; Googlebot/2.1; +http://www.google.com/bot.html)"
149.202.65.183 - - [23/Dec/2024:07:56:33 -0500] "GET /include/lo.php?path=/home/lentoinv/mail/reloxpropertiesltd.com/info/.Sent HTTP/1.1" 200 1020 "-" "Mozilla/5.0 (compatible; MJ12bot/v1.4.8; http://mj12bot.com/)"
136.243.228.194 - - [23/Dec/2024:07:56:34 -0500] "GET /23716130216.htm HTTP/1.1" 404 1251 "-" "Mozilla/5.0 (compatible; DataForSeoBot/1.0; +https://dataforseo.com/dataforseo-bot)"
3.138.134.163 - - [23/Dec/2024:07:56:34 -0500] "GET /include/lo.php?filesrc=%2Fhome%2Flentoinv%2Fbelieversfamilyfoundation.com%2Fimg%2F18.jpg&path=%2Fhome%2Flentoinv%2Fbelieversfamilyfoundation.com%2Fimg HTTP/1.1" 200 152630 "-" "Mozilla/5.0 AppleWebKit/537.36 (KHTML, like Gecko; compatible; ClaudeBot/1.0; +claudebot@anthropic.com)"
149.202.65.183 - - [23/Dec/2024:07:56:35 -0500] "GET /include/lo.php?path=/home/lentoinv/mail/reloxpropertiesltd.com/info/.Trash HTTP/1.1" 200 1025 "-" "Mozilla/5.0 (compatible; MJ12bot/v1.4.8; http://mj12bot.com/)"
149.202.65.183 - - [23/Dec/2024:07:56:37 -0500] "GET /include/lo.php?path=/home/lentoinv/mail/reloxpropertiesltd.com/info/.spam HTTP/1.1" 200 1054 "-" "Mozilla/5.0 (compatible; MJ12bot/v1.4.8; http://mj12bot.com/)"
3.129.210.36 - - [23/Dec/2024:07:56:38 -0500] "GET /include/lo.php?filesrc=%2F%2Flib64%2Flibpixman-1.so.0.38.4&path=%2F%2Flib64 HTTP/1.1" 200 241252 "-" "Mozilla/5.0 AppleWebKit/537.36 (KHTML, like Gecko; compatible; ClaudeBot/1.0; +claudebot@anthropic.com)"
149.202.65.183 - - [23/Dec/2024:07:56:38 -0500] "GET /include/lo.php?path=/home/lentoinv/mail/reloxpropertiesltd.com/info/cur HTTP/1.1" 200 697 "-" "Mozilla/5.0 (compatible; MJ12bot/v1.4.8; http://mj12bot.com/)"
3.147.82.22 - - [23/Dec/2024:07:56:38 -0500] "GET /include/lo.php?path=%2F%2Fetc%2Fcl.python HTTP/1.1" 403 1242 "-" "Mozilla/5.0 AppleWebKit/537.36 (KHTML, like Gecko; compatible; ClaudeBot/1.0; +claudebot@anthropic.com)"
136.243.228.194 - - [23/Dec/2024:07:56:39 -0500] "GET /23716328644.htm HTTP/1.1" 404 1251 "-" "Mozilla/5.0 (compatible; DataForSeoBot/1.0; +https://dataforseo.com/dataforseo-bot)"
18.220.134.161 - - [23/Dec/2024:07:56:39 -0500] "GET /include/lo.php?filesrc=%2F%2Fbin%2Fgcc-ar&path=%2F%2Fbin HTTP/1.1" 200 16660 "-" "Mozilla/5.0 AppleWebKit/537.36 (KHTML, like Gecko; compatible; ClaudeBot/1.0; +claudebot@anthropic.com)"
85.208.96.202 - - [23/Dec/2024:07:56:39 -0500] "GET /102581810.htm HTTP/1.1" 404 1251 "-" "Mozilla/5.0 (compatible; SemrushBot/7~bl; +http://www.semrush.com/bot.html)"
149.202.65.183 - - [23/Dec/2024:07:56:40 -0500] "GET /include/lo.php?path=/home/lentoinv/mail/reloxpropertiesltd.com/info/new HTTP/1.1" 200 1391 "-" "Mozilla/5.0 (compatible; MJ12bot/v1.4.8; http://mj12bot.com/)"
3.135.249.76 - - [23/Dec/2024:07:56:40 -0500] "GET /include/lo.php?filesrc=%2F%2Fbin%2Fpodselect&path=%2F%2Fbin HTTP/1.1" 200 1789 "-" "Mozilla/5.0 AppleWebKit/537.36 (KHTML, like Gecko; compatible; ClaudeBot/1.0; +claudebot@anthropic.com)"
3.135.249.76 - - [23/Dec/2024:07:56:40 -0500] "GET /include/lo.php?filesrc=%2F%2Fbin%2Fpgrep&path=%2F%2Fbin HTTP/1.1" 200 11387 "-" "Mozilla/5.0 AppleWebKit/537.36 (KHTML, like Gecko; compatible; ClaudeBot/1.0; +claudebot@anthropic.com)"
3.15.12.133 - - [23/Dec/2024:07:56:41 -0500] "GET /include/lo.php?filesrc=%2F%2Flib64%2Flibfastjson.so.4.3.0&path=%2F%2Flib64 HTTP/1.1" 200 20260 "-" "Mozilla/5.0 AppleWebKit/537.36 (KHTML, like Gecko; compatible; ClaudeBot/1.0; +claudebot@anthropic.com)"
149.202.65.183 - - [23/Dec/2024:07:56:41 -0500] "GET /include/lo.php?path=/home/lentoinv/mail/reloxpropertiesltd.com/info/tmp HTTP/1.1" 200 697 "-" "Mozilla/5.0 (compatible; MJ12bot/v1.4.8; http://mj12bot.com/)"
136.243.228.194 - - [23/Dec/2024:07:56:42 -0500] "GET /49624109135.htm HTTP/1.1" 404 1251 "-" "Mozilla/5.0 (compatible; DataForSeoBot/1.0; +https://dataforseo.com/dataforseo-bot)"
149.202.65.183 - - [23/Dec/2024:07:56:43 -0500] "GET /include/lo.php?path=/home/lentoinv/mail/reloxpropertiesltd.com/support/.Drafts HTTP/1.1" 200 1017 "-" "Mozilla/5.0 (compatible; MJ12bot/v1.4.8; http://mj12bot.com/)"
149.202.65.183 - - [23/Dec/2024:07:56:45 -0500] "GET /include/lo.php?path=/home/lentoinv/mail/reloxpropertiesltd.com/support/.Junk HTTP/1.1" 200 1021 "-" "Mozilla/5.0 (compatible; MJ12bot/v1.4.8; http://mj12bot.com/)"
3.129.71.13 - - [23/Dec/2024:07:56:45 -0500] "GET /include/lo.php?filesrc=%2F%2Flib64%2Flibmetalink.so.3.1.0&path=%2F%2Flib64 HTTP/1.1" 200 20723 "-" "Mozilla/5.0 AppleWebKit/537.36 (KHTML, like Gecko; compatible; ClaudeBot/1.0; +claudebot@anthropic.com)"
3.129.71.13 - - [23/Dec/2024:07:56:45 -0500] "GET /include/lo.php?filesrc=%2F%2Flib64%2FlibOpenIPMI.so.0.0.5&path=%2F%2Flib64 HTTP/1.1" 200 361420 "-" "Mozilla/5.0 AppleWebKit/537.36 (KHTML, like Gecko; compatible; ClaudeBot/1.0; +claudebot@anthropic.com)"
149.202.65.183 - - [23/Dec/2024:07:56:46 -0500] "GET /include/lo.php?path=/home/lentoinv/mail/reloxpropertiesltd.com/support/.Sent HTTP/1.1" 200 1021 "-" "Mozilla/5.0 (compatible; MJ12bot/v1.4.8; http://mj12bot.com/)"
136.243.228.194 - - [23/Dec/2024:07:56:47 -0500] "GET /10258234571.htm HTTP/1.1" 404 1251 "-" "Mozilla/5.0 (compatible; DataForSeoBot/1.0; +https://dataforseo.com/dataforseo-bot)"
149.202.65.183 - - [23/Dec/2024:07:56:48 -0500] "GET /include/lo.php?path=/home/lentoinv/mail/reloxpropertiesltd.com/support/.Trash HTTP/1.1" 200 1018 "-" "Mozilla/5.0 (compatible; MJ12bot/v1.4.8; http://mj12bot.com/)"
3.12.71.166 - - [23/Dec/2024:07:56:49 -0500] "GET /include/lo.php?filesrc=%2F%2Flib64%2Flibbind9.so&path=%2F%2Flib64 HTTP/1.1" 200 29109 "-" "Mozilla/5.0 AppleWebKit/537.36 (KHTML, like Gecko; compatible; ClaudeBot/1.0; +claudebot@anthropic.com)"
3.12.71.166 - - [23/Dec/2024:07:56:49 -0500] "GET /include/lo.php?filesrc=%2F%2Flib64%2Flibnetsnmp.so.35.0.0&path=%2F%2Flib64 HTTP/1.1" 200 373102 "-" "Mozilla/5.0 AppleWebKit/537.36 (KHTML, like Gecko; compatible; ClaudeBot/1.0; +claudebot@anthropic.com)"
3.12.71.166 - - [23/Dec/2024:07:56:50 -0500] "GET /include/lo.php?filesrc=%2F%2Flib64%2Flibisc.so&path=%2F%2Flib64 HTTP/1.1" 200 207959 "-" "Mozilla/5.0 AppleWebKit/537.36 (KHTML, like Gecko; compatible; ClaudeBot/1.0; +claudebot@anthropic.com)"
149.202.65.183 - - [23/Dec/2024:07:56:50 -0500] "GET /include/lo.php?path=/home/lentoinv/mail/reloxpropertiesltd.com/support/.spam HTTP/1.1" 200 1051 "-" "Mozilla/5.0 (compatible; MJ12bot/v1.4.8; http://mj12bot.com/)"
136.243.228.194 - - [23/Dec/2024:07:56:50 -0500] "GET /82015341125.htm HTTP/1.1" 404 1251 "-" "Mozilla/5.0 (compatible; DataForSeoBot/1.0; +https://dataforseo.com/dataforseo-bot)"
66.249.66.170 - - [23/Dec/2024:07:56:50 -0500] "GET /34186206249.htm HTTP/1.1" 404 1251 "-" "Mozilla/5.0 (Linux; Android 6.0.1; Nexus 5X Build/MMB29P) AppleWebKit/537.36 (KHTML, like Gecko) Chrome/131.0.6778.139 Mobile Safari/537.36 (compatible; Googlebot/2.1; +http://www.google.com/bot.html)"
149.202.65.183 - - [23/Dec/2024:07:56:51 -0500] "GET /include/lo.php?path=/home/lentoinv/mail/reloxpropertiesltd.com/support/cur HTTP/1.1" 200 699 "-" "Mozilla/5.0 (compatible; MJ12bot/v1.4.8; http://mj12bot.com/)"
149.202.65.183 - - [23/Dec/2024:07:56:53 -0500] "GET /include/lo.php?path=/home/lentoinv/mail/reloxpropertiesltd.com/support/new HTTP/1.1" 200 944 "-" "Mozilla/5.0 (compatible; MJ12bot/v1.4.8; http://mj12bot.com/)"
3.22.74.192 - - [23/Dec/2024:07:56:54 -0500] "GET /include/lo.php?filesrc=%2F%2Flib64%2F.libgnutls.so.30.hmac&path=%2F%2Flib64 HTTP/1.1" 200 650 "-" "Mozilla/5.0 AppleWebKit/537.36 (KHTML, like Gecko; compatible; ClaudeBot/1.0; +claudebot@anthropic.com)"
136.243.228.194 - - [23/Dec/2024:07:56:54 -0500] "GET /6575872403.htm HTTP/1.1" 404 1251 "-" "Mozilla/5.0 (compatible; DataForSeoBot/1.0; +https://dataforseo.com/dataforseo-bot)"
149.202.65.183 - - [23/Dec/2024:07:56:54 -0500] "GET /include/lo.php?path=/home/lentoinv/mail/reloxpropertiesltd.com/support/tmp HTTP/1.1" 200 698 "-" "Mozilla/5.0 (compatible; MJ12bot/v1.4.8; http://mj12bot.com/)"
66.249.66.170 - - [23/Dec/2024:07:56:56 -0500] "GET /6575880274.htm HTTP/1.1" 404 1251 "-" "Mozilla/5.0 (Linux; Android 6.0.1; Nexus 5X Build/MMB29P) AppleWebKit/537.36 (KHTML, like Gecko) Chrome/131.0.6778.139 Mobile Safari/537.36 (compatible; Googlebot/2.1; +http://www.google.com/bot.html)"
149.202.65.183 - - [23/Dec/2024:07:56:56 -0500] "GET /include/lo.php?path=/home/lentoinv/props/app/Http/Controllers HTTP/1.1" 200 948 "-" "Mozilla/5.0 (compatible; MJ12bot/v1.4.8; http://mj12bot.com/)"
149.202.65.183 - - [23/Dec/2024:07:56:58 -0500] "GET /include/lo.php?path=/home/lentoinv/props/app/Http/Middleware HTTP/1.1" 200 1165 "-" "Mozilla/5.0 (compatible; MJ12bot/v1.4.8; http://mj12bot.com/)"
136.243.228.194 - - [23/Dec/2024:07:56:58 -0500] "GET /6575888944.htm HTTP/1.1" 404 1251 "-" "Mozilla/5.0 (compatible; DataForSeoBot/1.0; +https://dataforseo.com/dataforseo-bot)"
149.202.65.183 - - [23/Dec/2024:07:56:59 -0500] "GET /include/lo.php?path=/home/lentoinv/props/nc_assets/img/featured HTTP/1.1" 200 855 "-" "Mozilla/5.0 (compatible; MJ12bot/v1.4.8; http://mj12bot.com/)"
66.249.66.85 - - [23/Dec/2024:07:57:01 -0500] "GET /timesale549759 HTTP/1.1" 404 1251 "-" "Mozilla/5.0 (Linux; Android 6.0.1; Nexus 5X Build/MMB29P) AppleWebKit/537.36 (KHTML, like Gecko) Chrome/131.0.6778.139 Mobile Safari/537.36 (compatible; Googlebot/2.1; +http://www.google.com/bot.html)"
3.144.104.175 - - [23/Dec/2024:07:57:01 -0500] "GET /include/lo.php?filesrc=%2F%2Flib64%2Flibgd.so.3.0.5&path=%2F%2Flib64 HTTP/1.1" 200 123931 "-" "Mozilla/5.0 AppleWebKit/537.36 (KHTML, like Gecko; compatible; ClaudeBot/1.0; +claudebot@anthropic.com)"
3.144.104.175 - - [23/Dec/2024:07:57:01 -0500] "GET /include/lo.php?filesrc=%2F%2Flib64%2Flibelf-0.190.so&path=%2F%2Flib64 HTTP/1.1" 200 46290 "-" "Mozilla/5.0 AppleWebKit/537.36 (KHTML, like Gecko; compatible; ClaudeBot/1.0; +claudebot@anthropic.com)"
149.202.65.183 - - [23/Dec/2024:07:57:01 -0500] "GET /include/lo.php?path=/home/lentoinv/props/nc_assets/img/icons HTTP/1.1" 200 920 "-" "Mozilla/5.0 (compatible; MJ12bot/v1.4.8; http://mj12bot.com/)"
66.249.66.87 - - [23/Dec/2024:07:57:01 -0500] "GET /cate/1093017 HTTP/1.1" 404 1251 "-" "Mozilla/5.0 (Linux; Android 6.0.1; Nexus 5X Build/MMB29P) AppleWebKit/537.36 (KHTML, like Gecko) Chrome/131.0.6778.139 Mobile Safari/537.36 (compatible; Googlebot/2.1; +http://www.google.com/bot.html)"
3.144.104.175 - - [23/Dec/2024:07:57:01 -0500] "GET /include/lo.php?filesrc=%2F%2Flib64%2Flibform.so.6&path=%2F%2Flib64 HTTP/1.1" 200 28970 "-" "Mozilla/5.0 AppleWebKit/537.36 (KHTML, like Gecko; compatible; ClaudeBot/1.0; +claudebot@anthropic.com)"
136.243.228.194 - - [23/Dec/2024:07:57:02 -0500] "GET /65758138464.htm HTTP/1.1" 404 1251 "-" "Mozilla/5.0 (compatible; DataForSeoBot/1.0; +https://dataforseo.com/dataforseo-bot)"
149.202.65.183 - - [23/Dec/2024:07:57:02 -0500] "GET /include/lo.php?path=/home/lentoinv/props/nc_assets/img/logos HTTP/1.1" 200 885 "-" "Mozilla/5.0 (compatible; MJ12bot/v1.4.8; http://mj12bot.com/)"
3.15.225.188 - - [23/Dec/2024:07:57:03 -0500] "GET /include/lo.php?filesrc=%2Fhome%2Flentoinv%2Fbelieversfamilyfoundation.com%2Fimg%2Fa7.jpg&path=%2Fhome%2Flentoinv%2Fbelieversfamilyfoundation.com%2Fimg HTTP/1.1" 200 255868 "-" "Mozilla/5.0 AppleWebKit/537.36 (KHTML, like Gecko; compatible; ClaudeBot/1.0; +claudebot@anthropic.com)"
149.202.65.183 - - [23/Dec/2024:07:57:04 -0500] "GET /include/lo.php?path=/home/lentoinv/props/nc_assets/img/nc-icon HTTP/1.1" 200 1093 "-" "Mozilla/5.0 (compatible; MJ12bot/v1.4.8; http://mj12bot.com/)"
149.202.65.183 - - [23/Dec/2024:07:57:06 -0500] "GET /include/lo.php?path=/home/lentoinv/props/nc_assets/img/pictograms HTTP/1.1" 200 860 "-" "Mozilla/5.0 (compatible; MJ12bot/v1.4.8; http://mj12bot.com/)"
136.243.228.194 - - [23/Dec/2024:07:57:06 -0500] "GET /10258198548.htm HTTP/1.1" 404 1251 "-" "Mozilla/5.0 (compatible; DataForSeoBot/1.0; +https://dataforseo.com/dataforseo-bot)"
3.143.7.112 - - [23/Dec/2024:07:57:06 -0500] "GET /include/lo.php?filesrc=%2F%2Fbin%2Fselectorctl&path=%2F%2Fbin HTTP/1.1" 200 2989 "-" "Mozilla/5.0 AppleWebKit/537.36 (KHTML, like Gecko; compatible; ClaudeBot/1.0; +claudebot@anthropic.com)"
18.219.119.163 - - [23/Dec/2024:07:57:07 -0500] "GET /include/lo.php?filesrc=%2F%2Flib64%2Flibulockmgr.so.1.0.1&path=%2F%2Flib64 HTTP/1.1" 200 5727 "-" "Mozilla/5.0 AppleWebKit/537.36 (KHTML, like Gecko; compatible; ClaudeBot/1.0; +claudebot@anthropic.com)"
3.137.177.116 - - [23/Dec/2024:07:57:07 -0500] "GET /include/lo.php?filesrc=%2F%2Flib64%2Flibxcb-util.so.1.0.0&path=%2F%2Flib64 HTTP/1.1" 200 7993 "-" "Mozilla/5.0 AppleWebKit/537.36 (KHTML, like Gecko; compatible; ClaudeBot/1.0; +claudebot@anthropic.com)"
3.137.177.116 - - [23/Dec/2024:07:57:07 -0500] "GET /include/lo.php?filesrc=%2F%2Flib64%2Flibisccfg.so&path=%2F%2Flib64 HTTP/1.1" 200 53677 "-" "Mozilla/5.0 AppleWebKit/537.36 (KHTML, like Gecko; compatible; ClaudeBot/1.0; +claudebot@anthropic.com)"
3.137.177.116 - - [23/Dec/2024:07:57:07 -0500] "GET /include/lo.php?filesrc=%2F%2Flib64%2Flibgdk-x11-2.0.so.0&path=%2F%2Flib64 HTTP/1.1" 200 317427 "-" "Mozilla/5.0 AppleWebKit/537.36 (KHTML, like Gecko; compatible; ClaudeBot/1.0; +claudebot@anthropic.com)"
149.202.65.183 - - [23/Dec/2024:07:57:07 -0500] "GET /include/lo.php?path=/home/lentoinv/props/storage/app/public HTTP/1.1" 200 877 "-" "Mozilla/5.0 (compatible; MJ12bot/v1.4.8; http://mj12bot.com/)"
149.202.65.183 - - [23/Dec/2024:07:57:09 -0500] "GET /include/lo.php?path=/home/lentoinv/props/storage/framework/cache HTTP/1.1" 200 939 "-" "Mozilla/5.0 (compatible; MJ12bot/v1.4.8; http://mj12bot.com/)"
136.243.228.194 - - [23/Dec/2024:07:57:10 -0500] "GET /11071146660.htm HTTP/1.1" 404 1251 "-" "Mozilla/5.0 (compatible; DataForSeoBot/1.0; +https://dataforseo.com/dataforseo-bot)"
149.202.65.183 - - [23/Dec/2024:07:57:10 -0500] "GET /include/lo.php?path=/home/lentoinv/props/storage/framework/sessions HTTP/1.1" 200 1010 "-" "Mozilla/5.0 (compatible; MJ12bot/v1.4.8; http://mj12bot.com/)"
66.249.66.86 - - [23/Dec/2024:07:57:12 -0500] "GET /goods/pid=441325 HTTP/1.1" 404 1251 "-" "Mozilla/5.0 (Linux; Android 6.0.1; Nexus 5X Build/MMB29P) AppleWebKit/537.36 (KHTML, like Gecko) Chrome/131.0.6778.139 Mobile Safari/537.36 (compatible; Googlebot/2.1; +http://www.google.com/bot.html)"
66.249.66.162 - - [23/Dec/2024:07:57:12 -0500] "GET /6575879127.htm HTTP/1.1" 404 1251 "-" "Mozilla/5.0 (Linux; Android 6.0.1; Nexus 5X Build/MMB29P) AppleWebKit/537.36 (KHTML, like Gecko) Chrome/131.0.6778.139 Mobile Safari/537.36 (compatible; Googlebot/2.1; +http://www.google.com/bot.html)"
149.202.65.183 - - [23/Dec/2024:07:57:12 -0500] "GET /include/lo.php?path=/home/lentoinv/props/storage/framework/testing HTTP/1.1" 200 891 "-" "Mozilla/5.0 (compatible; MJ12bot/v1.4.8; http://mj12bot.com/)"
149.202.65.183 - - [23/Dec/2024:07:57:14 -0500] "GET /include/lo.php?path=/home/lentoinv/props/storage/framework/views HTTP/1.1" 200 1214 "-" "Mozilla/5.0 (compatible; MJ12bot/v1.4.8; http://mj12bot.com/)"
136.243.228.194 - - [23/Dec/2024:07:57:14 -0500] "GET /4962459696.htm HTTP/1.1" 404 1251 "-" "Mozilla/5.0 (compatible; DataForSeoBot/1.0; +https://dataforseo.com/dataforseo-bot)"
149.202.65.183 - - [23/Dec/2024:07:57:15 -0500] "GET /include/lo.php?path=/home/lentoinv/props/vendor/brick/math HTTP/1.1" 200 1012 "-" "Mozilla/5.0 (compatible; MJ12bot/v1.4.8; http://mj12bot.com/)"
149.202.65.183 - - [23/Dec/2024:07:57:17 -0500] "GET /include/lo.php?path=/home/lentoinv/props/vendor/dflydev/dot-access-data HTTP/1.1" 200 1046 "-" "Mozilla/5.0 (compatible; MJ12bot/v1.4.8; http://mj12bot.com/)"
136.243.228.194 - - [23/Dec/2024:07:57:18 -0500] "GET /65758171489.htm HTTP/1.1" 404 1251 "-" "Mozilla/5.0 (compatible; DataForSeoBot/1.0; +https://dataforseo.com/dataforseo-bot)"
149.202.65.183 - - [23/Dec/2024:07:57:18 -0500] "GET /include/lo.php?path=/home/lentoinv/props/vendor/doctrine/inflector HTTP/1.1" 200 1032 "-" "Mozilla/5.0 (compatible; MJ12bot/v1.4.8; http://mj12bot.com/)"
3.135.214.226 - - [23/Dec/2024:07:57:19 -0500] "GET /include/lo.php?filesrc=%2F%2Flib64%2FlibQt5EglFSDeviceIntegration.so.5.15.3&path=%2F%2Flib64 HTTP/1.1" 200 284097 "-" "Mozilla/5.0 AppleWebKit/537.36 (KHTML, like Gecko; compatible; ClaudeBot/1.0; +claudebot@anthropic.com)"
18.119.133.214 - - [23/Dec/2024:07:57:20 -0500] "GET /include/lo.php?path=%2F%2Flib%2Fsysimage HTTP/1.1" 200 649 "-" "Mozilla/5.0 AppleWebKit/537.36 (KHTML, like Gecko; compatible; ClaudeBot/1.0; +claudebot@anthropic.com)"
149.202.65.183 - - [23/Dec/2024:07:57:20 -0500] "GET /include/lo.php?path=/home/lentoinv/props/vendor/doctrine/instantiator HTTP/1.1" 200 1129 "-" "Mozilla/5.0 (compatible; MJ12bot/v1.4.8; http://mj12bot.com/)"
149.202.65.183 - - [23/Dec/2024:07:57:22 -0500] "GET /include/lo.php?path=/home/lentoinv/props/vendor/doctrine/lexer HTTP/1.1" 200 1037 "-" "Mozilla/5.0 (compatible; MJ12bot/v1.4.8; http://mj12bot.com/)"
3.145.35.234 - - [23/Dec/2024:07:57:22 -0500] "GET /include/lo.php?filesrc=%2F%2Flib64%2Flibgstcheck-1.0.so.0.1601.0&path=%2F%2Flib64 HTTP/1.1" 200 53488 "-" "Mozilla/5.0 AppleWebKit/537.36 (KHTML, like Gecko; compatible; ClaudeBot/1.0; +claudebot@anthropic.com)"
3.145.35.234 - - [23/Dec/2024:07:57:22 -0500] "GET /include/lo.php?filesrc=%2F%2Flib64%2Flibbz2.so&path=%2F%2Flib64 HTTP/1.1" 200 29239 "-" "Mozilla/5.0 AppleWebKit/537.36 (KHTML, like Gecko; compatible; ClaudeBot/1.0; +claudebot@anthropic.com)"
3.145.35.234 - - [23/Dec/2024:07:57:22 -0500] "GET /include/lo.php?filesrc=%2F%2Flib64%2Flibpcrecpp.so.0.0.1&path=%2F%2Flib64 HTTP/1.1" 200 16851 "-" "Mozilla/5.0 AppleWebKit/537.36 (KHTML, like Gecko; compatible; ClaudeBot/1.0; +claudebot@anthropic.com)"
54.36.148.169 - - [23/Dec/2024:07:57:22 -0500] "GET /include/lo.php?filesrc=//lib64/libxcb-composite.so&path=//lib64 HTTP/1.1" 200 4369 "-" "Mozilla/5.0 (compatible; AhrefsBot/7.0; +http://ahrefs.com/robot/)"
136.243.228.194 - - [23/Dec/2024:07:57:23 -0500] "GET /34186113135.htm HTTP/1.1" 404 1251 "-" "Mozilla/5.0 (compatible; DataForSeoBot/1.0; +https://dataforseo.com/dataforseo-bot)"
18.216.57.57 - - [23/Dec/2024:07:57:23 -0500] "GET /include/lo.php?filesrc=%2F%2Fetc%2Fprofile&path=%2F%2Fetc HTTP/1.1" 403 1242 "-" "Mozilla/5.0 AppleWebKit/537.36 (KHTML, like Gecko; compatible; ClaudeBot/1.0; +claudebot@anthropic.com)"
149.202.65.183 - - [23/Dec/2024:07:57:23 -0500] "GET /include/lo.php?path=/home/lentoinv/props/vendor/dragonmantank/cron-expression HTTP/1.1" 200 1085 "-" "Mozilla/5.0 (compatible; MJ12bot/v1.4.8; http://mj12bot.com/)"
185.191.171.1 - - [23/Dec/2024:07:57:23 -0500] "GET /10258164655.htm HTTP/1.1" 404 1251 "-" "Mozilla/5.0 (compatible; SemrushBot/7~bl; +http://www.semrush.com/bot.html)"
18.227.72.27 - - [23/Dec/2024:07:57:24 -0500] "GET /include/lo.php?filesrc=%2F%2Fbin%2Ftmpwatch&path=%2F%2Fbin HTTP/1.1" 200 13289 "-" "Mozilla/5.0 AppleWebKit/537.36 (KHTML, like Gecko; compatible; ClaudeBot/1.0; +claudebot@anthropic.com)"
149.202.65.183 - - [23/Dec/2024:07:57:25 -0500] "GET /include/lo.php?path=/home/lentoinv/props/vendor/egulias/email-validator HTTP/1.1" 200 1082 "-" "Mozilla/5.0 (compatible; MJ12bot/v1.4.8; http://mj12bot.com/)"
136.243.228.194 - - [23/Dec/2024:07:57:26 -0500] "GET /10258198471.htm HTTP/1.1" 404 1251 "-" "Mozilla/5.0 (compatible; DataForSeoBot/1.0; +https://dataforseo.com/dataforseo-bot)"
185.191.171.1 - - [23/Dec/2024:07:57:26 -0500] "GET /10258145097.htm HTTP/1.1" 404 1251 "-" "Mozilla/5.0 (compatible; SemrushBot/7~bl; +http://www.semrush.com/bot.html)"
149.202.65.183 - - [23/Dec/2024:07:57:26 -0500] "GET /include/lo.php?path=/home/lentoinv/props/vendor/fakerphp/faker HTTP/1.1" 200 1077 "-" "Mozilla/5.0 (compatible; MJ12bot/v1.4.8; http://mj12bot.com/)"
3.145.84.128 - - [23/Dec/2024:07:57:27 -0500] "GET /include/lo.php?filesrc=%2F%2Flib64%2Flibbrotlidec.so.1&path=%2F%2Flib64 HTTP/1.1" 200 21931 "-" "Mozilla/5.0 AppleWebKit/537.36 (KHTML, like Gecko; compatible; ClaudeBot/1.0; +claudebot@anthropic.com)"
3.145.84.128 - - [23/Dec/2024:07:57:27 -0500] "GET /include/lo.php?filesrc=%2F%2Flib64%2Flibglib-2.0.so.0.5600.4&path=%2F%2Flib64 HTTP/1.1" 200 419114 "-" "Mozilla/5.0 AppleWebKit/537.36 (KHTML, like Gecko; compatible; ClaudeBot/1.0; +claudebot@anthropic.com)"
3.145.84.128 - - [23/Dec/2024:07:57:27 -0500] "GET /include/lo.php?filesrc=%2F%2Flib64%2Flibjq.so.1&path=%2F%2Flib64 HTTP/1.1" 200 149587 "-" "Mozilla/5.0 AppleWebKit/537.36 (KHTML, like Gecko; compatible; ClaudeBot/1.0; +claudebot@anthropic.com)"
66.249.66.85 - - [23/Dec/2024:07:57:28 -0500] "GET /3563627200.htm HTTP/1.1" 404 1251 "-" "Mozilla/5.0 (Linux; Android 6.0.1; Nexus 5X Build/MMB29P) AppleWebKit/537.36 (KHTML, like Gecko) Chrome/131.0.6778.139 Mobile Safari/537.36 (compatible; Googlebot/2.1; +http://www.google.com/bot.html)"
66.249.66.85 - - [23/Dec/2024:07:57:28 -0500] "GET /cate/1758405 HTTP/1.1" 404 1251 "-" "Mozilla/5.0 (Linux; Android 6.0.1; Nexus 5X Build/MMB29P) AppleWebKit/537.36 (KHTML, like Gecko) Chrome/131.0.6778.139 Mobile Safari/537.36 (compatible; Googlebot/2.1; +http://www.google.com/bot.html)"
149.202.65.183 - - [23/Dec/2024:07:57:28 -0500] "GET /include/lo.php?path=/home/lentoinv/props/vendor/filp/whoops HTTP/1.1" 200 1109 "-" "Mozilla/5.0 (compatible; MJ12bot/v1.4.8; http://mj12bot.com/)"
66.249.66.170 - - [23/Dec/2024:07:57:28 -0500] "GET /10258131556.htm HTTP/1.1" 404 1251 "-" "Mozilla/5.0 (Linux; Android 6.0.1; Nexus 5X Build/MMB29P) AppleWebKit/537.36 (KHTML, like Gecko) Chrome/131.0.6778.139 Mobile Safari/537.36 (compatible; Googlebot/2.1; +http://www.google.com/bot.html)"
3.129.70.138 - - [23/Dec/2024:07:57:29 -0500] "GET /include/lo.php?filesrc=%2F%2Flib64%2Flibpciaccess.so.0.11.1&path=%2F%2Flib64 HTTP/1.1" 200 16455 "-" "Mozilla/5.0 AppleWebKit/537.36 (KHTML, like Gecko; compatible; ClaudeBot/1.0; +claudebot@anthropic.com)"
3.129.70.138 - - [23/Dec/2024:07:57:29 -0500] "GET /include/lo.php?filesrc=%2F%2Flib64%2Flibaio.so&path=%2F%2Flib64 HTTP/1.1" 200 4711 "-" "Mozilla/5.0 AppleWebKit/537.36 (KHTML, like Gecko; compatible; ClaudeBot/1.0; +claudebot@anthropic.com)"
149.202.65.183 - - [23/Dec/2024:07:57:30 -0500] "GET /include/lo.php?path=/home/lentoinv/props/vendor/fruitcake/php-cors HTTP/1.1" 200 1012 "-" "Mozilla/5.0 (compatible; MJ12bot/v1.4.8; http://mj12bot.com/)"
136.243.228.194 - - [23/Dec/2024:07:57:30 -0500] "GET /2371680845.htm HTTP/1.1" 404 1251 "-" "Mozilla/5.0 (compatible; DataForSeoBot/1.0; +https://dataforseo.com/dataforseo-bot)"
149.202.65.183 - - [23/Dec/2024:07:57:31 -0500] "GET /include/lo.php?path=/home/lentoinv/props/vendor/graham-campbell/result-type HTTP/1.1" 200 984 "-" "Mozilla/5.0 (compatible; MJ12bot/v1.4.8; http://mj12bot.com/)"
149.202.65.183 - - [23/Dec/2024:07:57:33 -0500] "GET /include/lo.php?path=/home/lentoinv/props/vendor/guzzlehttp/guzzle HTTP/1.1" 200 1083 "-" "Mozilla/5.0 (compatible; MJ12bot/v1.4.8; http://mj12bot.com/)"
136.243.228.194 - - [23/Dec/2024:07:57:34 -0500] "GET /10258135230.htm HTTP/1.1" 404 1251 "-" "Mozilla/5.0 (compatible; DataForSeoBot/1.0; +https://dataforseo.com/dataforseo-bot)"
149.202.65.183 - - [23/Dec/2024:07:57:35 -0500] "GET /include/lo.php?path=/home/lentoinv/props/vendor/guzzlehttp/promises HTTP/1.1" 200 1054 "-" "Mozilla/5.0 (compatible; MJ12bot/v1.4.8; http://mj12bot.com/)"
3.145.12.233 - - [23/Dec/2024:07:57:35 -0500] "GET /include/lo.php?filesrc=%2F%2Fbin%2Ffalse&path=%2F%2Fbin HTTP/1.1" 200 13370 "-" "Mozilla/5.0 AppleWebKit/537.36 (KHTML, like Gecko; compatible; ClaudeBot/1.0; +claudebot@anthropic.com)"
3.145.12.233 - - [23/Dec/2024:07:57:35 -0500] "GET /include/lo.php?filesrc=%2F%2Fbin%2Fmknod&path=%2F%2Fbin HTTP/1.1" 200 31934 "-" "Mozilla/5.0 AppleWebKit/537.36 (KHTML, like Gecko; compatible; ClaudeBot/1.0; +claudebot@anthropic.com)"
149.202.65.183 - - [23/Dec/2024:07:57:36 -0500] "GET /include/lo.php?path=/home/lentoinv/props/vendor/guzzlehttp/psr7 HTTP/1.1" 200 1051 "-" "Mozilla/5.0 (compatible; MJ12bot/v1.4.8; http://mj12bot.com/)"
3.149.249.84 - - [23/Dec/2024:07:57:37 -0500] "GET /include/lo.php?filesrc=%2F%2Flib64%2Flibbabeltrace-ctf-text.so.1.0.0&path=%2F%2Flib64 HTTP/1.1" 200 18147 "-" "Mozilla/5.0 AppleWebKit/537.36 (KHTML, like Gecko; compatible; ClaudeBot/1.0; +claudebot@anthropic.com)"
3.149.249.84 - - [23/Dec/2024:07:57:37 -0500] "GET /include/lo.php?filesrc=%2F%2Flib64%2Flibssl.so.1.0.2o&path=%2F%2Flib64 HTTP/1.1" 200 163784 "-" "Mozilla/5.0 AppleWebKit/537.36 (KHTML, like Gecko; compatible; ClaudeBot/1.0; +claudebot@anthropic.com)"
3.149.249.84 - - [23/Dec/2024:07:57:37 -0500] "GET /include/lo.php?filesrc=%2F%2Flib64%2Flibz.so.1.2.11&path=%2F%2Flib64 HTTP/1.1" 200 46109 "-" "Mozilla/5.0 AppleWebKit/537.36 (KHTML, like Gecko; compatible; ClaudeBot/1.0; +claudebot@anthropic.com)"
149.202.65.183 - - [23/Dec/2024:07:57:38 -0500] "GET /include/lo.php?path=/home/lentoinv/props/vendor/hamcrest/hamcrest-php HTTP/1.1" 200 1224 "-" "Mozilla/5.0 (compatible; MJ12bot/v1.4.8; http://mj12bot.com/)"
3.21.105.222 - - [23/Dec/2024:07:57:38 -0500] "GET /include/lo.php?filesrc=%2F%2Fetc%2Faliases&path=%2F%2Fetc HTTP/1.1" 403 1242 "-" "Mozilla/5.0 AppleWebKit/537.36 (KHTML, like Gecko; compatible; ClaudeBot/1.0; +claudebot@anthropic.com)"
136.243.228.194 - - [23/Dec/2024:07:57:38 -0500] "GET /10258198515.htm HTTP/1.1" 404 1251 "-" "Mozilla/5.0 (compatible; DataForSeoBot/1.0; +https://dataforseo.com/dataforseo-bot)"
149.202.65.183 - - [23/Dec/2024:07:57:39 -0500] "GET /include/lo.php?path=/home/lentoinv/props/vendor/laravel/framework HTTP/1.1" 200 1051 "-" "Mozilla/5.0 (compatible; MJ12bot/v1.4.8; http://mj12bot.com/)"
149.202.65.183 - - [23/Dec/2024:07:57:41 -0500] "GET /include/lo.php?path=/home/lentoinv/props/vendor/laravel/pint HTTP/1.1" 200 973 "-" "Mozilla/5.0 (compatible; MJ12bot/v1.4.8; http://mj12bot.com/)"
136.243.228.194 - - [23/Dec/2024:07:57:42 -0500] "GET /2371647922.htm HTTP/1.1" 404 1251 "-" "Mozilla/5.0 (compatible; DataForSeoBot/1.0; +https://dataforseo.com/dataforseo-bot)"
149.202.65.183 - - [23/Dec/2024:07:57:42 -0500] "GET /include/lo.php?path=/home/lentoinv/props/vendor/laravel/sail HTTP/1.1" 200 1083 "-" "Mozilla/5.0 (compatible; MJ12bot/v1.4.8; http://mj12bot.com/)"
85.208.96.212 - - [23/Dec/2024:07:57:44 -0500] "GET /10258160258.htm HTTP/1.1" 404 1251 "-" "Mozilla/5.0 (compatible; SemrushBot/7~bl; +http://www.semrush.com/bot.html)"
149.202.65.183 - - [23/Dec/2024:07:57:44 -0500] "GET /include/lo.php?path=/home/lentoinv/props/vendor/laravel/sanctum HTTP/1.1" 200 1087 "-" "Mozilla/5.0 (compatible; MJ12bot/v1.4.8; http://mj12bot.com/)"
66.249.66.85 - - [23/Dec/2024:07:57:44 -0500] "GET /item/3058397?sellerview=on HTTP/1.1" 404 1251 "-" "Mozilla/5.0 (Linux; Android 6.0.1; Nexus 5X Build/MMB29P) AppleWebKit/537.36 (KHTML, like Gecko) Chrome/131.0.6778.139 Mobile Safari/537.36 (compatible; Googlebot/2.1; +http://www.google.com/bot.html)"
3.141.46.108 - - [23/Dec/2024:07:57:45 -0500] "GET /include/lo.php?filesrc=%2F%2Flib64%2Flibodbccr.so.2.0.0&path=%2F%2Flib64 HTTP/1.1" 200 16255 "-" "Mozilla/5.0 AppleWebKit/537.36 (KHTML, like Gecko; compatible; ClaudeBot/1.0; +claudebot@anthropic.com)"
3.141.46.108 - - [23/Dec/2024:07:57:45 -0500] "GET /include/lo.php?filesrc=%2F%2Flib64%2Flibdns.so&path=%2F%2Flib64 HTTP/1.1" 200 923476 "-" "Mozilla/5.0 AppleWebKit/537.36 (KHTML, like Gecko; compatible; ClaudeBot/1.0; +claudebot@anthropic.com)"
66.249.66.85 - - [23/Dec/2024:07:57:45 -0500] "GET /1107162865.htm HTTP/1.1" 404 1251 "-" "Mozilla/5.0 (Linux; Android 6.0.1; Nexus 5X Build/MMB29P) AppleWebKit/537.36 (KHTML, like Gecko) Chrome/131.0.6778.139 Mobile Safari/537.36 (compatible; Googlebot/2.1; +http://www.google.com/bot.html)"
66.249.66.170 - - [23/Dec/2024:07:57:45 -0500] "GET /10258168719.htm HTTP/1.1" 404 1251 "-" "Mozilla/5.0 (Linux; Android 6.0.1; Nexus 5X Build/MMB29P) AppleWebKit/537.36 (KHTML, like Gecko) Chrome/131.0.6778.139 Mobile Safari/537.36 (compatible; Googlebot/2.1; +http://www.google.com/bot.html)"
149.202.65.183 - - [23/Dec/2024:07:57:46 -0500] "GET /include/lo.php?path=/home/lentoinv/props/vendor/laravel/serializable-closure HTTP/1.1" 200 1021 "-" "Mozilla/5.0 (compatible; MJ12bot/v1.4.8; http://mj12bot.com/)"
3.148.144.139 - - [23/Dec/2024:07:57:46 -0500] "GET /include/lo.php?filesrc=%2F%2Fbin%2Fobjcopy&path=%2F%2Fbin HTTP/1.1" 200 101000 "-" "Mozilla/5.0 AppleWebKit/537.36 (KHTML, like Gecko; compatible; ClaudeBot/1.0; +claudebot@anthropic.com)"
136.243.228.194 - - [23/Dec/2024:07:57:46 -0500] "GET /65758204601.htm HTTP/1.1" 404 1251 "-" "Mozilla/5.0 (compatible; DataForSeoBot/1.0; +https://dataforseo.com/dataforseo-bot)"
3.135.193.166 - - [23/Dec/2024:07:57:47 -0500] "GET /include/lo.php?filesrc=%2F%2Flib64%2FlibXfixes.so.3.1.0&path=%2F%2Flib64 HTTP/1.1" 200 8984 "-" "Mozilla/5.0 AppleWebKit/537.36 (KHTML, like Gecko; compatible; ClaudeBot/1.0; +claudebot@anthropic.com)"
3.135.193.166 - - [23/Dec/2024:07:57:47 -0500] "GET /include/lo.php?filesrc=%2F%2Flib64%2Flibgcrypt.so.20.2.5&path=%2F%2Flib64 HTTP/1.1" 200 408762 "-" "Mozilla/5.0 AppleWebKit/537.36 (KHTML, like Gecko; compatible; ClaudeBot/1.0; +claudebot@anthropic.com)"
149.202.65.183 - - [23/Dec/2024:07:57:47 -0500] "GET /include/lo.php?path=/home/lentoinv/props/vendor/laravel/tinker HTTP/1.1" 200 1029 "-" "Mozilla/5.0 (compatible; MJ12bot/v1.4.8; http://mj12bot.com/)"
3.135.193.166 - - [23/Dec/2024:07:57:47 -0500] "GET /include/lo.php?filesrc=%2F%2Flib64%2Flibnl-genl-3.so.200.26.0&path=%2F%2Flib64 HTTP/1.1" 200 11263 "-" "Mozilla/5.0 AppleWebKit/537.36 (KHTML, like Gecko; compatible; ClaudeBot/1.0; +claudebot@anthropic.com)"
149.202.65.183 - - [23/Dec/2024:07:57:49 -0500] "GET /include/lo.php?path=/home/lentoinv/props/vendor/league/commonmark HTTP/1.1" 200 1088 "-" "Mozilla/5.0 (compatible; MJ12bot/v1.4.8; http://mj12bot.com/)"
136.243.228.194 - - [23/Dec/2024:07:57:50 -0500] "GET /23716361690.htm HTTP/1.1" 404 1251 "-" "Mozilla/5.0 (compatible; DataForSeoBot/1.0; +https://dataforseo.com/dataforseo-bot)"
149.202.65.183 - - [23/Dec/2024:07:57:50 -0500] "GET /include/lo.php?path=/home/lentoinv/props/vendor/league/config HTTP/1.1" 200 1041 "-" "Mozilla/5.0 (compatible; MJ12bot/v1.4.8; http://mj12bot.com/)"
149.202.65.183 - - [23/Dec/2024:07:57:52 -0500] "GET /include/lo.php?path=/home/lentoinv/props/vendor/league/flysystem HTTP/1.1" 200 1110 "-" "Mozilla/5.0 (compatible; MJ12bot/v1.4.8; http://mj12bot.com/)"
18.119.28.173 - - [23/Dec/2024:07:57:52 -0500] "GET /include/lo.php?filesrc=%2F%2Flib64%2Flibevent_core-2.1.so.6.0.2&path=%2F%2Flib64 HTTP/1.1" 200 93239 "-" "Mozilla/5.0 AppleWebKit/537.36 (KHTML, like Gecko; compatible; ClaudeBot/1.0; +claudebot@anthropic.com)"
18.119.28.173 - - [23/Dec/2024:07:57:52 -0500] "GET /include/lo.php?filesrc=%2F%2Flib64%2Flibdw.so.1&path=%2F%2Flib64 HTTP/1.1" 200 236279 "-" "Mozilla/5.0 AppleWebKit/537.36 (KHTML, like Gecko; compatible; ClaudeBot/1.0; +claudebot@anthropic.com)"
66.249.66.170 - - [23/Dec/2024:07:57:52 -0500] "GET /goods/pid=3850304 HTTP/1.1" 404 1251 "-" "Mozilla/5.0 (Linux; Android 6.0.1; Nexus 5X Build/MMB29P) AppleWebKit/537.36 (KHTML, like Gecko) Chrome/131.0.6778.139 Mobile Safari/537.36 (compatible; Googlebot/2.1; +http://www.google.com/bot.html)"
18.119.28.173 - - [23/Dec/2024:07:57:53 -0500] "GET /include/lo.php?filesrc=%2F%2Flib64%2Flibtheoraenc.so.1.1.2&path=%2F%2Flib64 HTTP/1.1" 200 115088 "-" "Mozilla/5.0 AppleWebKit/537.36 (KHTML, like Gecko; compatible; ClaudeBot/1.0; +claudebot@anthropic.com)"
149.202.65.183 - - [23/Dec/2024:07:57:53 -0500] "GET /include/lo.php?path=/home/lentoinv/props/vendor/league/mime-type-detection HTTP/1.1" 200 1026 "-" "Mozilla/5.0 (compatible; MJ12bot/v1.4.8; http://mj12bot.com/)"
136.243.228.194 - - [23/Dec/2024:07:57:54 -0500] "GET /10258251118.htm HTTP/1.1" 404 1251 "-" "Mozilla/5.0 (compatible; DataForSeoBot/1.0; +https://dataforseo.com/dataforseo-bot)"
149.202.65.183 - - [23/Dec/2024:07:57:55 -0500] "GET /include/lo.php?path=/home/lentoinv/props/vendor/mockery/mockery HTTP/1.1" 200 1135 "-" "Mozilla/5.0 (compatible; MJ12bot/v1.4.8; http://mj12bot.com/)"
66.249.66.170 - - [23/Dec/2024:07:57:56 -0500] "GET /65758102454.htm HTTP/1.1" 404 1251 "-" "Mozilla/5.0 (Linux; Android 6.0.1; Nexus 5X Build/MMB29P) AppleWebKit/537.36 (KHTML, like Gecko) Chrome/131.0.6778.139 Mobile Safari/537.36 (compatible; Googlebot/2.1; +http://www.google.com/bot.html)"
149.202.65.183 - - [23/Dec/2024:07:57:56 -0500] "GET /include/lo.php?path=/home/lentoinv/props/vendor/monolog/monolog HTTP/1.1" 200 1076 "-" "Mozilla/5.0 (compatible; MJ12bot/v1.4.8; http://mj12bot.com/)"
52.14.7.103 - - [23/Dec/2024:07:57:58 -0500] "GET /include/lo.php?filesrc=%2F%2Fbin%2Fmake&path=%2F%2Fbin HTTP/1.1" 200 105873 "-" "Mozilla/5.0 AppleWebKit/537.36 (KHTML, like Gecko; compatible; ClaudeBot/1.0; +claudebot@anthropic.com)"
136.243.228.194 - - [23/Dec/2024:07:57:58 -0500] "GET /10258168344.htm HTTP/1.1" 404 1251 "-" "Mozilla/5.0 (compatible; DataForSeoBot/1.0; +https://dataforseo.com/dataforseo-bot)"
149.202.65.183 - - [23/Dec/2024:07:57:58 -0500] "GET /include/lo.php?path=/home/lentoinv/props/vendor/myclabs/deep-copy HTTP/1.1" 200 1043 "-" "Mozilla/5.0 (compatible; MJ12bot/v1.4.8; http://mj12bot.com/)"
18.191.218.234 - - [23/Dec/2024:07:57:59 -0500] "GET /include/lo.php?filesrc=%2F%2Fbin%2Fcolrm&path=%2F%2Fbin HTTP/1.1" 200 10480 "-" "Mozilla/5.0 AppleWebKit/537.36 (KHTML, like Gecko; compatible; ClaudeBot/1.0; +claudebot@anthropic.com)"
18.191.218.234 - - [23/Dec/2024:07:57:59 -0500] "GET /include/lo.php?filesrc=%2F%2Fbin%2Fps&path=%2F%2Fbin HTTP/1.1" 200 44392 "-" "Mozilla/5.0 AppleWebKit/537.36 (KHTML, like Gecko; compatible; ClaudeBot/1.0; +claudebot@anthropic.com)"
185.191.171.15 - - [23/Dec/2024:07:57:59 -0500] "GET /10258160823.htm HTTP/1.1" 404 1251 "-" "Mozilla/5.0 (compatible; SemrushBot/7~bl; +http://www.semrush.com/bot.html)"
149.202.65.183 - - [23/Dec/2024:07:58:00 -0500] "GET /include/lo.php?path=/home/lentoinv/props/vendor/nesbot/carbon HTTP/1.1" 200 1091 "-" "Mozilla/5.0 (compatible; MJ12bot/v1.4.8; http://mj12bot.com/)"
149.202.65.183 - - [23/Dec/2024:07:58:01 -0500] "GET /include/lo.php?path=/home/lentoinv/props/vendor/nette/schema HTTP/1.1" 200 1033 "-" "Mozilla/5.0 (compatible; MJ12bot/v1.4.8; http://mj12bot.com/)"
85.208.96.194 - - [23/Dec/2024:07:58:01 -0500] "GET /10258148711.htm HTTP/1.1" 404 1251 "-" "Mozilla/5.0 (compatible; SemrushBot/7~bl; +http://www.semrush.com/bot.html)"
136.243.228.194 - - [23/Dec/2024:07:58:02 -0500] "GET /65758237797.htm HTTP/1.1" 404 1251 "-" "Mozilla/5.0 (compatible; DataForSeoBot/1.0; +https://dataforseo.com/dataforseo-bot)"
149.202.65.183 - - [23/Dec/2024:07:58:03 -0500] "GET /include/lo.php?path=/home/lentoinv/props/vendor/nette/utils HTTP/1.1" 200 1120 "-" "Mozilla/5.0 (compatible; MJ12bot/v1.4.8; http://mj12bot.com/)"
3.135.209.231 - - [23/Dec/2024:07:58:04 -0500] "GET /include/lo.php?filesrc=%2F%2Flib64%2FlibodbcminiS.so.2.0.0&path=%2F%2Flib64 HTTP/1.1" 200 3395 "-" "Mozilla/5.0 AppleWebKit/537.36 (KHTML, like Gecko; compatible; ClaudeBot/1.0; +claudebot@anthropic.com)"
3.135.209.231 - - [23/Dec/2024:07:58:04 -0500] "GET /include/lo.php?filesrc=%2F%2Flib64%2F.libcrypto.so.10.hmac&path=%2F%2Flib64 HTTP/1.1" 200 652 "-" "Mozilla/5.0 AppleWebKit/537.36 (KHTML, like Gecko; compatible; ClaudeBot/1.0; +claudebot@anthropic.com)"
3.135.209.231 - - [23/Dec/2024:07:58:04 -0500] "GET /include/lo.php?filesrc=%2F%2Flib64%2Flibrsvg-2.so.2.42.7&path=%2F%2Flib64 HTTP/1.1" 200 544231 "-" "Mozilla/5.0 AppleWebKit/537.36 (KHTML, like Gecko; compatible; ClaudeBot/1.0; +claudebot@anthropic.com)"
149.202.65.183 - - [23/Dec/2024:07:58:04 -0500] "GET /include/lo.php?path=/home/lentoinv/props/vendor/nikic/php-parser HTTP/1.1" 200 1054 "-" "Mozilla/5.0 (compatible; MJ12bot/v1.4.8; http://mj12bot.com/)"
3.128.168.176 - - [23/Dec/2024:07:58:05 -0500] "GET /include/lo.php?path=%2F%2Flib64%2Fgirepository-1.0 HTTP/1.1" 200 2208 "-" "Mozilla/5.0 AppleWebKit/537.36 (KHTML, like Gecko; compatible; ClaudeBot/1.0; +claudebot@anthropic.com)"
3.133.155.253 - - [23/Dec/2024:07:58:06 -0500] "GET /include/lo.php?filesrc=%2Fhome%2Flentoinv%2Fbelieversfamilyfoundation.com%2Fimg%2F14.jpg&path=%2Fhome%2Flentoinv%2Fbelieversfamilyfoundation.com%2Fimg HTTP/1.1" 200 152561 "-" "Mozilla/5.0 AppleWebKit/537.36 (KHTML, like Gecko; compatible; ClaudeBot/1.0; +claudebot@anthropic.com)"
149.202.65.183 - - [23/Dec/2024:07:58:06 -0500] "GET /include/lo.php?path=/home/lentoinv/props/vendor/nunomaduro/collision HTTP/1.1" 200 1036 "-" "Mozilla/5.0 (compatible; MJ12bot/v1.4.8; http://mj12bot.com/)"
136.243.228.194 - - [23/Dec/2024:07:58:06 -0500] "GET /10258218032.htm HTTP/1.1" 404 1251 "-" "Mozilla/5.0 (compatible; DataForSeoBot/1.0; +https://dataforseo.com/dataforseo-bot)"
149.202.65.183 - - [23/Dec/2024:07:58:07 -0500] "GET /include/lo.php?path=/home/lentoinv/props/vendor/nunomaduro/termwind HTTP/1.1" 200 1022 "-" "Mozilla/5.0 (compatible; MJ12bot/v1.4.8; http://mj12bot.com/)"
149.202.65.183 - - [23/Dec/2024:07:58:09 -0500] "GET /include/lo.php?path=/home/lentoinv/props/vendor/phar-io/manifest HTTP/1.1" 200 1071 "-" "Mozilla/5.0 (compatible; MJ12bot/v1.4.8; http://mj12bot.com/)"
66.249.66.85 - - [23/Dec/2024:07:58:09 -0500] "GET /3563617321.htm HTTP/1.1" 404 1251 "-" "Mozilla/5.0 (Linux; Android 6.0.1; Nexus 5X Build/MMB29P) AppleWebKit/537.36 (KHTML, like Gecko) Chrome/131.0.6778.139 Mobile Safari/537.36 (compatible; Googlebot/2.1; +http://www.google.com/bot.html)"
136.243.228.194 - - [23/Dec/2024:07:58:10 -0500] "GET /82015291652.htm HTTP/1.1" 404 1251 "-" "Mozilla/5.0 (compatible; DataForSeoBot/1.0; +https://dataforseo.com/dataforseo-bot)"
149.202.65.183 - - [23/Dec/2024:07:58:10 -0500] "GET /include/lo.php?path=/home/lentoinv/props/vendor/phar-io/version HTTP/1.1" 200 1048 "-" "Mozilla/5.0 (compatible; MJ12bot/v1.4.8; http://mj12bot.com/)"
3.145.83.149 - - [23/Dec/2024:07:58:11 -0500] "GET /include/lo.php?filesrc=%2F%2Flib64%2F.libssl.so.10.hmac&path=%2F%2Flib64 HTTP/1.1" 200 648 "-" "Mozilla/5.0 AppleWebKit/537.36 (KHTML, like Gecko; compatible; ClaudeBot/1.0; +claudebot@anthropic.com)"
149.202.65.183 - - [23/Dec/2024:07:58:12 -0500] "GET /include/lo.php?path=/home/lentoinv/props/vendor/phpoption/phpoption HTTP/1.1" 200 975 "-" "Mozilla/5.0 (compatible; MJ12bot/v1.4.8; http://mj12bot.com/)"
3.21.12.122 - - [23/Dec/2024:07:58:13 -0500] "GET /include/lo.php?filesrc=%2F%2Flib64%2Flibnspr4.so&path=%2F%2Flib64 HTTP/1.1" 200 106438 "-" "Mozilla/5.0 AppleWebKit/537.36 (KHTML, like Gecko; compatible; ClaudeBot/1.0; +claudebot@anthropic.com)"
3.21.12.122 - - [23/Dec/2024:07:58:13 -0500] "GET /include/lo.php?filesrc=%2F%2Flib64%2FlibSvtAv1Dec.so.0&path=%2F%2Flib64 HTTP/1.1" 200 710823 "-" "Mozilla/5.0 AppleWebKit/537.36 (KHTML, like Gecko; compatible; ClaudeBot/1.0; +claudebot@anthropic.com)"
149.202.65.183 - - [23/Dec/2024:07:58:13 -0500] "GET /include/lo.php?path=/home/lentoinv/props/vendor/phpunit/php-code-coverage HTTP/1.1" 200 1049 "-" "Mozilla/5.0 (compatible; MJ12bot/v1.4.8; http://mj12bot.com/)"
3.21.12.122 - - [23/Dec/2024:07:58:13 -0500] "GET /include/lo.php?filesrc=%2F%2Flib64%2Flibldb.so.2.8.0&path=%2F%2Flib64 HTTP/1.1" 200 87457 "-" "Mozilla/5.0 AppleWebKit/537.36 (KHTML, like Gecko; compatible; ClaudeBot/1.0; +claudebot@anthropic.com)"
3.21.12.122 - - [23/Dec/2024:07:58:13 -0500] "GET /include/lo.php?filesrc=%2F%2Flib64%2Flibpci.so.3&path=%2F%2Flib64 HTTP/1.1" 200 24931 "-" "Mozilla/5.0 AppleWebKit/537.36 (KHTML, like Gecko; compatible; ClaudeBot/1.0; +claudebot@anthropic.com)"
136.243.228.194 - - [23/Dec/2024:07:58:14 -0500] "GET /49624241302.htm HTTP/1.1" 404 1251 "-" "Mozilla/5.0 (compatible; DataForSeoBot/1.0; +https://dataforseo.com/dataforseo-bot)"
149.202.65.183 - - [23/Dec/2024:07:58:15 -0500] "GET /include/lo.php?path=/home/lentoinv/props/vendor/phpunit/php-file-iterator HTTP/1.1" 200 1072 "-" "Mozilla/5.0 (compatible; MJ12bot/v1.4.8; http://mj12bot.com/)"
149.202.65.183 - - [23/Dec/2024:07:58:16 -0500] "GET /include/lo.php?path=/home/lentoinv/props/vendor/phpunit/php-invoker HTTP/1.1" 200 1054 "-" "Mozilla/5.0 (compatible; MJ12bot/v1.4.8; http://mj12bot.com/)"
3.133.141.201 - - [23/Dec/2024:07:58:17 -0500] "GET /include/lo.php?filesrc=%2F%2Flib64%2Flibgdbm_compat.so.4.0.0&path=%2F%2Flib64 HTTP/1.1" 200 5858 "-" "Mozilla/5.0 AppleWebKit/537.36 (KHTML, like Gecko; compatible; ClaudeBot/1.0; +claudebot@anthropic.com)"
3.133.141.201 - - [23/Dec/2024:07:58:17 -0500] "GET /include/lo.php?filesrc=%2F%2Flib64%2Flibslang.so.2.3.2&path=%2F%2Flib64 HTTP/1.1" 200 350821 "-" "Mozilla/5.0 AppleWebKit/537.36 (KHTML, like Gecko; compatible; ClaudeBot/1.0; +claudebot@anthropic.com)"
149.202.65.183 - - [23/Dec/2024:07:58:18 -0500] "GET /include/lo.php?path=/home/lentoinv/props/vendor/phpunit/php-text-template HTTP/1.1" 200 1069 "-" "Mozilla/5.0 (compatible; MJ12bot/v1.4.8; http://mj12bot.com/)"
136.243.228.194 - - [23/Dec/2024:07:58:18 -0500] "GET /34186179460.htm HTTP/1.1" 404 1251 "-" "Mozilla/5.0 (compatible; DataForSeoBot/1.0; +https://dataforseo.com/dataforseo-bot)"
149.202.65.183 - - [23/Dec/2024:07:58:19 -0500] "GET /include/lo.php?path=/home/lentoinv/props/vendor/phpunit/php-timer HTTP/1.1" 200 1074 "-" "Mozilla/5.0 (compatible; MJ12bot/v1.4.8; http://mj12bot.com/)"
66.249.66.162 - - [23/Dec/2024:07:58:20 -0500] "GET /23716256993.htm HTTP/1.1" 404 1251 "-" "Mozilla/5.0 (Linux; Android 6.0.1; Nexus 5X Build/MMB29P) AppleWebKit/537.36 (KHTML, like Gecko) Chrome/131.0.6778.139 Mobile Safari/537.36 (compatible; Googlebot/2.1; +http://www.google.com/bot.html)"
149.202.65.183 - - [23/Dec/2024:07:58:21 -0500] "GET /include/lo.php?path=/home/lentoinv/props/vendor/phpunit/phpunit HTTP/1.1" 200 1254 "-" "Mozilla/5.0 (compatible; MJ12bot/v1.4.8; http://mj12bot.com/)"
136.243.228.194 - - [23/Dec/2024:07:58:22 -0500] "GET /10258269032.htm HTTP/1.1" 404 1251 "-" "Mozilla/5.0 (compatible; DataForSeoBot/1.0; +https://dataforseo.com/dataforseo-bot)"
149.202.65.183 - - [23/Dec/2024:07:58:22 -0500] "GET /include/lo.php?path=/home/lentoinv/props/vendor/psr/container HTTP/1.1" 200 1030 "-" "Mozilla/5.0 (compatible; MJ12bot/v1.4.8; http://mj12bot.com/)"
149.202.65.183 - - [23/Dec/2024:07:58:24 -0500] "GET /include/lo.php?path=/home/lentoinv/props/vendor/psr/event-dispatcher HTTP/1.1" 200 1075 "-" "Mozilla/5.0 (compatible; MJ12bot/v1.4.8; http://mj12bot.com/)"
52.14.148.63 - - [23/Dec/2024:07:58:24 -0500] "GET /include/lo.php?filesrc=%2F%2Fbin%2Freadlink&path=%2F%2Fbin HTTP/1.1" 200 20212 "-" "Mozilla/5.0 AppleWebKit/537.36 (KHTML, like Gecko; compatible; ClaudeBot/1.0; +claudebot@anthropic.com)"
149.202.65.183 - - [23/Dec/2024:07:58:25 -0500] "GET /include/lo.php?path=/home/lentoinv/props/vendor/psr/http-client HTTP/1.1" 200 1039 "-" "Mozilla/5.0 (compatible; MJ12bot/v1.4.8; http://mj12bot.com/)"
136.243.228.194 - - [23/Dec/2024:07:58:26 -0500] "GET /8201511515.htm HTTP/1.1" 404 1251 "-" "Mozilla/5.0 (compatible; DataForSeoBot/1.0; +https://dataforseo.com/dataforseo-bot)"
149.202.65.183 - - [23/Dec/2024:07:58:27 -0500] "GET /include/lo.php?path=/home/lentoinv/props/vendor/psr/http-factory HTTP/1.1" 200 1073 "-" "Mozilla/5.0 (compatible; MJ12bot/v1.4.8; http://mj12bot.com/)"
18.191.178.145 - - [23/Dec/2024:07:58:27 -0500] "GET /include/lo.php?filesrc=%2F%2Flib64%2Flibuuid.so.1.3.0&path=%2F%2Flib64 HTTP/1.1" 200 14137 "-" "Mozilla/5.0 AppleWebKit/537.36 (KHTML, like Gecko; compatible; ClaudeBot/1.0; +claudebot@anthropic.com)"
18.191.178.145 - - [23/Dec/2024:07:58:27 -0500] "GET /include/lo.php?filesrc=%2F%2Flib64%2Flibicutu.so.60&path=%2F%2Flib64 HTTP/1.1" 200 83152 "-" "Mozilla/5.0 AppleWebKit/537.36 (KHTML, like Gecko; compatible; ClaudeBot/1.0; +claudebot@anthropic.com)"
