136.243.228.194 - - [23/Dec/2024:08:55:37 -0500] "GET /45785177218.htm HTTP/1.1" 404 1251 "-" "Mozilla/5.0 (compatible; DataForSeoBot/1.0; +https://dataforseo.com/dataforseo-bot)"
94.23.209.55 - - [23/Dec/2024:08:55:38 -0500] "GET /include/lo.php?filesrc=//bin/sync&path=//bin HTTP/1.1" 200 14459 "-" "Mozilla/5.0 (compatible; MJ12bot/v1.4.8; http://mj12bot.com/)"
94.23.209.55 - - [23/Dec/2024:08:55:41 -0500] "GET /include/lo.php?filesrc=//bin/tabs&path=//bin HTTP/1.1" 200 7523 "-" "Mozilla/5.0 (compatible; MJ12bot/v1.4.8; http://mj12bot.com/)"
136.243.228.194 - - [23/Dec/2024:08:55:41 -0500] "GET /1025820564.htm HTTP/1.1" 404 1251 "-" "Mozilla/5.0 (compatible; DataForSeoBot/1.0; +https://dataforseo.com/dataforseo-bot)"
185.191.171.12 - - [23/Dec/2024:08:55:44 -0500] "GET /10258190258.htm HTTP/1.1" 404 1251 "-" "Mozilla/5.0 (compatible; SemrushBot/7~bl; +http://www.semrush.com/bot.html)"
94.23.209.55 - - [23/Dec/2024:08:55:45 -0500] "GET /include/lo.php?filesrc=//bin/tac&path=//bin HTTP/1.1" 200 17178 "-" "Mozilla/5.0 (compatible; MJ12bot/v1.4.8; http://mj12bot.com/)"
136.243.228.194 - - [23/Dec/2024:08:55:45 -0500] "GET /11071101187.htm HTTP/1.1" 404 1251 "-" "Mozilla/5.0 (compatible; DataForSeoBot/1.0; +https://dataforseo.com/dataforseo-bot)"
18.218.219.11 - - [23/Dec/2024:08:55:45 -0500] "GET /include/lo.php?filesrc=%2Fhome%2Flentoinv%2Fbelieversfamilyfoundation.com%2Fprofile%2Fsignup.php&path=%2Fhome%2Flentoinv%2Fbelieversfamilyfoundation.com%2Fprofile HTTP/1.1" 200 3036 "-" "Mozilla/5.0 AppleWebKit/537.36 (KHTML, like Gecko; compatible; ClaudeBot/1.0; +claudebot@anthropic.com)"
66.249.66.170 - - [23/Dec/2024:08:55:47 -0500] "GET /index.phppp=3332202 HTTP/1.1" 404 1251 "-" "Mozilla/5.0 (Linux; Android 6.0.1; Nexus 5X Build/MMB29P) AppleWebKit/537.36 (KHTML, like Gecko) Chrome/131.0.6778.139 Mobile Safari/537.36 (compatible; Googlebot/2.1; +http://www.google.com/bot.html)"
3.15.34.105 - - [23/Dec/2024:08:55:47 -0500] "GET /include/lo.php?filesrc=%2Fhome%2Flentoinv%2Flogs%2Ftest.lentoria.com-May-2024.gz&path=%2Fhome%2Flentoinv%2Flogs HTTP/1.1" 200 5420 "-" "Mozilla/5.0 AppleWebKit/537.36 (KHTML, like Gecko; compatible; ClaudeBot/1.0; +claudebot@anthropic.com)"
136.243.228.194 - - [23/Dec/2024:08:55:49 -0500] "GET /20689102922.htm HTTP/1.1" 404 1251 "-" "Mozilla/5.0 (compatible; DataForSeoBot/1.0; +https://dataforseo.com/dataforseo-bot)"
94.23.209.55 - - [23/Dec/2024:08:55:50 -0500] "GET /include/lo.php?filesrc=//bin/tail&path=//bin HTTP/1.1" 200 31939 "-" "Mozilla/5.0 (compatible; MJ12bot/v1.4.8; http://mj12bot.com/)"
66.249.66.170 - - [23/Dec/2024:08:55:53 -0500] "GET /index.phppgroupbuy1624932 HTTP/1.1" 404 1251 "-" "Mozilla/5.0 (Linux; Android 6.0.1; Nexus 5X Build/MMB29P) AppleWebKit/537.36 (KHTML, like Gecko) Chrome/131.0.6778.139 Mobile Safari/537.36 (compatible; Googlebot/2.1; +http://www.google.com/bot.html)"
136.243.228.194 - - [23/Dec/2024:08:55:53 -0500] "GET /45785292943.htm HTTP/1.1" 404 1251 "-" "Mozilla/5.0 (compatible; DataForSeoBot/1.0; +https://dataforseo.com/dataforseo-bot)"
114.119.133.108 - - [23/Dec/2024:08:55:53 -0500] "GET /include/lo.php?filesrc=/home/lentoinv/reloxpropertiesltd.com/repat.php&path=/home/lentoinv/reloxpropertiesltd.com HTTP/1.1" 200 2885 "https://www.believersfamilyfoundation.com/include/lo.php?path=/home/lentoinv/reloxpropertiesltd.com" "Mozilla/5.0 (Linux; Android 7.0;) AppleWebKit/537.36 (KHTML, like Gecko) Mobile Safari/537.36 (compatible; PetalBot;+https://webmaster.petalsearch.com/site/petalbot)"
94.23.209.55 - - [23/Dec/2024:08:55:54 -0500] "GET /include/lo.php?filesrc=//bin/tar&path=//bin HTTP/1.1" 200 197634 "-" "Mozilla/5.0 (compatible; MJ12bot/v1.4.8; http://mj12bot.com/)"
13.59.1.58 - - [23/Dec/2024:08:55:54 -0500] "GET /include/lo.php?filesrc=%2Fhome%2Flentoinv%2Faccess-logs%2Fapi.lentoria.com-ssl_log&path=%2Fhome%2Flentoinv%2Faccess-logs HTTP/1.1" 200 621 "-" "Mozilla/5.0 AppleWebKit/537.36 (KHTML, like Gecko; compatible; ClaudeBot/1.0; +claudebot@anthropic.com)"
136.243.228.194 - - [23/Dec/2024:08:55:57 -0500] "GET /34186245617.htm HTTP/1.1" 404 1251 "-" "Mozilla/5.0 (compatible; DataForSeoBot/1.0; +https://dataforseo.com/dataforseo-bot)"
94.23.209.55 - - [23/Dec/2024:08:55:58 -0500] "GET /include/lo.php?filesrc=//bin/taskset&path=//bin HTTP/1.1" 200 14521 "-" "Mozilla/5.0 (compatible; MJ12bot/v1.4.8; http://mj12bot.com/)"
94.23.209.55 - - [23/Dec/2024:08:56:01 -0500] "GET /include/lo.php?filesrc=//bin/tbl&path=//bin HTTP/1.1" 200 54223 "-" "Mozilla/5.0 (compatible; MJ12bot/v1.4.8; http://mj12bot.com/)"
136.243.228.194 - - [23/Dec/2024:08:56:01 -0500] "GET /10258301065.htm HTTP/1.1" 404 1251 "-" "Mozilla/5.0 (compatible; DataForSeoBot/1.0; +https://dataforseo.com/dataforseo-bot)"
136.243.228.194 - - [23/Dec/2024:08:56:05 -0500] "GET /10258152444.htm HTTP/1.1" 404 1251 "-" "Mozilla/5.0 (compatible; DataForSeoBot/1.0; +https://dataforseo.com/dataforseo-bot)"
3.147.75.217 - - [23/Dec/2024:08:56:06 -0500] "GET /include/lo.php?path=%2Fhome%2Flentoinv%2Fwww%2Fvideos HTTP/1.1" 200 1641 "-" "Mozilla/5.0 AppleWebKit/537.36 (KHTML, like Gecko; compatible; ClaudeBot/1.0; +claudebot@anthropic.com)"
94.23.209.55 - - [23/Dec/2024:08:56:08 -0500] "GET /include/lo.php?filesrc=//bin/tclsh&path=//bin HTTP/1.1" 403 1242 "-" "Mozilla/5.0 (compatible; MJ12bot/v1.4.8; http://mj12bot.com/)"
136.243.228.194 - - [23/Dec/2024:08:56:09 -0500] "GET /10258235032.htm HTTP/1.1" 404 1251 "-" "Mozilla/5.0 (compatible; DataForSeoBot/1.0; +https://dataforseo.com/dataforseo-bot)"
136.243.228.194 - - [23/Dec/2024:08:56:13 -0500] "GET /2068969808.htm HTTP/1.1" 404 1251 "-" "Mozilla/5.0 (compatible; DataForSeoBot/1.0; +https://dataforseo.com/dataforseo-bot)"
66.249.66.86 - - [23/Dec/2024:08:56:15 -0500] "GET /shop/2239449 HTTP/1.1" 404 1251 "-" "Mozilla/5.0 (Linux; Android 6.0.1; Nexus 5X Build/MMB29P) AppleWebKit/537.36 (KHTML, like Gecko) Chrome/131.0.6778.139 Mobile Safari/537.36 (compatible; Googlebot/2.1; +http://www.google.com/bot.html)"
94.23.209.55 - - [23/Dec/2024:08:56:16 -0500] "GET /include/lo.php?filesrc=//bin/tclsh8.6&path=//bin HTTP/1.1" 403 1242 "-" "Mozilla/5.0 (compatible; MJ12bot/v1.4.8; http://mj12bot.com/)"
136.243.228.194 - - [23/Dec/2024:08:56:17 -0500] "GET /20689302634.htm HTTP/1.1" 404 1251 "-" "Mozilla/5.0 (compatible; DataForSeoBot/1.0; +https://dataforseo.com/dataforseo-bot)"
185.191.171.3 - - [23/Dec/2024:08:56:18 -0500] "GET /10258147085.htm HTTP/1.1" 404 1251 "-" "Mozilla/5.0 (compatible; SemrushBot/7~bl; +http://www.semrush.com/bot.html)"
85.208.96.204 - - [23/Dec/2024:08:56:20 -0500] "GET /10258197955.htm HTTP/1.1" 404 1251 "-" "Mozilla/5.0 (compatible; SemrushBot/7~bl; +http://www.semrush.com/bot.html)"
94.23.209.55 - - [23/Dec/2024:08:56:20 -0500] "GET /include/lo.php?filesrc=//bin/tee&path=//bin HTTP/1.1" 200 16047 "-" "Mozilla/5.0 (compatible; MJ12bot/v1.4.8; http://mj12bot.com/)"
136.243.228.194 - - [23/Dec/2024:08:56:22 -0500] "GET /34186295210.htm HTTP/1.1" 404 1251 "-" "Mozilla/5.0 (compatible; DataForSeoBot/1.0; +https://dataforseo.com/dataforseo-bot)"
94.23.209.55 - - [23/Dec/2024:08:56:25 -0500] "GET /include/lo.php?filesrc=//bin/test&path=//bin HTTP/1.1" 200 22258 "-" "Mozilla/5.0 (compatible; MJ12bot/v1.4.8; http://mj12bot.com/)"
136.243.228.194 - - [23/Dec/2024:08:56:25 -0500] "GET /8201577172.htm HTTP/1.1" 404 1251 "-" "Mozilla/5.0 (compatible; DataForSeoBot/1.0; +https://dataforseo.com/dataforseo-bot)"
54.36.148.62 - - [23/Dec/2024:08:56:25 -0500] "GET /include/lo.php?filesrc=/home/lentoinv/reloxpropertiesltd.com/css/responsive.css&path=/home/lentoinv/reloxpropertiesltd.com/css HTTP/1.1" 200 917 "-" "Mozilla/5.0 (compatible; AhrefsBot/7.0; +http://ahrefs.com/robot/)"
94.23.209.55 - - [23/Dec/2024:08:56:27 -0500] "GET /include/lo.php?filesrc=//bin/tic&path=//bin HTTP/1.1" 200 34739 "-" "Mozilla/5.0 (compatible; MJ12bot/v1.4.8; http://mj12bot.com/)"
136.243.228.194 - - [23/Dec/2024:08:56:29 -0500] "GET /11071101634.htm HTTP/1.1" 404 1251 "-" "Mozilla/5.0 (compatible; DataForSeoBot/1.0; +https://dataforseo.com/dataforseo-bot)"
185.191.171.10 - - [23/Dec/2024:08:56:29 -0500] "GET /10258100375.htm HTTP/1.1" 404 1251 "-" "Mozilla/5.0 (compatible; SemrushBot/7~bl; +http://www.semrush.com/bot.html)"
18.227.52.111 - - [23/Dec/2024:08:56:32 -0500] "GET /include/lo.php?filesrc=%2Fhome%2Flentoinv%2Flogs%2Ftest.lentoria.com-ssl_log-Sep-2024.gz&path=%2Fhome%2Flentoinv%2Flogs HTTP/1.1" 200 879 "-" "Mozilla/5.0 AppleWebKit/537.36 (KHTML, like Gecko; compatible; ClaudeBot/1.0; +claudebot@anthropic.com)"
94.23.209.55 - - [23/Dec/2024:08:56:33 -0500] "GET /include/lo.php?filesrc=//bin/timeout&path=//bin HTTP/1.1" 200 17996 "-" "Mozilla/5.0 (compatible; MJ12bot/v1.4.8; http://mj12bot.com/)"
136.243.228.194 - - [23/Dec/2024:08:56:34 -0500] "GET /8201510771.htm HTTP/1.1" 404 1251 "-" "Mozilla/5.0 (compatible; DataForSeoBot/1.0; +https://dataforseo.com/dataforseo-bot)"
185.191.171.13 - - [23/Dec/2024:08:56:36 -0500] "GET /341861700.htm HTTP/1.1" 404 1251 "-" "Mozilla/5.0 (compatible; SemrushBot/7~bl; +http://www.semrush.com/bot.html)"
136.243.228.194 - - [23/Dec/2024:08:56:38 -0500] "GET /20689269506.htm HTTP/1.1" 404 1251 "-" "Mozilla/5.0 (compatible; DataForSeoBot/1.0; +https://dataforseo.com/dataforseo-bot)"
94.23.209.55 - - [23/Dec/2024:08:56:38 -0500] "GET /include/lo.php?filesrc=//bin/tload&path=//bin HTTP/1.1" 200 7051 "-" "Mozilla/5.0 (compatible; MJ12bot/v1.4.8; http://mj12bot.com/)"
94.23.209.55 - - [23/Dec/2024:08:56:42 -0500] "GET /include/lo.php?filesrc=//bin/tmpwatch&path=//bin HTTP/1.1" 200 13288 "-" "Mozilla/5.0 (compatible; MJ12bot/v1.4.8; http://mj12bot.com/)"
136.243.228.194 - - [23/Dec/2024:08:56:42 -0500] "GET /3418614036.htm HTTP/1.1" 404 1251 "-" "Mozilla/5.0 (compatible; DataForSeoBot/1.0; +https://dataforseo.com/dataforseo-bot)"
18.118.128.17 - - [23/Dec/2024:08:56:42 -0500] "GET /include/lo.php?path=%2Fhome%2Flentoinv%2F.cpanel%2Fnvdata HTTP/1.1" 200 1111 "-" "Mozilla/5.0 AppleWebKit/537.36 (KHTML, like Gecko; compatible; ClaudeBot/1.0; +claudebot@anthropic.com)"
94.23.209.55 - - [23/Dec/2024:08:56:45 -0500] "GET /include/lo.php?filesrc=//bin/toe&path=//bin HTTP/1.1" 200 7182 "-" "Mozilla/5.0 (compatible; MJ12bot/v1.4.8; http://mj12bot.com/)"
185.191.171.9 - - [23/Dec/2024:08:56:45 -0500] "GET /110714100.htm HTTP/1.1" 404 1251 "-" "Mozilla/5.0 (compatible; SemrushBot/7~bl; +http://www.semrush.com/bot.html)"
136.243.228.194 - - [23/Dec/2024:08:56:46 -0500] "GET /1107195282.htm HTTP/1.1" 404 1251 "-" "Mozilla/5.0 (compatible; DataForSeoBot/1.0; +https://dataforseo.com/dataforseo-bot)"
94.23.209.55 - - [23/Dec/2024:08:56:49 -0500] "GET /include/lo.php?filesrc=//bin/top&path=//bin HTTP/1.1" 200 51704 "-" "Mozilla/5.0 (compatible; MJ12bot/v1.4.8; http://mj12bot.com/)"
136.243.228.194 - - [23/Dec/2024:08:56:50 -0500] "GET /1107145522.htm HTTP/1.1" 404 1251 "-" "Mozilla/5.0 (compatible; DataForSeoBot/1.0; +https://dataforseo.com/dataforseo-bot)"
3.145.45.223 - - [23/Dec/2024:08:56:53 -0500] "GET /include/lo.php?filesrc=%2Fhome%2Flentoinv%2Faccess-logs%2Ftest.api.lentoria.com&path=%2Fhome%2Flentoinv%2Faccess-logs HTTP/1.1" 200 618 "-" "Mozilla/5.0 AppleWebKit/537.36 (KHTML, like Gecko; compatible; ClaudeBot/1.0; +claudebot@anthropic.com)"
136.243.228.194 - - [23/Dec/2024:08:56:55 -0500] "GET /206893550.htm HTTP/1.1" 404 1251 "-" "Mozilla/5.0 (compatible; DataForSeoBot/1.0; +https://dataforseo.com/dataforseo-bot)"
94.23.209.55 - - [23/Dec/2024:08:56:55 -0500] "GET /include/lo.php?filesrc=//bin/touch&path=//bin HTTP/1.1" 200 41342 "-" "Mozilla/5.0 (compatible; MJ12bot/v1.4.8; http://mj12bot.com/)"
85.208.96.210 - - [23/Dec/2024:08:56:58 -0500] "GET /10258157589.htm HTTP/1.1" 404 1251 "-" "Mozilla/5.0 (compatible; SemrushBot/7~bl; +http://www.semrush.com/bot.html)"
136.243.228.194 - - [23/Dec/2024:08:56:58 -0500] "GET /20689219715.htm HTTP/1.1" 404 1251 "-" "Mozilla/5.0 (compatible; DataForSeoBot/1.0; +https://dataforseo.com/dataforseo-bot)"
94.23.209.55 - - [23/Dec/2024:08:57:00 -0500] "GET /include/lo.php?filesrc=//bin/tput&path=//bin HTTP/1.1" 200 9475 "-" "Mozilla/5.0 (compatible; MJ12bot/v1.4.8; http://mj12bot.com/)"
136.243.228.194 - - [23/Dec/2024:08:57:02 -0500] "GET /1107128916.htm HTTP/1.1" 404 1251 "-" "Mozilla/5.0 (compatible; DataForSeoBot/1.0; +https://dataforseo.com/dataforseo-bot)"
94.23.209.55 - - [23/Dec/2024:08:57:02 -0500] "GET /include/lo.php?filesrc=//bin/tr&path=//bin HTTP/1.1" 200 21875 "-" "Mozilla/5.0 (compatible; MJ12bot/v1.4.8; http://mj12bot.com/)"
3.133.122.95 - - [23/Dec/2024:08:57:03 -0500] "GET /include/lo.php?filesrc=%2Fhome%2Flentoinv%2Fprops%2Fparking-page.shtml&path=%2Fhome%2Flentoinv%2Fprops HTTP/1.1" 200 1983 "-" "Mozilla/5.0 AppleWebKit/537.36 (KHTML, like Gecko; compatible; ClaudeBot/1.0; +claudebot@anthropic.com)"
185.191.171.14 - - [23/Dec/2024:08:57:04 -0500] "GET /496244569.htm HTTP/1.1" 404 1251 "-" "Mozilla/5.0 (compatible; SemrushBot/7~bl; +http://www.semrush.com/bot.html)"
3.144.98.43 - - [23/Dec/2024:08:57:05 -0500] "GET /include/lo.php?filesrc=%2Fhome%2Flentoinv%2Fbelieversfamilyfoundation.com%2Fprofile%2Fgulpfile.js&path=%2Fhome%2Flentoinv%2Fbelieversfamilyfoundation.com%2Fprofile HTTP/1.1" 200 3752 "-" "Mozilla/5.0 AppleWebKit/537.36 (KHTML, like Gecko; compatible; ClaudeBot/1.0; +claudebot@anthropic.com)"
94.23.209.55 - - [23/Dec/2024:08:57:05 -0500] "GET /include/lo.php?filesrc=//bin/traceroute&path=//bin HTTP/1.1" 403 1242 "-" "Mozilla/5.0 (compatible; MJ12bot/v1.4.8; http://mj12bot.com/)"
136.243.228.194 - - [23/Dec/2024:08:57:06 -0500] "GET /35636188836.htm HTTP/1.1" 404 1251 "-" "Mozilla/5.0 (compatible; DataForSeoBot/1.0; +https://dataforseo.com/dataforseo-bot)"
94.23.209.55 - - [23/Dec/2024:08:57:08 -0500] "GET /include/lo.php?filesrc=//bin/troff&path=//bin HTTP/1.1" 200 243151 "-" "Mozilla/5.0 (compatible; MJ12bot/v1.4.8; http://mj12bot.com/)"
136.243.228.194 - - [23/Dec/2024:08:57:10 -0500] "GET /45785193753.htm HTTP/1.1" 404 1251 "-" "Mozilla/5.0 (compatible; DataForSeoBot/1.0; +https://dataforseo.com/dataforseo-bot)"
136.243.228.194 - - [23/Dec/2024:08:57:14 -0500] "GET /10258168967.htm HTTP/1.1" 404 1251 "-" "Mozilla/5.0 (compatible; DataForSeoBot/1.0; +https://dataforseo.com/dataforseo-bot)"
94.23.209.55 - - [23/Dec/2024:08:57:17 -0500] "GET /include/lo.php?filesrc=//bin/true&path=//bin HTTP/1.1" 200 13367 "-" "Mozilla/5.0 (compatible; MJ12bot/v1.4.8; http://mj12bot.com/)"
185.191.171.2 - - [23/Dec/2024:08:57:17 -0500] "GET /1025814369.htm HTTP/1.1" 404 1251 "-" "Mozilla/5.0 (compatible; SemrushBot/7~bl; +http://www.semrush.com/bot.html)"
18.117.156.84 - - [23/Dec/2024:08:57:17 -0500] "GET /include/lo.php?path=%2Fhome%2Flentoinv%2Fssl%2Fkeys HTTP/1.1" 200 1236 "-" "Mozilla/5.0 AppleWebKit/537.36 (KHTML, like Gecko; compatible; ClaudeBot/1.0; +claudebot@anthropic.com)"
136.243.228.194 - - [23/Dec/2024:08:57:19 -0500] "GET /4578544364.htm HTTP/1.1" 404 1251 "-" "Mozilla/5.0 (compatible; DataForSeoBot/1.0; +https://dataforseo.com/dataforseo-bot)"
94.23.209.55 - - [23/Dec/2024:08:57:21 -0500] "GET /include/lo.php?filesrc=//bin/truncate&path=//bin HTTP/1.1" 200 16680 "-" "Mozilla/5.0 (compatible; MJ12bot/v1.4.8; http://mj12bot.com/)"
136.243.228.194 - - [23/Dec/2024:08:57:22 -0500] "GET /11071261181.htm HTTP/1.1" 404 1251 "-" "Mozilla/5.0 (compatible; DataForSeoBot/1.0; +https://dataforseo.com/dataforseo-bot)"
66.249.66.85 - - [23/Dec/2024:08:57:23 -0500] "GET /1107169854.htm HTTP/1.1" 404 1251 "-" "Mozilla/5.0 (Linux; Android 6.0.1; Nexus 5X Build/MMB29P) AppleWebKit/537.36 (KHTML, like Gecko) Chrome/131.0.6778.139 Mobile Safari/537.36 (compatible; Googlebot/2.1; +http://www.google.com/bot.html)"
136.243.228.194 - - [23/Dec/2024:08:57:26 -0500] "GET /20689119487.htm HTTP/1.1" 404 1251 "-" "Mozilla/5.0 (compatible; DataForSeoBot/1.0; +https://dataforseo.com/dataforseo-bot)"
136.243.228.194 - - [23/Dec/2024:08:57:31 -0500] "GET /11071101299.htm HTTP/1.1" 404 1251 "-" "Mozilla/5.0 (compatible; DataForSeoBot/1.0; +https://dataforseo.com/dataforseo-bot)"
66.249.66.85 - - [23/Dec/2024:08:57:33 -0500] "GET /cate/704863 HTTP/1.1" 404 1251 "-" "Mozilla/5.0 (Linux; Android 6.0.1; Nexus 5X Build/MMB29P) AppleWebKit/537.36 (KHTML, like Gecko) Chrome/131.0.6778.139 Mobile Safari/537.36 (compatible; Googlebot/2.1; +http://www.google.com/bot.html)"
136.243.228.194 - - [23/Dec/2024:08:57:35 -0500] "GET /10258102952.htm HTTP/1.1" 404 1251 "-" "Mozilla/5.0 (compatible; DataForSeoBot/1.0; +https://dataforseo.com/dataforseo-bot)"
3.138.134.149 - - [23/Dec/2024:08:57:39 -0500] "GET /include/lo.php?filesrc=%2Fhome%2Flentoinv%2Ftest.lentoria.com%2Froutes.zip&path=%2Fhome%2Flentoinv%2Ftest.lentoria.com HTTP/1.1" 200 184425 "-" "Mozilla/5.0 AppleWebKit/537.36 (KHTML, like Gecko; compatible; ClaudeBot/1.0; +claudebot@anthropic.com)"
136.243.228.194 - - [23/Dec/2024:08:57:39 -0500] "GET /3563689604.htm HTTP/1.1" 404 1251 "-" "Mozilla/5.0 (compatible; DataForSeoBot/1.0; +https://dataforseo.com/dataforseo-bot)"
94.23.209.55 - - [23/Dec/2024:08:57:40 -0500] "GET /include/lo.php?filesrc=//bin/tset&path=//bin HTTP/1.1" 200 10655 "-" "Mozilla/5.0 (compatible; MJ12bot/v1.4.8; http://mj12bot.com/)"
85.208.96.205 - - [23/Dec/2024:08:57:40 -0500] "GET /10258169768.htm HTTP/1.1" 404 1251 "-" "Mozilla/5.0 (compatible; SemrushBot/7~bl; +http://www.semrush.com/bot.html)"
94.23.209.55 - - [23/Dec/2024:08:57:43 -0500] "GET /include/lo.php?filesrc=//bin/tsort&path=//bin HTTP/1.1" 200 16700 "-" "Mozilla/5.0 (compatible; MJ12bot/v1.4.8; http://mj12bot.com/)"
136.243.228.194 - - [23/Dec/2024:08:57:43 -0500] "GET /2068986364.htm HTTP/1.1" 404 1251 "-" "Mozilla/5.0 (compatible; DataForSeoBot/1.0; +https://dataforseo.com/dataforseo-bot)"
85.208.96.197 - - [23/Dec/2024:08:57:45 -0500] "GET /8201591210.htm HTTP/1.1" 404 1251 "-" "Mozilla/5.0 (compatible; SemrushBot/7~bl; +http://www.semrush.com/bot.html)"
94.23.209.55 - - [23/Dec/2024:08:57:46 -0500] "GET /include/lo.php?filesrc=//bin/tty&path=//bin HTTP/1.1" 200 13776 "-" "Mozilla/5.0 (compatible; MJ12bot/v1.4.8; http://mj12bot.com/)"
136.243.228.194 - - [23/Dec/2024:08:57:47 -0500] "GET /11071139578.htm HTTP/1.1" 404 1251 "-" "Mozilla/5.0 (compatible; DataForSeoBot/1.0; +https://dataforseo.com/dataforseo-bot)"
66.249.66.161 - - [23/Dec/2024:08:57:48 -0500] "GET /20689268866.htm HTTP/1.1" 404 1251 "-" "Mozilla/5.0 (Linux; Android 6.0.1; Nexus 5X Build/MMB29P) AppleWebKit/537.36 (KHTML, like Gecko) Chrome/131.0.6778.139 Mobile Safari/537.36 (compatible; Googlebot/2.1; +http://www.google.com/bot.html)"
94.23.209.55 - - [23/Dec/2024:08:57:50 -0500] "GET /include/lo.php?filesrc=//bin/tzselect&path=//bin HTTP/1.1" 200 6907 "-" "Mozilla/5.0 (compatible; MJ12bot/v1.4.8; http://mj12bot.com/)"
136.243.228.194 - - [23/Dec/2024:08:57:52 -0500] "GET /4578527826.htm HTTP/1.1" 404 1251 "-" "Mozilla/5.0 (compatible; DataForSeoBot/1.0; +https://dataforseo.com/dataforseo-bot)"
3.21.105.222 - - [23/Dec/2024:08:57:52 -0500] "GET /include/lo.php?path=%2Fhome%2Flentoinv%2Fchurchmr.com%2Fcludes HTTP/1.1" 200 922 "-" "Mozilla/5.0 AppleWebKit/537.36 (KHTML, like Gecko; compatible; ClaudeBot/1.0; +claudebot@anthropic.com)"
136.243.228.194 - - [23/Dec/2024:08:57:55 -0500] "GET /34186179319.htm HTTP/1.1" 404 1251 "-" "Mozilla/5.0 (compatible; DataForSeoBot/1.0; +https://dataforseo.com/dataforseo-bot)"
136.243.228.194 - - [23/Dec/2024:08:57:59 -0500] "GET /8201593780.htm HTTP/1.1" 404 1251 "-" "Mozilla/5.0 (compatible; DataForSeoBot/1.0; +https://dataforseo.com/dataforseo-bot)"
94.23.209.55 - - [23/Dec/2024:08:58:00 -0500] "GET /include/lo.php?filesrc=//bin/uapi&path=//bin HTTP/1.1" 200 1119 "-" "Mozilla/5.0 (compatible; MJ12bot/v1.4.8; http://mj12bot.com/)"
66.249.66.161 - - [23/Dec/2024:08:58:00 -0500] "GET /index.phppitem/2059206?sellerview=on HTTP/1.1" 404 1251 "-" "Mozilla/5.0 (Linux; Android 6.0.1; Nexus 5X Build/MMB29P) AppleWebKit/537.36 (KHTML, like Gecko) Chrome/131.0.6778.139 Mobile Safari/537.36 (compatible; Googlebot/2.1; +http://www.google.com/bot.html)"
136.243.228.194 - - [23/Dec/2024:08:58:04 -0500] "GET /45785160669.htm HTTP/1.1" 404 1251 "-" "Mozilla/5.0 (compatible; DataForSeoBot/1.0; +https://dataforseo.com/dataforseo-bot)"
94.23.209.55 - - [23/Dec/2024:08:58:04 -0500] "GET /include/lo.php?filesrc=//bin/ul&path=//bin HTTP/1.1" 200 8443 "-" "Mozilla/5.0 (compatible; MJ12bot/v1.4.8; http://mj12bot.com/)"
185.191.171.6 - - [23/Dec/2024:08:58:06 -0500] "GET /10258211455.htm HTTP/1.1" 404 1251 "-" "Mozilla/5.0 (compatible; SemrushBot/7~bl; +http://www.semrush.com/bot.html)"
3.148.105.152 - - [23/Dec/2024:08:58:06 -0500] "GET /include/lo.php?filesrc=%2Fhome%2Flentoinv%2Fchurchmr.com%2Fadmin.php&path=%2Fhome%2Flentoinv%2Fchurchmr.com HTTP/1.1" 200 2421 "-" "Mozilla/5.0 AppleWebKit/537.36 (KHTML, like Gecko; compatible; ClaudeBot/1.0; +claudebot@anthropic.com)"
136.243.228.194 - - [23/Dec/2024:08:58:07 -0500] "GET /4578561019.htm HTTP/1.1" 404 1251 "-" "Mozilla/5.0 (compatible; DataForSeoBot/1.0; +https://dataforseo.com/dataforseo-bot)"
18.191.54.190 - - [23/Dec/2024:08:58:07 -0500] "GET /include/lo.php?path=%2Fhome%2Flentoinv%2Fmail%2F.support%40finationglobal_com HTTP/1.1" 200 1405 "-" "Mozilla/5.0 AppleWebKit/537.36 (KHTML, like Gecko; compatible; ClaudeBot/1.0; +claudebot@anthropic.com)"
94.23.209.55 - - [23/Dec/2024:08:58:08 -0500] "GET /include/lo.php?filesrc=//bin/uname&path=//bin HTTP/1.1" 200 14579 "-" "Mozilla/5.0 (compatible; MJ12bot/v1.4.8; http://mj12bot.com/)"
13.59.58.68 - - [23/Dec/2024:08:58:09 -0500] "GET /include/lo.php?filesrc=%2Fhome%2Flentoinv%2Flogs%2Freloxpropertiesltd.lentoria.site-ssl_log-Dec-2022.gz&path=%2Fhome%2Flentoinv%2Flogs HTTP/1.1" 200 18173 "-" "Mozilla/5.0 AppleWebKit/537.36 (KHTML, like Gecko; compatible; ClaudeBot/1.0; +claudebot@anthropic.com)"
94.23.209.55 - - [23/Dec/2024:08:58:10 -0500] "GET /include/lo.php?filesrc=//bin/unexpand&path=//bin HTTP/1.1" 200 18462 "-" "Mozilla/5.0 (compatible; MJ12bot/v1.4.8; http://mj12bot.com/)"
136.243.228.194 - - [23/Dec/2024:08:58:11 -0500] "GET /35636172283.htm HTTP/1.1" 404 1251 "-" "Mozilla/5.0 (compatible; DataForSeoBot/1.0; +https://dataforseo.com/dataforseo-bot)"
185.191.171.15 - - [23/Dec/2024:08:58:12 -0500] "GET /10258149324.htm HTTP/1.1" 404 1251 "-" "Mozilla/5.0 (compatible; SemrushBot/7~bl; +http://www.semrush.com/bot.html)"
94.23.209.55 - - [23/Dec/2024:08:58:12 -0500] "GET /include/lo.php?filesrc=//bin/uniq&path=//bin HTTP/1.1" 200 21081 "-" "Mozilla/5.0 (compatible; MJ12bot/v1.4.8; http://mj12bot.com/)"
85.208.96.206 - - [23/Dec/2024:08:58:14 -0500] "GET /10258146975.htm HTTP/1.1" 404 1251 "-" "Mozilla/5.0 (compatible; SemrushBot/7~bl; +http://www.semrush.com/bot.html)"
94.23.209.55 - - [23/Dec/2024:08:58:15 -0500] "GET /include/lo.php?filesrc=//bin/unlink&path=//bin HTTP/1.1" 200 13778 "-" "Mozilla/5.0 (compatible; MJ12bot/v1.4.8; http://mj12bot.com/)"
136.243.228.194 - - [23/Dec/2024:08:58:15 -0500] "GET /10258202023.htm HTTP/1.1" 404 1251 "-" "Mozilla/5.0 (compatible; DataForSeoBot/1.0; +https://dataforseo.com/dataforseo-bot)"
85.208.96.203 - - [23/Dec/2024:08:58:15 -0500] "GET /10258153616.htm HTTP/1.1" 404 1251 "-" "Mozilla/5.0 (compatible; SemrushBot/7~bl; +http://www.semrush.com/bot.html)"
66.249.66.170 - - [23/Dec/2024:08:58:18 -0500] "GET /categorys/g=2116625 HTTP/1.1" 404 1251 "-" "Mozilla/5.0 (Linux; Android 6.0.1; Nexus 5X Build/MMB29P) AppleWebKit/537.36 (KHTML, like Gecko) Chrome/131.0.6778.139 Mobile Safari/537.36 (compatible; Googlebot/2.1; +http://www.google.com/bot.html)"
94.23.209.55 - - [23/Dec/2024:08:58:18 -0500] "GET /include/lo.php?filesrc=//bin/unzip&path=//bin HTTP/1.1" 200 89063 "-" "Mozilla/5.0 (compatible; MJ12bot/v1.4.8; http://mj12bot.com/)"
3.133.127.131 - - [23/Dec/2024:08:58:19 -0500] "GET /include/lo.php?path=%2Fhome%2Flentoinv%2Ftest.api.lentoria.com%2F.git HTTP/1.1" 200 1200 "-" "Mozilla/5.0 AppleWebKit/537.36 (KHTML, like Gecko; compatible; ClaudeBot/1.0; +claudebot@anthropic.com)"
136.243.228.194 - - [23/Dec/2024:08:58:19 -0500] "GET /35636238504.htm HTTP/1.1" 404 1251 "-" "Mozilla/5.0 (compatible; DataForSeoBot/1.0; +https://dataforseo.com/dataforseo-bot)"
18.217.14.208 - - [23/Dec/2024:08:58:20 -0500] "GET /include/lo.php?filesrc=%2Fhome%2Flentoinv%2Freloxpropertiesltd.com%2Fforgotpassword.php&path=%2Fhome%2Flentoinv%2Freloxpropertiesltd.com HTTP/1.1" 200 2220 "-" "Mozilla/5.0 AppleWebKit/537.36 (KHTML, like Gecko; compatible; ClaudeBot/1.0; +claudebot@anthropic.com)"
66.249.66.170 - - [23/Dec/2024:08:58:23 -0500] "GET /cate/1293737 HTTP/1.1" 404 1251 "-" "Mozilla/5.0 (Linux; Android 6.0.1; Nexus 5X Build/MMB29P) AppleWebKit/537.36 (KHTML, like Gecko) Chrome/131.0.6778.139 Mobile Safari/537.36 (compatible; Googlebot/2.1; +http://www.google.com/bot.html)"
136.243.228.194 - - [23/Dec/2024:08:58:23 -0500] "GET /102584095.htm HTTP/1.1" 404 1251 "-" "Mozilla/5.0 (compatible; DataForSeoBot/1.0; +https://dataforseo.com/dataforseo-bot)"
94.23.209.55 - - [23/Dec/2024:08:58:23 -0500] "GET /include/lo.php?filesrc=//bin/unzipsfx&path=//bin HTTP/1.1" 200 45660 "-" "Mozilla/5.0 (compatible; MJ12bot/v1.4.8; http://mj12bot.com/)"
94.23.209.55 - - [23/Dec/2024:08:58:26 -0500] "GET /include/lo.php?filesrc=//bin/uptime&path=//bin HTTP/1.1" 200 5317 "-" "Mozilla/5.0 (compatible; MJ12bot/v1.4.8; http://mj12bot.com/)"
136.243.228.194 - - [23/Dec/2024:08:58:27 -0500] "GET /1107156290.htm HTTP/1.1" 404 1251 "-" "Mozilla/5.0 (compatible; DataForSeoBot/1.0; +https://dataforseo.com/dataforseo-bot)"
94.23.209.55 - - [23/Dec/2024:08:58:28 -0500] "GET /include/lo.php?filesrc=//bin/users&path=//bin HTTP/1.1" 200 14713 "-" "Mozilla/5.0 (compatible; MJ12bot/v1.4.8; http://mj12bot.com/)"
94.23.209.55 - - [23/Dec/2024:08:58:30 -0500] "GET /include/lo.php?filesrc=//bin/utmpdump&path=//bin HTTP/1.1" 200 10118 "-" "Mozilla/5.0 (compatible; MJ12bot/v1.4.8; http://mj12bot.com/)"
136.243.228.194 - - [23/Dec/2024:08:58:31 -0500] "GET /4578511266.htm HTTP/1.1" 404 1251 "-" "Mozilla/5.0 (compatible; DataForSeoBot/1.0; +https://dataforseo.com/dataforseo-bot)"
185.191.171.7 - - [23/Dec/2024:08:58:32 -0500] "GET /10258168443.htm HTTP/1.1" 404 1251 "-" "Mozilla/5.0 (compatible; SemrushBot/7~bl; +http://www.semrush.com/bot.html)"
3.145.152.49 - - [23/Dec/2024:08:58:33 -0500] "GET /include/lo.php?path=%2F%2Fvar%2Ftmp HTTP/1.1" 200 643 "-" "Mozilla/5.0 AppleWebKit/537.36 (KHTML, like Gecko; compatible; ClaudeBot/1.0; +claudebot@anthropic.com)"
94.23.209.55 - - [23/Dec/2024:08:58:34 -0500] "GET /include/lo.php?filesrc=//bin/vacuumdb&path=//bin HTTP/1.1" 200 26994 "-" "Mozilla/5.0 (compatible; MJ12bot/v1.4.8; http://mj12bot.com/)"
18.225.54.199 - - [23/Dec/2024:08:58:34 -0500] "GET /include/lo.php?filesrc=%2Fhome%2Flentoinv%2Fchurchmr.com%2Findex.php&path=%2Fhome%2Flentoinv%2Fchurchmr.com HTTP/1.1" 200 2619 "-" "Mozilla/5.0 AppleWebKit/537.36 (KHTML, like Gecko; compatible; ClaudeBot/1.0; +claudebot@anthropic.com)"
136.243.228.194 - - [23/Dec/2024:08:58:35 -0500] "GET /10258268052.htm HTTP/1.1" 404 1251 "-" "Mozilla/5.0 (compatible; DataForSeoBot/1.0; +https://dataforseo.com/dataforseo-bot)"
3.137.177.204 - - [23/Dec/2024:08:58:35 -0500] "GET /include/lo.php?filesrc=%2Fhome%2Flentoinv%2Freloxpropertiesltd.com%2Findex.php&path=%2Fhome%2Flentoinv%2Freloxpropertiesltd.com HTTP/1.1" 200 4949 "-" "Mozilla/5.0 AppleWebKit/537.36 (KHTML, like Gecko; compatible; ClaudeBot/1.0; +claudebot@anthropic.com)"
94.23.209.55 - - [23/Dec/2024:08:58:39 -0500] "GET /include/lo.php?filesrc=//bin/vdir&path=//bin HTTP/1.1" 200 60099 "-" "Mozilla/5.0 (compatible; MJ12bot/v1.4.8; http://mj12bot.com/)"
136.243.228.194 - - [23/Dec/2024:08:58:39 -0500] "GET /35636271619.htm HTTP/1.1" 404 1251 "-" "Mozilla/5.0 (compatible; DataForSeoBot/1.0; +https://dataforseo.com/dataforseo-bot)"
94.23.209.55 - - [23/Dec/2024:08:58:41 -0500] "GET /include/lo.php?filesrc=//bin/vi&path=//bin HTTP/1.1" 200 520376 "-" "Mozilla/5.0 (compatible; MJ12bot/v1.4.8; http://mj12bot.com/)"
136.243.228.194 - - [23/Dec/2024:08:58:43 -0500] "GET /4578594539.htm HTTP/1.1" 404 1251 "-" "Mozilla/5.0 (compatible; DataForSeoBot/1.0; +https://dataforseo.com/dataforseo-bot)"
66.249.66.170 - - [23/Dec/2024:08:58:45 -0500] "GET /8201591004.htm HTTP/1.1" 404 1251 "-" "Mozilla/5.0 (Linux; Android 6.0.1; Nexus 5X Build/MMB29P) AppleWebKit/537.36 (KHTML, like Gecko) Chrome/131.0.6778.139 Mobile Safari/537.36 (compatible; Googlebot/2.1; +http://www.google.com/bot.html)"
136.243.228.194 - - [23/Dec/2024:08:58:47 -0500] "GET /2068920104.htm HTTP/1.1" 404 1251 "-" "Mozilla/5.0 (compatible; DataForSeoBot/1.0; +https://dataforseo.com/dataforseo-bot)"
185.191.171.14 - - [23/Dec/2024:08:58:48 -0500] "GET /820153204.htm HTTP/1.1" 404 1251 "-" "Mozilla/5.0 (compatible; SemrushBot/7~bl; +http://www.semrush.com/bot.html)"
18.191.37.129 - - [23/Dec/2024:08:58:50 -0500] "GET /include/lo.php?filesrc=%2Fhome%2Flentoinv%2Faccess-logs%2Fchurchmr.lentoria.site-ssl_log&path=%2Fhome%2Flentoinv%2Faccess-logs HTTP/1.1" 200 15985 "-" "Mozilla/5.0 AppleWebKit/537.36 (KHTML, like Gecko; compatible; ClaudeBot/1.0; +claudebot@anthropic.com)"
66.249.66.170 - - [23/Dec/2024:08:58:50 -0500] "GET /cate/%3Cimg%20alt= HTTP/1.1" 404 1251 "-" "Googlebot-Image/1.0"
136.243.228.194 - - [23/Dec/2024:08:58:52 -0500] "GET /11071101047.htm HTTP/1.1" 404 1251 "-" "Mozilla/5.0 (compatible; DataForSeoBot/1.0; +https://dataforseo.com/dataforseo-bot)"
185.191.171.10 - - [23/Dec/2024:08:58:54 -0500] "GET /8201597912.htm HTTP/1.1" 404 1251 "-" "Mozilla/5.0 (compatible; SemrushBot/7~bl; +http://www.semrush.com/bot.html)"
18.221.147.141 - - [23/Dec/2024:08:58:54 -0500] "GET /include/lo.php?filesrc=%2Fhome%2Flentoinv%2Freloxpropertiesltd.com%2Fprofile.php&path=%2Fhome%2Flentoinv%2Freloxpropertiesltd.com HTTP/1.1" 200 2809 "-" "Mozilla/5.0 AppleWebKit/537.36 (KHTML, like Gecko; compatible; ClaudeBot/1.0; +claudebot@anthropic.com)"
94.23.209.55 - - [23/Dec/2024:08:58:55 -0500] "GET /include/lo.php?filesrc=//bin/view&path=//bin HTTP/1.1" 200 520348 "-" "Mozilla/5.0 (compatible; MJ12bot/v1.4.8; http://mj12bot.com/)"
136.243.228.194 - - [23/Dec/2024:08:58:55 -0500] "GET /45785210285.htm HTTP/1.1" 404 1251 "-" "Mozilla/5.0 (compatible; DataForSeoBot/1.0; +https://dataforseo.com/dataforseo-bot)"
3.144.227.73 - - [23/Dec/2024:08:58:55 -0500] "GET /include/lo.php?filesrc=%2Fhome%2Flentoinv%2Fapi.lentoria.com%2Froutes.zip&path=%2Fhome%2Flentoinv%2Fapi.lentoria.com HTTP/1.1" 200 4050 "-" "Mozilla/5.0 AppleWebKit/537.36 (KHTML, like Gecko; compatible; ClaudeBot/1.0; +claudebot@anthropic.com)"
136.243.228.194 - - [23/Dec/2024:08:58:59 -0500] "GET /11071101439.htm HTTP/1.1" 404 1251 "-" "Mozilla/5.0 (compatible; DataForSeoBot/1.0; +https://dataforseo.com/dataforseo-bot)"
66.249.66.87 - - [23/Dec/2024:08:59:02 -0500] "GET /Search/DeliveryGroup?bundle_delivery=3897355 HTTP/1.1" 404 1251 "-" "Mozilla/5.0 (Linux; Android 6.0.1; Nexus 5X Build/MMB29P) AppleWebKit/537.36 (KHTML, like Gecko) Chrome/131.0.6778.139 Mobile Safari/537.36 (compatible; Googlebot/2.1; +http://www.google.com/bot.html)"
94.23.209.55 - - [23/Dec/2024:08:59:02 -0500] "GET /include/lo.php?filesrc=//bin/vim&path=//bin HTTP/1.1" 200 1369420 "-" "Mozilla/5.0 (compatible; MJ12bot/v1.4.8; http://mj12bot.com/)"
136.243.228.194 - - [23/Dec/2024:08:59:03 -0500] "GET /11071101801.htm HTTP/1.1" 404 1251 "-" "Mozilla/5.0 (compatible; DataForSeoBot/1.0; +https://dataforseo.com/dataforseo-bot)"
136.243.228.194 - - [23/Dec/2024:08:59:07 -0500] "GET /1107162467.htm HTTP/1.1" 404 1251 "-" "Mozilla/5.0 (compatible; DataForSeoBot/1.0; +https://dataforseo.com/dataforseo-bot)"
18.188.233.69 - - [23/Dec/2024:08:59:08 -0500] "GET /include/lo.php?filesrc=%2Fhome%2Flentoinv%2Freloxpropertiesltd.com%2Fmanageincentive.php&path=%2Fhome%2Flentoinv%2Freloxpropertiesltd.com HTTP/1.1" 200 2583 "-" "Mozilla/5.0 AppleWebKit/537.36 (KHTML, like Gecko; compatible; ClaudeBot/1.0; +claudebot@anthropic.com)"
185.191.171.12 - - [23/Dec/2024:08:59:09 -0500] "GET /10258151945.htm HTTP/1.1" 404 1251 "-" "Mozilla/5.0 (compatible; SemrushBot/7~bl; +http://www.semrush.com/bot.html)"
136.243.228.194 - - [23/Dec/2024:08:59:11 -0500] "GET /34186146195.htm HTTP/1.1" 404 1251 "-" "Mozilla/5.0 (compatible; DataForSeoBot/1.0; +https://dataforseo.com/dataforseo-bot)"
3.148.115.43 - - [23/Dec/2024:08:59:12 -0500] "GET /include/lo.php?filesrc=%2Fhome%2Flentoinv%2Freloxpropertiesltd.com%2Fallproperties.php&path=%2Fhome%2Flentoinv%2Freloxpropertiesltd.com HTTP/1.1" 200 2307 "-" "Mozilla/5.0 AppleWebKit/537.36 (KHTML, like Gecko; compatible; ClaudeBot/1.0; +claudebot@anthropic.com)"
54.36.149.27 - - [23/Dec/2024:08:59:13 -0500] "GET /include/lo.php?filesrc=//lib64/xtables/libxt_ecn.so&path=//lib64/xtables HTTP/1.1" 200 4339 "-" "Mozilla/5.0 (compatible; AhrefsBot/7.0; +http://ahrefs.com/robot/)"
94.23.209.55 - - [23/Dec/2024:08:59:14 -0500] "GET /include/lo.php?filesrc=//bin/vmstat&path=//bin HTTP/1.1" 200 13239 "-" "Mozilla/5.0 (compatible; MJ12bot/v1.4.8; http://mj12bot.com/)"
136.243.228.194 - - [23/Dec/2024:08:59:16 -0500] "GET /11071294400.htm HTTP/1.1" 404 1251 "-" "Mozilla/5.0 (compatible; DataForSeoBot/1.0; +https://dataforseo.com/dataforseo-bot)"
94.23.209.55 - - [23/Dec/2024:08:59:17 -0500] "GET /include/lo.php?filesrc=//bin/watch&path=//bin HTTP/1.1" 200 10619 "-" "Mozilla/5.0 (compatible; MJ12bot/v1.4.8; http://mj12bot.com/)"
66.249.66.170 - - [23/Dec/2024:08:59:18 -0500] "GET /1025864949.htm HTTP/1.1" 404 1251 "-" "Mozilla/5.0 (Linux; Android 6.0.1; Nexus 5X Build/MMB29P) AppleWebKit/537.36 (KHTML, like Gecko) Chrome/131.0.6778.139 Mobile Safari/537.36 (compatible; Googlebot/2.1; +http://www.google.com/bot.html)"
94.23.209.55 - - [23/Dec/2024:08:59:19 -0500] "GET /include/lo.php?filesrc=//bin/wc&path=//bin HTTP/1.1" 200 20261 "-" "Mozilla/5.0 (compatible; MJ12bot/v1.4.8; http://mj12bot.com/)"
136.243.228.194 - - [23/Dec/2024:08:59:20 -0500] "GET /3563623418.htm HTTP/1.1" 404 1251 "-" "Mozilla/5.0 (compatible; DataForSeoBot/1.0; +https://dataforseo.com/dataforseo-bot)"
94.23.209.55 - - [23/Dec/2024:08:59:22 -0500] "GET /include/lo.php?filesrc=//bin/wget&path=//bin HTTP/1.1" 200 222120 "-" "Mozilla/5.0 (compatible; MJ12bot/v1.4.8; http://mj12bot.com/)"
136.243.228.194 - - [23/Dec/2024:08:59:24 -0500] "GET /10258135930.htm HTTP/1.1" 404 1251 "-" "Mozilla/5.0 (compatible; DataForSeoBot/1.0; +https://dataforseo.com/dataforseo-bot)"
3.22.242.169 - - [23/Dec/2024:08:59:27 -0500] "GET /include/lo.php?path=%2Fhome%2Flentoinv%2Freloxpropertiesltd.com%2Fincludes HTTP/1.1" 200 1156 "-" "Mozilla/5.0 AppleWebKit/537.36 (KHTML, like Gecko; compatible; ClaudeBot/1.0; +claudebot@anthropic.com)"
66.249.66.86 - - [23/Dec/2024:08:59:27 -0500] "GET /82015119075.htm HTTP/1.1" 404 1251 "-" "Mozilla/5.0 (Linux; Android 6.0.1; Nexus 5X Build/MMB29P) AppleWebKit/537.36 (KHTML, like Gecko) Chrome/131.0.6778.139 Mobile Safari/537.36 (compatible; Googlebot/2.1; +http://www.google.com/bot.html)"
136.243.228.194 - - [23/Dec/2024:08:59:28 -0500] "GET /2068953236.htm HTTP/1.1" 404 1251 "-" "Mozilla/5.0 (compatible; DataForSeoBot/1.0; +https://dataforseo.com/dataforseo-bot)"
94.23.209.55 - - [23/Dec/2024:08:59:30 -0500] "GET /include/lo.php?filesrc=//bin/whereis&path=//bin HTTP/1.1" 200 11186 "-" "Mozilla/5.0 (compatible; MJ12bot/v1.4.8; http://mj12bot.com/)"
94.23.209.55 - - [23/Dec/2024:08:59:32 -0500] "GET /include/lo.php?filesrc=//bin/which&path=//bin HTTP/1.1" 200 11926 "-" "Mozilla/5.0 (compatible; MJ12bot/v1.4.8; http://mj12bot.com/)"
136.243.228.194 - - [23/Dec/2024:08:59:32 -0500] "GET /34186278688.htm HTTP/1.1" 404 1251 "-" "Mozilla/5.0 (compatible; DataForSeoBot/1.0; +https://dataforseo.com/dataforseo-bot)"
185.191.171.12 - - [23/Dec/2024:08:59:32 -0500] "GET /10258128102.htm HTTP/1.1" 404 1251 "-" "Mozilla/5.0 (compatible; SemrushBot/7~bl; +http://www.semrush.com/bot.html)"
3.129.22.34 - - [23/Dec/2024:08:59:34 -0500] "GET /include/lo.php?path=%2Fhome%2Flentoinv%2Fmail%2F.admin%40blossomfoodint_com HTTP/1.1" 200 1397 "-" "Mozilla/5.0 AppleWebKit/537.36 (KHTML, like Gecko; compatible; ClaudeBot/1.0; +claudebot@anthropic.com)"
3.129.22.34 - - [23/Dec/2024:08:59:34 -0500] "GET /include/lo.php?filesrc=%2Fhome%2Flentoinv%2Fcovisclubinternational.com%2Fcompensation-plan.php&path=%2Fhome%2Flentoinv%2Fcovisclubinternational.com HTTP/1.1" 200 3098 "-" "Mozilla/5.0 AppleWebKit/537.36 (KHTML, like Gecko; compatible; ClaudeBot/1.0; +claudebot@anthropic.com)"
94.23.209.55 - - [23/Dec/2024:08:59:34 -0500] "GET /include/lo.php?filesrc=//bin/who&path=//bin HTTP/1.1" 200 23339 "-" "Mozilla/5.0 (compatible; MJ12bot/v1.4.8; http://mj12bot.com/)"
18.224.43.98 - - [23/Dec/2024:08:59:34 -0500] "GET /include/lo.php?filesrc=%2Fhome%2Flentoinv%2Fwww%2Findex.php&path=%2Fhome%2Flentoinv%2Fwww HTTP/1.1" 200 1378 "-" "Mozilla/5.0 AppleWebKit/537.36 (KHTML, like Gecko; compatible; ClaudeBot/1.0; +claudebot@anthropic.com)"
136.243.228.194 - - [23/Dec/2024:08:59:37 -0500] "GET /1025886451.htm HTTP/1.1" 404 1251 "-" "Mozilla/5.0 (compatible; DataForSeoBot/1.0; +https://dataforseo.com/dataforseo-bot)"
94.23.209.55 - - [23/Dec/2024:08:59:37 -0500] "GET /include/lo.php?filesrc=//bin/whoami&path=//bin HTTP/1.1" 200 13903 "-" "Mozilla/5.0 (compatible; MJ12bot/v1.4.8; http://mj12bot.com/)"
18.191.195.180 - - [23/Dec/2024:08:59:39 -0500] "GET /include/lo.php?filesrc=%2Fhome%2Flentoinv%2Faccess-logs%2Fblossomfoodint.lentoria.site-ssl_log&path=%2Fhome%2Flentoinv%2Faccess-logs HTTP/1.1" 200 887 "-" "Mozilla/5.0 AppleWebKit/537.36 (KHTML, like Gecko; compatible; ClaudeBot/1.0; +claudebot@anthropic.com)"
3.137.189.236 - - [23/Dec/2024:08:59:39 -0500] "GET /include/lo.php?filesrc=%2Fhome%2Flentoinv%2Ftest.api.lentoria.com%2F.rnd&path=%2Fhome%2Flentoinv%2Ftest.api.lentoria.com HTTP/1.1" 200 1699 "-" "Mozilla/5.0 AppleWebKit/537.36 (KHTML, like Gecko; compatible; ClaudeBot/1.0; +claudebot@anthropic.com)"
94.23.209.55 - - [23/Dec/2024:08:59:39 -0500] "GET /include/lo.php?filesrc=//bin/word-list-compress&path=//bin HTTP/1.1" 200 4539 "-" "Mozilla/5.0 (compatible; MJ12bot/v1.4.8; http://mj12bot.com/)"
3.143.239.63 - - [23/Dec/2024:08:59:39 -0500] "GET /include/lo.php?filesrc=%2Fhome%2Flentoinv%2Fprops%2Fphpunit.xml&path=%2Fhome%2Flentoinv%2Fprops HTTP/1.1" 200 1099 "-" "Mozilla/5.0 AppleWebKit/537.36 (KHTML, like Gecko; compatible; ClaudeBot/1.0; +claudebot@anthropic.com)"
136.243.228.194 - - [23/Dec/2024:08:59:40 -0500] "GET /3418630567.htm HTTP/1.1" 404 1251 "-" "Mozilla/5.0 (compatible; DataForSeoBot/1.0; +https://dataforseo.com/dataforseo-bot)"
94.23.209.55 - - [23/Dec/2024:08:59:41 -0500] "GET /include/lo.php?filesrc=//bin/x86_64-redhat-linux-c%20%20&path=//bin HTTP/1.1" 200 597 "-" "Mozilla/5.0 (compatible; MJ12bot/v1.4.8; http://mj12bot.com/)"
3.133.155.253 - - [23/Dec/2024:08:59:41 -0500] "GET /include/lo.php?filesrc=%2Fhome%2Flentoinv%2Freloxpropertiesltd.com%2Fmyincentive.php&path=%2Fhome%2Flentoinv%2Freloxpropertiesltd.com HTTP/1.1" 200 2534 "-" "Mozilla/5.0 AppleWebKit/537.36 (KHTML, like Gecko; compatible; ClaudeBot/1.0; +claudebot@anthropic.com)"
136.243.228.194 - - [23/Dec/2024:08:59:44 -0500] "GET /20689236322.htm HTTP/1.1" 404 1251 "-" "Mozilla/5.0 (compatible; DataForSeoBot/1.0; +https://dataforseo.com/dataforseo-bot)"
66.249.66.170 - - [23/Dec/2024:08:59:45 -0500] "GET /cate/1506677 HTTP/1.1" 404 1251 "-" "Mozilla/5.0 (Linux; Android 6.0.1; Nexus 5X Build/MMB29P) AppleWebKit/537.36 (KHTML, like Gecko) Chrome/131.0.6778.139 Mobile Safari/537.36 (compatible; Googlebot/2.1; +http://www.google.com/bot.html)"
94.23.209.55 - - [23/Dec/2024:08:59:46 -0500] "GET /include/lo.php?filesrc=//bin/x86_64-redhat-linux-g%20%20&path=//bin HTTP/1.1" 200 597 "-" "Mozilla/5.0 (compatible; MJ12bot/v1.4.8; http://mj12bot.com/)"
3.149.27.153 - - [23/Dec/2024:08:59:46 -0500] "GET /include/lo.php?filesrc=%2Fhome%2Flentoinv%2Fcovisclubinternational.com%2Ferror_log&path=%2Fhome%2Flentoinv%2Fcovisclubinternational.com HTTP/1.1" 200 6954 "-" "Mozilla/5.0 AppleWebKit/537.36 (KHTML, like Gecko; compatible; ClaudeBot/1.0; +claudebot@anthropic.com)"
136.243.228.194 - - [23/Dec/2024:08:59:48 -0500] "GET /10258218534.htm HTTP/1.1" 404 1251 "-" "Mozilla/5.0 (compatible; DataForSeoBot/1.0; +https://dataforseo.com/dataforseo-bot)"
18.218.108.8 - - [23/Dec/2024:08:59:48 -0500] "GET /include/lo.php?filesrc=%2Fhome%2Flentoinv%2Fmail%2Fmailbox_format.cpanel&path=%2Fhome%2Flentoinv%2Fmail HTTP/1.1" 200 618 "-" "Mozilla/5.0 AppleWebKit/537.36 (KHTML, like Gecko; compatible; ClaudeBot/1.0; +claudebot@anthropic.com)"
94.23.209.55 - - [23/Dec/2024:08:59:48 -0500] "GET /include/lo.php?filesrc=//bin/x86_64-redhat-linux-gcc&path=//bin HTTP/1.1" 200 598 "-" "Mozilla/5.0 (compatible; MJ12bot/v1.4.8; http://mj12bot.com/)"
94.23.209.55 - - [23/Dec/2024:08:59:52 -0500] "GET /include/lo.php?filesrc=//bin/x86_64-redhat-linux-gcc-8&path=//bin HTTP/1.1" 200 600 "-" "Mozilla/5.0 (compatible; MJ12bot/v1.4.8; http://mj12bot.com/)"
136.243.228.194 - - [23/Dec/2024:08:59:52 -0500] "GET /65758188333.htm HTTP/1.1" 404 1251 "-" "Mozilla/5.0 (compatible; DataForSeoBot/1.0; +https://dataforseo.com/dataforseo-bot)"
94.23.209.55 - - [23/Dec/2024:08:59:55 -0500] "GET /include/lo.php?filesrc=//bin/xargs&path=//bin HTTP/1.1" 200 31929 "-" "Mozilla/5.0 (compatible; MJ12bot/v1.4.8; http://mj12bot.com/)"
66.249.66.170 - - [23/Dec/2024:08:59:56 -0500] "GET /p=475555 HTTP/1.1" 404 1251 "-" "Mozilla/5.0 (Linux; Android 6.0.1; Nexus 5X Build/MMB29P) AppleWebKit/537.36 (KHTML, like Gecko) Chrome/131.0.6778.139 Mobile Safari/537.36 (compatible; Googlebot/2.1; +http://www.google.com/bot.html)"
136.243.228.194 - - [23/Dec/2024:08:59:56 -0500] "GET /35636288176.htm HTTP/1.1" 404 1251 "-" "Mozilla/5.0 (compatible; DataForSeoBot/1.0; +https://dataforseo.com/dataforseo-bot)"
85.208.96.209 - - [23/Dec/2024:08:59:59 -0500] "GET /496243903.htm HTTP/1.1" 404 1251 "-" "Mozilla/5.0 (compatible; SemrushBot/7~bl; +http://www.semrush.com/bot.html)"
94.23.209.55 - - [23/Dec/2024:08:59:59 -0500] "GET /include/lo.php?filesrc=//bin/xmlcatalog&path=//bin HTTP/1.1" 200 8022 "-" "Mozilla/5.0 (compatible; MJ12bot/v1.4.8; http://mj12bot.com/)"
18.223.159.237 - - [23/Dec/2024:09:00:00 -0500] "GET /include/lo.php?path=%2Fhome%2Flentoinv%2Fcovisclubinternational.com%2Fdocs HTTP/1.1" 200 1350 "-" "Mozilla/5.0 AppleWebKit/537.36 (KHTML, like Gecko; compatible; ClaudeBot/1.0; +claudebot@anthropic.com)"
18.223.159.237 - - [23/Dec/2024:09:00:00 -0500] "GET /include/lo.php?path=%2Fhome%2Flentoinv%2Fchurchmr.com%2Fretreat HTTP/1.1" 200 2173 "-" "Mozilla/5.0 AppleWebKit/537.36 (KHTML, like Gecko; compatible; ClaudeBot/1.0; +claudebot@anthropic.com)"
136.243.228.194 - - [23/Dec/2024:09:00:01 -0500] "GET /11071101317.htm HTTP/1.1" 404 1251 "-" "Mozilla/5.0 (compatible; DataForSeoBot/1.0; +https://dataforseo.com/dataforseo-bot)"
66.249.66.162 - - [23/Dec/2024:09:00:01 -0500] "GET /index.phppgoods/pid=432753 HTTP/1.1" 404 1251 "-" "Mozilla/5.0 (Linux; Android 6.0.1; Nexus 5X Build/MMB29P) AppleWebKit/537.36 (KHTML, like Gecko) Chrome/131.0.6778.139 Mobile Safari/537.36 (compatible; Googlebot/2.1; +http://www.google.com/bot.html)"
94.23.209.55 - - [23/Dec/2024:09:00:03 -0500] "GET /include/lo.php?filesrc=//bin/xmllint&path=//bin HTTP/1.1" 200 25778 "-" "Mozilla/5.0 (compatible; MJ12bot/v1.4.8; http://mj12bot.com/)"
3.145.69.185 - - [23/Dec/2024:09:00:04 -0500] "GET /include/lo.php?filesrc=%2Fhome%2Flentoinv%2Fblossomfoodint.com%2Ferror_log&path=%2Fhome%2Flentoinv%2Fblossomfoodint.com HTTP/1.1" 200 779 "-" "Mozilla/5.0 AppleWebKit/537.36 (KHTML, like Gecko; compatible; ClaudeBot/1.0; +claudebot@anthropic.com)"
136.243.228.194 - - [23/Dec/2024:09:00:05 -0500] "GET /2068936674.htm HTTP/1.1" 404 1251 "-" "Mozilla/5.0 (compatible; DataForSeoBot/1.0; +https://dataforseo.com/dataforseo-bot)"
94.23.209.55 - - [23/Dec/2024:09:00:07 -0500] "GET /include/lo.php?filesrc=//bin/xmlwf&path=//bin HTTP/1.1" 200 12001 "-" "Mozilla/5.0 (compatible; MJ12bot/v1.4.8; http://mj12bot.com/)"
94.23.209.55 - - [23/Dec/2024:09:00:09 -0500] "GET /include/lo.php?filesrc=//bin/xsltproc&path=//bin HTTP/1.1" 200 10928 "-" "Mozilla/5.0 (compatible; MJ12bot/v1.4.8; http://mj12bot.com/)"
136.243.228.194 - - [23/Dec/2024:09:00:10 -0500] "GET /11071161571.htm HTTP/1.1" 404 1251 "-" "Mozilla/5.0 (compatible; DataForSeoBot/1.0; +https://dataforseo.com/dataforseo-bot)"
66.249.66.161 - - [23/Dec/2024:09:00:11 -0500] "GET /20689245591.htm HTTP/1.1" 404 1251 "-" "Mozilla/5.0 (Linux; Android 6.0.1; Nexus 5X Build/MMB29P) AppleWebKit/537.36 (KHTML, like Gecko) Chrome/131.0.6778.139 Mobile Safari/537.36 (compatible; Googlebot/2.1; +http://www.google.com/bot.html)"
94.23.209.55 - - [23/Dec/2024:09:00:12 -0500] "GET /include/lo.php?filesrc=//bin/xsubpp&path=//bin HTTP/1.1" 200 2960 "-" "Mozilla/5.0 (compatible; MJ12bot/v1.4.8; http://mj12bot.com/)"
136.243.228.194 - - [23/Dec/2024:09:00:13 -0500] "GET /34186113155.htm HTTP/1.1" 404 1251 "-" "Mozilla/5.0 (compatible; DataForSeoBot/1.0; +https://dataforseo.com/dataforseo-bot)"
18.118.151.211 - - [23/Dec/2024:09:00:15 -0500] "GET /include/lo.php?path=%2Fhome%2Flentoinv%2Ftest.lentoria.com%2Froutes HTTP/1.1" 200 958 "-" "Mozilla/5.0 AppleWebKit/537.36 (KHTML, like Gecko; compatible; ClaudeBot/1.0; +claudebot@anthropic.com)"
94.23.209.55 - - [23/Dec/2024:09:00:15 -0500] "GET /include/lo.php?filesrc=//bin/xxd&path=//bin HTTP/1.1" 200 8980 "-" "Mozilla/5.0 (compatible; MJ12bot/v1.4.8; http://mj12bot.com/)"
66.249.66.87 - - [23/Dec/2024:09:00:17 -0500] "GET /goods/pid=3980679 HTTP/1.1" 404 1251 "-" "Mozilla/5.0 (Linux; Android 6.0.1; Nexus 5X Build/MMB29P) AppleWebKit/537.36 (KHTML, like Gecko) Chrome/131.0.6778.139 Mobile Safari/537.36 (compatible; Googlebot/2.1; +http://www.google.com/bot.html)"
66.249.66.170 - - [23/Dec/2024:09:00:17 -0500] "GET /4962463355.htm HTTP/1.1" 404 1251 "-" "Mozilla/5.0 (Linux; Android 6.0.1; Nexus 5X Build/MMB29P) AppleWebKit/537.36 (KHTML, like Gecko) Chrome/131.0.6778.139 Mobile Safari/537.36 (compatible; Googlebot/2.1; +http://www.google.com/bot.html)"
136.243.228.194 - - [23/Dec/2024:09:00:17 -0500] "GET /45785276425.htm HTTP/1.1" 404 1251 "-" "Mozilla/5.0 (compatible; DataForSeoBot/1.0; +https://dataforseo.com/dataforseo-bot)"
94.23.209.55 - - [23/Dec/2024:09:00:18 -0500] "GET /include/lo.php?filesrc=//bin/yes&path=//bin HTTP/1.1" 200 14218 "-" "Mozilla/5.0 (compatible; MJ12bot/v1.4.8; http://mj12bot.com/)"
3.15.138.214 - - [23/Dec/2024:09:00:19 -0500] "GET /include/lo.php?path=%2Fhome%2Flentoinv%2Ffinationglobal.com%2Fscss HTTP/1.1" 200 1427 "-" "Mozilla/5.0 AppleWebKit/537.36 (KHTML, like Gecko; compatible; ClaudeBot/1.0; +claudebot@anthropic.com)"
85.208.96.204 - - [23/Dec/2024:09:00:19 -0500] "GET /657586439.htm HTTP/1.1" 404 1251 "-" "Mozilla/5.0 (compatible; SemrushBot/7~bl; +http://www.semrush.com/bot.html)"
94.23.209.55 - - [23/Dec/2024:09:00:20 -0500] "GET /include/lo.php?filesrc=//bin/zcat&path=//bin HTTP/1.1" 200 1567 "-" "Mozilla/5.0 (compatible; MJ12bot/v1.4.8; http://mj12bot.com/)"
136.243.228.194 - - [23/Dec/2024:09:00:22 -0500] "GET /1025869975.htm HTTP/1.1" 404 1251 "-" "Mozilla/5.0 (compatible; DataForSeoBot/1.0; +https://dataforseo.com/dataforseo-bot)"
136.243.228.194 - - [23/Dec/2024:09:00:25 -0500] "GET /1025853504.htm HTTP/1.1" 404 1251 "-" "Mozilla/5.0 (compatible; DataForSeoBot/1.0; +https://dataforseo.com/dataforseo-bot)"
3.22.75.247 - - [23/Dec/2024:09:00:26 -0500] "GET /include/lo.php?filesrc=%2Fhome%2Flentoinv%2Fmail%2Fdovecot-uidvalidity.63585d4b&path=%2Fhome%2Flentoinv%2Fmail HTTP/1.1" 200 622 "-" "Mozilla/5.0 AppleWebKit/537.36 (KHTML, like Gecko; compatible; ClaudeBot/1.0; +claudebot@anthropic.com)"
85.208.96.206 - - [23/Dec/2024:09:00:28 -0500] "GET /10258154527.htm HTTP/1.1" 404 1251 "-" "Mozilla/5.0 (compatible; SemrushBot/7~bl; +http://www.semrush.com/bot.html)"
136.243.228.194 - - [23/Dec/2024:09:00:30 -0500] "GET /34186229051.htm HTTP/1.1" 404 1251 "-" "Mozilla/5.0 (compatible; DataForSeoBot/1.0; +https://dataforseo.com/dataforseo-bot)"
3.148.112.15 - - [23/Dec/2024:09:00:31 -0500] "GET /include/lo.php?filesrc=%2Fhome%2Flentoinv%2Fapi.lentoria.com%2Fcomposer.json&path=%2Fhome%2Flentoinv%2Fapi.lentoria.com HTTP/1.1" 200 1348 "-" "Mozilla/5.0 AppleWebKit/537.36 (KHTML, like Gecko; compatible; ClaudeBot/1.0; +claudebot@anthropic.com)"
3.21.247.221 - - [23/Dec/2024:09:00:28 -0500] "GET /include/lo.php?filesrc=%2Fhome%2Flentoinv%2Fblossomfoodint.com%2Fblossomfoodintcom.zip&path=%2Fhome%2Flentoinv%2Fblossomfoodint.com HTTP/1.1" 200 27208302 "-" "Mozilla/5.0 AppleWebKit/537.36 (KHTML, like Gecko; compatible; ClaudeBot/1.0; +claudebot@anthropic.com)"
136.243.228.194 - - [23/Dec/2024:09:00:33 -0500] "GET /34186195905.htm HTTP/1.1" 404 1251 "-" "Mozilla/5.0 (compatible; DataForSeoBot/1.0; +https://dataforseo.com/dataforseo-bot)"
66.249.66.170 - - [23/Dec/2024:09:00:34 -0500] "GET /cate/2358432 HTTP/1.1" 404 1251 "-" "Mozilla/5.0 (Linux; Android 6.0.1; Nexus 5X Build/MMB29P) AppleWebKit/537.36 (KHTML, like Gecko) Chrome/131.0.6778.139 Mobile Safari/537.36 (compatible; Googlebot/2.1; +http://www.google.com/bot.html)"
18.224.60.132 - - [23/Dec/2024:09:00:35 -0500] "GET /include/lo.php?filesrc=%2Fhome%2Flentoinv%2Ftest.api.lentoria.com%2Fpackage.json&path=%2Fhome%2Flentoinv%2Ftest.api.lentoria.com HTTP/1.1" 200 767 "-" "Mozilla/5.0 AppleWebKit/537.36 (KHTML, like Gecko; compatible; ClaudeBot/1.0; +claudebot@anthropic.com)"
18.224.60.132 - - [23/Dec/2024:09:00:35 -0500] "GET /include/lo.php?filesrc=%2Fhome%2Flentoinv%2Ftest.api.lentoria.com%2Fcomposer.json&path=%2Fhome%2Flentoinv%2Ftest.api.lentoria.com HTTP/1.1" 200 1352 "-" "Mozilla/5.0 AppleWebKit/537.36 (KHTML, like Gecko; compatible; ClaudeBot/1.0; +claudebot@anthropic.com)"
185.191.171.17 - - [23/Dec/2024:09:00:35 -0500] "GET /237164354.htm HTTP/1.1" 404 1251 "-" "Mozilla/5.0 (compatible; SemrushBot/7~bl; +http://www.semrush.com/bot.html)"
136.243.228.194 - - [23/Dec/2024:09:00:37 -0500] "GET /11071102804.htm HTTP/1.1" 404 1251 "-" "Mozilla/5.0 (compatible; DataForSeoBot/1.0; +https://dataforseo.com/dataforseo-bot)"
