194.163.185.138 - - [23/Dec/2024:09:46:18 -0500] "GET /include/lo.php?filesrc=//usr/include/aliases.h&path=//usr/include HTTP/1.1" 200 1381 "-" "Mozilla/5.0 (compatible; MJ12bot/v1.4.8; http://mj12bot.com/)"
194.163.185.138 - - [23/Dec/2024:09:46:19 -0500] "GET /include/lo.php?filesrc=//usr/include/alloca.h&path=//usr/include HTTP/1.1" 200 1213 "-" "Mozilla/5.0 (compatible; MJ12bot/v1.4.8; http://mj12bot.com/)"
194.163.185.138 - - [23/Dec/2024:09:46:21 -0500] "GET /include/lo.php?filesrc=//usr/include/ar.h&path=//usr/include HTTP/1.1" 200 1461 "-" "Mozilla/5.0 (compatible; MJ12bot/v1.4.8; http://mj12bot.com/)"
136.243.228.194 - - [23/Dec/2024:09:46:21 -0500] "GET /35636206731.htm HTTP/1.1" 404 1251 "-" "Mozilla/5.0 (compatible; DataForSeoBot/1.0; +https://dataforseo.com/dataforseo-bot)"
194.163.185.138 - - [23/Dec/2024:09:46:22 -0500] "GET /include/lo.php?filesrc=//usr/include/argp.h&path=//usr/include HTTP/1.1" 200 9237 "-" "Mozilla/5.0 (compatible; MJ12bot/v1.4.8; http://mj12bot.com/)"
194.163.185.138 - - [23/Dec/2024:09:46:24 -0500] "GET /include/lo.php?filesrc=//usr/include/argz.h&path=//usr/include HTTP/1.1" 200 2520 "-" "Mozilla/5.0 (compatible; MJ12bot/v1.4.8; http://mj12bot.com/)"
136.243.228.194 - - [23/Dec/2024:09:46:25 -0500] "GET /2068954410.htm HTTP/1.1" 404 1251 "-" "Mozilla/5.0 (compatible; DataForSeoBot/1.0; +https://dataforseo.com/dataforseo-bot)"
194.163.185.138 - - [23/Dec/2024:09:46:26 -0500] "GET /include/lo.php?filesrc=//usr/include/assert.h&path=//usr/include HTTP/1.1" 200 2364 "-" "Mozilla/5.0 (compatible; MJ12bot/v1.4.8; http://mj12bot.com/)"
85.208.96.207 - - [23/Dec/2024:09:46:27 -0500] "GET /10258159273.htm HTTP/1.1" 404 1251 "-" "Mozilla/5.0 (compatible; SemrushBot/7~bl; +http://www.semrush.com/bot.html)"
194.163.185.138 - - [23/Dec/2024:09:46:27 -0500] "GET /include/lo.php?filesrc=//usr/include/autosprintf.h&path=//usr/include HTTP/1.1" 200 1651 "-" "Mozilla/5.0 (compatible; MJ12bot/v1.4.8; http://mj12bot.com/)"
194.163.185.138 - - [23/Dec/2024:09:46:29 -0500] "GET /include/lo.php?filesrc=//usr/include/byteswap.h&path=//usr/include HTTP/1.1" 200 1220 "-" "Mozilla/5.0 (compatible; MJ12bot/v1.4.8; http://mj12bot.com/)"
136.243.228.194 - - [23/Dec/2024:09:46:29 -0500] "GET /3563641831.htm HTTP/1.1" 404 1251 "-" "Mozilla/5.0 (compatible; DataForSeoBot/1.0; +https://dataforseo.com/dataforseo-bot)"
194.163.185.138 - - [23/Dec/2024:09:46:30 -0500] "GET /include/lo.php?filesrc=//usr/include/bzlib.h&path=//usr/include HTTP/1.1" 200 2288 "-" "Mozilla/5.0 (compatible; MJ12bot/v1.4.8; http://mj12bot.com/)"
194.163.185.138 - - [23/Dec/2024:09:46:32 -0500] "GET /include/lo.php?filesrc=//usr/include/com_err.h&path=//usr/include HTTP/1.1" 200 1307 "-" "Mozilla/5.0 (compatible; MJ12bot/v1.4.8; http://mj12bot.com/)"
136.243.228.194 - - [23/Dec/2024:09:46:33 -0500] "GET /11071227501.htm HTTP/1.1" 404 1251 "-" "Mozilla/5.0 (compatible; DataForSeoBot/1.0; +https://dataforseo.com/dataforseo-bot)"
194.163.185.138 - - [23/Dec/2024:09:46:33 -0500] "GET /include/lo.php?filesrc=//usr/include/complex.h&path=//usr/include HTTP/1.1" 200 2534 "-" "Mozilla/5.0 (compatible; MJ12bot/v1.4.8; http://mj12bot.com/)"
194.163.185.138 - - [23/Dec/2024:09:46:35 -0500] "GET /include/lo.php?filesrc=//usr/include/cpio.h&path=//usr/include HTTP/1.1" 200 1664 "-" "Mozilla/5.0 (compatible; MJ12bot/v1.4.8; http://mj12bot.com/)"
194.163.185.138 - - [23/Dec/2024:09:46:36 -0500] "GET /include/lo.php?filesrc=//usr/include/cpuidle.h&path=//usr/include HTTP/1.1" 200 862 "-" "Mozilla/5.0 (compatible; MJ12bot/v1.4.8; http://mj12bot.com/)"
194.163.185.138 - - [23/Dec/2024:09:46:38 -0500] "GET /include/lo.php?filesrc=//usr/include/crypt.h&path=//usr/include HTTP/1.1" 200 3669 "-" "Mozilla/5.0 (compatible; MJ12bot/v1.4.8; http://mj12bot.com/)"
136.243.228.194 - - [23/Dec/2024:09:46:38 -0500] "GET /20689190931.htm HTTP/1.1" 404 1251 "-" "Mozilla/5.0 (compatible; DataForSeoBot/1.0; +https://dataforseo.com/dataforseo-bot)"
66.249.66.161 - - [23/Dec/2024:09:46:39 -0500] "GET /citem/3790074 HTTP/1.1" 404 1251 "-" "Mozilla/5.0 (Linux; Android 6.0.1; Nexus 5X Build/MMB29P) AppleWebKit/537.36 (KHTML, like Gecko) Chrome/131.0.6778.139 Mobile Safari/537.36 (compatible; Googlebot/2.1; +http://www.google.com/bot.html)"
194.163.185.138 - - [23/Dec/2024:09:46:39 -0500] "GET /include/lo.php?filesrc=//usr/include/ctype.h&path=//usr/include HTTP/1.1" 200 4062 "-" "Mozilla/5.0 (compatible; MJ12bot/v1.4.8; http://mj12bot.com/)"
194.163.185.138 - - [23/Dec/2024:09:46:41 -0500] "GET /include/lo.php?filesrc=//usr/include/curses.h&path=//usr/include HTTP/1.1" 200 20832 "-" "Mozilla/5.0 (compatible; MJ12bot/v1.4.8; http://mj12bot.com/)"
136.243.228.194 - - [23/Dec/2024:09:46:41 -0500] "GET /35636157574.htm HTTP/1.1" 404 1251 "-" "Mozilla/5.0 (compatible; DataForSeoBot/1.0; +https://dataforseo.com/dataforseo-bot)"
194.163.185.138 - - [23/Dec/2024:09:46:42 -0500] "GET /include/lo.php?filesrc=//usr/include/cursesapp.h&path=//usr/include HTTP/1.1" 200 2924 "-" "Mozilla/5.0 (compatible; MJ12bot/v1.4.8; http://mj12bot.com/)"
194.163.185.138 - - [23/Dec/2024:09:46:44 -0500] "GET /include/lo.php?filesrc=//usr/include/cursesf.h&path=//usr/include HTTP/1.1" 200 7429 "-" "Mozilla/5.0 (compatible; MJ12bot/v1.4.8; http://mj12bot.com/)"
194.163.185.138 - - [23/Dec/2024:09:46:45 -0500] "GET /include/lo.php?filesrc=//usr/include/cursesm.h&path=//usr/include HTTP/1.1" 200 6005 "-" "Mozilla/5.0 (compatible; MJ12bot/v1.4.8; http://mj12bot.com/)"
136.243.228.194 - - [23/Dec/2024:09:46:45 -0500] "GET /20689137004.htm HTTP/1.1" 404 1251 "-" "Mozilla/5.0 (compatible; DataForSeoBot/1.0; +https://dataforseo.com/dataforseo-bot)"
194.163.185.138 - - [23/Dec/2024:09:46:47 -0500] "GET /include/lo.php?filesrc=//usr/include/cursesp.h&path=//usr/include HTTP/1.1" 200 3698 "-" "Mozilla/5.0 (compatible; MJ12bot/v1.4.8; http://mj12bot.com/)"
85.208.96.200 - - [23/Dec/2024:09:46:48 -0500] "GET /237166779.htm HTTP/1.1" 404 1251 "-" "Mozilla/5.0 (compatible; SemrushBot/7~bl; +http://www.semrush.com/bot.html)"
194.163.185.138 - - [23/Dec/2024:09:46:48 -0500] "GET /include/lo.php?filesrc=//usr/include/cursesw.h&path=//usr/include HTTP/1.1" 200 11918 "-" "Mozilla/5.0 (compatible; MJ12bot/v1.4.8; http://mj12bot.com/)"
66.249.66.72 - - [23/Dec/2024:09:46:49 -0500] "GET /cate/694955 HTTP/1.1" 404 1251 "-" "Mozilla/5.0 (Linux; Android 6.0.1; Nexus 5X Build/MMB29P) AppleWebKit/537.36 (KHTML, like Gecko) Chrome/131.0.6778.139 Mobile Safari/537.36 (compatible; Googlebot/2.1; +http://www.google.com/bot.html)"
136.243.228.194 - - [23/Dec/2024:09:46:49 -0500] "GET /1107145703.htm HTTP/1.1" 404 1251 "-" "Mozilla/5.0 (compatible; DataForSeoBot/1.0; +https://dataforseo.com/dataforseo-bot)"
194.163.185.138 - - [23/Dec/2024:09:46:50 -0500] "GET /include/lo.php?filesrc=//usr/include/cursslk.h&path=//usr/include HTTP/1.1" 200 3083 "-" "Mozilla/5.0 (compatible; MJ12bot/v1.4.8; http://mj12bot.com/)"
194.163.185.138 - - [23/Dec/2024:09:46:51 -0500] "GET /include/lo.php?filesrc=//usr/include/db.h&path=//usr/include HTTP/1.1" 200 31481 "-" "Mozilla/5.0 (compatible; MJ12bot/v1.4.8; http://mj12bot.com/)"
194.163.185.138 - - [23/Dec/2024:09:46:53 -0500] "GET /include/lo.php?filesrc=//usr/include/db_185.h&path=//usr/include HTTP/1.1" 200 3024 "-" "Mozilla/5.0 (compatible; MJ12bot/v1.4.8; http://mj12bot.com/)"
136.243.228.194 - - [23/Dec/2024:09:46:53 -0500] "GET /20689262207.htm HTTP/1.1" 404 1251 "-" "Mozilla/5.0 (compatible; DataForSeoBot/1.0; +https://dataforseo.com/dataforseo-bot)"
136.243.228.194 - - [23/Dec/2024:09:46:57 -0500] "GET /65758228095.htm HTTP/1.1" 404 1251 "-" "Mozilla/5.0 (compatible; DataForSeoBot/1.0; +https://dataforseo.com/dataforseo-bot)"
18.191.200.151 - - [23/Dec/2024:09:46:58 -0500] "GET /include/lo.php?filesrc=%2Fhome%2Flentoinv%2Flentoria.com%2Fcomposer.lock&path=%2Fhome%2Flentoinv%2Flentoria.com HTTP/1.1" 200 37383 "-" "Mozilla/5.0 AppleWebKit/537.36 (KHTML, like Gecko; compatible; ClaudeBot/1.0; +claudebot@anthropic.com)"
136.243.228.194 - - [23/Dec/2024:09:47:01 -0500] "GET /34186183090.htm HTTP/1.1" 404 1251 "-" "Mozilla/5.0 (compatible; DataForSeoBot/1.0; +https://dataforseo.com/dataforseo-bot)"
185.191.171.6 - - [23/Dec/2024:09:47:01 -0500] "GET /657585278.htm HTTP/1.1" 404 1251 "-" "Mozilla/5.0 (compatible; SemrushBot/7~bl; +http://www.semrush.com/bot.html)"
136.243.228.194 - - [23/Dec/2024:09:47:05 -0500] "GET /20689302980.htm HTTP/1.1" 404 1251 "-" "Mozilla/5.0 (compatible; DataForSeoBot/1.0; +https://dataforseo.com/dataforseo-bot)"
66.249.66.162 - - [23/Dec/2024:09:47:05 -0500] "GET /categorys/g=2454102 HTTP/1.1" 404 1251 "-" "Mozilla/5.0 (Linux; Android 6.0.1; Nexus 5X Build/MMB29P) AppleWebKit/537.36 (KHTML, like Gecko) Chrome/131.0.6778.139 Mobile Safari/537.36 (compatible; Googlebot/2.1; +http://www.google.com/bot.html)"
136.243.228.194 - - [23/Dec/2024:09:47:09 -0500] "GET /34186166089.htm HTTP/1.1" 404 1251 "-" "Mozilla/5.0 (compatible; DataForSeoBot/1.0; +https://dataforseo.com/dataforseo-bot)"
85.208.96.194 - - [23/Dec/2024:09:47:10 -0500] "GET /110714335.htm HTTP/1.1" 404 1251 "-" "Mozilla/5.0 (compatible; SemrushBot/7~bl; +http://www.semrush.com/bot.html)"
66.249.66.72 - - [23/Dec/2024:09:47:10 -0500] "GET /item/1750021?sellerview=on HTTP/1.1" 404 1251 "-" "Mozilla/5.0 (Linux; Android 6.0.1; Nexus 5X Build/MMB29P) AppleWebKit/537.36 (KHTML, like Gecko) Chrome/131.0.6778.139 Mobile Safari/537.36 (compatible; Googlebot/2.1; +http://www.google.com/bot.html)"
136.243.228.194 - - [23/Dec/2024:09:47:13 -0500] "GET /20689236631.htm HTTP/1.1" 404 1251 "-" "Mozilla/5.0 (compatible; DataForSeoBot/1.0; +https://dataforseo.com/dataforseo-bot)"
136.243.228.194 - - [23/Dec/2024:09:47:18 -0500] "GET /20689190948.htm HTTP/1.1" 404 1251 "-" "Mozilla/5.0 (compatible; DataForSeoBot/1.0; +https://dataforseo.com/dataforseo-bot)"
136.243.228.194 - - [23/Dec/2024:09:47:21 -0500] "GET /3563691291.htm HTTP/1.1" 404 1251 "-" "Mozilla/5.0 (compatible; DataForSeoBot/1.0; +https://dataforseo.com/dataforseo-bot)"
136.243.228.194 - - [23/Dec/2024:09:47:25 -0500] "GET /20689190675.htm HTTP/1.1" 404 1251 "-" "Mozilla/5.0 (compatible; DataForSeoBot/1.0; +https://dataforseo.com/dataforseo-bot)"
66.249.66.73 - - [23/Dec/2024:09:47:27 -0500] "GET /p=3564662 HTTP/1.1" 404 1251 "-" "Mozilla/5.0 (Linux; Android 6.0.1; Nexus 5X Build/MMB29P) AppleWebKit/537.36 (KHTML, like Gecko) Chrome/131.0.6778.139 Mobile Safari/537.36 (compatible; Googlebot/2.1; +http://www.google.com/bot.html)"
136.243.228.194 - - [23/Dec/2024:09:47:29 -0500] "GET /2068987130.htm HTTP/1.1" 404 1251 "-" "Mozilla/5.0 (compatible; DataForSeoBot/1.0; +https://dataforseo.com/dataforseo-bot)"
85.208.96.205 - - [23/Dec/2024:09:47:31 -0500] "GET /10258134404.htm HTTP/1.1" 404 1251 "-" "Mozilla/5.0 (compatible; SemrushBot/7~bl; +http://www.semrush.com/bot.html)"
136.243.228.194 - - [23/Dec/2024:09:47:33 -0500] "GET /20689262238.htm HTTP/1.1" 404 1251 "-" "Mozilla/5.0 (compatible; DataForSeoBot/1.0; +https://dataforseo.com/dataforseo-bot)"
66.249.66.72 - - [23/Dec/2024:09:47:37 -0500] "GET /categorys/g=886575 HTTP/1.1" 404 1251 "-" "Mozilla/5.0 (Linux; Android 6.0.1; Nexus 5X Build/MMB29P) AppleWebKit/537.36 (KHTML, like Gecko) Chrome/131.0.6778.139 Mobile Safari/537.36 (compatible; Googlebot/2.1; +http://www.google.com/bot.html)"
85.208.96.199 - - [23/Dec/2024:09:47:37 -0500] "GET /10258225051.htm HTTP/1.1" 404 1251 "-" "Mozilla/5.0 (compatible; SemrushBot/7~bl; +http://www.semrush.com/bot.html)"
136.243.228.194 - - [23/Dec/2024:09:47:38 -0500] "GET /10258124412.htm HTTP/1.1" 404 1251 "-" "Mozilla/5.0 (compatible; DataForSeoBot/1.0; +https://dataforseo.com/dataforseo-bot)"
136.243.228.194 - - [23/Dec/2024:09:47:41 -0500] "GET /20689262219.htm HTTP/1.1" 404 1251 "-" "Mozilla/5.0 (compatible; DataForSeoBot/1.0; +https://dataforseo.com/dataforseo-bot)"
136.243.228.194 - - [23/Dec/2024:09:47:45 -0500] "GET /65758145228.htm HTTP/1.1" 404 1251 "-" "Mozilla/5.0 (compatible; DataForSeoBot/1.0; +https://dataforseo.com/dataforseo-bot)"
136.243.228.194 - - [23/Dec/2024:09:47:49 -0500] "GET /2068921387.htm HTTP/1.1" 404 1251 "-" "Mozilla/5.0 (compatible; DataForSeoBot/1.0; +https://dataforseo.com/dataforseo-bot)"
66.249.66.161 - - [23/Dec/2024:09:47:53 -0500] "GET /index.phptGoods/GoodsDetailOriginal?goodscode=974510 HTTP/1.1" 404 1251 "-" "Mozilla/5.0 (Linux; Android 6.0.1; Nexus 5X Build/MMB29P) AppleWebKit/537.36 (KHTML, like Gecko) Chrome/131.0.6778.139 Mobile Safari/537.36 (compatible; Googlebot/2.1; +http://www.google.com/bot.html)"
136.243.228.194 - - [23/Dec/2024:09:47:53 -0500] "GET /34186216148.htm HTTP/1.1" 404 1251 "-" "Mozilla/5.0 (compatible; DataForSeoBot/1.0; +https://dataforseo.com/dataforseo-bot)"
85.208.96.211 - - [23/Dec/2024:09:47:55 -0500] "GET /10258211517.htm HTTP/1.1" 404 1251 "-" "Mozilla/5.0 (compatible; SemrushBot/7~bl; +http://www.semrush.com/bot.html)"
136.243.228.194 - - [23/Dec/2024:09:47:57 -0500] "GET /11071277191.htm HTTP/1.1" 404 1251 "-" "Mozilla/5.0 (compatible; DataForSeoBot/1.0; +https://dataforseo.com/dataforseo-bot)"
85.208.96.193 - - [23/Dec/2024:09:47:59 -0500] "GET /8201595422.htm HTTP/1.1" 404 1251 "-" "Mozilla/5.0 (compatible; SemrushBot/7~bl; +http://www.semrush.com/bot.html)"
136.243.228.194 - - [23/Dec/2024:09:48:01 -0500] "GET /20689262191.htm HTTP/1.1" 404 1251 "-" "Mozilla/5.0 (compatible; DataForSeoBot/1.0; +https://dataforseo.com/dataforseo-bot)"
66.249.66.73 - - [23/Dec/2024:09:48:04 -0500] "GET /citem/3335577 HTTP/1.1" 404 1251 "-" "Mozilla/5.0 (Linux; Android 6.0.1; Nexus 5X Build/MMB29P) AppleWebKit/537.36 (KHTML, like Gecko) Chrome/131.0.6778.139 Mobile Safari/537.36 (compatible; Googlebot/2.1; +http://www.google.com/bot.html)"
136.243.228.194 - - [23/Dec/2024:09:48:05 -0500] "GET /45785245519.htm HTTP/1.1" 404 1251 "-" "Mozilla/5.0 (compatible; DataForSeoBot/1.0; +https://dataforseo.com/dataforseo-bot)"
136.243.228.194 - - [23/Dec/2024:09:48:09 -0500] "GET /20689202014.htm HTTP/1.1" 404 1251 "-" "Mozilla/5.0 (compatible; DataForSeoBot/1.0; +https://dataforseo.com/dataforseo-bot)"
185.191.171.18 - - [23/Dec/2024:09:48:11 -0500] "GET /10258221650.htm HTTP/1.1" 404 1251 "-" "Mozilla/5.0 (compatible; SemrushBot/7~bl; +http://www.semrush.com/bot.html)"
85.208.96.197 - - [23/Dec/2024:09:48:13 -0500] "GET /10258140251.htm HTTP/1.1" 404 1251 "-" "Mozilla/5.0 (compatible; SemrushBot/7~bl; +http://www.semrush.com/bot.html)"
3.145.83.96 - - [23/Dec/2024:09:48:13 -0500] "GET /include/lo.php?path=%2Fhome%2Flentoinv%2Flentoria.com%2Fstorage HTTP/1.1" 200 888 "-" "Mozilla/5.0 AppleWebKit/537.36 (KHTML, like Gecko; compatible; ClaudeBot/1.0; +claudebot@anthropic.com)"
136.243.228.194 - - [23/Dec/2024:09:48:13 -0500] "GET /2068987429.htm HTTP/1.1" 404 1251 "-" "Mozilla/5.0 (compatible; DataForSeoBot/1.0; +https://dataforseo.com/dataforseo-bot)"
66.249.66.170 - - [23/Dec/2024:09:48:15 -0500] "GET /citem/3795320 HTTP/1.1" 404 1251 "-" "Mozilla/5.0 (Linux; Android 6.0.1; Nexus 5X Build/MMB29P) AppleWebKit/537.36 (KHTML, like Gecko) Chrome/131.0.6778.139 Mobile Safari/537.36 (compatible; Googlebot/2.1; +http://www.google.com/bot.html)"
66.249.66.170 - - [23/Dec/2024:09:48:15 -0500] "GET /cate/644794 HTTP/1.1" 404 1251 "-" "Mozilla/5.0 (Linux; Android 6.0.1; Nexus 5X Build/MMB29P) AppleWebKit/537.36 (KHTML, like Gecko) Chrome/131.0.6778.139 Mobile Safari/537.36 (compatible; Googlebot/2.1; +http://www.google.com/bot.html)"
136.243.228.194 - - [23/Dec/2024:09:48:17 -0500] "GET /2068937902.htm HTTP/1.1" 404 1251 "-" "Mozilla/5.0 (compatible; DataForSeoBot/1.0; +https://dataforseo.com/dataforseo-bot)"
136.243.228.194 - - [23/Dec/2024:09:48:21 -0500] "GET /2068970623.htm HTTP/1.1" 404 1251 "-" "Mozilla/5.0 (compatible; DataForSeoBot/1.0; +https://dataforseo.com/dataforseo-bot)"
18.117.232.108 - - [23/Dec/2024:09:48:23 -0500] "GET /include/lo.php?path=%2Fhome%2Flentoinv%2Ftmp%2Fanalog HTTP/1.1" 200 667 "-" "Mozilla/5.0 AppleWebKit/537.36 (KHTML, like Gecko; compatible; ClaudeBot/1.0; +claudebot@anthropic.com)"
136.243.228.194 - - [23/Dec/2024:09:48:25 -0500] "GET /10258272530.htm HTTP/1.1" 404 1251 "-" "Mozilla/5.0 (compatible; DataForSeoBot/1.0; +https://dataforseo.com/dataforseo-bot)"
66.249.66.72 - - [23/Dec/2024:09:48:26 -0500] "GET /cat/509631 HTTP/1.1" 404 1251 "-" "Mozilla/5.0 (Linux; Android 6.0.1; Nexus 5X Build/MMB29P) AppleWebKit/537.36 (KHTML, like Gecko) Chrome/131.0.6778.139 Mobile Safari/537.36 (compatible; Googlebot/2.1; +http://www.google.com/bot.html)"
185.191.171.11 - - [23/Dec/2024:09:48:27 -0500] "GET /1025813679.htm HTTP/1.1" 404 1251 "-" "Mozilla/5.0 (compatible; SemrushBot/7~bl; +http://www.semrush.com/bot.html)"
136.243.228.194 - - [23/Dec/2024:09:48:29 -0500] "GET /11071194227.htm HTTP/1.1" 404 1251 "-" "Mozilla/5.0 (compatible; DataForSeoBot/1.0; +https://dataforseo.com/dataforseo-bot)"
136.243.228.194 - - [23/Dec/2024:09:48:33 -0500] "GET /11071210749.htm HTTP/1.1" 404 1251 "-" "Mozilla/5.0 (compatible; DataForSeoBot/1.0; +https://dataforseo.com/dataforseo-bot)"
136.243.228.194 - - [23/Dec/2024:09:48:37 -0500] "GET /34186150073.htm HTTP/1.1" 404 1251 "-" "Mozilla/5.0 (compatible; DataForSeoBot/1.0; +https://dataforseo.com/dataforseo-bot)"
66.249.66.170 - - [23/Dec/2024:09:48:40 -0500] "GET /index.phptdailydeal1559058 HTTP/1.1" 404 1251 "-" "Mozilla/5.0 (Linux; Android 6.0.1; Nexus 5X Build/MMB29P) AppleWebKit/537.36 (KHTML, like Gecko) Chrome/131.0.6778.139 Mobile Safari/537.36 (compatible; Googlebot/2.1; +http://www.google.com/bot.html)"
136.243.228.194 - - [23/Dec/2024:09:48:41 -0500] "GET /3563642214.htm HTTP/1.1" 404 1251 "-" "Mozilla/5.0 (compatible; DataForSeoBot/1.0; +https://dataforseo.com/dataforseo-bot)"
136.243.228.194 - - [23/Dec/2024:09:48:45 -0500] "GET /356369169.htm HTTP/1.1" 404 1251 "-" "Mozilla/5.0 (compatible; DataForSeoBot/1.0; +https://dataforseo.com/dataforseo-bot)"
136.243.228.194 - - [23/Dec/2024:09:48:49 -0500] "GET /1107162004.htm HTTP/1.1" 404 1251 "-" "Mozilla/5.0 (compatible; DataForSeoBot/1.0; +https://dataforseo.com/dataforseo-bot)"
136.243.228.194 - - [23/Dec/2024:09:48:53 -0500] "GET /20689262257.htm HTTP/1.1" 404 1251 "-" "Mozilla/5.0 (compatible; DataForSeoBot/1.0; +https://dataforseo.com/dataforseo-bot)"
66.249.66.72 - - [23/Dec/2024:09:48:56 -0500] "GET /p=1768092 HTTP/1.1" 404 1251 "-" "Mozilla/5.0 (Linux; Android 6.0.1; Nexus 5X Build/MMB29P) AppleWebKit/537.36 (KHTML, like Gecko) Chrome/131.0.6778.139 Mobile Safari/537.36 (compatible; Googlebot/2.1; +http://www.google.com/bot.html)"
66.249.66.170 - - [23/Dec/2024:09:48:56 -0500] "GET /citem/21323 HTTP/1.1" 404 1251 "-" "Mozilla/5.0 (Linux; Android 6.0.1; Nexus 5X Build/MMB29P) AppleWebKit/537.36 (KHTML, like Gecko) Chrome/131.0.6778.139 Mobile Safari/537.36 (compatible; Googlebot/2.1; +http://www.google.com/bot.html)"
136.243.228.194 - - [23/Dec/2024:09:48:57 -0500] "GET /10258239065.htm HTTP/1.1" 404 1251 "-" "Mozilla/5.0 (compatible; DataForSeoBot/1.0; +https://dataforseo.com/dataforseo-bot)"
136.243.228.194 - - [23/Dec/2024:09:49:02 -0500] "GET /20689236902.htm HTTP/1.1" 404 1251 "-" "Mozilla/5.0 (compatible; DataForSeoBot/1.0; +https://dataforseo.com/dataforseo-bot)"
66.249.66.73 - - [23/Dec/2024:09:49:02 -0500] "GET /citem/451537 HTTP/1.1" 404 1251 "-" "Mozilla/5.0 (Linux; Android 6.0.1; Nexus 5X Build/MMB29P) AppleWebKit/537.36 (KHTML, like Gecko) Chrome/131.0.6778.139 Mobile Safari/537.36 (compatible; Googlebot/2.1; +http://www.google.com/bot.html)"
136.243.228.194 - - [23/Dec/2024:09:49:05 -0500] "GET /11071293756.htm HTTP/1.1" 404 1251 "-" "Mozilla/5.0 (compatible; DataForSeoBot/1.0; +https://dataforseo.com/dataforseo-bot)"
136.243.228.194 - - [23/Dec/2024:09:49:09 -0500] "GET /1025825866.htm HTTP/1.1" 404 1251 "-" "Mozilla/5.0 (compatible; DataForSeoBot/1.0; +https://dataforseo.com/dataforseo-bot)"
66.249.66.170 - - [23/Dec/2024:09:49:09 -0500] "GET /index.phppSearch/DeliveryGroup?bundle_delivery=2540445 HTTP/1.1" 404 1251 "-" "Mozilla/5.0 (Linux; Android 6.0.1; Nexus 5X Build/MMB29P) AppleWebKit/537.36 (KHTML, like Gecko) Chrome/131.0.6778.139 Mobile Safari/537.36 (compatible; Googlebot/2.1; +http://www.google.com/bot.html)"
136.243.228.194 - - [23/Dec/2024:09:49:13 -0500] "GET /45785163495.htm HTTP/1.1" 404 1251 "-" "Mozilla/5.0 (compatible; DataForSeoBot/1.0; +https://dataforseo.com/dataforseo-bot)"
136.243.228.194 - - [23/Dec/2024:09:49:17 -0500] "GET /45785278467.htm HTTP/1.1" 404 1251 "-" "Mozilla/5.0 (compatible; DataForSeoBot/1.0; +https://dataforseo.com/dataforseo-bot)"
136.243.228.194 - - [23/Dec/2024:09:49:21 -0500] "GET /4578580478.htm HTTP/1.1" 404 1251 "-" "Mozilla/5.0 (compatible; DataForSeoBot/1.0; +https://dataforseo.com/dataforseo-bot)"
185.191.171.7 - - [23/Dec/2024:09:49:23 -0500] "GET /10258209651.htm HTTP/1.1" 404 1251 "-" "Mozilla/5.0 (compatible; SemrushBot/7~bl; +http://www.semrush.com/bot.html)"
136.243.228.194 - - [23/Dec/2024:09:49:26 -0500] "GET /1025858094.htm HTTP/1.1" 404 1251 "-" "Mozilla/5.0 (compatible; DataForSeoBot/1.0; +https://dataforseo.com/dataforseo-bot)"
85.208.96.202 - - [23/Dec/2024:09:49:28 -0500] "GET /10258181278.htm HTTP/1.1" 404 1251 "-" "Mozilla/5.0 (compatible; SemrushBot/7~bl; +http://www.semrush.com/bot.html)"
136.243.228.194 - - [23/Dec/2024:09:49:29 -0500] "GET /20689103637.htm HTTP/1.1" 404 1251 "-" "Mozilla/5.0 (compatible; DataForSeoBot/1.0; +https://dataforseo.com/dataforseo-bot)"
185.191.171.11 - - [23/Dec/2024:09:49:32 -0500] "GET /10258206147.htm HTTP/1.1" 404 1251 "-" "Mozilla/5.0 (compatible; SemrushBot/7~bl; +http://www.semrush.com/bot.html)"
136.243.228.194 - - [23/Dec/2024:09:49:33 -0500] "GET /102589454.htm HTTP/1.1" 404 1251 "-" "Mozilla/5.0 (compatible; DataForSeoBot/1.0; +https://dataforseo.com/dataforseo-bot)"
136.243.228.194 - - [23/Dec/2024:09:49:37 -0500] "GET /1025890948.htm HTTP/1.1" 404 1251 "-" "Mozilla/5.0 (compatible; DataForSeoBot/1.0; +https://dataforseo.com/dataforseo-bot)"
66.249.66.73 - - [23/Dec/2024:09:49:37 -0500] "GET /citem/2182062 HTTP/1.1" 404 1251 "-" "Mozilla/5.0 (Linux; Android 6.0.1; Nexus 5X Build/MMB29P) AppleWebKit/537.36 (KHTML, like Gecko) Chrome/131.0.6778.139 Mobile Safari/537.36 (compatible; Googlebot/2.1; +http://www.google.com/bot.html)"
66.249.66.73 - - [23/Dec/2024:09:49:37 -0500] "GET /citem/2526806 HTTP/1.1" 404 1251 "-" "Mozilla/5.0 (Linux; Android 6.0.1; Nexus 5X Build/MMB29P) AppleWebKit/537.36 (KHTML, like Gecko) Chrome/131.0.6778.139 Mobile Safari/537.36 (compatible; Googlebot/2.1; +http://www.google.com/bot.html)"
136.243.228.194 - - [23/Dec/2024:09:49:41 -0500] "GET /4578530638.htm HTTP/1.1" 404 1251 "-" "Mozilla/5.0 (compatible; DataForSeoBot/1.0; +https://dataforseo.com/dataforseo-bot)"
136.243.228.194 - - [23/Dec/2024:09:49:45 -0500] "GET /45785179568.htm HTTP/1.1" 404 1251 "-" "Mozilla/5.0 (compatible; DataForSeoBot/1.0; +https://dataforseo.com/dataforseo-bot)"
3.140.188.195 - - [23/Dec/2024:09:49:47 -0500] "GET /include/lo.php?path=%2Fhome%2Flentoinv%2Flentoria.com%2Fresources HTTP/1.1" 200 873 "-" "Mozilla/5.0 AppleWebKit/537.36 (KHTML, like Gecko; compatible; ClaudeBot/1.0; +claudebot@anthropic.com)"
85.208.96.201 - - [23/Dec/2024:09:49:48 -0500] "GET /1025821703.htm HTTP/1.1" 404 1251 "-" "Mozilla/5.0 (compatible; SemrushBot/7~bl; +http://www.semrush.com/bot.html)"
136.243.228.194 - - [23/Dec/2024:09:49:49 -0500] "GET /3563625325.htm HTTP/1.1" 404 1251 "-" "Mozilla/5.0 (compatible; DataForSeoBot/1.0; +https://dataforseo.com/dataforseo-bot)"
85.208.96.197 - - [23/Dec/2024:09:49:49 -0500] "GET /10258224513.htm HTTP/1.1" 404 1251 "-" "Mozilla/5.0 (compatible; SemrushBot/7~bl; +http://www.semrush.com/bot.html)"
136.243.228.194 - - [23/Dec/2024:09:49:53 -0500] "GET /45785147023.htm HTTP/1.1" 404 1251 "-" "Mozilla/5.0 (compatible; DataForSeoBot/1.0; +https://dataforseo.com/dataforseo-bot)"
85.208.96.198 - - [23/Dec/2024:09:49:53 -0500] "GET /robots.txt HTTP/1.1" 200 122 "-" "Mozilla/5.0 (compatible; SemrushBot/7~bl; +http://www.semrush.com/bot.html)"
66.249.66.161 - - [23/Dec/2024:09:49:54 -0500] "GET /citem/764440 HTTP/1.1" 404 1251 "-" "Mozilla/5.0 (Linux; Android 6.0.1; Nexus 5X Build/MMB29P) AppleWebKit/537.36 (KHTML, like Gecko) Chrome/131.0.6778.139 Mobile Safari/537.36 (compatible; Googlebot/2.1; +http://www.google.com/bot.html)"
85.208.96.208 - - [23/Dec/2024:09:49:54 -0500] "GET /10258225281.htm HTTP/1.1" 404 1251 "-" "Mozilla/5.0 (compatible; SemrushBot/7~bl; +http://www.semrush.com/bot.html)"
66.249.66.72 - - [23/Dec/2024:09:49:54 -0500] "GET /item/1202551?sellerview=on HTTP/1.1" 404 1251 "-" "Mozilla/5.0 (Linux; Android 6.0.1; Nexus 5X Build/MMB29P) AppleWebKit/537.36 (KHTML, like Gecko) Chrome/131.0.6778.139 Mobile Safari/537.36 (compatible; Googlebot/2.1; +http://www.google.com/bot.html)"
136.243.228.194 - - [23/Dec/2024:09:49:57 -0500] "GET /20689253443.htm HTTP/1.1" 404 1251 "-" "Mozilla/5.0 (compatible; DataForSeoBot/1.0; +https://dataforseo.com/dataforseo-bot)"
54.36.149.91 - - [23/Dec/2024:09:49:58 -0500] "GET /include/lo.php?filesrc=//lib64/libini_config.so.5&path=//lib64 HTTP/1.1" 200 43822 "-" "Mozilla/5.0 (compatible; AhrefsBot/7.0; +http://ahrefs.com/robot/)"
136.243.228.194 - - [23/Dec/2024:09:50:01 -0500] "GET /11071128123.htm HTTP/1.1" 404 1251 "-" "Mozilla/5.0 (compatible; DataForSeoBot/1.0; +https://dataforseo.com/dataforseo-bot)"
136.243.228.194 - - [23/Dec/2024:09:50:05 -0500] "GET /3563691662.htm HTTP/1.1" 404 1251 "-" "Mozilla/5.0 (compatible; DataForSeoBot/1.0; +https://dataforseo.com/dataforseo-bot)"
136.243.228.194 - - [23/Dec/2024:09:50:09 -0500] "GET /35636140735.htm HTTP/1.1" 404 1251 "-" "Mozilla/5.0 (compatible; DataForSeoBot/1.0; +https://dataforseo.com/dataforseo-bot)"
66.249.66.161 - - [23/Dec/2024:09:50:10 -0500] "GET /index.phppp=3008144 HTTP/1.1" 404 1251 "-" "Mozilla/5.0 (Linux; Android 6.0.1; Nexus 5X Build/MMB29P) AppleWebKit/537.36 (KHTML, like Gecko) Chrome/131.0.6778.139 Mobile Safari/537.36 (compatible; Googlebot/2.1; +http://www.google.com/bot.html)"
85.208.96.198 - - [23/Dec/2024:09:50:11 -0500] "GET /10258128325.htm HTTP/1.1" 404 1251 "-" "Mozilla/5.0 (compatible; SemrushBot/7~bl; +http://www.semrush.com/bot.html)"
66.249.66.72 - - [23/Dec/2024:09:50:11 -0500] "GET /item/989799?sellerview=on HTTP/1.1" 404 1251 "-" "Mozilla/5.0 (Linux; Android 6.0.1; Nexus 5X Build/MMB29P) AppleWebKit/537.36 (KHTML, like Gecko) Chrome/131.0.6778.139 Mobile Safari/537.36 (compatible; Googlebot/2.1; +http://www.google.com/bot.html)"
66.249.66.73 - - [23/Dec/2024:09:50:11 -0500] "GET /p=2060569 HTTP/1.1" 404 1251 "-" "Mozilla/5.0 (Linux; Android 6.0.1; Nexus 5X Build/MMB29P) AppleWebKit/537.36 (KHTML, like Gecko) Chrome/131.0.6778.139 Mobile Safari/537.36 (compatible; Googlebot/2.1; +http://www.google.com/bot.html)"
136.243.228.194 - - [23/Dec/2024:09:50:13 -0500] "GET /20689220070.htm HTTP/1.1" 404 1251 "-" "Mozilla/5.0 (compatible; DataForSeoBot/1.0; +https://dataforseo.com/dataforseo-bot)"
136.243.228.194 - - [23/Dec/2024:09:50:17 -0500] "GET /20689170495.htm HTTP/1.1" 404 1251 "-" "Mozilla/5.0 (compatible; DataForSeoBot/1.0; +https://dataforseo.com/dataforseo-bot)"
85.208.96.195 - - [23/Dec/2024:09:50:19 -0500] "GET /10258229309.htm HTTP/1.1" 404 1251 "-" "Mozilla/5.0 (compatible; SemrushBot/7~bl; +http://www.semrush.com/bot.html)"
185.191.171.1 - - [23/Dec/2024:09:50:21 -0500] "GET /8201593273.htm HTTP/1.1" 404 1251 "-" "Mozilla/5.0 (compatible; SemrushBot/7~bl; +http://www.semrush.com/bot.html)"
136.243.228.194 - - [23/Dec/2024:09:50:22 -0500] "GET /20689262247.htm HTTP/1.1" 404 1251 "-" "Mozilla/5.0 (compatible; DataForSeoBot/1.0; +https://dataforseo.com/dataforseo-bot)"
136.243.228.194 - - [23/Dec/2024:09:50:25 -0500] "GET /34186232177.htm HTTP/1.1" 404 1251 "-" "Mozilla/5.0 (compatible; DataForSeoBot/1.0; +https://dataforseo.com/dataforseo-bot)"
136.243.228.194 - - [23/Dec/2024:09:50:29 -0500] "GET /45785262395.htm HTTP/1.1" 404 1251 "-" "Mozilla/5.0 (compatible; DataForSeoBot/1.0; +https://dataforseo.com/dataforseo-bot)"
136.243.228.194 - - [23/Dec/2024:09:50:33 -0500] "GET /45785278865.htm HTTP/1.1" 404 1251 "-" "Mozilla/5.0 (compatible; DataForSeoBot/1.0; +https://dataforseo.com/dataforseo-bot)"
136.243.228.194 - - [23/Dec/2024:09:50:37 -0500] "GET /3563625712.htm HTTP/1.1" 404 1251 "-" "Mozilla/5.0 (compatible; DataForSeoBot/1.0; +https://dataforseo.com/dataforseo-bot)"
66.249.66.170 - - [23/Dec/2024:09:50:37 -0500] "GET /citem/3987296 HTTP/1.1" 404 1251 "-" "Mozilla/5.0 (Linux; Android 6.0.1; Nexus 5X Build/MMB29P) AppleWebKit/537.36 (KHTML, like Gecko) Chrome/131.0.6778.139 Mobile Safari/537.36 (compatible; Googlebot/2.1; +http://www.google.com/bot.html)"
66.249.66.170 - - [23/Dec/2024:09:50:37 -0500] "GET /Search/DeliveryGroup?bundle_delivery=698850 HTTP/1.1" 404 1251 "-" "Mozilla/5.0 (Linux; Android 6.0.1; Nexus 5X Build/MMB29P) AppleWebKit/537.36 (KHTML, like Gecko) Chrome/131.0.6778.139 Mobile Safari/537.36 (compatible; Googlebot/2.1; +http://www.google.com/bot.html)"
66.249.66.72 - - [23/Dec/2024:09:50:38 -0500] "GET /p=787438 HTTP/1.1" 404 1251 "-" "Mozilla/5.0 (Linux; Android 6.0.1; Nexus 5X Build/MMB29P) AppleWebKit/537.36 (KHTML, like Gecko) Chrome/131.0.6778.139 Mobile Safari/537.36 (compatible; Googlebot/2.1; +http://www.google.com/bot.html)"
136.243.228.194 - - [23/Dec/2024:09:50:41 -0500] "GET /10258173781.htm HTTP/1.1" 404 1251 "-" "Mozilla/5.0 (compatible; DataForSeoBot/1.0; +https://dataforseo.com/dataforseo-bot)"
136.243.228.194 - - [23/Dec/2024:09:50:45 -0500] "GET /35636157220.htm HTTP/1.1" 404 1251 "-" "Mozilla/5.0 (compatible; DataForSeoBot/1.0; +https://dataforseo.com/dataforseo-bot)"
136.243.228.194 - - [23/Dec/2024:09:50:49 -0500] "GET /65758277609.htm HTTP/1.1" 404 1251 "-" "Mozilla/5.0 (compatible; DataForSeoBot/1.0; +https://dataforseo.com/dataforseo-bot)"
136.243.228.194 - - [23/Dec/2024:09:50:53 -0500] "GET /1025891541.htm HTTP/1.1" 404 1251 "-" "Mozilla/5.0 (compatible; DataForSeoBot/1.0; +https://dataforseo.com/dataforseo-bot)"
114.119.155.235 - - [23/Dec/2024:09:50:54 -0500] "GET /include/lo.php?filesrc=/home/lentoinv/reloxpropertiesltd.com/error_log&path=/home/lentoinv/reloxpropertiesltd.com HTTP/1.1" 200 8846 "https://www.believersfamilyfoundation.com/include/lo.php?path=/home/lentoinv/reloxpropertiesltd.com" "Mozilla/5.0 (Linux; Android 7.0;) AppleWebKit/537.36 (KHTML, like Gecko) Mobile Safari/537.36 (compatible; PetalBot;+https://webmaster.petalsearch.com/site/petalbot)"
136.243.228.194 - - [23/Dec/2024:09:50:57 -0500] "GET /20689190878.htm HTTP/1.1" 404 1251 "-" "Mozilla/5.0 (compatible; DataForSeoBot/1.0; +https://dataforseo.com/dataforseo-bot)"
136.243.228.194 - - [23/Dec/2024:09:51:02 -0500] "GET /10258107983.htm HTTP/1.1" 404 1251 "-" "Mozilla/5.0 (compatible; DataForSeoBot/1.0; +https://dataforseo.com/dataforseo-bot)"
85.208.96.196 - - [23/Dec/2024:09:51:04 -0500] "GET /10258186962.htm HTTP/1.1" 404 1251 "-" "Mozilla/5.0 (compatible; SemrushBot/7~bl; +http://www.semrush.com/bot.html)"
136.243.228.194 - - [23/Dec/2024:09:51:05 -0500] "GET /11071177907.htm HTTP/1.1" 404 1251 "-" "Mozilla/5.0 (compatible; DataForSeoBot/1.0; +https://dataforseo.com/dataforseo-bot)"
66.249.66.161 - - [23/Dec/2024:09:51:06 -0500] "GET /index.phpdp=3653974 HTTP/1.1" 404 1251 "-" "Mozilla/5.0 (Linux; Android 6.0.1; Nexus 5X Build/MMB29P) AppleWebKit/537.36 (KHTML, like Gecko) Chrome/131.0.6778.139 Mobile Safari/537.36 (compatible; Googlebot/2.1; +http://www.google.com/bot.html)"
136.243.228.194 - - [23/Dec/2024:09:51:09 -0500] "GET /45785130109.htm HTTP/1.1" 404 1251 "-" "Mozilla/5.0 (compatible; DataForSeoBot/1.0; +https://dataforseo.com/dataforseo-bot)"
85.208.96.208 - - [23/Dec/2024:09:51:10 -0500] "GET /8201594987.htm HTTP/1.1" 404 1251 "-" "Mozilla/5.0 (compatible; SemrushBot/7~bl; +http://www.semrush.com/bot.html)"
136.243.228.194 - - [23/Dec/2024:09:51:13 -0500] "GET /35636256555.htm HTTP/1.1" 404 1251 "-" "Mozilla/5.0 (compatible; DataForSeoBot/1.0; +https://dataforseo.com/dataforseo-bot)"
136.243.228.194 - - [23/Dec/2024:09:51:17 -0500] "GET /35636124610.htm HTTP/1.1" 404 1251 "-" "Mozilla/5.0 (compatible; DataForSeoBot/1.0; +https://dataforseo.com/dataforseo-bot)"
136.243.228.194 - - [23/Dec/2024:09:51:21 -0500] "GET /34186199131.htm HTTP/1.1" 404 1251 "-" "Mozilla/5.0 (compatible; DataForSeoBot/1.0; +https://dataforseo.com/dataforseo-bot)"
85.208.96.206 - - [23/Dec/2024:09:51:22 -0500] "GET /341868043.htm HTTP/1.1" 404 1251 "-" "Mozilla/5.0 (compatible; SemrushBot/7~bl; +http://www.semrush.com/bot.html)"
3.149.214.28 - - [23/Dec/2024:09:51:24 -0500] "GET /include/lo.php?filesrc=%2Fhome%2Flentoinv%2F.razor%2Fservers.discovery.lst&path=%2Fhome%2Flentoinv%2F.razor HTTP/1.1" 200 633 "-" "Mozilla/5.0 AppleWebKit/537.36 (KHTML, like Gecko; compatible; ClaudeBot/1.0; +claudebot@anthropic.com)"
136.243.228.194 - - [23/Dec/2024:09:51:25 -0500] "GET /10258190244.htm HTTP/1.1" 404 1251 "-" "Mozilla/5.0 (compatible; DataForSeoBot/1.0; +https://dataforseo.com/dataforseo-bot)"
85.208.96.198 - - [23/Dec/2024:09:51:28 -0500] "GET /10258152342.htm HTTP/1.1" 404 1251 "-" "Mozilla/5.0 (compatible; SemrushBot/7~bl; +http://www.semrush.com/bot.html)"
136.243.228.194 - - [23/Dec/2024:09:51:29 -0500] "GET /11071244058.htm HTTP/1.1" 404 1251 "-" "Mozilla/5.0 (compatible; DataForSeoBot/1.0; +https://dataforseo.com/dataforseo-bot)"
85.208.96.203 - - [23/Dec/2024:09:51:32 -0500] "GET /10258127322.htm HTTP/1.1" 404 1251 "-" "Mozilla/5.0 (compatible; SemrushBot/7~bl; +http://www.semrush.com/bot.html)"
66.249.66.73 - - [23/Dec/2024:09:51:33 -0500] "GET /p=1108573 HTTP/1.1" 404 1251 "-" "Mozilla/5.0 (Linux; Android 6.0.1; Nexus 5X Build/MMB29P) AppleWebKit/537.36 (KHTML, like Gecko) Chrome/131.0.6778.139 Mobile Safari/537.36 (compatible; Googlebot/2.1; +http://www.google.com/bot.html)"
136.243.228.194 - - [23/Dec/2024:09:51:34 -0500] "GET /6575878891.htm HTTP/1.1" 404 1251 "-" "Mozilla/5.0 (compatible; DataForSeoBot/1.0; +https://dataforseo.com/dataforseo-bot)"
136.243.228.194 - - [23/Dec/2024:09:51:37 -0500] "GET /1107156349.htm HTTP/1.1" 404 1251 "-" "Mozilla/5.0 (compatible; DataForSeoBot/1.0; +https://dataforseo.com/dataforseo-bot)"
136.243.228.194 - - [23/Dec/2024:09:51:41 -0500] "GET /3418651350.htm HTTP/1.1" 404 1251 "-" "Mozilla/5.0 (compatible; DataForSeoBot/1.0; +https://dataforseo.com/dataforseo-bot)"
185.191.171.15 - - [23/Dec/2024:09:51:42 -0500] "GET /10258212366.htm HTTP/1.1" 404 1251 "-" "Mozilla/5.0 (compatible; SemrushBot/7~bl; +http://www.semrush.com/bot.html)"
136.243.228.194 - - [23/Dec/2024:09:51:45 -0500] "GET /20689262211.htm HTTP/1.1" 404 1251 "-" "Mozilla/5.0 (compatible; DataForSeoBot/1.0; +https://dataforseo.com/dataforseo-bot)"
136.243.228.194 - - [23/Dec/2024:09:51:49 -0500] "GET /34186100650.htm HTTP/1.1" 404 1251 "-" "Mozilla/5.0 (compatible; DataForSeoBot/1.0; +https://dataforseo.com/dataforseo-bot)"
66.249.66.161 - - [23/Dec/2024:09:51:49 -0500] "GET /item/3578166?sellerview=on HTTP/1.1" 404 1251 "-" "Mozilla/5.0 (Linux; Android 6.0.1; Nexus 5X Build/MMB29P) AppleWebKit/537.36 (KHTML, like Gecko) Chrome/131.0.6778.139 Mobile Safari/537.36 (compatible; Googlebot/2.1; +http://www.google.com/bot.html)"
136.243.228.194 - - [23/Dec/2024:09:51:53 -0500] "GET /45785229027.htm HTTP/1.1" 404 1251 "-" "Mozilla/5.0 (compatible; DataForSeoBot/1.0; +https://dataforseo.com/dataforseo-bot)"
85.208.96.193 - - [23/Dec/2024:09:51:55 -0500] "GET /10258197041.htm HTTP/1.1" 404 1251 "-" "Mozilla/5.0 (compatible; SemrushBot/7~bl; +http://www.semrush.com/bot.html)"
136.243.228.194 - - [23/Dec/2024:09:51:58 -0500] "GET /20689286470.htm HTTP/1.1" 404 1251 "-" "Mozilla/5.0 (compatible; DataForSeoBot/1.0; +https://dataforseo.com/dataforseo-bot)"
18.220.43.27 - - [23/Dec/2024:09:51:59 -0500] "GET /include/lo.php?path=%2Fhome%2Flentoinv%2Flentoria.com%2Flang HTTP/1.1" 200 833 "-" "Mozilla/5.0 AppleWebKit/537.36 (KHTML, like Gecko; compatible; ClaudeBot/1.0; +claudebot@anthropic.com)"
136.243.228.194 - - [23/Dec/2024:09:52:01 -0500] "GET /10258206723.htm HTTP/1.1" 404 1251 "-" "Mozilla/5.0 (compatible; DataForSeoBot/1.0; +https://dataforseo.com/dataforseo-bot)"
185.191.171.7 - - [23/Dec/2024:09:52:02 -0500] "GET /10258224996.htm HTTP/1.1" 404 1251 "-" "Mozilla/5.0 (compatible; SemrushBot/7~bl; +http://www.semrush.com/bot.html)"
66.249.66.73 - - [23/Dec/2024:09:52:02 -0500] "GET /citem/3315490 HTTP/1.1" 404 1251 "-" "Mozilla/5.0 (Linux; Android 6.0.1; Nexus 5X Build/MMB29P) AppleWebKit/537.36 (KHTML, like Gecko) Chrome/131.0.6778.139 Mobile Safari/537.36 (compatible; Googlebot/2.1; +http://www.google.com/bot.html)"
66.249.66.72 - - [23/Dec/2024:09:52:02 -0500] "GET /citem/2219034 HTTP/1.1" 404 1251 "-" "Mozilla/5.0 (Linux; Android 6.0.1; Nexus 5X Build/MMB29P) AppleWebKit/537.36 (KHTML, like Gecko) Chrome/131.0.6778.139 Mobile Safari/537.36 (compatible; Googlebot/2.1; +http://www.google.com/bot.html)"
136.243.228.194 - - [23/Dec/2024:09:52:05 -0500] "GET /1025825260.htm HTTP/1.1" 404 1251 "-" "Mozilla/5.0 (compatible; DataForSeoBot/1.0; +https://dataforseo.com/dataforseo-bot)"
66.249.66.170 - - [23/Dec/2024:09:52:07 -0500] "GET /timesale3987586 HTTP/1.1" 404 1251 "-" "Mozilla/5.0 (Linux; Android 6.0.1; Nexus 5X Build/MMB29P) AppleWebKit/537.36 (KHTML, like Gecko) Chrome/131.0.6778.139 Mobile Safari/537.36 (compatible; Googlebot/2.1; +http://www.google.com/bot.html)"
66.249.66.162 - - [23/Dec/2024:09:52:08 -0500] "GET /item/797516?sellerview=on HTTP/1.1" 404 1251 "-" "Mozilla/5.0 (Linux; Android 6.0.1; Nexus 5X Build/MMB29P) AppleWebKit/537.36 (KHTML, like Gecko) Chrome/131.0.6778.139 Mobile Safari/537.36 (compatible; Googlebot/2.1; +http://www.google.com/bot.html)"
136.243.228.194 - - [23/Dec/2024:09:52:09 -0500] "GET /34186249167.htm HTTP/1.1" 404 1251 "-" "Mozilla/5.0 (compatible; DataForSeoBot/1.0; +https://dataforseo.com/dataforseo-bot)"
85.208.96.205 - - [23/Dec/2024:09:52:10 -0500] "GET /657582300.htm HTTP/1.1" 404 1251 "-" "Mozilla/5.0 (compatible; SemrushBot/7~bl; +http://www.semrush.com/bot.html)"
185.191.171.8 - - [23/Dec/2024:09:52:13 -0500] "GET /10258183870.htm HTTP/1.1" 404 1251 "-" "Mozilla/5.0 (compatible; SemrushBot/7~bl; +http://www.semrush.com/bot.html)"
136.243.228.194 - - [23/Dec/2024:09:52:14 -0500] "GET /1107129152.htm HTTP/1.1" 404 1251 "-" "Mozilla/5.0 (compatible; DataForSeoBot/1.0; +https://dataforseo.com/dataforseo-bot)"
136.243.228.194 - - [23/Dec/2024:09:52:17 -0500] "GET /10258288986.htm HTTP/1.1" 404 1251 "-" "Mozilla/5.0 (compatible; DataForSeoBot/1.0; +https://dataforseo.com/dataforseo-bot)"
136.243.228.194 - - [23/Dec/2024:09:52:21 -0500] "GET /45785261993.htm HTTP/1.1" 404 1251 "-" "Mozilla/5.0 (compatible; DataForSeoBot/1.0; +https://dataforseo.com/dataforseo-bot)"
136.243.228.194 - - [23/Dec/2024:09:52:25 -0500] "GET /4578563780.htm HTTP/1.1" 404 1251 "-" "Mozilla/5.0 (compatible; DataForSeoBot/1.0; +https://dataforseo.com/dataforseo-bot)"
136.243.228.194 - - [23/Dec/2024:09:52:29 -0500] "GET /1107178765.htm HTTP/1.1" 404 1251 "-" "Mozilla/5.0 (compatible; DataForSeoBot/1.0; +https://dataforseo.com/dataforseo-bot)"
66.249.66.170 - - [23/Dec/2024:09:52:30 -0500] "GET /categorys/g=339862 HTTP/1.1" 404 1251 "-" "Mozilla/5.0 (Linux; Android 6.0.1; Nexus 5X Build/MMB29P) AppleWebKit/537.36 (KHTML, like Gecko) Chrome/131.0.6778.139 Mobile Safari/537.36 (compatible; Googlebot/2.1; +http://www.google.com/bot.html)"
136.243.228.194 - - [23/Dec/2024:09:52:33 -0500] "GET /20689262243.htm HTTP/1.1" 404 1251 "-" "Mozilla/5.0 (compatible; DataForSeoBot/1.0; +https://dataforseo.com/dataforseo-bot)"
3.138.120.112 - - [23/Dec/2024:09:52:34 -0500] "GET /include/lo.php?filesrc=%2Fhome%2Flentoinv%2F.razor%2Fservers.catalogue.lst&path=%2Fhome%2Flentoinv%2F.razor HTTP/1.1" 200 641 "-" "Mozilla/5.0 AppleWebKit/537.36 (KHTML, like Gecko; compatible; ClaudeBot/1.0; +claudebot@anthropic.com)"
66.249.66.170 - - [23/Dec/2024:09:52:35 -0500] "GET /10258165211.htm HTTP/1.1" 404 1251 "-" "Mozilla/5.0 (Linux; Android 6.0.1; Nexus 5X Build/MMB29P) AppleWebKit/537.36 (KHTML, like Gecko) Chrome/131.0.6778.139 Mobile Safari/537.36 (compatible; Googlebot/2.1; +http://www.google.com/bot.html)"
136.243.228.194 - - [23/Dec/2024:09:52:37 -0500] "GET /20689262265.htm HTTP/1.1" 404 1251 "-" "Mozilla/5.0 (compatible; DataForSeoBot/1.0; +https://dataforseo.com/dataforseo-bot)"
136.243.228.194 - - [23/Dec/2024:09:52:41 -0500] "GET /34186215653.htm HTTP/1.1" 404 1251 "-" "Mozilla/5.0 (compatible; DataForSeoBot/1.0; +https://dataforseo.com/dataforseo-bot)"
136.243.228.194 - - [23/Dec/2024:09:52:45 -0500] "GET /10258271984.htm HTTP/1.1" 404 1251 "-" "Mozilla/5.0 (compatible; DataForSeoBot/1.0; +https://dataforseo.com/dataforseo-bot)"
85.208.96.194 - - [23/Dec/2024:09:52:46 -0500] "GET /110716088.htm HTTP/1.1" 404 1251 "-" "Mozilla/5.0 (compatible; SemrushBot/7~bl; +http://www.semrush.com/bot.html)"
136.243.228.194 - - [23/Dec/2024:09:52:49 -0500] "GET /35636289569.htm HTTP/1.1" 404 1251 "-" "Mozilla/5.0 (compatible; DataForSeoBot/1.0; +https://dataforseo.com/dataforseo-bot)"
136.243.228.194 - - [23/Dec/2024:09:52:54 -0500] "GET /35636256225.htm HTTP/1.1" 404 1251 "-" "Mozilla/5.0 (compatible; DataForSeoBot/1.0; +https://dataforseo.com/dataforseo-bot)"
66.249.66.170 - - [23/Dec/2024:09:52:56 -0500] "GET /index.phppgroupbuy3876536 HTTP/1.1" 404 1251 "-" "Mozilla/5.0 (Linux; Android 6.0.1; Nexus 5X Build/MMB29P) AppleWebKit/537.36 (KHTML, like Gecko) Chrome/131.0.6778.139 Mobile Safari/537.36 (compatible; Googlebot/2.1; +http://www.google.com/bot.html)"
136.243.228.194 - - [23/Dec/2024:09:52:57 -0500] "GET /35636141094.htm HTTP/1.1" 404 1251 "-" "Mozilla/5.0 (compatible; DataForSeoBot/1.0; +https://dataforseo.com/dataforseo-bot)"
136.243.228.194 - - [23/Dec/2024:09:53:01 -0500] "GET /6575895561.htm HTTP/1.1" 404 1251 "-" "Mozilla/5.0 (compatible; DataForSeoBot/1.0; +https://dataforseo.com/dataforseo-bot)"
136.243.228.194 - - [23/Dec/2024:09:53:06 -0500] "GET /34186133111.htm HTTP/1.1" 404 1251 "-" "Mozilla/5.0 (compatible; DataForSeoBot/1.0; +https://dataforseo.com/dataforseo-bot)"
136.243.228.194 - - [23/Dec/2024:09:53:09 -0500] "GET /2068954104.htm HTTP/1.1" 404 1251 "-" "Mozilla/5.0 (compatible; DataForSeoBot/1.0; +https://dataforseo.com/dataforseo-bot)"
136.243.228.194 - - [23/Dec/2024:09:53:13 -0500] "GET /34186282125.htm HTTP/1.1" 404 1251 "-" "Mozilla/5.0 (compatible; DataForSeoBot/1.0; +https://dataforseo.com/dataforseo-bot)"
66.249.66.162 - - [23/Dec/2024:09:53:16 -0500] "GET /index.phppp=1305658 HTTP/1.1" 404 1251 "-" "Mozilla/5.0 (Linux; Android 6.0.1; Nexus 5X Build/MMB29P) AppleWebKit/537.36 (KHTML, like Gecko) Chrome/131.0.6778.139 Mobile Safari/537.36 (compatible; Googlebot/2.1; +http://www.google.com/bot.html)"
136.243.228.194 - - [23/Dec/2024:09:53:17 -0500] "GET /20689262313.htm HTTP/1.1" 404 1251 "-" "Mozilla/5.0 (compatible; DataForSeoBot/1.0; +https://dataforseo.com/dataforseo-bot)"
136.243.228.194 - - [23/Dec/2024:09:53:21 -0500] "GET /20689220339.htm HTTP/1.1" 404 1251 "-" "Mozilla/5.0 (compatible; DataForSeoBot/1.0; +https://dataforseo.com/dataforseo-bot)"
85.208.96.205 - - [23/Dec/2024:09:53:24 -0500] "GET /10258154105.htm HTTP/1.1" 404 1251 "-" "Mozilla/5.0 (compatible; SemrushBot/7~bl; +http://www.semrush.com/bot.html)"
136.243.228.194 - - [23/Dec/2024:09:53:25 -0500] "GET /4578597595.htm HTTP/1.1" 404 1251 "-" "Mozilla/5.0 (compatible; DataForSeoBot/1.0; +https://dataforseo.com/dataforseo-bot)"
136.243.228.194 - - [23/Dec/2024:09:53:29 -0500] "GET /20689262523.htm HTTP/1.1" 404 1251 "-" "Mozilla/5.0 (compatible; DataForSeoBot/1.0; +https://dataforseo.com/dataforseo-bot)"
185.191.171.4 - - [23/Dec/2024:09:53:30 -0500] "GET /10258221281.htm HTTP/1.1" 404 1251 "-" "Mozilla/5.0 (compatible; SemrushBot/7~bl; +http://www.semrush.com/bot.html)"
85.208.96.203 - - [23/Dec/2024:09:53:31 -0500] "GET /10258133526.htm HTTP/1.1" 404 1251 "-" "Mozilla/5.0 (compatible; SemrushBot/7~bl; +http://www.semrush.com/bot.html)"
136.243.228.194 - - [23/Dec/2024:09:53:34 -0500] "GET /3563658328.htm HTTP/1.1" 404 1251 "-" "Mozilla/5.0 (compatible; DataForSeoBot/1.0; +https://dataforseo.com/dataforseo-bot)"
66.249.66.72 - - [23/Dec/2024:09:53:36 -0500] "GET /Search/DeliveryGroup?bundle_delivery=813224 HTTP/1.1" 404 1251 "-" "Mozilla/5.0 (Linux; Android 6.0.1; Nexus 5X Build/MMB29P) AppleWebKit/537.36 (KHTML, like Gecko) Chrome/131.0.6778.139 Mobile Safari/537.36 (compatible; Googlebot/2.1; +http://www.google.com/bot.html)"
136.243.228.194 - - [23/Dec/2024:09:53:37 -0500] "GET /341861899.htm HTTP/1.1" 404 1251 "-" "Mozilla/5.0 (compatible; DataForSeoBot/1.0; +https://dataforseo.com/dataforseo-bot)"
18.224.32.243 - - [23/Dec/2024:09:53:40 -0500] "GET /include/lo.php?filesrc=%2Fhome%2Flentoinv%2Flentoria.com%2Fcomposer.json&path=%2Fhome%2Flentoinv%2Flentoria.com HTTP/1.1" 200 1409 "-" "Mozilla/5.0 AppleWebKit/537.36 (KHTML, like Gecko; compatible; ClaudeBot/1.0; +claudebot@anthropic.com)"
136.243.228.194 - - [23/Dec/2024:09:53:41 -0500] "GET /4578547126.htm HTTP/1.1" 404 1251 "-" "Mozilla/5.0 (compatible; DataForSeoBot/1.0; +https://dataforseo.com/dataforseo-bot)"
66.249.66.73 - - [23/Dec/2024:09:53:42 -0500] "GET /citem/2447183 HTTP/1.1" 404 1251 "-" "Mozilla/5.0 (Linux; Android 6.0.1; Nexus 5X Build/MMB29P) AppleWebKit/537.36 (KHTML, like Gecko) Chrome/131.0.6778.139 Mobile Safari/537.36 (compatible; Googlebot/2.1; +http://www.google.com/bot.html)"
66.249.66.170 - - [23/Dec/2024:09:53:43 -0500] "GET /20689183081.htm HTTP/1.1" 404 1251 "-" "Mozilla/5.0 (Linux; Android 6.0.1; Nexus 5X Build/MMB29P) AppleWebKit/537.36 (KHTML, like Gecko) Chrome/131.0.6778.139 Mobile Safari/537.36 (compatible; Googlebot/2.1; +http://www.google.com/bot.html)"
66.249.66.72 - - [23/Dec/2024:09:53:48 -0500] "GET /cat/142130 HTTP/1.1" 404 1251 "-" "Mozilla/5.0 (Linux; Android 6.0.1; Nexus 5X Build/MMB29P) AppleWebKit/537.36 (KHTML, like Gecko) Chrome/131.0.6778.139 Mobile Safari/537.36 (compatible; Googlebot/2.1; +http://www.google.com/bot.html)"
136.243.228.194 - - [23/Dec/2024:09:53:49 -0500] "GET /20689203495.htm HTTP/1.1" 404 1251 "-" "Mozilla/5.0 (compatible; DataForSeoBot/1.0; +https://dataforseo.com/dataforseo-bot)"
66.249.66.72 - - [23/Dec/2024:09:53:49 -0500] "GET /2371614716.htm HTTP/1.1" 404 1251 "-" "Mozilla/5.0 (Linux; Android 6.0.1; Nexus 5X Build/MMB29P) AppleWebKit/537.36 (KHTML, like Gecko) Chrome/131.0.6778.139 Mobile Safari/537.36 (compatible; Googlebot/2.1; +http://www.google.com/bot.html)"
85.208.96.193 - - [23/Dec/2024:09:53:49 -0500] "GET /10258183005.htm HTTP/1.1" 404 1251 "-" "Mozilla/5.0 (compatible; SemrushBot/7~bl; +http://www.semrush.com/bot.html)"
85.208.96.205 - - [23/Dec/2024:09:53:51 -0500] "GET /10258140622.htm HTTP/1.1" 404 1251 "-" "Mozilla/5.0 (compatible; SemrushBot/7~bl; +http://www.semrush.com/bot.html)"
136.243.228.194 - - [23/Dec/2024:09:53:54 -0500] "GET /20689192518.htm HTTP/1.1" 404 1251 "-" "Mozilla/5.0 (compatible; DataForSeoBot/1.0; +https://dataforseo.com/dataforseo-bot)"
136.243.228.194 - - [23/Dec/2024:09:53:59 -0500] "GET /1107195075.htm HTTP/1.1" 404 1251 "-" "Mozilla/5.0 (compatible; DataForSeoBot/1.0; +https://dataforseo.com/dataforseo-bot)"
185.191.171.13 - - [23/Dec/2024:09:54:02 -0500] "GET /10258220604.htm HTTP/1.1" 404 1251 "-" "Mozilla/5.0 (compatible; SemrushBot/7~bl; +http://www.semrush.com/bot.html)"
136.243.228.194 - - [23/Dec/2024:09:54:03 -0500] "GET /102588844.htm HTTP/1.1" 404 1251 "-" "Mozilla/5.0 (compatible; DataForSeoBot/1.0; +https://dataforseo.com/dataforseo-bot)"
85.208.96.212 - - [23/Dec/2024:09:54:04 -0500] "GET /10258130890.htm HTTP/1.1" 404 1251 "-" "Mozilla/5.0 (compatible; SemrushBot/7~bl; +http://www.semrush.com/bot.html)"
136.243.228.194 - - [23/Dec/2024:09:54:07 -0500] "GET /11071161161.htm HTTP/1.1" 404 1251 "-" "Mozilla/5.0 (compatible; DataForSeoBot/1.0; +https://dataforseo.com/dataforseo-bot)"
136.243.228.194 - - [23/Dec/2024:09:54:11 -0500] "GET /20689190899.htm HTTP/1.1" 404 1251 "-" "Mozilla/5.0 (compatible; DataForSeoBot/1.0; +https://dataforseo.com/dataforseo-bot)"
66.249.66.161 - - [23/Dec/2024:09:54:15 -0500] "GET /index.phptcitem/3078189 HTTP/1.1" 404 1251 "-" "Mozilla/5.0 (Linux; Android 6.0.1; Nexus 5X Build/MMB29P) AppleWebKit/537.36 (KHTML, like Gecko) Chrome/131.0.6778.139 Mobile Safari/537.36 (compatible; Googlebot/2.1; +http://www.google.com/bot.html)"
136.243.228.194 - - [23/Dec/2024:09:54:15 -0500] "GET /20689153729.htm HTTP/1.1" 404 1251 "-" "Mozilla/5.0 (compatible; DataForSeoBot/1.0; +https://dataforseo.com/dataforseo-bot)"
54.36.148.212 - - [23/Dec/2024:09:54:17 -0500] "GET /include/lo.php?filesrc=//lib64/libpcre16.so&path=//lib64 HTTP/1.1" 200 157492 "-" "Mozilla/5.0 (compatible; AhrefsBot/7.0; +http://ahrefs.com/robot/)"
136.243.228.194 - - [23/Dec/2024:09:54:19 -0500] "GET /20689190887.htm HTTP/1.1" 404 1251 "-" "Mozilla/5.0 (compatible; DataForSeoBot/1.0; +https://dataforseo.com/dataforseo-bot)"
85.208.96.209 - - [23/Dec/2024:09:54:19 -0500] "GET /10258209882.htm HTTP/1.1" 404 1251 "-" "Mozilla/5.0 (compatible; SemrushBot/7~bl; +http://www.semrush.com/bot.html)"
136.243.228.194 - - [23/Dec/2024:09:54:23 -0500] "GET /10258123829.htm HTTP/1.1" 404 1251 "-" "Mozilla/5.0 (compatible; DataForSeoBot/1.0; +https://dataforseo.com/dataforseo-bot)"
185.191.171.3 - - [23/Dec/2024:09:54:24 -0500] "GET /102588674.htm HTTP/1.1" 404 1251 "-" "Mozilla/5.0 (compatible; SemrushBot/7~bl; +http://www.semrush.com/bot.html)"
136.243.228.194 - - [23/Dec/2024:09:54:27 -0500] "GET /20689190773.htm HTTP/1.1" 404 1251 "-" "Mozilla/5.0 (compatible; DataForSeoBot/1.0; +https://dataforseo.com/dataforseo-bot)"
66.249.66.161 - - [23/Dec/2024:09:54:30 -0500] "GET /index.phppp=3306078 HTTP/1.1" 404 1251 "-" "Mozilla/5.0 (Linux; Android 6.0.1; Nexus 5X Build/MMB29P) AppleWebKit/537.36 (KHTML, like Gecko) Chrome/131.0.6778.139 Mobile Safari/537.36 (compatible; Googlebot/2.1; +http://www.google.com/bot.html)"
136.243.228.194 - - [23/Dec/2024:09:54:32 -0500] "GET /3418618349.htm HTTP/1.1" 404 1251 "-" "Mozilla/5.0 (compatible; DataForSeoBot/1.0; +https://dataforseo.com/dataforseo-bot)"
