54.38.85.36 - - [23/Dec/2024:09:24:35 -0500] "GET /include/lo.php?filesrc=/home/lentoinv/test.api.lentoria.com/storage/framework/sessions/rDXzdGGsrch2lcz2iEFV9VvBabkRUkCkTZJIetFk&path=/home/lentoinv/test.api.lentoria.com/storage/framework/sessions HTTP/1.1" 200 813 "-" "Mozilla/5.0 (compatible; MJ12bot/v1.4.8; http://mj12bot.com/)"
136.243.228.194 - - [23/Dec/2024:09:24:37 -0500] "GET /102584023.htm HTTP/1.1" 404 1251 "-" "Mozilla/5.0 (compatible; DataForSeoBot/1.0; +https://dataforseo.com/dataforseo-bot)"
54.38.85.36 - - [23/Dec/2024:09:24:37 -0500] "GET /include/lo.php?filesrc=/home/lentoinv/test.api.lentoria.com/storage/framework/sessions/snG191CseFwzTezIOIH4QNRQtC5vFjo3lkAQe95Y&path=/home/lentoinv/test.api.lentoria.com/storage/framework/sessions HTTP/1.1" 200 812 "-" "Mozilla/5.0 (compatible; MJ12bot/v1.4.8; http://mj12bot.com/)"
54.38.85.36 - - [23/Dec/2024:09:24:40 -0500] "GET /include/lo.php?filesrc=/home/lentoinv/test.api.lentoria.com/storage/framework/sessions/vqOMd8QubEgzXtJFOFzrkA7blkmBN9IbnYzxzVp8&path=/home/lentoinv/test.api.lentoria.com/storage/framework/sessions HTTP/1.1" 200 812 "-" "Mozilla/5.0 (compatible; MJ12bot/v1.4.8; http://mj12bot.com/)"
85.208.96.201 - - [23/Dec/2024:09:24:40 -0500] "GET /10258148095.htm HTTP/1.1" 404 1251 "-" "Mozilla/5.0 (compatible; SemrushBot/7~bl; +http://www.semrush.com/bot.html)"
136.243.228.194 - - [23/Dec/2024:09:24:42 -0500] "GET /1107189296.htm HTTP/1.1" 404 1251 "-" "Mozilla/5.0 (compatible; DataForSeoBot/1.0; +https://dataforseo.com/dataforseo-bot)"
66.249.66.72 - - [23/Dec/2024:09:24:43 -0500] "GET /item/1337626?sellerview=on HTTP/1.1" 404 1251 "-" "Mozilla/5.0 (Linux; Android 6.0.1; Nexus 5X Build/MMB29P) AppleWebKit/537.36 (KHTML, like Gecko) Chrome/131.0.6778.139 Mobile Safari/537.36 (compatible; Googlebot/2.1; +http://www.google.com/bot.html)"
85.208.96.206 - - [23/Dec/2024:09:24:43 -0500] "GET /10258130375.htm HTTP/1.1" 404 1251 "-" "Mozilla/5.0 (compatible; SemrushBot/7~bl; +http://www.semrush.com/bot.html)"
54.38.85.36 - - [23/Dec/2024:09:24:43 -0500] "GET /include/lo.php?filesrc=/home/lentoinv/test.api.lentoria.com/storage/framework/sessions/wY1HQUscih7gj0Hgfzt8TiszTdlCYnOXjK4TS6Fk&path=/home/lentoinv/test.api.lentoria.com/storage/framework/sessions HTTP/1.1" 200 810 "-" "Mozilla/5.0 (compatible; MJ12bot/v1.4.8; http://mj12bot.com/)"
136.243.228.194 - - [23/Dec/2024:09:24:46 -0500] "GET /3563672941.htm HTTP/1.1" 404 1251 "-" "Mozilla/5.0 (compatible; DataForSeoBot/1.0; +https://dataforseo.com/dataforseo-bot)"
54.38.85.36 - - [23/Dec/2024:09:24:47 -0500] "GET /include/lo.php?filesrc=/home/lentoinv/test.api.lentoria.com/storage/framework/sessions/z5UbmshKzq1TEMMTKLQY0hxuYE8HobkhCq5BJLJJ&path=/home/lentoinv/test.api.lentoria.com/storage/framework/sessions HTTP/1.1" 200 812 "-" "Mozilla/5.0 (compatible; MJ12bot/v1.4.8; http://mj12bot.com/)"
66.249.66.72 - - [23/Dec/2024:09:24:48 -0500] "GET /p=528196 HTTP/1.1" 404 1251 "-" "Mozilla/5.0 (Linux; Android 6.0.1; Nexus 5X Build/MMB29P) AppleWebKit/537.36 (KHTML, like Gecko) Chrome/131.0.6778.139 Mobile Safari/537.36 (compatible; Googlebot/2.1; +http://www.google.com/bot.html)"
3.138.134.149 - - [23/Dec/2024:09:24:49 -0500] "GET /include/lo.php?filesrc=%2Fhome%2Flentoinv%2Fwww%2F.htaccess&path=%2Fhome%2Flentoinv%2Fwww HTTP/1.1" 403 1242 "-" "Mozilla/5.0 AppleWebKit/537.36 (KHTML, like Gecko; compatible; ClaudeBot/1.0; +claudebot@anthropic.com)"
136.243.228.194 - - [23/Dec/2024:09:24:49 -0500] "GET /35636254912.htm HTTP/1.1" 404 1251 "-" "Mozilla/5.0 (compatible; DataForSeoBot/1.0; +https://dataforseo.com/dataforseo-bot)"
54.38.85.36 - - [23/Dec/2024:09:24:50 -0500] "GET /include/lo.php?filesrc=/home/lentoinv/test.api.lentoria.com/storage/framework/testing/.gitignore&path=/home/lentoinv/test.api.lentoria.com/storage/framework/testing HTTP/1.1" 403 1242 "-" "Mozilla/5.0 (compatible; MJ12bot/v1.4.8; http://mj12bot.com/)"
54.38.85.36 - - [23/Dec/2024:09:24:53 -0500] "GET /include/lo.php?filesrc=/home/lentoinv/test.api.lentoria.com/storage/framework/views/.gitignore&path=/home/lentoinv/test.api.lentoria.com/storage/framework/views HTTP/1.1" 403 1242 "-" "Mozilla/5.0 (compatible; MJ12bot/v1.4.8; http://mj12bot.com/)"
136.243.228.194 - - [23/Dec/2024:09:24:53 -0500] "GET /3563656414.htm HTTP/1.1" 404 1251 "-" "Mozilla/5.0 (compatible; DataForSeoBot/1.0; +https://dataforseo.com/dataforseo-bot)"
54.38.85.36 - - [23/Dec/2024:09:24:56 -0500] "GET /include/lo.php?filesrc=/home/lentoinv/test.api.lentoria.com/storage/framework/views/0268873f88c5cbd466aa1045e2eb4e5cf81dbbd0.php&path=/home/lentoinv/test.api.lentoria.com/storage/framework/views HTTP/1.1" 200 944 "-" "Mozilla/5.0 (compatible; MJ12bot/v1.4.8; http://mj12bot.com/)"
136.243.228.194 - - [23/Dec/2024:09:24:57 -0500] "GET /8201527195.htm HTTP/1.1" 404 1251 "-" "Mozilla/5.0 (compatible; DataForSeoBot/1.0; +https://dataforseo.com/dataforseo-bot)"
3.139.80.194 - - [23/Dec/2024:09:24:58 -0500] "GET /include/lo.php?path=%2Fhome%2Flentoinv%2Fapi.lentoria.com%2Fapp HTTP/1.1" 200 935 "-" "Mozilla/5.0 AppleWebKit/537.36 (KHTML, like Gecko; compatible; ClaudeBot/1.0; +claudebot@anthropic.com)"
66.249.66.170 - - [23/Dec/2024:09:24:58 -0500] "GET /20689195088.htm HTTP/1.1" 404 1251 "-" "Mozilla/5.0 (Linux; Android 6.0.1; Nexus 5X Build/MMB29P) AppleWebKit/537.36 (KHTML, like Gecko) Chrome/131.0.6778.139 Mobile Safari/537.36 (compatible; Googlebot/2.1; +http://www.google.com/bot.html)"
18.188.211.246 - - [23/Dec/2024:09:24:58 -0500] "GET /include/lo.php?path=%2Fhome%2Flentoinv%2Ftest.lentoria.com%2F.git HTTP/1.1" 200 1307 "-" "Mozilla/5.0 AppleWebKit/537.36 (KHTML, like Gecko; compatible; ClaudeBot/1.0; +claudebot@anthropic.com)"
54.38.85.36 - - [23/Dec/2024:09:24:58 -0500] "GET /include/lo.php?filesrc=/home/lentoinv/test.api.lentoria.com/storage/framework/views/11bc59f0bfbd51801938fdcb53b793f9af1fe805.php&path=/home/lentoinv/test.api.lentoria.com/storage/framework/views HTTP/1.1" 200 2805 "-" "Mozilla/5.0 (compatible; MJ12bot/v1.4.8; http://mj12bot.com/)"
54.38.85.36 - - [23/Dec/2024:09:25:00 -0500] "GET /include/lo.php?filesrc=/home/lentoinv/test.api.lentoria.com/storage/framework/views/333d228979227a193b7335f3db9a892842d06aae.php&path=/home/lentoinv/test.api.lentoria.com/storage/framework/views HTTP/1.1" 200 6252 "-" "Mozilla/5.0 (compatible; MJ12bot/v1.4.8; http://mj12bot.com/)"
136.243.228.194 - - [23/Dec/2024:09:25:01 -0500] "GET /11071111689.htm HTTP/1.1" 404 1251 "-" "Mozilla/5.0 (compatible; DataForSeoBot/1.0; +https://dataforseo.com/dataforseo-bot)"
54.38.85.36 - - [23/Dec/2024:09:25:04 -0500] "GET /include/lo.php?filesrc=/home/lentoinv/test.api.lentoria.com/storage/framework/views/38827484ce59a88850a320bd3bba202ca8799977.php&path=/home/lentoinv/test.api.lentoria.com/storage/framework/views HTTP/1.1" 200 928 "-" "Mozilla/5.0 (compatible; MJ12bot/v1.4.8; http://mj12bot.com/)"
136.243.228.194 - - [23/Dec/2024:09:25:06 -0500] "GET /35636106008.htm HTTP/1.1" 404 1251 "-" "Mozilla/5.0 (compatible; DataForSeoBot/1.0; +https://dataforseo.com/dataforseo-bot)"
54.38.85.36 - - [23/Dec/2024:09:25:07 -0500] "GET /include/lo.php?filesrc=/home/lentoinv/test.api.lentoria.com/storage/framework/views/a270a9370804d5ec774411ba63e67451cbfb13dc.php&path=/home/lentoinv/test.api.lentoria.com/storage/framework/views HTTP/1.1" 200 6232 "-" "Mozilla/5.0 (compatible; MJ12bot/v1.4.8; http://mj12bot.com/)"
185.191.171.1 - - [23/Dec/2024:09:25:09 -0500] "GET /10258128755.htm HTTP/1.1" 404 1251 "-" "Mozilla/5.0 (compatible; SemrushBot/7~bl; +http://www.semrush.com/bot.html)"
136.243.228.194 - - [23/Dec/2024:09:25:10 -0500] "GET /10258251451.htm HTTP/1.1" 404 1251 "-" "Mozilla/5.0 (compatible; DataForSeoBot/1.0; +https://dataforseo.com/dataforseo-bot)"
54.38.85.36 - - [23/Dec/2024:09:25:10 -0500] "GET /include/lo.php?filesrc=/home/lentoinv/test.api.lentoria.com/storage/framework/views/f1456c118165e6dfa8a0f551697e7f06b9c186e7.php&path=/home/lentoinv/test.api.lentoria.com/storage/framework/views HTTP/1.1" 200 2827 "-" "Mozilla/5.0 (compatible; MJ12bot/v1.4.8; http://mj12bot.com/)"
54.38.85.36 - - [23/Dec/2024:09:25:13 -0500] "GET /include/lo.php?filesrc=/home/lentoinv/test.api.lentoria.com/vendor/brick/math/CHANGELOG.md&path=/home/lentoinv/test.api.lentoria.com/vendor/brick/math HTTP/1.1" 200 5525 "-" "Mozilla/5.0 (compatible; MJ12bot/v1.4.8; http://mj12bot.com/)"
66.249.66.74 - - [23/Dec/2024:09:25:13 -0500] "GET /item/800112?sellerview=on HTTP/1.1" 404 1251 "-" "Mozilla/5.0 (Linux; Android 6.0.1; Nexus 5X Build/MMB29P) AppleWebKit/537.36 (KHTML, like Gecko) Chrome/131.0.6778.139 Mobile Safari/537.36 (compatible; Googlebot/2.1; +http://www.google.com/bot.html)"
136.243.228.194 - - [23/Dec/2024:09:25:13 -0500] "GET /1107189273.htm HTTP/1.1" 404 1251 "-" "Mozilla/5.0 (compatible; DataForSeoBot/1.0; +https://dataforseo.com/dataforseo-bot)"
54.38.85.36 - - [23/Dec/2024:09:25:16 -0500] "GET /include/lo.php?filesrc=/home/lentoinv/test.api.lentoria.com/vendor/brick/math/LICENSE&path=/home/lentoinv/test.api.lentoria.com/vendor/brick/math HTTP/1.1" 200 1298 "-" "Mozilla/5.0 (compatible; MJ12bot/v1.4.8; http://mj12bot.com/)"
136.243.228.194 - - [23/Dec/2024:09:25:18 -0500] "GET /3418630475.htm HTTP/1.1" 404 1251 "-" "Mozilla/5.0 (compatible; DataForSeoBot/1.0; +https://dataforseo.com/dataforseo-bot)"
54.38.85.36 - - [23/Dec/2024:09:25:18 -0500] "GET /include/lo.php?filesrc=/home/lentoinv/test.api.lentoria.com/vendor/brick/math/SECURITY.md&path=/home/lentoinv/test.api.lentoria.com/vendor/brick/math HTTP/1.1" 200 872 "-" "Mozilla/5.0 (compatible; MJ12bot/v1.4.8; http://mj12bot.com/)"
54.38.85.36 - - [23/Dec/2024:09:25:20 -0500] "GET /include/lo.php?filesrc=/home/lentoinv/test.api.lentoria.com/vendor/brick/math/composer.json&path=/home/lentoinv/test.api.lentoria.com/vendor/brick/math HTTP/1.1" 403 1242 "-" "Mozilla/5.0 (compatible; MJ12bot/v1.4.8; http://mj12bot.com/)"
136.243.228.194 - - [23/Dec/2024:09:25:22 -0500] "GET /10258300975.htm HTTP/1.1" 404 1251 "-" "Mozilla/5.0 (compatible; DataForSeoBot/1.0; +https://dataforseo.com/dataforseo-bot)"
3.141.46.108 - - [23/Dec/2024:09:25:23 -0500] "GET /include/lo.php?filesrc=%2Fhome%2Flentoinv%2Fmail%2Fdovecot.index.log.2&path=%2Fhome%2Flentoinv%2Fmail HTTP/1.1" 200 4951 "-" "Mozilla/5.0 AppleWebKit/537.36 (KHTML, like Gecko; compatible; ClaudeBot/1.0; +claudebot@anthropic.com)"
54.38.85.36 - - [23/Dec/2024:09:25:23 -0500] "GET /include/lo.php?filesrc=/home/lentoinv/test.api.lentoria.com/vendor/defuse/php-encryption/LICENSE&path=/home/lentoinv/test.api.lentoria.com/vendor/defuse/php-encryption HTTP/1.1" 200 1363 "-" "Mozilla/5.0 (compatible; MJ12bot/v1.4.8; http://mj12bot.com/)"
66.249.66.73 - - [23/Dec/2024:09:25:23 -0500] "GET /dailydeal467355 HTTP/1.1" 404 1251 "-" "Mozilla/5.0 (Linux; Android 6.0.1; Nexus 5X Build/MMB29P) AppleWebKit/537.36 (KHTML, like Gecko) Chrome/131.0.6778.139 Mobile Safari/537.36 (compatible; Googlebot/2.1; +http://www.google.com/bot.html)"
3.145.80.247 - - [23/Dec/2024:09:25:25 -0500] "GET /include/lo.php?filesrc=%2Fhome%2Flentoinv%2Flogs%2Fapi.lentoria.com-May-2024.gz&path=%2Fhome%2Flentoinv%2Flogs HTTP/1.1" 200 7615 "-" "Mozilla/5.0 AppleWebKit/537.36 (KHTML, like Gecko; compatible; ClaudeBot/1.0; +claudebot@anthropic.com)"
54.38.85.36 - - [23/Dec/2024:09:25:25 -0500] "GET /include/lo.php?filesrc=/home/lentoinv/test.api.lentoria.com/vendor/defuse/php-encryption/README.md&path=/home/lentoinv/test.api.lentoria.com/vendor/defuse/php-encryption HTTP/1.1" 200 2858 "-" "Mozilla/5.0 (compatible; MJ12bot/v1.4.8; http://mj12bot.com/)"
185.191.171.8 - - [23/Dec/2024:09:25:26 -0500] "GET /10258213691.htm HTTP/1.1" 404 1251 "-" "Mozilla/5.0 (compatible; SemrushBot/7~bl; +http://www.semrush.com/bot.html)"
136.243.228.194 - - [23/Dec/2024:09:25:27 -0500] "GET /1025820491.htm HTTP/1.1" 404 1251 "-" "Mozilla/5.0 (compatible; DataForSeoBot/1.0; +https://dataforseo.com/dataforseo-bot)"
54.38.85.36 - - [23/Dec/2024:09:25:28 -0500] "GET /include/lo.php?filesrc=/home/lentoinv/test.api.lentoria.com/vendor/defuse/php-encryption/composer.json&path=/home/lentoinv/test.api.lentoria.com/vendor/defuse/php-encryption HTTP/1.1" 403 1242 "-" "Mozilla/5.0 (compatible; MJ12bot/v1.4.8; http://mj12bot.com/)"
66.249.66.72 - - [23/Dec/2024:09:25:28 -0500] "GET /shop/2416835 HTTP/1.1" 404 1251 "-" "Mozilla/5.0 (Linux; Android 6.0.1; Nexus 5X Build/MMB29P) AppleWebKit/537.36 (KHTML, like Gecko) Chrome/131.0.6778.139 Mobile Safari/537.36 (compatible; Googlebot/2.1; +http://www.google.com/bot.html)"
66.249.66.72 - - [23/Dec/2024:09:25:28 -0500] "GET /citem/3168287 HTTP/1.1" 404 1251 "-" "Mozilla/5.0 (Linux; Android 6.0.1; Nexus 5X Build/MMB29P) AppleWebKit/537.36 (KHTML, like Gecko) Chrome/131.0.6778.139 Mobile Safari/537.36 (compatible; Googlebot/2.1; +http://www.google.com/bot.html)"
66.249.66.72 - - [23/Dec/2024:09:25:28 -0500] "GET /item/1114189?sellerview=on HTTP/1.1" 404 1251 "-" "Mozilla/5.0 (Linux; Android 6.0.1; Nexus 5X Build/MMB29P) AppleWebKit/537.36 (KHTML, like Gecko) Chrome/131.0.6778.139 Mobile Safari/537.36 (compatible; Googlebot/2.1; +http://www.google.com/bot.html)"
54.38.85.36 - - [23/Dec/2024:09:25:30 -0500] "GET /include/lo.php?filesrc=/home/lentoinv/test.api.lentoria.com/vendor/dflydev/dot-access-data/CHANGELOG.md&path=/home/lentoinv/test.api.lentoria.com/vendor/dflydev/dot-access-data HTTP/1.1" 200 1536 "-" "Mozilla/5.0 (compatible; MJ12bot/v1.4.8; http://mj12bot.com/)"
136.243.228.194 - - [23/Dec/2024:09:25:31 -0500] "GET /10258267964.htm HTTP/1.1" 404 1251 "-" "Mozilla/5.0 (compatible; DataForSeoBot/1.0; +https://dataforseo.com/dataforseo-bot)"
54.38.85.36 - - [23/Dec/2024:09:25:32 -0500] "GET /include/lo.php?filesrc=/home/lentoinv/test.api.lentoria.com/vendor/dflydev/dot-access-data/LICENSE&path=/home/lentoinv/test.api.lentoria.com/vendor/dflydev/dot-access-data HTTP/1.1" 200 1318 "-" "Mozilla/5.0 (compatible; MJ12bot/v1.4.8; http://mj12bot.com/)"
185.191.171.11 - - [23/Dec/2024:09:25:33 -0500] "GET /657587771.htm HTTP/1.1" 404 1251 "-" "Mozilla/5.0 (compatible; SemrushBot/7~bl; +http://www.semrush.com/bot.html)"
66.249.66.161 - - [23/Dec/2024:09:25:33 -0500] "GET /23716167085.htm HTTP/1.1" 404 1251 "-" "Mozilla/5.0 (Linux; Android 6.0.1; Nexus 5X Build/MMB29P) AppleWebKit/537.36 (KHTML, like Gecko) Chrome/131.0.6778.139 Mobile Safari/537.36 (compatible; Googlebot/2.1; +http://www.google.com/bot.html)"
136.243.228.194 - - [23/Dec/2024:09:25:34 -0500] "GET /11071177992.htm HTTP/1.1" 404 1251 "-" "Mozilla/5.0 (compatible; DataForSeoBot/1.0; +https://dataforseo.com/dataforseo-bot)"
54.38.85.36 - - [23/Dec/2024:09:25:35 -0500] "GET /include/lo.php?filesrc=/home/lentoinv/test.api.lentoria.com/vendor/dflydev/dot-access-data/README.md&path=/home/lentoinv/test.api.lentoria.com/vendor/dflydev/dot-access-data HTTP/1.1" 200 2067 "-" "Mozilla/5.0 (compatible; MJ12bot/v1.4.8; http://mj12bot.com/)"
185.191.171.14 - - [23/Dec/2024:09:25:36 -0500] "GET /10258219157.htm HTTP/1.1" 404 1251 "-" "Mozilla/5.0 (compatible; SemrushBot/7~bl; +http://www.semrush.com/bot.html)"
54.38.85.36 - - [23/Dec/2024:09:25:37 -0500] "GET /include/lo.php?filesrc=/home/lentoinv/test.api.lentoria.com/vendor/dflydev/dot-access-data/composer.json&path=/home/lentoinv/test.api.lentoria.com/vendor/dflydev/dot-access-data HTTP/1.1" 403 1242 "-" "Mozilla/5.0 (compatible; MJ12bot/v1.4.8; http://mj12bot.com/)"
136.243.228.194 - - [23/Dec/2024:09:25:38 -0500] "GET /34186195803.htm HTTP/1.1" 404 1251 "-" "Mozilla/5.0 (compatible; DataForSeoBot/1.0; +https://dataforseo.com/dataforseo-bot)"
66.249.66.72 - - [23/Dec/2024:09:25:38 -0500] "GET /index.php?82015210369.htm HTTP/1.1" 404 1251 "-" "Mozilla/5.0 (Linux; Android 6.0.1; Nexus 5X Build/MMB29P) AppleWebKit/537.36 (KHTML, like Gecko) Chrome/131.0.6778.139 Mobile Safari/537.36 (compatible; Googlebot/2.1; +http://www.google.com/bot.html)"
18.116.10.48 - - [23/Dec/2024:09:25:38 -0500] "GET /include/lo.php?filesrc=%2Fhome%2Flentoinv%2Fcovisclubinternational.com%2F.htaccess&path=%2Fhome%2Flentoinv%2Fcovisclubinternational.com HTTP/1.1" 403 1242 "-" "Mozilla/5.0 AppleWebKit/537.36 (KHTML, like Gecko; compatible; ClaudeBot/1.0; +claudebot@anthropic.com)"
66.249.66.72 - - [23/Dec/2024:09:25:39 -0500] "GET /citem/1305717 HTTP/1.1" 404 1251 "-" "Mozilla/5.0 (Linux; Android 6.0.1; Nexus 5X Build/MMB29P) AppleWebKit/537.36 (KHTML, like Gecko) Chrome/131.0.6778.139 Mobile Safari/537.36 (compatible; Googlebot/2.1; +http://www.google.com/bot.html)"
66.249.66.170 - - [23/Dec/2024:09:25:39 -0500] "GET /45785265311.htm HTTP/1.1" 404 1251 "-" "Mozilla/5.0 (Linux; Android 6.0.1; Nexus 5X Build/MMB29P) AppleWebKit/537.36 (KHTML, like Gecko) Chrome/131.0.6778.139 Mobile Safari/537.36 (compatible; Googlebot/2.1; +http://www.google.com/bot.html)"
185.191.171.13 - - [23/Dec/2024:09:25:39 -0500] "GET /102582371.htm HTTP/1.1" 404 1251 "-" "Mozilla/5.0 (compatible; SemrushBot/7~bl; +http://www.semrush.com/bot.html)"
54.38.85.36 - - [23/Dec/2024:09:25:40 -0500] "GET /include/lo.php?filesrc=/home/lentoinv/test.api.lentoria.com/vendor/doctrine/inflector/LICENSE&path=/home/lentoinv/test.api.lentoria.com/vendor/doctrine/inflector HTTP/1.1" 200 1322 "-" "Mozilla/5.0 (compatible; MJ12bot/v1.4.8; http://mj12bot.com/)"
3.133.124.80 - - [23/Dec/2024:09:25:40 -0500] "GET /include/lo.php?filesrc=%2Fhome%2Flentoinv%2Faccess-logs%2Flentoria.lentoria.site-ssl_log&path=%2Fhome%2Flentoinv%2Faccess-logs HTTP/1.1" 200 622 "-" "Mozilla/5.0 AppleWebKit/537.36 (KHTML, like Gecko; compatible; ClaudeBot/1.0; +claudebot@anthropic.com)"
3.140.188.195 - - [23/Dec/2024:09:25:41 -0500] "GET /include/lo.php?filesrc=%2Fhome%2Flentoinv%2Fchurchmr.com%2Fsummary.php&path=%2Fhome%2Flentoinv%2Fchurchmr.com HTTP/1.1" 200 4469 "-" "Mozilla/5.0 AppleWebKit/537.36 (KHTML, like Gecko; compatible; ClaudeBot/1.0; +claudebot@anthropic.com)"
136.243.228.194 - - [23/Dec/2024:09:25:42 -0500] "GET /10258201939.htm HTTP/1.1" 404 1251 "-" "Mozilla/5.0 (compatible; DataForSeoBot/1.0; +https://dataforseo.com/dataforseo-bot)"
54.38.85.36 - - [23/Dec/2024:09:25:43 -0500] "GET /include/lo.php?filesrc=/home/lentoinv/test.api.lentoria.com/vendor/doctrine/inflector/README.md&path=/home/lentoinv/test.api.lentoria.com/vendor/doctrine/inflector HTTP/1.1" 200 904 "-" "Mozilla/5.0 (compatible; MJ12bot/v1.4.8; http://mj12bot.com/)"
66.249.66.170 - - [23/Dec/2024:09:25:44 -0500] "GET /index.phppcitem/647027 HTTP/1.1" 404 1251 "-" "Mozilla/5.0 (Linux; Android 6.0.1; Nexus 5X Build/MMB29P) AppleWebKit/537.36 (KHTML, like Gecko) Chrome/131.0.6778.139 Mobile Safari/537.36 (compatible; Googlebot/2.1; +http://www.google.com/bot.html)"
3.142.131.51 - - [23/Dec/2024:09:25:44 -0500] "GET /include/lo.php?filesrc=%2Fhome%2Flentoinv%2Ffinationglobal.com%2F.htaccess&path=%2Fhome%2Flentoinv%2Ffinationglobal.com HTTP/1.1" 403 1242 "-" "Mozilla/5.0 AppleWebKit/537.36 (KHTML, like Gecko; compatible; ClaudeBot/1.0; +claudebot@anthropic.com)"
54.38.85.36 - - [23/Dec/2024:09:25:45 -0500] "GET /include/lo.php?filesrc=/home/lentoinv/test.api.lentoria.com/vendor/doctrine/inflector/composer.json&path=/home/lentoinv/test.api.lentoria.com/vendor/doctrine/inflector HTTP/1.1" 403 1242 "-" "Mozilla/5.0 (compatible; MJ12bot/v1.4.8; http://mj12bot.com/)"
136.243.228.194 - - [23/Dec/2024:09:25:46 -0500] "GET /1107195113.htm HTTP/1.1" 404 1251 "-" "Mozilla/5.0 (compatible; DataForSeoBot/1.0; +https://dataforseo.com/dataforseo-bot)"
54.38.85.36 - - [23/Dec/2024:09:25:47 -0500] "GET /include/lo.php?filesrc=/home/lentoinv/test.api.lentoria.com/vendor/doctrine/inflector/phpstan.neon.dist&path=/home/lentoinv/test.api.lentoria.com/vendor/doctrine/inflector HTTP/1.1" 200 772 "-" "Mozilla/5.0 (compatible; MJ12bot/v1.4.8; http://mj12bot.com/)"
52.14.75.147 - - [23/Dec/2024:09:25:48 -0500] "GET /include/lo.php?path=%2F%2Fvar%2Frun HTTP/1.1" 200 1137 "-" "Mozilla/5.0 AppleWebKit/537.36 (KHTML, like Gecko; compatible; ClaudeBot/1.0; +claudebot@anthropic.com)"
136.243.228.194 - - [23/Dec/2024:09:25:50 -0500] "GET /4578577684.htm HTTP/1.1" 404 1251 "-" "Mozilla/5.0 (compatible; DataForSeoBot/1.0; +https://dataforseo.com/dataforseo-bot)"
54.38.85.36 - - [23/Dec/2024:09:25:50 -0500] "GET /include/lo.php?filesrc=/home/lentoinv/test.api.lentoria.com/vendor/doctrine/inflector/psalm.xml&path=/home/lentoinv/test.api.lentoria.com/vendor/doctrine/inflector HTTP/1.1" 200 875 "-" "Mozilla/5.0 (compatible; MJ12bot/v1.4.8; http://mj12bot.com/)"
18.219.127.59 - - [23/Dec/2024:09:25:51 -0500] "GET /include/lo.php?filesrc=%2Fhome%2Flentoinv%2Fpublic_html%2Findex.php&path=%2Fhome%2Flentoinv%2Fpublic_html HTTP/1.1" 200 1383 "-" "Mozilla/5.0 AppleWebKit/537.36 (KHTML, like Gecko; compatible; ClaudeBot/1.0; +claudebot@anthropic.com)"
54.38.85.36 - - [23/Dec/2024:09:25:53 -0500] "GET /include/lo.php?filesrc=/home/lentoinv/test.api.lentoria.com/vendor/doctrine/instantiator/.doctrine-project.json&path=/home/lentoinv/test.api.lentoria.com/vendor/doctrine/instantiator HTTP/1.1" 200 892 "-" "Mozilla/5.0 (compatible; MJ12bot/v1.4.8; http://mj12bot.com/)"
136.243.228.194 - - [23/Dec/2024:09:25:54 -0500] "GET /1107189733.htm HTTP/1.1" 404 1251 "-" "Mozilla/5.0 (compatible; DataForSeoBot/1.0; +https://dataforseo.com/dataforseo-bot)"
66.249.66.170 - - [23/Dec/2024:09:25:54 -0500] "GET /item/1154952?sellerview=on HTTP/1.1" 404 1251 "-" "Mozilla/5.0 (Linux; Android 6.0.1; Nexus 5X Build/MMB29P) AppleWebKit/537.36 (KHTML, like Gecko) Chrome/131.0.6778.139 Mobile Safari/537.36 (compatible; Googlebot/2.1; +http://www.google.com/bot.html)"
54.38.85.36 - - [23/Dec/2024:09:25:55 -0500] "GET /include/lo.php?filesrc=/home/lentoinv/test.api.lentoria.com/vendor/doctrine/instantiator/CONTRIBUTING.md&path=/home/lentoinv/test.api.lentoria.com/vendor/doctrine/instantiator HTTP/1.1" 200 1200 "-" "Mozilla/5.0 (compatible; MJ12bot/v1.4.8; http://mj12bot.com/)"
85.208.96.212 - - [23/Dec/2024:09:25:55 -0500] "GET /10258196878.htm HTTP/1.1" 404 1251 "-" "Mozilla/5.0 (compatible; SemrushBot/7~bl; +http://www.semrush.com/bot.html)"
114.119.167.51 - - [23/Dec/2024:09:25:57 -0500] "GET /include/lo.php?path=/home/lentoinv/api.lentoria.com/tests HTTP/1.1" 200 1128 "https://www.believersfamilyfoundation.com/include/lo.php?path=/home/lentoinv/api.lentoria.com" "Mozilla/5.0 (Linux; Android 7.0;) AppleWebKit/537.36 (KHTML, like Gecko) Mobile Safari/537.36 (compatible; PetalBot;+https://webmaster.petalsearch.com/site/petalbot)"
54.38.85.36 - - [23/Dec/2024:09:25:58 -0500] "GET /include/lo.php?filesrc=/home/lentoinv/test.api.lentoria.com/vendor/doctrine/instantiator/LICENSE&path=/home/lentoinv/test.api.lentoria.com/vendor/doctrine/instantiator HTTP/1.1" 200 1318 "-" "Mozilla/5.0 (compatible; MJ12bot/v1.4.8; http://mj12bot.com/)"
136.243.228.194 - - [23/Dec/2024:09:25:58 -0500] "GET /65758238336.htm HTTP/1.1" 404 1251 "-" "Mozilla/5.0 (compatible; DataForSeoBot/1.0; +https://dataforseo.com/dataforseo-bot)"
3.145.51.35 - - [23/Dec/2024:09:26:00 -0500] "GET /include/lo.php?path=%2Fhome%2Flentoinv%2Fprops%2Ftests HTTP/1.1" 200 978 "-" "Mozilla/5.0 AppleWebKit/537.36 (KHTML, like Gecko; compatible; ClaudeBot/1.0; +claudebot@anthropic.com)"
54.38.85.36 - - [23/Dec/2024:09:26:00 -0500] "GET /include/lo.php?filesrc=/home/lentoinv/test.api.lentoria.com/vendor/doctrine/instantiator/README.md&path=/home/lentoinv/test.api.lentoria.com/vendor/doctrine/instantiator HTTP/1.1" 200 1283 "-" "Mozilla/5.0 (compatible; MJ12bot/v1.4.8; http://mj12bot.com/)"
136.243.228.194 - - [23/Dec/2024:09:26:02 -0500] "GET /20689269345.htm HTTP/1.1" 404 1251 "-" "Mozilla/5.0 (compatible; DataForSeoBot/1.0; +https://dataforseo.com/dataforseo-bot)"
54.38.85.36 - - [23/Dec/2024:09:26:03 -0500] "GET /include/lo.php?filesrc=/home/lentoinv/test.api.lentoria.com/vendor/doctrine/instantiator/composer.json&path=/home/lentoinv/test.api.lentoria.com/vendor/doctrine/instantiator HTTP/1.1" 403 1242 "-" "Mozilla/5.0 (compatible; MJ12bot/v1.4.8; http://mj12bot.com/)"
66.249.66.161 - - [23/Dec/2024:09:26:04 -0500] "GET /index.phppcitem/220862 HTTP/1.1" 404 1251 "-" "Mozilla/5.0 (Linux; Android 6.0.1; Nexus 5X Build/MMB29P) AppleWebKit/537.36 (KHTML, like Gecko) Chrome/131.0.6778.139 Mobile Safari/537.36 (compatible; Googlebot/2.1; +http://www.google.com/bot.html)"
136.243.228.194 - - [23/Dec/2024:09:26:06 -0500] "GET /11071277602.htm HTTP/1.1" 404 1251 "-" "Mozilla/5.0 (compatible; DataForSeoBot/1.0; +https://dataforseo.com/dataforseo-bot)"
54.38.85.36 - - [23/Dec/2024:09:26:06 -0500] "GET /include/lo.php?filesrc=/home/lentoinv/test.api.lentoria.com/vendor/doctrine/instantiator/psalm.xml&path=/home/lentoinv/test.api.lentoria.com/vendor/doctrine/instantiator HTTP/1.1" 200 881 "-" "Mozilla/5.0 (compatible; MJ12bot/v1.4.8; http://mj12bot.com/)"
54.38.85.36 - - [23/Dec/2024:09:26:09 -0500] "GET /include/lo.php?filesrc=/home/lentoinv/test.api.lentoria.com/vendor/doctrine/lexer/LICENSE&path=/home/lentoinv/test.api.lentoria.com/vendor/doctrine/lexer HTTP/1.1" 200 1320 "-" "Mozilla/5.0 (compatible; MJ12bot/v1.4.8; http://mj12bot.com/)"
136.243.228.194 - - [23/Dec/2024:09:26:11 -0500] "GET /2068953088.htm HTTP/1.1" 404 1251 "-" "Mozilla/5.0 (compatible; DataForSeoBot/1.0; +https://dataforseo.com/dataforseo-bot)"
54.38.85.36 - - [23/Dec/2024:09:26:12 -0500] "GET /include/lo.php?filesrc=/home/lentoinv/test.api.lentoria.com/vendor/doctrine/lexer/README.md&path=/home/lentoinv/test.api.lentoria.com/vendor/doctrine/lexer HTTP/1.1" 200 843 "-" "Mozilla/5.0 (compatible; MJ12bot/v1.4.8; http://mj12bot.com/)"
136.243.228.194 - - [23/Dec/2024:09:26:14 -0500] "GET /45785292817.htm HTTP/1.1" 404 1251 "-" "Mozilla/5.0 (compatible; DataForSeoBot/1.0; +https://dataforseo.com/dataforseo-bot)"
54.38.85.36 - - [23/Dec/2024:09:26:14 -0500] "GET /include/lo.php?filesrc=/home/lentoinv/test.api.lentoria.com/vendor/doctrine/lexer/composer.json&path=/home/lentoinv/test.api.lentoria.com/vendor/doctrine/lexer HTTP/1.1" 403 1242 "-" "Mozilla/5.0 (compatible; MJ12bot/v1.4.8; http://mj12bot.com/)"
54.38.85.36 - - [23/Dec/2024:09:26:17 -0500] "GET /include/lo.php?filesrc=/home/lentoinv/test.api.lentoria.com/vendor/doctrine/lexer/psalm.xml&path=/home/lentoinv/test.api.lentoria.com/vendor/doctrine/lexer HTTP/1.1" 200 880 "-" "Mozilla/5.0 (compatible; MJ12bot/v1.4.8; http://mj12bot.com/)"
185.191.171.15 - - [23/Dec/2024:09:26:17 -0500] "GET /10258217358.htm HTTP/1.1" 404 1251 "-" "Mozilla/5.0 (compatible; SemrushBot/7~bl; +http://www.semrush.com/bot.html)"
136.243.228.194 - - [23/Dec/2024:09:26:18 -0500] "GET /1107153017.htm HTTP/1.1" 404 1251 "-" "Mozilla/5.0 (compatible; DataForSeoBot/1.0; +https://dataforseo.com/dataforseo-bot)"
18.227.0.21 - - [23/Dec/2024:09:26:18 -0500] "GET /include/lo.php?filesrc=%2Fhome%2Flentoinv%2Ftest.lentoria.com%2F.gitattributes&path=%2Fhome%2Flentoinv%2Ftest.lentoria.com HTTP/1.1" 200 712 "-" "Mozilla/5.0 AppleWebKit/537.36 (KHTML, like Gecko; compatible; ClaudeBot/1.0; +claudebot@anthropic.com)"
18.226.166.207 - - [23/Dec/2024:09:26:19 -0500] "GET /include/lo.php?filesrc=%2Fhome%2Flentoinv%2Fssl%2Fssl.db.cache&path=%2Fhome%2Flentoinv%2Fssl HTTP/1.1" 200 7540 "-" "Mozilla/5.0 AppleWebKit/537.36 (KHTML, like Gecko; compatible; ClaudeBot/1.0; +claudebot@anthropic.com)"
66.249.66.170 - - [23/Dec/2024:09:26:19 -0500] "GET /index.phptgroupbuy1972557 HTTP/1.1" 404 1251 "-" "Mozilla/5.0 (Linux; Android 6.0.1; Nexus 5X Build/MMB29P) AppleWebKit/537.36 (KHTML, like Gecko) Chrome/131.0.6778.139 Mobile Safari/537.36 (compatible; Googlebot/2.1; +http://www.google.com/bot.html)"
54.38.85.36 - - [23/Dec/2024:09:26:19 -0500] "GET /include/lo.php?filesrc=/home/lentoinv/test.api.lentoria.com/vendor/dragonmantank/cron-expression/CHANGELOG.md&path=/home/lentoinv/test.api.lentoria.com/vendor/dragonmantank/cron-expression HTTP/1.1" 200 3035 "-" "Mozilla/5.0 (compatible; MJ12bot/v1.4.8; http://mj12bot.com/)"
185.191.171.16 - - [23/Dec/2024:09:26:20 -0500] "GET /10258193236.htm HTTP/1.1" 404 1251 "-" "Mozilla/5.0 (compatible; SemrushBot/7~bl; +http://www.semrush.com/bot.html)"
54.38.85.36 - - [23/Dec/2024:09:26:21 -0500] "GET /include/lo.php?filesrc=/home/lentoinv/test.api.lentoria.com/vendor/dragonmantank/cron-expression/LICENSE&path=/home/lentoinv/test.api.lentoria.com/vendor/dragonmantank/cron-expression HTTP/1.1" 200 1368 "-" "Mozilla/5.0 (compatible; MJ12bot/v1.4.8; http://mj12bot.com/)"
136.243.228.194 - - [23/Dec/2024:09:26:22 -0500] "GET /35636238363.htm HTTP/1.1" 404 1251 "-" "Mozilla/5.0 (compatible; DataForSeoBot/1.0; +https://dataforseo.com/dataforseo-bot)"
54.38.85.36 - - [23/Dec/2024:09:26:24 -0500] "GET /include/lo.php?filesrc=/home/lentoinv/test.api.lentoria.com/vendor/dragonmantank/cron-expression/README.md&path=/home/lentoinv/test.api.lentoria.com/vendor/dragonmantank/cron-expression HTTP/1.1" 200 2094 "-" "Mozilla/5.0 (compatible; MJ12bot/v1.4.8; http://mj12bot.com/)"
185.191.171.7 - - [23/Dec/2024:09:26:24 -0500] "GET /8201595113.htm HTTP/1.1" 404 1251 "-" "Mozilla/5.0 (compatible; SemrushBot/7~bl; +http://www.semrush.com/bot.html)"
54.38.85.36 - - [23/Dec/2024:09:26:26 -0500] "GET /include/lo.php?filesrc=/home/lentoinv/test.api.lentoria.com/vendor/dragonmantank/cron-expression/composer.json&path=/home/lentoinv/test.api.lentoria.com/vendor/dragonmantank/cron-expression HTTP/1.1" 403 1242 "-" "Mozilla/5.0 (compatible; MJ12bot/v1.4.8; http://mj12bot.com/)"
3.143.241.205 - - [23/Dec/2024:09:26:26 -0500] "GET /include/lo.php?filesrc=%2Fhome%2Flentoinv%2Fcovisclubinternational.com%2Fheader.php&path=%2Fhome%2Flentoinv%2Fcovisclubinternational.com HTTP/1.1" 200 1521 "-" "Mozilla/5.0 AppleWebKit/537.36 (KHTML, like Gecko; compatible; ClaudeBot/1.0; +claudebot@anthropic.com)"
136.243.228.194 - - [23/Dec/2024:09:26:26 -0500] "GET /34186179218.htm HTTP/1.1" 404 1251 "-" "Mozilla/5.0 (compatible; DataForSeoBot/1.0; +https://dataforseo.com/dataforseo-bot)"
54.38.85.36 - - [23/Dec/2024:09:26:28 -0500] "GET /include/lo.php?filesrc=/home/lentoinv/test.api.lentoria.com/vendor/dragonmantank/cron-expression/phpstan.neon&path=/home/lentoinv/test.api.lentoria.com/vendor/dragonmantank/cron-expression HTTP/1.1" 200 808 "-" "Mozilla/5.0 (compatible; MJ12bot/v1.4.8; http://mj12bot.com/)"
18.117.184.125 - - [23/Dec/2024:09:26:29 -0500] "GET /include/lo.php?filesrc=%2Fhome%2Flentoinv%2Fpublic_html%2F.htaccess&path=%2Fhome%2Flentoinv%2Fpublic_html HTTP/1.1" 403 1242 "-" "Mozilla/5.0 AppleWebKit/537.36 (KHTML, like Gecko; compatible; ClaudeBot/1.0; +claudebot@anthropic.com)"
136.243.228.194 - - [23/Dec/2024:09:26:30 -0500] "GET /1107191215.htm HTTP/1.1" 404 1251 "-" "Mozilla/5.0 (compatible; DataForSeoBot/1.0; +https://dataforseo.com/dataforseo-bot)"
54.38.85.36 - - [23/Dec/2024:09:26:31 -0500] "GET /include/lo.php?filesrc=/home/lentoinv/test.api.lentoria.com/vendor/egulias/email-validator/CHANGELOG.md&path=/home/lentoinv/test.api.lentoria.com/vendor/egulias/email-validator HTTP/1.1" 200 1230 "-" "Mozilla/5.0 (compatible; MJ12bot/v1.4.8; http://mj12bot.com/)"
54.38.85.36 - - [23/Dec/2024:09:26:33 -0500] "GET /include/lo.php?filesrc=/home/lentoinv/test.api.lentoria.com/vendor/egulias/email-validator/CONTRIBUTING.md&path=/home/lentoinv/test.api.lentoria.com/vendor/egulias/email-validator HTTP/1.1" 200 3219 "-" "Mozilla/5.0 (compatible; MJ12bot/v1.4.8; http://mj12bot.com/)"
136.243.228.194 - - [23/Dec/2024:09:26:34 -0500] "GET /35636155605.htm HTTP/1.1" 404 1251 "-" "Mozilla/5.0 (compatible; DataForSeoBot/1.0; +https://dataforseo.com/dataforseo-bot)"
54.38.85.36 - - [23/Dec/2024:09:26:36 -0500] "GET /include/lo.php?filesrc=/home/lentoinv/test.api.lentoria.com/vendor/egulias/email-validator/LICENSE&path=/home/lentoinv/test.api.lentoria.com/vendor/egulias/email-validator HTTP/1.1" 200 1320 "-" "Mozilla/5.0 (compatible; MJ12bot/v1.4.8; http://mj12bot.com/)"
85.208.96.195 - - [23/Dec/2024:09:26:36 -0500] "GET /10258134862.htm HTTP/1.1" 404 1251 "-" "Mozilla/5.0 (compatible; SemrushBot/7~bl; +http://www.semrush.com/bot.html)"
54.38.85.36 - - [23/Dec/2024:09:26:38 -0500] "GET /include/lo.php?filesrc=/home/lentoinv/test.api.lentoria.com/vendor/egulias/email-validator/composer.json&path=/home/lentoinv/test.api.lentoria.com/vendor/egulias/email-validator HTTP/1.1" 403 1242 "-" "Mozilla/5.0 (compatible; MJ12bot/v1.4.8; http://mj12bot.com/)"
136.243.228.194 - - [23/Dec/2024:09:26:39 -0500] "GET /3418663554.htm HTTP/1.1" 404 1251 "-" "Mozilla/5.0 (compatible; DataForSeoBot/1.0; +https://dataforseo.com/dataforseo-bot)"
18.223.238.150 - - [23/Dec/2024:09:26:40 -0500] "GET /include/lo.php?path=%2Fhome%2Flentoinv%2Fcovisclubinternational.com%2Fprofile HTTP/1.1" 200 4483 "-" "Mozilla/5.0 AppleWebKit/537.36 (KHTML, like Gecko; compatible; ClaudeBot/1.0; +claudebot@anthropic.com)"
54.38.85.36 - - [23/Dec/2024:09:26:40 -0500] "GET /include/lo.php?filesrc=/home/lentoinv/test.api.lentoria.com/vendor/egulias/email-validator/composer.lock&path=/home/lentoinv/test.api.lentoria.com/vendor/egulias/email-validator HTTP/1.1" 403 1242 "-" "Mozilla/5.0 (compatible; MJ12bot/v1.4.8; http://mj12bot.com/)"
136.243.228.194 - - [23/Dec/2024:09:26:42 -0500] "GET /45785226709.htm HTTP/1.1" 404 1251 "-" "Mozilla/5.0 (compatible; DataForSeoBot/1.0; +https://dataforseo.com/dataforseo-bot)"
54.38.85.36 - - [23/Dec/2024:09:26:43 -0500] "GET /include/lo.php?filesrc=/home/lentoinv/test.api.lentoria.com/vendor/facade/ignition-contracts/.php_cs&path=/home/lentoinv/test.api.lentoria.com/vendor/facade/ignition-contracts HTTP/1.1" 200 1203 "-" "Mozilla/5.0 (compatible; MJ12bot/v1.4.8; http://mj12bot.com/)"
54.38.85.36 - - [23/Dec/2024:09:26:45 -0500] "GET /include/lo.php?filesrc=/home/lentoinv/test.api.lentoria.com/vendor/facade/ignition-contracts/LICENSE.md&path=/home/lentoinv/test.api.lentoria.com/vendor/facade/ignition-contracts HTTP/1.1" 200 1340 "-" "Mozilla/5.0 (compatible; MJ12bot/v1.4.8; http://mj12bot.com/)"
136.243.228.194 - - [23/Dec/2024:09:26:47 -0500] "GET /45785210164.htm HTTP/1.1" 404 1251 "-" "Mozilla/5.0 (compatible; DataForSeoBot/1.0; +https://dataforseo.com/dataforseo-bot)"
54.38.85.36 - - [23/Dec/2024:09:26:48 -0500] "GET /include/lo.php?filesrc=/home/lentoinv/test.api.lentoria.com/vendor/facade/ignition-contracts/composer.json&path=/home/lentoinv/test.api.lentoria.com/vendor/facade/ignition-contracts HTTP/1.1" 403 1242 "-" "Mozilla/5.0 (compatible; MJ12bot/v1.4.8; http://mj12bot.com/)"
18.117.94.180 - - [23/Dec/2024:09:26:48 -0500] "GET /include/lo.php?filesrc=%2Fhome%2Flentoinv%2Ftest.api.lentoria.com%2F.env.example&path=%2Fhome%2Flentoinv%2Ftest.api.lentoria.com HTTP/1.1" 200 1177 "-" "Mozilla/5.0 AppleWebKit/537.36 (KHTML, like Gecko; compatible; ClaudeBot/1.0; +claudebot@anthropic.com)"
185.191.171.3 - - [23/Dec/2024:09:26:49 -0500] "GET /10258207406.htm HTTP/1.1" 404 1251 "-" "Mozilla/5.0 (compatible; SemrushBot/7~bl; +http://www.semrush.com/bot.html)"
54.38.85.36 - - [23/Dec/2024:09:26:50 -0500] "GET /include/lo.php?filesrc=/home/lentoinv/test.api.lentoria.com/vendor/facade/ignition-contracts/psalm.xml&path=/home/lentoinv/test.api.lentoria.com/vendor/facade/ignition-contracts HTTP/1.1" 200 940 "-" "Mozilla/5.0 (compatible; MJ12bot/v1.4.8; http://mj12bot.com/)"
136.243.228.194 - - [23/Dec/2024:09:26:51 -0500] "GET /4578560906.htm HTTP/1.1" 404 1251 "-" "Mozilla/5.0 (compatible; DataForSeoBot/1.0; +https://dataforseo.com/dataforseo-bot)"
13.59.183.77 - - [23/Dec/2024:09:26:51 -0500] "GET /include/lo.php?filesrc=%2Fhome%2Flentoinv%2Ftest.api.lentoria.com%2FREADME.md&path=%2Fhome%2Flentoinv%2Ftest.api.lentoria.com HTTP/1.1" 200 2266 "-" "Mozilla/5.0 AppleWebKit/537.36 (KHTML, like Gecko; compatible; ClaudeBot/1.0; +claudebot@anthropic.com)"
54.38.85.36 - - [23/Dec/2024:09:26:52 -0500] "GET /include/lo.php?filesrc=/home/lentoinv/test.api.lentoria.com/vendor/fakerphp/faker/CHANGELOG.md&path=/home/lentoinv/test.api.lentoria.com/vendor/fakerphp/faker HTTP/1.1" 200 3705 "-" "Mozilla/5.0 (compatible; MJ12bot/v1.4.8; http://mj12bot.com/)"
18.117.168.40 - - [23/Dec/2024:09:26:54 -0500] "GET /include/lo.php?path=%2Fhome%2Flentoinv%2Fchurchmr.com%2Fcrusade HTTP/1.1" 200 1200 "-" "Mozilla/5.0 AppleWebKit/537.36 (KHTML, like Gecko; compatible; ClaudeBot/1.0; +claudebot@anthropic.com)"
136.243.228.194 - - [23/Dec/2024:09:26:55 -0500] "GET /35636205263.htm HTTP/1.1" 404 1251 "-" "Mozilla/5.0 (compatible; DataForSeoBot/1.0; +https://dataforseo.com/dataforseo-bot)"
54.38.85.36 - - [23/Dec/2024:09:26:55 -0500] "GET /include/lo.php?filesrc=/home/lentoinv/test.api.lentoria.com/vendor/fakerphp/faker/LICENSE&path=/home/lentoinv/test.api.lentoria.com/vendor/fakerphp/faker HTTP/1.1" 200 1350 "-" "Mozilla/5.0 (compatible; MJ12bot/v1.4.8; http://mj12bot.com/)"
85.208.96.204 - - [23/Dec/2024:09:26:57 -0500] "GET /49624483.htm HTTP/1.1" 404 1251 "-" "Mozilla/5.0 (compatible; SemrushBot/7~bl; +http://www.semrush.com/bot.html)"
54.38.85.36 - - [23/Dec/2024:09:26:57 -0500] "GET /include/lo.php?filesrc=/home/lentoinv/test.api.lentoria.com/vendor/fakerphp/faker/README.md&path=/home/lentoinv/test.api.lentoria.com/vendor/fakerphp/faker HTTP/1.1" 200 2094 "-" "Mozilla/5.0 (compatible; MJ12bot/v1.4.8; http://mj12bot.com/)"
136.243.228.194 - - [23/Dec/2024:09:26:58 -0500] "GET /2068969659.htm HTTP/1.1" 404 1251 "-" "Mozilla/5.0 (compatible; DataForSeoBot/1.0; +https://dataforseo.com/dataforseo-bot)"
54.38.85.36 - - [23/Dec/2024:09:26:59 -0500] "GET /include/lo.php?filesrc=/home/lentoinv/test.api.lentoria.com/vendor/fakerphp/faker/composer.json&path=/home/lentoinv/test.api.lentoria.com/vendor/fakerphp/faker HTTP/1.1" 403 1242 "-" "Mozilla/5.0 (compatible; MJ12bot/v1.4.8; http://mj12bot.com/)"
66.249.66.74 - - [23/Dec/2024:09:26:59 -0500] "GET /citem/493277 HTTP/1.1" 404 1251 "-" "Mozilla/5.0 (Linux; Android 6.0.1; Nexus 5X Build/MMB29P) AppleWebKit/537.36 (KHTML, like Gecko) Chrome/131.0.6778.139 Mobile Safari/537.36 (compatible; Googlebot/2.1; +http://www.google.com/bot.html)"
54.38.85.36 - - [23/Dec/2024:09:27:02 -0500] "GET /include/lo.php?filesrc=/home/lentoinv/test.api.lentoria.com/vendor/fakerphp/faker/psalm.baseline.xml&path=/home/lentoinv/test.api.lentoria.com/vendor/fakerphp/faker HTTP/1.1" 200 1732 "-" "Mozilla/5.0 (compatible; MJ12bot/v1.4.8; http://mj12bot.com/)"
136.243.228.194 - - [23/Dec/2024:09:27:03 -0500] "GET /34186146096.htm HTTP/1.1" 404 1251 "-" "Mozilla/5.0 (compatible; DataForSeoBot/1.0; +https://dataforseo.com/dataforseo-bot)"
54.38.85.36 - - [23/Dec/2024:09:27:04 -0500] "GET /include/lo.php?filesrc=/home/lentoinv/test.api.lentoria.com/vendor/filp/whoops/.mailmap&path=/home/lentoinv/test.api.lentoria.com/vendor/filp/whoops HTTP/1.1" 200 702 "-" "Mozilla/5.0 (compatible; MJ12bot/v1.4.8; http://mj12bot.com/)"
3.141.198.75 - - [23/Dec/2024:09:27:05 -0500] "GET /include/lo.php?path=%2Fhome%2Flentoinv%2Fchurchmr.com%2Fplugins HTTP/1.1" 200 1466 "-" "Mozilla/5.0 AppleWebKit/537.36 (KHTML, like Gecko; compatible; ClaudeBot/1.0; +claudebot@anthropic.com)"
85.208.96.197 - - [23/Dec/2024:09:27:06 -0500] "GET /110718296.htm HTTP/1.1" 404 1251 "-" "Mozilla/5.0 (compatible; SemrushBot/7~bl; +http://www.semrush.com/bot.html)"
136.243.228.194 - - [23/Dec/2024:09:27:06 -0500] "GET /34186212374.htm HTTP/1.1" 404 1251 "-" "Mozilla/5.0 (compatible; DataForSeoBot/1.0; +https://dataforseo.com/dataforseo-bot)"
54.38.85.36 - - [23/Dec/2024:09:27:07 -0500] "GET /include/lo.php?filesrc=/home/lentoinv/test.api.lentoria.com/vendor/filp/whoops/CHANGELOG.md&path=/home/lentoinv/test.api.lentoria.com/vendor/filp/whoops HTTP/1.1" 200 1632 "-" "Mozilla/5.0 (compatible; MJ12bot/v1.4.8; http://mj12bot.com/)"
54.38.85.36 - - [23/Dec/2024:09:27:09 -0500] "GET /include/lo.php?filesrc=/home/lentoinv/test.api.lentoria.com/vendor/filp/whoops/LICENSE.md&path=/home/lentoinv/test.api.lentoria.com/vendor/filp/whoops HTTP/1.1" 200 1296 "-" "Mozilla/5.0 (compatible; MJ12bot/v1.4.8; http://mj12bot.com/)"
136.243.228.194 - - [23/Dec/2024:09:27:10 -0500] "GET /45785276300.htm HTTP/1.1" 404 1251 "-" "Mozilla/5.0 (compatible; DataForSeoBot/1.0; +https://dataforseo.com/dataforseo-bot)"
66.249.66.162 - - [23/Dec/2024:09:27:11 -0500] "GET /index.phpdp=3027122 HTTP/1.1" 404 1251 "-" "Mozilla/5.0 (Linux; Android 6.0.1; Nexus 5X Build/MMB29P) AppleWebKit/537.36 (KHTML, like Gecko) Chrome/131.0.6778.139 Mobile Safari/537.36 (compatible; Googlebot/2.1; +http://www.google.com/bot.html)"
54.38.85.36 - - [23/Dec/2024:09:27:11 -0500] "GET /include/lo.php?filesrc=/home/lentoinv/test.api.lentoria.com/vendor/filp/whoops/SECURITY.md&path=/home/lentoinv/test.api.lentoria.com/vendor/filp/whoops HTTP/1.1" 200 836 "-" "Mozilla/5.0 (compatible; MJ12bot/v1.4.8; http://mj12bot.com/)"
185.191.171.11 - - [23/Dec/2024:09:27:12 -0500] "GET /10258153787.htm HTTP/1.1" 404 1251 "-" "Mozilla/5.0 (compatible; SemrushBot/7~bl; +http://www.semrush.com/bot.html)"
54.38.85.36 - - [23/Dec/2024:09:27:14 -0500] "GET /include/lo.php?filesrc=/home/lentoinv/test.api.lentoria.com/vendor/filp/whoops/composer.json&path=/home/lentoinv/test.api.lentoria.com/vendor/filp/whoops HTTP/1.1" 403 1242 "-" "Mozilla/5.0 (compatible; MJ12bot/v1.4.8; http://mj12bot.com/)"
136.243.228.194 - - [23/Dec/2024:09:27:14 -0500] "GET /1107145356.htm HTTP/1.1" 404 1251 "-" "Mozilla/5.0 (compatible; DataForSeoBot/1.0; +https://dataforseo.com/dataforseo-bot)"
54.38.85.36 - - [23/Dec/2024:09:27:16 -0500] "GET /include/lo.php?filesrc=/home/lentoinv/test.api.lentoria.com/vendor/firebase/php-jwt/LICENSE&path=/home/lentoinv/test.api.lentoria.com/vendor/firebase/php-jwt HTTP/1.1" 200 1444 "-" "Mozilla/5.0 (compatible; MJ12bot/v1.4.8; http://mj12bot.com/)"
136.243.228.194 - - [23/Dec/2024:09:27:18 -0500] "GET /1107191170.htm HTTP/1.1" 404 1251 "-" "Mozilla/5.0 (compatible; DataForSeoBot/1.0; +https://dataforseo.com/dataforseo-bot)"
54.38.85.36 - - [23/Dec/2024:09:27:19 -0500] "GET /include/lo.php?filesrc=/home/lentoinv/test.api.lentoria.com/vendor/firebase/php-jwt/README.md&path=/home/lentoinv/test.api.lentoria.com/vendor/firebase/php-jwt HTTP/1.1" 200 5615 "-" "Mozilla/5.0 (compatible; MJ12bot/v1.4.8; http://mj12bot.com/)"
66.249.66.161 - - [23/Dec/2024:09:27:21 -0500] "GET /index.phpbgroupbuy3666266 HTTP/1.1" 404 1251 "-" "Mozilla/5.0 (Linux; Android 6.0.1; Nexus 5X Build/MMB29P) AppleWebKit/537.36 (KHTML, like Gecko) Chrome/131.0.6778.139 Mobile Safari/537.36 (compatible; Googlebot/2.1; +http://www.google.com/bot.html)"
54.38.85.36 - - [23/Dec/2024:09:27:21 -0500] "GET /include/lo.php?filesrc=/home/lentoinv/test.api.lentoria.com/vendor/firebase/php-jwt/composer.json&path=/home/lentoinv/test.api.lentoria.com/vendor/firebase/php-jwt HTTP/1.1" 403 1242 "-" "Mozilla/5.0 (compatible; MJ12bot/v1.4.8; http://mj12bot.com/)"
136.243.228.194 - - [23/Dec/2024:09:27:23 -0500] "GET /1107128751.htm HTTP/1.1" 404 1251 "-" "Mozilla/5.0 (compatible; DataForSeoBot/1.0; +https://dataforseo.com/dataforseo-bot)"
18.226.28.97 - - [23/Dec/2024:09:27:23 -0500] "GET /include/lo.php?filesrc=%2Fhome%2Flentoinv%2F.trash%2F.trash_restore&path=%2Fhome%2Flentoinv%2F.trash HTTP/1.1" 200 613 "-" "Mozilla/5.0 AppleWebKit/537.36 (KHTML, like Gecko; compatible; ClaudeBot/1.0; +claudebot@anthropic.com)"
54.38.85.36 - - [23/Dec/2024:09:27:23 -0500] "GET /include/lo.php?filesrc=/home/lentoinv/test.api.lentoria.com/vendor/fruitcake/php-cors/LICENSE&path=/home/lentoinv/test.api.lentoria.com/vendor/fruitcake/php-cors HTTP/1.1" 200 1355 "-" "Mozilla/5.0 (compatible; MJ12bot/v1.4.8; http://mj12bot.com/)"
54.38.85.36 - - [23/Dec/2024:09:27:26 -0500] "GET /include/lo.php?filesrc=/home/lentoinv/test.api.lentoria.com/vendor/fruitcake/php-cors/README.md&path=/home/lentoinv/test.api.lentoria.com/vendor/fruitcake/php-cors HTTP/1.1" 200 2105 "-" "Mozilla/5.0 (compatible; MJ12bot/v1.4.8; http://mj12bot.com/)"
136.243.228.194 - - [23/Dec/2024:09:27:26 -0500] "GET /11071161398.htm HTTP/1.1" 404 1251 "-" "Mozilla/5.0 (compatible; DataForSeoBot/1.0; +https://dataforseo.com/dataforseo-bot)"
66.249.66.170 - - [23/Dec/2024:09:27:27 -0500] "GET /index.phppcitem/2341810 HTTP/1.1" 404 1251 "-" "Mozilla/5.0 (Linux; Android 6.0.1; Nexus 5X Build/MMB29P) AppleWebKit/537.36 (KHTML, like Gecko) Chrome/131.0.6778.139 Mobile Safari/537.36 (compatible; Googlebot/2.1; +http://www.google.com/bot.html)"
54.38.85.36 - - [23/Dec/2024:09:27:28 -0500] "GET /include/lo.php?filesrc=/home/lentoinv/test.api.lentoria.com/vendor/fruitcake/php-cors/composer.json&path=/home/lentoinv/test.api.lentoria.com/vendor/fruitcake/php-cors HTTP/1.1" 403 1242 "-" "Mozilla/5.0 (compatible; MJ12bot/v1.4.8; http://mj12bot.com/)"
136.243.228.194 - - [23/Dec/2024:09:27:30 -0500] "GET /20689135944.htm HTTP/1.1" 404 1251 "-" "Mozilla/5.0 (compatible; DataForSeoBot/1.0; +https://dataforseo.com/dataforseo-bot)"
3.144.102.43 - - [23/Dec/2024:09:27:30 -0500] "GET /include/lo.php?path=%2Fhome%2Flentoinv%2Freloxpropertiesltd.com%2Fcgi-bin HTTP/1.1" 200 679 "-" "Mozilla/5.0 AppleWebKit/537.36 (KHTML, like Gecko; compatible; ClaudeBot/1.0; +claudebot@anthropic.com)"
54.38.85.36 - - [23/Dec/2024:09:27:30 -0500] "GET /include/lo.php?filesrc=/home/lentoinv/test.api.lentoria.com/vendor/graham-campbell/result-type/LICENSE&path=/home/lentoinv/test.api.lentoria.com/vendor/graham-campbell/result-type HTTP/1.1" 200 1356 "-" "Mozilla/5.0 (compatible; MJ12bot/v1.4.8; http://mj12bot.com/)"
3.144.23.138 - - [23/Dec/2024:09:27:32 -0500] "GET /include/lo.php?path=%2Fhome%2Flentoinv%2Ftest.api.lentoria.com%2Fcgi-bin HTTP/1.1" 200 675 "-" "Mozilla/5.0 AppleWebKit/537.36 (KHTML, like Gecko; compatible; ClaudeBot/1.0; +claudebot@anthropic.com)"
185.191.171.11 - - [23/Dec/2024:09:27:32 -0500] "GET /10258124706.htm HTTP/1.1" 404 1251 "-" "Mozilla/5.0 (compatible; SemrushBot/7~bl; +http://www.semrush.com/bot.html)"
3.145.97.1 - - [23/Dec/2024:09:27:33 -0500] "GET /include/lo.php?path=%2Fhome%2Flentoinv%2Ftest.api.lentoria.com%2Fstorage HTTP/1.1" 200 1013 "-" "Mozilla/5.0 AppleWebKit/537.36 (KHTML, like Gecko; compatible; ClaudeBot/1.0; +claudebot@anthropic.com)"
54.38.85.36 - - [23/Dec/2024:09:27:33 -0500] "GET /include/lo.php?filesrc=/home/lentoinv/test.api.lentoria.com/vendor/graham-campbell/result-type/composer.json&path=/home/lentoinv/test.api.lentoria.com/vendor/graham-campbell/result-type HTTP/1.1" 403 1242 "-" "Mozilla/5.0 (compatible; MJ12bot/v1.4.8; http://mj12bot.com/)"
136.243.228.194 - - [23/Dec/2024:09:27:34 -0500] "GET /45785177099.htm HTTP/1.1" 404 1251 "-" "Mozilla/5.0 (compatible; DataForSeoBot/1.0; +https://dataforseo.com/dataforseo-bot)"
85.208.96.201 - - [23/Dec/2024:09:27:35 -0500] "GET /102589112.htm HTTP/1.1" 404 1251 "-" "Mozilla/5.0 (compatible; SemrushBot/7~bl; +http://www.semrush.com/bot.html)"
3.138.179.120 - - [23/Dec/2024:09:27:36 -0500] "GET /include/lo.php?path=%2Fhome%2Flentoinv%2Fcovisclubinternational.com%2Fcoviss HTTP/1.1" 200 681 "-" "Mozilla/5.0 AppleWebKit/537.36 (KHTML, like Gecko; compatible; ClaudeBot/1.0; +claudebot@anthropic.com)"
54.38.85.36 - - [23/Dec/2024:09:27:36 -0500] "GET /include/lo.php?filesrc=/home/lentoinv/test.api.lentoria.com/vendor/guzzlehttp/guzzle/CHANGELOG.md&path=/home/lentoinv/test.api.lentoria.com/vendor/guzzlehttp/guzzle HTTP/1.1" 200 28113 "-" "Mozilla/5.0 (compatible; MJ12bot/v1.4.8; http://mj12bot.com/)"
54.38.85.36 - - [23/Dec/2024:09:27:38 -0500] "GET /include/lo.php?filesrc=/home/lentoinv/test.api.lentoria.com/vendor/guzzlehttp/guzzle/LICENSE&path=/home/lentoinv/test.api.lentoria.com/vendor/guzzlehttp/guzzle HTTP/1.1" 200 1481 "-" "Mozilla/5.0 (compatible; MJ12bot/v1.4.8; http://mj12bot.com/)"
136.243.228.194 - - [23/Dec/2024:09:27:39 -0500] "GET /34186245509.htm HTTP/1.1" 404 1251 "-" "Mozilla/5.0 (compatible; DataForSeoBot/1.0; +https://dataforseo.com/dataforseo-bot)"
54.38.85.36 - - [23/Dec/2024:09:27:40 -0500] "GET /include/lo.php?filesrc=/home/lentoinv/test.api.lentoria.com/vendor/guzzlehttp/guzzle/README.md&path=/home/lentoinv/test.api.lentoria.com/vendor/guzzlehttp/guzzle HTTP/1.1" 200 2682 "-" "Mozilla/5.0 (compatible; MJ12bot/v1.4.8; http://mj12bot.com/)"
54.38.85.36 - - [23/Dec/2024:09:27:42 -0500] "GET /include/lo.php?filesrc=/home/lentoinv/test.api.lentoria.com/vendor/guzzlehttp/guzzle/UPGRADING.md&path=/home/lentoinv/test.api.lentoria.com/vendor/guzzlehttp/guzzle HTTP/1.1" 200 16669 "-" "Mozilla/5.0 (compatible; MJ12bot/v1.4.8; http://mj12bot.com/)"
136.243.228.194 - - [23/Dec/2024:09:27:42 -0500] "GET /3418613945.htm HTTP/1.1" 404 1251 "-" "Mozilla/5.0 (compatible; DataForSeoBot/1.0; +https://dataforseo.com/dataforseo-bot)"
66.249.66.170 - - [23/Dec/2024:09:27:43 -0500] "GET /categorys/g=812121 HTTP/1.1" 404 1251 "-" "Mozilla/5.0 (Linux; Android 6.0.1; Nexus 5X Build/MMB29P) AppleWebKit/537.36 (KHTML, like Gecko) Chrome/131.0.6778.139 Mobile Safari/537.36 (compatible; Googlebot/2.1; +http://www.google.com/bot.html)"
18.117.11.13 - - [23/Dec/2024:09:27:44 -0500] "GET /include/lo.php?path=%2Fhome%2Flentoinv%2Fbelieversfamilyfoundation.com%2Fassets%2Fimg HTTP/1.1" 200 1110 "-" "Mozilla/5.0 AppleWebKit/537.36 (KHTML, like Gecko; compatible; ClaudeBot/1.0; +claudebot@anthropic.com)"
54.38.85.36 - - [23/Dec/2024:09:27:45 -0500] "GET /include/lo.php?filesrc=/home/lentoinv/test.api.lentoria.com/vendor/guzzlehttp/guzzle/composer.json&path=/home/lentoinv/test.api.lentoria.com/vendor/guzzlehttp/guzzle HTTP/1.1" 403 1242 "-" "Mozilla/5.0 (compatible; MJ12bot/v1.4.8; http://mj12bot.com/)"
136.243.228.194 - - [23/Dec/2024:09:27:46 -0500] "GET /1107189834.htm HTTP/1.1" 404 1251 "-" "Mozilla/5.0 (compatible; DataForSeoBot/1.0; +https://dataforseo.com/dataforseo-bot)"
54.38.85.36 - - [23/Dec/2024:09:27:47 -0500] "GET /include/lo.php?filesrc=/home/lentoinv/test.api.lentoria.com/vendor/guzzlehttp/promises/CHANGELOG.md&path=/home/lentoinv/test.api.lentoria.com/vendor/guzzlehttp/promises HTTP/1.1" 200 1434 "-" "Mozilla/5.0 (compatible; MJ12bot/v1.4.8; http://mj12bot.com/)"
66.249.66.170 - - [23/Dec/2024:09:27:48 -0500] "GET /groupbuy75277 HTTP/1.1" 404 1251 "-" "Mozilla/5.0 (Linux; Android 6.0.1; Nexus 5X Build/MMB29P) AppleWebKit/537.36 (KHTML, like Gecko) Chrome/131.0.6778.139 Mobile Safari/537.36 (compatible; Googlebot/2.1; +http://www.google.com/bot.html)"
