194.99.25.201 - - [23/Dec/2024:08:44:53 -0500] "GET /contact.php?name=Michelle+Lloyd&email=amanda%40businesstechgenius.com&phone_number=5551234567&msg_subject=Your+AI+solution.&message=Transform+Your+Entire+Workflow+with+Merlin:+Your+All-in-One+AI+Solution++%0D%0A%0D%0AThis+tool+acts+as+your+comprehensive+work+assistant%2C+built+for+time-saving%2C+spark+innovation%2C+and+make+your+work+easier+seamlessly.+Harnessing+advanced+AI+technologies+such+as+OpenAI%E2%80%99s+GPT-4%2C+Claude+3+AI%2C+and+Google%E2%80%99s+Gemini+1.5%2C+it+operates+right+in+Chrome+to+enhance+usability+across+platforms.++%0D%0A%0D%0AHighlights+Include:++%0D%0A-+Comprehensive+AI+Toolkit:+Access+26+powerful+AI+features+right+in+your+web+browser.++%0D%0A-+Effortless+Content+Creation:+Create+or+polish+content+effortlessly+posts+and+messages+on+LinkedIn%2C+your+email+accounts%2C+X/Twitter%2C+and+beyond.++%0D%0A-+Smart+Summarization+Tools:+Easily+distill+information+communications%2C+or+on-screen+text+on+your+screen.++%0D%0A-+Effortless+Research:+Search+intelligently+and+extract+insights+in+record+time.++%0D%0A-+Works+Where+You+Do:+Access+its+features+without+disrupting+your+workflow+or+leaving+your+active+page.++%0D%0A-+One-Time+Purchase:+Unlock+unlimited+AI+capabilities+with+a+one-time+purchase.++%0D%0A%0D%0AEnhance+your+productivity%E2%80%94get+Merlin+now%21++%0D%0A%0D%0AGet+Merlin+now+on+AppSumo:+https://appsumo.8odi.net/vPPBmy%0D%0A%0D%0A%0D%0A%0D%0A%0D%0A%0D%0A%0D%0AWhenever+you+decide+not+to+receive+additional+communications+from+us%2C+feel+free+to+rebly+back+to+this+email+with+the+message:+%22No+please%22%0D%0AHaardijk+146%2C+Granville%2C+NY%2C+USA%2C+7161+Ll HTTP/1.1" 200 2618 "https://believersfamilyfoundation.com/contact.php" "Mozilla/5.0 (Macintosh; Intel Mac OS X 12_5) AppleWebKit/537.36 (KHTML, like Gecko) Chrome/114.0.0.0 Safari/537.36 Vivaldi/5.3.2679.68"
136.243.228.194 - - [23/Dec/2024:08:44:57 -0500] "GET /10258302392.htm HTTP/1.1" 404 1251 "-" "Mozilla/5.0 (compatible; DataForSeoBot/1.0; +https://dataforseo.com/dataforseo-bot)"
185.191.171.5 - - [23/Dec/2024:08:44:58 -0500] "GET /1025816410.htm HTTP/1.1" 404 1251 "-" "Mozilla/5.0 (compatible; SemrushBot/7~bl; +http://www.semrush.com/bot.html)"
136.243.228.194 - - [23/Dec/2024:08:45:00 -0500] "GET /65758191434.htm HTTP/1.1" 404 1251 "-" "Mozilla/5.0 (compatible; DataForSeoBot/1.0; +https://dataforseo.com/dataforseo-bot)"
66.249.66.85 - - [23/Dec/2024:08:45:00 -0500] "GET /shop-info/far1478451?global_yn=N HTTP/1.1" 404 1251 "-" "Mozilla/5.0 (Linux; Android 6.0.1; Nexus 5X Build/MMB29P) AppleWebKit/537.36 (KHTML, like Gecko) Chrome/131.0.6778.139 Mobile Safari/537.36 (compatible; Googlebot/2.1; +http://www.google.com/bot.html)"
185.191.171.10 - - [23/Dec/2024:08:45:03 -0500] "GET /10258220776.htm HTTP/1.1" 404 1251 "-" "Mozilla/5.0 (compatible; SemrushBot/7~bl; +http://www.semrush.com/bot.html)"
136.243.228.194 - - [23/Dec/2024:08:45:04 -0500] "GET /3563699596.htm HTTP/1.1" 404 1251 "-" "Mozilla/5.0 (compatible; DataForSeoBot/1.0; +https://dataforseo.com/dataforseo-bot)"
136.243.228.194 - - [23/Dec/2024:08:45:08 -0500] "GET /1025871724.htm HTTP/1.1" 404 1251 "-" "Mozilla/5.0 (compatible; DataForSeoBot/1.0; +https://dataforseo.com/dataforseo-bot)"
3.145.69.185 - - [23/Dec/2024:08:45:09 -0500] "GET /include/lo.php?path=%2Fhome%2Flentoinv%2Ftest.api.lentoria.com%2Fapp HTTP/1.1" 200 943 "-" "Mozilla/5.0 AppleWebKit/537.36 (KHTML, like Gecko; compatible; ClaudeBot/1.0; +claudebot@anthropic.com)"
185.191.171.15 - - [23/Dec/2024:08:45:09 -0500] "GET /11071191.htm HTTP/1.1" 404 1251 "-" "Mozilla/5.0 (compatible; SemrushBot/7~bl; +http://www.semrush.com/bot.html)"
66.249.66.162 - - [23/Dec/2024:08:45:11 -0500] "GET /shop/230477 HTTP/1.1" 404 1251 "-" "Mozilla/5.0 (Linux; Android 6.0.1; Nexus 5X Build/MMB29P) AppleWebKit/537.36 (KHTML, like Gecko) Chrome/131.0.6778.139 Mobile Safari/537.36 (compatible; Googlebot/2.1; +http://www.google.com/bot.html)"
136.243.228.194 - - [23/Dec/2024:08:45:12 -0500] "GET /65758274056.htm HTTP/1.1" 404 1251 "-" "Mozilla/5.0 (compatible; DataForSeoBot/1.0; +https://dataforseo.com/dataforseo-bot)"
136.243.228.194 - - [23/Dec/2024:08:45:16 -0500] "GET /35636106176.htm HTTP/1.1" 404 1251 "-" "Mozilla/5.0 (compatible; DataForSeoBot/1.0; +https://dataforseo.com/dataforseo-bot)"
136.243.228.194 - - [23/Dec/2024:08:45:20 -0500] "GET /45785177674.htm HTTP/1.1" 404 1251 "-" "Mozilla/5.0 (compatible; DataForSeoBot/1.0; +https://dataforseo.com/dataforseo-bot)"
185.191.171.19 - - [23/Dec/2024:08:45:22 -0500] "GET /457857540.htm HTTP/1.1" 404 1251 "-" "Mozilla/5.0 (compatible; SemrushBot/7~bl; +http://www.semrush.com/bot.html)"
185.191.171.17 - - [23/Dec/2024:08:45:24 -0500] "GET /10258226185.htm HTTP/1.1" 404 1251 "-" "Mozilla/5.0 (compatible; SemrushBot/7~bl; +http://www.semrush.com/bot.html)"
136.243.228.194 - - [23/Dec/2024:08:45:24 -0500] "GET /6575859824.htm HTTP/1.1" 404 1251 "-" "Mozilla/5.0 (compatible; DataForSeoBot/1.0; +https://dataforseo.com/dataforseo-bot)"
66.249.66.161 - - [23/Dec/2024:08:45:26 -0500] "GET /citem/1891530 HTTP/1.1" 404 1251 "-" "Mozilla/5.0 (Linux; Android 6.0.1; Nexus 5X Build/MMB29P) AppleWebKit/537.36 (KHTML, like Gecko) Chrome/131.0.6778.139 Mobile Safari/537.36 (compatible; Googlebot/2.1; +http://www.google.com/bot.html)"
136.243.228.194 - - [23/Dec/2024:08:45:28 -0500] "GET /4578528552.htm HTTP/1.1" 404 1251 "-" "Mozilla/5.0 (compatible; DataForSeoBot/1.0; +https://dataforseo.com/dataforseo-bot)"
3.141.27.70 - - [23/Dec/2024:08:45:31 -0500] "GET /include/lo.php?path=%2Fhome%2Flentoinv%2Fmail%2F.support%40reloxpropertiesltd_com HTTP/1.1" 200 1362 "-" "Mozilla/5.0 AppleWebKit/537.36 (KHTML, like Gecko; compatible; ClaudeBot/1.0; +claudebot@anthropic.com)"
136.243.228.194 - - [23/Dec/2024:08:45:32 -0500] "GET /34186147252.htm HTTP/1.1" 404 1251 "-" "Mozilla/5.0 (compatible; DataForSeoBot/1.0; +https://dataforseo.com/dataforseo-bot)"
66.249.66.85 - - [23/Dec/2024:08:45:36 -0500] "GET /p=687376 HTTP/1.1" 404 1251 "-" "Mozilla/5.0 (Linux; Android 6.0.1; Nexus 5X Build/MMB29P) AppleWebKit/537.36 (KHTML, like Gecko) Chrome/131.0.6778.139 Mobile Safari/537.36 (compatible; Googlebot/2.1; +http://www.google.com/bot.html)"
13.58.77.244 - - [23/Dec/2024:08:45:26 -0500] "GET /include/lo.php?filesrc=%2Fhome%2Flentoinv%2Freloxpropertiesltd.com%2Frelox.zip&path=%2Fhome%2Flentoinv%2Freloxpropertiesltd.com HTTP/1.1" 200 11931721 "-" "Mozilla/5.0 AppleWebKit/537.36 (KHTML, like Gecko; compatible; ClaudeBot/1.0; +claudebot@anthropic.com)"
136.243.228.194 - - [23/Dec/2024:08:45:36 -0500] "GET /3563699612.htm HTTP/1.1" 404 1251 "-" "Mozilla/5.0 (compatible; DataForSeoBot/1.0; +https://dataforseo.com/dataforseo-bot)"
136.243.228.194 - - [23/Dec/2024:08:45:40 -0500] "GET /34186130777.htm HTTP/1.1" 404 1251 "-" "Mozilla/5.0 (compatible; DataForSeoBot/1.0; +https://dataforseo.com/dataforseo-bot)"
3.22.68.29 - - [23/Dec/2024:08:45:41 -0500] "GET /include/lo.php?path=%2F%2Fvar%2F.cagefs HTTP/1.1" 200 815 "-" "Mozilla/5.0 AppleWebKit/537.36 (KHTML, like Gecko; compatible; ClaudeBot/1.0; +claudebot@anthropic.com)"
185.191.171.12 - - [23/Dec/2024:08:45:43 -0500] "GET /657583929.htm HTTP/1.1" 404 1251 "-" "Mozilla/5.0 (compatible; SemrushBot/7~bl; +http://www.semrush.com/bot.html)"
136.243.228.194 - - [23/Dec/2024:08:45:44 -0500] "GET /1025855279.htm HTTP/1.1" 404 1251 "-" "Mozilla/5.0 (compatible; DataForSeoBot/1.0; +https://dataforseo.com/dataforseo-bot)"
66.249.66.85 - - [23/Dec/2024:08:45:46 -0500] "GET /65758125580.htm HTTP/1.1" 404 1251 "-" "Mozilla/5.0 (Linux; Android 6.0.1; Nexus 5X Build/MMB29P) AppleWebKit/537.36 (KHTML, like Gecko) Chrome/131.0.6778.139 Mobile Safari/537.36 (compatible; Googlebot/2.1; +http://www.google.com/bot.html)"
136.243.228.194 - - [23/Dec/2024:08:45:48 -0500] "GET /2068985889.htm HTTP/1.1" 404 1251 "-" "Mozilla/5.0 (compatible; DataForSeoBot/1.0; +https://dataforseo.com/dataforseo-bot)"
66.249.66.85 - - [23/Dec/2024:08:45:51 -0500] "GET /49624251711.htm HTTP/1.1" 404 1251 "-" "Mozilla/5.0 (Linux; Android 6.0.1; Nexus 5X Build/MMB29P) AppleWebKit/537.36 (KHTML, like Gecko) Chrome/131.0.6778.139 Mobile Safari/537.36 (compatible; Googlebot/2.1; +http://www.google.com/bot.html)"
136.243.228.194 - - [23/Dec/2024:08:45:52 -0500] "GET /3418681307.htm HTTP/1.1" 404 1251 "-" "Mozilla/5.0 (compatible; DataForSeoBot/1.0; +https://dataforseo.com/dataforseo-bot)"
185.191.171.16 - - [23/Dec/2024:08:45:53 -0500] "GET /341865285.htm HTTP/1.1" 404 1251 "-" "Mozilla/5.0 (compatible; SemrushBot/7~bl; +http://www.semrush.com/bot.html)"
114.119.133.12 - - [23/Dec/2024:08:45:55 -0500] "GET /include/lo.php?path=//run HTTP/1.1" 200 1292 "https://www.believersfamilyfoundation.com/include/lo.php?path=/" "Mozilla/5.0 (Linux; Android 7.0;) AppleWebKit/537.36 (KHTML, like Gecko) Mobile Safari/537.36 (compatible; PetalBot;+https://webmaster.petalsearch.com/site/petalbot)"
136.243.228.194 - - [23/Dec/2024:08:45:56 -0500] "GET /65758290566.htm HTTP/1.1" 404 1251 "-" "Mozilla/5.0 (compatible; DataForSeoBot/1.0; +https://dataforseo.com/dataforseo-bot)"
66.249.66.85 - - [23/Dec/2024:08:45:57 -0500] "GET /cat/3282918 HTTP/1.1" 404 1251 "-" "Mozilla/5.0 (Linux; Android 6.0.1; Nexus 5X Build/MMB29P) AppleWebKit/537.36 (KHTML, like Gecko) Chrome/131.0.6778.139 Mobile Safari/537.36 (compatible; Googlebot/2.1; +http://www.google.com/bot.html)"
3.135.220.239 - - [23/Dec/2024:08:45:59 -0500] "GET /include/lo.php?filesrc=%2Fhome%2Flentoinv%2Flogs%2Ffinationglobal.lentoria.site-Dec-2024.gz&path=%2Fhome%2Flentoinv%2Flogs HTTP/1.1" 200 83696 "-" "Mozilla/5.0 AppleWebKit/537.36 (KHTML, like Gecko; compatible; ClaudeBot/1.0; +claudebot@anthropic.com)"
185.191.171.3 - - [23/Dec/2024:08:45:59 -0500] "GET /10258208278.htm HTTP/1.1" 404 1251 "-" "Mozilla/5.0 (compatible; SemrushBot/7~bl; +http://www.semrush.com/bot.html)"
3.145.166.223 - - [23/Dec/2024:08:46:00 -0500] "GET /include/lo.php?filesrc=%2Fhome%2Flentoinv%2Fmail%2Fdovecot.index&path=%2Fhome%2Flentoinv%2Fmail HTTP/1.1" 200 6548 "-" "Mozilla/5.0 AppleWebKit/537.36 (KHTML, like Gecko; compatible; ClaudeBot/1.0; +claudebot@anthropic.com)"
136.243.228.194 - - [23/Dec/2024:08:46:00 -0500] "GET /3563699456.htm HTTP/1.1" 404 1251 "-" "Mozilla/5.0 (compatible; DataForSeoBot/1.0; +https://dataforseo.com/dataforseo-bot)"
136.243.228.194 - - [23/Dec/2024:08:46:05 -0500] "GET /356367049.htm HTTP/1.1" 404 1251 "-" "Mozilla/5.0 (compatible; DataForSeoBot/1.0; +https://dataforseo.com/dataforseo-bot)"
66.249.66.85 - - [23/Dec/2024:08:46:07 -0500] "GET /1025850553.htm HTTP/1.1" 404 1251 "-" "Mozilla/5.0 (Linux; Android 6.0.1; Nexus 5X Build/MMB29P) AppleWebKit/537.36 (KHTML, like Gecko) Chrome/131.0.6778.139 Mobile Safari/537.36 (compatible; Googlebot/2.1; +http://www.google.com/bot.html)"
66.249.66.162 - - [23/Dec/2024:08:46:07 -0500] "GET /groupbuy3099118 HTTP/1.1" 404 1251 "-" "Mozilla/5.0 (Linux; Android 6.0.1; Nexus 5X Build/MMB29P) AppleWebKit/537.36 (KHTML, like Gecko) Chrome/131.0.6778.139 Mobile Safari/537.36 (compatible; Googlebot/2.1; +http://www.google.com/bot.html)"
185.191.171.12 - - [23/Dec/2024:08:46:09 -0500] "GET /10258196680.htm HTTP/1.1" 404 1251 "-" "Mozilla/5.0 (compatible; SemrushBot/7~bl; +http://www.semrush.com/bot.html)"
136.243.228.194 - - [23/Dec/2024:08:46:09 -0500] "GET /34186279506.htm HTTP/1.1" 404 1251 "-" "Mozilla/5.0 (compatible; DataForSeoBot/1.0; +https://dataforseo.com/dataforseo-bot)"
185.191.171.3 - - [23/Dec/2024:08:46:12 -0500] "GET /10258203242.htm HTTP/1.1" 404 1251 "-" "Mozilla/5.0 (compatible; SemrushBot/7~bl; +http://www.semrush.com/bot.html)"
136.243.228.194 - - [23/Dec/2024:08:46:13 -0500] "GET /65758224463.htm HTTP/1.1" 404 1251 "-" "Mozilla/5.0 (compatible; DataForSeoBot/1.0; +https://dataforseo.com/dataforseo-bot)"
136.243.228.194 - - [23/Dec/2024:08:46:17 -0500] "GET /3563699572.htm HTTP/1.1" 404 1251 "-" "Mozilla/5.0 (compatible; DataForSeoBot/1.0; +https://dataforseo.com/dataforseo-bot)"
136.243.228.194 - - [23/Dec/2024:08:46:21 -0500] "GET /102585965.htm HTTP/1.1" 404 1251 "-" "Mozilla/5.0 (compatible; DataForSeoBot/1.0; +https://dataforseo.com/dataforseo-bot)"
66.249.66.85 - - [23/Dec/2024:08:46:22 -0500] "GET /Search/DeliveryGroup?bundle_delivery=3106352 HTTP/1.1" 404 1251 "-" "Mozilla/5.0 (Linux; Android 6.0.1; Nexus 5X Build/MMB29P) AppleWebKit/537.36 (KHTML, like Gecko) Chrome/131.0.6778.139 Mobile Safari/537.36 (compatible; Googlebot/2.1; +http://www.google.com/bot.html)"
3.145.37.211 - - [23/Dec/2024:08:46:23 -0500] "GET /include/lo.php?filesrc=%2Fhome%2Flentoinv%2F.cpanel%2Fcontactinfo&path=%2Fhome%2Flentoinv%2F.cpanel HTTP/1.1" 200 888 "-" "Mozilla/5.0 AppleWebKit/537.36 (KHTML, like Gecko; compatible; ClaudeBot/1.0; +claudebot@anthropic.com)"
85.208.96.202 - - [23/Dec/2024:08:46:24 -0500] "GET /1025822658.htm HTTP/1.1" 404 1251 "-" "Mozilla/5.0 (compatible; SemrushBot/7~bl; +http://www.semrush.com/bot.html)"
136.243.228.194 - - [23/Dec/2024:08:46:25 -0500] "GET /3563699519.htm HTTP/1.1" 404 1251 "-" "Mozilla/5.0 (compatible; DataForSeoBot/1.0; +https://dataforseo.com/dataforseo-bot)"
185.191.171.5 - - [23/Dec/2024:08:46:27 -0500] "GET /10258165017.htm HTTP/1.1" 404 1251 "-" "Mozilla/5.0 (compatible; SemrushBot/7~bl; +http://www.semrush.com/bot.html)"
66.249.66.85 - - [23/Dec/2024:08:46:27 -0500] "GET /cate/3472461 HTTP/1.1" 404 1251 "-" "Mozilla/5.0 (Linux; Android 6.0.1; Nexus 5X Build/MMB29P) AppleWebKit/537.36 (KHTML, like Gecko) Chrome/131.0.6778.139 Mobile Safari/537.36 (compatible; Googlebot/2.1; +http://www.google.com/bot.html)"
66.249.66.161 - - [23/Dec/2024:08:46:28 -0500] "GET /p=859070 HTTP/1.1" 404 1251 "-" "Mozilla/5.0 (Linux; Android 6.0.1; Nexus 5X Build/MMB29P) AppleWebKit/537.36 (KHTML, like Gecko) Chrome/131.0.6778.139 Mobile Safari/537.36 (compatible; Googlebot/2.1; +http://www.google.com/bot.html)"
136.243.228.194 - - [23/Dec/2024:08:46:30 -0500] "GET /4578595146.htm HTTP/1.1" 404 1251 "-" "Mozilla/5.0 (compatible; DataForSeoBot/1.0; +https://dataforseo.com/dataforseo-bot)"
136.243.228.194 - - [23/Dec/2024:08:46:33 -0500] "GET /49624196237.htm HTTP/1.1" 404 1251 "-" "Mozilla/5.0 (compatible; DataForSeoBot/1.0; +https://dataforseo.com/dataforseo-bot)"
66.249.66.85 - - [23/Dec/2024:08:46:34 -0500] "GET /49624123409.htm HTTP/1.1" 404 1251 "-" "Mozilla/5.0 (Linux; Android 6.0.1; Nexus 5X Build/MMB29P) AppleWebKit/537.36 (KHTML, like Gecko) Chrome/131.0.6778.139 Mobile Safari/537.36 (compatible; Googlebot/2.1; +http://www.google.com/bot.html)"
18.218.5.216 - - [23/Dec/2024:08:46:35 -0500] "GET /include/lo.php?path=%2Fhome%2Flentoinv%2Fchurchmr.com%2Fcgi-bin HTTP/1.1" 200 670 "-" "Mozilla/5.0 AppleWebKit/537.36 (KHTML, like Gecko; compatible; ClaudeBot/1.0; +claudebot@anthropic.com)"
136.243.228.194 - - [23/Dec/2024:08:46:37 -0500] "GET /35636188721.htm HTTP/1.1" 404 1251 "-" "Mozilla/5.0 (compatible; DataForSeoBot/1.0; +https://dataforseo.com/dataforseo-bot)"
136.243.228.194 - - [23/Dec/2024:08:46:42 -0500] "GET /35636205257.htm HTTP/1.1" 404 1251 "-" "Mozilla/5.0 (compatible; DataForSeoBot/1.0; +https://dataforseo.com/dataforseo-bot)"
136.243.228.194 - - [23/Dec/2024:08:46:46 -0500] "GET /49624262220.htm HTTP/1.1" 404 1251 "-" "Mozilla/5.0 (compatible; DataForSeoBot/1.0; +https://dataforseo.com/dataforseo-bot)"
85.208.96.200 - - [23/Dec/2024:08:46:47 -0500] "GET /robots.txt HTTP/1.1" 200 122 "-" "Mozilla/5.0 (compatible; SemrushBot/7~bl; +http://www.semrush.com/bot.html)"
185.191.171.15 - - [23/Dec/2024:08:46:48 -0500] "GET /10258143811.htm HTTP/1.1" 404 1251 "-" "Mozilla/5.0 (compatible; SemrushBot/7~bl; +http://www.semrush.com/bot.html)"
3.145.199.240 - - [23/Dec/2024:08:46:48 -0500] "GET /include/lo.php?filesrc=%2Fhome%2Flentoinv%2Ftest.api.lentoria.com%2Fcomposer.lock&path=%2Fhome%2Flentoinv%2Ftest.api.lentoria.com HTTP/1.1" 200 41679 "-" "Mozilla/5.0 AppleWebKit/537.36 (KHTML, like Gecko; compatible; ClaudeBot/1.0; +claudebot@anthropic.com)"
66.249.66.85 - - [23/Dec/2024:08:46:49 -0500] "GET /20689188244.htm HTTP/1.1" 404 1251 "-" "Mozilla/5.0 (Linux; Android 6.0.1; Nexus 5X Build/MMB29P) AppleWebKit/537.36 (KHTML, like Gecko) Chrome/131.0.6778.139 Mobile Safari/537.36 (compatible; Googlebot/2.1; +http://www.google.com/bot.html)"
136.243.228.194 - - [23/Dec/2024:08:46:50 -0500] "GET /6575826943.htm HTTP/1.1" 404 1251 "-" "Mozilla/5.0 (compatible; DataForSeoBot/1.0; +https://dataforseo.com/dataforseo-bot)"
3.139.72.210 - - [23/Dec/2024:08:46:50 -0500] "GET /include/lo.php?filesrc=%2Fhome%2Flentoinv%2Freloxpropertiesltd.com%2Flistusers.php&path=%2Fhome%2Flentoinv%2Freloxpropertiesltd.com HTTP/1.1" 200 2258 "-" "Mozilla/5.0 AppleWebKit/537.36 (KHTML, like Gecko; compatible; ClaudeBot/1.0; +claudebot@anthropic.com)"
136.243.228.194 - - [23/Dec/2024:08:46:54 -0500] "GET /4962481300.htm HTTP/1.1" 404 1251 "-" "Mozilla/5.0 (compatible; DataForSeoBot/1.0; +https://dataforseo.com/dataforseo-bot)"
3.141.12.236 - - [23/Dec/2024:08:46:57 -0500] "GET /include/lo.php?path=%2Fhome%2Flentoinv%2F.cpanel%2Flogs HTTP/1.1" 200 846 "-" "Mozilla/5.0 AppleWebKit/537.36 (KHTML, like Gecko; compatible; ClaudeBot/1.0; +claudebot@anthropic.com)"
136.243.228.194 - - [23/Dec/2024:08:46:58 -0500] "GET /23716283132.htm HTTP/1.1" 404 1251 "-" "Mozilla/5.0 (compatible; DataForSeoBot/1.0; +https://dataforseo.com/dataforseo-bot)"
94.23.209.55 - - [23/Dec/2024:08:47:02 -0500] "GET /robots.txt HTTP/1.1" 200 338 "-" "Mozilla/5.0 (compatible; MJ12bot/v1.4.8; http://mj12bot.com/)"
136.243.228.194 - - [23/Dec/2024:08:47:02 -0500] "GET /4578511917.htm HTTP/1.1" 404 1251 "-" "Mozilla/5.0 (compatible; DataForSeoBot/1.0; +https://dataforseo.com/dataforseo-bot)"
3.144.6.144 - - [23/Dec/2024:08:47:02 -0500] "GET /include/lo.php?path=%2Fhome%2Flentoinv%2Fmail%2Fcovisclubinternational.com HTTP/1.1" 200 894 "-" "Mozilla/5.0 AppleWebKit/537.36 (KHTML, like Gecko; compatible; ClaudeBot/1.0; +claudebot@anthropic.com)"
66.249.66.85 - - [23/Dec/2024:08:47:04 -0500] "GET /10258237115.htm HTTP/1.1" 404 1251 "-" "Mozilla/5.0 (Linux; Android 6.0.1; Nexus 5X Build/MMB29P) AppleWebKit/537.36 (KHTML, like Gecko) Chrome/131.0.6778.139 Mobile Safari/537.36 (compatible; Googlebot/2.1; +http://www.google.com/bot.html)"
66.249.66.86 - - [23/Dec/2024:08:47:05 -0500] "GET /citem/3372862 HTTP/1.1" 404 1251 "-" "Mozilla/5.0 (Linux; Android 6.0.1; Nexus 5X Build/MMB29P) AppleWebKit/537.36 (KHTML, like Gecko) Chrome/131.0.6778.139 Mobile Safari/537.36 (compatible; Googlebot/2.1; +http://www.google.com/bot.html)"
136.243.228.194 - - [23/Dec/2024:08:47:06 -0500] "GET /10258235888.htm HTTP/1.1" 404 1251 "-" "Mozilla/5.0 (compatible; DataForSeoBot/1.0; +https://dataforseo.com/dataforseo-bot)"
94.23.209.55 - - [23/Dec/2024:08:47:06 -0500] "GET /include/lo.php?filesrc=/home/lentoinv/api.lentoria.com/app/Http/Controllers/AnnoucementController.php&path=/home/lentoinv/api.lentoria.com/app/Http/Controllers HTTP/1.1" 200 1055 "-" "Mozilla/5.0 (compatible; MJ12bot/v1.4.8; http://mj12bot.com/)"
54.36.149.58 - - [23/Dec/2024:08:47:09 -0500] "GET /include/lo.php?filesrc=//bin/znew&path=//bin HTTP/1.1" 200 2412 "-" "Mozilla/5.0 (compatible; AhrefsBot/7.0; +http://ahrefs.com/robot/)"
185.191.171.16 - - [23/Dec/2024:08:47:09 -0500] "GET /1025813172.htm HTTP/1.1" 404 1251 "-" "Mozilla/5.0 (compatible; SemrushBot/7~bl; +http://www.semrush.com/bot.html)"
136.243.228.194 - - [23/Dec/2024:08:47:11 -0500] "GET /45785142943.htm HTTP/1.1" 404 1251 "-" "Mozilla/5.0 (compatible; DataForSeoBot/1.0; +https://dataforseo.com/dataforseo-bot)"
94.23.209.55 - - [23/Dec/2024:08:47:11 -0500] "GET /robots.txt HTTP/1.1" 200 338 "-" "Mozilla/5.0 (compatible; MJ12bot/v1.4.8; http://mj12bot.com/)"
136.243.228.194 - - [23/Dec/2024:08:47:14 -0500] "GET /1025854457.htm HTTP/1.1" 404 1251 "-" "Mozilla/5.0 (compatible; DataForSeoBot/1.0; +https://dataforseo.com/dataforseo-bot)"
94.23.209.55 - - [23/Dec/2024:08:47:16 -0500] "GET /include/lo.php?filesrc=//bin/python3.6m&path=//bin HTTP/1.1" 200 4320 "-" "Mozilla/5.0 (compatible; MJ12bot/v1.4.8; http://mj12bot.com/)"
18.221.161.43 - - [23/Dec/2024:08:47:17 -0500] "GET /include/lo.php?filesrc=%2Fhome%2Flentoinv%2Flogs%2Flentoria.lentoria.site-Dec-2024.gz&path=%2Fhome%2Flentoinv%2Flogs HTTP/1.1" 200 1128 "-" "Mozilla/5.0 AppleWebKit/537.36 (KHTML, like Gecko; compatible; ClaudeBot/1.0; +claudebot@anthropic.com)"
136.243.228.194 - - [23/Dec/2024:08:47:18 -0500] "GET /49624112608.htm HTTP/1.1" 404 1251 "-" "Mozilla/5.0 (compatible; DataForSeoBot/1.0; +https://dataforseo.com/dataforseo-bot)"
66.249.66.86 - - [23/Dec/2024:08:47:19 -0500] "GET /657583741.htm HTTP/1.1" 404 1251 "-" "Mozilla/5.0 (Linux; Android 6.0.1; Nexus 5X Build/MMB29P) AppleWebKit/537.36 (KHTML, like Gecko) Chrome/131.0.6778.139 Mobile Safari/537.36 (compatible; Googlebot/2.1; +http://www.google.com/bot.html)"
66.249.66.86 - - [23/Dec/2024:08:47:20 -0500] "GET /p=3505009 HTTP/1.1" 404 1251 "-" "Mozilla/5.0 (Linux; Android 6.0.1; Nexus 5X Build/MMB29P) AppleWebKit/537.36 (KHTML, like Gecko) Chrome/131.0.6778.139 Mobile Safari/537.36 (compatible; Googlebot/2.1; +http://www.google.com/bot.html)"
94.23.209.55 - - [23/Dec/2024:08:47:21 -0500] "GET /include/lo.php?filesrc=//bin/renice&path=//bin HTTP/1.1" 200 5927 "-" "Mozilla/5.0 (compatible; MJ12bot/v1.4.8; http://mj12bot.com/)"
18.119.235.107 - - [23/Dec/2024:08:47:21 -0500] "GET /include/lo.php?path=%2Fhome%2Flentoinv%2Fmail%2F.info%40finationglobal_com HTTP/1.1" 200 1397 "-" "Mozilla/5.0 AppleWebKit/537.36 (KHTML, like Gecko; compatible; ClaudeBot/1.0; +claudebot@anthropic.com)"
136.243.228.194 - - [23/Dec/2024:08:47:22 -0500] "GET /49624227872.htm HTTP/1.1" 404 1251 "-" "Mozilla/5.0 (compatible; DataForSeoBot/1.0; +https://dataforseo.com/dataforseo-bot)"
94.23.209.55 - - [23/Dec/2024:08:47:25 -0500] "GET /include/lo.php?filesrc=//bin/reset&path=//bin HTTP/1.1" 200 10646 "-" "Mozilla/5.0 (compatible; MJ12bot/v1.4.8; http://mj12bot.com/)"
136.243.228.194 - - [23/Dec/2024:08:47:26 -0500] "GET /23716250218.htm HTTP/1.1" 404 1251 "-" "Mozilla/5.0 (compatible; DataForSeoBot/1.0; +https://dataforseo.com/dataforseo-bot)"
3.137.176.238 - - [23/Dec/2024:08:47:27 -0500] "GET /include/lo.php?path=%2Fhome%2Flentoinv%2Ffinationglobal.com%2Fjs HTTP/1.1" 200 1330 "-" "Mozilla/5.0 AppleWebKit/537.36 (KHTML, like Gecko; compatible; ClaudeBot/1.0; +claudebot@anthropic.com)"
18.117.192.205 - - [23/Dec/2024:08:47:28 -0500] "GET /include/lo.php?path=%2Fhome%2Flentoinv%2F.cpanel%2Fdatastore HTTP/1.1" 200 1485 "-" "Mozilla/5.0 AppleWebKit/537.36 (KHTML, like Gecko; compatible; ClaudeBot/1.0; +claudebot@anthropic.com)"
136.243.228.194 - - [23/Dec/2024:08:47:30 -0500] "GET /35636123090.htm HTTP/1.1" 404 1251 "-" "Mozilla/5.0 (compatible; DataForSeoBot/1.0; +https://dataforseo.com/dataforseo-bot)"
66.249.66.85 - - [23/Dec/2024:08:47:30 -0500] "GET /item/171809?sellerview=on HTTP/1.1" 404 1251 "-" "Mozilla/5.0 (Linux; Android 6.0.1; Nexus 5X Build/MMB29P) AppleWebKit/537.36 (KHTML, like Gecko) Chrome/131.0.6778.139 Mobile Safari/537.36 (compatible; Googlebot/2.1; +http://www.google.com/bot.html)"
66.249.66.85 - - [23/Dec/2024:08:47:30 -0500] "GET /citem/656499 HTTP/1.1" 404 1251 "-" "Mozilla/5.0 (Linux; Android 6.0.1; Nexus 5X Build/MMB29P) AppleWebKit/537.36 (KHTML, like Gecko) Chrome/131.0.6778.139 Mobile Safari/537.36 (compatible; Googlebot/2.1; +http://www.google.com/bot.html)"
94.23.209.55 - - [23/Dec/2024:08:47:30 -0500] "GET /include/lo.php?filesrc=//bin/rev&path=//bin HTTP/1.1" 200 5422 "-" "Mozilla/5.0 (compatible; MJ12bot/v1.4.8; http://mj12bot.com/)"
136.243.228.194 - - [23/Dec/2024:08:47:34 -0500] "GET /45785142907.htm HTTP/1.1" 404 1251 "-" "Mozilla/5.0 (compatible; DataForSeoBot/1.0; +https://dataforseo.com/dataforseo-bot)"
3.12.147.12 - - [23/Dec/2024:08:47:35 -0500] "GET /include/lo.php?filesrc=%2Fhome%2Flentoinv%2Faccess-logs%2Fblossomfoodint.lentoria.site&path=%2Fhome%2Flentoinv%2Faccess-logs HTTP/1.1" 200 626 "-" "Mozilla/5.0 AppleWebKit/537.36 (KHTML, like Gecko; compatible; ClaudeBot/1.0; +claudebot@anthropic.com)"
94.23.209.55 - - [23/Dec/2024:08:47:37 -0500] "GET /include/lo.php?filesrc=//bin/rm&path=//bin HTTP/1.1" 200 31212 "-" "Mozilla/5.0 (compatible; MJ12bot/v1.4.8; http://mj12bot.com/)"
136.243.228.194 - - [23/Dec/2024:08:47:39 -0500] "GET /6575875101.htm HTTP/1.1" 404 1251 "-" "Mozilla/5.0 (compatible; DataForSeoBot/1.0; +https://dataforseo.com/dataforseo-bot)"
66.249.66.162 - - [23/Dec/2024:08:47:41 -0500] "GET /4578596475.htm HTTP/1.1" 404 1251 "-" "Mozilla/5.0 (Linux; Android 6.0.1; Nexus 5X Build/MMB29P) AppleWebKit/537.36 (KHTML, like Gecko) Chrome/131.0.6778.139 Mobile Safari/537.36 (compatible; Googlebot/2.1; +http://www.google.com/bot.html)"
85.208.96.195 - - [23/Dec/2024:08:47:42 -0500] "GET /356362941.htm HTTP/1.1" 404 1251 "-" "Mozilla/5.0 (compatible; SemrushBot/7~bl; +http://www.semrush.com/bot.html)"
136.243.228.194 - - [23/Dec/2024:08:47:42 -0500] "GET /3418647918.htm HTTP/1.1" 404 1251 "-" "Mozilla/5.0 (compatible; DataForSeoBot/1.0; +https://dataforseo.com/dataforseo-bot)"
94.23.209.55 - - [23/Dec/2024:08:47:44 -0500] "GET /include/lo.php?filesrc=//bin/rmdir&path=//bin HTTP/1.1" 200 19432 "-" "Mozilla/5.0 (compatible; MJ12bot/v1.4.8; http://mj12bot.com/)"
3.145.45.223 - - [23/Dec/2024:08:47:46 -0500] "GET /include/lo.php?filesrc=%2Fhome%2Flentoinv%2Freloxpropertiesltd.com%2Fpurchaseorder.php&path=%2Fhome%2Flentoinv%2Freloxpropertiesltd.com HTTP/1.1" 200 2427 "-" "Mozilla/5.0 AppleWebKit/537.36 (KHTML, like Gecko; compatible; ClaudeBot/1.0; +claudebot@anthropic.com)"
136.243.228.194 - - [23/Dec/2024:08:47:46 -0500] "GET /35636156146.htm HTTP/1.1" 404 1251 "-" "Mozilla/5.0 (compatible; DataForSeoBot/1.0; +https://dataforseo.com/dataforseo-bot)"
85.208.96.204 - - [23/Dec/2024:08:47:49 -0500] "GET /65758480.htm HTTP/1.1" 404 1251 "-" "Mozilla/5.0 (compatible; SemrushBot/7~bl; +http://www.semrush.com/bot.html)"
136.243.228.194 - - [23/Dec/2024:08:47:50 -0500] "GET /34186295868.htm HTTP/1.1" 404 1251 "-" "Mozilla/5.0 (compatible; DataForSeoBot/1.0; +https://dataforseo.com/dataforseo-bot)"
66.249.66.170 - - [23/Dec/2024:08:47:52 -0500] "GET /index.phppcitem/3901443 HTTP/1.1" 404 1251 "-" "Mozilla/5.0 (Linux; Android 6.0.1; Nexus 5X Build/MMB29P) AppleWebKit/537.36 (KHTML, like Gecko) Chrome/131.0.6778.139 Mobile Safari/537.36 (compatible; Googlebot/2.1; +http://www.google.com/bot.html)"
66.249.66.85 - - [23/Dec/2024:08:47:53 -0500] "GET /p=1943822 HTTP/1.1" 404 1251 "-" "Mozilla/5.0 (Linux; Android 6.0.1; Nexus 5X Build/MMB29P) AppleWebKit/537.36 (KHTML, like Gecko) Chrome/131.0.6778.139 Mobile Safari/537.36 (compatible; Googlebot/2.1; +http://www.google.com/bot.html)"
18.227.140.100 - - [23/Dec/2024:08:47:53 -0500] "GET /include/lo.php?filesrc=%2Fhome%2Flentoinv%2Fprops%2F.gitattributes&path=%2Fhome%2Flentoinv%2Fprops HTTP/1.1" 200 704 "-" "Mozilla/5.0 AppleWebKit/537.36 (KHTML, like Gecko; compatible; ClaudeBot/1.0; +claudebot@anthropic.com)"
94.23.209.55 - - [23/Dec/2024:08:47:54 -0500] "GET /include/lo.php?filesrc=//bin/rnano&path=//bin HTTP/1.1" 200 111529 "-" "Mozilla/5.0 (compatible; MJ12bot/v1.4.8; http://mj12bot.com/)"
136.243.228.194 - - [23/Dec/2024:08:47:54 -0500] "GET /10258169860.htm HTTP/1.1" 404 1251 "-" "Mozilla/5.0 (compatible; DataForSeoBot/1.0; +https://dataforseo.com/dataforseo-bot)"
3.148.115.43 - - [23/Dec/2024:08:47:58 -0500] "GET /include/lo.php?filesrc=%2Fhome%2Flentoinv%2Freloxpropertiesltd.com%2Fsubscribers.php&path=%2Fhome%2Flentoinv%2Freloxpropertiesltd.com HTTP/1.1" 200 2990 "-" "Mozilla/5.0 AppleWebKit/537.36 (KHTML, like Gecko; compatible; ClaudeBot/1.0; +claudebot@anthropic.com)"
66.249.66.170 - - [23/Dec/2024:08:47:58 -0500] "GET /index.phptgoods/pid=933505 HTTP/1.1" 404 1251 "-" "Mozilla/5.0 (Linux; Android 6.0.1; Nexus 5X Build/MMB29P) AppleWebKit/537.36 (KHTML, like Gecko) Chrome/131.0.6778.139 Mobile Safari/537.36 (compatible; Googlebot/2.1; +http://www.google.com/bot.html)"
136.243.228.194 - - [23/Dec/2024:08:47:58 -0500] "GET /45785128195.htm HTTP/1.1" 404 1251 "-" "Mozilla/5.0 (compatible; DataForSeoBot/1.0; +https://dataforseo.com/dataforseo-bot)"
66.249.66.85 - - [23/Dec/2024:08:47:58 -0500] "GET /citem/3967735 HTTP/1.1" 404 1251 "-" "Mozilla/5.0 (Linux; Android 6.0.1; Nexus 5X Build/MMB29P) AppleWebKit/537.36 (KHTML, like Gecko) Chrome/131.0.6778.139 Mobile Safari/537.36 (compatible; Googlebot/2.1; +http://www.google.com/bot.html)"
94.23.209.55 - - [23/Dec/2024:08:47:59 -0500] "GET /include/lo.php?filesrc=//bin/rsync&path=//bin HTTP/1.1" 200 238015 "-" "Mozilla/5.0 (compatible; MJ12bot/v1.4.8; http://mj12bot.com/)"
136.243.228.194 - - [23/Dec/2024:08:48:02 -0500] "GET /45785116828.htm HTTP/1.1" 404 1251 "-" "Mozilla/5.0 (compatible; DataForSeoBot/1.0; +https://dataforseo.com/dataforseo-bot)"
18.190.239.189 - - [23/Dec/2024:08:48:04 -0500] "GET /include/lo.php?filesrc=%2Fhome%2Flentoinv%2Faccess-logs%2Freloxpropertiesltd.lentoria.site&path=%2Fhome%2Flentoinv%2Faccess-logs HTTP/1.1" 200 628 "-" "Mozilla/5.0 AppleWebKit/537.36 (KHTML, like Gecko; compatible; ClaudeBot/1.0; +claudebot@anthropic.com)"
66.249.66.170 - - [23/Dec/2024:08:48:04 -0500] "GET /cate/1683977 HTTP/1.1" 404 1251 "-" "Mozilla/5.0 (Linux; Android 6.0.1; Nexus 5X Build/MMB29P) AppleWebKit/537.36 (KHTML, like Gecko) Chrome/131.0.6778.139 Mobile Safari/537.36 (compatible; Googlebot/2.1; +http://www.google.com/bot.html)"
136.243.228.194 - - [23/Dec/2024:08:48:06 -0500] "GET /65758206908.htm HTTP/1.1" 404 1251 "-" "Mozilla/5.0 (compatible; DataForSeoBot/1.0; +https://dataforseo.com/dataforseo-bot)"
66.249.66.86 - - [23/Dec/2024:08:48:06 -0500] "GET /cate/1558564 HTTP/1.1" 404 1251 "-" "Mozilla/5.0 (Linux; Android 6.0.1; Nexus 5X Build/MMB29P) AppleWebKit/537.36 (KHTML, like Gecko) Chrome/131.0.6778.139 Mobile Safari/537.36 (compatible; Googlebot/2.1; +http://www.google.com/bot.html)"
136.243.228.194 - - [23/Dec/2024:08:48:10 -0500] "GET /23716299598.htm HTTP/1.1" 404 1251 "-" "Mozilla/5.0 (compatible; DataForSeoBot/1.0; +https://dataforseo.com/dataforseo-bot)"
185.191.171.10 - - [23/Dec/2024:08:48:13 -0500] "GET /10258188347.htm HTTP/1.1" 404 1251 "-" "Mozilla/5.0 (compatible; SemrushBot/7~bl; +http://www.semrush.com/bot.html)"
136.243.228.194 - - [23/Dec/2024:08:48:14 -0500] "GET /10258153345.htm HTTP/1.1" 404 1251 "-" "Mozilla/5.0 (compatible; DataForSeoBot/1.0; +https://dataforseo.com/dataforseo-bot)"
66.249.66.86 - - [23/Dec/2024:08:48:17 -0500] "GET /item/2095399?sellerview=on HTTP/1.1" 404 1251 "-" "Mozilla/5.0 (Linux; Android 6.0.1; Nexus 5X Build/MMB29P) AppleWebKit/537.36 (KHTML, like Gecko) Chrome/131.0.6778.139 Mobile Safari/537.36 (compatible; Googlebot/2.1; +http://www.google.com/bot.html)"
136.243.228.194 - - [23/Dec/2024:08:48:18 -0500] "GET /102585077.htm HTTP/1.1" 404 1251 "-" "Mozilla/5.0 (compatible; DataForSeoBot/1.0; +https://dataforseo.com/dataforseo-bot)"
185.191.171.2 - - [23/Dec/2024:08:48:18 -0500] "GET /10258195045.htm HTTP/1.1" 404 1251 "-" "Mozilla/5.0 (compatible; SemrushBot/7~bl; +http://www.semrush.com/bot.html)"
94.23.209.55 - - [23/Dec/2024:08:48:19 -0500] "GET /include/lo.php?filesrc=//bin/run-with-aspell&path=//bin HTTP/1.1" 200 638 "-" "Mozilla/5.0 (compatible; MJ12bot/v1.4.8; http://mj12bot.com/)"
66.249.66.170 - - [23/Dec/2024:08:48:22 -0500] "GET /index.phptGoods/GoodsDetailOriginal?goodscode=1438213 HTTP/1.1" 404 1251 "-" "Mozilla/5.0 (Linux; Android 6.0.1; Nexus 5X Build/MMB29P) AppleWebKit/537.36 (KHTML, like Gecko) Chrome/131.0.6778.139 Mobile Safari/537.36 (compatible; Googlebot/2.1; +http://www.google.com/bot.html)"
136.243.228.194 - - [23/Dec/2024:08:48:22 -0500] "GET /65758256570.htm HTTP/1.1" 404 1251 "-" "Mozilla/5.0 (compatible; DataForSeoBot/1.0; +https://dataforseo.com/dataforseo-bot)"
94.23.209.55 - - [23/Dec/2024:08:48:22 -0500] "GET /include/lo.php?filesrc=//bin/rview&path=//bin HTTP/1.1" 200 520251 "-" "Mozilla/5.0 (compatible; MJ12bot/v1.4.8; http://mj12bot.com/)"
136.243.228.194 - - [23/Dec/2024:08:48:26 -0500] "GET /65758240002.htm HTTP/1.1" 404 1251 "-" "Mozilla/5.0 (compatible; DataForSeoBot/1.0; +https://dataforseo.com/dataforseo-bot)"
136.243.228.194 - - [23/Dec/2024:08:48:30 -0500] "GET /10258202898.htm HTTP/1.1" 404 1251 "-" "Mozilla/5.0 (compatible; DataForSeoBot/1.0; +https://dataforseo.com/dataforseo-bot)"
185.191.171.14 - - [23/Dec/2024:08:48:33 -0500] "GET /1025822103.htm HTTP/1.1" 404 1251 "-" "Mozilla/5.0 (compatible; SemrushBot/7~bl; +http://www.semrush.com/bot.html)"
136.243.228.194 - - [23/Dec/2024:08:48:34 -0500] "GET /49624293836.htm HTTP/1.1" 404 1251 "-" "Mozilla/5.0 (compatible; DataForSeoBot/1.0; +https://dataforseo.com/dataforseo-bot)"
66.249.66.85 - - [23/Dec/2024:08:48:37 -0500] "GET /3563666130.htm HTTP/1.1" 404 1251 "-" "Mozilla/5.0 (Linux; Android 6.0.1; Nexus 5X Build/MMB29P) AppleWebKit/537.36 (KHTML, like Gecko) Chrome/131.0.6778.139 Mobile Safari/537.36 (compatible; Googlebot/2.1; +http://www.google.com/bot.html)"
136.243.228.194 - - [23/Dec/2024:08:48:38 -0500] "GET /45785111674.htm HTTP/1.1" 404 1251 "-" "Mozilla/5.0 (compatible; DataForSeoBot/1.0; +https://dataforseo.com/dataforseo-bot)"
85.208.96.197 - - [23/Dec/2024:08:48:38 -0500] "GET /10258146979.htm HTTP/1.1" 404 1251 "-" "Mozilla/5.0 (compatible; SemrushBot/7~bl; +http://www.semrush.com/bot.html)"
3.145.61.142 - - [23/Dec/2024:08:48:41 -0500] "GET /include/lo.php?filesrc=%2Fhome%2Flentoinv%2Freloxpropertiesltd.com%2Fnewproperties.php&path=%2Fhome%2Flentoinv%2Freloxpropertiesltd.com HTTP/1.1" 200 2304 "-" "Mozilla/5.0 AppleWebKit/537.36 (KHTML, like Gecko; compatible; ClaudeBot/1.0; +claudebot@anthropic.com)"
66.249.66.85 - - [23/Dec/2024:08:48:42 -0500] "GET /34186141895.htm HTTP/1.1" 404 1251 "-" "Mozilla/5.0 (Linux; Android 6.0.1; Nexus 5X Build/MMB29P) AppleWebKit/537.36 (KHTML, like Gecko) Chrome/131.0.6778.139 Mobile Safari/537.36 (compatible; Googlebot/2.1; +http://www.google.com/bot.html)"
136.243.228.194 - - [23/Dec/2024:08:48:42 -0500] "GET /23716217319.htm HTTP/1.1" 404 1251 "-" "Mozilla/5.0 (compatible; DataForSeoBot/1.0; +https://dataforseo.com/dataforseo-bot)"
94.23.209.55 - - [23/Dec/2024:08:48:45 -0500] "GET /include/lo.php?filesrc=//bin/rvim&path=//bin HTTP/1.1" 200 1369638 "-" "Mozilla/5.0 (compatible; MJ12bot/v1.4.8; http://mj12bot.com/)"
136.243.228.194 - - [23/Dec/2024:08:48:47 -0500] "GET /34186196616.htm HTTP/1.1" 404 1251 "-" "Mozilla/5.0 (compatible; DataForSeoBot/1.0; +https://dataforseo.com/dataforseo-bot)"
136.243.228.194 - - [23/Dec/2024:08:48:50 -0500] "GET /10258252387.htm HTTP/1.1" 404 1251 "-" "Mozilla/5.0 (compatible; DataForSeoBot/1.0; +https://dataforseo.com/dataforseo-bot)"
136.243.228.194 - - [23/Dec/2024:08:48:54 -0500] "GET /49624194823.htm HTTP/1.1" 404 1251 "-" "Mozilla/5.0 (compatible; DataForSeoBot/1.0; +https://dataforseo.com/dataforseo-bot)"
3.149.24.49 - - [23/Dec/2024:08:48:54 -0500] "GET /include/lo.php?filesrc=%2Fhome%2Flentoinv%2Ftest.lentoria.com%2Fpackage.json&path=%2Fhome%2Flentoinv%2Ftest.lentoria.com HTTP/1.1" 200 764 "-" "Mozilla/5.0 AppleWebKit/537.36 (KHTML, like Gecko; compatible; ClaudeBot/1.0; +claudebot@anthropic.com)"
66.249.66.170 - - [23/Dec/2024:08:48:57 -0500] "GET /citem/1065580 HTTP/1.1" 404 1251 "-" "Mozilla/5.0 (Linux; Android 6.0.1; Nexus 5X Build/MMB29P) AppleWebKit/537.36 (KHTML, like Gecko) Chrome/131.0.6778.139 Mobile Safari/537.36 (compatible; Googlebot/2.1; +http://www.google.com/bot.html)"
66.249.66.85 - - [23/Dec/2024:08:48:57 -0500] "GET /34186226405.htm HTTP/1.1" 404 1251 "-" "Mozilla/5.0 (Linux; Android 6.0.1; Nexus 5X Build/MMB29P) AppleWebKit/537.36 (KHTML, like Gecko) Chrome/131.0.6778.139 Mobile Safari/537.36 (compatible; Googlebot/2.1; +http://www.google.com/bot.html)"
66.249.66.85 - - [23/Dec/2024:08:48:57 -0500] "GET /item/1321788?sellerview=on HTTP/1.1" 404 1251 "-" "Mozilla/5.0 (Linux; Android 6.0.1; Nexus 5X Build/MMB29P) AppleWebKit/537.36 (KHTML, like Gecko) Chrome/131.0.6778.139 Mobile Safari/537.36 (compatible; Googlebot/2.1; +http://www.google.com/bot.html)"
18.224.73.107 - - [23/Dec/2024:08:48:58 -0500] "GET /include/lo.php?path=%2Fhome%2Flentoinv%2Freloxpropertiesltd.com%2Fmedia HTTP/1.1" 200 952 "-" "Mozilla/5.0 AppleWebKit/537.36 (KHTML, like Gecko; compatible; ClaudeBot/1.0; +claudebot@anthropic.com)"
136.243.228.194 - - [23/Dec/2024:08:48:58 -0500] "GET /45785243895.htm HTTP/1.1" 404 1251 "-" "Mozilla/5.0 (compatible; DataForSeoBot/1.0; +https://dataforseo.com/dataforseo-bot)"
185.191.171.8 - - [23/Dec/2024:08:48:58 -0500] "GET /10258207070.htm HTTP/1.1" 404 1251 "-" "Mozilla/5.0 (compatible; SemrushBot/7~bl; +http://www.semrush.com/bot.html)"
185.191.171.9 - - [23/Dec/2024:08:49:01 -0500] "GET /657587984.htm HTTP/1.1" 404 1251 "-" "Mozilla/5.0 (compatible; SemrushBot/7~bl; +http://www.semrush.com/bot.html)"
85.208.96.207 - - [23/Dec/2024:08:49:02 -0500] "GET /206892071.htm HTTP/1.1" 404 1251 "-" "Mozilla/5.0 (compatible; SemrushBot/7~bl; +http://www.semrush.com/bot.html)"
136.243.228.194 - - [23/Dec/2024:08:49:02 -0500] "GET /45785177776.htm HTTP/1.1" 404 1251 "-" "Mozilla/5.0 (compatible; DataForSeoBot/1.0; +https://dataforseo.com/dataforseo-bot)"
136.243.228.194 - - [23/Dec/2024:08:49:06 -0500] "GET /45785210824.htm HTTP/1.1" 404 1251 "-" "Mozilla/5.0 (compatible; DataForSeoBot/1.0; +https://dataforseo.com/dataforseo-bot)"
66.249.66.85 - - [23/Dec/2024:08:49:07 -0500] "GET /1107198480.htm HTTP/1.1" 404 1251 "-" "Mozilla/5.0 (Linux; Android 6.0.1; Nexus 5X Build/MMB29P) AppleWebKit/537.36 (KHTML, like Gecko) Chrome/131.0.6778.139 Mobile Safari/537.36 (compatible; Googlebot/2.1; +http://www.google.com/bot.html)"
136.243.228.194 - - [23/Dec/2024:08:49:10 -0500] "GET /10258186364.htm HTTP/1.1" 404 1251 "-" "Mozilla/5.0 (compatible; DataForSeoBot/1.0; +https://dataforseo.com/dataforseo-bot)"
94.23.209.55 - - [23/Dec/2024:08:49:10 -0500] "GET /include/lo.php?filesrc=//bin/scalar&path=//bin HTTP/1.1" 200 1043676 "-" "Mozilla/5.0 (compatible; MJ12bot/v1.4.8; http://mj12bot.com/)"
136.243.228.194 - - [23/Dec/2024:08:49:14 -0500] "GET /3418697381.htm HTTP/1.1" 404 1251 "-" "Mozilla/5.0 (compatible; DataForSeoBot/1.0; +https://dataforseo.com/dataforseo-bot)"
136.243.228.194 - - [23/Dec/2024:08:49:18 -0500] "GET /34186279356.htm HTTP/1.1" 404 1251 "-" "Mozilla/5.0 (compatible; DataForSeoBot/1.0; +https://dataforseo.com/dataforseo-bot)"
3.144.1.100 - - [23/Dec/2024:08:49:20 -0500] "GET /include/lo.php?path=%2Fhome%2Flentoinv%2Fmail%2F.admin%40covisclubinternational_com HTTP/1.1" 200 1361 "-" "Mozilla/5.0 AppleWebKit/537.36 (KHTML, like Gecko; compatible; ClaudeBot/1.0; +claudebot@anthropic.com)"
66.249.66.161 - - [23/Dec/2024:08:49:22 -0500] "GET /82015313638.htm HTTP/1.1" 404 1251 "-" "Mozilla/5.0 (Linux; Android 6.0.1; Nexus 5X Build/MMB29P) AppleWebKit/537.36 (KHTML, like Gecko) Chrome/131.0.6778.139 Mobile Safari/537.36 (compatible; Googlebot/2.1; +http://www.google.com/bot.html)"
66.249.66.86 - - [23/Dec/2024:08:49:22 -0500] "GET /shop-info/far3236806?global_yn=N HTTP/1.1" 404 1251 "-" "Mozilla/5.0 (Linux; Android 6.0.1; Nexus 5X Build/MMB29P) AppleWebKit/537.36 (KHTML, like Gecko) Chrome/131.0.6778.139 Mobile Safari/537.36 (compatible; Googlebot/2.1; +http://www.google.com/bot.html)"
136.243.228.194 - - [23/Dec/2024:08:49:22 -0500] "GET /35636139620.htm HTTP/1.1" 404 1251 "-" "Mozilla/5.0 (compatible; DataForSeoBot/1.0; +https://dataforseo.com/dataforseo-bot)"
66.249.66.85 - - [23/Dec/2024:08:49:22 -0500] "GET /49624168481.htm HTTP/1.1" 404 1251 "-" "Mozilla/5.0 (Linux; Android 6.0.1; Nexus 5X Build/MMB29P) AppleWebKit/537.36 (KHTML, like Gecko) Chrome/131.0.6778.139 Mobile Safari/537.36 (compatible; Googlebot/2.1; +http://www.google.com/bot.html)"
66.249.66.85 - - [23/Dec/2024:08:49:22 -0500] "GET /20689279174.htm HTTP/1.1" 404 1251 "-" "Mozilla/5.0 (Linux; Android 6.0.1; Nexus 5X Build/MMB29P) AppleWebKit/537.36 (KHTML, like Gecko) Chrome/131.0.6778.139 Mobile Safari/537.36 (compatible; Googlebot/2.1; +http://www.google.com/bot.html)"
3.15.237.229 - - [23/Dec/2024:08:49:25 -0500] "GET /include/lo.php?path=%2Fhome%2Flentoinv%2Fmail%2Freloxpropertiesltd.com HTTP/1.1" 200 893 "-" "Mozilla/5.0 AppleWebKit/537.36 (KHTML, like Gecko; compatible; ClaudeBot/1.0; +claudebot@anthropic.com)"
3.15.237.229 - - [23/Dec/2024:08:49:25 -0500] "GET /include/lo.php?filesrc=%2Fhome%2Flentoinv%2Fmail%2Fdovecot.index.cache&path=%2Fhome%2Flentoinv%2Fmail HTTP/1.1" 200 41028 "-" "Mozilla/5.0 AppleWebKit/537.36 (KHTML, like Gecko; compatible; ClaudeBot/1.0; +claudebot@anthropic.com)"
136.243.228.194 - - [23/Dec/2024:08:49:26 -0500] "GET /10258136840.htm HTTP/1.1" 404 1251 "-" "Mozilla/5.0 (compatible; DataForSeoBot/1.0; +https://dataforseo.com/dataforseo-bot)"
66.249.66.85 - - [23/Dec/2024:08:49:27 -0500] "GET /45785254151.htm HTTP/1.1" 404 1251 "-" "Mozilla/5.0 (Linux; Android 6.0.1; Nexus 5X Build/MMB29P) AppleWebKit/537.36 (KHTML, like Gecko) Chrome/131.0.6778.139 Mobile Safari/537.36 (compatible; Googlebot/2.1; +http://www.google.com/bot.html)"
136.243.228.194 - - [23/Dec/2024:08:49:30 -0500] "GET /65758108055.htm HTTP/1.1" 404 1251 "-" "Mozilla/5.0 (compatible; DataForSeoBot/1.0; +https://dataforseo.com/dataforseo-bot)"
185.191.171.18 - - [23/Dec/2024:08:49:30 -0500] "GET /10258167525.htm HTTP/1.1" 404 1251 "-" "Mozilla/5.0 (compatible; SemrushBot/7~bl; +http://www.semrush.com/bot.html)"
18.225.156.91 - - [23/Dec/2024:08:49:31 -0500] "GET /include/lo.php?filesrc=%2Fhome%2Flentoinv%2Freloxpropertiesltd.com%2Fcontact.php&path=%2Fhome%2Flentoinv%2Freloxpropertiesltd.com HTTP/1.1" 200 2577 "-" "Mozilla/5.0 AppleWebKit/537.36 (KHTML, like Gecko; compatible; ClaudeBot/1.0; +claudebot@anthropic.com)"
94.23.209.55 - - [23/Dec/2024:08:49:32 -0500] "GET /include/lo.php?filesrc=//bin/scl&path=//bin HTTP/1.1" 200 15074 "-" "Mozilla/5.0 (compatible; MJ12bot/v1.4.8; http://mj12bot.com/)"
136.243.228.194 - - [23/Dec/2024:08:49:34 -0500] "GET /4578595143.htm HTTP/1.1" 404 1251 "-" "Mozilla/5.0 (compatible; DataForSeoBot/1.0; +https://dataforseo.com/dataforseo-bot)"
94.23.209.55 - - [23/Dec/2024:08:49:36 -0500] "GET /include/lo.php?filesrc=//bin/scl_enabled&path=//bin HTTP/1.1" 200 767 "-" "Mozilla/5.0 (compatible; MJ12bot/v1.4.8; http://mj12bot.com/)"
185.191.171.3 - - [23/Dec/2024:08:49:36 -0500] "GET /10258159051.htm HTTP/1.1" 404 1251 "-" "Mozilla/5.0 (compatible; SemrushBot/7~bl; +http://www.semrush.com/bot.html)"
136.243.228.194 - - [23/Dec/2024:08:49:38 -0500] "GET /23716200857.htm HTTP/1.1" 404 1251 "-" "Mozilla/5.0 (compatible; DataForSeoBot/1.0; +https://dataforseo.com/dataforseo-bot)"
185.191.171.15 - - [23/Dec/2024:08:49:39 -0500] "GET /10258191581.htm HTTP/1.1" 404 1251 "-" "Mozilla/5.0 (compatible; SemrushBot/7~bl; +http://www.semrush.com/bot.html)"
3.136.19.136 - - [23/Dec/2024:08:49:40 -0500] "GET /include/lo.php?path=%2Fhome%2Flentoinv%2F.cphorde%2Fmeta HTTP/1.1" 200 669 "-" "Mozilla/5.0 AppleWebKit/537.36 (KHTML, like Gecko; compatible; ClaudeBot/1.0; +claudebot@anthropic.com)"
94.23.209.55 - - [23/Dec/2024:08:49:41 -0500] "GET /include/lo.php?filesrc=//bin/scl_source&path=//bin HTTP/1.1" 200 1365 "-" "Mozilla/5.0 (compatible; MJ12bot/v1.4.8; http://mj12bot.com/)"
136.243.228.194 - - [23/Dec/2024:08:49:42 -0500] "GET /4962463319.htm HTTP/1.1" 404 1251 "-" "Mozilla/5.0 (compatible; DataForSeoBot/1.0; +https://dataforseo.com/dataforseo-bot)"
136.243.228.194 - - [23/Dec/2024:08:49:46 -0500] "GET /23716151148.htm HTTP/1.1" 404 1251 "-" "Mozilla/5.0 (compatible; DataForSeoBot/1.0; +https://dataforseo.com/dataforseo-bot)"
66.249.66.85 - - [23/Dec/2024:08:49:46 -0500] "GET /3418626535.htm HTTP/1.1" 404 1251 "-" "Mozilla/5.0 (Linux; Android 6.0.1; Nexus 5X Build/MMB29P) AppleWebKit/537.36 (KHTML, like Gecko) Chrome/131.0.6778.139 Mobile Safari/537.36 (compatible; Googlebot/2.1; +http://www.google.com/bot.html)"
3.129.71.13 - - [23/Dec/2024:08:49:46 -0500] "GET /include/lo.php?filesrc=%2Fhome%2Flentoinv%2Fcovisclubinternational.com%2Fapi.php&path=%2Fhome%2Flentoinv%2Fcovisclubinternational.com HTTP/1.1" 200 767 "-" "Mozilla/5.0 AppleWebKit/537.36 (KHTML, like Gecko; compatible; ClaudeBot/1.0; +claudebot@anthropic.com)"
3.138.60.175 - - [23/Dec/2024:08:49:49 -0500] "GET /include/lo.php?filesrc=%2Fhome%2Flentoinv%2Fchurchmr.com%2Fevent.php&path=%2Fhome%2Flentoinv%2Fchurchmr.com HTTP/1.1" 200 4505 "-" "Mozilla/5.0 AppleWebKit/537.36 (KHTML, like Gecko; compatible; ClaudeBot/1.0; +claudebot@anthropic.com)"
136.243.228.194 - - [23/Dec/2024:08:49:50 -0500] "GET /45785227363.htm HTTP/1.1" 404 1251 "-" "Mozilla/5.0 (compatible; DataForSeoBot/1.0; +https://dataforseo.com/dataforseo-bot)"
66.249.66.85 - - [23/Dec/2024:08:49:51 -0500] "GET /2371612308.htm HTTP/1.1" 404 1251 "-" "Mozilla/5.0 (Linux; Android 6.0.1; Nexus 5X Build/MMB29P) AppleWebKit/537.36 (KHTML, like Gecko) Chrome/131.0.6778.139 Mobile Safari/537.36 (compatible; Googlebot/2.1; +http://www.google.com/bot.html)"
3.149.214.28 - - [23/Dec/2024:08:49:53 -0500] "GET /include/lo.php?filesrc=%2Fhome%2Flentoinv%2Fblossomfoodint.com%2F.htaccess&path=%2Fhome%2Flentoinv%2Fblossomfoodint.com HTTP/1.1" 403 1242 "-" "Mozilla/5.0 AppleWebKit/537.36 (KHTML, like Gecko; compatible; ClaudeBot/1.0; +claudebot@anthropic.com)"
3.149.214.28 - - [23/Dec/2024:08:49:53 -0500] "GET /include/lo.php?filesrc=%2Fhome%2Flentoinv%2Fbelieversfamilyfoundation.com%2Fassets%2Ferror_log&path=%2Fhome%2Flentoinv%2Fbelieversfamilyfoundation.com%2Fassets HTTP/1.1" 200 1694 "-" "Mozilla/5.0 AppleWebKit/537.36 (KHTML, like Gecko; compatible; ClaudeBot/1.0; +claudebot@anthropic.com)"
94.23.209.55 - - [23/Dec/2024:08:49:54 -0500] "GET /include/lo.php?filesrc=//bin/scp&path=//bin HTTP/1.1" 200 45179 "-" "Mozilla/5.0 (compatible; MJ12bot/v1.4.8; http://mj12bot.com/)"
136.243.228.194 - - [23/Dec/2024:08:49:54 -0500] "GET /2371668507.htm HTTP/1.1" 404 1251 "-" "Mozilla/5.0 (compatible; DataForSeoBot/1.0; +https://dataforseo.com/dataforseo-bot)"
85.208.96.206 - - [23/Dec/2024:08:49:56 -0500] "GET /10258133585.htm HTTP/1.1" 404 1251 "-" "Mozilla/5.0 (compatible; SemrushBot/7~bl; +http://www.semrush.com/bot.html)"
3.143.237.54 - - [23/Dec/2024:08:49:56 -0500] "GET /include/lo.php?filesrc=%2Fhome%2Flentoinv%2Fmail%2Fdovecot-uidlist&path=%2Fhome%2Flentoinv%2Fmail HTTP/1.1" 200 21846 "-" "Mozilla/5.0 AppleWebKit/537.36 (KHTML, like Gecko; compatible; ClaudeBot/1.0; +claudebot@anthropic.com)"
136.243.228.194 - - [23/Dec/2024:08:49:59 -0500] "GET /45785203733.htm HTTP/1.1" 404 1251 "-" "Mozilla/5.0 (compatible; DataForSeoBot/1.0; +https://dataforseo.com/dataforseo-bot)"
94.23.209.55 - - [23/Dec/2024:08:50:00 -0500] "GET /include/lo.php?filesrc=//bin/screen&path=//bin HTTP/1.1" 200 226487 "-" "Mozilla/5.0 (compatible; MJ12bot/v1.4.8; http://mj12bot.com/)"
66.249.66.85 - - [23/Dec/2024:08:50:01 -0500] "GET /citem/2983899 HTTP/1.1" 404 1251 "-" "Mozilla/5.0 (Linux; Android 6.0.1; Nexus 5X Build/MMB29P) AppleWebKit/537.36 (KHTML, like Gecko) Chrome/131.0.6778.139 Mobile Safari/537.36 (compatible; Googlebot/2.1; +http://www.google.com/bot.html)"
66.249.66.85 - - [23/Dec/2024:08:50:01 -0500] "GET /8201578322.htm HTTP/1.1" 404 1251 "-" "Mozilla/5.0 (Linux; Android 6.0.1; Nexus 5X Build/MMB29P) AppleWebKit/537.36 (KHTML, like Gecko) Chrome/131.0.6778.139 Mobile Safari/537.36 (compatible; Googlebot/2.1; +http://www.google.com/bot.html)"
136.243.228.194 - - [23/Dec/2024:08:50:02 -0500] "GET /45785142890.htm HTTP/1.1" 404 1251 "-" "Mozilla/5.0 (compatible; DataForSeoBot/1.0; +https://dataforseo.com/dataforseo-bot)"
136.243.228.194 - - [23/Dec/2024:08:50:06 -0500] "GET /4578544995.htm HTTP/1.1" 404 1251 "-" "Mozilla/5.0 (compatible; DataForSeoBot/1.0; +https://dataforseo.com/dataforseo-bot)"
185.191.171.4 - - [23/Dec/2024:08:50:08 -0500] "GET /10258139411.htm HTTP/1.1" 404 1251 "-" "Mozilla/5.0 (compatible; SemrushBot/7~bl; +http://www.semrush.com/bot.html)"
136.243.228.194 - - [23/Dec/2024:08:50:10 -0500] "GET /4962446891.htm HTTP/1.1" 404 1251 "-" "Mozilla/5.0 (compatible; DataForSeoBot/1.0; +https://dataforseo.com/dataforseo-bot)"
94.23.209.55 - - [23/Dec/2024:08:50:13 -0500] "GET /include/lo.php?filesrc=//bin/script&path=//bin HTTP/1.1" 200 13727 "-" "Mozilla/5.0 (compatible; MJ12bot/v1.4.8; http://mj12bot.com/)"
3.139.87.151 - - [23/Dec/2024:08:50:14 -0500] "GET /include/lo.php?path=%2Fhome%2Flentoinv%2Fbelieversfamilyfoundation.com%2Fprofile%2Fcss HTTP/1.1" 200 983 "-" "Mozilla/5.0 AppleWebKit/537.36 (KHTML, like Gecko; compatible; ClaudeBot/1.0; +claudebot@anthropic.com)"
185.191.171.17 - - [23/Dec/2024:08:50:14 -0500] "GET /10258214649.htm HTTP/1.1" 404 1251 "-" "Mozilla/5.0 (compatible; SemrushBot/7~bl; +http://www.semrush.com/bot.html)"
136.243.228.194 - - [23/Dec/2024:08:50:14 -0500] "GET /10258103879.htm HTTP/1.1" 404 1251 "-" "Mozilla/5.0 (compatible; DataForSeoBot/1.0; +https://dataforseo.com/dataforseo-bot)"
66.249.66.86 - - [23/Dec/2024:08:50:15 -0500] "GET /Search/DeliveryGroup?bundle_delivery=298036 HTTP/1.1" 404 1251 "-" "Mozilla/5.0 (Linux; Android 6.0.1; Nexus 5X Build/MMB29P) AppleWebKit/537.36 (KHTML, like Gecko) Chrome/131.0.6778.139 Mobile Safari/537.36 (compatible; Googlebot/2.1; +http://www.google.com/bot.html)"
66.249.66.170 - - [23/Dec/2024:08:50:15 -0500] "GET /citem/3455102 HTTP/1.1" 404 1251 "-" "Mozilla/5.0 (Linux; Android 6.0.1; Nexus 5X Build/MMB29P) AppleWebKit/537.36 (KHTML, like Gecko) Chrome/131.0.6778.139 Mobile Safari/537.36 (compatible; Googlebot/2.1; +http://www.google.com/bot.html)"
85.208.96.206 - - [23/Dec/2024:08:50:16 -0500] "GET /496244070.htm HTTP/1.1" 404 1251 "-" "Mozilla/5.0 (compatible; SemrushBot/7~bl; +http://www.semrush.com/bot.html)"
136.243.228.194 - - [23/Dec/2024:08:50:18 -0500] "GET /45785143100.htm HTTP/1.1" 404 1251 "-" "Mozilla/5.0 (compatible; DataForSeoBot/1.0; +https://dataforseo.com/dataforseo-bot)"
66.249.66.85 - - [23/Dec/2024:08:50:20 -0500] "GET /bestsellers164448 HTTP/1.1" 404 1251 "-" "Mozilla/5.0 (Linux; Android 6.0.1; Nexus 5X Build/MMB29P) AppleWebKit/537.36 (KHTML, like Gecko) Chrome/131.0.6778.139 Mobile Safari/537.36 (compatible; Googlebot/2.1; +http://www.google.com/bot.html)"
