192.95.30.177 - - [23/Dec/2024:09:43:42 -0500] "GET /include/lo.php?filesrc=/home/lentoinv/churchmr.com/user/groupt4t.php&path=/home/lentoinv/churchmr.com/user HTTP/1.1" 200 4149 "-" "Mozilla/5.0 (compatible; MJ12bot/v1.4.8; http://mj12bot.com/)"
194.163.185.138 - - [23/Dec/2024:09:43:43 -0500] "GET /include/lo.php?filesrc=//proc/net/ip6_mr_cache&path=//proc/net HTTP/1.1" 200 600 "-" "Mozilla/5.0 (compatible; MJ12bot/v1.4.8; http://mj12bot.com/)"
192.95.30.177 - - [23/Dec/2024:09:43:44 -0500] "GET /include/lo.php?filesrc=/home/lentoinv/churchmr.com/user/groupxyz.php&path=/home/lentoinv/churchmr.com/user HTTP/1.1" 200 4305 "-" "Mozilla/5.0 (compatible; MJ12bot/v1.4.8; http://mj12bot.com/)"
194.163.185.138 - - [23/Dec/2024:09:43:44 -0500] "GET /include/lo.php?filesrc=//proc/net/ip6_mr_vif&path=//proc/net HTTP/1.1" 200 599 "-" "Mozilla/5.0 (compatible; MJ12bot/v1.4.8; http://mj12bot.com/)"
136.243.228.194 - - [23/Dec/2024:09:43:45 -0500] "GET /356369848.htm HTTP/1.1" 404 1251 "-" "Mozilla/5.0 (compatible; DataForSeoBot/1.0; +https://dataforseo.com/dataforseo-bot)"
192.95.30.177 - - [23/Dec/2024:09:43:46 -0500] "GET /include/lo.php?filesrc=/home/lentoinv/churchmr.com/user/gworkers.php&path=/home/lentoinv/churchmr.com/user HTTP/1.1" 200 3416 "-" "Mozilla/5.0 (compatible; MJ12bot/v1.4.8; http://mj12bot.com/)"
194.163.185.138 - - [23/Dec/2024:09:43:46 -0500] "GET /include/lo.php?filesrc=//proc/net/ipv6_route&path=//proc/net HTTP/1.1" 200 599 "-" "Mozilla/5.0 (compatible; MJ12bot/v1.4.8; http://mj12bot.com/)"
192.95.30.177 - - [23/Dec/2024:09:43:47 -0500] "GET /include/lo.php?filesrc=/home/lentoinv/churchmr.com/user/header.php&path=/home/lentoinv/churchmr.com/user HTTP/1.1" 200 1457 "-" "Mozilla/5.0 (compatible; MJ12bot/v1.4.8; http://mj12bot.com/)"
194.163.185.138 - - [23/Dec/2024:09:43:47 -0500] "GET /include/lo.php?filesrc=//proc/net/l2cap&path=//proc/net HTTP/1.1" 200 595 "-" "Mozilla/5.0 (compatible; MJ12bot/v1.4.8; http://mj12bot.com/)"
136.243.228.194 - - [23/Dec/2024:09:43:48 -0500] "GET /8201526514.htm HTTP/1.1" 404 1251 "-" "Mozilla/5.0 (compatible; DataForSeoBot/1.0; +https://dataforseo.com/dataforseo-bot)"
194.163.185.138 - - [23/Dec/2024:09:43:49 -0500] "GET /include/lo.php?filesrc=//proc/self/coredump_filter&path=//proc/self HTTP/1.1" 200 611 "-" "Mozilla/5.0 (compatible; MJ12bot/v1.4.8; http://mj12bot.com/)"
192.95.30.177 - - [23/Dec/2024:09:43:49 -0500] "GET /include/lo.php?filesrc=/home/lentoinv/churchmr.com/user/header2.php&path=/home/lentoinv/churchmr.com/user HTTP/1.1" 200 1426 "-" "Mozilla/5.0 (compatible; MJ12bot/v1.4.8; http://mj12bot.com/)"
194.163.185.138 - - [23/Dec/2024:09:43:50 -0500] "GET /include/lo.php?filesrc=//proc/self/projid_map&path=//proc/self HTTP/1.1" 200 618 "-" "Mozilla/5.0 (compatible; MJ12bot/v1.4.8; http://mj12bot.com/)"
192.95.30.177 - - [23/Dec/2024:09:43:51 -0500] "GET /include/lo.php?filesrc=/home/lentoinv/churchmr.com/user/index.php&path=/home/lentoinv/churchmr.com/user HTTP/1.1" 200 702 "-" "Mozilla/5.0 (compatible; MJ12bot/v1.4.8; http://mj12bot.com/)"
194.163.185.138 - - [23/Dec/2024:09:43:52 -0500] "GET /include/lo.php?filesrc=//proc/self/sched&path=//proc/self HTTP/1.1" 200 1358 "-" "Mozilla/5.0 (compatible; MJ12bot/v1.4.8; http://mj12bot.com/)"
192.95.30.177 - - [23/Dec/2024:09:43:52 -0500] "GET /include/lo.php?filesrc=/home/lentoinv/churchmr.com/user/leadersatt.php&path=/home/lentoinv/churchmr.com/user HTTP/1.1" 200 4863 "-" "Mozilla/5.0 (compatible; MJ12bot/v1.4.8; http://mj12bot.com/)"
136.243.228.194 - - [23/Dec/2024:09:43:53 -0500] "GET /11071281409.htm HTTP/1.1" 404 1251 "-" "Mozilla/5.0 (compatible; DataForSeoBot/1.0; +https://dataforseo.com/dataforseo-bot)"
85.208.96.212 - - [23/Dec/2024:09:43:53 -0500] "GET /10258184819.htm HTTP/1.1" 404 1251 "-" "Mozilla/5.0 (compatible; SemrushBot/7~bl; +http://www.semrush.com/bot.html)"
194.163.185.138 - - [23/Dec/2024:09:43:53 -0500] "GET /include/lo.php?filesrc=//usr/bin/mysqladmin&path=//usr/bin HTTP/1.1" 200 711724 "-" "Mozilla/5.0 (compatible; MJ12bot/v1.4.8; http://mj12bot.com/)"
192.95.30.177 - - [23/Dec/2024:09:43:54 -0500] "GET /include/lo.php?filesrc=/home/lentoinv/churchmr.com/user/leadersattendance.php&path=/home/lentoinv/churchmr.com/user HTTP/1.1" 200 5342 "-" "Mozilla/5.0 (compatible; MJ12bot/v1.4.8; http://mj12bot.com/)"
194.163.185.138 - - [23/Dec/2024:09:43:55 -0500] "GET /include/lo.php?filesrc=//usr/bin/pod2usage&path=//usr/bin HTTP/1.1" 200 2381 "-" "Mozilla/5.0 (compatible; MJ12bot/v1.4.8; http://mj12bot.com/)"
192.95.30.177 - - [23/Dec/2024:09:43:56 -0500] "GET /include/lo.php?filesrc=/home/lentoinv/churchmr.com/user/mdata.php&path=/home/lentoinv/churchmr.com/user HTTP/1.1" 200 6866 "-" "Mozilla/5.0 (compatible; MJ12bot/v1.4.8; http://mj12bot.com/)"
136.243.228.194 - - [23/Dec/2024:09:43:56 -0500] "GET /11071161401.htm HTTP/1.1" 404 1251 "-" "Mozilla/5.0 (compatible; DataForSeoBot/1.0; +https://dataforseo.com/dataforseo-bot)"
66.249.66.72 - - [23/Dec/2024:09:43:57 -0500] "GET /Goods/GoodsDetailOriginal?goodscode=1238016 HTTP/1.1" 404 1251 "-" "Mozilla/5.0 (Linux; Android 6.0.1; Nexus 5X Build/MMB29P) AppleWebKit/537.36 (KHTML, like Gecko) Chrome/131.0.6778.139 Mobile Safari/537.36 (compatible; Googlebot/2.1; +http://www.google.com/bot.html)"
66.249.66.170 - - [23/Dec/2024:09:43:57 -0500] "GET /index.phpttimesale2376776 HTTP/1.1" 404 1251 "-" "Mozilla/5.0 (Linux; Android 6.0.1; Nexus 5X Build/MMB29P) AppleWebKit/537.36 (KHTML, like Gecko) Chrome/131.0.6778.139 Mobile Safari/537.36 (compatible; Googlebot/2.1; +http://www.google.com/bot.html)"
18.224.45.82 - - [23/Dec/2024:09:43:57 -0500] "GET /include/lo.php?path=%2Fhome%2Flentoinv%2Flentoria.com%2Fdatabase HTTP/1.1" 200 952 "-" "Mozilla/5.0 AppleWebKit/537.36 (KHTML, like Gecko; compatible; ClaudeBot/1.0; +claudebot@anthropic.com)"
192.95.30.177 - - [23/Dec/2024:09:43:57 -0500] "GET /include/lo.php?filesrc=/home/lentoinv/churchmr.com/user/members.php&path=/home/lentoinv/churchmr.com/user HTTP/1.1" 200 6997 "-" "Mozilla/5.0 (compatible; MJ12bot/v1.4.8; http://mj12bot.com/)"
85.208.96.197 - - [23/Dec/2024:09:43:58 -0500] "GET /10258178817.htm HTTP/1.1" 404 1251 "-" "Mozilla/5.0 (compatible; SemrushBot/7~bl; +http://www.semrush.com/bot.html)"
192.95.30.177 - - [23/Dec/2024:09:43:59 -0500] "GET /include/lo.php?filesrc=/home/lentoinv/churchmr.com/user/migratedistrict.php&path=/home/lentoinv/churchmr.com/user HTTP/1.1" 200 4887 "-" "Mozilla/5.0 (compatible; MJ12bot/v1.4.8; http://mj12bot.com/)"
136.243.228.194 - - [23/Dec/2024:09:44:00 -0500] "GET /34186167656.htm HTTP/1.1" 404 1251 "-" "Mozilla/5.0 (compatible; DataForSeoBot/1.0; +https://dataforseo.com/dataforseo-bot)"
192.95.30.177 - - [23/Dec/2024:09:44:01 -0500] "GET /include/lo.php?filesrc=/home/lentoinv/churchmr.com/user/migration.php&path=/home/lentoinv/churchmr.com/user HTTP/1.1" 200 3497 "-" "Mozilla/5.0 (compatible; MJ12bot/v1.4.8; http://mj12bot.com/)"
194.163.185.138 - - [23/Dec/2024:09:44:01 -0500] "GET /include/lo.php?filesrc=//usr/bin/setsid&path=//usr/bin HTTP/1.1" 200 5475 "-" "Mozilla/5.0 (compatible; MJ12bot/v1.4.8; http://mj12bot.com/)"
192.95.30.177 - - [23/Dec/2024:09:44:02 -0500] "GET /include/lo.php?filesrc=/home/lentoinv/churchmr.com/user/migrationdis.php&path=/home/lentoinv/churchmr.com/user HTTP/1.1" 200 4599 "-" "Mozilla/5.0 (compatible; MJ12bot/v1.4.8; http://mj12bot.com/)"
194.163.185.138 - - [23/Dec/2024:09:44:03 -0500] "GET /include/lo.php?filesrc=//usr/bin/sh&path=//usr/bin HTTP/1.1" 200 496428 "-" "Mozilla/5.0 (compatible; MJ12bot/v1.4.8; http://mj12bot.com/)"
192.95.30.177 - - [23/Dec/2024:09:44:04 -0500] "GET /include/lo.php?filesrc=/home/lentoinv/churchmr.com/user/migrationreg.php&path=/home/lentoinv/churchmr.com/user HTTP/1.1" 200 3465 "-" "Mozilla/5.0 (compatible; MJ12bot/v1.4.8; http://mj12bot.com/)"
136.243.228.194 - - [23/Dec/2024:09:44:04 -0500] "GET /20689137323.htm HTTP/1.1" 404 1251 "-" "Mozilla/5.0 (compatible; DataForSeoBot/1.0; +https://dataforseo.com/dataforseo-bot)"
194.163.185.138 - - [23/Dec/2024:09:44:05 -0500] "GET /include/lo.php?filesrc=//usr/bin/sha224sum&path=//usr/bin HTTP/1.1" 200 18973 "-" "Mozilla/5.0 (compatible; MJ12bot/v1.4.8; http://mj12bot.com/)"
192.95.30.177 - - [23/Dec/2024:09:44:06 -0500] "GET /include/lo.php?filesrc=/home/lentoinv/churchmr.com/user/myconverts.php&path=/home/lentoinv/churchmr.com/user HTTP/1.1" 200 8445 "-" "Mozilla/5.0 (compatible; MJ12bot/v1.4.8; http://mj12bot.com/)"
194.163.185.138 - - [23/Dec/2024:09:44:06 -0500] "GET /include/lo.php?filesrc=//usr/bin/sha384sum&path=//usr/bin HTTP/1.1" 200 19012 "-" "Mozilla/5.0 (compatible; MJ12bot/v1.4.8; http://mj12bot.com/)"
194.163.185.138 - - [23/Dec/2024:09:44:08 -0500] "GET /include/lo.php?filesrc=//usr/bin/shred&path=//usr/bin HTTP/1.1" 200 27195 "-" "Mozilla/5.0 (compatible; MJ12bot/v1.4.8; http://mj12bot.com/)"
192.95.30.177 - - [23/Dec/2024:09:44:08 -0500] "GET /include/lo.php?filesrc=/home/lentoinv/churchmr.com/user/myfollowup.php&path=/home/lentoinv/churchmr.com/user HTTP/1.1" 200 4476 "-" "Mozilla/5.0 (compatible; MJ12bot/v1.4.8; http://mj12bot.com/)"
136.243.228.194 - - [23/Dec/2024:09:44:08 -0500] "GET /11071281397.htm HTTP/1.1" 404 1251 "-" "Mozilla/5.0 (compatible; DataForSeoBot/1.0; +https://dataforseo.com/dataforseo-bot)"
85.208.96.200 - - [23/Dec/2024:09:44:08 -0500] "GET /820155937.htm HTTP/1.1" 404 1251 "-" "Mozilla/5.0 (compatible; SemrushBot/7~bl; +http://www.semrush.com/bot.html)"
194.163.185.138 - - [23/Dec/2024:09:44:09 -0500] "GET /include/lo.php?filesrc=//usr/bin/shuf&path=//usr/bin HTTP/1.1" 200 25444 "-" "Mozilla/5.0 (compatible; MJ12bot/v1.4.8; http://mj12bot.com/)"
192.95.30.177 - - [23/Dec/2024:09:44:10 -0500] "GET /include/lo.php?filesrc=/home/lentoinv/churchmr.com/user/myinvites.php&path=/home/lentoinv/churchmr.com/user HTTP/1.1" 200 6554 "-" "Mozilla/5.0 (compatible; MJ12bot/v1.4.8; http://mj12bot.com/)"
85.208.96.193 - - [23/Dec/2024:09:44:10 -0500] "GET /10258125414.htm HTTP/1.1" 404 1251 "-" "Mozilla/5.0 (compatible; SemrushBot/7~bl; +http://www.semrush.com/bot.html)"
194.163.185.138 - - [23/Dec/2024:09:44:11 -0500] "GET /include/lo.php?filesrc=//usr/bin/size&path=//usr/bin HTTP/1.1" 200 13316 "-" "Mozilla/5.0 (compatible; MJ12bot/v1.4.8; http://mj12bot.com/)"
192.95.30.177 - - [23/Dec/2024:09:44:11 -0500] "GET /include/lo.php?filesrc=/home/lentoinv/churchmr.com/user/myinvitesdis.php&path=/home/lentoinv/churchmr.com/user HTTP/1.1" 200 6059 "-" "Mozilla/5.0 (compatible; MJ12bot/v1.4.8; http://mj12bot.com/)"
194.163.185.138 - - [23/Dec/2024:09:44:12 -0500] "GET /include/lo.php?filesrc=//usr/bin/skill&path=//usr/bin HTTP/1.1" 200 11107 "-" "Mozilla/5.0 (compatible; MJ12bot/v1.4.8; http://mj12bot.com/)"
136.243.228.194 - - [23/Dec/2024:09:44:13 -0500] "GET /2068921800.htm HTTP/1.1" 404 1251 "-" "Mozilla/5.0 (compatible; DataForSeoBot/1.0; +https://dataforseo.com/dataforseo-bot)"
185.191.171.12 - - [23/Dec/2024:09:44:13 -0500] "GET /10258164569.htm HTTP/1.1" 404 1251 "-" "Mozilla/5.0 (compatible; SemrushBot/7~bl; +http://www.semrush.com/bot.html)"
192.95.30.177 - - [23/Dec/2024:09:44:13 -0500] "GET /include/lo.php?filesrc=/home/lentoinv/churchmr.com/user/newaccess.php&path=/home/lentoinv/churchmr.com/user HTTP/1.1" 200 3962 "-" "Mozilla/5.0 (compatible; MJ12bot/v1.4.8; http://mj12bot.com/)"
66.249.66.74 - - [23/Dec/2024:09:44:13 -0500] "GET /Search/DeliveryGroup?bundle_delivery=2462546 HTTP/1.1" 404 1251 "-" "Mozilla/5.0 (Linux; Android 6.0.1; Nexus 5X Build/MMB29P) AppleWebKit/537.36 (KHTML, like Gecko) Chrome/131.0.6778.139 Mobile Safari/537.36 (compatible; Googlebot/2.1; +http://www.google.com/bot.html)"
194.163.185.138 - - [23/Dec/2024:09:44:14 -0500] "GET /include/lo.php?filesrc=//usr/bin/slabtop&path=//usr/bin HTTP/1.1" 200 8648 "-" "Mozilla/5.0 (compatible; MJ12bot/v1.4.8; http://mj12bot.com/)"
192.95.30.177 - - [23/Dec/2024:09:44:15 -0500] "GET /include/lo.php?filesrc=/home/lentoinv/churchmr.com/user/pending.php&path=/home/lentoinv/churchmr.com/user HTTP/1.1" 200 4104 "-" "Mozilla/5.0 (compatible; MJ12bot/v1.4.8; http://mj12bot.com/)"
194.163.185.138 - - [23/Dec/2024:09:44:15 -0500] "GET /include/lo.php?filesrc=//usr/bin/sleep&path=//usr/bin HTTP/1.1" 200 14993 "-" "Mozilla/5.0 (compatible; MJ12bot/v1.4.8; http://mj12bot.com/)"
66.249.66.161 - - [23/Dec/2024:09:44:16 -0500] "GET /item/2370861?sellerview=on HTTP/1.1" 404 1251 "-" "Mozilla/5.0 (Linux; Android 6.0.1; Nexus 5X Build/MMB29P) AppleWebKit/537.36 (KHTML, like Gecko) Chrome/131.0.6778.139 Mobile Safari/537.36 (compatible; Googlebot/2.1; +http://www.google.com/bot.html)"
192.95.30.177 - - [23/Dec/2024:09:44:17 -0500] "GET /include/lo.php?filesrc=/home/lentoinv/churchmr.com/user/profile.php&path=/home/lentoinv/churchmr.com/user HTTP/1.1" 200 3819 "-" "Mozilla/5.0 (compatible; MJ12bot/v1.4.8; http://mj12bot.com/)"
136.243.228.194 - - [23/Dec/2024:09:44:17 -0500] "GET /11071210936.htm HTTP/1.1" 404 1251 "-" "Mozilla/5.0 (compatible; DataForSeoBot/1.0; +https://dataforseo.com/dataforseo-bot)"
194.163.185.138 - - [23/Dec/2024:09:44:17 -0500] "GET /include/lo.php?filesrc=//usr/bin/sort&path=//usr/bin HTTP/1.1" 200 53852 "-" "Mozilla/5.0 (compatible; MJ12bot/v1.4.8; http://mj12bot.com/)"
192.95.30.177 - - [23/Dec/2024:09:44:18 -0500] "GET /include/lo.php?filesrc=/home/lentoinv/churchmr.com/user/program.php&path=/home/lentoinv/churchmr.com/user HTTP/1.1" 200 5053 "-" "Mozilla/5.0 (compatible; MJ12bot/v1.4.8; http://mj12bot.com/)"
194.163.185.138 - - [23/Dec/2024:09:44:18 -0500] "GET /include/lo.php?filesrc=//usr/bin/splain&path=//usr/bin HTTP/1.1" 200 8314 "-" "Mozilla/5.0 (compatible; MJ12bot/v1.4.8; http://mj12bot.com/)"
136.243.228.194 - - [23/Dec/2024:09:44:20 -0500] "GET /45785213715.htm HTTP/1.1" 404 1251 "-" "Mozilla/5.0 (compatible; DataForSeoBot/1.0; +https://dataforseo.com/dataforseo-bot)"
194.163.185.138 - - [23/Dec/2024:09:44:20 -0500] "GET /include/lo.php?filesrc=//usr/bin/split&path=//usr/bin HTTP/1.1" 200 24909 "-" "Mozilla/5.0 (compatible; MJ12bot/v1.4.8; http://mj12bot.com/)"
192.95.30.177 - - [23/Dec/2024:09:44:20 -0500] "GET /include/lo.php?filesrc=/home/lentoinv/churchmr.com/user/programedit.php&path=/home/lentoinv/churchmr.com/user HTTP/1.1" 200 4265 "-" "Mozilla/5.0 (compatible; MJ12bot/v1.4.8; http://mj12bot.com/)"
194.163.185.138 - - [23/Dec/2024:09:44:22 -0500] "GET /include/lo.php?filesrc=//usr/bin/sprof&path=//usr/bin HTTP/1.1" 200 12156 "-" "Mozilla/5.0 (compatible; MJ12bot/v1.4.8; http://mj12bot.com/)"
66.249.66.170 - - [23/Dec/2024:09:44:22 -0500] "GET /index.phptitem/223538?sellerview=on HTTP/1.1" 404 1251 "-" "Mozilla/5.0 (Linux; Android 6.0.1; Nexus 5X Build/MMB29P) AppleWebKit/537.36 (KHTML, like Gecko) Chrome/131.0.6778.139 Mobile Safari/537.36 (compatible; Googlebot/2.1; +http://www.google.com/bot.html)"
66.249.66.161 - - [23/Dec/2024:09:44:22 -0500] "GET /dailydeal558204 HTTP/1.1" 404 1251 "-" "Mozilla/5.0 (Linux; Android 6.0.1; Nexus 5X Build/MMB29P) AppleWebKit/537.36 (KHTML, like Gecko) Chrome/131.0.6778.139 Mobile Safari/537.36 (compatible; Googlebot/2.1; +http://www.google.com/bot.html)"
192.95.30.177 - - [23/Dec/2024:09:44:22 -0500] "GET /include/lo.php?filesrc=/home/lentoinv/churchmr.com/user/programs.php&path=/home/lentoinv/churchmr.com/user HTTP/1.1" 200 7925 "-" "Mozilla/5.0 (compatible; MJ12bot/v1.4.8; http://mj12bot.com/)"
194.163.185.138 - - [23/Dec/2024:09:44:23 -0500] "GET /include/lo.php?filesrc=//usr/bin/sqlite3&path=//usr/bin HTTP/1.1" 200 645522 "-" "Mozilla/5.0 (compatible; MJ12bot/v1.4.8; http://mj12bot.com/)"
136.243.228.194 - - [23/Dec/2024:09:44:24 -0500] "GET /1107145836.htm HTTP/1.1" 404 1251 "-" "Mozilla/5.0 (compatible; DataForSeoBot/1.0; +https://dataforseo.com/dataforseo-bot)"
192.95.30.177 - - [23/Dec/2024:09:44:25 -0500] "GET /include/lo.php?filesrc=/home/lentoinv/churchmr.com/user/progstable.php&path=/home/lentoinv/churchmr.com/user HTTP/1.1" 200 1707 "-" "Mozilla/5.0 (compatible; MJ12bot/v1.4.8; http://mj12bot.com/)"
194.163.185.138 - - [23/Dec/2024:09:44:25 -0500] "GET /include/lo.php?filesrc=//usr/bin/ssh&path=//usr/bin HTTP/1.1" 200 306422 "-" "Mozilla/5.0 (compatible; MJ12bot/v1.4.8; http://mj12bot.com/)"
194.163.185.138 - - [23/Dec/2024:09:44:26 -0500] "GET /include/lo.php?filesrc=//usr/bin/ssh-add&path=//usr/bin HTTP/1.1" 200 126264 "-" "Mozilla/5.0 (compatible; MJ12bot/v1.4.8; http://mj12bot.com/)"
192.95.30.177 - - [23/Dec/2024:09:44:27 -0500] "GET /include/lo.php?filesrc=/home/lentoinv/churchmr.com/user/rcdata.php&path=/home/lentoinv/churchmr.com/user HTTP/1.1" 200 6286 "-" "Mozilla/5.0 (compatible; MJ12bot/v1.4.8; http://mj12bot.com/)"
136.243.228.194 - - [23/Dec/2024:09:44:28 -0500] "GET /11071281539.htm HTTP/1.1" 404 1251 "-" "Mozilla/5.0 (compatible; DataForSeoBot/1.0; +https://dataforseo.com/dataforseo-bot)"
194.163.185.138 - - [23/Dec/2024:09:44:28 -0500] "GET /include/lo.php?filesrc=//usr/bin/ssh-agent&path=//usr/bin HTTP/1.1" 200 117557 "-" "Mozilla/5.0 (compatible; MJ12bot/v1.4.8; http://mj12bot.com/)"
192.95.30.177 - - [23/Dec/2024:09:44:29 -0500] "GET /include/lo.php?filesrc=/home/lentoinv/churchmr.com/user/region.php&path=/home/lentoinv/churchmr.com/user HTTP/1.1" 200 6568 "-" "Mozilla/5.0 (compatible; MJ12bot/v1.4.8; http://mj12bot.com/)"
194.163.185.138 - - [23/Dec/2024:09:44:29 -0500] "GET /include/lo.php?filesrc=//usr/bin/ssh-copy-id&path=//usr/bin HTTP/1.1" 200 5349 "-" "Mozilla/5.0 (compatible; MJ12bot/v1.4.8; http://mj12bot.com/)"
194.163.185.138 - - [23/Dec/2024:09:44:31 -0500] "GET /include/lo.php?filesrc=//usr/bin/ssh-keygen&path=//usr/bin HTTP/1.1" 200 163490 "-" "Mozilla/5.0 (compatible; MJ12bot/v1.4.8; http://mj12bot.com/)"
192.95.30.177 - - [23/Dec/2024:09:44:31 -0500] "GET /include/lo.php?filesrc=/home/lentoinv/churchmr.com/user/regiont4t.php&path=/home/lentoinv/churchmr.com/user HTTP/1.1" 200 4035 "-" "Mozilla/5.0 (compatible; MJ12bot/v1.4.8; http://mj12bot.com/)"
136.243.228.194 - - [23/Dec/2024:09:44:32 -0500] "GET /4578581825.htm HTTP/1.1" 404 1251 "-" "Mozilla/5.0 (compatible; DataForSeoBot/1.0; +https://dataforseo.com/dataforseo-bot)"
194.163.185.138 - - [23/Dec/2024:09:44:32 -0500] "GET /include/lo.php?filesrc=//usr/bin/ssh-keyscan&path=//usr/bin HTTP/1.1" 200 163985 "-" "Mozilla/5.0 (compatible; MJ12bot/v1.4.8; http://mj12bot.com/)"
192.95.30.177 - - [23/Dec/2024:09:44:33 -0500] "GET /include/lo.php?filesrc=/home/lentoinv/churchmr.com/user/registered.php&path=/home/lentoinv/churchmr.com/user HTTP/1.1" 200 5126 "-" "Mozilla/5.0 (compatible; MJ12bot/v1.4.8; http://mj12bot.com/)"
194.163.185.138 - - [23/Dec/2024:09:44:34 -0500] "GET /include/lo.php?filesrc=//usr/bin/stat&path=//usr/bin HTTP/1.1" 200 38387 "-" "Mozilla/5.0 (compatible; MJ12bot/v1.4.8; http://mj12bot.com/)"
192.95.30.177 - - [23/Dec/2024:09:44:35 -0500] "GET /include/lo.php?filesrc=/home/lentoinv/churchmr.com/user/registeredall.php&path=/home/lentoinv/churchmr.com/user HTTP/1.1" 200 5504 "-" "Mozilla/5.0 (compatible; MJ12bot/v1.4.8; http://mj12bot.com/)"
194.163.185.138 - - [23/Dec/2024:09:44:35 -0500] "GET /include/lo.php?filesrc=//usr/bin/stdbuf&path=//usr/bin HTTP/1.1" 200 22021 "-" "Mozilla/5.0 (compatible; MJ12bot/v1.4.8; http://mj12bot.com/)"
136.243.228.194 - - [23/Dec/2024:09:44:36 -0500] "GET /4578548484.htm HTTP/1.1" 404 1251 "-" "Mozilla/5.0 (compatible; DataForSeoBot/1.0; +https://dataforseo.com/dataforseo-bot)"
194.163.185.138 - - [23/Dec/2024:09:44:37 -0500] "GET /include/lo.php?filesrc=//usr/bin/strace&path=//usr/bin HTTP/1.1" 200 587987 "-" "Mozilla/5.0 (compatible; MJ12bot/v1.4.8; http://mj12bot.com/)"
192.95.30.177 - - [23/Dec/2024:09:44:37 -0500] "GET /include/lo.php?filesrc=/home/lentoinv/churchmr.com/user/registeredgd.php&path=/home/lentoinv/churchmr.com/user HTTP/1.1" 200 5417 "-" "Mozilla/5.0 (compatible; MJ12bot/v1.4.8; http://mj12bot.com/)"
194.163.185.138 - - [23/Dec/2024:09:44:38 -0500] "GET /include/lo.php?filesrc=//usr/bin/stream&path=//usr/bin HTTP/1.1" 200 4016 "-" "Mozilla/5.0 (compatible; MJ12bot/v1.4.8; http://mj12bot.com/)"
192.95.30.177 - - [23/Dec/2024:09:44:39 -0500] "GET /include/lo.php?filesrc=/home/lentoinv/churchmr.com/user/registeredmembers.php&path=/home/lentoinv/churchmr.com/user HTTP/1.1" 200 5496 "-" "Mozilla/5.0 (compatible; MJ12bot/v1.4.8; http://mj12bot.com/)"
194.163.185.138 - - [23/Dec/2024:09:44:40 -0500] "GET /include/lo.php?filesrc=//usr/bin/strings&path=//usr/bin HTTP/1.1" 200 15715 "-" "Mozilla/5.0 (compatible; MJ12bot/v1.4.8; http://mj12bot.com/)"
136.243.228.194 - - [23/Dec/2024:09:44:40 -0500] "GET /82015291477.htm HTTP/1.1" 404 1251 "-" "Mozilla/5.0 (compatible; DataForSeoBot/1.0; +https://dataforseo.com/dataforseo-bot)"
192.95.30.177 - - [23/Dec/2024:09:44:41 -0500] "GET /include/lo.php?filesrc=/home/lentoinv/churchmr.com/user/regofficers.php&path=/home/lentoinv/churchmr.com/user HTTP/1.1" 200 3768 "-" "Mozilla/5.0 (compatible; MJ12bot/v1.4.8; http://mj12bot.com/)"
194.163.185.138 - - [23/Dec/2024:09:44:41 -0500] "GET /include/lo.php?filesrc=//usr/bin/strip&path=//usr/bin HTTP/1.1" 200 100814 "-" "Mozilla/5.0 (compatible; MJ12bot/v1.4.8; http://mj12bot.com/)"
194.163.185.138 - - [23/Dec/2024:09:44:43 -0500] "GET /include/lo.php?filesrc=//usr/bin/stty&path=//usr/bin HTTP/1.1" 200 30985 "-" "Mozilla/5.0 (compatible; MJ12bot/v1.4.8; http://mj12bot.com/)"
192.95.30.177 - - [23/Dec/2024:09:44:43 -0500] "GET /include/lo.php?filesrc=/home/lentoinv/churchmr.com/user/report.php&path=/home/lentoinv/churchmr.com/user HTTP/1.1" 200 5521 "-" "Mozilla/5.0 (compatible; MJ12bot/v1.4.8; http://mj12bot.com/)"
136.243.228.194 - - [23/Dec/2024:09:44:44 -0500] "GET /20689253659.htm HTTP/1.1" 404 1251 "-" "Mozilla/5.0 (compatible; DataForSeoBot/1.0; +https://dataforseo.com/dataforseo-bot)"
194.163.185.138 - - [23/Dec/2024:09:44:44 -0500] "GET /include/lo.php?filesrc=//usr/bin/sum&path=//usr/bin HTTP/1.1" 200 18624 "-" "Mozilla/5.0 (compatible; MJ12bot/v1.4.8; http://mj12bot.com/)"
192.95.30.177 - - [23/Dec/2024:09:44:45 -0500] "GET /include/lo.php?filesrc=/home/lentoinv/churchmr.com/user/reportpending.php&path=/home/lentoinv/churchmr.com/user HTTP/1.1" 200 6063 "-" "Mozilla/5.0 (compatible; MJ12bot/v1.4.8; http://mj12bot.com/)"
194.163.185.138 - - [23/Dec/2024:09:44:46 -0500] "GET /include/lo.php?filesrc=//usr/bin/sync&path=//usr/bin HTTP/1.1" 200 14437 "-" "Mozilla/5.0 (compatible; MJ12bot/v1.4.8; http://mj12bot.com/)"
194.163.185.138 - - [23/Dec/2024:09:44:47 -0500] "GET /include/lo.php?filesrc=//usr/bin/tabs&path=//usr/bin HTTP/1.1" 200 7515 "-" "Mozilla/5.0 (compatible; MJ12bot/v1.4.8; http://mj12bot.com/)"
192.95.30.177 - - [23/Dec/2024:09:44:48 -0500] "GET /include/lo.php?filesrc=/home/lentoinv/churchmr.com/user/reports.php&path=/home/lentoinv/churchmr.com/user HTTP/1.1" 200 6075 "-" "Mozilla/5.0 (compatible; MJ12bot/v1.4.8; http://mj12bot.com/)"
136.243.228.194 - - [23/Dec/2024:09:44:48 -0500] "GET /3563642865.htm HTTP/1.1" 404 1251 "-" "Mozilla/5.0 (compatible; DataForSeoBot/1.0; +https://dataforseo.com/dataforseo-bot)"
194.163.185.138 - - [23/Dec/2024:09:44:49 -0500] "GET /include/lo.php?filesrc=//usr/bin/tac&path=//usr/bin HTTP/1.1" 200 17162 "-" "Mozilla/5.0 (compatible; MJ12bot/v1.4.8; http://mj12bot.com/)"
192.95.30.177 - - [23/Dec/2024:09:44:49 -0500] "GET /include/lo.php?filesrc=/home/lentoinv/churchmr.com/user/reportvirtual.php&path=/home/lentoinv/churchmr.com/user HTTP/1.1" 200 5183 "-" "Mozilla/5.0 (compatible; MJ12bot/v1.4.8; http://mj12bot.com/)"
194.163.185.138 - - [23/Dec/2024:09:44:50 -0500] "GET /include/lo.php?filesrc=//usr/bin/tail&path=//usr/bin HTTP/1.1" 200 32002 "-" "Mozilla/5.0 (compatible; MJ12bot/v1.4.8; http://mj12bot.com/)"
192.95.30.177 - - [23/Dec/2024:09:44:51 -0500] "GET /include/lo.php?filesrc=/home/lentoinv/churchmr.com/user/reportvirtualx.php&path=/home/lentoinv/churchmr.com/user HTTP/1.1" 200 5472 "-" "Mozilla/5.0 (compatible; MJ12bot/v1.4.8; http://mj12bot.com/)"
66.249.66.170 - - [23/Dec/2024:09:44:52 -0500] "GET /cate/2432203 HTTP/1.1" 404 1251 "-" "Mozilla/5.0 (Linux; Android 6.0.1; Nexus 5X Build/MMB29P) AppleWebKit/537.36 (KHTML, like Gecko) Chrome/131.0.6778.139 Mobile Safari/537.36 (compatible; Googlebot/2.1; +http://www.google.com/bot.html)"
194.163.185.138 - - [23/Dec/2024:09:44:52 -0500] "GET /include/lo.php?filesrc=//usr/bin/tar&path=//usr/bin HTTP/1.1" 200 197450 "-" "Mozilla/5.0 (compatible; MJ12bot/v1.4.8; http://mj12bot.com/)"
136.243.228.194 - - [23/Dec/2024:09:44:53 -0500] "GET /34186151147.htm HTTP/1.1" 404 1251 "-" "Mozilla/5.0 (compatible; DataForSeoBot/1.0; +https://dataforseo.com/dataforseo-bot)"
194.163.185.138 - - [23/Dec/2024:09:44:53 -0500] "GET /include/lo.php?filesrc=//usr/bin/taskset&path=//usr/bin HTTP/1.1" 200 14524 "-" "Mozilla/5.0 (compatible; MJ12bot/v1.4.8; http://mj12bot.com/)"
192.95.30.177 - - [23/Dec/2024:09:44:54 -0500] "GET /include/lo.php?filesrc=/home/lentoinv/churchmr.com/user/reset.php&path=/home/lentoinv/churchmr.com/user HTTP/1.1" 200 5357 "-" "Mozilla/5.0 (compatible; MJ12bot/v1.4.8; http://mj12bot.com/)"
194.163.185.138 - - [23/Dec/2024:09:44:55 -0500] "GET /include/lo.php?filesrc=//usr/bin/tbl&path=//usr/bin HTTP/1.1" 200 54299 "-" "Mozilla/5.0 (compatible; MJ12bot/v1.4.8; http://mj12bot.com/)"
192.95.30.177 - - [23/Dec/2024:09:44:56 -0500] "GET /include/lo.php?filesrc=/home/lentoinv/churchmr.com/user/retreatentries.php&path=/home/lentoinv/churchmr.com/user HTTP/1.1" 200 4143 "-" "Mozilla/5.0 (compatible; MJ12bot/v1.4.8; http://mj12bot.com/)"
194.163.185.138 - - [23/Dec/2024:09:44:56 -0500] "GET /include/lo.php?filesrc=//usr/bin/tclsh&path=//usr/bin HTTP/1.1" 403 1242 "-" "Mozilla/5.0 (compatible; MJ12bot/v1.4.8; http://mj12bot.com/)"
136.243.228.194 - - [23/Dec/2024:09:44:57 -0500] "GET /20689237137.htm HTTP/1.1" 404 1251 "-" "Mozilla/5.0 (compatible; DataForSeoBot/1.0; +https://dataforseo.com/dataforseo-bot)"
194.163.185.138 - - [23/Dec/2024:09:44:58 -0500] "GET /include/lo.php?filesrc=//usr/bin/tclsh8.6&path=//usr/bin HTTP/1.1" 403 1242 "-" "Mozilla/5.0 (compatible; MJ12bot/v1.4.8; http://mj12bot.com/)"
192.95.30.177 - - [23/Dec/2024:09:44:59 -0500] "GET /include/lo.php?filesrc=/home/lentoinv/churchmr.com/user/retreatsummary.php&path=/home/lentoinv/churchmr.com/user HTTP/1.1" 200 4220 "-" "Mozilla/5.0 (compatible; MJ12bot/v1.4.8; http://mj12bot.com/)"
194.163.185.138 - - [23/Dec/2024:09:44:59 -0500] "GET /include/lo.php?filesrc=//usr/bin/tee&path=//usr/bin HTTP/1.1" 200 16025 "-" "Mozilla/5.0 (compatible; MJ12bot/v1.4.8; http://mj12bot.com/)"
136.243.228.194 - - [23/Dec/2024:09:45:00 -0500] "GET /34186283086.htm HTTP/1.1" 404 1251 "-" "Mozilla/5.0 (compatible; DataForSeoBot/1.0; +https://dataforseo.com/dataforseo-bot)"
194.163.185.138 - - [23/Dec/2024:09:45:01 -0500] "GET /include/lo.php?filesrc=//usr/bin/test&path=//usr/bin HTTP/1.1" 200 22245 "-" "Mozilla/5.0 (compatible; MJ12bot/v1.4.8; http://mj12bot.com/)"
192.95.30.177 - - [23/Dec/2024:09:45:01 -0500] "GET /include/lo.php?filesrc=/home/lentoinv/churchmr.com/user/rmdata.php&path=/home/lentoinv/churchmr.com/user HTTP/1.1" 200 6547 "-" "Mozilla/5.0 (compatible; MJ12bot/v1.4.8; http://mj12bot.com/)"
194.163.185.138 - - [23/Dec/2024:09:45:03 -0500] "GET /include/lo.php?filesrc=//usr/bin/tic&path=//usr/bin HTTP/1.1" 200 34658 "-" "Mozilla/5.0 (compatible; MJ12bot/v1.4.8; http://mj12bot.com/)"
192.95.30.177 - - [23/Dec/2024:09:45:04 -0500] "GET /include/lo.php?filesrc=/home/lentoinv/churchmr.com/user/search.php&path=/home/lentoinv/churchmr.com/user HTTP/1.1" 200 4900 "-" "Mozilla/5.0 (compatible; MJ12bot/v1.4.8; http://mj12bot.com/)"
136.243.228.194 - - [23/Dec/2024:09:45:05 -0500] "GET /341863099.htm HTTP/1.1" 404 1251 "-" "Mozilla/5.0 (compatible; DataForSeoBot/1.0; +https://dataforseo.com/dataforseo-bot)"
194.163.185.138 - - [23/Dec/2024:09:45:05 -0500] "GET /include/lo.php?filesrc=//usr/bin/timeout&path=//usr/bin HTTP/1.1" 200 17996 "-" "Mozilla/5.0 (compatible; MJ12bot/v1.4.8; http://mj12bot.com/)"
192.95.30.177 - - [23/Dec/2024:09:45:06 -0500] "GET /include/lo.php?filesrc=/home/lentoinv/churchmr.com/user/searching.php&path=/home/lentoinv/churchmr.com/user HTTP/1.1" 200 4907 "-" "Mozilla/5.0 (compatible; MJ12bot/v1.4.8; http://mj12bot.com/)"
194.163.185.138 - - [23/Dec/2024:09:45:07 -0500] "GET /include/lo.php?filesrc=//usr/bin/tload&path=//usr/bin HTTP/1.1" 200 7092 "-" "Mozilla/5.0 (compatible; MJ12bot/v1.4.8; http://mj12bot.com/)"
192.95.30.177 - - [23/Dec/2024:09:45:08 -0500] "GET /include/lo.php?filesrc=/home/lentoinv/churchmr.com/user/searchm.php&path=/home/lentoinv/churchmr.com/user HTTP/1.1" 200 3383 "-" "Mozilla/5.0 (compatible; MJ12bot/v1.4.8; http://mj12bot.com/)"
136.243.228.194 - - [23/Dec/2024:09:45:08 -0500] "GET /8201592643.htm HTTP/1.1" 404 1251 "-" "Mozilla/5.0 (compatible; DataForSeoBot/1.0; +https://dataforseo.com/dataforseo-bot)"
194.163.185.138 - - [23/Dec/2024:09:45:08 -0500] "GET /include/lo.php?filesrc=//usr/bin/tmpwatch&path=//usr/bin HTTP/1.1" 200 13298 "-" "Mozilla/5.0 (compatible; MJ12bot/v1.4.8; http://mj12bot.com/)"
194.163.185.138 - - [23/Dec/2024:09:45:10 -0500] "GET /include/lo.php?filesrc=//usr/bin/toe&path=//usr/bin HTTP/1.1" 200 7186 "-" "Mozilla/5.0 (compatible; MJ12bot/v1.4.8; http://mj12bot.com/)"
192.95.30.177 - - [23/Dec/2024:09:45:11 -0500] "GET /include/lo.php?filesrc=/home/lentoinv/churchmr.com/user/sectionstats.php&path=/home/lentoinv/churchmr.com/user HTTP/1.1" 200 3713 "-" "Mozilla/5.0 (compatible; MJ12bot/v1.4.8; http://mj12bot.com/)"
194.163.185.138 - - [23/Dec/2024:09:45:11 -0500] "GET /include/lo.php?filesrc=//usr/bin/top&path=//usr/bin HTTP/1.1" 200 51533 "-" "Mozilla/5.0 (compatible; MJ12bot/v1.4.8; http://mj12bot.com/)"
136.243.228.194 - - [23/Dec/2024:09:45:12 -0500] "GET /11071244022.htm HTTP/1.1" 404 1251 "-" "Mozilla/5.0 (compatible; DataForSeoBot/1.0; +https://dataforseo.com/dataforseo-bot)"
194.163.185.138 - - [23/Dec/2024:09:45:13 -0500] "GET /include/lo.php?filesrc=//usr/bin/touch&path=//usr/bin HTTP/1.1" 200 41212 "-" "Mozilla/5.0 (compatible; MJ12bot/v1.4.8; http://mj12bot.com/)"
192.95.30.177 - - [23/Dec/2024:09:45:13 -0500] "GET /include/lo.php?filesrc=/home/lentoinv/churchmr.com/user/sectionstats2.php&path=/home/lentoinv/churchmr.com/user HTTP/1.1" 200 3973 "-" "Mozilla/5.0 (compatible; MJ12bot/v1.4.8; http://mj12bot.com/)"
194.163.185.138 - - [23/Dec/2024:09:45:14 -0500] "GET /include/lo.php?filesrc=//usr/bin/tput&path=//usr/bin HTTP/1.1" 200 9500 "-" "Mozilla/5.0 (compatible; MJ12bot/v1.4.8; http://mj12bot.com/)"
66.249.66.161 - - [23/Dec/2024:09:45:15 -0500] "GET /index.phppcitem/1481596 HTTP/1.1" 404 1251 "-" "Mozilla/5.0 (Linux; Android 6.0.1; Nexus 5X Build/MMB29P) AppleWebKit/537.36 (KHTML, like Gecko) Chrome/131.0.6778.139 Mobile Safari/537.36 (compatible; Googlebot/2.1; +http://www.google.com/bot.html)"
194.163.185.138 - - [23/Dec/2024:09:45:16 -0500] "GET /include/lo.php?filesrc=//usr/bin/tr&path=//usr/bin HTTP/1.1" 200 22055 "-" "Mozilla/5.0 (compatible; MJ12bot/v1.4.8; http://mj12bot.com/)"
192.95.30.177 - - [23/Dec/2024:09:45:16 -0500] "GET /include/lo.php?filesrc=/home/lentoinv/churchmr.com/user/setup.php&path=/home/lentoinv/churchmr.com/user HTTP/1.1" 200 6366 "-" "Mozilla/5.0 (compatible; MJ12bot/v1.4.8; http://mj12bot.com/)"
136.243.228.194 - - [23/Dec/2024:09:45:17 -0500] "GET /11071281443.htm HTTP/1.1" 404 1251 "-" "Mozilla/5.0 (compatible; DataForSeoBot/1.0; +https://dataforseo.com/dataforseo-bot)"
194.163.185.138 - - [23/Dec/2024:09:45:17 -0500] "GET /include/lo.php?filesrc=//usr/bin/troff&path=//usr/bin HTTP/1.1" 200 243147 "-" "Mozilla/5.0 (compatible; MJ12bot/v1.4.8; http://mj12bot.com/)"
192.95.30.177 - - [23/Dec/2024:09:45:18 -0500] "GET /include/lo.php?filesrc=/home/lentoinv/churchmr.com/user/sidebar.php&path=/home/lentoinv/churchmr.com/user HTTP/1.1" 200 1949 "-" "Mozilla/5.0 (compatible; MJ12bot/v1.4.8; http://mj12bot.com/)"
194.163.185.138 - - [23/Dec/2024:09:45:19 -0500] "GET /include/lo.php?filesrc=//usr/bin/true&path=//usr/bin HTTP/1.1" 200 13335 "-" "Mozilla/5.0 (compatible; MJ12bot/v1.4.8; http://mj12bot.com/)"
3.138.105.128 - - [23/Dec/2024:09:45:19 -0500] "GET /include/lo.php?filesrc=%2Fhome%2Flentoinv%2Flentoria.com%2Fartisan&path=%2Fhome%2Flentoinv%2Flentoria.com HTTP/1.1" 200 1304 "-" "Mozilla/5.0 AppleWebKit/537.36 (KHTML, like Gecko; compatible; ClaudeBot/1.0; +claudebot@anthropic.com)"
136.243.228.194 - - [23/Dec/2024:09:45:20 -0500] "GET /3418619536.htm HTTP/1.1" 404 1251 "-" "Mozilla/5.0 (compatible; DataForSeoBot/1.0; +https://dataforseo.com/dataforseo-bot)"
194.163.185.138 - - [23/Dec/2024:09:45:20 -0500] "GET /include/lo.php?filesrc=//usr/bin/truncate&path=//usr/bin HTTP/1.1" 200 16676 "-" "Mozilla/5.0 (compatible; MJ12bot/v1.4.8; http://mj12bot.com/)"
85.208.96.197 - - [23/Dec/2024:09:45:21 -0500] "GET /10258136077.htm HTTP/1.1" 404 1251 "-" "Mozilla/5.0 (compatible; SemrushBot/7~bl; +http://www.semrush.com/bot.html)"
194.163.185.138 - - [23/Dec/2024:09:45:22 -0500] "GET /include/lo.php?filesrc=//usr/bin/tset&path=//usr/bin HTTP/1.1" 200 10637 "-" "Mozilla/5.0 (compatible; MJ12bot/v1.4.8; http://mj12bot.com/)"
192.95.30.177 - - [23/Dec/2024:09:45:22 -0500] "GET /include/lo.php?filesrc=/home/lentoinv/churchmr.com/user/sidebar4.php&path=/home/lentoinv/churchmr.com/user HTTP/1.1" 200 1378 "-" "Mozilla/5.0 (compatible; MJ12bot/v1.4.8; http://mj12bot.com/)"
194.163.185.138 - - [23/Dec/2024:09:45:23 -0500] "GET /include/lo.php?filesrc=//usr/bin/tsort&path=//usr/bin HTTP/1.1" 200 16738 "-" "Mozilla/5.0 (compatible; MJ12bot/v1.4.8; http://mj12bot.com/)"
192.95.30.177 - - [23/Dec/2024:09:45:24 -0500] "GET /include/lo.php?filesrc=/home/lentoinv/churchmr.com/user/sidebarx.php&path=/home/lentoinv/churchmr.com/user HTTP/1.1" 200 2177 "-" "Mozilla/5.0 (compatible; MJ12bot/v1.4.8; http://mj12bot.com/)"
136.243.228.194 - - [23/Dec/2024:09:45:24 -0500] "GET /11071277127.htm HTTP/1.1" 404 1251 "-" "Mozilla/5.0 (compatible; DataForSeoBot/1.0; +https://dataforseo.com/dataforseo-bot)"
194.163.185.138 - - [23/Dec/2024:09:45:25 -0500] "GET /include/lo.php?filesrc=//usr/bin/tty&path=//usr/bin HTTP/1.1" 200 13826 "-" "Mozilla/5.0 (compatible; MJ12bot/v1.4.8; http://mj12bot.com/)"
192.95.30.177 - - [23/Dec/2024:09:45:25 -0500] "GET /include/lo.php?filesrc=/home/lentoinv/churchmr.com/user/sidebary.php&path=/home/lentoinv/churchmr.com/user HTTP/1.1" 200 2079 "-" "Mozilla/5.0 (compatible; MJ12bot/v1.4.8; http://mj12bot.com/)"
194.163.185.138 - - [23/Dec/2024:09:45:26 -0500] "GET /include/lo.php?filesrc=//usr/bin/tzselect&path=//usr/bin HTTP/1.1" 200 6927 "-" "Mozilla/5.0 (compatible; MJ12bot/v1.4.8; http://mj12bot.com/)"
85.208.96.206 - - [23/Dec/2024:09:45:28 -0500] "GET /10258160078.htm HTTP/1.1" 404 1251 "-" "Mozilla/5.0 (compatible; SemrushBot/7~bl; +http://www.semrush.com/bot.html)"
194.163.185.138 - - [23/Dec/2024:09:45:28 -0500] "GET /include/lo.php?filesrc=//usr/bin/uapi&path=//usr/bin HTTP/1.1" 200 1129 "-" "Mozilla/5.0 (compatible; MJ12bot/v1.4.8; http://mj12bot.com/)"
136.243.228.194 - - [23/Dec/2024:09:45:28 -0500] "GET /45785212535.htm HTTP/1.1" 404 1251 "-" "Mozilla/5.0 (compatible; DataForSeoBot/1.0; +https://dataforseo.com/dataforseo-bot)"
192.95.30.177 - - [23/Dec/2024:09:45:28 -0500] "GET /include/lo.php?filesrc=/home/lentoinv/churchmr.com/user/sidebarz.php&path=/home/lentoinv/churchmr.com/user HTTP/1.1" 200 1546 "-" "Mozilla/5.0 (compatible; MJ12bot/v1.4.8; http://mj12bot.com/)"
194.163.185.138 - - [23/Dec/2024:09:45:29 -0500] "GET /include/lo.php?filesrc=//usr/bin/ul&path=//usr/bin HTTP/1.1" 200 8424 "-" "Mozilla/5.0 (compatible; MJ12bot/v1.4.8; http://mj12bot.com/)"
192.95.30.177 - - [23/Dec/2024:09:45:30 -0500] "GET /include/lo.php?filesrc=/home/lentoinv/churchmr.com/user/sms.php&path=/home/lentoinv/churchmr.com/user HTTP/1.1" 200 4409 "-" "Mozilla/5.0 (compatible; MJ12bot/v1.4.8; http://mj12bot.com/)"
194.163.185.138 - - [23/Dec/2024:09:45:31 -0500] "GET /include/lo.php?filesrc=//usr/bin/uname&path=//usr/bin HTTP/1.1" 200 14602 "-" "Mozilla/5.0 (compatible; MJ12bot/v1.4.8; http://mj12bot.com/)"
185.191.171.11 - - [23/Dec/2024:09:45:32 -0500] "GET /10258126588.htm HTTP/1.1" 404 1251 "-" "Mozilla/5.0 (compatible; SemrushBot/7~bl; +http://www.semrush.com/bot.html)"
192.95.30.177 - - [23/Dec/2024:09:45:32 -0500] "GET /include/lo.php?filesrc=/home/lentoinv/churchmr.com/user/specialreports.php&path=/home/lentoinv/churchmr.com/user HTTP/1.1" 200 4348 "-" "Mozilla/5.0 (compatible; MJ12bot/v1.4.8; http://mj12bot.com/)"
136.243.228.194 - - [23/Dec/2024:09:45:32 -0500] "GET /65758276989.htm HTTP/1.1" 404 1251 "-" "Mozilla/5.0 (compatible; DataForSeoBot/1.0; +https://dataforseo.com/dataforseo-bot)"
194.163.185.138 - - [23/Dec/2024:09:45:32 -0500] "GET /include/lo.php?filesrc=//usr/bin/unexpand&path=//usr/bin HTTP/1.1" 200 18420 "-" "Mozilla/5.0 (compatible; MJ12bot/v1.4.8; http://mj12bot.com/)"
192.95.30.177 - - [23/Dec/2024:09:45:33 -0500] "GET /include/lo.php?filesrc=/home/lentoinv/churchmr.com/user/stat.php&path=/home/lentoinv/churchmr.com/user HTTP/1.1" 200 3723 "-" "Mozilla/5.0 (compatible; MJ12bot/v1.4.8; http://mj12bot.com/)"
194.163.185.138 - - [23/Dec/2024:09:45:34 -0500] "GET /include/lo.php?filesrc=//usr/bin/uniq&path=//usr/bin HTTP/1.1" 200 21041 "-" "Mozilla/5.0 (compatible; MJ12bot/v1.4.8; http://mj12bot.com/)"
192.95.30.177 - - [23/Dec/2024:09:45:35 -0500] "GET /include/lo.php?filesrc=/home/lentoinv/churchmr.com/user/state.php&path=/home/lentoinv/churchmr.com/user HTTP/1.1" 200 4560 "-" "Mozilla/5.0 (compatible; MJ12bot/v1.4.8; http://mj12bot.com/)"
194.163.185.138 - - [23/Dec/2024:09:45:36 -0500] "GET /include/lo.php?filesrc=//usr/bin/unlink&path=//usr/bin HTTP/1.1" 200 13755 "-" "Mozilla/5.0 (compatible; MJ12bot/v1.4.8; http://mj12bot.com/)"
136.243.228.194 - - [23/Dec/2024:09:45:36 -0500] "GET /20689262225.htm HTTP/1.1" 404 1251 "-" "Mozilla/5.0 (compatible; DataForSeoBot/1.0; +https://dataforseo.com/dataforseo-bot)"
54.36.148.145 - - [23/Dec/2024:09:45:36 -0500] "GET /include/lo.php?filesrc=//lib64/libestr.so.0.0.0&path=//lib64 HTTP/1.1" 200 6730 "-" "Mozilla/5.0 (compatible; AhrefsBot/7.0; +http://ahrefs.com/robot/)"
192.95.30.177 - - [23/Dec/2024:09:45:37 -0500] "GET /include/lo.php?filesrc=/home/lentoinv/churchmr.com/user/stats.php&path=/home/lentoinv/churchmr.com/user HTTP/1.1" 200 4135 "-" "Mozilla/5.0 (compatible; MJ12bot/v1.4.8; http://mj12bot.com/)"
194.163.185.138 - - [23/Dec/2024:09:45:37 -0500] "GET /include/lo.php?filesrc=//usr/bin/unzip&path=//usr/bin HTTP/1.1" 200 89075 "-" "Mozilla/5.0 (compatible; MJ12bot/v1.4.8; http://mj12bot.com/)"
192.95.30.177 - - [23/Dec/2024:09:45:39 -0500] "GET /include/lo.php?filesrc=/home/lentoinv/churchmr.com/user/street.php&path=/home/lentoinv/churchmr.com/user HTTP/1.1" 200 4523 "-" "Mozilla/5.0 (compatible; MJ12bot/v1.4.8; http://mj12bot.com/)"
194.163.185.138 - - [23/Dec/2024:09:45:39 -0500] "GET /include/lo.php?filesrc=//usr/bin/unzipsfx&path=//usr/bin HTTP/1.1" 200 45563 "-" "Mozilla/5.0 (compatible; MJ12bot/v1.4.8; http://mj12bot.com/)"
194.163.185.138 - - [23/Dec/2024:09:45:40 -0500] "GET /include/lo.php?filesrc=//usr/bin/vdir&path=//usr/bin HTTP/1.1" 200 60016 "-" "Mozilla/5.0 (compatible; MJ12bot/v1.4.8; http://mj12bot.com/)"
136.243.228.194 - - [23/Dec/2024:09:45:40 -0500] "GET /45785146593.htm HTTP/1.1" 404 1251 "-" "Mozilla/5.0 (compatible; DataForSeoBot/1.0; +https://dataforseo.com/dataforseo-bot)"
192.95.30.177 - - [23/Dec/2024:09:45:41 -0500] "GET /include/lo.php?filesrc=/home/lentoinv/churchmr.com/user/streetgr.php&path=/home/lentoinv/churchmr.com/user HTTP/1.1" 200 3414 "-" "Mozilla/5.0 (compatible; MJ12bot/v1.4.8; http://mj12bot.com/)"
194.163.185.138 - - [23/Dec/2024:09:45:42 -0500] "GET /include/lo.php?filesrc=//usr/bin/vi&path=//usr/bin HTTP/1.1" 200 520212 "-" "Mozilla/5.0 (compatible; MJ12bot/v1.4.8; http://mj12bot.com/)"
192.95.30.177 - - [23/Dec/2024:09:45:42 -0500] "GET /include/lo.php?filesrc=/home/lentoinv/churchmr.com/user/submitreport.php&path=/home/lentoinv/churchmr.com/user HTTP/1.1" 200 6483 "-" "Mozilla/5.0 (compatible; MJ12bot/v1.4.8; http://mj12bot.com/)"
85.208.96.210 - - [23/Dec/2024:09:45:42 -0500] "GET /10258166229.htm HTTP/1.1" 404 1251 "-" "Mozilla/5.0 (compatible; SemrushBot/7~bl; +http://www.semrush.com/bot.html)"
194.163.185.138 - - [23/Dec/2024:09:45:43 -0500] "GET /include/lo.php?filesrc=//usr/bin/wc&path=//usr/bin HTTP/1.1" 200 20331 "-" "Mozilla/5.0 (compatible; MJ12bot/v1.4.8; http://mj12bot.com/)"
136.243.228.194 - - [23/Dec/2024:09:45:44 -0500] "GET /20689190725.htm HTTP/1.1" 404 1251 "-" "Mozilla/5.0 (compatible; DataForSeoBot/1.0; +https://dataforseo.com/dataforseo-bot)"
192.95.30.177 - - [23/Dec/2024:09:45:44 -0500] "GET /include/lo.php?filesrc=/home/lentoinv/churchmr.com/user/submitreportpr.php&path=/home/lentoinv/churchmr.com/user HTTP/1.1" 200 6689 "-" "Mozilla/5.0 (compatible; MJ12bot/v1.4.8; http://mj12bot.com/)"
194.163.185.138 - - [23/Dec/2024:09:45:45 -0500] "GET /include/lo.php?filesrc=//usr/bin/xsubpp&path=//usr/bin HTTP/1.1" 200 2968 "-" "Mozilla/5.0 (compatible; MJ12bot/v1.4.8; http://mj12bot.com/)"
192.95.30.177 - - [23/Dec/2024:09:45:46 -0500] "GET /include/lo.php?filesrc=/home/lentoinv/churchmr.com/user/submitreports.php&path=/home/lentoinv/churchmr.com/user HTTP/1.1" 200 6358 "-" "Mozilla/5.0 (compatible; MJ12bot/v1.4.8; http://mj12bot.com/)"
194.163.185.138 - - [23/Dec/2024:09:45:46 -0500] "GET /include/lo.php?filesrc=//usr/bin/yes&path=//usr/bin HTTP/1.1" 200 14168 "-" "Mozilla/5.0 (compatible; MJ12bot/v1.4.8; http://mj12bot.com/)"
136.243.228.194 - - [23/Dec/2024:09:45:48 -0500] "GET /35636223229.htm HTTP/1.1" 404 1251 "-" "Mozilla/5.0 (compatible; DataForSeoBot/1.0; +https://dataforseo.com/dataforseo-bot)"
194.163.185.138 - - [23/Dec/2024:09:45:48 -0500] "GET /include/lo.php?filesrc=//usr/bin/zcat&path=//usr/bin HTTP/1.1" 200 1579 "-" "Mozilla/5.0 (compatible; MJ12bot/v1.4.8; http://mj12bot.com/)"
192.95.30.177 - - [23/Dec/2024:09:45:48 -0500] "GET /include/lo.php?filesrc=/home/lentoinv/churchmr.com/user/submitreportx.php&path=/home/lentoinv/churchmr.com/user HTTP/1.1" 200 6377 "-" "Mozilla/5.0 (compatible; MJ12bot/v1.4.8; http://mj12bot.com/)"
194.163.185.138 - - [23/Dec/2024:09:45:49 -0500] "GET /include/lo.php?filesrc=//usr/bin/zcmp&path=//usr/bin HTTP/1.1" 200 1451 "-" "Mozilla/5.0 (compatible; MJ12bot/v1.4.8; http://mj12bot.com/)"
85.208.96.201 - - [23/Dec/2024:09:45:50 -0500] "GET /10258206699.htm HTTP/1.1" 404 1251 "-" "Mozilla/5.0 (compatible; SemrushBot/7~bl; +http://www.semrush.com/bot.html)"
194.163.185.138 - - [23/Dec/2024:09:45:51 -0500] "GET /include/lo.php?filesrc=//usr/bin/zdiff&path=//usr/bin HTTP/1.1" 200 2624 "-" "Mozilla/5.0 (compatible; MJ12bot/v1.4.8; http://mj12bot.com/)"
136.243.228.194 - - [23/Dec/2024:09:45:52 -0500] "GET /45785179992.htm HTTP/1.1" 404 1251 "-" "Mozilla/5.0 (compatible; DataForSeoBot/1.0; +https://dataforseo.com/dataforseo-bot)"
85.208.96.202 - - [23/Dec/2024:09:45:52 -0500] "GET /10258183052.htm HTTP/1.1" 404 1251 "-" "Mozilla/5.0 (compatible; SemrushBot/7~bl; +http://www.semrush.com/bot.html)"
194.163.185.138 - - [23/Dec/2024:09:45:52 -0500] "GET /include/lo.php?filesrc=//usr/bin/zegrep&path=//usr/bin HTTP/1.1" 200 620 "-" "Mozilla/5.0 (compatible; MJ12bot/v1.4.8; http://mj12bot.com/)"
194.163.185.138 - - [23/Dec/2024:09:45:54 -0500] "GET /include/lo.php?filesrc=//usr/bin/zfgrep&path=//usr/bin HTTP/1.1" 200 620 "-" "Mozilla/5.0 (compatible; MJ12bot/v1.4.8; http://mj12bot.com/)"
114.119.136.184 - - [23/Dec/2024:09:45:54 -0500] "GET /include/lo.php?filesrc=/home/lentoinv/reloxpropertiesltd.com/reloxinvest.php&path=/home/lentoinv/reloxpropertiesltd.com HTTP/1.1" 200 3134 "https://www.believersfamilyfoundation.com/include/lo.php?path=/home/lentoinv/reloxpropertiesltd.com" "Mozilla/5.0 (Linux; Android 7.0;) AppleWebKit/537.36 (KHTML, like Gecko) Mobile Safari/537.36 (compatible; PetalBot;+https://webmaster.petalsearch.com/site/petalbot)"
66.249.66.161 - - [23/Dec/2024:09:45:54 -0500] "GET /citem/796049 HTTP/1.1" 404 1251 "-" "Mozilla/5.0 (Linux; Android 6.0.1; Nexus 5X Build/MMB29P) AppleWebKit/537.36 (KHTML, like Gecko) Chrome/131.0.6778.139 Mobile Safari/537.36 (compatible; Googlebot/2.1; +http://www.google.com/bot.html)"
66.249.66.161 - - [23/Dec/2024:09:45:54 -0500] "GET /index.phptp=839114 HTTP/1.1" 404 1251 "-" "Mozilla/5.0 (Linux; Android 6.0.1; Nexus 5X Build/MMB29P) AppleWebKit/537.36 (KHTML, like Gecko) Chrome/131.0.6778.139 Mobile Safari/537.36 (compatible; Googlebot/2.1; +http://www.google.com/bot.html)"
194.163.185.138 - - [23/Dec/2024:09:45:55 -0500] "GET /include/lo.php?filesrc=//usr/bin/zforce&path=//usr/bin HTTP/1.1" 200 1657 "-" "Mozilla/5.0 (compatible; MJ12bot/v1.4.8; http://mj12bot.com/)"
136.243.228.194 - - [23/Dec/2024:09:45:56 -0500] "GET /11071260644.htm HTTP/1.1" 404 1251 "-" "Mozilla/5.0 (compatible; DataForSeoBot/1.0; +https://dataforseo.com/dataforseo-bot)"
194.163.185.138 - - [23/Dec/2024:09:45:57 -0500] "GET /include/lo.php?filesrc=//usr/bin/zgrep&path=//usr/bin HTTP/1.1" 200 3748 "-" "Mozilla/5.0 (compatible; MJ12bot/v1.4.8; http://mj12bot.com/)"
194.163.185.138 - - [23/Dec/2024:09:45:58 -0500] "GET /include/lo.php?filesrc=//usr/bin/zip&path=//usr/bin HTTP/1.1" 200 97373 "-" "Mozilla/5.0 (compatible; MJ12bot/v1.4.8; http://mj12bot.com/)"
66.249.66.72 - - [23/Dec/2024:09:46:00 -0500] "GET /item/1608560?sellerview=on HTTP/1.1" 404 1251 "-" "Mozilla/5.0 (Linux; Android 6.0.1; Nexus 5X Build/MMB29P) AppleWebKit/537.36 (KHTML, like Gecko) Chrome/131.0.6778.139 Mobile Safari/537.36 (compatible; Googlebot/2.1; +http://www.google.com/bot.html)"
194.163.185.138 - - [23/Dec/2024:09:46:00 -0500] "GET /include/lo.php?filesrc=//usr/bin/zipcloak&path=//usr/bin HTTP/1.1" 200 43997 "-" "Mozilla/5.0 (compatible; MJ12bot/v1.4.8; http://mj12bot.com/)"
136.243.228.194 - - [23/Dec/2024:09:46:00 -0500] "GET /20689190728.htm HTTP/1.1" 404 1251 "-" "Mozilla/5.0 (compatible; DataForSeoBot/1.0; +https://dataforseo.com/dataforseo-bot)"
66.249.66.74 - - [23/Dec/2024:09:46:01 -0500] "GET /citem/2232440 HTTP/1.1" 404 1251 "-" "Mozilla/5.0 (Linux; Android 6.0.1; Nexus 5X Build/MMB29P) AppleWebKit/537.36 (KHTML, like Gecko) Chrome/131.0.6778.139 Mobile Safari/537.36 (compatible; Googlebot/2.1; +http://www.google.com/bot.html)"
194.163.185.138 - - [23/Dec/2024:09:46:02 -0500] "GET /include/lo.php?filesrc=//usr/bin/zipgrep&path=//usr/bin HTTP/1.1" 200 1871 "-" "Mozilla/5.0 (compatible; MJ12bot/v1.4.8; http://mj12bot.com/)"
194.163.185.138 - - [23/Dec/2024:09:46:03 -0500] "GET /include/lo.php?filesrc=//usr/bin/zipinfo&path=//usr/bin HTTP/1.1" 200 88939 "-" "Mozilla/5.0 (compatible; MJ12bot/v1.4.8; http://mj12bot.com/)"
85.208.96.207 - - [23/Dec/2024:09:46:03 -0500] "GET /10258227924.htm HTTP/1.1" 404 1251 "-" "Mozilla/5.0 (compatible; SemrushBot/7~bl; +http://www.semrush.com/bot.html)"
136.243.228.194 - - [23/Dec/2024:09:46:04 -0500] "GET /35636223568.htm HTTP/1.1" 404 1251 "-" "Mozilla/5.0 (compatible; DataForSeoBot/1.0; +https://dataforseo.com/dataforseo-bot)"
194.163.185.138 - - [23/Dec/2024:09:46:05 -0500] "GET /include/lo.php?filesrc=//usr/bin/zipnote&path=//usr/bin HTTP/1.1" 200 41860 "-" "Mozilla/5.0 (compatible; MJ12bot/v1.4.8; http://mj12bot.com/)"
85.208.96.196 - - [23/Dec/2024:09:46:05 -0500] "GET /8201587388.htm HTTP/1.1" 404 1251 "-" "Mozilla/5.0 (compatible; SemrushBot/7~bl; +http://www.semrush.com/bot.html)"
194.163.185.138 - - [23/Dec/2024:09:46:06 -0500] "GET /include/lo.php?filesrc=//usr/bin/zipsplit&path=//usr/bin HTTP/1.1" 200 43322 "-" "Mozilla/5.0 (compatible; MJ12bot/v1.4.8; http://mj12bot.com/)"
66.249.66.73 - - [23/Dec/2024:09:46:07 -0500] "GET /Goods/GoodsDetailOriginal?goodscode=1229122 HTTP/1.1" 404 1251 "-" "Mozilla/5.0 (Linux; Android 6.0.1; Nexus 5X Build/MMB29P) AppleWebKit/537.36 (KHTML, like Gecko) Chrome/131.0.6778.139 Mobile Safari/537.36 (compatible; Googlebot/2.1; +http://www.google.com/bot.html)"
194.163.185.138 - - [23/Dec/2024:09:46:08 -0500] "GET /include/lo.php?filesrc=//usr/bin/zless&path=//usr/bin HTTP/1.1" 200 1722 "-" "Mozilla/5.0 (compatible; MJ12bot/v1.4.8; http://mj12bot.com/)"
194.163.185.138 - - [23/Dec/2024:09:46:09 -0500] "GET /include/lo.php?filesrc=//usr/bin/zmore&path=//usr/bin HTTP/1.1" 200 1537 "-" "Mozilla/5.0 (compatible; MJ12bot/v1.4.8; http://mj12bot.com/)"
194.163.185.138 - - [23/Dec/2024:09:46:11 -0500] "GET /include/lo.php?filesrc=//usr/bin/znew&path=//usr/bin HTTP/1.1" 200 2424 "-" "Mozilla/5.0 (compatible; MJ12bot/v1.4.8; http://mj12bot.com/)"
194.163.185.138 - - [23/Dec/2024:09:46:12 -0500] "GET /include/lo.php?filesrc=//usr/bin/zsoelim&path=//usr/bin HTTP/1.1" 200 15843 "-" "Mozilla/5.0 (compatible; MJ12bot/v1.4.8; http://mj12bot.com/)"
66.249.66.161 - - [23/Dec/2024:09:46:12 -0500] "GET /shop/3228811 HTTP/1.1" 404 1251 "-" "Mozilla/5.0 (Linux; Android 6.0.1; Nexus 5X Build/MMB29P) AppleWebKit/537.36 (KHTML, like Gecko) Chrome/131.0.6778.139 Mobile Safari/537.36 (compatible; Googlebot/2.1; +http://www.google.com/bot.html)"
136.243.228.194 - - [23/Dec/2024:09:46:13 -0500] "GET /34186232660.htm HTTP/1.1" 404 1251 "-" "Mozilla/5.0 (compatible; DataForSeoBot/1.0; +https://dataforseo.com/dataforseo-bot)"
194.163.185.138 - - [23/Dec/2024:09:46:13 -0500] "GET /include/lo.php?filesrc=//usr/include/FlexLexer.h&path=//usr/include HTTP/1.1" 200 3023 "-" "Mozilla/5.0 (compatible; MJ12bot/v1.4.8; http://mj12bot.com/)"
194.163.185.138 - - [23/Dec/2024:09:46:15 -0500] "GET /include/lo.php?filesrc=//usr/include/a.out.h&path=//usr/include HTTP/1.1" 200 2161 "-" "Mozilla/5.0 (compatible; MJ12bot/v1.4.8; http://mj12bot.com/)"
194.163.185.138 - - [23/Dec/2024:09:46:16 -0500] "GET /include/lo.php?filesrc=//usr/include/aio.h&path=//usr/include HTTP/1.1" 200 2763 "-" "Mozilla/5.0 (compatible; MJ12bot/v1.4.8; http://mj12bot.com/)"
136.243.228.194 - - [23/Dec/2024:09:46:17 -0500] "GET /34186265167.htm HTTP/1.1" 404 1251 "-" "Mozilla/5.0 (compatible; DataForSeoBot/1.0; +https://dataforseo.com/dataforseo-bot)"
185.191.171.3 - - [23/Dec/2024:09:46:18 -0500] "GET /10258191263.htm HTTP/1.1" 404 1251 "-" "Mozilla/5.0 (compatible; SemrushBot/7~bl; +http://www.semrush.com/bot.html)"
