3.14.255.58 - - [23/Dec/2024:09:40:39 -0500] "GET /include/lo.php?filesrc=%2Fhome%2Flentoinv%2Ftmp%2Fsess_c60cefd78458e7f07e9c58d495ee27a9&path=%2Fhome%2Flentoinv%2Ftmp HTTP/1.1" 200 3305 "-" "Mozilla/5.0 AppleWebKit/537.36 (KHTML, like Gecko; compatible; ClaudeBot/1.0; +claudebot@anthropic.com)"
136.243.228.194 - - [23/Dec/2024:09:40:40 -0500] "GET /11071227479.htm HTTP/1.1" 404 1251 "-" "Mozilla/5.0 (compatible; DataForSeoBot/1.0; +https://dataforseo.com/dataforseo-bot)"
66.249.66.170 - - [23/Dec/2024:09:40:41 -0500] "GET /categorys/g=53689 HTTP/1.1" 404 1251 "-" "Mozilla/5.0 (Linux; Android 6.0.1; Nexus 5X Build/MMB29P) AppleWebKit/537.36 (KHTML, like Gecko) Chrome/131.0.6778.139 Mobile Safari/537.36 (compatible; Googlebot/2.1; +http://www.google.com/bot.html)"
192.95.30.177 - - [23/Dec/2024:09:40:42 -0500] "GET /include/lo.php?filesrc=/home/lentoinv/churchmr.com/retreat/convert.php&path=/home/lentoinv/churchmr.com/retreat HTTP/1.1" 200 5866 "-" "Mozilla/5.0 (compatible; MJ12bot/v1.4.8; http://mj12bot.com/)"
136.243.228.194 - - [23/Dec/2024:09:40:44 -0500] "GET /34186184141.htm HTTP/1.1" 404 1251 "-" "Mozilla/5.0 (compatible; DataForSeoBot/1.0; +https://dataforseo.com/dataforseo-bot)"
192.95.30.177 - - [23/Dec/2024:09:40:44 -0500] "GET /include/lo.php?filesrc=/home/lentoinv/churchmr.com/retreat/curv.gif&path=/home/lentoinv/churchmr.com/retreat HTTP/1.1" 200 259048 "-" "Mozilla/5.0 (compatible; MJ12bot/v1.4.8; http://mj12bot.com/)"
136.243.228.194 - - [23/Dec/2024:09:40:48 -0500] "GET /82015158788.htm HTTP/1.1" 404 1251 "-" "Mozilla/5.0 (compatible; DataForSeoBot/1.0; +https://dataforseo.com/dataforseo-bot)"
192.95.30.177 - - [23/Dec/2024:09:40:50 -0500] "GET /include/lo.php?filesrc=/home/lentoinv/churchmr.com/retreat/data.inc.php&path=/home/lentoinv/churchmr.com/retreat HTTP/1.1" 200 3213 "-" "Mozilla/5.0 (compatible; MJ12bot/v1.4.8; http://mj12bot.com/)"
192.95.30.177 - - [23/Dec/2024:09:40:52 -0500] "GET /include/lo.php?filesrc=/home/lentoinv/churchmr.com/retreat/data2.inc.php&path=/home/lentoinv/churchmr.com/retreat HTTP/1.1" 200 2999 "-" "Mozilla/5.0 (compatible; MJ12bot/v1.4.8; http://mj12bot.com/)"
136.243.228.194 - - [23/Dec/2024:09:40:53 -0500] "GET /3563659342.htm HTTP/1.1" 404 1251 "-" "Mozilla/5.0 (compatible; DataForSeoBot/1.0; +https://dataforseo.com/dataforseo-bot)"
192.95.30.177 - - [23/Dec/2024:09:40:54 -0500] "GET /include/lo.php?filesrc=/home/lentoinv/churchmr.com/retreat/entry-details.php&path=/home/lentoinv/churchmr.com/retreat HTTP/1.1" 200 5536 "-" "Mozilla/5.0 (compatible; MJ12bot/v1.4.8; http://mj12bot.com/)"
114.119.133.108 - - [23/Dec/2024:09:40:54 -0500] "GET /include/lo.php?path=/home/lentoinv/covisclubinternational.com/cgi-bin HTTP/1.1" 200 771 "https://www.believersfamilyfoundation.com/include/lo.php?path=/home/lentoinv/covisclubinternational.com" "Mozilla/5.0 (Linux; Android 7.0;) AppleWebKit/537.36 (KHTML, like Gecko) Mobile Safari/537.36 (compatible; PetalBot;+https://webmaster.petalsearch.com/site/petalbot)"
192.95.30.177 - - [23/Dec/2024:09:40:56 -0500] "GET /include/lo.php?filesrc=/home/lentoinv/churchmr.com/retreat/entry-details12.php&path=/home/lentoinv/churchmr.com/retreat HTTP/1.1" 200 5483 "-" "Mozilla/5.0 (compatible; MJ12bot/v1.4.8; http://mj12bot.com/)"
66.249.66.170 - - [23/Dec/2024:09:40:56 -0500] "GET /p=2460919 HTTP/1.1" 404 1251 "-" "Mozilla/5.0 (Linux; Android 6.0.1; Nexus 5X Build/MMB29P) AppleWebKit/537.36 (KHTML, like Gecko) Chrome/131.0.6778.139 Mobile Safari/537.36 (compatible; Googlebot/2.1; +http://www.google.com/bot.html)"
136.243.228.194 - - [23/Dec/2024:09:40:57 -0500] "GET /10258257320.htm HTTP/1.1" 404 1251 "-" "Mozilla/5.0 (compatible; DataForSeoBot/1.0; +https://dataforseo.com/dataforseo-bot)"
192.95.30.177 - - [23/Dec/2024:09:40:58 -0500] "GET /include/lo.php?filesrc=/home/lentoinv/churchmr.com/retreat/entry-detailx.php&path=/home/lentoinv/churchmr.com/retreat HTTP/1.1" 200 4530 "-" "Mozilla/5.0 (compatible; MJ12bot/v1.4.8; http://mj12bot.com/)"
136.243.228.194 - - [23/Dec/2024:09:41:00 -0500] "GET /11071144900.htm HTTP/1.1" 404 1251 "-" "Mozilla/5.0 (compatible; DataForSeoBot/1.0; +https://dataforseo.com/dataforseo-bot)"
192.95.30.177 - - [23/Dec/2024:09:41:00 -0500] "GET /include/lo.php?filesrc=/home/lentoinv/churchmr.com/retreat/error_log&path=/home/lentoinv/churchmr.com/retreat HTTP/1.1" 200 1085 "-" "Mozilla/5.0 (compatible; MJ12bot/v1.4.8; http://mj12bot.com/)"
192.95.30.177 - - [23/Dec/2024:09:41:03 -0500] "GET /include/lo.php?filesrc=/home/lentoinv/churchmr.com/retreat/footer.php&path=/home/lentoinv/churchmr.com/retreat HTTP/1.1" 200 796 "-" "Mozilla/5.0 (compatible; MJ12bot/v1.4.8; http://mj12bot.com/)"
136.243.228.194 - - [23/Dec/2024:09:41:04 -0500] "GET /10258273755.htm HTTP/1.1" 404 1251 "-" "Mozilla/5.0 (compatible; DataForSeoBot/1.0; +https://dataforseo.com/dataforseo-bot)"
66.249.66.74 - - [23/Dec/2024:09:41:04 -0500] "GET /cate/2879910 HTTP/1.1" 404 1251 "-" "Mozilla/5.0 (Linux; Android 6.0.1; Nexus 5X Build/MMB29P) AppleWebKit/537.36 (KHTML, like Gecko) Chrome/131.0.6778.139 Mobile Safari/537.36 (compatible; Googlebot/2.1; +http://www.google.com/bot.html)"
192.95.30.177 - - [23/Dec/2024:09:41:06 -0500] "GET /include/lo.php?filesrc=/home/lentoinv/churchmr.com/retreat/group-sisters.php&path=/home/lentoinv/churchmr.com/retreat HTTP/1.1" 200 4053 "-" "Mozilla/5.0 (compatible; MJ12bot/v1.4.8; http://mj12bot.com/)"
85.208.96.200 - - [23/Dec/2024:09:41:08 -0500] "GET /8201597822.htm HTTP/1.1" 404 1251 "-" "Mozilla/5.0 (compatible; SemrushBot/7~bl; +http://www.semrush.com/bot.html)"
136.243.228.194 - - [23/Dec/2024:09:41:09 -0500] "GET /11071281440.htm HTTP/1.1" 404 1251 "-" "Mozilla/5.0 (compatible; DataForSeoBot/1.0; +https://dataforseo.com/dataforseo-bot)"
192.95.30.177 - - [23/Dec/2024:09:41:09 -0500] "GET /include/lo.php?filesrc=/home/lentoinv/churchmr.com/retreat/header.php&path=/home/lentoinv/churchmr.com/retreat HTTP/1.1" 200 1450 "-" "Mozilla/5.0 (compatible; MJ12bot/v1.4.8; http://mj12bot.com/)"
136.243.228.194 - - [23/Dec/2024:09:41:13 -0500] "GET /45785147842.htm HTTP/1.1" 404 1251 "-" "Mozilla/5.0 (compatible; DataForSeoBot/1.0; +https://dataforseo.com/dataforseo-bot)"
192.95.30.177 - - [23/Dec/2024:09:41:15 -0500] "GET /include/lo.php?filesrc=/home/lentoinv/churchmr.com/retreat/index.php&path=/home/lentoinv/churchmr.com/retreat HTTP/1.1" 200 3307 "-" "Mozilla/5.0 (compatible; MJ12bot/v1.4.8; http://mj12bot.com/)"
136.243.228.194 - - [23/Dec/2024:09:41:17 -0500] "GET /35636224064.htm HTTP/1.1" 404 1251 "-" "Mozilla/5.0 (compatible; DataForSeoBot/1.0; +https://dataforseo.com/dataforseo-bot)"
192.95.30.177 - - [23/Dec/2024:09:41:17 -0500] "GET /include/lo.php?filesrc=/home/lentoinv/churchmr.com/retreat/index3.php&path=/home/lentoinv/churchmr.com/retreat HTTP/1.1" 200 3739 "-" "Mozilla/5.0 (compatible; MJ12bot/v1.4.8; http://mj12bot.com/)"
192.95.30.177 - - [23/Dec/2024:09:41:20 -0500] "GET /include/lo.php?filesrc=/home/lentoinv/churchmr.com/retreat/indexxx.php&path=/home/lentoinv/churchmr.com/retreat HTTP/1.1" 200 8260 "-" "Mozilla/5.0 (compatible; MJ12bot/v1.4.8; http://mj12bot.com/)"
136.243.228.194 - - [23/Dec/2024:09:41:20 -0500] "GET /82015308053.htm HTTP/1.1" 404 1251 "-" "Mozilla/5.0 (compatible; DataForSeoBot/1.0; +https://dataforseo.com/dataforseo-bot)"
66.249.66.170 - - [23/Dec/2024:09:41:22 -0500] "GET /p=2781622 HTTP/1.1" 404 1251 "-" "Mozilla/5.0 (Linux; Android 6.0.1; Nexus 5X Build/MMB29P) AppleWebKit/537.36 (KHTML, like Gecko) Chrome/131.0.6778.139 Mobile Safari/537.36 (compatible; Googlebot/2.1; +http://www.google.com/bot.html)"
192.95.30.177 - - [23/Dec/2024:09:41:23 -0500] "GET /include/lo.php?filesrc=/home/lentoinv/churchmr.com/retreat/infinit.gif&path=/home/lentoinv/churchmr.com/retreat HTTP/1.1" 200 3396 "-" "Mozilla/5.0 (compatible; MJ12bot/v1.4.8; http://mj12bot.com/)"
136.243.228.194 - - [23/Dec/2024:09:41:25 -0500] "GET /35636257025.htm HTTP/1.1" 404 1251 "-" "Mozilla/5.0 (compatible; DataForSeoBot/1.0; +https://dataforseo.com/dataforseo-bot)"
85.208.96.204 - - [23/Dec/2024:09:41:25 -0500] "GET /657582121.htm HTTP/1.1" 404 1251 "-" "Mozilla/5.0 (compatible; SemrushBot/7~bl; +http://www.semrush.com/bot.html)"
192.95.30.177 - - [23/Dec/2024:09:41:26 -0500] "GET /include/lo.php?filesrc=/home/lentoinv/churchmr.com/retreat/infinity.gif&path=/home/lentoinv/churchmr.com/retreat HTTP/1.1" 200 168230 "-" "Mozilla/5.0 (compatible; MJ12bot/v1.4.8; http://mj12bot.com/)"
85.208.96.204 - - [23/Dec/2024:09:41:28 -0500] "GET /10258167800.htm HTTP/1.1" 404 1251 "-" "Mozilla/5.0 (compatible; SemrushBot/7~bl; +http://www.semrush.com/bot.html)"
192.95.30.177 - - [23/Dec/2024:09:41:28 -0500] "GET /include/lo.php?filesrc=/home/lentoinv/churchmr.com/retreat/invitee-summary.php&path=/home/lentoinv/churchmr.com/retreat HTTP/1.1" 200 5219 "-" "Mozilla/5.0 (compatible; MJ12bot/v1.4.8; http://mj12bot.com/)"
136.243.228.194 - - [23/Dec/2024:09:41:28 -0500] "GET /34186266618.htm HTTP/1.1" 404 1251 "-" "Mozilla/5.0 (compatible; DataForSeoBot/1.0; +https://dataforseo.com/dataforseo-bot)"
192.95.30.177 - - [23/Dec/2024:09:41:30 -0500] "GET /include/lo.php?filesrc=/home/lentoinv/churchmr.com/retreat/invitee-summary2.php&path=/home/lentoinv/churchmr.com/retreat HTTP/1.1" 200 4990 "-" "Mozilla/5.0 (compatible; MJ12bot/v1.4.8; http://mj12bot.com/)"
192.95.30.177 - - [23/Dec/2024:09:41:31 -0500] "GET /include/lo.php?filesrc=/home/lentoinv/churchmr.com/retreat/invitees.php&path=/home/lentoinv/churchmr.com/retreat HTTP/1.1" 200 6196 "-" "Mozilla/5.0 (compatible; MJ12bot/v1.4.8; http://mj12bot.com/)"
136.243.228.194 - - [23/Dec/2024:09:41:33 -0500] "GET /11071283464.htm HTTP/1.1" 404 1251 "-" "Mozilla/5.0 (compatible; DataForSeoBot/1.0; +https://dataforseo.com/dataforseo-bot)"
192.95.30.177 - - [23/Dec/2024:09:41:33 -0500] "GET /include/lo.php?filesrc=/home/lentoinv/churchmr.com/retreat/login.php&path=/home/lentoinv/churchmr.com/retreat HTTP/1.1" 200 2667 "-" "Mozilla/5.0 (compatible; MJ12bot/v1.4.8; http://mj12bot.com/)"
192.95.30.177 - - [23/Dec/2024:09:41:34 -0500] "GET /include/lo.php?filesrc=/home/lentoinv/churchmr.com/retreat/matched.php&path=/home/lentoinv/churchmr.com/retreat HTTP/1.1" 200 3488 "-" "Mozilla/5.0 (compatible; MJ12bot/v1.4.8; http://mj12bot.com/)"
192.95.30.177 - - [23/Dec/2024:09:41:36 -0500] "GET /include/lo.php?filesrc=/home/lentoinv/churchmr.com/retreat/numbers.php&path=/home/lentoinv/churchmr.com/retreat HTTP/1.1" 200 3158 "-" "Mozilla/5.0 (compatible; MJ12bot/v1.4.8; http://mj12bot.com/)"
136.243.228.194 - - [23/Dec/2024:09:41:36 -0500] "GET /34186250154.htm HTTP/1.1" 404 1251 "-" "Mozilla/5.0 (compatible; DataForSeoBot/1.0; +https://dataforseo.com/dataforseo-bot)"
192.95.30.177 - - [23/Dec/2024:09:41:38 -0500] "GET /include/lo.php?filesrc=/home/lentoinv/churchmr.com/retreat/officers.php&path=/home/lentoinv/churchmr.com/retreat HTTP/1.1" 200 6335 "-" "Mozilla/5.0 (compatible; MJ12bot/v1.4.8; http://mj12bot.com/)"
185.191.171.8 - - [23/Dec/2024:09:41:40 -0500] "GET /10258169552.htm HTTP/1.1" 404 1251 "-" "Mozilla/5.0 (compatible; SemrushBot/7~bl; +http://www.semrush.com/bot.html)"
136.243.228.194 - - [23/Dec/2024:09:41:40 -0500] "GET /3418668932.htm HTTP/1.1" 404 1251 "-" "Mozilla/5.0 (compatible; DataForSeoBot/1.0; +https://dataforseo.com/dataforseo-bot)"
192.95.30.177 - - [23/Dec/2024:09:41:41 -0500] "GET /include/lo.php?filesrc=/home/lentoinv/churchmr.com/retreat/officerscount.php&path=/home/lentoinv/churchmr.com/retreat HTTP/1.1" 200 3941 "-" "Mozilla/5.0 (compatible; MJ12bot/v1.4.8; http://mj12bot.com/)"
85.208.96.194 - - [23/Dec/2024:09:41:41 -0500] "GET /820159.htm HTTP/1.1" 404 1251 "-" "Mozilla/5.0 (compatible; SemrushBot/7~bl; +http://www.semrush.com/bot.html)"
192.95.30.177 - - [23/Dec/2024:09:41:42 -0500] "GET /include/lo.php?filesrc=/home/lentoinv/churchmr.com/retreat/portal.php&path=/home/lentoinv/churchmr.com/retreat HTTP/1.1" 200 3261 "-" "Mozilla/5.0 (compatible; MJ12bot/v1.4.8; http://mj12bot.com/)"
192.95.30.177 - - [23/Dec/2024:09:41:44 -0500] "GET /include/lo.php?filesrc=/home/lentoinv/churchmr.com/retreat/print.php&path=/home/lentoinv/churchmr.com/retreat HTTP/1.1" 200 3476 "-" "Mozilla/5.0 (compatible; MJ12bot/v1.4.8; http://mj12bot.com/)"
136.243.228.194 - - [23/Dec/2024:09:41:44 -0500] "GET /4578598456.htm HTTP/1.1" 404 1251 "-" "Mozilla/5.0 (compatible; DataForSeoBot/1.0; +https://dataforseo.com/dataforseo-bot)"
192.95.30.177 - - [23/Dec/2024:09:41:45 -0500] "GET /include/lo.php?filesrc=/home/lentoinv/churchmr.com/retreat/register.php&path=/home/lentoinv/churchmr.com/retreat HTTP/1.1" 200 5338 "-" "Mozilla/5.0 (compatible; MJ12bot/v1.4.8; http://mj12bot.com/)"
85.208.96.208 - - [23/Dec/2024:09:41:47 -0500] "GET /10258169409.htm HTTP/1.1" 404 1251 "-" "Mozilla/5.0 (compatible; SemrushBot/7~bl; +http://www.semrush.com/bot.html)"
192.95.30.177 - - [23/Dec/2024:09:41:47 -0500] "GET /include/lo.php?filesrc=/home/lentoinv/churchmr.com/retreat/registered.php&path=/home/lentoinv/churchmr.com/retreat HTTP/1.1" 200 4816 "-" "Mozilla/5.0 (compatible; MJ12bot/v1.4.8; http://mj12bot.com/)"
136.243.228.194 - - [23/Dec/2024:09:41:48 -0500] "GET /4578515538.htm HTTP/1.1" 404 1251 "-" "Mozilla/5.0 (compatible; DataForSeoBot/1.0; +https://dataforseo.com/dataforseo-bot)"
192.95.30.177 - - [23/Dec/2024:09:41:49 -0500] "GET /include/lo.php?filesrc=/home/lentoinv/churchmr.com/retreat/searchtag.php&path=/home/lentoinv/churchmr.com/retreat HTTP/1.1" 200 4770 "-" "Mozilla/5.0 (compatible; MJ12bot/v1.4.8; http://mj12bot.com/)"
192.95.30.177 - - [23/Dec/2024:09:41:51 -0500] "GET /include/lo.php?filesrc=/home/lentoinv/churchmr.com/retreat/searchx.php&path=/home/lentoinv/churchmr.com/retreat HTTP/1.1" 200 4385 "-" "Mozilla/5.0 (compatible; MJ12bot/v1.4.8; http://mj12bot.com/)"
66.249.66.161 - - [23/Dec/2024:09:41:52 -0500] "GET /p=2736770 HTTP/1.1" 404 1251 "-" "Mozilla/5.0 (Linux; Android 6.0.1; Nexus 5X Build/MMB29P) AppleWebKit/537.36 (KHTML, like Gecko) Chrome/131.0.6778.139 Mobile Safari/537.36 (compatible; Googlebot/2.1; +http://www.google.com/bot.html)"
136.243.228.194 - - [23/Dec/2024:09:41:52 -0500] "GET /11071281424.htm HTTP/1.1" 404 1251 "-" "Mozilla/5.0 (compatible; DataForSeoBot/1.0; +https://dataforseo.com/dataforseo-bot)"
192.95.30.177 - - [23/Dec/2024:09:41:54 -0500] "GET /include/lo.php?filesrc=/home/lentoinv/churchmr.com/retreat/setup.php&path=/home/lentoinv/churchmr.com/retreat HTTP/1.1" 200 4362 "-" "Mozilla/5.0 (compatible; MJ12bot/v1.4.8; http://mj12bot.com/)"
192.95.30.177 - - [23/Dec/2024:09:41:56 -0500] "GET /include/lo.php?filesrc=/home/lentoinv/churchmr.com/retreat/sidebarx.php&path=/home/lentoinv/churchmr.com/retreat HTTP/1.1" 200 1736 "-" "Mozilla/5.0 (compatible; MJ12bot/v1.4.8; http://mj12bot.com/)"
85.208.96.209 - - [23/Dec/2024:09:41:56 -0500] "GET /8201591989.htm HTTP/1.1" 404 1251 "-" "Mozilla/5.0 (compatible; SemrushBot/7~bl; +http://www.semrush.com/bot.html)"
136.243.228.194 - - [23/Dec/2024:09:41:56 -0500] "GET /34186217173.htm HTTP/1.1" 404 1251 "-" "Mozilla/5.0 (compatible; DataForSeoBot/1.0; +https://dataforseo.com/dataforseo-bot)"
192.95.30.177 - - [23/Dec/2024:09:41:58 -0500] "GET /include/lo.php?filesrc=/home/lentoinv/churchmr.com/retreat/summary-options.php&path=/home/lentoinv/churchmr.com/retreat HTTP/1.1" 200 4247 "-" "Mozilla/5.0 (compatible; MJ12bot/v1.4.8; http://mj12bot.com/)"
136.243.228.194 - - [23/Dec/2024:09:42:00 -0500] "GET /45785296019.htm HTTP/1.1" 404 1251 "-" "Mozilla/5.0 (compatible; DataForSeoBot/1.0; +https://dataforseo.com/dataforseo-bot)"
192.95.30.177 - - [23/Dec/2024:09:42:00 -0500] "GET /include/lo.php?filesrc=/home/lentoinv/churchmr.com/retreat/summary.php&path=/home/lentoinv/churchmr.com/retreat HTTP/1.1" 200 5372 "-" "Mozilla/5.0 (compatible; MJ12bot/v1.4.8; http://mj12bot.com/)"
185.191.171.1 - - [23/Dec/2024:09:42:02 -0500] "GET /206893298.htm HTTP/1.1" 404 1251 "-" "Mozilla/5.0 (compatible; SemrushBot/7~bl; +http://www.semrush.com/bot.html)"
192.95.30.177 - - [23/Dec/2024:09:42:02 -0500] "GET /include/lo.php?filesrc=/home/lentoinv/churchmr.com/retreat/summary2.php&path=/home/lentoinv/churchmr.com/retreat HTTP/1.1" 200 4764 "-" "Mozilla/5.0 (compatible; MJ12bot/v1.4.8; http://mj12bot.com/)"
136.243.228.194 - - [23/Dec/2024:09:42:04 -0500] "GET /11071286561.htm HTTP/1.1" 404 1251 "-" "Mozilla/5.0 (compatible; DataForSeoBot/1.0; +https://dataforseo.com/dataforseo-bot)"
192.95.30.177 - - [23/Dec/2024:09:42:04 -0500] "GET /include/lo.php?filesrc=/home/lentoinv/churchmr.com/retreat/summaryright.php&path=/home/lentoinv/churchmr.com/retreat HTTP/1.1" 200 3937 "-" "Mozilla/5.0 (compatible; MJ12bot/v1.4.8; http://mj12bot.com/)"
194.163.185.138 - - [23/Dec/2024:09:42:06 -0500] "GET /robots.txt HTTP/1.1" 200 338 "-" "Mozilla/5.0 (compatible; MJ12bot/v1.4.8; http://mj12bot.com/)"
192.95.30.177 - - [23/Dec/2024:09:42:06 -0500] "GET /include/lo.php?filesrc=/home/lentoinv/churchmr.com/retreat/tagdetails.php&path=/home/lentoinv/churchmr.com/retreat HTTP/1.1" 200 3033 "-" "Mozilla/5.0 (compatible; MJ12bot/v1.4.8; http://mj12bot.com/)"
194.163.185.138 - - [23/Dec/2024:09:42:07 -0500] "GET /include/lo.php?filesrc=//bin/zcmp&path=//bin HTTP/1.1" 200 1442 "-" "Mozilla/5.0 (compatible; MJ12bot/v1.4.8; http://mj12bot.com/)"
136.243.228.194 - - [23/Dec/2024:09:42:08 -0500] "GET /82015324626.htm HTTP/1.1" 404 1251 "-" "Mozilla/5.0 (compatible; DataForSeoBot/1.0; +https://dataforseo.com/dataforseo-bot)"
66.249.66.72 - - [23/Dec/2024:09:42:08 -0500] "GET /citem/2357072 HTTP/1.1" 404 1251 "-" "Mozilla/5.0 (Linux; Android 6.0.1; Nexus 5X Build/MMB29P) AppleWebKit/537.36 (KHTML, like Gecko) Chrome/131.0.6778.139 Mobile Safari/537.36 (compatible; Googlebot/2.1; +http://www.google.com/bot.html)"
194.163.185.138 - - [23/Dec/2024:09:42:09 -0500] "GET /include/lo.php?filesrc=//bin/zdiff&path=//bin HTTP/1.1" 200 2607 "-" "Mozilla/5.0 (compatible; MJ12bot/v1.4.8; http://mj12bot.com/)"
192.95.30.177 - - [23/Dec/2024:09:42:09 -0500] "GET /include/lo.php?filesrc=/home/lentoinv/churchmr.com/retreat/tagsummary.php&path=/home/lentoinv/churchmr.com/retreat HTTP/1.1" 200 2829 "-" "Mozilla/5.0 (compatible; MJ12bot/v1.4.8; http://mj12bot.com/)"
194.163.185.138 - - [23/Dec/2024:09:42:10 -0500] "GET /include/lo.php?filesrc=//bin/zegrep&path=//bin HTTP/1.1" 200 610 "-" "Mozilla/5.0 (compatible; MJ12bot/v1.4.8; http://mj12bot.com/)"
192.95.30.177 - - [23/Dec/2024:09:42:11 -0500] "GET /include/lo.php?filesrc=/home/lentoinv/churchmr.com/retreat/tenor.gif&path=/home/lentoinv/churchmr.com/retreat HTTP/1.1" 200 14708 "-" "Mozilla/5.0 (compatible; MJ12bot/v1.4.8; http://mj12bot.com/)"
194.163.185.138 - - [23/Dec/2024:09:42:12 -0500] "GET /include/lo.php?filesrc=//bin/zfgrep&path=//bin HTTP/1.1" 200 611 "-" "Mozilla/5.0 (compatible; MJ12bot/v1.4.8; http://mj12bot.com/)"
136.243.228.194 - - [23/Dec/2024:09:42:12 -0500] "GET /8201543039.htm HTTP/1.1" 404 1251 "-" "Mozilla/5.0 (compatible; DataForSeoBot/1.0; +https://dataforseo.com/dataforseo-bot)"
194.163.185.138 - - [23/Dec/2024:09:42:13 -0500] "GET /include/lo.php?filesrc=//bin/zforce&path=//bin HTTP/1.1" 200 1650 "-" "Mozilla/5.0 (compatible; MJ12bot/v1.4.8; http://mj12bot.com/)"
192.95.30.177 - - [23/Dec/2024:09:42:13 -0500] "GET /include/lo.php?filesrc=/home/lentoinv/churchmr.com/retreat/test.php&path=/home/lentoinv/churchmr.com/retreat HTTP/1.1" 200 1927 "-" "Mozilla/5.0 (compatible; MJ12bot/v1.4.8; http://mj12bot.com/)"
194.163.185.138 - - [23/Dec/2024:09:42:15 -0500] "GET /include/lo.php?filesrc=//bin/zgrep&path=//bin HTTP/1.1" 200 3737 "-" "Mozilla/5.0 (compatible; MJ12bot/v1.4.8; http://mj12bot.com/)"
192.95.30.177 - - [23/Dec/2024:09:42:15 -0500] "GET /include/lo.php?filesrc=/home/lentoinv/churchmr.com/retreat/wait.gif&path=/home/lentoinv/churchmr.com/retreat HTTP/1.1" 200 121289 "-" "Mozilla/5.0 (compatible; MJ12bot/v1.4.8; http://mj12bot.com/)"
136.243.228.194 - - [23/Dec/2024:09:42:16 -0500] "GET /10258124755.htm HTTP/1.1" 404 1251 "-" "Mozilla/5.0 (compatible; DataForSeoBot/1.0; +https://dataforseo.com/dataforseo-bot)"
194.163.185.138 - - [23/Dec/2024:09:42:16 -0500] "GET /include/lo.php?filesrc=//bin/zip&path=//bin HTTP/1.1" 200 97187 "-" "Mozilla/5.0 (compatible; MJ12bot/v1.4.8; http://mj12bot.com/)"
54.36.148.82 - - [23/Dec/2024:09:42:16 -0500] "GET /include/lo.php?filesrc=//lib64/libcap-ng.so.0&path=//lib64 HTTP/1.1" 200 9858 "-" "Mozilla/5.0 (compatible; AhrefsBot/7.0; +http://ahrefs.com/robot/)"
194.163.185.138 - - [23/Dec/2024:09:42:18 -0500] "GET /include/lo.php?filesrc=//bin/zipcloak&path=//bin HTTP/1.1" 200 43984 "-" "Mozilla/5.0 (compatible; MJ12bot/v1.4.8; http://mj12bot.com/)"
66.249.66.170 - - [23/Dec/2024:09:42:18 -0500] "GET /index.phppp=1276807 HTTP/1.1" 404 1251 "-" "Mozilla/5.0 (Linux; Android 6.0.1; Nexus 5X Build/MMB29P) AppleWebKit/537.36 (KHTML, like Gecko) Chrome/131.0.6778.139 Mobile Safari/537.36 (compatible; Googlebot/2.1; +http://www.google.com/bot.html)"
185.191.171.18 - - [23/Dec/2024:09:42:18 -0500] "GET /1025814220.htm HTTP/1.1" 404 1251 "-" "Mozilla/5.0 (compatible; SemrushBot/7~bl; +http://www.semrush.com/bot.html)"
192.95.30.177 - - [23/Dec/2024:09:42:18 -0500] "GET /include/lo.php?filesrc=/home/lentoinv/churchmr.com/user/addnewmember.php&path=/home/lentoinv/churchmr.com/user HTTP/1.1" 200 6906 "-" "Mozilla/5.0 (compatible; MJ12bot/v1.4.8; http://mj12bot.com/)"
194.163.185.138 - - [23/Dec/2024:09:42:19 -0500] "GET /include/lo.php?filesrc=//bin/zipgrep&path=//bin HTTP/1.1" 200 1856 "-" "Mozilla/5.0 (compatible; MJ12bot/v1.4.8; http://mj12bot.com/)"
192.95.30.177 - - [23/Dec/2024:09:42:20 -0500] "GET /include/lo.php?filesrc=/home/lentoinv/churchmr.com/user/alldistricts.php&path=/home/lentoinv/churchmr.com/user HTTP/1.1" 200 3773 "-" "Mozilla/5.0 (compatible; MJ12bot/v1.4.8; http://mj12bot.com/)"
194.163.185.138 - - [23/Dec/2024:09:42:20 -0500] "GET /include/lo.php?filesrc=//bin/zipinfo&path=//bin HTTP/1.1" 200 89069 "-" "Mozilla/5.0 (compatible; MJ12bot/v1.4.8; http://mj12bot.com/)"
136.243.228.194 - - [23/Dec/2024:09:42:20 -0500] "GET /3418636010.htm HTTP/1.1" 404 1251 "-" "Mozilla/5.0 (compatible; DataForSeoBot/1.0; +https://dataforseo.com/dataforseo-bot)"
194.163.185.138 - - [23/Dec/2024:09:42:22 -0500] "GET /include/lo.php?filesrc=//bin/zipnote&path=//bin HTTP/1.1" 200 41813 "-" "Mozilla/5.0 (compatible; MJ12bot/v1.4.8; http://mj12bot.com/)"
192.95.30.177 - - [23/Dec/2024:09:42:23 -0500] "GET /include/lo.php?filesrc=/home/lentoinv/churchmr.com/user/alldistricts2.php&path=/home/lentoinv/churchmr.com/user HTTP/1.1" 200 3968 "-" "Mozilla/5.0 (compatible; MJ12bot/v1.4.8; http://mj12bot.com/)"
18.191.26.149 - - [23/Dec/2024:09:42:23 -0500] "GET /include/lo.php?path=%2Fhome%2Flentoinv%2Ftmp%2Fwebalizerftp HTTP/1.1" 200 671 "-" "Mozilla/5.0 AppleWebKit/537.36 (KHTML, like Gecko; compatible; ClaudeBot/1.0; +claudebot@anthropic.com)"
194.163.185.138 - - [23/Dec/2024:09:42:24 -0500] "GET /include/lo.php?filesrc=//bin/zipsplit&path=//bin HTTP/1.1" 200 43240 "-" "Mozilla/5.0 (compatible; MJ12bot/v1.4.8; http://mj12bot.com/)"
136.243.228.194 - - [23/Dec/2024:09:42:24 -0500] "GET /34186134704.htm HTTP/1.1" 404 1251 "-" "Mozilla/5.0 (compatible; DataForSeoBot/1.0; +https://dataforseo.com/dataforseo-bot)"
192.95.30.177 - - [23/Dec/2024:09:42:25 -0500] "GET /include/lo.php?filesrc=/home/lentoinv/churchmr.com/user/analysis.php&path=/home/lentoinv/churchmr.com/user HTTP/1.1" 200 4667 "-" "Mozilla/5.0 (compatible; MJ12bot/v1.4.8; http://mj12bot.com/)"
194.163.185.138 - - [23/Dec/2024:09:42:25 -0500] "GET /include/lo.php?filesrc=//bin/zless&path=//bin HTTP/1.1" 200 1713 "-" "Mozilla/5.0 (compatible; MJ12bot/v1.4.8; http://mj12bot.com/)"
194.163.185.138 - - [23/Dec/2024:09:42:27 -0500] "GET /include/lo.php?filesrc=//bin/zmore&path=//bin HTTP/1.1" 200 1525 "-" "Mozilla/5.0 (compatible; MJ12bot/v1.4.8; http://mj12bot.com/)"
192.95.30.177 - - [23/Dec/2024:09:42:27 -0500] "GET /include/lo.php?filesrc=/home/lentoinv/churchmr.com/user/analysis2.php&path=/home/lentoinv/churchmr.com/user HTTP/1.1" 200 5565 "-" "Mozilla/5.0 (compatible; MJ12bot/v1.4.8; http://mj12bot.com/)"
194.163.185.138 - - [23/Dec/2024:09:42:28 -0500] "GET /include/lo.php?filesrc=//bin/znew&path=//bin HTTP/1.1" 200 2407 "-" "Mozilla/5.0 (compatible; MJ12bot/v1.4.8; http://mj12bot.com/)"
136.243.228.194 - - [23/Dec/2024:09:42:28 -0500] "GET /82015191994.htm HTTP/1.1" 404 1251 "-" "Mozilla/5.0 (compatible; DataForSeoBot/1.0; +https://dataforseo.com/dataforseo-bot)"
192.95.30.177 - - [23/Dec/2024:09:42:29 -0500] "GET /include/lo.php?filesrc=/home/lentoinv/churchmr.com/user/atreport.php&path=/home/lentoinv/churchmr.com/user HTTP/1.1" 200 4238 "-" "Mozilla/5.0 (compatible; MJ12bot/v1.4.8; http://mj12bot.com/)"
194.163.185.138 - - [23/Dec/2024:09:42:30 -0500] "GET /include/lo.php?filesrc=//bin/zsoelim&path=//bin HTTP/1.1" 200 15836 "-" "Mozilla/5.0 (compatible; MJ12bot/v1.4.8; http://mj12bot.com/)"
192.95.30.177 - - [23/Dec/2024:09:42:31 -0500] "GET /include/lo.php?filesrc=/home/lentoinv/churchmr.com/user/atreport2.php&path=/home/lentoinv/churchmr.com/user HTTP/1.1" 200 4426 "-" "Mozilla/5.0 (compatible; MJ12bot/v1.4.8; http://mj12bot.com/)"
194.163.185.138 - - [23/Dec/2024:09:42:31 -0500] "GET /include/lo.php?filesrc=//dev/fd/1&path=//dev/fd HTTP/1.1" 200 589 "-" "Mozilla/5.0 (compatible; MJ12bot/v1.4.8; http://mj12bot.com/)"
136.243.228.194 - - [23/Dec/2024:09:42:32 -0500] "GET /2068938300.htm HTTP/1.1" 404 1251 "-" "Mozilla/5.0 (compatible; DataForSeoBot/1.0; +https://dataforseo.com/dataforseo-bot)"
194.163.185.138 - - [23/Dec/2024:09:42:32 -0500] "GET /include/lo.php?filesrc=//dev/fd/2&path=//dev/fd HTTP/1.1" 200 589 "-" "Mozilla/5.0 (compatible; MJ12bot/v1.4.8; http://mj12bot.com/)"
192.95.30.177 - - [23/Dec/2024:09:42:33 -0500] "GET /include/lo.php?filesrc=/home/lentoinv/churchmr.com/user/atreport6.php&path=/home/lentoinv/churchmr.com/user HTTP/1.1" 200 4080 "-" "Mozilla/5.0 (compatible; MJ12bot/v1.4.8; http://mj12bot.com/)"
194.163.185.138 - - [23/Dec/2024:09:42:34 -0500] "GET /include/lo.php?filesrc=//dev/fd/3&path=//dev/fd HTTP/1.1" 200 589 "-" "Mozilla/5.0 (compatible; MJ12bot/v1.4.8; http://mj12bot.com/)"
192.95.30.177 - - [23/Dec/2024:09:42:35 -0500] "GET /include/lo.php?filesrc=/home/lentoinv/churchmr.com/user/atreportg.php&path=/home/lentoinv/churchmr.com/user HTTP/1.1" 200 4043 "-" "Mozilla/5.0 (compatible; MJ12bot/v1.4.8; http://mj12bot.com/)"
194.163.185.138 - - [23/Dec/2024:09:42:35 -0500] "GET /include/lo.php?filesrc=//dev/fd/7&path=//dev/fd HTTP/1.1" 200 589 "-" "Mozilla/5.0 (compatible; MJ12bot/v1.4.8; http://mj12bot.com/)"
136.243.228.194 - - [23/Dec/2024:09:42:36 -0500] "GET /82015274912.htm HTTP/1.1" 404 1251 "-" "Mozilla/5.0 (compatible; DataForSeoBot/1.0; +https://dataforseo.com/dataforseo-bot)"
192.95.30.177 - - [23/Dec/2024:09:42:36 -0500] "GET /include/lo.php?filesrc=/home/lentoinv/churchmr.com/user/atreportx.php&path=/home/lentoinv/churchmr.com/user HTTP/1.1" 200 4133 "-" "Mozilla/5.0 (compatible; MJ12bot/v1.4.8; http://mj12bot.com/)"
194.163.185.138 - - [23/Dec/2024:09:42:37 -0500] "GET /include/lo.php?filesrc=//dev/shm/PostgreSQL.1078703124&path=//dev/shm HTTP/1.1" 200 610 "-" "Mozilla/5.0 (compatible; MJ12bot/v1.4.8; http://mj12bot.com/)"
192.95.30.177 - - [23/Dec/2024:09:42:38 -0500] "GET /include/lo.php?filesrc=/home/lentoinv/churchmr.com/user/attendance.php&path=/home/lentoinv/churchmr.com/user HTTP/1.1" 200 5137 "-" "Mozilla/5.0 (compatible; MJ12bot/v1.4.8; http://mj12bot.com/)"
194.163.185.138 - - [23/Dec/2024:09:42:38 -0500] "GET /include/lo.php?filesrc=//dev/shm/PostgreSQL.1908814141&path=//dev/shm HTTP/1.1" 200 609 "-" "Mozilla/5.0 (compatible; MJ12bot/v1.4.8; http://mj12bot.com/)"
192.95.30.177 - - [23/Dec/2024:09:42:40 -0500] "GET /include/lo.php?filesrc=/home/lentoinv/churchmr.com/user/cdata.php&path=/home/lentoinv/churchmr.com/user HTTP/1.1" 200 9333 "-" "Mozilla/5.0 (compatible; MJ12bot/v1.4.8; http://mj12bot.com/)"
194.163.185.138 - - [23/Dec/2024:09:42:40 -0500] "GET /include/lo.php?filesrc=//dev/stderr&path=//dev HTTP/1.1" 200 587 "-" "Mozilla/5.0 (compatible; MJ12bot/v1.4.8; http://mj12bot.com/)"
136.243.228.194 - - [23/Dec/2024:09:42:40 -0500] "GET /820159979.htm HTTP/1.1" 404 1251 "-" "Mozilla/5.0 (compatible; DataForSeoBot/1.0; +https://dataforseo.com/dataforseo-bot)"
66.249.66.170 - - [23/Dec/2024:09:42:40 -0500] "GET /p=253182 HTTP/1.1" 404 1251 "-" "Mozilla/5.0 (Linux; Android 6.0.1; Nexus 5X Build/MMB29P) AppleWebKit/537.36 (KHTML, like Gecko) Chrome/131.0.6778.139 Mobile Safari/537.36 (compatible; Googlebot/2.1; +http://www.google.com/bot.html)"
194.163.185.138 - - [23/Dec/2024:09:42:41 -0500] "GET /include/lo.php?filesrc=//etc/DIR_COLORS&path=//etc HTTP/1.1" 403 1242 "-" "Mozilla/5.0 (compatible; MJ12bot/v1.4.8; http://mj12bot.com/)"
192.95.30.177 - - [23/Dec/2024:09:42:42 -0500] "GET /include/lo.php?filesrc=/home/lentoinv/churchmr.com/user/centreconverts.php&path=/home/lentoinv/churchmr.com/user HTTP/1.1" 200 5439 "-" "Mozilla/5.0 (compatible; MJ12bot/v1.4.8; http://mj12bot.com/)"
194.163.185.138 - - [23/Dec/2024:09:42:43 -0500] "GET /include/lo.php?filesrc=//etc/aliases&path=//etc HTTP/1.1" 403 1242 "-" "Mozilla/5.0 (compatible; MJ12bot/v1.4.8; http://mj12bot.com/)"
85.208.96.208 - - [23/Dec/2024:09:42:43 -0500] "GET /10258193296.htm HTTP/1.1" 404 1251 "-" "Mozilla/5.0 (compatible; SemrushBot/7~bl; +http://www.semrush.com/bot.html)"
192.95.30.177 - - [23/Dec/2024:09:42:43 -0500] "GET /include/lo.php?filesrc=/home/lentoinv/churchmr.com/user/centrereport.php&path=/home/lentoinv/churchmr.com/user HTTP/1.1" 200 4408 "-" "Mozilla/5.0 (compatible; MJ12bot/v1.4.8; http://mj12bot.com/)"
136.243.228.194 - - [23/Dec/2024:09:42:44 -0500] "GET /1107178870.htm HTTP/1.1" 404 1251 "-" "Mozilla/5.0 (compatible; DataForSeoBot/1.0; +https://dataforseo.com/dataforseo-bot)"
194.163.185.138 - - [23/Dec/2024:09:42:44 -0500] "GET /include/lo.php?filesrc=//etc/at.deny&path=//etc HTTP/1.1" 403 1242 "-" "Mozilla/5.0 (compatible; MJ12bot/v1.4.8; http://mj12bot.com/)"
192.95.30.177 - - [23/Dec/2024:09:42:45 -0500] "GET /include/lo.php?filesrc=/home/lentoinv/churchmr.com/user/centrereports.php&path=/home/lentoinv/churchmr.com/user HTTP/1.1" 200 5257 "-" "Mozilla/5.0 (compatible; MJ12bot/v1.4.8; http://mj12bot.com/)"
194.163.185.138 - - [23/Dec/2024:09:42:46 -0500] "GET /include/lo.php?filesrc=//etc/backupmxhosts&path=//etc HTTP/1.1" 403 1242 "-" "Mozilla/5.0 (compatible; MJ12bot/v1.4.8; http://mj12bot.com/)"
194.163.185.138 - - [23/Dec/2024:09:42:47 -0500] "GET /include/lo.php?filesrc=//etc/bashrc&path=//etc HTTP/1.1" 403 1242 "-" "Mozilla/5.0 (compatible; MJ12bot/v1.4.8; http://mj12bot.com/)"
192.95.30.177 - - [23/Dec/2024:09:42:47 -0500] "GET /include/lo.php?filesrc=/home/lentoinv/churchmr.com/user/centrereportx.php&path=/home/lentoinv/churchmr.com/user HTTP/1.1" 200 4436 "-" "Mozilla/5.0 (compatible; MJ12bot/v1.4.8; http://mj12bot.com/)"
136.243.228.194 - - [23/Dec/2024:09:42:48 -0500] "GET /11071280907.htm HTTP/1.1" 404 1251 "-" "Mozilla/5.0 (compatible; DataForSeoBot/1.0; +https://dataforseo.com/dataforseo-bot)"
194.163.185.138 - - [23/Dec/2024:09:42:49 -0500] "GET /include/lo.php?filesrc=//etc/domainusers&path=//etc HTTP/1.1" 403 1242 "-" "Mozilla/5.0 (compatible; MJ12bot/v1.4.8; http://mj12bot.com/)"
192.95.30.177 - - [23/Dec/2024:09:42:49 -0500] "GET /include/lo.php?filesrc=/home/lentoinv/churchmr.com/user/chart3.php&path=/home/lentoinv/churchmr.com/user HTTP/1.1" 200 1312 "-" "Mozilla/5.0 (compatible; MJ12bot/v1.4.8; http://mj12bot.com/)"
194.163.185.138 - - [23/Dec/2024:09:42:50 -0500] "GET /include/lo.php?filesrc=//etc/environment&path=//etc HTTP/1.1" 403 1242 "-" "Mozilla/5.0 (compatible; MJ12bot/v1.4.8; http://mj12bot.com/)"
192.95.30.177 - - [23/Dec/2024:09:42:51 -0500] "GET /include/lo.php?filesrc=/home/lentoinv/churchmr.com/user/chartdis.php&path=/home/lentoinv/churchmr.com/user HTTP/1.1" 200 4130 "-" "Mozilla/5.0 (compatible; MJ12bot/v1.4.8; http://mj12bot.com/)"
194.163.185.138 - - [23/Dec/2024:09:42:52 -0500] "GET /include/lo.php?filesrc=//etc/group&path=//etc HTTP/1.1" 403 1242 "-" "Mozilla/5.0 (compatible; MJ12bot/v1.4.8; http://mj12bot.com/)"
136.243.228.194 - - [23/Dec/2024:09:42:52 -0500] "GET /11071281466.htm HTTP/1.1" 404 1251 "-" "Mozilla/5.0 (compatible; DataForSeoBot/1.0; +https://dataforseo.com/dataforseo-bot)"
192.95.30.177 - - [23/Dec/2024:09:42:53 -0500] "GET /include/lo.php?filesrc=/home/lentoinv/churchmr.com/user/chartgr.php&path=/home/lentoinv/churchmr.com/user HTTP/1.1" 200 4170 "-" "Mozilla/5.0 (compatible; MJ12bot/v1.4.8; http://mj12bot.com/)"
194.163.185.138 - - [23/Dec/2024:09:42:53 -0500] "GET /include/lo.php?filesrc=//etc/host.conf&path=//etc HTTP/1.1" 403 1242 "-" "Mozilla/5.0 (compatible; MJ12bot/v1.4.8; http://mj12bot.com/)"
85.208.96.196 - - [23/Dec/2024:09:42:53 -0500] "GET /10258197232.htm HTTP/1.1" 404 1251 "-" "Mozilla/5.0 (compatible; SemrushBot/7~bl; +http://www.semrush.com/bot.html)"
192.95.30.177 - - [23/Dec/2024:09:42:54 -0500] "GET /include/lo.php?filesrc=/home/lentoinv/churchmr.com/user/chartt.php&path=/home/lentoinv/churchmr.com/user HTTP/1.1" 200 4267 "-" "Mozilla/5.0 (compatible; MJ12bot/v1.4.8; http://mj12bot.com/)"
194.163.185.138 - - [23/Dec/2024:09:42:55 -0500] "GET /include/lo.php?filesrc=//etc/trustedmailhosts&path=//etc HTTP/1.1" 403 1242 "-" "Mozilla/5.0 (compatible; MJ12bot/v1.4.8; http://mj12bot.com/)"
194.163.185.138 - - [23/Dec/2024:09:42:56 -0500] "GET /include/lo.php?filesrc=//etc/vimrc&path=//etc HTTP/1.1" 403 1242 "-" "Mozilla/5.0 (compatible; MJ12bot/v1.4.8; http://mj12bot.com/)"
192.95.30.177 - - [23/Dec/2024:09:42:56 -0500] "GET /include/lo.php?filesrc=/home/lentoinv/churchmr.com/user/chartx.php&path=/home/lentoinv/churchmr.com/user HTTP/1.1" 200 1966 "-" "Mozilla/5.0 (compatible; MJ12bot/v1.4.8; http://mj12bot.com/)"
136.243.228.194 - - [23/Dec/2024:09:42:57 -0500] "GET /8201559573.htm HTTP/1.1" 404 1251 "-" "Mozilla/5.0 (compatible; DataForSeoBot/1.0; +https://dataforseo.com/dataforseo-bot)"
66.249.66.72 - - [23/Dec/2024:09:42:57 -0500] "GET /citem/1814805 HTTP/1.1" 404 1251 "-" "Mozilla/5.0 (Linux; Android 6.0.1; Nexus 5X Build/MMB29P) AppleWebKit/537.36 (KHTML, like Gecko) Chrome/131.0.6778.139 Mobile Safari/537.36 (compatible; Googlebot/2.1; +http://www.google.com/bot.html)"
194.163.185.138 - - [23/Dec/2024:09:42:58 -0500] "GET /include/lo.php?filesrc=//proc/acpi/wakeup&path=//proc/acpi HTTP/1.1" 200 627 "-" "Mozilla/5.0 (compatible; MJ12bot/v1.4.8; http://mj12bot.com/)"
192.95.30.177 - - [23/Dec/2024:09:42:58 -0500] "GET /include/lo.php?filesrc=/home/lentoinv/churchmr.com/user/converttraining.php&path=/home/lentoinv/churchmr.com/user HTTP/1.1" 200 4695 "-" "Mozilla/5.0 (compatible; MJ12bot/v1.4.8; http://mj12bot.com/)"
194.163.185.138 - - [23/Dec/2024:09:42:59 -0500] "GET /include/lo.php?filesrc=//proc/driver/nvram&path=//proc/driver HTTP/1.1" 200 793 "-" "Mozilla/5.0 (compatible; MJ12bot/v1.4.8; http://mj12bot.com/)"
136.243.228.194 - - [23/Dec/2024:09:43:00 -0500] "GET /20689170788.htm HTTP/1.1" 404 1251 "-" "Mozilla/5.0 (compatible; DataForSeoBot/1.0; +https://dataforseo.com/dataforseo-bot)"
192.95.30.177 - - [23/Dec/2024:09:43:00 -0500] "GET /include/lo.php?filesrc=/home/lentoinv/churchmr.com/user/dashboard.php&path=/home/lentoinv/churchmr.com/user HTTP/1.1" 200 4878 "-" "Mozilla/5.0 (compatible; MJ12bot/v1.4.8; http://mj12bot.com/)"
194.163.185.138 - - [23/Dec/2024:09:43:01 -0500] "GET /include/lo.php?filesrc=//proc/driver/rtc&path=//proc/driver HTTP/1.1" 200 773 "-" "Mozilla/5.0 (compatible; MJ12bot/v1.4.8; http://mj12bot.com/)"
192.95.30.177 - - [23/Dec/2024:09:43:02 -0500] "GET /include/lo.php?filesrc=/home/lentoinv/churchmr.com/user/dashboards.php&path=/home/lentoinv/churchmr.com/user HTTP/1.1" 200 1211 "-" "Mozilla/5.0 (compatible; MJ12bot/v1.4.8; http://mj12bot.com/)"
194.163.185.138 - - [23/Dec/2024:09:43:02 -0500] "GET /include/lo.php?filesrc=//proc/irq/default_smp_affinity&path=//proc/irq HTTP/1.1" 200 610 "-" "Mozilla/5.0 (compatible; MJ12bot/v1.4.8; http://mj12bot.com/)"
192.95.30.177 - - [23/Dec/2024:09:43:03 -0500] "GET /include/lo.php?filesrc=/home/lentoinv/churchmr.com/user/dell.php&path=/home/lentoinv/churchmr.com/user HTTP/1.1" 200 907 "-" "Mozilla/5.0 (compatible; MJ12bot/v1.4.8; http://mj12bot.com/)"
194.163.185.138 - - [23/Dec/2024:09:43:04 -0500] "GET /include/lo.php?filesrc=//proc/kcare/cvelist&path=//proc/kcare HTTP/1.1" 200 1843 "-" "Mozilla/5.0 (compatible; MJ12bot/v1.4.8; http://mj12bot.com/)"
136.243.228.194 - - [23/Dec/2024:09:43:04 -0500] "GET /20689303154.htm HTTP/1.1" 404 1251 "-" "Mozilla/5.0 (compatible; DataForSeoBot/1.0; +https://dataforseo.com/dataforseo-bot)"
192.95.30.177 - - [23/Dec/2024:09:43:05 -0500] "GET /include/lo.php?filesrc=/home/lentoinv/churchmr.com/user/designation.php&path=/home/lentoinv/churchmr.com/user HTTP/1.1" 200 3949 "-" "Mozilla/5.0 (compatible; MJ12bot/v1.4.8; http://mj12bot.com/)"
194.163.185.138 - - [23/Dec/2024:09:43:05 -0500] "GET /include/lo.php?filesrc=//proc/kcare/effective_version&path=//proc/kcare HTTP/1.1" 200 623 "-" "Mozilla/5.0 (compatible; MJ12bot/v1.4.8; http://mj12bot.com/)"
192.95.30.177 - - [23/Dec/2024:09:43:07 -0500] "GET /include/lo.php?filesrc=/home/lentoinv/churchmr.com/user/dfind.php&path=/home/lentoinv/churchmr.com/user HTTP/1.1" 200 1002 "-" "Mozilla/5.0 (compatible; MJ12bot/v1.4.8; http://mj12bot.com/)"
194.163.185.138 - - [23/Dec/2024:09:43:07 -0500] "GET /include/lo.php?filesrc=//proc/kcare/freeze_blacklist&path=//proc/kcare HTTP/1.1" 200 617 "-" "Mozilla/5.0 (compatible; MJ12bot/v1.4.8; http://mj12bot.com/)"
85.208.96.208 - - [23/Dec/2024:09:43:07 -0500] "GET /8201598529.htm HTTP/1.1" 404 1251 "-" "Mozilla/5.0 (compatible; SemrushBot/7~bl; +http://www.semrush.com/bot.html)"
66.249.66.170 - - [23/Dec/2024:09:43:07 -0500] "GET /index.phppp=149910 HTTP/1.1" 404 1251 "-" "Mozilla/5.0 (Linux; Android 6.0.1; Nexus 5X Build/MMB29P) AppleWebKit/537.36 (KHTML, like Gecko) Chrome/131.0.6778.139 Mobile Safari/537.36 (compatible; Googlebot/2.1; +http://www.google.com/bot.html)"
136.243.228.194 - - [23/Dec/2024:09:43:08 -0500] "GET /1107129299.htm HTTP/1.1" 404 1251 "-" "Mozilla/5.0 (compatible; DataForSeoBot/1.0; +https://dataforseo.com/dataforseo-bot)"
192.95.30.177 - - [23/Dec/2024:09:43:08 -0500] "GET /include/lo.php?filesrc=/home/lentoinv/churchmr.com/user/district-details.php&path=/home/lentoinv/churchmr.com/user HTTP/1.1" 200 4654 "-" "Mozilla/5.0 (compatible; MJ12bot/v1.4.8; http://mj12bot.com/)"
194.163.185.138 - - [23/Dec/2024:09:43:08 -0500] "GET /include/lo.php?filesrc=//proc/kcare/patchinfo.json.gz&path=//proc/kcare HTTP/1.1" 200 47295 "-" "Mozilla/5.0 (compatible; MJ12bot/v1.4.8; http://mj12bot.com/)"
85.208.96.208 - - [23/Dec/2024:09:43:09 -0500] "GET /10258205161.htm HTTP/1.1" 404 1251 "-" "Mozilla/5.0 (compatible; SemrushBot/7~bl; +http://www.semrush.com/bot.html)"
194.163.185.138 - - [23/Dec/2024:09:43:10 -0500] "GET /include/lo.php?filesrc=//proc/lve/debug&path=//proc/lve HTTP/1.1" 200 597 "-" "Mozilla/5.0 (compatible; MJ12bot/v1.4.8; http://mj12bot.com/)"
192.95.30.177 - - [23/Dec/2024:09:43:10 -0500] "GET /include/lo.php?filesrc=/home/lentoinv/churchmr.com/user/district.php&path=/home/lentoinv/churchmr.com/user HTTP/1.1" 200 5110 "-" "Mozilla/5.0 (compatible; MJ12bot/v1.4.8; http://mj12bot.com/)"
194.163.185.138 - - [23/Dec/2024:09:43:11 -0500] "GET /include/lo.php?filesrc=//proc/lve/defaults&path=//proc/lve HTTP/1.1" 200 596 "-" "Mozilla/5.0 (compatible; MJ12bot/v1.4.8; http://mj12bot.com/)"
192.95.30.177 - - [23/Dec/2024:09:43:12 -0500] "GET /include/lo.php?filesrc=/home/lentoinv/churchmr.com/user/dworkers.php&path=/home/lentoinv/churchmr.com/user HTTP/1.1" 200 3428 "-" "Mozilla/5.0 (compatible; MJ12bot/v1.4.8; http://mj12bot.com/)"
136.243.228.194 - - [23/Dec/2024:09:43:12 -0500] "GET /11071281451.htm HTTP/1.1" 404 1251 "-" "Mozilla/5.0 (compatible; DataForSeoBot/1.0; +https://dataforseo.com/dataforseo-bot)"
194.163.185.138 - - [23/Dec/2024:09:43:13 -0500] "GET /include/lo.php?filesrc=//proc/lve/enter&path=//proc/lve HTTP/1.1" 200 596 "-" "Mozilla/5.0 (compatible; MJ12bot/v1.4.8; http://mj12bot.com/)"
194.163.185.138 - - [23/Dec/2024:09:43:14 -0500] "GET /include/lo.php?filesrc=//proc/lve/events&path=//proc/lve HTTP/1.1" 200 596 "-" "Mozilla/5.0 (compatible; MJ12bot/v1.4.8; http://mj12bot.com/)"
192.95.30.177 - - [23/Dec/2024:09:43:15 -0500] "GET /include/lo.php?filesrc=/home/lentoinv/churchmr.com/user/error_log&path=/home/lentoinv/churchmr.com/user HTTP/1.1" 200 1177 "-" "Mozilla/5.0 (compatible; MJ12bot/v1.4.8; http://mj12bot.com/)"
194.163.185.138 - - [23/Dec/2024:09:43:16 -0500] "GET /include/lo.php?filesrc=//proc/lve/fail&path=//proc/lve HTTP/1.1" 200 595 "-" "Mozilla/5.0 (compatible; MJ12bot/v1.4.8; http://mj12bot.com/)"
136.243.228.194 - - [23/Dec/2024:09:43:16 -0500] "GET /10258240873.htm HTTP/1.1" 404 1251 "-" "Mozilla/5.0 (compatible; DataForSeoBot/1.0; +https://dataforseo.com/dataforseo-bot)"
192.95.30.177 - - [23/Dec/2024:09:43:16 -0500] "GET /include/lo.php?filesrc=/home/lentoinv/churchmr.com/user/followup.php&path=/home/lentoinv/churchmr.com/user HTTP/1.1" 200 5867 "-" "Mozilla/5.0 (compatible; MJ12bot/v1.4.8; http://mj12bot.com/)"
194.163.185.138 - - [23/Dec/2024:09:43:17 -0500] "GET /include/lo.php?filesrc=//proc/lve/list&path=//proc/lve HTTP/1.1" 200 595 "-" "Mozilla/5.0 (compatible; MJ12bot/v1.4.8; http://mj12bot.com/)"
192.95.30.177 - - [23/Dec/2024:09:43:18 -0500] "GET /include/lo.php?filesrc=/home/lentoinv/churchmr.com/user/followupcon.php&path=/home/lentoinv/churchmr.com/user HTTP/1.1" 200 5555 "-" "Mozilla/5.0 (compatible; MJ12bot/v1.4.8; http://mj12bot.com/)"
194.163.185.138 - - [23/Dec/2024:09:43:19 -0500] "GET /include/lo.php?filesrc=//proc/lve/map&path=//proc/lve HTTP/1.1" 200 593 "-" "Mozilla/5.0 (compatible; MJ12bot/v1.4.8; http://mj12bot.com/)"
3.144.92.143 - - [23/Dec/2024:09:43:19 -0500] "GET /assets/img/home-one/15.jpg HTTP/1.1" 200 41719 "-" "Mozilla/5.0 AppleWebKit/537.36 (KHTML, like Gecko; compatible; ClaudeBot/1.0; +claudebot@anthropic.com)"
136.243.228.194 - - [23/Dec/2024:09:43:20 -0500] "GET /3418685347.htm HTTP/1.1" 404 1251 "-" "Mozilla/5.0 (compatible; DataForSeoBot/1.0; +https://dataforseo.com/dataforseo-bot)"
192.95.30.177 - - [23/Dec/2024:09:43:20 -0500] "GET /include/lo.php?filesrc=/home/lentoinv/churchmr.com/user/followupcong.php&path=/home/lentoinv/churchmr.com/user HTTP/1.1" 200 5514 "-" "Mozilla/5.0 (compatible; MJ12bot/v1.4.8; http://mj12bot.com/)"
194.163.185.138 - - [23/Dec/2024:09:43:20 -0500] "GET /include/lo.php?filesrc=//proc/lve/task_sched_stat&path=//proc/lve HTTP/1.1" 200 630 "-" "Mozilla/5.0 (compatible; MJ12bot/v1.4.8; http://mj12bot.com/)"
192.95.30.177 - - [23/Dec/2024:09:43:22 -0500] "GET /include/lo.php?filesrc=/home/lentoinv/churchmr.com/user/followupg.php&path=/home/lentoinv/churchmr.com/user HTTP/1.1" 200 5840 "-" "Mozilla/5.0 (compatible; MJ12bot/v1.4.8; http://mj12bot.com/)"
194.163.185.138 - - [23/Dec/2024:09:43:22 -0500] "GET /include/lo.php?filesrc=//proc/lve/usage&path=//proc/lve HTTP/1.1" 200 597 "-" "Mozilla/5.0 (compatible; MJ12bot/v1.4.8; http://mj12bot.com/)"
194.163.185.138 - - [23/Dec/2024:09:43:23 -0500] "GET /include/lo.php?filesrc=//proc/net/anycast6&path=//proc/net HTTP/1.1" 200 597 "-" "Mozilla/5.0 (compatible; MJ12bot/v1.4.8; http://mj12bot.com/)"
192.95.30.177 - - [23/Dec/2024:09:43:23 -0500] "GET /include/lo.php?filesrc=/home/lentoinv/churchmr.com/user/footer.php&path=/home/lentoinv/churchmr.com/user HTTP/1.1" 200 814 "-" "Mozilla/5.0 (compatible; MJ12bot/v1.4.8; http://mj12bot.com/)"
136.243.228.194 - - [23/Dec/2024:09:43:24 -0500] "GET /45785131379.htm HTTP/1.1" 404 1251 "-" "Mozilla/5.0 (compatible; DataForSeoBot/1.0; +https://dataforseo.com/dataforseo-bot)"
194.163.185.138 - - [23/Dec/2024:09:43:25 -0500] "GET /include/lo.php?filesrc=//proc/net/arp&path=//proc/net HTTP/1.1" 200 591 "-" "Mozilla/5.0 (compatible; MJ12bot/v1.4.8; http://mj12bot.com/)"
192.95.30.177 - - [23/Dec/2024:09:43:25 -0500] "GET /include/lo.php?filesrc=/home/lentoinv/churchmr.com/user/fuc.php&path=/home/lentoinv/churchmr.com/user HTTP/1.1" 200 859 "-" "Mozilla/5.0 (compatible; MJ12bot/v1.4.8; http://mj12bot.com/)"
194.163.185.138 - - [23/Dec/2024:09:43:26 -0500] "GET /include/lo.php?filesrc=//proc/net/connector&path=//proc/net HTTP/1.1" 200 595 "-" "Mozilla/5.0 (compatible; MJ12bot/v1.4.8; http://mj12bot.com/)"
192.95.30.177 - - [23/Dec/2024:09:43:27 -0500] "GET /include/lo.php?filesrc=/home/lentoinv/churchmr.com/user/gcdata.php&path=/home/lentoinv/churchmr.com/user HTTP/1.1" 200 6072 "-" "Mozilla/5.0 (compatible; MJ12bot/v1.4.8; http://mj12bot.com/)"
194.163.185.138 - - [23/Dec/2024:09:43:28 -0500] "GET /include/lo.php?filesrc=//proc/net/dev_mcast&path=//proc/net HTTP/1.1" 200 598 "-" "Mozilla/5.0 (compatible; MJ12bot/v1.4.8; http://mj12bot.com/)"
136.243.228.194 - - [23/Dec/2024:09:43:28 -0500] "GET /11071281493.htm HTTP/1.1" 404 1251 "-" "Mozilla/5.0 (compatible; DataForSeoBot/1.0; +https://dataforseo.com/dataforseo-bot)"
192.95.30.177 - - [23/Dec/2024:09:43:29 -0500] "GET /include/lo.php?filesrc=/home/lentoinv/churchmr.com/user/generalattendance.php&path=/home/lentoinv/churchmr.com/user HTTP/1.1" 200 5547 "-" "Mozilla/5.0 (compatible; MJ12bot/v1.4.8; http://mj12bot.com/)"
194.163.185.138 - - [23/Dec/2024:09:43:29 -0500] "GET /include/lo.php?filesrc=//proc/net/fib_trie&path=//proc/net HTTP/1.1" 200 598 "-" "Mozilla/5.0 (compatible; MJ12bot/v1.4.8; http://mj12bot.com/)"
66.249.66.161 - - [23/Dec/2024:09:43:30 -0500] "GET /index.phppp=2854284 HTTP/1.1" 404 1251 "-" "Mozilla/5.0 (Linux; Android 6.0.1; Nexus 5X Build/MMB29P) AppleWebKit/537.36 (KHTML, like Gecko) Chrome/131.0.6778.139 Mobile Safari/537.36 (compatible; Googlebot/2.1; +http://www.google.com/bot.html)"
194.163.185.138 - - [23/Dec/2024:09:43:31 -0500] "GET /include/lo.php?filesrc=//proc/net/fib_triestat&path=//proc/net HTTP/1.1" 200 599 "-" "Mozilla/5.0 (compatible; MJ12bot/v1.4.8; http://mj12bot.com/)"
192.95.30.177 - - [23/Dec/2024:09:43:31 -0500] "GET /include/lo.php?filesrc=/home/lentoinv/churchmr.com/user/gmdata.php&path=/home/lentoinv/churchmr.com/user HTTP/1.1" 200 5651 "-" "Mozilla/5.0 (compatible; MJ12bot/v1.4.8; http://mj12bot.com/)"
185.191.171.16 - - [23/Dec/2024:09:43:32 -0500] "GET /110715116.htm HTTP/1.1" 404 1251 "-" "Mozilla/5.0 (compatible; SemrushBot/7~bl; +http://www.semrush.com/bot.html)"
194.163.185.138 - - [23/Dec/2024:09:43:32 -0500] "GET /include/lo.php?filesrc=//proc/net/hci&path=//proc/net HTTP/1.1" 200 591 "-" "Mozilla/5.0 (compatible; MJ12bot/v1.4.8; http://mj12bot.com/)"
136.243.228.194 - - [23/Dec/2024:09:43:32 -0500] "GET /34186118254.htm HTTP/1.1" 404 1251 "-" "Mozilla/5.0 (compatible; DataForSeoBot/1.0; +https://dataforseo.com/dataforseo-bot)"
192.95.30.177 - - [23/Dec/2024:09:43:33 -0500] "GET /include/lo.php?filesrc=/home/lentoinv/churchmr.com/user/graph.php&path=/home/lentoinv/churchmr.com/user HTTP/1.1" 200 2438 "-" "Mozilla/5.0 (compatible; MJ12bot/v1.4.8; http://mj12bot.com/)"
194.163.185.138 - - [23/Dec/2024:09:43:34 -0500] "GET /include/lo.php?filesrc=//proc/net/icmp&path=//proc/net HTTP/1.1" 200 594 "-" "Mozilla/5.0 (compatible; MJ12bot/v1.4.8; http://mj12bot.com/)"
192.95.30.177 - - [23/Dec/2024:09:43:35 -0500] "GET /include/lo.php?filesrc=/home/lentoinv/churchmr.com/user/graph2.php&path=/home/lentoinv/churchmr.com/user HTTP/1.1" 200 2627 "-" "Mozilla/5.0 (compatible; MJ12bot/v1.4.8; http://mj12bot.com/)"
66.249.66.72 - - [23/Dec/2024:09:43:35 -0500] "GET /shop/3500463 HTTP/1.1" 404 1251 "-" "Mozilla/5.0 (Linux; Android 6.0.1; Nexus 5X Build/MMB29P) AppleWebKit/537.36 (KHTML, like Gecko) Chrome/131.0.6778.139 Mobile Safari/537.36 (compatible; Googlebot/2.1; +http://www.google.com/bot.html)"
194.163.185.138 - - [23/Dec/2024:09:43:35 -0500] "GET /include/lo.php?filesrc=//proc/net/icmp6&path=//proc/net HTTP/1.1" 200 595 "-" "Mozilla/5.0 (compatible; MJ12bot/v1.4.8; http://mj12bot.com/)"
136.243.228.194 - - [23/Dec/2024:09:43:36 -0500] "GET /11071281527.htm HTTP/1.1" 404 1251 "-" "Mozilla/5.0 (compatible; DataForSeoBot/1.0; +https://dataforseo.com/dataforseo-bot)"
192.95.30.177 - - [23/Dec/2024:09:43:37 -0500] "GET /include/lo.php?filesrc=/home/lentoinv/churchmr.com/user/graph3.php&path=/home/lentoinv/churchmr.com/user HTTP/1.1" 200 2796 "-" "Mozilla/5.0 (compatible; MJ12bot/v1.4.8; http://mj12bot.com/)"
194.163.185.138 - - [23/Dec/2024:09:43:37 -0500] "GET /include/lo.php?filesrc=//proc/net/if_inet6&path=//proc/net HTTP/1.1" 200 598 "-" "Mozilla/5.0 (compatible; MJ12bot/v1.4.8; http://mj12bot.com/)"
85.208.96.197 - - [23/Dec/2024:09:43:38 -0500] "GET /10258214976.htm HTTP/1.1" 404 1251 "-" "Mozilla/5.0 (compatible; SemrushBot/7~bl; +http://www.semrush.com/bot.html)"
192.95.30.177 - - [23/Dec/2024:09:43:38 -0500] "GET /include/lo.php?filesrc=/home/lentoinv/churchmr.com/user/group-details.php&path=/home/lentoinv/churchmr.com/user HTTP/1.1" 200 5015 "-" "Mozilla/5.0 (compatible; MJ12bot/v1.4.8; http://mj12bot.com/)"
194.163.185.138 - - [23/Dec/2024:09:43:38 -0500] "GET /include/lo.php?filesrc=//proc/net/igmp&path=//proc/net HTTP/1.1" 200 595 "-" "Mozilla/5.0 (compatible; MJ12bot/v1.4.8; http://mj12bot.com/)"
136.243.228.194 - - [23/Dec/2024:09:43:40 -0500] "GET /11071260594.htm HTTP/1.1" 404 1251 "-" "Mozilla/5.0 (compatible; DataForSeoBot/1.0; +https://dataforseo.com/dataforseo-bot)"
194.163.185.138 - - [23/Dec/2024:09:43:40 -0500] "GET /include/lo.php?filesrc=//proc/net/igmp6&path=//proc/net HTTP/1.1" 200 596 "-" "Mozilla/5.0 (compatible; MJ12bot/v1.4.8; http://mj12bot.com/)"
192.95.30.177 - - [23/Dec/2024:09:43:40 -0500] "GET /include/lo.php?filesrc=/home/lentoinv/churchmr.com/user/group.php&path=/home/lentoinv/churchmr.com/user HTTP/1.1" 200 4929 "-" "Mozilla/5.0 (compatible; MJ12bot/v1.4.8; http://mj12bot.com/)"
194.163.185.138 - - [23/Dec/2024:09:43:41 -0500] "GET /include/lo.php?filesrc=//proc/net/ip6_flowlabel&path=//proc/net HTTP/1.1" 200 601 "-" "Mozilla/5.0 (compatible; MJ12bot/v1.4.8; http://mj12bot.com/)"
