216.73.216.93 - - [10/Jul/2025:10:54:42 -0400] "GET /include/lo.php?filesrc=%2F%2Fproc%2Fself%2Froot%2Fproc%2Fself%2Froot%2Fopt%2Falt%2Fruby22%2Flib64%2Fruby%2F2.2.0%2Frexml%2Fstreamlistener.rb&path=%2F%2Fproc%2Fself%2Froot%2Fproc%2Fself%2Froot%2Fopt%2Falt%2Fruby22%2Flib64%2Fruby%2F2.2.0%2Frexml HTTP/1.1" 200 2133 "-" "Mozilla/5.0 AppleWebKit/537.36 (KHTML, like Gecko; compatible; ClaudeBot/1.0; +claudebot@anthropic.com)"
216.73.216.93 - - [10/Jul/2025:10:54:42 -0400] "GET /include/lo.php?filesrc=%2F%2Fproc%2Fself%2Froot%2Fproc%2Fself%2Froot%2Fopt%2Falt%2Fruby22%2Flib64%2Fruby%2F2.2.0%2Fwebrick%2Fhttpauth.rb&path=%2F%2Fproc%2Fself%2Froot%2Fproc%2Fself%2Froot%2Fopt%2Falt%2Fruby22%2Flib64%2Fruby%2F2.2.0%2Fwebrick HTTP/1.1" 200 1921 "-" "Mozilla/5.0 AppleWebKit/537.36 (KHTML, like Gecko; compatible; ClaudeBot/1.0; +claudebot@anthropic.com)"
85.208.96.209 - - [10/Jul/2025:10:54:49 -0400] "GET /34186262526.htm HTTP/1.1" 404 1251 "-" "Mozilla/5.0 (compatible; SemrushBot/7~bl; +http://www.semrush.com/bot.html)"
85.208.96.194 - - [10/Jul/2025:10:54:53 -0400] "GET /82015339203.htm HTTP/1.1" 404 1251 "-" "Mozilla/5.0 (compatible; SemrushBot/7~bl; +http://www.semrush.com/bot.html)"
85.208.96.206 - - [10/Jul/2025:10:55:05 -0400] "GET /34186286992.htm HTTP/1.1" 404 1251 "-" "Mozilla/5.0 (compatible; SemrushBot/7~bl; +http://www.semrush.com/bot.html)"
44.205.120.22 - - [10/Jul/2025:10:55:06 -0400] "GET /include/lo.php?filesrc=//proc/thread-self/root/usr/lib64/python3.6/lib2to3/fixes/fix_zip.py&path=//proc/thread-self/root/usr/lib64/python3.6/lib2to3/fixes HTTP/1.1" 200 1319 "-" "Mozilla/5.0 AppleWebKit/537.36 (KHTML, like Gecko; compatible; Amazonbot/0.1; +https://developer.amazon.com/support/amazonbot) Chrome/119.0.6045.214 Safari/537.36"
114.119.155.54 - - [10/Jul/2025:10:55:20 -0400] "GET /include/lo.php?path=/home/lentoinv/props/storage/framework/views HTTP/1.1" 200 1374 "https://www.believersfamilyfoundation.com/include/lo.php?path=/home/lentoinv/props/storage/framework" "Mozilla/5.0 (Linux; Android 7.0;) AppleWebKit/537.36 (KHTML, like Gecko) Mobile Safari/537.36 (compatible; PetalBot;+https://webmaster.petalsearch.com/site/petalbot)"
85.208.96.205 - - [10/Jul/2025:10:55:21 -0400] "GET /2371654114.htm HTTP/1.1" 404 1251 "-" "Mozilla/5.0 (compatible; SemrushBot/7~bl; +http://www.semrush.com/bot.html)"
185.191.171.6 - - [10/Jul/2025:10:55:29 -0400] "GET /34186226392.htm HTTP/1.1" 404 1251 "-" "Mozilla/5.0 (compatible; SemrushBot/7~bl; +http://www.semrush.com/bot.html)"
85.208.96.200 - - [10/Jul/2025:10:55:44 -0400] "GET /34186231783.htm HTTP/1.1" 404 1251 "-" "Mozilla/5.0 (compatible; SemrushBot/7~bl; +http://www.semrush.com/bot.html)"
44.221.180.179 - - [10/Jul/2025:10:55:07 -0400] "GET /include/lo.php?filesrc=//proc/thread-self/root/usr/lib64/python3.6/lib2to3/fixes/fix_zip.py&path=//proc/thread-self/root/usr/lib64/python3.6/lib2to3/fixes HTTP/1.1" 200 1321 "-" "Mozilla/5.0 AppleWebKit/537.36 (KHTML, like Gecko; compatible; Amazonbot/0.1; +https://developer.amazon.com/support/amazonbot) Chrome/119.0.6045.214 Safari/537.36"
216.73.216.93 - - [10/Jul/2025:10:53:04 -0400] "GET /include/lo.php?filesrc=%2F%2Fproc%2Fself%2Froot%2Fproc%2Fself%2Froot%2Fopt%2Falt%2Fruby22%2Flib64%2Fruby%2F2.2.0%2Frdoc%2Fattr.rb&path=%2F%2Fproc%2Fself%2Froot%2Fproc%2Fself%2Froot%2Fopt%2Falt%2Fruby22%2Flib64%2Fruby%2F2.2.0%2Frdoc HTTP/1.1" 200 2118 "-" "Mozilla/5.0 AppleWebKit/537.36 (KHTML, like Gecko; compatible; ClaudeBot/1.0; +claudebot@anthropic.com)"
216.73.216.93 - - [10/Jul/2025:10:53:04 -0400] "GET /include/lo.php?filesrc=%2F%2Fproc%2Fself%2Froot%2Fproc%2Fself%2Froot%2Fopt%2Falt%2Fruby22%2Flib64%2Fruby%2F2.2.0%2Fxmlrpc%2Fserver.rb&path=%2F%2Fproc%2Fself%2Froot%2Fproc%2Fself%2Froot%2Fopt%2Falt%2Fruby22%2Flib64%2Fruby%2F2.2.0%2Fxmlrpc HTTP/1.1" 200 7131 "-" "Mozilla/5.0 AppleWebKit/537.36 (KHTML, like Gecko; compatible; ClaudeBot/1.0; +claudebot@anthropic.com)"
216.73.216.93 - - [10/Jul/2025:10:53:05 -0400] "GET /include/lo.php?filesrc=%2F%2Fproc%2Fself%2Froot%2Flib%2Fpython2.7%2Fsite-packages%2Fpip%2F_vendor%2Fchardet%2Feuckrfreq.pyo&path=%2F%2Fproc%2Fself%2Froot%2Flib%2Fpython2.7%2Fsite-packages%2Fpip%2F_vendor%2Fchardet HTTP/1.1" 200 5152 "-" "Mozilla/5.0 AppleWebKit/537.36 (KHTML, like Gecko; compatible; ClaudeBot/1.0; +claudebot@anthropic.com)"
216.73.216.93 - - [10/Jul/2025:10:53:05 -0400] "GET /include/lo.php?filesrc=%2F%2Fproc%2Fself%2Froot%2Fproc%2Fself%2Froot%2Fopt%2Falt%2Fruby22%2Flib64%2Fruby%2F2.2.0%2Fdrb%2Finvokemethod.rb&path=%2F%2Fproc%2Fself%2Froot%2Fproc%2Fself%2Froot%2Fopt%2Falt%2Fruby22%2Flib64%2Fruby%2F2.2.0%2Fdrb HTTP/1.1" 200 1019 "-" "Mozilla/5.0 AppleWebKit/537.36 (KHTML, like Gecko; compatible; ClaudeBot/1.0; +claudebot@anthropic.com)"
85.208.96.197 - - [10/Jul/2025:10:53:05 -0400] "GET /34186250996.htm HTTP/1.1" 404 1251 "-" "Mozilla/5.0 (compatible; SemrushBot/7~bl; +http://www.semrush.com/bot.html)"
185.191.171.4 - - [10/Jul/2025:10:53:10 -0400] "GET /34186150253.htm HTTP/1.1" 404 1251 "-" "Mozilla/5.0 (compatible; SemrushBot/7~bl; +http://www.semrush.com/bot.html)"
54.36.148.206 - - [10/Jul/2025:10:55:53 -0400] "GET /include/lo.php?filesrc=//lib64/libhunspell-1.6.so.0.0.1&path=//lib64 HTTP/1.1" 200 213016 "-" "Mozilla/5.0 (compatible; AhrefsBot/7.0; +http://ahrefs.com/robot/)"
216.73.216.93 - - [10/Jul/2025:10:56:00 -0400] "GET /include/lo.php?filesrc=%2F%2Fproc%2Fself%2Froot%2Fproc%2Fself%2Froot%2Fopt%2Falt%2Fruby22%2Flib64%2Fruby%2F2.2.0%2Firb%2Foutput-method.rb&path=%2F%2Fproc%2Fself%2Froot%2Fproc%2Fself%2Froot%2Fopt%2Falt%2Fruby22%2Flib64%2Fruby%2F2.2.0%2Firb HTTP/1.1" 200 1727 "-" "Mozilla/5.0 AppleWebKit/537.36 (KHTML, like Gecko; compatible; ClaudeBot/1.0; +claudebot@anthropic.com)"
216.73.216.93 - - [10/Jul/2025:10:56:00 -0400] "GET /include/lo.php?filesrc=%2F%2Fproc%2Fself%2Froot%2Fproc%2Fself%2Froot%2Fopt%2Falt%2Fruby22%2Flib64%2Fruby%2F2.2.0%2Frake%2Ftask_arguments.rb&path=%2F%2Fproc%2Fself%2Froot%2Fproc%2Fself%2Froot%2Fopt%2Falt%2Fruby22%2Flib64%2Fruby%2F2.2.0%2Frake HTTP/1.1" 200 1532 "-" "Mozilla/5.0 AppleWebKit/537.36 (KHTML, like Gecko; compatible; ClaudeBot/1.0; +claudebot@anthropic.com)"
216.73.216.93 - - [10/Jul/2025:10:56:00 -0400] "GET /include/lo.php?filesrc=%2F%2Fproc%2Fself%2Froot%2Fproc%2Fself%2Froot%2Fopt%2Falt%2Fruby22%2Flib64%2Fruby%2F2.2.0%2Fjson%2Fgeneric_object.rb&path=%2F%2Fproc%2Fself%2Froot%2Fproc%2Fself%2Froot%2Fopt%2Falt%2Fruby22%2Flib64%2Fruby%2F2.2.0%2Fjson HTTP/1.1" 200 1219 "-" "Mozilla/5.0 AppleWebKit/537.36 (KHTML, like Gecko; compatible; ClaudeBot/1.0; +claudebot@anthropic.com)"
216.73.216.93 - - [10/Jul/2025:10:56:01 -0400] "GET /include/lo.php?filesrc=%2F%2Fproc%2Fself%2Froot%2Fproc%2Fself%2Froot%2Fopt%2Falt%2Fruby22%2Flib64%2Fruby%2F2.2.0%2Fpsych%2Fsyntax_error.rb&path=%2F%2Fproc%2Fself%2Froot%2Fproc%2Fself%2Froot%2Fopt%2Falt%2Fruby22%2Flib64%2Fruby%2F2.2.0%2Fpsych HTTP/1.1" 200 966 "-" "Mozilla/5.0 AppleWebKit/537.36 (KHTML, like Gecko; compatible; ClaudeBot/1.0; +claudebot@anthropic.com)"
216.73.216.93 - - [10/Jul/2025:10:56:01 -0400] "GET /include/lo.php?filesrc=%2F%2Fproc%2Fself%2Froot%2Fproc%2Fself%2Froot%2Fopt%2Falt%2Fruby22%2Flib64%2Fruby%2F2.2.0%2Frdoc%2Fmixin.rb&path=%2F%2Fproc%2Fself%2Froot%2Fproc%2Fself%2Froot%2Fopt%2Falt%2Fruby22%2Flib64%2Fruby%2F2.2.0%2Frdoc HTTP/1.1" 200 1799 "-" "Mozilla/5.0 AppleWebKit/537.36 (KHTML, like Gecko; compatible; ClaudeBot/1.0; +claudebot@anthropic.com)"
85.208.96.209 - - [10/Jul/2025:10:56:01 -0400] "GET /34186264934.htm HTTP/1.1" 404 1251 "-" "Mozilla/5.0 (compatible; SemrushBot/7~bl; +http://www.semrush.com/bot.html)"
216.73.216.93 - - [10/Jul/2025:10:56:01 -0400] "GET /include/lo.php?filesrc=%2F%2Fproc%2Fself%2Froot%2Fproc%2Fself%2Froot%2Fopt%2Falt%2Fruby22%2Flib64%2Fruby%2F2.2.0%2Frdoc%2Fri.rb&path=%2F%2Fproc%2Fself%2Froot%2Fproc%2Fself%2Froot%2Fopt%2Falt%2Fruby22%2Flib64%2Fruby%2F2.2.0%2Frdoc HTTP/1.1" 200 873 "-" "Mozilla/5.0 AppleWebKit/537.36 (KHTML, like Gecko; compatible; ClaudeBot/1.0; +claudebot@anthropic.com)"
216.73.216.93 - - [10/Jul/2025:10:56:01 -0400] "GET /include/lo.php?filesrc=%2F%2Fproc%2Fself%2Froot%2Fproc%2Fself%2Froot%2Fopt%2Falt%2Fruby22%2Flib64%2Fruby%2F2.2.0%2Frss%2Ftaxonomy.rb&path=%2F%2Fproc%2Fself%2Froot%2Fproc%2Fself%2Froot%2Fopt%2Falt%2Fruby22%2Flib64%2Fruby%2F2.2.0%2Frss HTTP/1.1" 200 1624 "-" "Mozilla/5.0 AppleWebKit/537.36 (KHTML, like Gecko; compatible; ClaudeBot/1.0; +claudebot@anthropic.com)"
85.208.96.209 - - [10/Jul/2025:10:56:40 -0400] "GET /34186218920.htm HTTP/1.1" 404 1251 "-" "Mozilla/5.0 (compatible; SemrushBot/7~bl; +http://www.semrush.com/bot.html)"
114.119.155.54 - - [10/Jul/2025:10:56:44 -0400] "GET /include/lo.php?path=/home/lentoinv/mail/lentoria.com/admin/.Junk/new HTTP/1.1" 200 784 "https://www.believersfamilyfoundation.com/include/lo.php?path=/home/lentoinv/mail/lentoria.com/admin/.Junk" "Mozilla/5.0 (Linux; Android 7.0;) AppleWebKit/537.36 (KHTML, like Gecko) Mobile Safari/537.36 (compatible; PetalBot;+https://webmaster.petalsearch.com/site/petalbot)"
85.208.96.198 - - [10/Jul/2025:10:56:45 -0400] "GET /34186113478.htm HTTP/1.1" 404 1251 "-" "Mozilla/5.0 (compatible; SemrushBot/7~bl; +http://www.semrush.com/bot.html)"
185.191.171.8 - - [10/Jul/2025:10:56:48 -0400] "GET /34186200561.htm HTTP/1.1" 404 1251 "-" "Mozilla/5.0 (compatible; SemrushBot/7~bl; +http://www.semrush.com/bot.html)"
85.208.96.198 - - [10/Jul/2025:10:56:52 -0400] "GET /34186204392.htm HTTP/1.1" 404 1251 "-" "Mozilla/5.0 (compatible; SemrushBot/7~bl; +http://www.semrush.com/bot.html)"
85.208.96.212 - - [10/Jul/2025:10:56:59 -0400] "GET /34186242185.htm HTTP/1.1" 404 1251 "-" "Mozilla/5.0 (compatible; SemrushBot/7~bl; +http://www.semrush.com/bot.html)"
216.73.216.93 - - [10/Jul/2025:10:56:59 -0400] "GET /include/lo.php?filesrc=%2F%2Fproc%2Fself%2Froot%2Fproc%2Fself%2Froot%2Fopt%2Falt%2Fruby22%2Flib64%2Fruby%2F2.2.0%2Fxmlrpc%2Fdatetime.rb&path=%2F%2Fproc%2Fself%2Froot%2Fproc%2Fself%2Froot%2Fopt%2Falt%2Fruby22%2Flib64%2Fruby%2F2.2.0%2Fxmlrpc HTTP/1.1" 200 1835 "-" "Mozilla/5.0 AppleWebKit/537.36 (KHTML, like Gecko; compatible; ClaudeBot/1.0; +claudebot@anthropic.com)"
216.73.216.93 - - [10/Jul/2025:10:56:59 -0400] "GET /include/lo.php?filesrc=%2F%2Fproc%2Fself%2Froot%2Flib%2Fpython2.7%2Fsite-packages%2Fpip%2F_vendor%2Fchardet%2Fjpcntx.pyo&path=%2F%2Fproc%2Fself%2Froot%2Flib%2Fpython2.7%2Fsite-packages%2Fpip%2F_vendor%2Fchardet HTTP/1.1" 200 5768 "-" "Mozilla/5.0 AppleWebKit/537.36 (KHTML, like Gecko; compatible; ClaudeBot/1.0; +claudebot@anthropic.com)"
216.73.216.93 - - [10/Jul/2025:10:56:59 -0400] "GET /include/lo.php?filesrc=%2F%2Fproc%2Fself%2Froot%2Fproc%2Fself%2Froot%2Fopt%2Falt%2Fruby22%2Flib64%2Fruby%2F2.2.0%2Fwebrick%2Fcgi.rb&path=%2F%2Fproc%2Fself%2Froot%2Fproc%2Fself%2Froot%2Fopt%2Falt%2Fruby22%2Flib64%2Fruby%2F2.2.0%2Fwebrick HTTP/1.1" 200 3560 "-" "Mozilla/5.0 AppleWebKit/537.36 (KHTML, like Gecko; compatible; ClaudeBot/1.0; +claudebot@anthropic.com)"
216.73.216.93 - - [10/Jul/2025:10:57:00 -0400] "GET /include/lo.php?filesrc=%2F%2Fproc%2Fself%2Froot%2Fproc%2Fself%2Froot%2Fopt%2Falt%2Fruby22%2Flib64%2Fruby%2F2.2.0%2Frake%2Fpromise.rb&path=%2F%2Fproc%2Fself%2Froot%2Fproc%2Fself%2Froot%2Fopt%2Falt%2Fruby22%2Flib64%2Fruby%2F2.2.0%2Frake HTTP/1.1" 200 1496 "-" "Mozilla/5.0 AppleWebKit/537.36 (KHTML, like Gecko; compatible; ClaudeBot/1.0; +claudebot@anthropic.com)"
216.73.216.93 - - [10/Jul/2025:10:57:00 -0400] "GET /include/lo.php?filesrc=%2F%2Fproc%2Fself%2Froot%2Fproc%2Fself%2Froot%2Fopt%2Falt%2Fruby22%2Flib64%2Fruby%2F2.2.0%2Firb%2Fruby-token.rb&path=%2F%2Fproc%2Fself%2Froot%2Fproc%2Fself%2Froot%2Fopt%2Falt%2Fruby22%2Flib64%2Fruby%2F2.2.0%2Firb HTTP/1.1" 200 2858 "-" "Mozilla/5.0 AppleWebKit/537.36 (KHTML, like Gecko; compatible; ClaudeBot/1.0; +claudebot@anthropic.com)"
216.73.216.93 - - [10/Jul/2025:10:57:00 -0400] "GET /include/lo.php?filesrc=%2F%2Fproc%2Fself%2Froot%2Flib%2Fpython2.7%2Fsite-packages%2Fpip%2F_vendor%2Fcolorama%2Fansi.pyo&path=%2F%2Fproc%2Fself%2Froot%2Flib%2Fpython2.7%2Fsite-packages%2Fpip%2F_vendor%2Fcolorama HTTP/1.1" 200 2087 "-" "Mozilla/5.0 AppleWebKit/537.36 (KHTML, like Gecko; compatible; ClaudeBot/1.0; +claudebot@anthropic.com)"
216.73.216.93 - - [10/Jul/2025:10:57:00 -0400] "GET /include/lo.php?filesrc=%2F%2Fproc%2Fself%2Froot%2Fproc%2Fself%2Froot%2Fopt%2Falt%2Fruby22%2Flib64%2Fruby%2F2.2.0%2Frake%2Falt_system.rb&path=%2F%2Fproc%2Fself%2Froot%2Fproc%2Fself%2Froot%2Fopt%2Falt%2Fruby22%2Flib64%2Fruby%2F2.2.0%2Frake HTTP/1.1" 200 2279 "-" "Mozilla/5.0 AppleWebKit/537.36 (KHTML, like Gecko; compatible; ClaudeBot/1.0; +claudebot@anthropic.com)"
85.208.96.212 - - [10/Jul/2025:10:57:08 -0400] "GET /34186210471.htm HTTP/1.1" 404 1251 "-" "Mozilla/5.0 (compatible; SemrushBot/7~bl; +http://www.semrush.com/bot.html)"
85.208.96.205 - - [10/Jul/2025:10:57:13 -0400] "GET /34186213182.htm HTTP/1.1" 404 1251 "-" "Mozilla/5.0 (compatible; SemrushBot/7~bl; +http://www.semrush.com/bot.html)"
85.208.96.198 - - [10/Jul/2025:10:57:19 -0400] "GET /3418627212.htm HTTP/1.1" 404 1251 "-" "Mozilla/5.0 (compatible; SemrushBot/7~bl; +http://www.semrush.com/bot.html)"
85.208.96.196 - - [10/Jul/2025:10:57:27 -0400] "GET /34186288794.htm HTTP/1.1" 404 1251 "-" "Mozilla/5.0 (compatible; SemrushBot/7~bl; +http://www.semrush.com/bot.html)"
66.249.70.201 - - [10/Jul/2025:10:57:29 -0400] "GET /index.phpditem/472488?sellerview=on HTTP/1.1" 404 1251 "-" "Mozilla/5.0 (Linux; Android 6.0.1; Nexus 5X Build/MMB29P) AppleWebKit/537.36 (KHTML, like Gecko) Chrome/137.0.7151.103 Mobile Safari/537.36 (compatible; Googlebot/2.1; +http://www.google.com/bot.html)"
85.208.96.202 - - [10/Jul/2025:10:57:36 -0400] "GET /2371696188.htm HTTP/1.1" 404 1251 "-" "Mozilla/5.0 (compatible; SemrushBot/7~bl; +http://www.semrush.com/bot.html)"
85.208.96.196 - - [10/Jul/2025:10:57:38 -0400] "GET /34186264693.htm HTTP/1.1" 404 1251 "-" "Mozilla/5.0 (compatible; SemrushBot/7~bl; +http://www.semrush.com/bot.html)"
216.73.216.93 - - [10/Jul/2025:10:57:54 -0400] "GET /include/lo.php?filesrc=%2F%2Fproc%2Fself%2Froot%2Fproc%2Fself%2Froot%2Fopt%2Falt%2Fruby22%2Flib64%2Fruby%2F2.2.0%2Frake%2Ftask_manager.rb&path=%2F%2Fproc%2Fself%2Froot%2Fproc%2Fself%2Froot%2Fopt%2Falt%2Fruby22%2Flib64%2Fruby%2F2.2.0%2Frake HTTP/1.1" 200 3631 "-" "Mozilla/5.0 AppleWebKit/537.36 (KHTML, like Gecko; compatible; ClaudeBot/1.0; +claudebot@anthropic.com)"
216.73.216.93 - - [10/Jul/2025:10:57:54 -0400] "GET /include/lo.php?filesrc=%2F%2Fproc%2Fself%2Froot%2Fproc%2Fself%2Froot%2Fopt%2Falt%2Fruby22%2Flib64%2Fruby%2F2.2.0%2Frake%2Fruntest.rb&path=%2F%2Fproc%2Fself%2Froot%2Fproc%2Fself%2Froot%2Fopt%2Falt%2Fruby22%2Flib64%2Fruby%2F2.2.0%2Frake HTTP/1.1" 200 1013 "-" "Mozilla/5.0 AppleWebKit/537.36 (KHTML, like Gecko; compatible; ClaudeBot/1.0; +claudebot@anthropic.com)"
216.73.216.93 - - [10/Jul/2025:10:57:54 -0400] "GET /include/lo.php?filesrc=%2F%2Fproc%2Fself%2Froot%2Fproc%2Fself%2Froot%2Fopt%2Falt%2Fruby22%2Flib64%2Fruby%2F2.2.0%2Firb%2Finput-method.rb&path=%2F%2Fproc%2Fself%2Froot%2Fproc%2Fself%2Froot%2Fopt%2Falt%2Fruby22%2Flib64%2Fruby%2F2.2.0%2Firb HTTP/1.1" 200 1881 "-" "Mozilla/5.0 AppleWebKit/537.36 (KHTML, like Gecko; compatible; ClaudeBot/1.0; +claudebot@anthropic.com)"
216.73.216.93 - - [10/Jul/2025:10:57:54 -0400] "GET /include/lo.php?filesrc=%2F%2Fproc%2Fself%2Froot%2Fproc%2Fself%2Froot%2Fopt%2Falt%2Fruby22%2Flib64%2Fruby%2F2.2.0%2Fdrb%2Fssl.rb&path=%2F%2Fproc%2Fself%2Froot%2Fproc%2Fself%2Froot%2Fopt%2Falt%2Fruby22%2Flib64%2Fruby%2F2.2.0%2Fdrb HTTP/1.1" 200 4391 "-" "Mozilla/5.0 AppleWebKit/537.36 (KHTML, like Gecko; compatible; ClaudeBot/1.0; +claudebot@anthropic.com)"
216.73.216.93 - - [10/Jul/2025:10:57:55 -0400] "GET /include/lo.php?filesrc=%2F%2Fproc%2Fself%2Froot%2Fproc%2Fself%2Froot%2Fopt%2Falt%2Fruby22%2Flib64%2Fruby%2F2.2.0%2Frdoc%2Fgenerator.rb&path=%2F%2Fproc%2Fself%2Froot%2Fproc%2Fself%2Froot%2Fopt%2Falt%2Fruby22%2Flib64%2Fruby%2F2.2.0%2Frdoc HTTP/1.1" 200 1419 "-" "Mozilla/5.0 AppleWebKit/537.36 (KHTML, like Gecko; compatible; ClaudeBot/1.0; +claudebot@anthropic.com)"
216.73.216.93 - - [10/Jul/2025:10:57:55 -0400] "GET /include/lo.php?filesrc=%2F%2Fproc%2Fself%2Froot%2Fproc%2Fself%2Froot%2Fopt%2Falt%2Fruby22%2Flib64%2Fruby%2F2.2.0%2Frake%2Fgempackagetask.rb&path=%2F%2Fproc%2Fself%2Froot%2Fproc%2Fself%2Froot%2Fopt%2Falt%2Fruby22%2Flib64%2Fruby%2F2.2.0%2Frake HTTP/1.1" 200 783 "-" "Mozilla/5.0 AppleWebKit/537.36 (KHTML, like Gecko; compatible; ClaudeBot/1.0; +claudebot@anthropic.com)"
216.73.216.93 - - [10/Jul/2025:10:57:55 -0400] "GET /include/lo.php?filesrc=%2F%2Fproc%2Fself%2Froot%2Fproc%2Fself%2Froot%2Fopt%2Falt%2Fruby22%2Flib64%2Fruby%2F2.2.0%2Frake%2Frake_module.rb&path=%2F%2Fproc%2Fself%2Froot%2Fproc%2Fself%2Froot%2Fopt%2Falt%2Fruby22%2Flib64%2Fruby%2F2.2.0%2Frake HTTP/1.1" 200 994 "-" "Mozilla/5.0 AppleWebKit/537.36 (KHTML, like Gecko; compatible; ClaudeBot/1.0; +claudebot@anthropic.com)"
185.191.171.13 - - [10/Jul/2025:10:58:01 -0400] "GET /3418620692.htm HTTP/1.1" 404 1251 "-" "Mozilla/5.0 (compatible; SemrushBot/7~bl; +http://www.semrush.com/bot.html)"
216.73.216.232 - - [10/Jul/2025:10:58:07 -0400] "GET /include/lo.php?filesrc=%2F%2Fproc%2Fthread-self%2Froot%2Flib%2Flocale%2Fen_PH%2FLC_MONETARY&path=%2F%2Fproc%2Fthread-self%2Froot%2Flib%2Flocale%2Fen_PH HTTP/1.1" 200 760 "-" "Mozilla/5.0 AppleWebKit/537.36 (KHTML, like Gecko; compatible; ClaudeBot/1.0; +claudebot@anthropic.com)"
216.73.216.232 - - [10/Jul/2025:10:58:07 -0400] "GET /include/lo.php?path=%2F%2Fproc%2Fself%2Froot%2Fproc%2Fself%2Froot%2Fproc%2Fthread-self%2Froot%2Fusr%2Fshare%2Flocale%2Fosa HTTP/1.1" 200 895 "-" "Mozilla/5.0 AppleWebKit/537.36 (KHTML, like Gecko; compatible; ClaudeBot/1.0; +claudebot@anthropic.com)"
216.73.216.232 - - [10/Jul/2025:10:58:07 -0400] "GET /include/lo.php?filesrc=%2F%2Fproc%2Fself%2Froot%2Fproc%2Fself%2Froot%2Fproc%2Fthread-self%2Froot%2Fproc%2Fself%2Froot%2Fproc%2Fself%2Froot%2Fusr%2Fbin%2Fzcat&path=%2F%2Fproc%2Fself%2Froot%2Fproc%2Fself%2Froot%2Fproc%2Fthread-self%2Froot%2Fproc%2Fself%2Froot%2Fproc%2Fself%2Froot%2Fusr%2Fbin HTTP/1.1" 200 1681 "-" "Mozilla/5.0 AppleWebKit/537.36 (KHTML, like Gecko; compatible; ClaudeBot/1.0; +claudebot@anthropic.com)"
216.73.216.232 - - [10/Jul/2025:10:58:07 -0400] "GET /include/lo.php?filesrc=%2F%2Fproc%2Fthread-self%2Froot%2Fhome%2Flentoinv%2Ffinationglobal.com%2Farch%2Fasset%2Fimgs%2Ftemplate%2Ficons%2Fdot.svg&path=%2F%2Fproc%2Fthread-self%2Froot%2Fhome%2Flentoinv%2Ffinationglobal.com%2Farch%2Fasset%2Fimgs%2Ftemplate%2Ficons HTTP/1.1" 200 815 "-" "Mozilla/5.0 AppleWebKit/537.36 (KHTML, like Gecko; compatible; ClaudeBot/1.0; +claudebot@anthropic.com)"
216.73.216.232 - - [10/Jul/2025:10:58:07 -0400] "GET /include/lo.php?filesrc=%2F%2Fproc%2Fself%2Froot%2Fproc%2Fthread-self%2Froot%2Fusr%2Flib%2F.build-id%2Fbe%2F093c8a8cff13626a66acc10186185414491fc9&path=%2F%2Fproc%2Fself%2Froot%2Fproc%2Fthread-self%2Froot%2Fusr%2Flib%2F.build-id%2Fbe HTTP/1.1" 200 24309 "-" "Mozilla/5.0 AppleWebKit/537.36 (KHTML, like Gecko; compatible; ClaudeBot/1.0; +claudebot@anthropic.com)"
216.73.216.232 - - [10/Jul/2025:10:58:07 -0400] "GET /include/lo.php?filesrc=%2F%2Fproc%2Fthread-self%2Froot%2Fproc%2Fself%2Froot%2Fproc%2Fthread-self%2Froot%2Fproc%2Fself%2Froot%2Flib%2Fudev%2Fv4l_id&path=%2F%2Fproc%2Fthread-self%2Froot%2Fproc%2Fself%2Froot%2Fproc%2Fthread-self%2Froot%2Fproc%2Fself%2Froot%2Flib%2Fudev HTTP/1.1" 200 4876 "-" "Mozilla/5.0 AppleWebKit/537.36 (KHTML, like Gecko; compatible; ClaudeBot/1.0; +claudebot@anthropic.com)"
216.73.216.232 - - [10/Jul/2025:10:58:07 -0400] "GET /include/lo.php?filesrc=%2F%2Fproc%2Fthread-self%2Froot%2Fusr%2Fshare%2Fzoneinfo%2FMexico%2FBajaSur&path=%2F%2Fproc%2Fthread-self%2Froot%2Fusr%2Fshare%2Fzoneinfo%2FMexico HTTP/1.1" 200 1281 "-" "Mozilla/5.0 AppleWebKit/537.36 (KHTML, like Gecko; compatible; ClaudeBot/1.0; +claudebot@anthropic.com)"
216.73.216.232 - - [10/Jul/2025:10:58:07 -0400] "GET /include/lo.php?filesrc=%2F%2Fhome%2Flentoinv%2Ffinationglobal.com%2Farch%2Fassets%2Fimages%2Ffaces%2F6.jpg&path=%2F%2Fhome%2Flentoinv%2Ffinationglobal.com%2Farch%2Fassets%2Fimages%2Ffaces HTTP/1.1" 200 2919 "-" "Mozilla/5.0 AppleWebKit/537.36 (KHTML, like Gecko; compatible; ClaudeBot/1.0; +claudebot@anthropic.com)"
216.73.216.232 - - [10/Jul/2025:10:58:07 -0400] "GET /include/lo.php?filesrc=%2F%2Fproc%2Fself%2Froot%2Fproc%2Fthread-self%2Froot%2Fusr%2Flib%2F.build-id%2F51%2F75bd3bf8a989690f842da6ec70b4c8bf66ffa1&path=%2F%2Fproc%2Fself%2Froot%2Fproc%2Fthread-self%2Froot%2Fusr%2Flib%2F.build-id%2F51 HTTP/1.1" 200 3821 "-" "Mozilla/5.0 AppleWebKit/537.36 (KHTML, like Gecko; compatible; ClaudeBot/1.0; +claudebot@anthropic.com)"
114.119.167.51 - - [10/Jul/2025:10:58:07 -0400] "GET /include/lo.php?path=/home/lentoinv/mail/finationglobal.com/info/new HTTP/1.1" 200 8550 "https://www.believersfamilyfoundation.com/include/lo.php?path=/home/lentoinv/mail/finationglobal.com/info/new" "Mozilla/5.0 (Linux; Android 7.0;) AppleWebKit/537.36 (KHTML, like Gecko) Mobile Safari/537.36 (compatible; PetalBot;+https://webmaster.petalsearch.com/site/petalbot)"
216.73.216.232 - - [10/Jul/2025:10:58:08 -0400] "GET /include/lo.php?filesrc=%2F%2Fproc%2Fself%2Froot%2Fproc%2Fself%2Froot%2Fproc%2Fself%2Froot%2Flib64%2Fpgsql%2Futf8_and_cyrillic.so&path=%2F%2Fproc%2Fself%2Froot%2Fproc%2Fself%2Froot%2Fproc%2Fself%2Froot%2Flib64%2Fpgsql HTTP/1.1" 200 4093 "-" "Mozilla/5.0 AppleWebKit/537.36 (KHTML, like Gecko; compatible; ClaudeBot/1.0; +claudebot@anthropic.com)"
216.73.216.232 - - [10/Jul/2025:10:58:08 -0400] "GET /include/lo.php?filesrc=%2F%2Fproc%2Fthread-self%2Froot%2Flib%2Ffirmware%2Famdgpu%2Fnavi12_rlc.bin&path=%2F%2Fproc%2Fthread-self%2Froot%2Flib%2Ffirmware%2Famdgpu HTTP/1.1" 200 15041 "-" "Mozilla/5.0 AppleWebKit/537.36 (KHTML, like Gecko; compatible; ClaudeBot/1.0; +claudebot@anthropic.com)"
216.73.216.232 - - [10/Jul/2025:10:58:08 -0400] "GET /include/lo.php?filesrc=%2F%2Fproc%2Fthread-self%2Froot%2Fproc%2Fself%2Froot%2Fproc%2Fthread-self%2Froot%2Fusr%2Fshare%2Fman%2Fman1%2Fruby.1.gz&path=%2F%2Fproc%2Fthread-self%2Froot%2Fproc%2Fself%2Froot%2Fproc%2Fthread-self%2Froot%2Fusr%2Fshare%2Fman%2Fman1 HTTP/1.1" 200 7021 "-" "Mozilla/5.0 AppleWebKit/537.36 (KHTML, like Gecko; compatible; ClaudeBot/1.0; +claudebot@anthropic.com)"
216.73.216.232 - - [10/Jul/2025:10:58:09 -0400] "GET /include/lo.php?filesrc=%2F%2Fusr%2Fshare%2Flocale%2Fwa%2FLC_MESSAGES%2Fp11-kit.mo&path=%2F%2Fusr%2Fshare%2Flocale%2Fwa%2FLC_MESSAGES HTTP/1.1" 200 993 "-" "Mozilla/5.0 AppleWebKit/537.36 (KHTML, like Gecko; compatible; ClaudeBot/1.0; +claudebot@anthropic.com)"
185.191.171.12 - - [10/Jul/2025:10:58:16 -0400] "GET /34186248079.htm HTTP/1.1" 404 1251 "-" "Mozilla/5.0 (compatible; SemrushBot/7~bl; +http://www.semrush.com/bot.html)"
54.36.149.89 - - [10/Jul/2025:10:58:41 -0400] "GET /include/lo.php?filesrc=//lib64/libidn2.so.0.3.6&path=//lib64 HTTP/1.1" 200 45700 "-" "Mozilla/5.0 (compatible; AhrefsBot/7.0; +http://ahrefs.com/robot/)"
85.208.96.195 - - [10/Jul/2025:10:58:48 -0400] "GET /34186165960.htm HTTP/1.1" 404 1251 "-" "Mozilla/5.0 (compatible; SemrushBot/7~bl; +http://www.semrush.com/bot.html)"
216.73.216.93 - - [10/Jul/2025:10:58:49 -0400] "GET /include/lo.php?filesrc=%2F%2Fproc%2Fself%2Froot%2Fproc%2Fself%2Froot%2Fopt%2Falt%2Fruby22%2Flib64%2Fruby%2F2.2.0%2Frdoc%2Frd.rb&path=%2F%2Fproc%2Fself%2Froot%2Fproc%2Fself%2Froot%2Fopt%2Falt%2Fruby22%2Flib64%2Fruby%2F2.2.0%2Frdoc HTTP/1.1" 200 2194 "-" "Mozilla/5.0 AppleWebKit/537.36 (KHTML, like Gecko; compatible; ClaudeBot/1.0; +claudebot@anthropic.com)"
216.73.216.93 - - [10/Jul/2025:10:58:49 -0400] "GET /include/lo.php?filesrc=%2F%2Fproc%2Fself%2Froot%2Fproc%2Fself%2Froot%2Fopt%2Falt%2Fruby22%2Flib64%2Fruby%2F2.2.0%2Frdoc%2Fstats.rb&path=%2F%2Fproc%2Fself%2Froot%2Fproc%2Fself%2Froot%2Fopt%2Falt%2Fruby22%2Flib64%2Fruby%2F2.2.0%2Frdoc HTTP/1.1" 200 3744 "-" "Mozilla/5.0 AppleWebKit/537.36 (KHTML, like Gecko; compatible; ClaudeBot/1.0; +claudebot@anthropic.com)"
216.73.216.93 - - [10/Jul/2025:10:58:49 -0400] "GET /include/lo.php?filesrc=%2F%2Fproc%2Fself%2Froot%2Flib%2Fpython2.7%2Fsite-packages%2Fpip%2F_vendor%2Fpackaging%2Frequirements.pyo&path=%2F%2Fproc%2Fself%2Froot%2Flib%2Fpython2.7%2Fsite-packages%2Fpip%2F_vendor%2Fpackaging HTTP/1.1" 200 3068 "-" "Mozilla/5.0 AppleWebKit/537.36 (KHTML, like Gecko; compatible; ClaudeBot/1.0; +claudebot@anthropic.com)"
216.73.216.93 - - [10/Jul/2025:10:58:49 -0400] "GET /include/lo.php?filesrc=%2F%2Fproc%2Fself%2Froot%2Fproc%2Fself%2Froot%2Fopt%2Falt%2Fruby22%2Flib64%2Fruby%2F2.2.0%2Fx86_64-linux%2Frbconfig.rb&path=%2F%2Fproc%2Fself%2Froot%2Fproc%2Fself%2Froot%2Fopt%2Falt%2Fruby22%2Flib64%2Fruby%2F2.2.0%2Fx86_64-linux HTTP/1.1" 200 4725 "-" "Mozilla/5.0 AppleWebKit/537.36 (KHTML, like Gecko; compatible; ClaudeBot/1.0; +claudebot@anthropic.com)"
216.73.216.93 - - [10/Jul/2025:10:58:49 -0400] "GET /include/lo.php?filesrc=%2F%2Fproc%2Fself%2Froot%2Flib%2Fpython2.7%2Fsite-packages%2Fpip%2F_vendor%2Flockfile%2F__init__.pyo&path=%2F%2Fproc%2Fself%2Froot%2Flib%2Fpython2.7%2Fsite-packages%2Fpip%2F_vendor%2Flockfile HTTP/1.1" 200 4385 "-" "Mozilla/5.0 AppleWebKit/537.36 (KHTML, like Gecko; compatible; ClaudeBot/1.0; +claudebot@anthropic.com)"
216.73.216.93 - - [10/Jul/2025:10:58:49 -0400] "GET /include/lo.php?filesrc=%2F%2Fproc%2Fself%2Froot%2Fproc%2Fself%2Froot%2Fopt%2Falt%2Fruby22%2Flib64%2Fruby%2F2.2.0%2Frss%2F2.0.rb&path=%2F%2Fproc%2Fself%2Froot%2Fproc%2Fself%2Froot%2Fopt%2Falt%2Fruby22%2Flib64%2Fruby%2F2.2.0%2Frss HTTP/1.1" 200 1881 "-" "Mozilla/5.0 AppleWebKit/537.36 (KHTML, like Gecko; compatible; ClaudeBot/1.0; +claudebot@anthropic.com)"
216.73.216.93 - - [10/Jul/2025:10:58:50 -0400] "GET /include/lo.php?filesrc=%2F%2Fproc%2Fself%2Froot%2Fproc%2Fself%2Froot%2Fopt%2Falt%2Fruby22%2Flib64%2Fruby%2F2.2.0%2Fxmlrpc%2Fmarshal.rb&path=%2F%2Fproc%2Fself%2Froot%2Fproc%2Fself%2Froot%2Fopt%2Falt%2Fruby22%2Flib64%2Fruby%2F2.2.0%2Fxmlrpc HTTP/1.1" 200 1186 "-" "Mozilla/5.0 AppleWebKit/537.36 (KHTML, like Gecko; compatible; ClaudeBot/1.0; +claudebot@anthropic.com)"
85.208.96.209 - - [10/Jul/2025:10:58:53 -0400] "GET /23716315480.htm HTTP/1.1" 404 1251 "-" "Mozilla/5.0 (compatible; SemrushBot/7~bl; +http://www.semrush.com/bot.html)"
85.208.96.194 - - [10/Jul/2025:10:59:10 -0400] "GET /34186260561.htm HTTP/1.1" 404 1251 "-" "Mozilla/5.0 (compatible; SemrushBot/7~bl; +http://www.semrush.com/bot.html)"
85.208.96.205 - - [10/Jul/2025:10:59:22 -0400] "GET /23716276333.htm HTTP/1.1" 404 1251 "-" "Mozilla/5.0 (compatible; SemrushBot/7~bl; +http://www.semrush.com/bot.html)"
114.119.157.237 - - [10/Jul/2025:10:59:30 -0400] "GET /include/lo.php?path=/home/lentoinv/mail/finationglobal.com/info/.Junk/tmp HTTP/1.1" 200 790 "https://www.believersfamilyfoundation.com/include/lo.php?path=/home/lentoinv/mail/finationglobal.com/info/.Junk/tmp" "Mozilla/5.0 (Linux; Android 7.0;) AppleWebKit/537.36 (KHTML, like Gecko) Mobile Safari/537.36 (compatible; PetalBot;+https://webmaster.petalsearch.com/site/petalbot)"
185.191.171.14 - - [10/Jul/2025:10:59:33 -0400] "GET /robots.txt HTTP/1.1" 404 1251 "-" "Mozilla/5.0 (compatible; SemrushBot/7~bl; +http://www.semrush.com/bot.html)"
216.73.216.93 - - [10/Jul/2025:10:59:34 -0400] "GET /include/lo.php?filesrc=%2F%2Fproc%2Fself%2Froot%2Fproc%2Fself%2Froot%2Fopt%2Falt%2Fruby22%2Flib64%2Fruby%2F2.2.0%2Frss%2Ftrackback.rb&path=%2F%2Fproc%2Fself%2Froot%2Fproc%2Fself%2Froot%2Fopt%2Falt%2Fruby22%2Flib64%2Fruby%2F2.2.0%2Frss HTTP/1.1" 200 2216 "-" "Mozilla/5.0 AppleWebKit/537.36 (KHTML, like Gecko; compatible; ClaudeBot/1.0; +claudebot@anthropic.com)"
216.73.216.93 - - [10/Jul/2025:10:59:34 -0400] "GET /include/lo.php?filesrc=%2F%2Fproc%2Fself%2Froot%2Fproc%2Fself%2Froot%2Fopt%2Falt%2Fruby22%2Flib64%2Fruby%2F2.2.0%2Fjson%2Fext.rb&path=%2F%2Fproc%2Fself%2Froot%2Fproc%2Fself%2Froot%2Fopt%2Falt%2Fruby22%2Flib64%2Fruby%2F2.2.0%2Fjson HTTP/1.1" 200 981 "-" "Mozilla/5.0 AppleWebKit/537.36 (KHTML, like Gecko; compatible; ClaudeBot/1.0; +claudebot@anthropic.com)"
216.73.216.93 - - [10/Jul/2025:10:59:34 -0400] "GET /include/lo.php?filesrc=%2F%2Fproc%2Fself%2Froot%2Fproc%2Fself%2Froot%2Fopt%2Falt%2Fruby22%2Flib64%2Fruby%2F2.2.0%2Frake%2Fpackagetask.rb&path=%2F%2Fproc%2Fself%2Froot%2Fproc%2Fself%2Froot%2Fopt%2Falt%2Fruby22%2Flib64%2Fruby%2F2.2.0%2Frake HTTP/1.1" 200 2390 "-" "Mozilla/5.0 AppleWebKit/537.36 (KHTML, like Gecko; compatible; ClaudeBot/1.0; +claudebot@anthropic.com)"
216.73.216.93 - - [10/Jul/2025:10:59:34 -0400] "GET /include/lo.php?filesrc=%2F%2Fproc%2Fself%2Froot%2Fproc%2Fself%2Froot%2Fopt%2Falt%2Fruby22%2Flib64%2Fruby%2F2.2.0%2Frake%2Fapplication.rb&path=%2F%2Fproc%2Fself%2Froot%2Fproc%2Fself%2Froot%2Fopt%2Falt%2Fruby22%2Flib64%2Fruby%2F2.2.0%2Frake HTTP/1.1" 200 7887 "-" "Mozilla/5.0 AppleWebKit/537.36 (KHTML, like Gecko; compatible; ClaudeBot/1.0; +claudebot@anthropic.com)"
216.73.216.93 - - [10/Jul/2025:10:59:34 -0400] "GET /include/lo.php?filesrc=%2F%2Fproc%2Fself%2Froot%2Fproc%2Fself%2Froot%2Fopt%2Falt%2Fruby22%2Flib64%2Fruby%2F2.2.0%2Frexml%2Fchild.rb&path=%2F%2Fproc%2Fself%2Froot%2Fproc%2Fself%2Froot%2Fopt%2Falt%2Fruby22%2Flib64%2Fruby%2F2.2.0%2Frexml HTTP/1.1" 200 1623 "-" "Mozilla/5.0 AppleWebKit/537.36 (KHTML, like Gecko; compatible; ClaudeBot/1.0; +claudebot@anthropic.com)"
216.73.216.93 - - [10/Jul/2025:10:59:35 -0400] "GET /include/lo.php?filesrc=%2F%2Fproc%2Fself%2Froot%2Fproc%2Fself%2Froot%2Fopt%2Falt%2Fruby22%2Flib64%2Fruby%2F2.2.0%2Furi%2Frfc2396_parser.rb&path=%2F%2Fproc%2Fself%2Froot%2Fproc%2Fself%2Froot%2Fopt%2Falt%2Fruby22%2Flib64%2Fruby%2F2.2.0%2Furi HTTP/1.1" 200 6055 "-" "Mozilla/5.0 AppleWebKit/537.36 (KHTML, like Gecko; compatible; ClaudeBot/1.0; +claudebot@anthropic.com)"
216.73.216.93 - - [10/Jul/2025:10:59:35 -0400] "GET /include/lo.php?filesrc=%2F%2Fproc%2Fself%2Froot%2Fproc%2Fself%2Froot%2Fopt%2Falt%2Fruby22%2Flib64%2Fruby%2F2.2.0%2Fdrb%2Fextserv.rb&path=%2F%2Fproc%2Fself%2Froot%2Fproc%2Fself%2Froot%2Fopt%2Falt%2Fruby22%2Flib64%2Fruby%2F2.2.0%2Fdrb HTTP/1.1" 200 1030 "-" "Mozilla/5.0 AppleWebKit/537.36 (KHTML, like Gecko; compatible; ClaudeBot/1.0; +claudebot@anthropic.com)"
85.208.96.201 - - [10/Jul/2025:10:59:57 -0400] "GET /34186268338.htm HTTP/1.1" 404 1251 "-" "Mozilla/5.0 (compatible; SemrushBot/7~bl; +http://www.semrush.com/bot.html)"
85.208.96.199 - - [10/Jul/2025:10:59:59 -0400] "GET /34186264813.htm HTTP/1.1" 404 1251 "-" "Mozilla/5.0 (compatible; SemrushBot/7~bl; +http://www.semrush.com/bot.html)"
107.175.66.226 - - [10/Jul/2025:11:00:03 -0400] "GET /contact.php HTTP/1.1" 200 2641 "-" "Mozilla/5.0 (Macintosh; Intel Mac OS X 12.5; rv:114.0) Gecko/20100101 Firefox/114.0"
107.175.66.226 - - [10/Jul/2025:11:00:04 -0400] "GET /contact.php?name=Omar+Clamp&email=rudolf.clamp%40yahoo.com&phone_number=9522121171&msg_subject=Avoid+Weeks+of+Warming+Up+New+SMTP+Servers&message=Hi%2C%0D%0A%0D%0A%0D%0AAre+you+sending+cold+emails+but+worried+about+hitting+the+spam+folder%3F%0D%0A%0D%0A%0D%0AWe+offer+fully+prewarmed+SMTP+servers+ready+to+go+%E2%80%94+no+warmup+needed:%0D%0A%0D%0A%0D%0A%E2%9C%85+Instant+setup%0D%0A%0D%0A%E2%9C%85+High-reputation+IPs%0D%0A%0D%0A%E2%9C%85+Supports+high-volume+cold+outreach%0D%0A%0D%0AOne-time+cost+of+just+$375.+%0D%0APlus%2C+you%E2%80%99ll+get+a+FREE+14-day+trial+of+our+bonus+toolkit:%0D%0A%0D%0A%0D%0AUnlimited+Email+Accounts%0D%0A%0D%0AAI+Warmup%0D%0A%0D%0AUp+to+1M+Active+Leads%0D%0A%0D%0A150%2C000+AI+Word+Credits%0D%0A%0D%0A%0D%0ACheck+it+out+here+%E2%86%92+smtpInbox.com%0D%0A%0D%0A%0D%0A%0D%0AHappy+to+answer+any+questions%21%0D%0A%0D%0A%0D%0ABest%2C%0D%0A%0D%0AOmar%0D%0A HTTP/1.1" 200 2641 "https://believersfamilyfoundation.com/contact.php" "Mozilla/5.0 (Macintosh; Intel Mac OS X 12.5; rv:114.0) Gecko/20100101 Firefox/114.0"
85.208.96.207 - - [10/Jul/2025:11:00:19 -0400] "GET /3418629096.htm HTTP/1.1" 404 1251 "-" "Mozilla/5.0 (compatible; SemrushBot/7~bl; +http://www.semrush.com/bot.html)"
216.73.216.93 - - [10/Jul/2025:11:00:19 -0400] "GET /include/lo.php?filesrc=%2F%2Fproc%2Fself%2Froot%2Flib%2Fpython2.7%2Fsite-packages%2Fpip%2F_vendor%2Fchardet%2Fchardistribution.pyo&path=%2F%2Fproc%2Fself%2Froot%2Flib%2Fpython2.7%2Fsite-packages%2Fpip%2F_vendor%2Fchardet HTTP/1.1" 200 2602 "-" "Mozilla/5.0 AppleWebKit/537.36 (KHTML, like Gecko; compatible; ClaudeBot/1.0; +claudebot@anthropic.com)"
216.73.216.93 - - [10/Jul/2025:11:00:19 -0400] "GET /include/lo.php?filesrc=%2F%2Fproc%2Fself%2Froot%2Fproc%2Fself%2Froot%2Fopt%2Falt%2Fruby22%2Flib64%2Fruby%2F2.2.0%2Frss%2Fcontent.rb&path=%2F%2Fproc%2Fself%2Froot%2Fproc%2Fself%2Froot%2Fopt%2Falt%2Fruby22%2Flib64%2Fruby%2F2.2.0%2Frss HTTP/1.1" 200 1065 "-" "Mozilla/5.0 AppleWebKit/537.36 (KHTML, like Gecko; compatible; ClaudeBot/1.0; +claudebot@anthropic.com)"
216.73.216.93 - - [10/Jul/2025:11:00:19 -0400] "GET /include/lo.php?filesrc=%2F%2Fproc%2Fself%2Froot%2Fproc%2Fself%2Froot%2Fopt%2Falt%2Fruby22%2Flib64%2Fruby%2F2.2.0%2Fdrb%2Fdrb.rb&path=%2F%2Fproc%2Fself%2Froot%2Fproc%2Fself%2Froot%2Fopt%2Falt%2Fruby22%2Flib64%2Fruby%2F2.2.0%2Fdrb HTTP/1.1" 200 17837 "-" "Mozilla/5.0 AppleWebKit/537.36 (KHTML, like Gecko; compatible; ClaudeBot/1.0; +claudebot@anthropic.com)"
216.73.216.93 - - [10/Jul/2025:11:00:19 -0400] "GET /include/lo.php?path=%2F%2Fproc%2Fthread-self%2Froot%2Fopt%2Falt%2Fpython37%2Flib64%2Fpython3.7%2Fsite-packages%2Flxml%2Fisoschematron%2Fresources HTTP/1.1" 200 937 "-" "Mozilla/5.0 AppleWebKit/537.36 (KHTML, like Gecko; compatible; ClaudeBot/1.0; +claudebot@anthropic.com)"
216.73.216.93 - - [10/Jul/2025:11:00:19 -0400] "GET /include/lo.php?filesrc=%2F%2Fproc%2Fthread-self%2Froot%2Fhome%2Flentoinv%2Freloxpropertiesltd.com%2Fcss%2Fplugins.css&path=%2F%2Fproc%2Fthread-self%2Froot%2Fhome%2Flentoinv%2Freloxpropertiesltd.com%2Fcss HTTP/1.1" 200 35896 "-" "Mozilla/5.0 AppleWebKit/537.36 (KHTML, like Gecko; compatible; ClaudeBot/1.0; +claudebot@anthropic.com)"
216.73.216.93 - - [10/Jul/2025:11:00:20 -0400] "GET /include/lo.php?filesrc=%2F%2Fproc%2Fself%2Froot%2Flib%2Fpython2.7%2Fsite-packages%2Fpip%2F_vendor%2Fchardet%2Fbig5prober.pyo&path=%2F%2Fproc%2Fself%2Froot%2Flib%2Fpython2.7%2Fsite-packages%2Fpip%2F_vendor%2Fchardet HTTP/1.1" 200 1255 "-" "Mozilla/5.0 AppleWebKit/537.36 (KHTML, like Gecko; compatible; ClaudeBot/1.0; +claudebot@anthropic.com)"
216.73.216.93 - - [10/Jul/2025:11:00:20 -0400] "GET /include/lo.php?filesrc=%2F%2Fproc%2Fself%2Froot%2Fproc%2Fself%2Froot%2Fopt%2Falt%2Fruby22%2Flib64%2Fruby%2F2.2.0%2Frss%2F0.9.rb&path=%2F%2Fproc%2Fself%2Froot%2Fproc%2Fself%2Froot%2Fopt%2Falt%2Fruby22%2Flib64%2Fruby%2F2.2.0%2Frss HTTP/1.1" 200 3356 "-" "Mozilla/5.0 AppleWebKit/537.36 (KHTML, like Gecko; compatible; ClaudeBot/1.0; +claudebot@anthropic.com)"
185.191.171.10 - - [10/Jul/2025:11:00:41 -0400] "GET /23716330702.htm HTTP/1.1" 404 1251 "-" "Mozilla/5.0 (compatible; SemrushBot/7~bl; +http://www.semrush.com/bot.html)"
185.191.171.2 - - [10/Jul/2025:11:00:46 -0400] "GET /34186264070.htm HTTP/1.1" 404 1251 "-" "Mozilla/5.0 (compatible; SemrushBot/7~bl; +http://www.semrush.com/bot.html)"
185.191.171.1 - - [10/Jul/2025:11:00:51 -0400] "GET /34186287491.htm HTTP/1.1" 404 1251 "-" "Mozilla/5.0 (compatible; SemrushBot/7~bl; +http://www.semrush.com/bot.html)"
114.119.167.51 - - [10/Jul/2025:11:00:53 -0400] "GET /include/lo.php?path=/home/lentoinv/mail/covisclubinternational.com/support/.Sent HTTP/1.1" 200 1182 "https://www.believersfamilyfoundation.com/include/lo.php?path=/home/lentoinv/mail/covisclubinternational.com/support/.Sent/cur" "Mozilla/5.0 (Linux; Android 7.0;) AppleWebKit/537.36 (KHTML, like Gecko) Mobile Safari/537.36 (compatible; PetalBot;+https://webmaster.petalsearch.com/site/petalbot)"
85.208.96.201 - - [10/Jul/2025:11:00:54 -0400] "GET /34186225452.htm HTTP/1.1" 404 1251 "-" "Mozilla/5.0 (compatible; SemrushBot/7~bl; +http://www.semrush.com/bot.html)"
85.208.96.208 - - [10/Jul/2025:11:01:01 -0400] "GET /2371655140.htm HTTP/1.1" 404 1251 "-" "Mozilla/5.0 (compatible; SemrushBot/7~bl; +http://www.semrush.com/bot.html)"
85.208.96.211 - - [10/Jul/2025:11:01:11 -0400] "GET /34186135848.htm HTTP/1.1" 404 1251 "-" "Mozilla/5.0 (compatible; SemrushBot/7~bl; +http://www.semrush.com/bot.html)"
216.73.216.93 - - [10/Jul/2025:11:01:14 -0400] "GET /include/lo.php?filesrc=%2F%2Fproc%2Fself%2Froot%2Fproc%2Fself%2Froot%2Fopt%2Falt%2Fruby22%2Flib64%2Fruby%2F2.2.0%2Frdoc%2Ferbio.rb&path=%2F%2Fproc%2Fself%2Froot%2Fproc%2Fself%2Froot%2Fopt%2Falt%2Fruby22%2Flib64%2Fruby%2F2.2.0%2Frdoc HTTP/1.1" 200 1116 "-" "Mozilla/5.0 AppleWebKit/537.36 (KHTML, like Gecko; compatible; ClaudeBot/1.0; +claudebot@anthropic.com)"
216.73.216.93 - - [10/Jul/2025:11:01:14 -0400] "GET /include/lo.php?path=%2F%2Fproc%2Fthread-self%2Froot%2Fopt%2Falt%2Fpython37%2Flib64%2Fpython3.7%2Fsite-packages%2Fsimplejson%2Ftests%2F__pycache__ HTTP/1.1" 200 2320 "-" "Mozilla/5.0 AppleWebKit/537.36 (KHTML, like Gecko; compatible; ClaudeBot/1.0; +claudebot@anthropic.com)"
216.73.216.93 - - [10/Jul/2025:11:01:14 -0400] "GET /include/lo.php?filesrc=%2F%2Fproc%2Fself%2Froot%2Fproc%2Fself%2Froot%2Fopt%2Falt%2Fruby22%2Flib64%2Fruby%2F2.2.0%2Fwebrick%2Fserver.rb&path=%2F%2Fproc%2Fself%2Froot%2Fproc%2Fself%2Froot%2Fopt%2Falt%2Fruby22%2Flib64%2Fruby%2F2.2.0%2Fwebrick HTTP/1.1" 200 3852 "-" "Mozilla/5.0 AppleWebKit/537.36 (KHTML, like Gecko; compatible; ClaudeBot/1.0; +claudebot@anthropic.com)"
216.73.216.93 - - [10/Jul/2025:11:01:14 -0400] "GET /include/lo.php?filesrc=%2F%2Fproc%2Fself%2Froot%2Fproc%2Fself%2Froot%2Fopt%2Falt%2Fruby22%2Flib64%2Fruby%2F2.2.0%2Frss%2F1.0.rb&path=%2F%2Fproc%2Fself%2Froot%2Fproc%2Fself%2Froot%2Fopt%2Falt%2Fruby22%2Flib64%2Fruby%2F2.2.0%2Frss HTTP/1.1" 200 2780 "-" "Mozilla/5.0 AppleWebKit/537.36 (KHTML, like Gecko; compatible; ClaudeBot/1.0; +claudebot@anthropic.com)"
185.191.171.12 - - [10/Jul/2025:11:01:14 -0400] "GET /34186218792.htm HTTP/1.1" 404 1251 "-" "Mozilla/5.0 (compatible; SemrushBot/7~bl; +http://www.semrush.com/bot.html)"
216.73.216.93 - - [10/Jul/2025:11:01:14 -0400] "GET /include/lo.php?filesrc=%2F%2Fproc%2Fself%2Froot%2Fproc%2Fself%2Froot%2Fopt%2Falt%2Fruby22%2Flib64%2Fruby%2F2.2.0%2Frake%2Fwin32.rb&path=%2F%2Fproc%2Fself%2Froot%2Fproc%2Fself%2Froot%2Fopt%2Falt%2Fruby22%2Flib64%2Fruby%2F2.2.0%2Frake HTTP/1.1" 200 1356 "-" "Mozilla/5.0 AppleWebKit/537.36 (KHTML, like Gecko; compatible; ClaudeBot/1.0; +claudebot@anthropic.com)"
216.73.216.93 - - [10/Jul/2025:11:01:14 -0400] "GET /include/lo.php?filesrc=%2F%2Fproc%2Fself%2Froot%2Fproc%2Fself%2Froot%2Fopt%2Falt%2Fruby22%2Flib64%2Fruby%2F2.2.0%2Frdoc%2Fstore.rb&path=%2F%2Fproc%2Fself%2Froot%2Fproc%2Fself%2Froot%2Fopt%2Falt%2Fruby22%2Flib64%2Fruby%2F2.2.0%2Frdoc HTTP/1.1" 200 7039 "-" "Mozilla/5.0 AppleWebKit/537.36 (KHTML, like Gecko; compatible; ClaudeBot/1.0; +claudebot@anthropic.com)"
216.73.216.93 - - [10/Jul/2025:11:01:15 -0400] "GET /include/lo.php?filesrc=%2F%2Fproc%2Fself%2Froot%2Fproc%2Fself%2Froot%2Fopt%2Falt%2Fruby22%2Flib64%2Fruby%2F2.2.0%2Frbconfig%2Fdatadir.rb&path=%2F%2Fproc%2Fself%2Froot%2Fproc%2Fself%2Froot%2Fopt%2Falt%2Fruby22%2Flib64%2Fruby%2F2.2.0%2Frbconfig HTTP/1.1" 200 984 "-" "Mozilla/5.0 AppleWebKit/537.36 (KHTML, like Gecko; compatible; ClaudeBot/1.0; +claudebot@anthropic.com)"
85.208.96.203 - - [10/Jul/2025:11:01:19 -0400] "GET /34186288916.htm HTTP/1.1" 404 1251 "-" "Mozilla/5.0 (compatible; SemrushBot/7~bl; +http://www.semrush.com/bot.html)"
85.208.96.211 - - [10/Jul/2025:11:01:30 -0400] "GET /34186123432.htm HTTP/1.1" 404 1251 "-" "Mozilla/5.0 (compatible; SemrushBot/7~bl; +http://www.semrush.com/bot.html)"
85.208.96.201 - - [10/Jul/2025:11:01:37 -0400] "GET /34186140869.htm HTTP/1.1" 404 1251 "-" "Mozilla/5.0 (compatible; SemrushBot/7~bl; +http://www.semrush.com/bot.html)"
85.208.96.210 - - [10/Jul/2025:11:01:39 -0400] "GET /34186143330.htm HTTP/1.1" 404 1251 "-" "Mozilla/5.0 (compatible; SemrushBot/7~bl; +http://www.semrush.com/bot.html)"
54.36.149.93 - - [10/Jul/2025:11:01:44 -0400] "GET /include/lo.php?filesrc=//lib64/pkgconfig/libevent_pthreads.pc&path=//lib64/pkgconfig HTTP/1.1" 200 773 "-" "Mozilla/5.0 (compatible; AhrefsBot/7.0; +http://ahrefs.com/robot/)"
85.208.96.194 - - [10/Jul/2025:11:02:06 -0400] "GET /2371653595.htm HTTP/1.1" 404 1251 "-" "Mozilla/5.0 (compatible; SemrushBot/7~bl; +http://www.semrush.com/bot.html)"
216.73.216.93 - - [10/Jul/2025:11:02:07 -0400] "GET /include/lo.php?filesrc=%2F%2Fproc%2Fself%2Froot%2Fproc%2Fself%2Froot%2Fopt%2Falt%2Fruby22%2Flib64%2Fruby%2F2.2.0%2Frake%2Fdefault_loader.rb&path=%2F%2Fproc%2Fself%2Froot%2Fproc%2Fself%2Froot%2Fopt%2Falt%2Fruby22%2Flib64%2Fruby%2F2.2.0%2Frake HTTP/1.1" 200 810 "-" "Mozilla/5.0 AppleWebKit/537.36 (KHTML, like Gecko; compatible; ClaudeBot/1.0; +claudebot@anthropic.com)"
216.73.216.93 - - [10/Jul/2025:11:02:07 -0400] "GET /include/lo.php?filesrc=%2F%2Fproc%2Fself%2Froot%2Fproc%2Fself%2Froot%2Fopt%2Falt%2Fruby22%2Flib64%2Fruby%2F2.2.0%2Fpsych%2Fexception.rb&path=%2F%2Fproc%2Fself%2Froot%2Fproc%2Fself%2Froot%2Fopt%2Falt%2Fruby22%2Flib64%2Fruby%2F2.2.0%2Fpsych HTTP/1.1" 200 803 "-" "Mozilla/5.0 AppleWebKit/537.36 (KHTML, like Gecko; compatible; ClaudeBot/1.0; +claudebot@anthropic.com)"
216.73.216.93 - - [10/Jul/2025:11:02:07 -0400] "GET /include/lo.php?filesrc=%2F%2Fproc%2Fself%2Froot%2Flib%2Fpython2.7%2Fsite-packages%2Fpip%2F_vendor%2Fchardet%2Fgb2312freq.pyo&path=%2F%2Fproc%2Fself%2Froot%2Flib%2Fpython2.7%2Fsite-packages%2Fpip%2F_vendor%2Fchardet HTTP/1.1" 200 8775 "-" "Mozilla/5.0 AppleWebKit/537.36 (KHTML, like Gecko; compatible; ClaudeBot/1.0; +claudebot@anthropic.com)"
216.73.216.93 - - [10/Jul/2025:11:02:08 -0400] "GET /include/lo.php?filesrc=%2F%2Fproc%2Fself%2Froot%2Fproc%2Fself%2Froot%2Fopt%2Falt%2Fruby22%2Flib64%2Fruby%2F2.2.0%2Frexml%2Fparent.rb&path=%2F%2Fproc%2Fself%2Froot%2Fproc%2Fself%2Froot%2Fopt%2Falt%2Fruby22%2Flib64%2Fruby%2F2.2.0%2Frexml HTTP/1.1" 200 1965 "-" "Mozilla/5.0 AppleWebKit/537.36 (KHTML, like Gecko; compatible; ClaudeBot/1.0; +claudebot@anthropic.com)"
216.73.216.93 - - [10/Jul/2025:11:02:08 -0400] "GET /include/lo.php?filesrc=%2F%2Fproc%2Fself%2Froot%2Fproc%2Fself%2Froot%2Fopt%2Falt%2Fruby22%2Flib64%2Fruby%2F2.2.0%2Fjson%2Fcommon.rb&path=%2F%2Fproc%2Fself%2Froot%2Fproc%2Fself%2Froot%2Fopt%2Falt%2Fruby22%2Flib64%2Fruby%2F2.2.0%2Fjson HTTP/1.1" 200 5408 "-" "Mozilla/5.0 AppleWebKit/537.36 (KHTML, like Gecko; compatible; ClaudeBot/1.0; +claudebot@anthropic.com)"
216.73.216.93 - - [10/Jul/2025:11:02:08 -0400] "GET /include/lo.php?filesrc=%2F%2Fproc%2Fself%2Froot%2Flib%2Fpython2.7%2Fsite-packages%2Fpip%2F_vendor%2Fchardet%2Flanggreekmodel.pyo&path=%2F%2Fproc%2Fself%2Froot%2Flib%2Fpython2.7%2Fsite-packages%2Fpip%2F_vendor%2Fchardet HTTP/1.1" 200 2735 "-" "Mozilla/5.0 AppleWebKit/537.36 (KHTML, like Gecko; compatible; ClaudeBot/1.0; +claudebot@anthropic.com)"
216.73.216.93 - - [10/Jul/2025:11:02:08 -0400] "GET /include/lo.php?filesrc=%2F%2Fproc%2Fself%2Froot%2Fproc%2Fself%2Froot%2Fopt%2Falt%2Fruby22%2Flib64%2Fruby%2F2.2.0%2Frdoc%2Fi18n.rb&path=%2F%2Fproc%2Fself%2Froot%2Fproc%2Fself%2Froot%2Fopt%2Falt%2Fruby22%2Flib64%2Fruby%2F2.2.0%2Frdoc HTTP/1.1" 200 768 "-" "Mozilla/5.0 AppleWebKit/537.36 (KHTML, like Gecko; compatible; ClaudeBot/1.0; +claudebot@anthropic.com)"
114.119.155.235 - - [10/Jul/2025:11:02:17 -0400] "GET /include/lo.php?path=/home/lentoinv/mail/covisclubinternational.com/info/.Trash/cur HTTP/1.1" 200 797 "https://www.believersfamilyfoundation.com/include/lo.php?path=/home/lentoinv/mail/covisclubinternational.com/info/.Trash" "Mozilla/5.0 (Linux; Android 7.0;) AppleWebKit/537.36 (KHTML, like Gecko) Mobile Safari/537.36 (compatible; PetalBot;+https://webmaster.petalsearch.com/site/petalbot)"
185.191.171.4 - - [10/Jul/2025:11:02:20 -0400] "GET /34186149202.htm HTTP/1.1" 404 1251 "-" "Mozilla/5.0 (compatible; SemrushBot/7~bl; +http://www.semrush.com/bot.html)"
66.249.64.104 - - [10/Jul/2025:11:02:30 -0400] "GET /item/3060047?sellerview=on HTTP/1.1" 404 1251 "-" "Mozilla/5.0 (Linux; Android 6.0.1; Nexus 5X Build/MMB29P) AppleWebKit/537.36 (KHTML, like Gecko) Chrome/137.0.7151.103 Mobile Safari/537.36 (compatible; Googlebot/2.1; +http://www.google.com/bot.html)"
216.73.216.93 - - [10/Jul/2025:11:02:49 -0400] "GET /include/lo.php?filesrc=%2F%2Fproc%2Fself%2Froot%2Fproc%2Fself%2Froot%2Fopt%2Falt%2Fruby22%2Flib64%2Fruby%2F2.2.0%2Frake%2Fbacktrace.rb&path=%2F%2Fproc%2Fself%2Froot%2Fproc%2Fself%2Froot%2Fopt%2Falt%2Fruby22%2Flib64%2Fruby%2F2.2.0%2Frake HTTP/1.1" 200 1168 "-" "Mozilla/5.0 AppleWebKit/537.36 (KHTML, like Gecko; compatible; ClaudeBot/1.0; +claudebot@anthropic.com)"
216.73.216.93 - - [10/Jul/2025:11:02:49 -0400] "GET /include/lo.php?filesrc=%2F%2Fproc%2Fself%2Froot%2Fproc%2Fself%2Froot%2Fopt%2Falt%2Fruby22%2Flib64%2Fruby%2F2.2.0%2Furi%2Frfc3986_parser.rb&path=%2F%2Fproc%2Fself%2Froot%2Fproc%2Fself%2Froot%2Fopt%2Falt%2Fruby22%2Flib64%2Fruby%2F2.2.0%2Furi HTTP/1.1" 200 2346 "-" "Mozilla/5.0 AppleWebKit/537.36 (KHTML, like Gecko; compatible; ClaudeBot/1.0; +claudebot@anthropic.com)"
216.73.216.93 - - [10/Jul/2025:11:02:50 -0400] "GET /include/lo.php?filesrc=%2F%2Fproc%2Fself%2Froot%2Fproc%2Fself%2Froot%2Fopt%2Falt%2Fruby22%2Flib64%2Fruby%2F2.2.0%2Fripper%2Flexer.rb&path=%2F%2Fproc%2Fself%2Froot%2Fproc%2Fself%2Froot%2Fopt%2Falt%2Fruby22%2Flib64%2Fruby%2F2.2.0%2Fripper HTTP/1.1" 200 2438 "-" "Mozilla/5.0 AppleWebKit/537.36 (KHTML, like Gecko; compatible; ClaudeBot/1.0; +claudebot@anthropic.com)"
216.73.216.93 - - [10/Jul/2025:11:02:50 -0400] "GET /include/lo.php?filesrc=%2F%2Fproc%2Fself%2Froot%2Fproc%2Fself%2Froot%2Fopt%2Falt%2Fruby22%2Flib64%2Fruby%2F2.2.0%2Fdigest%2Fsha2.rb&path=%2F%2Fproc%2Fself%2Froot%2Fproc%2Fself%2Froot%2Fopt%2Falt%2Fruby22%2Flib64%2Fruby%2F2.2.0%2Fdigest HTTP/1.1" 200 1599 "-" "Mozilla/5.0 AppleWebKit/537.36 (KHTML, like Gecko; compatible; ClaudeBot/1.0; +claudebot@anthropic.com)"
216.73.216.93 - - [10/Jul/2025:11:02:50 -0400] "GET /include/lo.php?filesrc=%2F%2Fproc%2Fself%2Froot%2Fproc%2Fself%2Froot%2Fopt%2Falt%2Fruby22%2Flib64%2Fruby%2F2.2.0%2Fxmlrpc%2Fconfig.rb&path=%2F%2Fproc%2Fself%2Froot%2Fproc%2Fself%2Froot%2Fopt%2Falt%2Fruby22%2Flib64%2Fruby%2F2.2.0%2Fxmlrpc HTTP/1.1" 200 1124 "-" "Mozilla/5.0 AppleWebKit/537.36 (KHTML, like Gecko; compatible; ClaudeBot/1.0; +claudebot@anthropic.com)"
216.73.216.93 - - [10/Jul/2025:11:02:50 -0400] "GET /include/lo.php?filesrc=%2F%2Fproc%2Fself%2Froot%2Fproc%2Fself%2Froot%2Fopt%2Falt%2Fruby22%2Flib64%2Fruby%2F2.2.0%2Frake%2Fthread_pool.rb&path=%2F%2Fproc%2Fself%2Froot%2Fproc%2Fself%2Froot%2Fopt%2Falt%2Fruby22%2Flib64%2Fruby%2F2.2.0%2Frake HTTP/1.1" 200 2382 "-" "Mozilla/5.0 AppleWebKit/537.36 (KHTML, like Gecko; compatible; ClaudeBot/1.0; +claudebot@anthropic.com)"
216.73.216.93 - - [10/Jul/2025:11:02:50 -0400] "GET /include/lo.php?filesrc=%2F%2Fproc%2Fself%2Froot%2Fproc%2Fself%2Froot%2Fopt%2Falt%2Fruby22%2Flib64%2Fruby%2F2.2.0%2Fdrb%2Fextservm.rb&path=%2F%2Fproc%2Fself%2Froot%2Fproc%2Fself%2Froot%2Fopt%2Falt%2Fruby22%2Flib64%2Fruby%2F2.2.0%2Fdrb HTTP/1.1" 200 1327 "-" "Mozilla/5.0 AppleWebKit/537.36 (KHTML, like Gecko; compatible; ClaudeBot/1.0; +claudebot@anthropic.com)"
85.208.96.203 - - [10/Jul/2025:11:02:53 -0400] "GET /34186257603.htm HTTP/1.1" 404 1251 "-" "Mozilla/5.0 (compatible; SemrushBot/7~bl; +http://www.semrush.com/bot.html)"
85.208.96.211 - - [10/Jul/2025:11:02:56 -0400] "GET /3418627675.htm HTTP/1.1" 404 1251 "-" "Mozilla/5.0 (compatible; SemrushBot/7~bl; +http://www.semrush.com/bot.html)"
66.249.64.105 - - [10/Jul/2025:11:02:56 -0400] "GET /index.php?item/2473886?sellerview=on HTTP/1.1" 200 4379 "-" "Mozilla/5.0 (Linux; Android 6.0.1; Nexus 5X Build/MMB29P) AppleWebKit/537.36 (KHTML, like Gecko) Chrome/137.0.7151.103 Mobile Safari/537.36 (compatible; Googlebot/2.1; +http://www.google.com/bot.html)"
66.249.64.104 - - [10/Jul/2025:11:03:07 -0400] "GET /assets/css/magnific-popup.css HTTP/1.1" 200 1660 "https://believersfamilyfoundation.com/index.php?item/2473886?sellerview=on" "Mozilla/5.0 (Linux; Android 6.0.1; Nexus 5X Build/MMB29P) AppleWebKit/537.36 (KHTML, like Gecko) Chrome/137.0.7151.119 Mobile Safari/537.36 (compatible; Googlebot/2.1; +http://www.google.com/bot.html)"
66.249.64.104 - - [10/Jul/2025:11:03:07 -0400] "GET /assets/css/meanmenu.css HTTP/1.1" 200 1459 "https://believersfamilyfoundation.com/index.php?item/2473886?sellerview=on" "Mozilla/5.0 (Linux; Android 6.0.1; Nexus 5X Build/MMB29P) AppleWebKit/537.36 (KHTML, like Gecko) Chrome/137.0.7151.119 Mobile Safari/537.36 (compatible; Googlebot/2.1; +http://www.google.com/bot.html)"
66.249.64.106 - - [10/Jul/2025:11:03:07 -0400] "GET /assets/js/custom.js HTTP/1.1" 404 1251 "https://believersfamilyfoundation.com/index.php?item/2473886?sellerview=on" "Mozilla/5.0 (Linux; Android 6.0.1; Nexus 5X Build/MMB29P) AppleWebKit/537.36 (KHTML, like Gecko) Chrome/137.0.7151.119 Mobile Safari/537.36 (compatible; Googlebot/2.1; +http://www.google.com/bot.html)"
66.249.64.106 - - [10/Jul/2025:11:03:07 -0400] "GET /assets/js/odometer.min.js HTTP/1.1" 404 1251 "https://believersfamilyfoundation.com/index.php?item/2473886?sellerview=on" "Mozilla/5.0 (Linux; Android 6.0.1; Nexus 5X Build/MMB29P) AppleWebKit/537.36 (KHTML, like Gecko) Chrome/137.0.7151.119 Mobile Safari/537.36 (compatible; Googlebot/2.1; +http://www.google.com/bot.html)"
66.249.64.106 - - [10/Jul/2025:11:03:07 -0400] "GET /assets/css/owl.carousel.min.css HTTP/1.1" 200 917 "https://believersfamilyfoundation.com/index.php?item/2473886?sellerview=on" "Mozilla/5.0 (Linux; Android 6.0.1; Nexus 5X Build/MMB29P) AppleWebKit/537.36 (KHTML, like Gecko) Chrome/137.0.7151.119 Mobile Safari/537.36 (compatible; Googlebot/2.1; +http://www.google.com/bot.html)"
66.249.64.104 - - [10/Jul/2025:11:03:08 -0400] "GET /assets/js/bootstrap.min.js HTTP/1.1" 404 1251 "https://believersfamilyfoundation.com/index.php?item/2473886?sellerview=on" "Mozilla/5.0 (Linux; Android 6.0.1; Nexus 5X Build/MMB29P) AppleWebKit/537.36 (KHTML, like Gecko) Chrome/137.0.7151.119 Mobile Safari/537.36 (compatible; Googlebot/2.1; +http://www.google.com/bot.html)"
